75.172.203.95 - - [23/Oct/2014:09:22:59 -0400] "GET /rapture HTTP/1.1" 200 18090 "http://truthfortheworld.org/" "Mozilla/5.0 (Windows NT 6.1; WOW64; Trident/7.0; rv:11.0) like Gecko"
75.172.203.95 - - [23/Oct/2014:09:23:00 -0400] "GET /pix/email.png HTTP/1.1" 200 1157 "http://truthfortheworld.org/rapture" "Mozilla/5.0 (Windows NT 6.1; WOW64; Trident/7.0; rv:11.0) like Gecko"
75.172.203.95 - - [23/Oct/2014:09:23:00 -0400] "GET /pix/mob.header.jpg HTTP/1.1" 200 12308 "http://truthfortheworld.org/rapture" "Mozilla/5.0 (Windows NT 6.1; WOW64; Trident/7.0; rv:11.0) like Gecko"
75.172.203.95 - - [23/Oct/2014:09:23:00 -0400] "GET /pix/cn_lg.png HTTP/1.1" 200 793 "http://truthfortheworld.org/rapture" "Mozilla/5.0 (Windows NT 6.1; WOW64; Trident/7.0; rv:11.0) like Gecko"
75.172.203.95 - - [23/Oct/2014:09:23:00 -0400] "GET /pix/es_lg.png HTTP/1.1" 200 873 "http://truthfortheworld.org/rapture" "Mozilla/5.0 (Windows NT 6.1; WOW64; Trident/7.0; rv:11.0) like Gecko"
75.172.203.95 - - [23/Oct/2014:09:23:00 -0400] "GET /pix/id_lg.png HTTP/1.1" 200 490 "http://truthfortheworld.org/rapture" "Mozilla/5.0 (Windows NT 6.1; WOW64; Trident/7.0; rv:11.0) like Gecko"
148.251.124.173 - - [23/Oct/2014:09:23:00 -0400] "GET /robots.txt HTTP/1.0" 404 32 "-" "Mozilla/5.0 (compatible; MJ12bot/v1.4.5; http://www.majestic12.co.uk/bot.php?+)"
75.172.203.95 - - [23/Oct/2014:09:23:00 -0400] "GET /pix/tracts/164.jpg HTTP/1.1" 200 17961 "http://truthfortheworld.org/rapture" "Mozilla/5.0 (Windows NT 6.1; WOW64; Trident/7.0; rv:11.0) like Gecko"
148.251.124.173 - - [23/Oct/2014:09:23:05 -0400] "GET /%E6%88%91%E5%8F%AF%E4%BB%A5%E8%AE%B2%E7%94%9A%E4%B9%88%E9%81%93%E7%90%86%E4%B8%8D%E8%87%B3%E4%BA%8E%E5%BE%97%E7%BD%AA%E4%BA%BA HTTP/1.0" 200 8408 "-" "Mozilla/5.0 (compatible; MJ12bot/v1.4.5; http://www.majestic12.co.uk/bot.php?+)"
148.251.124.173 - - [23/Oct/2014:09:23:15 -0400] "GET /%E6%88%91%E5%BC%9F%E5%85%84%E5%BE%97%E7%BD%AA%E6%88%91%E3%80%81%E6%88%91%E5%BD%93%E9%A5%B6%E6%81%95%E4%BB%96%E5%87%A0%E6%AC%A1%E5%91%A2 HTTP/1.0" 200 8797 "-" "Mozilla/5.0 (compatible; MJ12bot/v1.4.5; http://www.majestic12.co.uk/bot.php?+)"
148.251.124.173 - - [23/Oct/2014:09:23:26 -0400] "GET /%E6%88%91%E5%BD%93%E6%80%8E%E6%A0%B7%E8%A1%8C%E6%89%8D%E5%8F%AF%E4%BB%A5%E5%BE%97%E6%95%91 HTTP/1.0" 200 9425 "-" "Mozilla/5.0 (compatible; MJ12bot/v1.4.5; http://www.majestic12.co.uk/bot.php?+)"
148.251.124.173 - - [23/Oct/2014:09:23:31 -0400] "GET /%E6%88%91%E9%97%A8%E4%B8%BA%E4%BB%80%E4%B9%88%E7%9B%B8%E4%BF%A1%E5%9C%A3%E7%BB%8F%E6%98%AF%E7%A5%9E%E7%9A%84%E8%AF%9D HTTP/1.0" 200 8458 "-" "Mozilla/5.0 (compatible; MJ12bot/v1.4.5; http://www.majestic12.co.uk/bot.php?+)"
64.254.77.163 - - [23/Oct/2014:09:23:40 -0400] "GET /facts-about-heaven HTTP/1.1" 200 14099 "http://www.google.com/url?sa=t&rct=j&q=heaven%20facts&source=web&cd=7&sqi=2&ved=0CCsQFjAG&url=http%3A%2F%2Ftruthfortheworld.org%2Ffacts-about-heaven&ei=IAFJVMSBNYeyyAT_6IGYAw&usg=AFQjCNFCGbNNd2MBjrMsr7vwgsYSzAOrbQ&bvm=bv.77880786,d.aWw" "Mozilla/5.0 (iPad; CPU OS 7_1_1 like Mac OS X) AppleWebKit/537.51.2 (KHTML, like Gecko) Version/7.0 Mobile/11D201 Safari/9537.53"
64.254.77.163 - - [23/Oct/2014:09:23:42 -0400] "GET /css/reset.css HTTP/1.1" 200 1173 "http://truthfortheworld.org/facts-about-heaven" "Mozilla/5.0 (iPad; CPU OS 7_1_1 like Mac OS X) AppleWebKit/537.51.2 (KHTML, like Gecko) Version/7.0 Mobile/11D201 Safari/9537.53"
64.254.77.163 - - [23/Oct/2014:09:23:43 -0400] "GET /css/header.css HTTP/1.1" 200 21256 "http://truthfortheworld.org/facts-about-heaven" "Mozilla/5.0 (iPad; CPU OS 7_1_1 like Mac OS X) AppleWebKit/537.51.2 (KHTML, like Gecko) Version/7.0 Mobile/11D201 Safari/9537.53"
64.254.77.163 - - [23/Oct/2014:09:23:43 -0400] "GET /css/footer.css HTTP/1.1" 200 3586 "http://truthfortheworld.org/facts-about-heaven" "Mozilla/5.0 (iPad; CPU OS 7_1_1 like Mac OS X) AppleWebKit/537.51.2 (KHTML, like Gecko) Version/7.0 Mobile/11D201 Safari/9537.53"
64.254.77.163 - - [23/Oct/2014:09:23:43 -0400] "GET /css/sidebars.css HTTP/1.1" 200 10160 "http://truthfortheworld.org/facts-about-heaven" "Mozilla/5.0 (iPad; CPU OS 7_1_1 like Mac OS X) AppleWebKit/537.51.2 (KHTML, like Gecko) Version/7.0 Mobile/11D201 Safari/9537.53"
64.254.77.163 - - [23/Oct/2014:09:23:43 -0400] "GET /css/reftagger.css HTTP/1.1" 200 1583 "http://truthfortheworld.org/facts-about-heaven" "Mozilla/5.0 (iPad; CPU OS 7_1_1 like Mac OS X) AppleWebKit/537.51.2 (KHTML, like Gecko) Version/7.0 Mobile/11D201 Safari/9537.53"
64.254.77.163 - - [23/Oct/2014:09:23:43 -0400] "GET /css/main.css HTTP/1.1" 200 32718 "http://truthfortheworld.org/facts-about-heaven" "Mozilla/5.0 (iPad; CPU OS 7_1_1 like Mac OS X) AppleWebKit/537.51.2 (KHTML, like Gecko) Version/7.0 Mobile/11D201 Safari/9537.53"
148.251.124.173 - - [23/Oct/2014:09:23:44 -0400] "GET /%E6%88%91%E9%97%A8%E4%B8%BA%E4%BB%80%E4%B9%88%E7%9B%B8%E4%BF%A1%E7%A5%9E%E7%9A%84%E5%AD%98%E5%9C%A8 HTTP/1.0" 200 8215 "-" "Mozilla/5.0 (compatible; MJ12bot/v1.4.5; http://www.majestic12.co.uk/bot.php?+)"
64.254.77.163 - - [23/Oct/2014:09:23:52 -0400] "GET /css/print.css HTTP/1.1" 200 437 "http://truthfortheworld.org/facts-about-heaven" "Mozilla/5.0 (iPad; CPU OS 7_1_1 like Mac OS X) AppleWebKit/537.51.2 (KHTML, like Gecko) Version/7.0 Mobile/11D201 Safari/9537.53"
148.251.124.173 - - [23/Oct/2014:09:23:55 -0400] "GET /%E6%89%80%E5%BD%A2%E5%AE%B9%E7%9A%84%E6%95%99%E4%BC%9A HTTP/1.0" 200 8089 "-" "Mozilla/5.0 (compatible; MJ12bot/v1.4.5; http://www.majestic12.co.uk/bot.php?+)"
148.251.124.173 - - [23/Oct/2014:09:24:13 -0400] "GET /%E6%89%BF%E8%AE%A4%E8%80%B6%E7%A8%A3%E6%98%AF%E5%9F%BA%E7%9D%A3 HTTP/1.0" 200 8925 "-" "Mozilla/5.0 (compatible; MJ12bot/v1.4.5; http://www.majestic12.co.uk/bot.php?+)"
148.251.124.173 - - [23/Oct/2014:09:24:26 -0400] "GET /%E6%8A%B5%E6%8A%97%E3%80%8E%E5%B7%A8%E4%BA%BA%E3%80%8F HTTP/1.0" 200 8663 "-" "Mozilla/5.0 (compatible; MJ12bot/v1.4.5; http://www.majestic12.co.uk/bot.php?+)"
148.251.124.173 - - [23/Oct/2014:09:24:37 -0400] "GET /%E6%91%A9%E8%A5%BF%E4%BC%9F%E5%A4%A7%E7%9A%84%E5%86%B3%E5%AE%9A HTTP/1.0" 200 8639 "-" "Mozilla/5.0 (compatible; MJ12bot/v1.4.5; http://www.majestic12.co.uk/bot.php?+)"
75.172.203.95 - - [23/Oct/2014:09:24:47 -0400] "GET /study HTTP/1.1" 200 10689 "http://truthfortheworld.org/rapture" "Mozilla/5.0 (Windows NT 6.1; WOW64; Trident/7.0; rv:11.0) like Gecko"
148.251.124.173 - - [23/Oct/2014:09:24:57 -0400] "GET /%E6%91%A9%E8%A5%BF%E4%BC%A0%E5%A5%87%E4%B8%80%E7%94%9F%E7%9A%84%E5%BC%80%E5%A7%8B HTTP/1.0" 200 11143 "-" "Mozilla/5.0 (compatible; MJ12bot/v1.4.5; http://www.majestic12.co.uk/bot.php?+)"
148.251.124.173 - - [23/Oct/2014:09:25:07 -0400] "GET /%E6%95%91%E6%81%A9%E7%9A%84%E9%81%93%E8%B7%AF-siar HTTP/1.0" 200 18150 "-" "Mozilla/5.0 (compatible; MJ12bot/v1.4.5; http://www.majestic12.co.uk/bot.php?+)"
148.251.124.173 - - [23/Oct/2014:09:25:15 -0400] "GET /%E6%95%99%E4%BC%9A%E7%9A%84%E4%BD%BF%E5%91%BD HTTP/1.0" 200 7951 "-" "Mozilla/5.0 (compatible; MJ12bot/v1.4.5; http://www.majestic12.co.uk/bot.php?+)"
148.251.124.173 - - [23/Oct/2014:09:25:22 -0400] "GET /%E6%95%99%E4%BC%9A%E7%9A%84%E4%BD%BF%E5%91%BD-si HTTP/1.0" 200 8357 "-" "Mozilla/5.0 (compatible; MJ12bot/v1.4.5; http://www.majestic12.co.uk/bot.php?+)"
208.115.111.69 - - [23/Oct/2014:09:25:42 -0400] "GET /index.php?id=210 HTTP/1.1" 301 252 "-" "Mozilla/5.0 (compatible; DotBot/1.1; http://www.opensiteexplorer.org/dotbot, help@moz.com)"
148.251.124.173 - - [23/Oct/2014:09:25:48 -0400] "GET /%E6%95%99%E4%BC%9A%E7%9A%84%E5%90%88%E4%B8%80 HTTP/1.0" 200 7906 "-" "Mozilla/5.0 (compatible; MJ12bot/v1.4.5; http://www.majestic12.co.uk/bot.php?+)"
148.251.124.173 - - [23/Oct/2014:09:26:00 -0400] "GET /%E6%95%99%E4%BC%9A%E7%9A%84%E5%90%8D%E5%AD%97 HTTP/1.0" 200 8294 "-" "Mozilla/5.0 (compatible; MJ12bot/v1.4.5; http://www.majestic12.co.uk/bot.php?+)"
148.251.124.173 - - [23/Oct/2014:09:26:13 -0400] "GET /%E6%95%99%E4%BC%9A%E7%9A%84%E5%BB%BA%E7%AB%8B HTTP/1.0" 200 8088 "-" "Mozilla/5.0 (compatible; MJ12bot/v1.4.5; http://www.majestic12.co.uk/bot.php?+)"
148.251.124.173 - - [23/Oct/2014:09:26:29 -0400] "GET /%E6%95%99%E4%BC%9A%E7%9A%84%E6%95%AC%E6%8B%9C HTTP/1.0" 200 8176 "-" "Mozilla/5.0 (compatible; MJ12bot/v1.4.5; http://www.majestic12.co.uk/bot.php?+)"
148.251.124.173 - - [23/Oct/2014:09:26:37 -0400] "GET /%E6%95%99%E4%BC%9A%E7%9A%84%E7%BA%AA%E5%BE%8B HTTP/1.0" 200 9835 "-" "Mozilla/5.0 (compatible; MJ12bot/v1.4.5; http://www.majestic12.co.uk/bot.php?+)"
75.172.203.95 - - [23/Oct/2014:09:26:40 -0400] "GET /tracts HTTP/1.1" 200 10614 "http://truthfortheworld.org/study" "Mozilla/5.0 (Windows NT 6.1; WOW64; Trident/7.0; rv:11.0) like Gecko"
75.172.203.95 - - [23/Oct/2014:09:26:42 -0400] "GET /pix/tractspread.jpg HTTP/1.1" 200 38074 "http://truthfortheworld.org/tracts" "Mozilla/5.0 (Windows NT 6.1; WOW64; Trident/7.0; rv:11.0) like Gecko"
65.19.138.33 - - [23/Oct/2014:09:26:46 -0400] "GET /tftwpodcast.rss HTTP/1.1" 304 - "-" "Feedly/1.0 (+http://www.feedly.com/fetcher.html; like FeedFetcher-Google)"
148.251.124.173 - - [23/Oct/2014:09:26:56 -0400] "GET /%E6%95%99%E4%BC%9A%E7%9A%84%E7%BB%84%E7%BB%87 HTTP/1.0" 200 8395 "-" "Mozilla/5.0 (compatible; MJ12bot/v1.4.5; http://www.majestic12.co.uk/bot.php?+)"
148.251.124.173 - - [23/Oct/2014:09:27:01 -0400] "GET /%E6%95%99%E4%BC%9A%E7%9A%84%E8%BE%A8%E8%AE%A4 HTTP/1.0" 200 8934 "-" "Mozilla/5.0 (compatible; MJ12bot/v1.4.5; http://www.majestic12.co.uk/bot.php?+)"
148.251.124.173 - - [23/Oct/2014:09:27:08 -0400] "GET /%E6%95%99%E4%BC%9A%E7%9A%84%E8%BE%A9%E8%AE%A4-si HTTP/1.0" 200 13487 "-" "Mozilla/5.0 (compatible; MJ12bot/v1.4.5; http://www.majestic12.co.uk/bot.php?+)"
148.251.124.173 - - [23/Oct/2014:09:27:17 -0400] "GET /%E6%95%99%E4%BC%9A%E7%9A%84%E9%95%BF%E8%80%81 HTTP/1.0" 200 13788 "-" "Mozilla/5.0 (compatible; MJ12bot/v1.4.5; http://www.majestic12.co.uk/bot.php?+)"
148.251.124.173 - - [23/Oct/2014:09:27:23 -0400] "GET /%E6%95%99%E6%B4%BE%E7%9A%84%E9%81%93%E7%90%86-si HTTP/1.0" 200 8217 "-" "Mozilla/5.0 (compatible; MJ12bot/v1.4.5; http://www.majestic12.co.uk/bot.php?+)"
75.172.203.95 - - [23/Oct/2014:09:26:51 -0400] "GET /pdf/tracts_a4.zip HTTP/1.1" 200 36321556 "http://truthfortheworld.org/tracts" "Mozilla/5.0 (Windows NT 6.1; WOW64; Trident/7.0; rv:11.0) like Gecko"
75.172.203.95 - - [23/Oct/2014:09:27:28 -0400] "GET /tracts HTTP/1.1" 200 10614 "http://truthfortheworld.org/study" "Mozilla/5.0 (Windows NT 6.1; WOW64; Trident/7.0; rv:11.0) like Gecko"
75.172.203.95 - - [23/Oct/2014:09:27:35 -0400] "GET /topics HTTP/1.1" 200 16063 "http://truthfortheworld.org/tracts" "Mozilla/5.0 (Windows NT 6.1; WOW64; Trident/7.0; rv:11.0) like Gecko"
148.251.124.173 - - [23/Oct/2014:09:27:35 -0400] "GET /%E6%96%B0%E9%80%A0%E7%9A%84%E4%BA%BA HTTP/1.0" 200 8203 "-" "Mozilla/5.0 (compatible; MJ12bot/v1.4.5; http://www.majestic12.co.uk/bot.php?+)"
148.251.124.173 - - [23/Oct/2014:09:27:38 -0400] "GET /%E6%96%B9%E4%BE%BF%E7%9A%84%E4%BF%A1%E4%BB%B0 HTTP/1.0" 200 8800 "-" "Mozilla/5.0 (compatible; MJ12bot/v1.4.5; http://www.majestic12.co.uk/bot.php?+)"
148.251.124.173 - - [23/Oct/2014:09:27:47 -0400] "GET /%E6%97%A0%E5%8F%AF%E6%8C%87%E6%91%98 HTTP/1.0" 200 11590 "-" "Mozilla/5.0 (compatible; MJ12bot/v1.4.5; http://www.majestic12.co.uk/bot.php?+)"
208.115.111.69 - - [23/Oct/2014:09:27:57 -0400] "GET /%E4%BB%A5%E8%89%B2%E5%88%97%E5%9C%A8%E8%80%B6%E5%88%A9%E5%93%A5%E5%9F%8E%E6%89%80%E5%AD%A6%E5%88%B0%E7%9A%84%E6%95%99%E8%AE%AD HTTP/1.1" 200 8813 "-" "Mozilla/5.0 (compatible; DotBot/1.1; http://www.opensiteexplorer.org/dotbot, help@moz.com)"
208.115.111.69 - - [23/Oct/2014:09:27:58 -0400] "GET /%E8%99%94%E8%AA%A0%E7%9A%84%E4%B8%88%E5%A4%AB-/-%E7%88%B6%E8%A6%AA HTTP/1.1" 200 8126 "-" "Mozilla/5.0 (compatible; DotBot/1.1; http://www.opensiteexplorer.org/dotbot, help@moz.com)"
148.251.124.173 - - [23/Oct/2014:09:27:59 -0400] "GET /robots.txt HTTP/1.0" 404 32 "-" "Mozilla/5.0 (compatible; MJ12bot/v1.4.5; http://www.majestic12.co.uk/bot.php?+)"
208.115.111.69 - - [23/Oct/2014:09:28:00 -0400] "GET /%E6%96%B9%E4%BE%BF%E7%9A%84%E4%BF%A1%E4%BB%B0 HTTP/1.1" 200 8004 "-" "Mozilla/5.0 (compatible; DotBot/1.1; http://www.opensiteexplorer.org/dotbot, help@moz.com)"
208.115.111.69 - - [23/Oct/2014:09:28:01 -0400] "GET /%E5%BE%A9%E6%B4%BB%E7%9A%84%E5%A4%A7%E8%83%BD HTTP/1.1" 200 8121 "-" "Mozilla/5.0 (compatible; DotBot/1.1; http://www.opensiteexplorer.org/dotbot, help@moz.com)"
208.115.111.69 - - [23/Oct/2014:09:28:02 -0400] "GET /shu-ling-de-yanmu-si HTTP/1.1" 200 16929 "-" "Mozilla/5.0 (compatible; DotBot/1.1; http://www.opensiteexplorer.org/dotbot, help@moz.com)"
208.115.111.69 - - [23/Oct/2014:09:28:03 -0400] "GET /only-begotten-son-of-god HTTP/1.1" 200 16999 "-" "Mozilla/5.0 (compatible; DotBot/1.1; http://www.opensiteexplorer.org/dotbot, help@moz.com)"
208.115.111.69 - - [23/Oct/2014:09:28:04 -0400] "GET /blog?arc_year=&arc_month=tags&arc_day=FM&page=3 HTTP/1.1" 200 15693 "-" "Mozilla/5.0 (compatible; DotBot/1.1; http://www.opensiteexplorer.org/dotbot, help@moz.com)"
208.115.111.69 - - [23/Oct/2014:09:28:04 -0400] "GET /blog/2013/07/03/fcc-opens-low-power-fm-opportunity-for-churches HTTP/1.1" 200 19071 "-" "Mozilla/5.0 (compatible; DotBot/1.1; http://www.opensiteexplorer.org/dotbot, help@moz.com)"
208.115.111.69 - - [23/Oct/2014:09:28:07 -0400] "GET /bcc/courses/bcc_bbs_l8.html HTTP/1.1" 200 17463 "-" "Mozilla/5.0 (compatible; DotBot/1.1; http://www.opensiteexplorer.org/dotbot, help@moz.com)"
75.172.203.95 - - [23/Oct/2014:09:28:10 -0400] "GET /tag-server?tag=Other+Religions&key=tags HTTP/1.1" 200 5052 "http://truthfortheworld.org/topics" "Mozilla/5.0 (Windows NT 6.1; WOW64; Trident/7.0; rv:11.0) like Gecko"
208.115.111.69 - - [23/Oct/2014:09:28:11 -0400] "GET /bcc/courses/bcc_bbs_l2.html HTTP/1.1" 200 19726 "-" "Mozilla/5.0 (compatible; DotBot/1.1; http://www.opensiteexplorer.org/dotbot, help@moz.com)"
208.115.111.69 - - [23/Oct/2014:09:28:13 -0400] "GET /HTML/BCC/courses/bcc_bbs_l2.html HTTP/1.1" 404 10054 "-" "Mozilla/5.0 (compatible; DotBot/1.1; http://www.opensiteexplorer.org/dotbot, help@moz.com)"
208.115.111.69 - - [23/Oct/2014:09:28:14 -0400] "GET /?id=1381 HTTP/1.1" 301 - "-" "Mozilla/5.0 (compatible; DotBot/1.1; http://www.opensiteexplorer.org/dotbot, help@moz.com)"
208.115.111.69 - - [23/Oct/2014:09:28:15 -0400] "GET /kursus/pelajaran/08.html HTTP/1.1" 200 17839 "-" "Mozilla/5.0 (compatible; DotBot/1.1; http://www.opensiteexplorer.org/dotbot, help@moz.com)"
75.172.203.95 - - [23/Oct/2014:09:28:20 -0400] "GET /do-demons-possess-people-today HTTP/1.1" 200 17738 "http://truthfortheworld.org/topics" "Mozilla/5.0 (Windows NT 6.1; WOW64; Trident/7.0; rv:11.0) like Gecko"
75.172.203.95 - - [23/Oct/2014:09:28:21 -0400] "GET /pix/tracts/139.jpg HTTP/1.1" 200 15393 "http://truthfortheworld.org/do-demons-possess-people-today" "Mozilla/5.0 (Windows NT 6.1; WOW64; Trident/7.0; rv:11.0) like Gecko"
148.251.124.173 - - [23/Oct/2014:09:28:38 -0400] "GET /%E6%97%A7%E6%96%B0%E7%BA%A6%E7%9A%84%E5%B7%AE%E5%88%AB HTTP/1.0" 200 9816 "-" "Mozilla/5.0 (compatible; MJ12bot/v1.4.5; http://www.majestic12.co.uk/bot.php?+)"
75.172.203.95 - - [23/Oct/2014:09:28:39 -0400] "GET /topics HTTP/1.1" 200 16063 "http://truthfortheworld.org/tracts" "Mozilla/5.0 (Windows NT 6.1; WOW64; Trident/7.0; rv:11.0) like Gecko"
75.172.203.95 - - [23/Oct/2014:09:28:48 -0400] "GET /study HTTP/1.1" 200 10689 "http://truthfortheworld.org/rapture" "Mozilla/5.0 (Windows NT 6.1; WOW64; Trident/7.0; rv:11.0) like Gecko"
75.172.203.95 - - [23/Oct/2014:09:28:56 -0400] "GET /topics HTTP/1.1" 200 16063 "http://truthfortheworld.org/tracts" "Mozilla/5.0 (Windows NT 6.1; WOW64; Trident/7.0; rv:11.0) like Gecko"
66.249.65.57 - - [23/Oct/2014:09:29:00 -0400] "GET / HTTP/1.1" 200 9814 "-" "Mozilla/5.0 (compatible; Googlebot/2.1; +http://www.google.com/bot.html)"
75.172.203.95 - - [23/Oct/2014:09:29:08 -0400] "GET /tag-server?tag=Current+Issues&key=tags HTTP/1.1" 200 973 "http://truthfortheworld.org/topics" "Mozilla/5.0 (Windows NT 6.1; WOW64; Trident/7.0; rv:11.0) like Gecko"
148.251.124.173 - - [23/Oct/2014:09:29:08 -0400] "GET /%E6%97%A7%E7%BA%A6%E6%88%96%E6%96%B0%E7%BA%A6 HTTP/1.0" 200 8415 "-" "Mozilla/5.0 (compatible; MJ12bot/v1.4.5; http://www.majestic12.co.uk/bot.php?+)"
37.228.106.13 - - [23/Oct/2014:09:29:19 -0400] "GET /bcc/ HTTP/1.1" 200 25140 "-" "Opera/9.80 (J2ME/MIDP; Opera Mini/4.5.33867/35.5071; U; en) Presto/2.8.119 Version/11.10"
37.228.106.13 - - [23/Oct/2014:09:29:19 -0400] "GET /css/bcc.css HTTP/1.1" 200 3558 "http://truthfortheworld.org/bcc/" "Opera/9.80 (J2ME/MIDP; Opera Mini/4.5.33867/35.5071; U; en) Presto/2.8.119 Version/11.10"
37.228.106.13 - - [23/Oct/2014:09:29:19 -0400] "GET /css/reset.css HTTP/1.1" 200 1173 "http://truthfortheworld.org/bcc/" "Opera/9.80 (J2ME/MIDP; Opera Mini/4.5.33867/35.5071; U; en) Presto/2.8.119 Version/11.10"
37.228.106.13 - - [23/Oct/2014:09:29:19 -0400] "GET /css/reftagger.css HTTP/1.1" 200 1583 "http://truthfortheworld.org/bcc/" "Opera/9.80 (J2ME/MIDP; Opera Mini/4.5.33867/35.5071; U; en) Presto/2.8.119 Version/11.10"
37.228.106.13 - - [23/Oct/2014:09:29:19 -0400] "GET /bcc/images/logo.jpg HTTP/1.1" 200 12431 "http://truthfortheworld.org/bcc/" "Opera/9.80 (J2ME/MIDP; Opera Mini/4.5.33867/35.5071; U; en) Presto/2.8.119 Version/11.10"
37.228.106.13 - - [23/Oct/2014:09:29:19 -0400] "GET /favicon.ico HTTP/1.1" 404 10054 "http://truthfortheworld.org/bcc/" "Opera/9.80 (J2ME/MIDP; Opera Mini/4.5.33867/35.5071; U; en) Presto/2.8.119 Version/11.10"
148.251.124.173 - - [23/Oct/2014:09:29:22 -0400] "GET /%E6%98%A8%E5%A4%A9%E6%99%9A%E4%B8%8A%E4%BD%A0%E6%AD%BB%E4%BA%86-si HTTP/1.0" 200 8588 "-" "Mozilla/5.0 (compatible; MJ12bot/v1.4.5; http://www.majestic12.co.uk/bot.php?+)"
75.172.203.95 - - [23/Oct/2014:09:29:24 -0400] "GET /tag-server?tag=Premillenialism&key=tags HTTP/1.1" 200 1023 "http://truthfortheworld.org/topics" "Mozilla/5.0 (Windows NT 6.1; WOW64; Trident/7.0; rv:11.0) like Gecko"
75.172.203.95 - - [23/Oct/2014:09:29:28 -0400] "GET /thousand-year-reign HTTP/1.1" 200 19261 "http://truthfortheworld.org/topics" "Mozilla/5.0 (Windows NT 6.1; WOW64; Trident/7.0; rv:11.0) like Gecko"
75.172.203.95 - - [23/Oct/2014:09:29:29 -0400] "GET /pix/tracts/150.jpg HTTP/1.1" 200 13292 "http://truthfortheworld.org/thousand-year-reign" "Mozilla/5.0 (Windows NT 6.1; WOW64; Trident/7.0; rv:11.0) like Gecko"
207.46.13.80 - - [23/Oct/2014:09:29:35 -0400] "GET /category-selection?tag=Creation&key=tags HTTP/1.1" 200 10426 "-" "Mozilla/5.0 (compatible; bingbot/2.0; +http://www.bing.com/bingbot.htm)"
148.251.124.173 - - [23/Oct/2014:09:29:35 -0400] "GET /%E6%98%AF%E4%BB%8E%E5%A4%A9%E4%B8%8A%E6%9D%A5%E7%9A%84%E3%80%81%E6%98%AF%E4%BB%8E%E4%BA%BA%E9%97%B4%E6%9D%A5%E7%9A%84%E5%91%A2 HTTP/1.0" 200 8993 "-" "Mozilla/5.0 (compatible; MJ12bot/v1.4.5; http://www.majestic12.co.uk/bot.php?+)"
148.251.124.173 - - [23/Oct/2014:09:29:40 -0400] "GET /%E6%98%AF%E6%97%A0%E7%94%A8%E7%9A%84%E5%8C%BB%E7%94%9F HTTP/1.0" 200 8215 "-" "Mozilla/5.0 (compatible; MJ12bot/v1.4.5; http://www.majestic12.co.uk/bot.php?+)"
148.251.124.173 - - [23/Oct/2014:09:29:59 -0400] "GET /%E6%99%BA%E8%83%BD%E7%9A%84%E4%BA%BA%E6%9D%A5%E9%9D%A2%E5%AF%B9%E5%BF%83%E7%81%B5%E6%9E%AF%E5%B9%B2%E7%9A%84%E9%97%AE%E9%A2%98 HTTP/1.0" 200 8740 "-" "Mozilla/5.0 (compatible; MJ12bot/v1.4.5; http://www.majestic12.co.uk/bot.php?+)"
148.251.124.173 - - [23/Oct/2014:09:30:05 -0400] "GET /robots.txt HTTP/1.0" 404 32 "-" "Mozilla/5.0 (compatible; MJ12bot/v1.4.5; http://www.majestic12.co.uk/bot.php?+)"
148.251.124.173 - - [23/Oct/2014:09:30:21 -0400] "GET /%E6%9C%89%E4%BB%B7%E5%80%BC%E7%9A%84%E4%BA%BA%E7%94%9F%E5%BA%94%E6%98%AF%E8%88%8D%E5%B7%B1%E7%9A%84%E4%BA%BA%E7%94%9F%E8%A7%82 HTTP/1.0" 200 9047 "-" "Mozilla/5.0 (compatible; MJ12bot/v1.4.5; http://www.majestic12.co.uk/bot.php?+)"
148.251.124.173 - - [23/Oct/2014:09:30:43 -0400] "GET /%E6%9C%89%E8%B0%81%E8%BD%AF%E5%BC%B1-%E6%88%91%E4%B8%8D%E8%BD%AF%E5%BC%B1%E5%91%A2%EF%BC%9F HTTP/1.0" 200 10944 "-" "Mozilla/5.0 (compatible; MJ12bot/v1.4.5; http://www.majestic12.co.uk/bot.php?+)"
148.251.124.173 - - [23/Oct/2014:09:31:01 -0400] "GET /%E6%AD%8C%E5%88%A9%E4%BA%9A-%E2%80%93-%E4%BB%96%E4%B8%8D%E6%80%95%E7%A5%9E%E6%88%96%E4%BA%BA HTTP/1.0" 200 8330 "-" "Mozilla/5.0 (compatible; MJ12bot/v1.4.5; http://www.majestic12.co.uk/bot.php?+)"
148.251.124.173 - - [23/Oct/2014:09:31:06 -0400] "GET /%E6%AD%BB%E5%90%8E%E4%BA%94%E5%88%86%E9%92%9F%E5%BE%80%E4%BD%95%E5%A4%84%E5%8E%BB HTTP/1.0" 404 32 "-" "Mozilla/5.0 (compatible; MJ12bot/v1.4.5; http://www.majestic12.co.uk/bot.php?+)"
148.251.124.173 - - [23/Oct/2014:09:31:14 -0400] "GET /%E6%AF%8D%E4%BA%B2%E5%87%BA%E5%A4%96%E5%B7%A5%E4%BD%9C%E7%9A%84%E5%89%8D%E6%8F%90 HTTP/1.0" 200 8301 "-" "Mozilla/5.0 (compatible; MJ12bot/v1.4.5; http://www.majestic12.co.uk/bot.php?+)"
75.172.203.95 - - [23/Oct/2014:09:31:34 -0400] "GET /topics HTTP/1.1" 200 16063 "http://truthfortheworld.org/tracts" "Mozilla/5.0 (Windows NT 6.1; WOW64; Trident/7.0; rv:11.0) like Gecko"
148.251.124.173 - - [23/Oct/2014:09:31:51 -0400] "GET /%E6%AF%8F%E4%B8%80%E4%B8%AA%E4%BA%BA%E9%83%BD%E4%BC%9A%E4%B8%8A%E5%A4%A9%E5%A0%82%E5%90%97%EF%B9%96 HTTP/1.0" 404 32 "-" "Mozilla/5.0 (compatible; MJ12bot/v1.4.5; http://www.majestic12.co.uk/bot.php?+)"
75.172.203.95 - - [23/Oct/2014:09:31:56 -0400] "GET /mission HTTP/1.1" 200 12213 "http://truthfortheworld.org/topics" "Mozilla/5.0 (Windows NT 6.1; WOW64; Trident/7.0; rv:11.0) like Gecko"
75.172.203.95 - - [23/Oct/2014:09:31:57 -0400] "GET /pix/missionCover.jpg HTTP/1.1" 200 17636 "http://truthfortheworld.org/mission" "Mozilla/5.0 (Windows NT 6.1; WOW64; Trident/7.0; rv:11.0) like Gecko"
66.220.158.112 - - [23/Oct/2014:09:32:05 -0400] "GET /pix/tracts/150.jpg HTTP/1.1" 200 13292 "-" "facebookexternalhit/1.1 (+http://www.facebook.com/externalhit_uatext.php)"
148.251.124.173 - - [23/Oct/2014:09:32:06 -0400] "GET /%E6%AF%8F%E4%B8%AA%E4%BA%BA%E6%9C%89%E7%89%B9%E6%9D%83%E6%8C%89%E7%85%A7%E8%87%AA%E5%B7%B1%E7%9A%84%E8%A7%82%E5%BF%B5%E5%8E%BB%E4%BD%9C%E5%90%97 HTTP/1.0" 200 8421 "-" "Mozilla/5.0 (compatible; MJ12bot/v1.4.5; http://www.majestic12.co.uk/bot.php?+)"
66.249.65.52 - - [23/Oct/2014:09:32:10 -0400] "GET /my/worship-of-the-church HTTP/1.1" 200 21738 "-" "Mozilla/5.0 (compatible; Googlebot/2.1; +http://www.google.com/bot.html)"
148.251.124.173 - - [23/Oct/2014:09:32:16 -0400] "GET /%E6%AF%8F%E4%B8%AA%E5%9F%BA%E7%9D%A3%E5%BE%92%E5%BA%94%E8%AF%A5%E5%9C%A8%E4%BC%A0%E7%A6%8F%E9%9F%B3 HTTP/1.0" 200 8685 "-" "Mozilla/5.0 (compatible; MJ12bot/v1.4.5; http://www.majestic12.co.uk/bot.php?+)"
75.172.203.95 - - [23/Oct/2014:09:32:17 -0400] "GET /mission-back-issues HTTP/1.1" 200 17273 "http://truthfortheworld.org/mission" "Mozilla/5.0 (Windows NT 6.1; WOW64; Trident/7.0; rv:11.0) like Gecko"
148.251.124.173 - - [23/Oct/2014:09:32:29 -0400] "GET /%E6%AF%8F%E6%97%A9%E6%99%A8%E9%83%BD%E6%98%AF%E6%96%B0%E7%9A%84-si HTTP/1.0" 200 8390 "-" "Mozilla/5.0 (compatible; MJ12bot/v1.4.5; http://www.majestic12.co.uk/bot.php?+)"
148.251.124.173 - - [23/Oct/2014:09:32:45 -0400] "GET /%E6%B1%82%E4%BD%A0%E5%B0%86%E8%80%B6%E5%92%8C%E5%8D%8E%E9%82%A3%E6%97%A5%E5%BA%94%E8%AE%B8%E6%88%91%E7%9A%84%E8%BF%99%E5%B1%B1%E5%9C%B0%E7%BB%99%E6%88%91 HTTP/1.0" 200 7847 "-" "Mozilla/5.0 (compatible; MJ12bot/v1.4.5; http://www.majestic12.co.uk/bot.php?+)"
75.172.203.95 - - [23/Oct/2014:09:32:51 -0400] "GET /mission HTTP/1.1" 200 12213 "http://truthfortheworld.org/topics" "Mozilla/5.0 (Windows NT 6.1; WOW64; Trident/7.0; rv:11.0) like Gecko"
148.251.124.173 - - [23/Oct/2014:09:33:00 -0400] "GET /%E6%B2%9F%E9%80%9A%E8%B7%9F%E6%9D%A5%E5%BE%80%E7%9A%84%E5%85%B3%E7%B3%BB HTTP/1.0" 200 8385 "-" "Mozilla/5.0 (compatible; MJ12bot/v1.4.5; http://www.majestic12.co.uk/bot.php?+)"
148.251.124.173 - - [23/Oct/2014:09:33:29 -0400] "GET /%E6%B4%AA%E6%B0%B4%E7%9A%84%E6%95%99%E8%AE%AD HTTP/1.0" 200 8162 "-" "Mozilla/5.0 (compatible; MJ12bot/v1.4.5; http://www.majestic12.co.uk/bot.php?+)"
75.172.203.95 - - [23/Oct/2014:09:33:32 -0400] "GET /tv HTTP/1.1" 200 10670 "http://truthfortheworld.org/mission" "Mozilla/5.0 (Windows NT 6.1; WOW64; Trident/7.0; rv:11.0) like Gecko"
148.251.124.173 - - [23/Oct/2014:09:33:41 -0400] "GET /%E6%B4%AA%E6%B0%B4%E7%9A%84%E8%AF%81%E6%8D%AE HTTP/1.0" 200 8295 "-" "Mozilla/5.0 (compatible; MJ12bot/v1.4.5; http://www.majestic12.co.uk/bot.php?+)"
148.251.124.173 - - [23/Oct/2014:09:33:45 -0400] "GET /%E7%88%B1%E4%B8%8D%E5%AE%B9%E6%98%93%E5%96%9C%E7%88%B1%E7%9A%84%E4%BA%BA HTTP/1.0" 200 8833 "-" "Mozilla/5.0 (compatible; MJ12bot/v1.4.5; http://www.majestic12.co.uk/bot.php?+)"
64.233.173.174 - - [23/Oct/2014:09:33:51 -0400] "GET /obat-obat-terlarang-dan-lkohol HTTP/1.1" 200 40364 "-" "Mozilla/5.0 (en-us) AppleWebKit/534.14 (KHTML, like Gecko; Google Wireless Transcoder) Chrome/9.0.597 Safari/534.14"
148.251.124.173 - - [23/Oct/2014:09:33:53 -0400] "GET /%E7%89%A9%E8%B4%A8%E4%B8%BB%E4%B9%89 HTTP/1.0" 200 8460 "-" "Mozilla/5.0 (compatible; MJ12bot/v1.4.5; http://www.majestic12.co.uk/bot.php?+)"
148.251.124.173 - - [23/Oct/2014:09:34:01 -0400] "GET /%E7%94%9F%E6%B4%BB%E5%A6%82%E5%85%89-si HTTP/1.0" 200 8143 "-" "Mozilla/5.0 (compatible; MJ12bot/v1.4.5; http://www.majestic12.co.uk/bot.php?+)"
148.251.124.173 - - [23/Oct/2014:09:34:10 -0400] "GET /%E7%94%A8%E4%B9%90%E5%99%A8 HTTP/1.0" 200 7708 "-" "Mozilla/5.0 (compatible; MJ12bot/v1.4.5; http://www.majestic12.co.uk/bot.php?+)"
148.251.124.173 - - [23/Oct/2014:09:34:54 -0400] "GET /%E7%94%A8%E4%B9%90%E5%99%A8%E6%95%AC%E6%8B%9C%E7%A5%9E HTTP/1.0" 200 10214 "-" "Mozilla/5.0 (compatible; MJ12bot/v1.4.5; http://www.majestic12.co.uk/bot.php?+)"
158.85.89.6 - - [23/Oct/2014:09:34:58 -0400] "GET /robots.txt HTTP/1.1" 301 246 "-" "Mozilla/5.0 (compatible; SiteExplorer/1.0b; +http://siteexplorer.info/)"
148.251.124.173 - - [23/Oct/2014:09:35:19 -0400] "GET /%E7%94%A8%E4%B9%90%E5%99%A8%E6%95%AC%E6%8B%9C%E7%A5%9E HTTP/1.0" 200 10214 "-" "Mozilla/5.0 (compatible; MJ12bot/v1.4.5; http://www.majestic12.co.uk/bot.php?+)"
148.251.124.173 - - [23/Oct/2014:09:35:47 -0400] "GET /%E7%94%A8%E7%88%B1%E5%BF%83%E8%AF%B4%E7%9C%9F%E9%87%8C%E7%9A%84%E8%AF%9D HTTP/1.0" 200 9371 "-" "Mozilla/5.0 (compatible; MJ12bot/v1.4.5; http://www.majestic12.co.uk/bot.php?+)"
148.251.124.173 - - [23/Oct/2014:09:36:01 -0400] "GET /%E7%94%A8%E7%99%BD%E5%BE%97%E4%B9%8B%E7%89%A9%E4%BD%9C%E7%87%94%E7%A5%AD-si HTTP/1.0" 200 8190 "-" "Mozilla/5.0 (compatible; MJ12bot/v1.4.5; http://www.majestic12.co.uk/bot.php?+)"
148.251.124.173 - - [23/Oct/2014:09:36:40 -0400] "GET /%E7%9B%BC%E6%9C%9B-si HTTP/1.0" 200 9247 "-" "Mozilla/5.0 (compatible; MJ12bot/v1.4.5; http://www.majestic12.co.uk/bot.php?+)"
148.251.124.173 - - [23/Oct/2014:09:37:13 -0400] "GET /%E7%9C%8B%E5%AE%8C%E8%80%B6%E7%A8%A3%E5%8F%97%E9%9A%BE%E8%AE%B0%E7%94%B5%E5%BD%B1%E5%90%8E-%E2%80%A6 HTTP/1.0" 200 8947 "-" "Mozilla/5.0 (compatible; MJ12bot/v1.4.5; http://www.majestic12.co.uk/bot.php?+)"
148.251.124.173 - - [23/Oct/2014:09:37:23 -0400] "GET /%E7%9C%9F%E6%AD%A3%E7%9A%84%E6%95%AC%E6%8B%9C-si HTTP/1.0" 200 8869 "-" "Mozilla/5.0 (compatible; MJ12bot/v1.4.5; http://www.majestic12.co.uk/bot.php?+)"
148.251.124.173 - - [23/Oct/2014:09:37:30 -0400] "GET /%E7%9C%9F%E7%90%86%E4%B8%8E%E8%B0%AC%E8%AF%AF HTTP/1.0" 200 8198 "-" "Mozilla/5.0 (compatible; MJ12bot/v1.4.5; http://www.majestic12.co.uk/bot.php?+)"
148.251.124.173 - - [23/Oct/2014:09:37:33 -0400] "GET /%E7%9C%9F%E7%90%86%E7%9A%84%E6%9D%A5%E6%BA%90%E4%B8%8E%E6%80%A7%E8%B4%A8 HTTP/1.0" 200 8396 "-" "Mozilla/5.0 (compatible; MJ12bot/v1.4.5; http://www.majestic12.co.uk/bot.php?+)"
148.251.124.173 - - [23/Oct/2014:09:37:52 -0400] "GET /%E7%A0%B4%E6%BC%8F%E7%9A%84%E5%9B%8A-si HTTP/1.0" 200 8719 "-" "Mozilla/5.0 (compatible; MJ12bot/v1.4.5; http://www.majestic12.co.uk/bot.php?+)"
148.251.124.173 - - [23/Oct/2014:09:37:56 -0400] "GET /%E7%A5%9E-%E7%9A%84-%E8%AF%9D%E8%AF%AD%E7%9A%84%E8%83%BD%E5%8A%9B HTTP/1.0" 200 8645 "-" "Mozilla/5.0 (compatible; MJ12bot/v1.4.5; http://www.majestic12.co.uk/bot.php?+)"
148.251.124.173 - - [23/Oct/2014:09:38:02 -0400] "GET /%E7%A5%9E%E4%B8%BA%E6%88%91%E4%BD%9C%E4%BB%80%E4%B9%88 HTTP/1.0" 200 10073 "-" "Mozilla/5.0 (compatible; MJ12bot/v1.4.5; http://www.majestic12.co.uk/bot.php?+)"
148.251.124.173 - - [23/Oct/2014:09:38:04 -0400] "GET /%E7%A5%9E%E5%85%B3%E4%BA%8E%E8%80%81%E4%BA%BA%E7%9A%84%E6%97%A8%E6%84%8F HTTP/1.0" 200 7928 "-" "Mozilla/5.0 (compatible; MJ12bot/v1.4.5; http://www.majestic12.co.uk/bot.php?+)"
148.251.124.173 - - [23/Oct/2014:09:38:18 -0400] "GET /%E7%A5%9E%E5%94%AF%E4%B8%80%E6%8B%AF%E6%95%91%E4%BA%BA%E7%9A%84%E8%AE%A1%E5%88%92 HTTP/1.0" 200 9042 "-" "Mozilla/5.0 (compatible; MJ12bot/v1.4.5; http://www.majestic12.co.uk/bot.php?+)"
148.251.124.173 - - [23/Oct/2014:09:38:27 -0400] "GET /%E7%A5%9E%E6%89%80%E6%82%A6%E7%BA%B3%E7%9A%84%E5%AE%B6%E5%BA%AD HTTP/1.0" 200 7957 "-" "Mozilla/5.0 (compatible; MJ12bot/v1.4.5; http://www.majestic12.co.uk/bot.php?+)"
148.251.124.173 - - [23/Oct/2014:09:38:38 -0400] "GET /%E7%A5%9E%E6%89%80%E6%82%A6%E7%BA%B3%E7%9A%84%E7%94%B7%E3%80%81%E5%A5%B3%E7%94%9F HTTP/1.0" 200 8310 "-" "Mozilla/5.0 (compatible; MJ12bot/v1.4.5; http://www.majestic12.co.uk/bot.php?+)"
148.251.124.173 - - [23/Oct/2014:09:38:45 -0400] "GET /%E7%A5%9E%E6%89%80%E8%B5%90%E7%9A%84%E5%85%A8%E5%89%AF%E5%86%9B%E8%A3%85 HTTP/1.0" 200 10216 "-" "Mozilla/5.0 (compatible; MJ12bot/v1.4.5; http://www.majestic12.co.uk/bot.php?+)"
148.251.124.173 - - [23/Oct/2014:09:38:56 -0400] "GET /%E7%A5%9E%E7%9A%84%E5%AD%98%E5%9C%A8-si HTTP/1.0" 200 16576 "-" "Mozilla/5.0 (compatible; MJ12bot/v1.4.5; http://www.majestic12.co.uk/bot.php?+)"
148.251.124.173 - - [23/Oct/2014:09:39:00 -0400] "GET /%E7%A5%9E%E7%9A%84%E6%81%A9%E5%85%B8-si HTTP/1.0" 200 9325 "-" "Mozilla/5.0 (compatible; MJ12bot/v1.4.5; http://www.majestic12.co.uk/bot.php?+)"
148.251.124.173 - - [23/Oct/2014:09:39:02 -0400] "GET /%E7%A5%9E%E7%9A%84%E6%84%9A%E6%8B%99%E6%80%BB%E6%AF%94%E4%BA%BA%E6%99%BA%E8%83%BD HTTP/1.0" 200 8052 "-" "Mozilla/5.0 (compatible; MJ12bot/v1.4.5; http://www.majestic12.co.uk/bot.php?+)"
148.251.124.173 - - [23/Oct/2014:09:39:17 -0400] "GET /%E7%A5%9E%E7%9A%84%E7%9C%B7%E9%A1%BE-(-%E4%B8%80-) HTTP/1.0" 200 9208 "-" "Mozilla/5.0 (compatible; MJ12bot/v1.4.5; http://www.majestic12.co.uk/bot.php?+)"
66.249.65.124 - - [23/Oct/2014:09:39:54 -0400] "GET /tftwpodcast.rss HTTP/1.1" 304 - "-" "Mozilla/5.0 (compatible; Googlebot/2.1; +http://www.google.com/bot.html)"
148.251.124.173 - - [23/Oct/2014:09:40:20 -0400] "GET /%E7%A5%9E%E7%9A%84%E7%9C%B7%E9%A1%BE-(-%E4%BA%8C-) HTTP/1.0" 200 8128 "-" "Mozilla/5.0 (compatible; MJ12bot/v1.4.5; http://www.majestic12.co.uk/bot.php?+)"
148.251.124.173 - - [23/Oct/2014:09:40:35 -0400] "GET /%E7%A6%8F%E9%9F%B3%E4%BC%A0%E7%BB%99%E4%B8%8B%E4%B8%80%E4%BB%A3 HTTP/1.0" 200 8443 "-" "Mozilla/5.0 (compatible; MJ12bot/v1.4.5; http://www.majestic12.co.uk/bot.php?+)"
148.251.124.173 - - [23/Oct/2014:09:40:41 -0400] "GET /%E7%A9%BF%E4%B8%8A%E6%96%B0%E4%BA%BA HTTP/1.0" 200 8109 "-" "Mozilla/5.0 (compatible; MJ12bot/v1.4.5; http://www.majestic12.co.uk/bot.php?+)"
148.251.124.173 - - [23/Oct/2014:09:40:51 -0400] "GET /%E7%AC%AC%E4%B8%80%E4%B8%96%E7%BA%AA%E8%83%8C%E7%A6%BB%E7%9C%9F%E9%81%93%E7%9A%84%E4%BE%8B%E5%AD%90 HTTP/1.0" 200 8233 "-" "Mozilla/5.0 (compatible; MJ12bot/v1.4.5; http://www.majestic12.co.uk/bot.php?+)"
148.251.124.173 - - [23/Oct/2014:09:40:58 -0400] "GET /%E7%AC%AC%E4%B8%80%E7%AB%A0-%E6%88%91%E4%BB%AC%E4%B8%BA%E4%BB%80%E4%B9%88%E7%9B%B8%E4%BF%A1%E8%80%B6%E7%A8%A3%E6%98%AF%E5%9F%BA%E7%9D%A3%E3%80%81%E6%98%AF-%E7%A5%9E%E7%9A%84%E5%84%BF%E5%AD%90 HTTP/1.0" 200 35038 "-" "Mozilla/5.0 (compatible; MJ12bot/v1.4.5; http://www.majestic12.co.uk/bot.php?+)"
148.251.124.173 - - [23/Oct/2014:09:41:36 -0400] "GET /%E7%AC%AC%E4%B8%83%E7%AB%A0-%E4%B8%BA%E4%BB%80%E4%B9%88%E8%80%B6%E7%A8%A3%E5%88%B0%E8%BF%99%E4%B8%96%E4%B8%8A%E6%9D%A5 HTTP/1.0" 200 18223 "-" "Mozilla/5.0 (compatible; MJ12bot/v1.4.5; http://www.majestic12.co.uk/bot.php?+)"
148.251.124.173 - - [23/Oct/2014:09:41:47 -0400] "GET /%E7%AC%AC%E4%B8%89%E7%AB%A0-%E5%AE%87%E5%AE%99%E7%9A%84%E8%B5%B7%E6%BA%90-si HTTP/1.0" 200 11287 "-" "Mozilla/5.0 (compatible; MJ12bot/v1.4.5; http://www.majestic12.co.uk/bot.php?+)"
148.251.124.173 - - [23/Oct/2014:09:41:53 -0400] "GET /%E7%AC%AC%E4%B9%9D%E7%AB%A0-%E8%BF%87%E5%9F%BA%E7%9D%A3%E5%BE%92%E7%94%9F%E6%B4%BB HTTP/1.0" 200 22352 "-" "Mozilla/5.0 (compatible; MJ12bot/v1.4.5; http://www.majestic12.co.uk/bot.php?+)"
148.251.124.173 - - [23/Oct/2014:09:41:57 -0400] "GET /%E7%AC%AC%E4%BA%8C%E7%AB%A0-%E7%A5%9E%E7%9A%84%E5%AD%98%E5%9C%A8-si HTTP/1.0" 200 9573 "-" "Mozilla/5.0 (compatible; MJ12bot/v1.4.5; http://www.majestic12.co.uk/bot.php?+)"
148.251.124.173 - - [23/Oct/2014:09:42:09 -0400] "GET /%E7%AC%AC%E4%BA%94%E7%AB%A0-%E6%88%91%E4%BB%AC%E4%BF%A1%E4%BB%B0%E4%B8%8A%E7%9A%84%E6%A0%87%E5%87%86 HTTP/1.0" 200 11614 "-" "Mozilla/5.0 (compatible; MJ12bot/v1.4.5; http://www.majestic12.co.uk/bot.php?+)"
148.251.124.173 - - [23/Oct/2014:09:42:11 -0400] "GET /%E7%AC%AC%E5%85%AB%E7%AB%A0-%E5%A6%82%E4%BD%95%E8%BE%A8%E8%AE%A4%E5%94%AF%E4%B8%80%E7%9A%84%E6%95%99%E4%BC%9A HTTP/1.0" 200 32742 "-" "Mozilla/5.0 (compatible; MJ12bot/v1.4.5; http://www.majestic12.co.uk/bot.php?+)"
148.251.124.173 - - [23/Oct/2014:09:42:14 -0400] "GET /%E7%AC%AC%E5%85%AD%E7%AB%A0-%E6%97%A7%E7%BA%A6%E6%88%96%E6%96%B0%E7%BA%A6 HTTP/1.0" 200 12134 "-" "Mozilla/5.0 (compatible; MJ12bot/v1.4.5; http://www.majestic12.co.uk/bot.php?+)"
148.251.124.173 - - [23/Oct/2014:09:42:18 -0400] "GET /robots.txt HTTP/1.0" 404 7281 "-" "Mozilla/5.0 (compatible; MJ12bot/v1.4.5; http://www.majestic12.co.uk/bot.php?+)"
148.251.124.173 - - [23/Oct/2014:09:42:27 -0400] "GET /%E9%9D%A0%E4%B8%BB%E8%80%B6%E7%A9%8C HTTP/1.0" 200 8448 "-" "Mozilla/5.0 (compatible; MJ12bot/v1.4.5; http://www.majestic12.co.uk/bot.php?+)"
148.251.124.173 - - [23/Oct/2014:09:42:50 -0400] "GET /%E9%A0%98%E5%B0%8E%E4%BA%BA%E7%9A%84%E7%89%B9%E8%B3%AA HTTP/1.0" 200 8894 "-" "Mozilla/5.0 (compatible; MJ12bot/v1.4.5; http://www.majestic12.co.uk/bot.php?+)"
68.171.252.31 - - [23/Oct/2014:09:43:19 -0400] "GET /kursus/pelajaran/05.html HTTP/1.1" 200 18323 "http://www.google.com/m?q=Ayat+alkitab+musa+membawa+hukum+taurat+tetapi+aku" "UCWEB/2.0(BlackBerry; U; 4.2.0.427; en-us; 9550/4.2.0.427) U2/1.0.0 UCBrowser/8.1.0.216 U2/1.0.0 Mobile"
68.171.252.235 - - [23/Oct/2014:09:43:41 -0400] "GET /css/bcc.css HTTP/1.1" 200 3558 "-" "UCWEB/2.0(BlackBerry; U; 4.2.0.427; en-us; 9550/4.2.0.427) U2/1.0.0 UCBrowser/8.1.0.216 U2/1.0.0 Mobile"
68.171.252.235 - - [23/Oct/2014:09:43:43 -0400] "GET /css/../pix/bgtexture.jpg HTTP/1.1" 200 23844 "-" "UCWEB/2.0(BlackBerry; U; 4.2.0.427; en-us; 9550/4.2.0.427) U2/1.0.0 UCBrowser/8.1.0.216 U2/1.0.0 Mobile"
220.255.1.22 - - [23/Oct/2014:09:48:50 -0400] "GET /pix/bg_headlb.jpg HTTP/1.1" 200 3277 "http://truthfortheworld.org/css/header.css" "Mozilla/5.0 (Windows NT 6.2; WOW64; rv:32.0) Gecko/20100101 Firefox/32.0"
141.0.11.200 - - [23/Oct/2014:09:49:09 -0400] "GET /nubuatan-nubuatan-dalam-alkitab HTTP/1.1" 200 53277 "http://www.google.com/m?q=contoh+nubuat+kristen&client=ms-opera-mini-android&channel=new" "Opera/9.80 (Android; Opera Mini/7.6.35843/35.5071; U; id) Presto/2.8.119 Version/11.10"
141.0.11.200 - - [23/Oct/2014:09:49:10 -0400] "GET /css/reset.css HTTP/1.1" 200 1173 "http://kebenaranbagidunia.org/nubuatan-nubuatan-dalam-alkitab" "Opera/9.80 (Android; Opera Mini/7.6.35843/35.5071; U; id) Presto/2.8.119 Version/11.10"
141.0.11.200 - - [23/Oct/2014:09:49:10 -0400] "GET /css/header.css HTTP/1.1" 200 21256 "http://kebenaranbagidunia.org/nubuatan-nubuatan-dalam-alkitab" "Opera/9.80 (Android; Opera Mini/7.6.35843/35.5071; U; id) Presto/2.8.119 Version/11.10"
141.0.11.200 - - [23/Oct/2014:09:49:10 -0400] "GET /css/footer.css HTTP/1.1" 200 3586 "http://kebenaranbagidunia.org/nubuatan-nubuatan-dalam-alkitab" "Opera/9.80 (Android; Opera Mini/7.6.35843/35.5071; U; id) Presto/2.8.119 Version/11.10"
141.0.11.200 - - [23/Oct/2014:09:49:10 -0400] "GET /css/sidebars.css HTTP/1.1" 200 10160 "http://kebenaranbagidunia.org/nubuatan-nubuatan-dalam-alkitab" "Opera/9.80 (Android; Opera Mini/7.6.35843/35.5071; U; id) Presto/2.8.119 Version/11.10"
141.0.11.200 - - [23/Oct/2014:09:49:10 -0400] "GET /css/reftagger.css HTTP/1.1" 200 1583 "http://kebenaranbagidunia.org/nubuatan-nubuatan-dalam-alkitab" "Opera/9.80 (Android; Opera Mini/7.6.35843/35.5071; U; id) Presto/2.8.119 Version/11.10"
141.0.11.200 - - [23/Oct/2014:09:49:10 -0400] "GET /css/main.css HTTP/1.1" 200 32718 "http://kebenaranbagidunia.org/nubuatan-nubuatan-dalam-alkitab" "Opera/9.80 (Android; Opera Mini/7.6.35843/35.5071; U; id) Presto/2.8.119 Version/11.10"
141.0.11.200 - - [23/Oct/2014:09:49:10 -0400] "GET /pix/email.png HTTP/1.1" 200 1157 "http://kebenaranbagidunia.org/nubuatan-nubuatan-dalam-alkitab" "Opera/9.80 (Android; Opera Mini/7.6.35843/35.5071; U; id) Presto/2.8.119 Version/11.10"
141.0.11.200 - - [23/Oct/2014:09:49:10 -0400] "GET /pix/littleball.png HTTP/1.1" 200 1639 "http://kebenaranbagidunia.org/nubuatan-nubuatan-dalam-alkitab" "Opera/9.80 (Android; Opera Mini/7.6.35843/35.5071; U; id) Presto/2.8.119 Version/11.10"
141.0.11.200 - - [23/Oct/2014:09:49:10 -0400] "GET /css/print.css HTTP/1.1" 200 437 "http://kebenaranbagidunia.org/nubuatan-nubuatan-dalam-alkitab" "Opera/9.80 (Android; Opera Mini/7.6.35843/35.5071; U; id) Presto/2.8.119 Version/11.10"
141.0.11.200 - - [23/Oct/2014:09:49:10 -0400] "GET /pix/favicon.ico HTTP/1.1" 200 1150 "http://kebenaranbagidunia.org/nubuatan-nubuatan-dalam-alkitab" "Opera/9.80 (Android; Opera Mini/7.6.35843/35.5071; U; id) Presto/2.8.119 Version/11.10"
141.0.11.200 - - [23/Oct/2014:09:49:10 -0400] "GET /pix/facebook.png HTTP/1.1" 200 2478 "http://kebenaranbagidunia.org/nubuatan-nubuatan-dalam-alkitab" "Opera/9.80 (Android; Opera Mini/7.6.35843/35.5071; U; id) Presto/2.8.119 Version/11.10"
141.0.11.200 - - [23/Oct/2014:09:49:10 -0400] "GET /pix/twitter.png HTTP/1.1" 200 1798 "http://kebenaranbagidunia.org/nubuatan-nubuatan-dalam-alkitab" "Opera/9.80 (Android; Opera Mini/7.6.35843/35.5071; U; id) Presto/2.8.119 Version/11.10"
141.0.11.200 - - [23/Oct/2014:09:49:10 -0400] "GET /pix/youtube.png HTTP/1.1" 200 2803 "http://kebenaranbagidunia.org/nubuatan-nubuatan-dalam-alkitab" "Opera/9.80 (Android; Opera Mini/7.6.35843/35.5071; U; id) Presto/2.8.119 Version/11.10"
141.0.11.200 - - [23/Oct/2014:09:49:10 -0400] "GET /pix/google-plus.png HTTP/1.1" 200 2371 "http://kebenaranbagidunia.org/nubuatan-nubuatan-dalam-alkitab" "Opera/9.80 (Android; Opera Mini/7.6.35843/35.5071; U; id) Presto/2.8.119 Version/11.10"
141.0.11.200 - - [23/Oct/2014:09:49:10 -0400] "GET /pix/bg_headdb.jpg HTTP/1.1" 200 3209 "http://kebenaranbagidunia.org/nubuatan-nubuatan-dalam-alkitab" "Opera/9.80 (Android; Opera Mini/7.6.35843/35.5071; U; id) Presto/2.8.119 Version/11.10"
141.0.11.200 - - [23/Oct/2014:09:49:10 -0400] "GET /pix/uk_lg.png HTTP/1.1" 200 1767 "http://kebenaranbagidunia.org/nubuatan-nubuatan-dalam-alkitab" "Opera/9.80 (Android; Opera Mini/7.6.35843/35.5071; U; id) Presto/2.8.119 Version/11.10"
141.0.11.200 - - [23/Oct/2014:09:49:10 -0400] "GET /pix/cn_lg.png HTTP/1.1" 200 793 "http://kebenaranbagidunia.org/nubuatan-nubuatan-dalam-alkitab" "Opera/9.80 (Android; Opera Mini/7.6.35843/35.5071; U; id) Presto/2.8.119 Version/11.10"
141.0.11.200 - - [23/Oct/2014:09:49:10 -0400] "GET /pix/id.mob.header.jpg HTTP/1.1" 200 12656 "http://kebenaranbagidunia.org/nubuatan-nubuatan-dalam-alkitab" "Opera/9.80 (Android; Opera Mini/7.6.35843/35.5071; U; id) Presto/2.8.119 Version/11.10"
141.0.11.200 - - [23/Oct/2014:09:49:10 -0400] "GET /pix/es_lg.png HTTP/1.1" 200 873 "http://kebenaranbagidunia.org/nubuatan-nubuatan-dalam-alkitab" "Opera/9.80 (Android; Opera Mini/7.6.35843/35.5071; U; id) Presto/2.8.119 Version/11.10"
141.0.11.200 - - [23/Oct/2014:09:49:10 -0400] "GET /pix/earth.jpg HTTP/1.1" 200 13099 "http://kebenaranbagidunia.org/nubuatan-nubuatan-dalam-alkitab" "Opera/9.80 (Android; Opera Mini/7.6.35843/35.5071; U; id) Presto/2.8.119 Version/11.10"
141.0.11.200 - - [23/Oct/2014:09:49:10 -0400] "GET /js/jquery.smooth-scroll.min.js HTTP/1.1" 200 2648 "http://kebenaranbagidunia.org/nubuatan-nubuatan-dalam-alkitab" "Opera/9.80 (Android; Opera Mini/7.6.35843/35.5071; U; id) Presto/2.8.119 Version/11.10"
141.0.11.200 - - [23/Oct/2014:09:49:10 -0400] "GET /js/superfish.js HTTP/1.1" 200 6728 "http://kebenaranbagidunia.org/nubuatan-nubuatan-dalam-alkitab" "Opera/9.80 (Android; Opera Mini/7.6.35843/35.5071; U; id) Presto/2.8.119 Version/11.10"
194.44.244.30 - - [23/Oct/2014:09:49:10 -0400] "GET / HTTP/1.1" 200 18951 "http://www.google.com.ua/url?sa=t&rct=j&q=&esrc=s&source=web&cd=6&ved=0CEIQFjAF&url=http%3A%2F%2Ftruthfortheworld.org%2F&ei=OwdJVOavJ83KPZHrgOgN&usg=AFQjCNGc_lNRAz3lN7-qaR1LcM871llQmw" "Mozilla/5.0 (Windows NT 6.1; WOW64; rv:32.0) Gecko/20100101 Firefox/32.0"
194.44.244.30 - - [23/Oct/2014:09:49:11 -0400] "GET /css/reset.css HTTP/1.1" 200 1173 "http://truthfortheworld.org/" "Mozilla/5.0 (Windows NT 6.1; WOW64; rv:32.0) Gecko/20100101 Firefox/32.0"
194.44.244.30 - - [23/Oct/2014:09:49:11 -0400] "GET /css/header.css HTTP/1.1" 200 21256 "http://truthfortheworld.org/" "Mozilla/5.0 (Windows NT 6.1; WOW64; rv:32.0) Gecko/20100101 Firefox/32.0"
194.44.244.30 - - [23/Oct/2014:09:49:11 -0400] "GET /css/footer.css HTTP/1.1" 200 3586 "http://truthfortheworld.org/" "Mozilla/5.0 (Windows NT 6.1; WOW64; rv:32.0) Gecko/20100101 Firefox/32.0"
194.44.244.30 - - [23/Oct/2014:09:49:11 -0400] "GET /css/sidebars.css HTTP/1.1" 200 10160 "http://truthfortheworld.org/" "Mozilla/5.0 (Windows NT 6.1; WOW64; rv:32.0) Gecko/20100101 Firefox/32.0"
194.44.244.30 - - [23/Oct/2014:09:49:11 -0400] "GET /css/reftagger.css HTTP/1.1" 200 1583 "http://truthfortheworld.org/" "Mozilla/5.0 (Windows NT 6.1; WOW64; rv:32.0) Gecko/20100101 Firefox/32.0"
194.44.244.30 - - [23/Oct/2014:09:49:11 -0400] "GET /css/main.css HTTP/1.1" 200 32718 "http://truthfortheworld.org/" "Mozilla/5.0 (Windows NT 6.1; WOW64; rv:32.0) Gecko/20100101 Firefox/32.0"
194.44.244.30 - - [23/Oct/2014:09:49:11 -0400] "GET /css/print.css HTTP/1.1" 200 437 "http://truthfortheworld.org/" "Mozilla/5.0 (Windows NT 6.1; WOW64; rv:32.0) Gecko/20100101 Firefox/32.0"
194.44.244.30 - - [23/Oct/2014:09:49:11 -0400] "GET /pix/favicon.ico HTTP/1.1" 200 1150 "-" "Mozilla/5.0 (Windows NT 6.1; WOW64; rv:32.0) Gecko/20100101 Firefox/32.0"
194.44.244.30 - - [23/Oct/2014:09:49:12 -0400] "GET /js/jquery.smooth-scroll.min.js HTTP/1.1" 200 2648 "http://truthfortheworld.org/" "Mozilla/5.0 (Windows NT 6.1; WOW64; rv:32.0) Gecko/20100101 Firefox/32.0"
194.44.244.30 - - [23/Oct/2014:09:49:12 -0400] "GET /js/jquery.hoverIntent.js HTTP/1.1" 200 4944 "http://truthfortheworld.org/" "Mozilla/5.0 (Windows NT 6.1; WOW64; rv:32.0) Gecko/20100101 Firefox/32.0"
194.44.244.30 - - [23/Oct/2014:09:49:12 -0400] "GET /js/superfish.js HTTP/1.1" 200 6728 "http://truthfortheworld.org/" "Mozilla/5.0 (Windows NT 6.1; WOW64; rv:32.0) Gecko/20100101 Firefox/32.0"
194.44.244.30 - - [23/Oct/2014:09:49:12 -0400] "GET /pix/littleball.png HTTP/1.1" 200 1639 "http://truthfortheworld.org/" "Mozilla/5.0 (Windows NT 6.1; WOW64; rv:32.0) Gecko/20100101 Firefox/32.0"
194.44.244.30 - - [23/Oct/2014:09:49:12 -0400] "GET /js/easySlider1.7.js HTTP/1.1" 200 6198 "http://truthfortheworld.org/" "Mozilla/5.0 (Windows NT 6.1; WOW64; rv:32.0) Gecko/20100101 Firefox/32.0"
194.44.244.30 - - [23/Oct/2014:09:49:12 -0400] "GET /js/main.js HTTP/1.1" 200 10380 "http://truthfortheworld.org/" "Mozilla/5.0 (Windows NT 6.1; WOW64; rv:32.0) Gecko/20100101 Firefox/32.0"
141.0.11.200 - - [23/Oct/2014:09:49:12 -0400] "GET /js/main.js HTTP/1.1" 200 10380 "http://kebenaranbagidunia.org/nubuatan-nubuatan-dalam-alkitab" "Opera/9.80 (Android; Opera Mini/7.6.35843/35.5071; U; id) Presto/2.8.119 Version/11.10"
194.44.244.30 - - [23/Oct/2014:09:49:12 -0400] "GET /pix/pan_asia.jpg HTTP/1.1" 200 22322 "http://truthfortheworld.org/" "Mozilla/5.0 (Windows NT 6.1; WOW64; rv:32.0) Gecko/20100101 Firefox/32.0"
194.44.244.30 - - [23/Oct/2014:09:49:12 -0400] "GET /pix/pan_tunein.jpg HTTP/1.1" 200 34375 "http://truthfortheworld.org/" "Mozilla/5.0 (Windows NT 6.1; WOW64; rv:32.0) Gecko/20100101 Firefox/32.0"
141.0.11.200 - - [23/Oct/2014:09:49:12 -0400] "GET /pix/bgtexture.jpg HTTP/1.1" 200 23844 "http://kebenaranbagidunia.org/nubuatan-nubuatan-dalam-alkitab" "Opera/9.80 (Android; Opera Mini/7.6.35843/35.5071; U; id) Presto/2.8.119 Version/11.10"
194.44.244.30 - - [23/Oct/2014:09:49:12 -0400] "GET /pix/pan_tracts.jpg HTTP/1.1" 200 22029 "http://truthfortheworld.org/" "Mozilla/5.0 (Windows NT 6.1; WOW64; rv:32.0) Gecko/20100101 Firefox/32.0"
194.44.244.30 - - [23/Oct/2014:09:49:12 -0400] "GET /pix/rl_tftw.png HTTP/1.1" 200 3175 "http://truthfortheworld.org/" "Mozilla/5.0 (Windows NT 6.1; WOW64; rv:32.0) Gecko/20100101 Firefox/32.0"
194.44.244.30 - - [23/Oct/2014:09:49:12 -0400] "GET /pix/pan_texting.jpg HTTP/1.1" 200 29933 "http://truthfortheworld.org/" "Mozilla/5.0 (Windows NT 6.1; WOW64; rv:32.0) Gecko/20100101 Firefox/32.0"
194.44.244.30 - - [23/Oct/2014:09:49:12 -0400] "GET /assets/components/phpthumbof/cache/1-Thing-Missing-in-Bible-Education.b7143a5ab0d9ec3526818cf8712152841.jpg HTTP/1.1" 200 3418 "http://truthfortheworld.org/" "Mozilla/5.0 (Windows NT 6.1; WOW64; rv:32.0) Gecko/20100101 Firefox/32.0"
194.44.244.30 - - [23/Oct/2014:09:49:12 -0400] "GET /assets/components/phpthumbof/cache/75-for-7-Blog.b7143a5ab0d9ec3526818cf8712152841.jpg HTTP/1.1" 200 3648 "http://truthfortheworld.org/" "Mozilla/5.0 (Windows NT 6.1; WOW64; rv:32.0) Gecko/20100101 Firefox/32.0"
194.44.244.30 - - [23/Oct/2014:09:49:12 -0400] "GET /assets/components/phpthumbof/cache/Malaysian-Ladies-Day.b7143a5ab0d9ec3526818cf8712152841.jpg HTTP/1.1" 200 4704 "http://truthfortheworld.org/" "Mozilla/5.0 (Windows NT 6.1; WOW64; rv:32.0) Gecko/20100101 Firefox/32.0"
194.44.244.30 - - [23/Oct/2014:09:49:12 -0400] "GET /assets/components/phpthumbof/cache/corinthians_TFTW.f1294d7377861b52d18965d79462c2db1.png HTTP/1.1" 200 28257 "http://truthfortheworld.org/" "Mozilla/5.0 (Windows NT 6.1; WOW64; rv:32.0) Gecko/20100101 Firefox/32.0"
194.44.244.30 - - [23/Oct/2014:09:49:12 -0400] "GET /pix/thumbs/bff.jpg HTTP/1.1" 200 3864 "http://truthfortheworld.org/" "Mozilla/5.0 (Windows NT 6.1; WOW64; rv:32.0) Gecko/20100101 Firefox/32.0"
194.44.244.30 - - [23/Oct/2014:09:49:12 -0400] "GET /pix/thumbs/bqa.png HTTP/1.1" 200 1931 "http://truthfortheworld.org/" "Mozilla/5.0 (Windows NT 6.1; WOW64; rv:32.0) Gecko/20100101 Firefox/32.0"
194.44.244.30 - - [23/Oct/2014:09:49:13 -0400] "GET /pix/thumbs/164.jpg HTTP/1.1" 200 3412 "http://truthfortheworld.org/" "Mozilla/5.0 (Windows NT 6.1; WOW64; rv:32.0) Gecko/20100101 Firefox/32.0"
194.44.244.30 - - [23/Oct/2014:09:49:13 -0400] "GET /pix/facebook.png HTTP/1.1" 200 2478 "http://truthfortheworld.org/" "Mozilla/5.0 (Windows NT 6.1; WOW64; rv:32.0) Gecko/20100101 Firefox/32.0"
194.44.244.30 - - [23/Oct/2014:09:49:13 -0400] "GET /pix/thumbs/seatbelt.jpg HTTP/1.1" 200 2919 "http://truthfortheworld.org/" "Mozilla/5.0 (Windows NT 6.1; WOW64; rv:32.0) Gecko/20100101 Firefox/32.0"
194.44.244.30 - - [23/Oct/2014:09:49:13 -0400] "GET /pix/twitter.png HTTP/1.1" 200 1798 "http://truthfortheworld.org/" "Mozilla/5.0 (Windows NT 6.1; WOW64; rv:32.0) Gecko/20100101 Firefox/32.0"
194.44.244.30 - - [23/Oct/2014:09:49:13 -0400] "GET /pix/google-plus.png HTTP/1.1" 200 2371 "http://truthfortheworld.org/" "Mozilla/5.0 (Windows NT 6.1; WOW64; rv:32.0) Gecko/20100101 Firefox/32.0"
194.44.244.30 - - [23/Oct/2014:09:49:13 -0400] "GET /pix/youtube.png HTTP/1.1" 200 2803 "http://truthfortheworld.org/" "Mozilla/5.0 (Windows NT 6.1; WOW64; rv:32.0) Gecko/20100101 Firefox/32.0"
194.44.244.30 - - [23/Oct/2014:09:49:13 -0400] "GET /pix/bgtexture.jpg HTTP/1.1" 200 23844 "http://truthfortheworld.org/css/main.css" "Mozilla/5.0 (Windows NT 6.1; WOW64; rv:32.0) Gecko/20100101 Firefox/32.0"
194.44.244.30 - - [23/Oct/2014:09:49:13 -0400] "GET /pix/bg_headdb.jpg HTTP/1.1" 200 3209 "http://truthfortheworld.org/css/header.css" "Mozilla/5.0 (Windows NT 6.1; WOW64; rv:32.0) Gecko/20100101 Firefox/32.0"
194.44.244.30 - - [23/Oct/2014:09:49:13 -0400] "GET /pix/header.jpg HTTP/1.1" 200 23536 "http://truthfortheworld.org/css/header.css" "Mozilla/5.0 (Windows NT 6.1; WOW64; rv:32.0) Gecko/20100101 Firefox/32.0"
194.44.244.30 - - [23/Oct/2014:09:49:13 -0400] "GET /pix/brightball.jpg HTTP/1.1" 200 7263 "http://truthfortheworld.org/css/header.css" "Mozilla/5.0 (Windows NT 6.1; WOW64; rv:32.0) Gecko/20100101 Firefox/32.0"
194.44.244.30 - - [23/Oct/2014:09:49:13 -0400] "GET /pix/cn.png HTTP/1.1" 200 472 "http://truthfortheworld.org/css/header.css" "Mozilla/5.0 (Windows NT 6.1; WOW64; rv:32.0) Gecko/20100101 Firefox/32.0"
194.44.244.30 - - [23/Oct/2014:09:49:13 -0400] "GET /pix/es.png HTTP/1.1" 200 469 "http://truthfortheworld.org/css/header.css" "Mozilla/5.0 (Windows NT 6.1; WOW64; rv:32.0) Gecko/20100101 Firefox/32.0"
194.44.244.30 - - [23/Oct/2014:09:49:13 -0400] "GET /pix/id.png HTTP/1.1" 200 430 "http://truthfortheworld.org/css/header.css" "Mozilla/5.0 (Windows NT 6.1; WOW64; rv:32.0) Gecko/20100101 Firefox/32.0"
194.44.244.30 - - [23/Oct/2014:09:49:13 -0400] "GET /pix/earth.jpg HTTP/1.1" 200 13099 "http://truthfortheworld.org/css/footer.css" "Mozilla/5.0 (Windows NT 6.1; WOW64; rv:32.0) Gecko/20100101 Firefox/32.0"
194.44.244.30 - - [23/Oct/2014:09:49:13 -0400] "GET /pix/floatbar_bg.png HTTP/1.1" 200 4653 "http://truthfortheworld.org/css/header.css" "Mozilla/5.0 (Windows NT 6.1; WOW64; rv:32.0) Gecko/20100101 Firefox/32.0"
194.44.244.30 - - [23/Oct/2014:09:49:13 -0400] "GET /pix/floatbar_bg_title.png HTTP/1.1" 200 5404 "http://truthfortheworld.org/css/header.css" "Mozilla/5.0 (Windows NT 6.1; WOW64; rv:32.0) Gecko/20100101 Firefox/32.0"
194.44.244.30 - - [23/Oct/2014:09:49:13 -0400] "GET /pix/search.png HTTP/1.1" 200 1047 "http://truthfortheworld.org/css/header.css" "Mozilla/5.0 (Windows NT 6.1; WOW64; rv:32.0) Gecko/20100101 Firefox/32.0"
194.44.244.30 - - [23/Oct/2014:09:49:13 -0400] "GET /pix/nav_bg.jpg HTTP/1.1" 200 3618 "http://truthfortheworld.org/css/header.css" "Mozilla/5.0 (Windows NT 6.1; WOW64; rv:32.0) Gecko/20100101 Firefox/32.0"
