66.87.148.37 - - [12/Aug/2013:22:57:41 -0400] "GET /products/superstaffsupervision_clip_image002.jpg HTTP/1.1" 200 9705 "http://www.michaelbrandwein.com/products/superstaffsupervision.html" "Mozilla/5.0 (iPhone; CPU iPhone OS 6_1_3 like Mac OS X) AppleWebKit/536.26 (KHTML, like Gecko) Version/6.0 Mobile/10B329 Safari/8536.25"
50.19.129.169 - - [12/Aug/2013:00:49:56 -0400] "HEAD /bionormal.html HTTP/1.1" 200 - "http://netcomber.com/michaelbrandwein.com?st=br2" "NCBot http://netcomber.com?st=ba2 Tool for finding all their domain names."
50.19.129.169 - - [12/Aug/2013:00:49:57 -0400] "GET /bionormal.html HTTP/1.1" 200 10798 "http://netcomber.com/michaelbrandwein.com?st=br2" "NCBot http://netcomber.com?st=ba2 Tool for finding all their domain names."
174.115.91.141 - - [12/Aug/2013:18:18:55 -0400] "GET /images/youthhome.jpg HTTP/1.1" 200 15371 "http://www.michaelbrandwein.com/youth.html" "Mozilla/5.0 (Macintosh; Intel Mac OS X 10_7_5) AppleWebKit/536.30.1 (KHTML, like Gecko) Version/6.0.5 Safari/536.30.1"
95.221.8.120 - - [12/Aug/2013:18:51:55 -0400] "GET /graphics/logoin.jpg HTTP/1.1" 200 14869 "http://www.michaelbrandwein.com/ytopics/camp/training/staff/improvtoimprove.html" "Mozilla/5.0 (Windows; U; Windows NT 5.1; en-US) AppleWebKit/534.7 (KHTML, like Gecko) Chrome/7.0.517.44 Safari/534.7"
68.4.185.251 - - [12/Aug/2013:20:05:04 -0400] "GET /products/superstaffsupervision_clip_image002.jpg HTTP/1.1" 200 9705 "http://thecampdirector.com/2009/01/31/teach-your-summer-camp-staff-how-to-use-limited-profile-on-facebook/" "Mozilla/5.0 (Windows NT 6.1) AppleWebKit/537.36 (KHTML, like Gecko) Chrome/28.0.1500.95 Safari/537.36"
92.255.221.127 - - [12/Aug/2013:20:40:42 -0400] "GET /ytopics/organizations/supervise/valueofvaryingviews.html HTTP/1.0" 200 11283 "http://yandex.ru/yandsearch?text=www.michaelbrandwein.com&lr=213" "Mozilla/4.0 (compatible; MSIE 7.0; Windows NT 5.1; .NET CLR 1.1.4322; .NET CLR 2.0.50727; .NET CLR 3.0.4506.2152; .NET CLR 3.5.30729)"
176.195.255.23 - - [12/Aug/2013:20:40:43 -0400] "GET /ytopics/organizations/supervise/ysayings.txt HTTP/1.0" 200 6677 "http://www.michaelbrandwein.com/ytopics/organizations/supervise/timemanagement.html" "Mozilla/4.0 (compatible; MSIE 7.0; Windows NT 6.0; SLCC1; .NET CLR 2.0.50727; Media Center PC 5.0; .NET CLR 3.5.30729; .NET CLR 3.0.30618)"
173.60.94.57 - - [12/Aug/2013:20:59:51 -0400] "GET /graphics/homeyouth.jpg HTTP/1.1" 200 17174 "http://www.michaelbrandwein.com/" "Mozilla/5.0 (compatible; MSIE 10.0; Windows NT 6.1; WOW64; Trident/6.0; EIE10;ENUSWOL)"
173.60.94.57 - - [12/Aug/2013:20:59:51 -0400] "GET /graphics/homeadult2.jpg HTTP/1.1" 200 19380 "http://www.michaelbrandwein.com/" "Mozilla/5.0 (compatible; MSIE 10.0; Windows NT 6.1; WOW64; Trident/6.0; EIE10;ENUSWOL)"
24.152.141.53 - - [12/Aug/2013:03:00:06 -0400] "GET /graphics/arrow.gif HTTP/1.1" 200 942 "http://www.michaelbrandwein.com/youth.html" "Mozilla/5.0 (Macintosh; Intel Mac OS X 10_7_5) AppleWebKit/537.36 (KHTML, like Gecko) Chrome/28.0.1500.95 Safari/537.36"
24.152.141.53 - - [12/Aug/2013:03:00:06 -0400] "GET /graphics/oval3.jpg HTTP/1.1" 200 14255 "http://www.michaelbrandwein.com/youth.html" "Mozilla/5.0 (Macintosh; Intel Mac OS X 10_7_5) AppleWebKit/537.36 (KHTML, like Gecko) Chrome/28.0.1500.95 Safari/537.36"
37.228.107.121 - - [12/Aug/2013:05:51:44 -0400] "GET /graphics/logoin.jpg HTTP/1.1" 200 14869 "http://www.michaelbrandwein.com/presentations.html" "Opera/9.80 (J2ME/MIDP; Opera Mini/4.2.13057/30.3643; U; en) Presto/2.8.119 Version/11.10"
162.72.158.140 - - [12/Aug/2013:11:55:00 -0400] "GET /graphics/logoin.jpg HTTP/1.1" 304 - "http://michaelbrandwein.com/youth.html" "Mozilla/4.0 (compatible; MSIE 7.0; Windows NT 6.1; WOW64; Trident/5.0; SLCC2; .NET CLR 2.0.50727; .NET CLR 3.5.30729; .NET CLR 3.0.30729; Media Center PC 6.0; InfoPath.3; .NET4.0C; .NET4.0E)"
208.43.225.85 - - [12/Aug/2013:21:17:50 -0400] "GET /yresources.html HTTP/1.1" 200 31536 "-" "Mozilla/5.0 (compatible; SiteExplorer/1.0b; +http://siteexplorer.info/)"
151.238.231.225 - - [12/Aug/2013:12:01:11 -0400] "GET /graphics/buttonbuy.jpg HTTP/1.1" 200 2183 "http://www.michaelbrandwein.com/yproducts.html" "Mozilla/5.0 (Windows NT 6.1; WOW64; rv:22.0) Gecko/20100101 Firefox/22.0"
151.238.231.225 - - [12/Aug/2013:12:01:11 -0400] "GET /images/superstaffsupervision120.jpg HTTP/1.1" 200 23206 "http://www.michaelbrandwein.com/yproducts.html" "Mozilla/5.0 (Windows NT 6.1; WOW64; rv:22.0) Gecko/20100101 Firefox/22.0"
208.108.212.45 - - [12/Aug/2013:12:23:40 -0400] "GET /graphics/logoin.jpg HTTP/1.1" 200 14869 "http://www.michaelbrandwein.com/yschools.html" "Mozilla/4.0 (compatible; MSIE 8.0; Windows NT 5.1; Trident/4.0; GTB7.5; chromeframe/28.0.1500.95; .NET CLR 1.1.4322; .NET CLR 2.0.50727; .NET CLR 3.0.4506.2152; .NET CLR 3.5.30729; InfoPath.2; .NET4.0C; .NET4.0E)"
35.8.184.40 - - [12/Aug/2013:16:03:30 -0400] "GET /graphics/hr2a.jpg HTTP/1.1" 200 8132 "http://www.michaelbrandwein.com/presentations.html" "Mozilla/5.0 (Windows NT 5.1; rv:14.0) Gecko/20100101 Firefox/14.0.1"
98.207.198.115 - - [12/Aug/2013:17:24:37 -0400] "GET /images/youthhome.jpg HTTP/1.1" 200 15371 "http://www.michaelbrandwein.com/youth.html" "Mozilla/5.0 (iPhone; CPU iPhone OS 6_1_3 like Mac OS X) AppleWebKit/536.26 (KHTML, like Gecko) Mobile/10B329 [FBAN/FBIOS;FBAV/6.4;FBBV/290891;FBDV/iPhone3,1;FBMD/iPhone;FBSN/iPhone OS;FBSV/6.1.3;FBSS/2; FBCR/AT&T;FBID/phone;FBLC/en_US;FBOP/1]"
98.207.198.115 - - [12/Aug/2013:17:24:38 -0400] "GET /graphics/oval4.jpg HTTP/1.1" 200 13531 "http://www.michaelbrandwein.com/youth.html" "Mozilla/5.0 (iPhone; CPU iPhone OS 6_1_3 like Mac OS X) AppleWebKit/536.26 (KHTML, like Gecko) Mobile/10B329 [FBAN/FBIOS;FBAV/6.4;FBBV/290891;FBDV/iPhone3,1;FBMD/iPhone;FBSN/iPhone OS;FBSV/6.1.3;FBSS/2; FBCR/AT&T;FBID/phone;FBLC/en_US;FBOP/1]"
173.60.94.57 - - [12/Aug/2013:21:00:08 -0400] "GET /graphics/hry2.jpg HTTP/1.1" 200 305 "http://www.michaelbrandwein.com/youth.html" "Mozilla/5.0 (compatible; MSIE 10.0; Windows NT 6.1; WOW64; Trident/6.0; EIE10;ENUSWOL)"
173.60.94.57 - - [12/Aug/2013:21:00:09 -0400] "GET /graphics/oval6.jpg HTTP/1.1" 200 3369 "http://www.michaelbrandwein.com/youth.html" "Mozilla/5.0 (compatible; MSIE 10.0; Windows NT 6.1; WOW64; Trident/6.0; EIE10;ENUSWOL)"
173.60.94.57 - - [12/Aug/2013:21:00:09 -0400] "GET /graphics/oval3.jpg HTTP/1.1" 200 14255 "http://www.michaelbrandwein.com/youth.html" "Mozilla/5.0 (compatible; MSIE 10.0; Windows NT 6.1; WOW64; Trident/6.0; EIE10;ENUSWOL)"
173.60.94.57 - - [12/Aug/2013:21:00:09 -0400] "GET /graphics/oval5.jpg HTTP/1.1" 200 14409 "http://www.michaelbrandwein.com/youth.html" "Mozilla/5.0 (compatible; MSIE 10.0; Windows NT 6.1; WOW64; Trident/6.0; EIE10;ENUSWOL)"
166.147.72.20 - - [12/Aug/2013:22:51:10 -0400] "GET /graphics/bgwh.gif HTTP/1.1" 200 49 "http://www.michaelbrandwein.com/" "Mozilla/5.0 (iPhone; CPU iPhone OS 6_1_4 like Mac OS X) AppleWebKit/536.26 (KHTML, like Gecko) Version/6.0 Mobile/10B350 Safari/8536.25"
66.87.148.37 - - [12/Aug/2013:22:57:23 -0400] "GET /images/thenewest.jpg HTTP/1.1" 200 33530 "http://www.michaelbrandwein.com/yproducts.html" "Mozilla/5.0 (iPhone; CPU iPhone OS 6_1_3 like Mac OS X) AppleWebKit/536.26 (KHTML, like Gecko) Version/6.0 Mobile/10B329 Safari/8536.25"
66.87.148.37 - - [12/Aug/2013:22:57:23 -0400] "GET /images/trainingterrificstaff120.jpg HTTP/1.1" 200 24259 "http://www.michaelbrandwein.com/yproducts.html" "Mozilla/5.0 (iPhone; CPU iPhone OS 6_1_3 like Mac OS X) AppleWebKit/536.26 (KHTML, like Gecko) Version/6.0 Mobile/10B329 Safari/8536.25"
66.87.148.37 - - [12/Aug/2013:22:57:23 -0400] "GET /images/learningleadershipdvd150.jpg HTTP/1.1" 200 15947 "http://www.michaelbrandwein.com/yproducts.html" "Mozilla/5.0 (iPhone; CPU iPhone OS 6_1_3 like Mac OS X) AppleWebKit/536.26 (KHTML, like Gecko) Version/6.0 Mobile/10B329 Safari/8536.25"
157.55.33.40 - - [12/Aug/2013:08:17:16 -0400] "GET /atopics/realtruth.html HTTP/1.1" 304 - "-" "Mozilla/5.0 (compatible; bingbot/2.0; +http://www.bing.com/bingbot.htm)"
173.192.235.226 - - [12/Aug/2013:09:50:56 -0400] "GET /robots.txt HTTP/1.1" 404 575 "-" "Mozilla/5.0 (compatible; SiteExplorer/1.0b; +http://siteexplorer.info/)"
173.192.235.226 - - [12/Aug/2013:09:50:58 -0400] "GET /videopreviews.html HTTP/1.1" 200 15840 "-" "Mozilla/5.0 (compatible; SiteExplorer/1.0b; +http://siteexplorer.info/)"
173.192.235.226 - - [12/Aug/2013:09:51:00 -0400] "GET /video/keynotesegment5.ram HTTP/1.1" 200 52 "-" "Mozilla/5.0 (compatible; SiteExplorer/1.0b; +http://siteexplorer.info/)"
139.149.1.230 - - [12/Aug/2013:11:12:08 -0400] "GET /graphics/dot.gif HTTP/1.1" 200 114 "http://www.michaelbrandwein.com/presentations.html" "Mozilla/4.0 (compatible; MSIE 8.0; Windows NT 5.1; Trident/4.0; .NET CLR 1.1.4322; .NET CLR 2.0.50727; .NET CLR 3.0.4506.2152; .NET CLR 3.5.30729; .NET4.0C; .NET4.0E)"
81.155.205.253 - - [12/Aug/2013:11:26:51 -0400] "GET /presentations.html HTTP/1.1" 200 12384 "http://www.google.co.uk/url?sa=t&rct=j&q=business%20topic%20for%20presentation&source=web&cd=3&ved=0CE8QFjAC&url=http%3A%2F%2Fwww.michaelbrandwein.com%2Fpresentations.html&ei=rv4IUvi7C4_R4QSC1IC4Aw&usg=AFQjCNE8ZOJzjyds3xDmTTzj43s7X6aVRg" "Mozilla/5.0 (Windows NT 6.2; WOW64) AppleWebKit/537.36 (KHTML, like Gecko) Chrome/28.0.1500.95 Safari/537.36"
81.155.205.253 - - [12/Aug/2013:11:26:52 -0400] "GET /images/banner2.jpg HTTP/1.1" 200 5488 "http://www.michaelbrandwein.com/presentations.html" "Mozilla/5.0 (Windows NT 6.2; WOW64) AppleWebKit/537.36 (KHTML, like Gecko) Chrome/28.0.1500.95 Safari/537.36"
162.72.158.140 - - [12/Aug/2013:11:55:05 -0400] "GET /ysayings.txt HTTP/1.1" 200 6677 "http://michaelbrandwein.com/youth.html" "Mozilla/4.0 (compatible; MSIE 7.0; Windows NT 6.1; WOW64; Trident/5.0; SLCC2; .NET CLR 2.0.50727; .NET CLR 3.5.30729; .NET CLR 3.0.30729; Media Center PC 6.0; InfoPath.3; .NET4.0C; .NET4.0E)"
90.203.253.46 - - [12/Aug/2013:16:15:35 -0400] "GET /graphics/arrowup.gif HTTP/1.1" 200 84 "http://www.michaelbrandwein.com/yleadership.html" "Mozilla/5.0 (iPad; CPU OS 6_1_3 like Mac OS X) AppleWebKit/536.26 (KHTML, like Gecko) Version/6.0 Mobile/10B329 Safari/8536.25"
174.234.192.253 - - [12/Aug/2013:17:20:50 -0400] "GET / HTTP/1.1" 200 5960 "https://m.facebook.com" "Mozilla/5.0 (iPhone; CPU iPhone OS 6_1_3 like Mac OS X) AppleWebKit/536.26 (KHTML, like Gecko) Mobile/10B329 [FBAN/FBIOS;FBAV/6.3;FBBV/257209;FBDV/iPhone4,1;FBMD/iPhone;FBSN/iPhone OS;FBSV/6.1.3;FBSS/2; FBCR/Verizon;FBID/phone;FBLC/en_US;FBOP/1]"
174.234.192.253 - - [12/Aug/2013:17:20:50 -0400] "GET /css/brandwein.css HTTP/1.1" 200 2167 "http://www.michaelbrandwein.com/" "Mozilla/5.0 (iPhone; CPU iPhone OS 6_1_3 like Mac OS X) AppleWebKit/536.26 (KHTML, like Gecko) Mobile/10B329 [FBAN/FBIOS;FBAV/6.3;FBBV/257209;FBDV/iPhone4,1;FBMD/iPhone;FBSN/iPhone OS;FBSV/6.1.3;FBSS/2; FBCR/Verizon;FBID/phone;FBLC/en_US;FBOP/1]"
174.234.192.253 - - [12/Aug/2013:17:20:51 -0400] "GET /graphics/logoin.jpg HTTP/1.1" 200 14869 "http://www.michaelbrandwein.com/" "Mozilla/5.0 (iPhone; CPU iPhone OS 6_1_3 like Mac OS X) AppleWebKit/536.26 (KHTML, like Gecko) Mobile/10B329 [FBAN/FBIOS;FBAV/6.3;FBBV/257209;FBDV/iPhone4,1;FBMD/iPhone;FBSN/iPhone OS;FBSV/6.1.3;FBSS/2; FBCR/Verizon;FBID/phone;FBLC/en_US;FBOP/1]"
174.234.192.253 - - [12/Aug/2013:17:20:51 -0400] "GET /graphics/bodym.jpg HTTP/1.1" 200 28996 "http://www.michaelbrandwein.com/" "Mozilla/5.0 (iPhone; CPU iPhone OS 6_1_3 like Mac OS X) AppleWebKit/536.26 (KHTML, like Gecko) Mobile/10B329 [FBAN/FBIOS;FBAV/6.3;FBBV/257209;FBDV/iPhone4,1;FBMD/iPhone;FBSN/iPhone OS;FBSV/6.1.3;FBSS/2; FBCR/Verizon;FBID/phone;FBLC/en_US;FBOP/1]"
174.234.192.253 - - [12/Aug/2013:17:20:51 -0400] "GET /graphics/bhomeenter3.jpg HTTP/1.1" 404 575 "http://www.michaelbrandwein.com/" "Mozilla/5.0 (iPhone; CPU iPhone OS 6_1_3 like Mac OS X) AppleWebKit/536.26 (KHTML, like Gecko) Mobile/10B329 [FBAN/FBIOS;FBAV/6.3;FBBV/257209;FBDV/iPhone4,1;FBMD/iPhone;FBSN/iPhone OS;FBSV/6.1.3;FBSS/2; FBCR/Verizon;FBID/phone;FBLC/en_US;FBOP/1]"
101.227.4.24 - - [12/Aug/2013:00:18:38 -0400] "GET /approach.html HTTP/1.1" 200 11194 "-" "Mozilla/5.0 (compatible; YYSpider; +http://www.yunyun.com/spider.html)"
24.152.141.53 - - [12/Aug/2013:02:59:24 -0400] "GET /graphics/homeadult.jpg HTTP/1.1" 200 18635 "http://www.michaelbrandwein.com/" "Mozilla/5.0 (iPad; CPU OS 6_1_3 like Mac OS X) AppleWebKit/536.26 (KHTML, like Gecko) CriOS/28.0.1500.16 Mobile/10B329 Safari/8536.25"
24.152.141.53 - - [12/Aug/2013:02:59:24 -0400] "GET /graphics/homeadult2.jpg HTTP/1.1" 200 19380 "http://www.michaelbrandwein.com/" "Mozilla/5.0 (iPad; CPU OS 6_1_3 like Mac OS X) AppleWebKit/536.26 (KHTML, like Gecko) CriOS/28.0.1500.16 Mobile/10B329 Safari/8536.25"
166.137.209.152 - - [12/Aug/2013:18:02:41 -0400] "GET /graphics/homeadult.jpg HTTP/1.1" 200 18635 "http://www.michaelbrandwein.com/" "Mozilla/5.0 (iPhone; CPU iPhone OS 6_1_4 like Mac OS X) AppleWebKit/536.26 (KHTML, like Gecko) Mobile/10B350 [FBAN/FBIOS;FBAV/6.2;FBBV/228172;FBDV/iPhone5,1;FBMD/iPhone;FBSN/iPhone OS;FBSV/6.1.4;FBSS/2; FBCR/AT&T;FBID/phone;FBLC/en_US;FBOP/1]"
166.137.209.152 - - [12/Aug/2013:18:02:41 -0400] "GET /graphics/bodym.jpg HTTP/1.1" 200 28996 "http://www.michaelbrandwein.com/" "Mozilla/5.0 (iPhone; CPU iPhone OS 6_1_4 like Mac OS X) AppleWebKit/536.26 (KHTML, like Gecko) Mobile/10B350 [FBAN/FBIOS;FBAV/6.2;FBBV/228172;FBDV/iPhone5,1;FBMD/iPhone;FBSN/iPhone OS;FBSV/6.1.4;FBSS/2; FBCR/AT&T;FBID/phone;FBLC/en_US;FBOP/1]"
166.137.209.152 - - [12/Aug/2013:18:02:43 -0400] "GET /graphics/homeadult2.jpg HTTP/1.1" 200 19380 "http://www.michaelbrandwein.com/" "Mozilla/5.0 (iPhone; CPU iPhone OS 6_1_4 like Mac OS X) AppleWebKit/536.26 (KHTML, like Gecko) Mobile/10B350 [FBAN/FBIOS;FBAV/6.2;FBBV/228172;FBDV/iPhone5,1;FBMD/iPhone;FBSN/iPhone OS;FBSV/6.1.4;FBSS/2; FBCR/AT&T;FBID/phone;FBLC/en_US;FBOP/1]"
174.115.91.141 - - [12/Aug/2013:18:19:05 -0400] "GET /images/tts2200.jpg HTTP/1.1" 200 23275 "http://www.michaelbrandwein.com/yproducts.html" "Mozilla/5.0 (Macintosh; Intel Mac OS X 10_7_5) AppleWebKit/536.30.1 (KHTML, like Gecko) Version/6.0.5 Safari/536.30.1"
166.137.209.154 - - [12/Aug/2013:18:34:40 -0400] "GET /graphics/bgwh.gif HTTP/1.1" 200 49 "http://www.michaelbrandwein.com/" "Mozilla/5.0 (iPhone; CPU iPhone OS 6_1_4 like Mac OS X) AppleWebKit/536.26 (KHTML, like Gecko) Mobile/10B350 [FBAN/FBIOS;FBAV/6.2;FBBV/228172;FBDV/iPhone5,1;FBMD/iPhone;FBSN/iPhone OS;FBSV/6.1.4;FBSS/2; FBCR/AT&T;FBID/phone;FBLC/en_US;FBOP/1]"
166.137.209.154 - - [12/Aug/2013:18:34:41 -0400] "GET /graphics/homeyouth2.jpg HTTP/1.1" 200 18018 "http://www.michaelbrandwein.com/" "Mozilla/5.0 (iPhone; CPU iPhone OS 6_1_4 like Mac OS X) AppleWebKit/536.26 (KHTML, like Gecko) Mobile/10B350 [FBAN/FBIOS;FBAV/6.2;FBBV/228172;FBDV/iPhone5,1;FBMD/iPhone;FBSN/iPhone OS;FBSV/6.1.4;FBSS/2; FBCR/AT&T;FBID/phone;FBLC/en_US;FBOP/1]"
68.4.185.251 - - [12/Aug/2013:20:05:04 -0400] "GET /products/trainingterrificstaff_clip_image002.jpg HTTP/1.1" 200 10083 "http://thecampdirector.com/2009/01/31/teach-your-summer-camp-staff-how-to-use-limited-profile-on-facebook/" "Mozilla/5.0 (Windows NT 6.1) AppleWebKit/537.36 (KHTML, like Gecko) Chrome/28.0.1500.95 Safari/537.36"
198.228.216.155 - - [12/Aug/2013:20:28:40 -0400] "GET /graphics/homeadult.jpg HTTP/1.1" 200 18635 "http://www.michaelbrandwein.com/" "Mozilla/5.0 (iPhone; CPU iPhone OS 6_0 like Mac OS X) AppleWebKit/536.26 (KHTML, like Gecko) Version/6.0 Mobile/10A403 Safari/8536.25"
198.228.216.155 - - [12/Aug/2013:20:28:41 -0400] "GET /graphics/bodyy.gif HTTP/1.1" 200 124 "http://www.michaelbrandwein.com/" "Mozilla/5.0 (iPhone; CPU iPhone OS 6_0 like Mac OS X) AppleWebKit/536.26 (KHTML, like Gecko) Version/6.0 Mobile/10A403 Safari/8536.25"
198.228.216.155 - - [12/Aug/2013:20:28:41 -0400] "GET /graphics/homeadult2.jpg HTTP/1.1" 200 19380 "http://www.michaelbrandwein.com/" "Mozilla/5.0 (iPhone; CPU iPhone OS 6_0 like Mac OS X) AppleWebKit/536.26 (KHTML, like Gecko) Version/6.0 Mobile/10A403 Safari/8536.25"
151.238.231.225 - - [12/Aug/2013:12:01:11 -0400] "GET /images/sotd_frontcover275.jpg HTTP/1.1" 200 90363 "http://www.michaelbrandwein.com/yproducts.html" "Mozilla/5.0 (Windows NT 6.1; WOW64; rv:22.0) Gecko/20100101 Firefox/22.0"
151.238.231.225 - - [12/Aug/2013:12:01:13 -0400] "GET /ysayings.txt HTTP/1.1" 200 6677 "http://www.michaelbrandwein.com/yproducts.html" "Mozilla/5.0 (Windows NT 6.1; WOW64; rv:22.0) Gecko/20100101 Firefox/22.0"
208.108.212.45 - - [12/Aug/2013:13:29:16 -0400] "GET /graphics/hry2.jpg HTTP/1.1" 200 305 "http://michaelbrandwein.com/youth.html" "Mozilla/4.0 (compatible; MSIE 8.0; Windows NT 5.1; Trident/4.0; GTB7.5; .NET CLR 1.1.4322; .NET CLR 2.0.50727; .NET CLR 3.0.4506.2152; .NET CLR 3.5.30729; InfoPath.2; .NET4.0C; .NET4.0E)"
208.108.212.45 - - [12/Aug/2013:13:29:16 -0400] "GET /graphics/oval6.jpg HTTP/1.1" 200 3369 "http://michaelbrandwein.com/youth.html" "Mozilla/4.0 (compatible; MSIE 8.0; Windows NT 5.1; Trident/4.0; GTB7.5; .NET CLR 1.1.4322; .NET CLR 2.0.50727; .NET CLR 3.0.4506.2152; .NET CLR 3.5.30729; InfoPath.2; .NET4.0C; .NET4.0E)"
208.108.212.45 - - [12/Aug/2013:13:29:17 -0400] "GET /ysayings.txt HTTP/1.1" 200 6677 "http://michaelbrandwein.com/youth.html" "Mozilla/4.0 (compatible; MSIE 8.0; Windows NT 5.1; Trident/4.0; GTB7.5; .NET CLR 1.1.4322; .NET CLR 2.0.50727; .NET CLR 3.0.4506.2152; .NET CLR 3.5.30729; InfoPath.2; .NET4.0C; .NET4.0E)"
95.221.86.142 - - [12/Aug/2013:17:00:26 -0400] "GET /graphics/dot.gif HTTP/1.1" 200 114 "http://www.michaelbrandwein.com/ytopics/organizations/workdirectly/howtoleadfabulousdiscussions.html" "Mozilla/5.0 (Windows; U; Windows NT 5.1; ru; rv:1.9.2.12) Gecko/20101026 Firefox/3.6.12 (.NET CLR 3.5.30729)"
75.61.71.122 - - [12/Aug/2013:17:16:33 -0400] "GET /graphics/bodym.jpg HTTP/1.1" 200 28996 "http://www.michaelbrandwein.com/" "Mozilla/5.0 (Macintosh; Intel Mac OS X 10_8_3) AppleWebKit/537.36 (KHTML, like Gecko) Chrome/28.0.1500.95 Safari/537.36"
75.61.71.122 - - [12/Aug/2013:17:16:34 -0400] "GET /graphics/bhomeenter3.jpg HTTP/1.1" 404 575 "http://www.michaelbrandwein.com/" "Mozilla/5.0 (Macintosh; Intel Mac OS X 10_8_3) AppleWebKit/537.36 (KHTML, like Gecko) Chrome/28.0.1500.95 Safari/537.36"
174.234.192.253 - - [12/Aug/2013:17:20:51 -0400] "GET /graphics/bodya.gif HTTP/1.1" 200 131 "http://www.michaelbrandwein.com/" "Mozilla/5.0 (iPhone; CPU iPhone OS 6_1_3 like Mac OS X) AppleWebKit/536.26 (KHTML, like Gecko) Mobile/10B329 [FBAN/FBIOS;FBAV/6.3;FBBV/257209;FBDV/iPhone4,1;FBMD/iPhone;FBSN/iPhone OS;FBSV/6.1.3;FBSS/2; FBCR/Verizon;FBID/phone;FBLC/en_US;FBOP/1]"
98.207.198.115 - - [12/Aug/2013:17:24:58 -0400] "GET /images/ycamptraining.jpg HTTP/1.1" 200 50346 "http://www.michaelbrandwein.com/ycamptraining.html" "Mozilla/5.0 (iPhone; CPU iPhone OS 6_1_3 like Mac OS X) AppleWebKit/536.26 (KHTML, like Gecko) Mobile/10B329 [FBAN/FBIOS;FBAV/6.4;FBBV/290891;FBDV/iPhone3,1;FBMD/iPhone;FBSN/iPhone OS;FBSV/6.1.3;FBSS/2; FBCR/AT&T;FBID/phone;FBLC/en_US;FBOP/1]"
157.55.36.37 - - [12/Aug/2013:17:51:25 -0400] "GET /robots.txt HTTP/1.1" 404 575 "-" "Mozilla/5.0 (compatible; bingbot/2.0; +http://www.bing.com/bingbot.htm)"
41.129.114.48 - - [12/Aug/2013:18:34:35 -0400] "GET /css/adult.css HTTP/1.1" 200 6290 "http://www.michaelbrandwein.com/presentations.html" "Mozilla/5.0 (Windows NT 5.1; rv:23.0) Gecko/20100101 Firefox/23.0"
41.129.114.48 - - [12/Aug/2013:18:34:36 -0400] "GET /images/banner2.jpg HTTP/1.1" 200 5488 "http://www.michaelbrandwein.com/presentations.html" "Mozilla/5.0 (Windows NT 5.1; rv:23.0) Gecko/20100101 Firefox/23.0"
166.137.209.154 - - [12/Aug/2013:18:34:40 -0400] "GET /graphics/bodya.gif HTTP/1.1" 200 131 "http://www.michaelbrandwein.com/" "Mozilla/5.0 (iPhone; CPU iPhone OS 6_1_4 like Mac OS X) AppleWebKit/536.26 (KHTML, like Gecko) Mobile/10B350 [FBAN/FBIOS;FBAV/6.2;FBBV/228172;FBDV/iPhone5,1;FBMD/iPhone;FBSN/iPhone OS;FBSV/6.1.4;FBSS/2; FBCR/AT&T;FBID/phone;FBLC/en_US;FBOP/1]"
95.221.8.120 - - [12/Aug/2013:18:51:55 -0400] "GET /ytopics/camp/training/staff/improvtoimprove.html HTTP/1.1" 200 10722 "http://yandex.ru/yandsearch?text=www.michaelbrandwein.com&lr=213" "Mozilla/5.0 (Windows; U; Windows NT 5.1; en-US) AppleWebKit/534.7 (KHTML, like Gecko) Chrome/7.0.517.44 Safari/534.7"
46.119.118.152 - - [12/Aug/2013:20:09:56 -0400] "GET /atopics/conflictcommunication.html HTTP/1.1" 200 8923 "http://www.industrial-capital.org/" "Mozilla/4.0 (compatible; MSIE 6.0; Windows NT 5.1; Maxthon; .NET CLR 1.1.4322)"
76.218.219.76 - - [12/Aug/2013:21:11:31 -0400] "GET /graphics/hry2.jpg HTTP/1.1" 200 305 "http://www.michaelbrandwein.com/youth.html" "Mozilla/5.0 (Macintosh; Intel Mac OS X 10_7_5) AppleWebKit/537.36 (KHTML, like Gecko) Chrome/28.0.1500.95 Safari/537.36"
76.218.219.76 - - [12/Aug/2013:21:11:31 -0400] "GET /graphics/oval6.jpg HTTP/1.1" 200 3369 "http://www.michaelbrandwein.com/youth.html" "Mozilla/5.0 (Macintosh; Intel Mac OS X 10_7_5) AppleWebKit/537.36 (KHTML, like Gecko) Chrome/28.0.1500.95 Safari/537.36"
76.218.219.76 - - [12/Aug/2013:21:11:31 -0400] "GET /graphics/oval4.jpg HTTP/1.1" 200 13531 "http://www.michaelbrandwein.com/youth.html" "Mozilla/5.0 (Macintosh; Intel Mac OS X 10_7_5) AppleWebKit/537.36 (KHTML, like Gecko) Chrome/28.0.1500.95 Safari/537.36"
76.218.219.76 - - [12/Aug/2013:21:11:32 -0400] "GET /favicon.ico HTTP/1.1" 404 575 "-" "Mozilla/5.0 (Macintosh; Intel Mac OS X 10_7_5) AppleWebKit/537.36 (KHTML, like Gecko) Chrome/28.0.1500.95 Safari/537.36"
176.195.191.45 - - [12/Aug/2013:21:19:31 -0400] "GET /ytopics/organizations/supervise/superstaffsupervision.html HTTP/1.0" 200 11279 "http://yandex.ru/yandsearch?text=www.michaelbrandwein.com&lr=213" "Mozilla/4.0 (compatible; MSIE 6.0; Windows NT 5.1; SV1; .NET CLR 2.0.50727)"
157.55.32.149 - - [12/Aug/2013:09:14:40 -0400] "GET /ytopics/camp/training/staff/ysayings.txt HTTP/1.1" 200 6677 "-" "Mozilla/5.0 (compatible; bingbot/2.0; +http://www.bing.com/bingbot.htm)"
69.126.127.181 - - [12/Aug/2013:09:55:30 -0400] "GET /products/learningleadership_clip_image002.jpg HTTP/1.1" 200 10525 "http://thecampdirector.com/2011/01/17/summer-camp-jobs-from-the-american-camp-association-job-list-for-january-15-2011/" "Mozilla/5.0 (iPhone; CPU iPhone OS 6_1_4 like Mac OS X) AppleWebKit/536.26 (KHTML, like Gecko) Version/6.0 Mobile/10B350 Safari/8536.25"
98.70.75.149 - - [12/Aug/2013:13:12:15 -0400] "GET /graphics/hry2.jpg HTTP/1.1" 200 305 "http://www.michaelbrandwein.com/products/trainingterrificstaff.html" "Mozilla/5.0 (iPhone; CPU iPhone OS 6_1_3 like Mac OS X) AppleWebKit/536.26 (KHTML, like Gecko) Version/6.0 Mobile/10B329 Safari/8536.25"
208.108.212.45 - - [12/Aug/2013:13:29:05 -0400] "GET / HTTP/1.1" 200 5960 "http://www.bing.com/search?q=michael+brandwein&src=IE-SearchBox&FORM=IE8SRC" "Mozilla/4.0 (compatible; MSIE 8.0; Windows NT 5.1; Trident/4.0; GTB7.5; .NET CLR 1.1.4322; .NET CLR 2.0.50727; .NET CLR 3.0.4506.2152; .NET CLR 3.5.30729; InfoPath.2; .NET4.0C; .NET4.0E)"
208.108.212.45 - - [12/Aug/2013:13:29:05 -0400] "GET /css/brandwein.css HTTP/1.1" 200 2167 "http://michaelbrandwein.com/" "Mozilla/4.0 (compatible; MSIE 8.0; Windows NT 5.1; Trident/4.0; GTB7.5; .NET CLR 1.1.4322; .NET CLR 2.0.50727; .NET CLR 3.0.4506.2152; .NET CLR 3.5.30729; InfoPath.2; .NET4.0C; .NET4.0E)"
208.108.212.45 - - [12/Aug/2013:13:29:05 -0400] "GET /graphics/logoin.jpg HTTP/1.1" 200 14869 "http://michaelbrandwein.com/" "Mozilla/4.0 (compatible; MSIE 8.0; Windows NT 5.1; Trident/4.0; GTB7.5; .NET CLR 1.1.4322; .NET CLR 2.0.50727; .NET CLR 3.0.4506.2152; .NET CLR 3.5.30729; InfoPath.2; .NET4.0C; .NET4.0E)"
208.108.212.45 - - [12/Aug/2013:13:29:05 -0400] "GET /graphics/homeyouth.jpg HTTP/1.1" 200 17174 "http://michaelbrandwein.com/" "Mozilla/4.0 (compatible; MSIE 8.0; Windows NT 5.1; Trident/4.0; GTB7.5; .NET CLR 1.1.4322; .NET CLR 2.0.50727; .NET CLR 3.0.4506.2152; .NET CLR 3.5.30729; InfoPath.2; .NET4.0C; .NET4.0E)"
208.108.212.45 - - [12/Aug/2013:13:29:06 -0400] "GET /graphics/homeyouth2.jpg HTTP/1.1" 200 18018 "http://michaelbrandwein.com/" "Mozilla/4.0 (compatible; MSIE 8.0; Windows NT 5.1; Trident/4.0; GTB7.5; .NET CLR 1.1.4322; .NET CLR 2.0.50727; .NET CLR 3.0.4506.2152; .NET CLR 3.5.30729; InfoPath.2; .NET4.0C; .NET4.0E)"
95.221.8.120 - - [12/Aug/2013:14:41:36 -0400] "GET /css/youth.css HTTP/1.0" 200 8470 "http://www.michaelbrandwein.com/ytopics/camp/training/staff/improvtoimprove.html" "Mozilla/4.0 (compatible; MSIE 7.0; Windows NT 5.1; .NET CLR 1.1.4322)"
151.238.231.225 - - [12/Aug/2013:12:01:11 -0400] "GET /graphics/hry2.jpg HTTP/1.1" 200 305 "http://www.michaelbrandwein.com/yproducts.html" "Mozilla/5.0 (Windows NT 6.1; WOW64; rv:22.0) Gecko/20100101 Firefox/22.0"
151.238.231.225 - - [12/Aug/2013:12:01:11 -0400] "GET /images/tts2200.jpg HTTP/1.1" 200 23275 "http://www.michaelbrandwein.com/yproducts.html" "Mozilla/5.0 (Windows NT 6.1; WOW64; rv:22.0) Gecko/20100101 Firefox/22.0"
151.238.231.225 - - [12/Aug/2013:12:01:12 -0400] "GET /graphics/dot.gif HTTP/1.1" 200 114 "http://www.michaelbrandwein.com/yproducts.html" "Mozilla/5.0 (Windows NT 6.1; WOW64; rv:22.0) Gecko/20100101 Firefox/22.0"
58.97.195.255 - - [12/Aug/2013:12:06:45 -0400] "GET /presentations.html HTTP/1.1" 200 12384 "https://www.google.com.bd/" "Mozilla/5.0 (Windows NT 6.2) AppleWebKit/537.36 (KHTML, like Gecko) Chrome/28.0.1500.95 Safari/537.36"
50.30.33.51 - - [12/Aug/2013:16:04:49 -0400] "GET /pdf/brandwein%20letter%20to%20staff%20person1.pdf HTTP/1.0" 200 103828 "yandex.ru" "Mozilla/5.0 (X11; U; Linux i686; en-US; rv:1.9.0.3) Gecko/2008092510 Ubuntu/8.04 (hardy) Firefox/3.0.3"
173.60.94.57 - - [12/Aug/2013:21:00:30 -0400] "GET /yleadership.html HTTP/1.1" 200 12401 "http://www.michaelbrandwein.com/youth.html" "Mozilla/5.0 (compatible; MSIE 10.0; Windows NT 6.1; WOW64; Trident/6.0; EIE10;ENUSWOL)"
76.218.219.76 - - [12/Aug/2013:21:11:47 -0400] "GET /graphics/arrowup.gif HTTP/1.1" 200 84 "http://www.michaelbrandwein.com/ycamptraining.html" "Mozilla/5.0 (Macintosh; Intel Mac OS X 10_7_5) AppleWebKit/537.36 (KHTML, like Gecko) Chrome/28.0.1500.95 Safari/537.36"
76.218.219.76 - - [12/Aug/2013:21:11:47 -0400] "GET /favicon.ico HTTP/1.1" 404 575 "-" "Mozilla/5.0 (Macintosh; Intel Mac OS X 10_7_5) AppleWebKit/537.36 (KHTML, like Gecko) Chrome/28.0.1500.95 Safari/537.36"
71.104.222.104 - - [12/Aug/2013:21:45:22 -0400] "GET / HTTP/1.1" 200 5960 "http://www.facebook.com/l.php?u=http%3A%2F%2Fwww.michaelbrandwein.com%2F&h=jAQFOGNGw&s=1" "Mozilla/5.0 (Macintosh; Intel Mac OS X 10_6_8) AppleWebKit/534.59.8 (KHTML, like Gecko) Version/5.1.9 Safari/534.59.8"
71.104.222.104 - - [12/Aug/2013:21:45:30 -0400] "GET /graphics/bodym.jpg HTTP/1.1" 200 28996 "http://www.michaelbrandwein.com/" "Mozilla/5.0 (Macintosh; Intel Mac OS X 10_6_8) AppleWebKit/534.59.8 (KHTML, like Gecko) Version/5.1.9 Safari/534.59.8"
71.104.222.104 - - [12/Aug/2013:21:45:32 -0400] "GET /graphics/homeyouth2.jpg HTTP/1.1" 200 18018 "http://www.michaelbrandwein.com/" "Mozilla/5.0 (Macintosh; Intel Mac OS X 10_6_8) AppleWebKit/534.59.8 (KHTML, like Gecko) Version/5.1.9 Safari/534.59.8"
131.253.24.42 - - [12/Aug/2013:22:30:32 -0400] "GET /css/adult.css HTTP/1.1" 200 6290 "http://www.michaelbrandwein.com/atopics/nofuninfungible.html" "Mozilla/4.0 (compatible; MSIE 7.0; Windows NT 5.1; SLCC1; .NET CLR 1.1.4322; .NET CLR 2.0.40607; .NET CLR 3.0.30729; .NET CLR 3.5.30729)"
46.73.164.50 - - [12/Aug/2013:09:49:20 -0400] "GET /images/banner2.jpg HTTP/1.1" 200 5488 "http://www.michaelbrandwein.com/ytopics/camp/training/staff/buildingbetterchildren.html" "Mozilla/5.0 (Windows; U; Windows NT 5.1; ru; rv:1.9.2.12) Gecko/20101026 Firefox/3.6.12"
139.149.1.230 - - [12/Aug/2013:11:12:08 -0400] "GET /images/banner2.jpg HTTP/1.1" 200 5488 "http://www.michaelbrandwein.com/presentations.html" "Mozilla/4.0 (compatible; MSIE 8.0; Windows NT 5.1; Trident/4.0; .NET CLR 1.1.4322; .NET CLR 2.0.50727; .NET CLR 3.0.4506.2152; .NET CLR 3.5.30729; .NET4.0C; .NET4.0E)"
139.149.1.230 - - [12/Aug/2013:11:12:09 -0400] "GET /sayings.txt HTTP/1.1" 200 6460 "http://www.michaelbrandwein.com/presentations.html" "Mozilla/4.0 (compatible; MSIE 8.0; Windows NT 5.1; Trident/4.0; .NET CLR 1.1.4322; .NET CLR 2.0.50727; .NET CLR 3.0.4506.2152; .NET CLR 3.5.30729; .NET4.0C; .NET4.0E)"
139.149.1.230 - - [12/Aug/2013:11:12:10 -0400] "GET /favicon.ico HTTP/1.1" 404 575 "-" "Mozilla/4.0 (compatible; MSIE 8.0; Windows NT 5.1; Trident/4.0; .NET CLR 1.1.4322; .NET CLR 2.0.50727; .NET CLR 3.0.4506.2152; .NET CLR 3.5.30729; .NET4.0C; .NET4.0E)"
162.72.158.140 - - [12/Aug/2013:11:55:01 -0400] "GET /graphics/oval1.jpg HTTP/1.1" 200 14070 "http://michaelbrandwein.com/youth.html" "Mozilla/4.0 (compatible; MSIE 7.0; Windows NT 6.1; WOW64; Trident/5.0; SLCC2; .NET CLR 2.0.50727; .NET CLR 3.5.30729; .NET CLR 3.0.30729; Media Center PC 6.0; InfoPath.3; .NET4.0C; .NET4.0E)"
162.72.158.140 - - [12/Aug/2013:11:55:07 -0400] "GET /images/LL-excerpt-2-pics100.jpg HTTP/1.1" 200 7557 "http://michaelbrandwein.com/yresources.html" "Mozilla/4.0 (compatible; MSIE 7.0; Windows NT 6.1; WOW64; Trident/5.0; SLCC2; .NET CLR 2.0.50727; .NET CLR 3.5.30729; .NET CLR 3.0.30729; Media Center PC 6.0; InfoPath.3; .NET4.0C; .NET4.0E)"
166.137.209.152 - - [12/Aug/2013:18:02:41 -0400] "GET /graphics/bodya.gif HTTP/1.1" 200 131 "http://www.michaelbrandwein.com/" "Mozilla/5.0 (iPhone; CPU iPhone OS 6_1_4 like Mac OS X) AppleWebKit/536.26 (KHTML, like Gecko) Mobile/10B350 [FBAN/FBIOS;FBAV/6.2;FBBV/228172;FBDV/iPhone5,1;FBMD/iPhone;FBSN/iPhone OS;FBSV/6.1.4;FBSS/2; FBCR/AT&T;FBID/phone;FBLC/en_US;FBOP/1]"
5.164.95.212 - - [12/Aug/2013:18:44:24 -0400] "GET /ytopics/camp/training/staff/ysayings.txt HTTP/1.0" 200 6677 "http://www.michaelbrandwein.com/ytopics/camp/training/staff/topteaching.html" "Mozilla/4.0 (compatible; MSIE 7.0; Windows NT 5.1; .NET CLR 1.1.4322; .NET CLR 2.0.50727)"
67.79.188.37 - - [12/Aug/2013:19:15:53 -0400] "GET /graphics/arrowup.gif HTTP/1.1" 200 84 "http://www.michaelbrandwein.com/presentations.html" "Mozilla/5.0 (Windows NT 6.1) AppleWebKit/537.36 (KHTML, like Gecko) Chrome/28.0.1500.95 Safari/537.36"
198.228.216.155 - - [12/Aug/2013:20:28:41 -0400] "GET /graphics/homeyouth.jpg HTTP/1.1" 200 17174 "http://www.michaelbrandwein.com/" "Mozilla/5.0 (iPhone; CPU iPhone OS 6_0 like Mac OS X) AppleWebKit/536.26 (KHTML, like Gecko) Version/6.0 Mobile/10A403 Safari/8536.25"
198.228.216.155 - - [12/Aug/2013:20:28:41 -0400] "GET /graphics/homeyouth2.jpg HTTP/1.1" 200 18018 "http://www.michaelbrandwein.com/" "Mozilla/5.0 (iPhone; CPU iPhone OS 6_0 like Mac OS X) AppleWebKit/536.26 (KHTML, like Gecko) Version/6.0 Mobile/10A403 Safari/8536.25"
157.55.36.37 - - [12/Aug/2013:20:54:29 -0400] "GET /robots.txt HTTP/1.1" 404 575 "-" "Mozilla/5.0 (compatible; bingbot/2.0; +http://www.bing.com/bingbot.htm)"
24.152.141.53 - - [12/Aug/2013:02:58:45 -0400] "GET /graphics/bodym.jpg HTTP/1.1" 200 28996 "http://www.michaelbrandwein.com/" "Mozilla/5.0 (Macintosh; Intel Mac OS X 10_7_5) AppleWebKit/537.36 (KHTML, like Gecko) Chrome/28.0.1500.95 Safari/537.36"
24.152.141.53 - - [12/Aug/2013:02:58:45 -0400] "GET /graphics/homeadult.jpg HTTP/1.1" 200 18635 "http://www.michaelbrandwein.com/" "Mozilla/5.0 (Macintosh; Intel Mac OS X 10_7_5) AppleWebKit/537.36 (KHTML, like Gecko) Chrome/28.0.1500.95 Safari/537.36"
24.152.141.53 - - [12/Aug/2013:02:58:45 -0400] "GET /graphics/homeadult2.jpg HTTP/1.1" 200 19380 "http://www.michaelbrandwein.com/" "Mozilla/5.0 (Macintosh; Intel Mac OS X 10_7_5) AppleWebKit/537.36 (KHTML, like Gecko) Chrome/28.0.1500.95 Safari/537.36"
24.152.141.53 - - [12/Aug/2013:02:58:47 -0400] "GET /graphics/bhomeenter3.jpg HTTP/1.1" 404 575 "http://www.michaelbrandwein.com/" "Mozilla/5.0 (Macintosh; Intel Mac OS X 10_7_5) AppleWebKit/537.36 (KHTML, like Gecko) Chrome/28.0.1500.95 Safari/537.36"
67.79.188.37 - - [12/Aug/2013:19:15:53 -0400] "GET /graphics/dot.gif HTTP/1.1" 200 114 "http://www.michaelbrandwein.com/presentations.html" "Mozilla/5.0 (Windows NT 6.1) AppleWebKit/537.36 (KHTML, like Gecko) Chrome/28.0.1500.95 Safari/537.36"
67.79.188.37 - - [12/Aug/2013:19:15:54 -0400] "GET /favicon.ico HTTP/1.1" 404 575 "-" "Mozilla/5.0 (Windows NT 6.1) AppleWebKit/537.36 (KHTML, like Gecko) Chrome/28.0.1500.95 Safari/537.36"
46.73.164.50 - - [12/Aug/2013:19:36:48 -0400] "GET /graphics/hry2.jpg HTTP/1.1" 200 305 "http://www.michaelbrandwein.com/ytopics/camp/training/staff/buildingbetterchildren.html" "Mozilla/5.0 (Windows; U; Windows NT 5.1; ru; rv:1.9.2.12) Gecko/20101026 Firefox/3.6.12"
46.119.118.152 - - [12/Aug/2013:09:07:21 -0400] "GET /atopics/conflictcommunication.html HTTP/1.1" 200 8923 "http://murbook.com/" "Mozilla/4.0 (compatible; MSIE 6.0; Windows NT 5.1; Maxthon; .NET CLR 1.1.4322)"
46.118.126.194 - - [12/Aug/2013:09:30:38 -0400] "GET /atopics/conflictcommunication.html HTTP/1.1" 200 8923 "http://gidserials.ru/" "Mozilla/4.0 (compatible; MSIE 6.0; Windows NT 5.1; Maxthon; .NET CLR 1.1.4322)"
46.73.164.50 - - [12/Aug/2013:09:49:20 -0400] "GET /graphics/logoin.jpg HTTP/1.1" 200 14869 "http://www.michaelbrandwein.com/ytopics/camp/training/staff/buildingbetterchildren.html" "Mozilla/5.0 (Windows; U; Windows NT 5.1; ru; rv:1.9.2.12) Gecko/20101026 Firefox/3.6.12"
208.42.214.162 - - [12/Aug/2013:09:50:39 -0400] "GET /atopics/deathofmeaninglessmeetings.html HTTP/1.1" 200 9245 "http://www.michaelbrandwein.com/adult.html" "Mozilla/4.0 (compatible; MSIE 7.0; Windows NT 5.1; .NET CLR 1.1.4322; .NET CLR 2.0.50727; .NET CLR 3.0.4506.2152; .NET CLR 3.5.30729; InfoPath.2)"
208.42.214.162 - - [12/Aug/2013:09:50:40 -0400] "GET /atopics/sayings.txt HTTP/1.1" 200 6460 "http://www.michaelbrandwein.com/atopics/deathofmeaninglessmeetings.html" "Mozilla/4.0 (compatible; MSIE 7.0; Windows NT 5.1; .NET CLR 1.1.4322; .NET CLR 2.0.50727; .NET CLR 3.0.4506.2152; .NET CLR 3.5.30729; InfoPath.2)"
197.242.104.137 - - [12/Aug/2013:10:52:47 -0400] "GET /images/LL-excerpt-4-pics100.jpg HTTP/1.1" 200 5494 "http://www.michaelbrandwein.com/yresources.html" "Mozilla/5.0 (Macintosh; Intel Mac OS X 10_5_8) AppleWebKit/537.1 (KHTML, like Gecko) Chrome/21.0.1180.90 Safari/537.1"
162.72.158.140 - - [12/Aug/2013:11:57:20 -0400] "GET /graphics/buttonbuyh.jpg HTTP/1.1" 200 2218 "http://michaelbrandwein.com/yproducts.html" "Mozilla/4.0 (compatible; MSIE 7.0; Windows NT 6.1; WOW64; Trident/5.0; SLCC2; .NET CLR 2.0.50727; .NET CLR 3.5.30729; .NET CLR 3.0.30729; Media Center PC 6.0; InfoPath.3; .NET4.0C; .NET4.0E)"
176.195.255.23 - - [12/Aug/2013:21:20:44 -0400] "GET /ytopics/camp/training/staff/ysayings.txt HTTP/1.0" 200 6677 "http://www.michaelbrandwein.com/ytopics/camp/training/staff/topteaching.html" "Mozilla/4.0 (compatible; MSIE 7.0; Windows NT 5.1; .NET CLR 1.1.4322; .NET CLR 2.0.50727)"
66.87.148.37 - - [12/Aug/2013:22:56:59 -0400] "GET /css/youth.css HTTP/1.1" 200 8470 "http://www.michaelbrandwein.com/products/trainingterrificstaff.html" "Mozilla/5.0 (iPhone; CPU iPhone OS 6_1_3 like Mac OS X) AppleWebKit/536.26 (KHTML, like Gecko) Version/6.0 Mobile/10B329 Safari/8536.25"
66.87.148.37 - - [12/Aug/2013:22:57:00 -0400] "GET /graphics/buttonbuy.jpg HTTP/1.1" 200 2183 "http://www.michaelbrandwein.com/products/trainingterrificstaff.html" "Mozilla/5.0 (iPhone; CPU iPhone OS 6_1_3 like Mac OS X) AppleWebKit/536.26 (KHTML, like Gecko) Version/6.0 Mobile/10B329 Safari/8536.25"
197.135.47.126 - - [12/Aug/2013:23:27:39 -0400] "GET /css/adult.css HTTP/1.1" 200 6290 "http://www.michaelbrandwein.com/presentations.html" "Mozilla/5.0 (Windows NT 6.1; WOW64) AppleWebKit/537.36 (KHTML, like Gecko) Chrome/28.0.1500.95 Safari/537.36"
151.238.231.225 - - [12/Aug/2013:12:01:09 -0400] "GET /yproducts.html HTTP/1.1" 200 21362 "http://www.google.com/url?sa=t&rct=j&q=&esrc=s&source=web&cd=4&ved=0CDwQFjAD&url=http%3A%2F%2Fwww.michaelbrandwein.com%2Fyproducts.html&ei=ugYJUsy4OebE7AbWxoC4Aw&usg=AFQjCNF41QZtFYh7U0hbmH3oebypUJ0-6Q&bvm=bv.50500085,d.d2k&cad=rja" "Mozilla/5.0 (Windows NT 6.1; WOW64; rv:22.0) Gecko/20100101 Firefox/22.0"
151.238.231.225 - - [12/Aug/2013:12:01:11 -0400] "GET /graphics/logoin.jpg HTTP/1.1" 200 14869 "http://www.michaelbrandwein.com/yproducts.html" "Mozilla/5.0 (Windows NT 6.1; WOW64; rv:22.0) Gecko/20100101 Firefox/22.0"
151.238.231.225 - - [12/Aug/2013:12:01:11 -0400] "GET /images/trainingterrificstaff120.jpg HTTP/1.1" 200 24259 "http://www.michaelbrandwein.com/yproducts.html" "Mozilla/5.0 (Windows NT 6.1; WOW64; rv:22.0) Gecko/20100101 Firefox/22.0"
151.238.231.225 - - [12/Aug/2013:12:01:12 -0400] "GET /images/learningleadership120.jpg HTTP/1.1" 200 20848 "http://www.michaelbrandwein.com/yproducts.html" "Mozilla/5.0 (Windows NT 6.1; WOW64; rv:22.0) Gecko/20100101 Firefox/22.0"
151.238.231.225 - - [12/Aug/2013:12:01:12 -0400] "GET /images/parentingpuzzlevideo150.jpg HTTP/1.1" 200 20003 "http://www.michaelbrandwein.com/yproducts.html" "Mozilla/5.0 (Windows NT 6.1; WOW64; rv:22.0) Gecko/20100101 Firefox/22.0"
151.238.231.225 - - [12/Aug/2013:12:01:13 -0400] "GET /favicon.ico HTTP/1.1" 404 575 "-" "Mozilla/5.0 (Windows NT 6.1; WOW64; rv:22.0) Gecko/20100101 Firefox/22.0"
58.97.195.255 - - [12/Aug/2013:12:07:02 -0400] "GET /graphics/logoin.jpg HTTP/1.1" 200 14869 "http://www.michaelbrandwein.com/presentations.html" "Mozilla/5.0 (Windows NT 6.2) AppleWebKit/537.36 (KHTML, like Gecko) Chrome/28.0.1500.95 Safari/537.36"
66.220.152.114 - - [12/Aug/2013:17:19:59 -0400] "GET /graphics/homeyouth.jpg HTTP/1.1" 206 17174 "-" "facebookexternalhit/1.1 (+http://www.facebook.com/externalhit_uatext.php)"
63.123.148.21 - - [12/Aug/2013:17:45:36 -0400] "GET / HTTP/1.1" 200 5960 "-" "Mozilla/4.0 (compatible; MSIE 7.0; Windows NT 5.1; .NET CLR 1.1.4322; .NET CLR 2.0.50727; .NET CLR 3.0.4506.2152; .NET CLR 3.5.30729; InfoPath.2; MS-RTC LM 8)"
208.42.214.162 - - [12/Aug/2013:09:53:17 -0400] "GET /atopics/realtruth.html HTTP/1.1" 200 9124 "http://www.michaelbrandwein.com/adult.html" "Mozilla/4.0 (compatible; MSIE 7.0; Windows NT 5.1; .NET CLR 1.1.4322; .NET CLR 2.0.50727; .NET CLR 3.0.4506.2152; .NET CLR 3.5.30729; InfoPath.2)"
162.72.158.140 - - [12/Aug/2013:11:55:07 -0400] "GET /images/elena.jpg HTTP/1.1" 200 6823 "http://michaelbrandwein.com/yresources.html" "Mozilla/4.0 (compatible; MSIE 7.0; Windows NT 6.1; WOW64; Trident/5.0; SLCC2; .NET CLR 2.0.50727; .NET CLR 3.5.30729; .NET CLR 3.0.30729; Media Center PC 6.0; InfoPath.3; .NET4.0C; .NET4.0E)"
162.72.158.140 - - [12/Aug/2013:11:57:16 -0400] "GET /css/youth.css HTTP/1.1" 304 - "http://michaelbrandwein.com/yproducts.html" "Mozilla/4.0 (compatible; MSIE 7.0; Windows NT 6.1; WOW64; Trident/5.0; SLCC2; .NET CLR 2.0.50727; .NET CLR 3.5.30729; .NET CLR 3.0.30729; Media Center PC 6.0; InfoPath.3; .NET4.0C; .NET4.0E)"
157.56.93.84 - - [12/Aug/2013:07:57:11 -0400] "GET /css/youth.css HTTP/1.1" 200 8470 "-" "Mozilla/5.0 (compatible; bingbot/2.0; +http://www.bing.com/bingbot.htm)"
95.221.86.142 - - [12/Aug/2013:17:00:25 -0400] "GET /css/youth.css HTTP/1.1" 200 8470 "http://www.michaelbrandwein.com/ytopics/organizations/workdirectly/howtoleadfabulousdiscussions.html" "Mozilla/5.0 (Windows; U; Windows NT 5.1; ru; rv:1.9.2.12) Gecko/20101026 Firefox/3.6.12 (.NET CLR 3.5.30729)"
75.61.71.122 - - [12/Aug/2013:17:16:33 -0400] "GET /graphics/bgwh.gif HTTP/1.1" 200 49 "http://www.michaelbrandwein.com/" "Mozilla/5.0 (Macintosh; Intel Mac OS X 10_8_3) AppleWebKit/537.36 (KHTML, like Gecko) Chrome/28.0.1500.95 Safari/537.36"
75.61.71.122 - - [12/Aug/2013:17:17:01 -0400] "GET /graphics/oval4.jpg HTTP/1.1" 200 13531 "http://www.michaelbrandwein.com/youth.html" "Mozilla/5.0 (Macintosh; Intel Mac OS X 10_8_3) AppleWebKit/537.36 (KHTML, like Gecko) Chrome/28.0.1500.95 Safari/537.36"
75.61.71.122 - - [12/Aug/2013:17:17:02 -0400] "GET /ysayings.txt HTTP/1.1" 200 6677 "http://www.michaelbrandwein.com/youth.html" "Mozilla/5.0 (Macintosh; Intel Mac OS X 10_8_3) AppleWebKit/537.36 (KHTML, like Gecko) Chrome/28.0.1500.95 Safari/537.36"
41.129.114.48 - - [12/Aug/2013:18:35:05 -0400] "GET /atopics/conflictcommunication.html HTTP/1.1" 200 8923 "http://www.michaelbrandwein.com/presentations.html" "Mozilla/5.0 (Windows NT 5.1; rv:23.0) Gecko/20100101 Firefox/23.0"
41.129.114.48 - - [12/Aug/2013:18:35:07 -0400] "GET /atopics/sayings.txt HTTP/1.1" 200 6460 "http://www.michaelbrandwein.com/atopics/conflictcommunication.html" "Mozilla/5.0 (Windows NT 5.1; rv:23.0) Gecko/20100101 Firefox/23.0"
67.79.188.37 - - [12/Aug/2013:19:15:20 -0400] "GET /presentations.html HTTP/1.1" 200 12384 "https://www.google.com/" "Mozilla/5.0 (Windows NT 6.1) AppleWebKit/537.36 (KHTML, like Gecko) Chrome/28.0.1500.95 Safari/537.36"
67.79.188.37 - - [12/Aug/2013:19:15:21 -0400] "GET /css/adult.css HTTP/1.1" 200 6290 "http://www.michaelbrandwein.com/presentations.html" "Mozilla/5.0 (Windows NT 6.1) AppleWebKit/537.36 (KHTML, like Gecko) Chrome/28.0.1500.95 Safari/537.36"
67.79.188.37 - - [12/Aug/2013:19:15:21 -0400] "GET /graphics/logoin.jpg HTTP/1.1" 200 14869 "http://www.michaelbrandwein.com/presentations.html" "Mozilla/5.0 (Windows NT 6.1) AppleWebKit/537.36 (KHTML, like Gecko) Chrome/28.0.1500.95 Safari/537.36"
46.73.164.50 - - [12/Aug/2013:19:36:48 -0400] "GET /ytopics/camp/training/staff/buildingbetterchildren.html HTTP/1.1" 200 11593 "http://yandex.ru/yandsearch?text=www.michaelbrandwein.com&lr=213" "Mozilla/5.0 (Windows; U; Windows NT 5.1; ru; rv:1.9.2.12) Gecko/20101026 Firefox/3.6.12"
173.60.94.57 - - [12/Aug/2013:20:59:51 -0400] "GET / HTTP/1.1" 200 5960 "http://www.facebook.com/l.php?u=http%3A%2F%2Fwww.michaelbrandwein.com%2F&h=CAQGPicTQ&s=1" "Mozilla/5.0 (compatible; MSIE 10.0; Windows NT 6.1; WOW64; Trident/6.0; EIE10;ENUSWOL)"
173.60.94.57 - - [12/Aug/2013:20:59:51 -0400] "GET /graphics/homeadult.jpg HTTP/1.1" 200 18635 "http://www.michaelbrandwein.com/" "Mozilla/5.0 (compatible; MSIE 10.0; Windows NT 6.1; WOW64; Trident/6.0; EIE10;ENUSWOL)"
173.60.94.57 - - [12/Aug/2013:20:59:51 -0400] "GET /graphics/bodyy.gif HTTP/1.1" 200 124 "http://www.michaelbrandwein.com/" "Mozilla/5.0 (compatible; MSIE 10.0; Windows NT 6.1; WOW64; Trident/6.0; EIE10;ENUSWOL)"
75.66.93.23 - - [12/Aug/2013:00:00:42 -0400] "GET /graphics/dot.gif HTTP/1.1" 200 114 "http://michaelbrandwein.com/youth.html" "Mozilla/5.0 (iPad; CPU OS 6_1_3 like Mac OS X) AppleWebKit/536.26 (KHTML, like Gecko) Version/6.0 Mobile/10B329 Safari/8536.25"
75.66.93.23 - - [12/Aug/2013:00:00:42 -0400] "GET /graphics/oval4.jpg HTTP/1.1" 200 13531 "http://michaelbrandwein.com/youth.html" "Mozilla/5.0 (iPad; CPU OS 6_1_3 like Mac OS X) AppleWebKit/536.26 (KHTML, like Gecko) Version/6.0 Mobile/10B329 Safari/8536.25"
46.165.197.151 - - [12/Aug/2013:01:00:19 -0400] "GET / HTTP/1.0" 200 5960 "-" "Mozilla/5.0 (compatible; MJ12bot/v1.4.3; http://www.majestic12.co.uk/bot.php?+)"
24.152.141.53 - - [12/Aug/2013:02:58:44 -0400] "GET / HTTP/1.1" 200 5960 "https://www.google.com/" "Mozilla/5.0 (Macintosh; Intel Mac OS X 10_7_5) AppleWebKit/537.36 (KHTML, like Gecko) Chrome/28.0.1500.95 Safari/537.36"
24.152.141.53 - - [12/Aug/2013:02:58:47 -0400] "GET /graphics/homeyouth2.jpg HTTP/1.1" 200 18018 "http://www.michaelbrandwein.com/" "Mozilla/5.0 (Macintosh; Intel Mac OS X 10_7_5) AppleWebKit/537.36 (KHTML, like Gecko) Chrome/28.0.1500.95 Safari/537.36"
24.152.141.53 - - [12/Aug/2013:02:58:47 -0400] "GET /favicon.ico HTTP/1.1" 404 575 "-" "Mozilla/5.0 (Macintosh; Intel Mac OS X 10_7_5) AppleWebKit/537.36 (KHTML, like Gecko) Chrome/28.0.1500.95 Safari/537.36"
24.152.141.53 - - [12/Aug/2013:03:00:05 -0400] "GET /youth.html HTTP/1.1" 200 14317 "http://www.michaelbrandwein.com/" "Mozilla/5.0 (Macintosh; Intel Mac OS X 10_7_5) AppleWebKit/537.36 (KHTML, like Gecko) Chrome/28.0.1500.95 Safari/537.36"
24.152.141.53 - - [12/Aug/2013:03:00:06 -0400] "GET /graphics/hry2.jpg HTTP/1.1" 200 305 "http://www.michaelbrandwein.com/youth.html" "Mozilla/5.0 (Macintosh; Intel Mac OS X 10_7_5) AppleWebKit/537.36 (KHTML, like Gecko) Chrome/28.0.1500.95 Safari/537.36"
24.152.141.53 - - [12/Aug/2013:03:00:06 -0400] "GET /images/youthhome.jpg HTTP/1.1" 200 15371 "http://www.michaelbrandwein.com/youth.html" "Mozilla/5.0 (Macintosh; Intel Mac OS X 10_7_5) AppleWebKit/537.36 (KHTML, like Gecko) Chrome/28.0.1500.95 Safari/537.36"
157.55.33.40 - - [12/Aug/2013:05:06:43 -0400] "GET / HTTP/1.1" 200 5960 "-" "Mozilla/5.0 (compatible; bingbot/2.0; +http://www.bing.com/bingbot.htm)"
89.211.127.141 - - [12/Aug/2013:13:09:26 -0400] "GET /css/adult.css HTTP/1.1" 200 6290 "http://www.michaelbrandwein.com/presentations.html" "Mozilla/5.0 (iPad; CPU OS 6_1_3 like Mac OS X) AppleWebKit/536.26 (KHTML, like Gecko) Mobile/10B329"
89.211.127.141 - - [12/Aug/2013:13:09:27 -0400] "GET /graphics/logoin.jpg HTTP/1.1" 200 14869 "http://www.michaelbrandwein.com/presentations.html" "Mozilla/5.0 (iPad; CPU OS 6_1_3 like Mac OS X) AppleWebKit/536.26 (KHTML, like Gecko) Mobile/10B329"
66.87.148.37 - - [12/Aug/2013:22:57:00 -0400] "GET /graphics/logoin.jpg HTTP/1.1" 200 14869 "http://www.michaelbrandwein.com/products/trainingterrificstaff.html" "Mozilla/5.0 (iPhone; CPU iPhone OS 6_1_3 like Mac OS X) AppleWebKit/536.26 (KHTML, like Gecko) Version/6.0 Mobile/10B329 Safari/8536.25"
66.87.148.37 - - [12/Aug/2013:22:57:00 -0400] "GET /images/banner2.jpg HTTP/1.1" 200 5488 "http://www.michaelbrandwein.com/products/trainingterrificstaff.html" "Mozilla/5.0 (iPhone; CPU iPhone OS 6_1_3 like Mac OS X) AppleWebKit/536.26 (KHTML, like Gecko) Version/6.0 Mobile/10B329 Safari/8536.25"
66.87.148.37 - - [12/Aug/2013:22:57:03 -0400] "GET /products/ysayings.txt HTTP/1.1" 200 6677 "http://www.michaelbrandwein.com/products/trainingterrificstaff.html" "Mozilla/5.0 (iPhone; CPU iPhone OS 6_1_3 like Mac OS X) AppleWebKit/536.26 (KHTML, like Gecko) Version/6.0 Mobile/10B329 Safari/8536.25"
66.87.148.37 - - [12/Aug/2013:22:57:04 -0400] "GET /graphics/buttonbuyh.jpg HTTP/1.1" 200 2218 "http://www.michaelbrandwein.com/products/trainingterrificstaff.html" "Mozilla/5.0 (iPhone; CPU iPhone OS 6_1_3 like Mac OS X) AppleWebKit/536.26 (KHTML, like Gecko) Version/6.0 Mobile/10B329 Safari/8536.25"
174.115.91.141 - - [12/Aug/2013:18:19:05 -0400] "GET /yproducts.html HTTP/1.1" 200 21362 "http://www.michaelbrandwein.com/youth.html" "Mozilla/5.0 (Macintosh; Intel Mac OS X 10_7_5) AppleWebKit/536.30.1 (KHTML, like Gecko) Version/6.0.5 Safari/536.30.1"
174.115.91.141 - - [12/Aug/2013:18:19:05 -0400] "GET /graphics/buttonbuy.jpg HTTP/1.1" 200 2183 "http://www.michaelbrandwein.com/yproducts.html" "Mozilla/5.0 (Macintosh; Intel Mac OS X 10_7_5) AppleWebKit/536.30.1 (KHTML, like Gecko) Version/6.0.5 Safari/536.30.1"
174.115.91.141 - - [12/Aug/2013:18:19:05 -0400] "GET /images/trainingterrificstaff120.jpg HTTP/1.1" 200 24259 "http://www.michaelbrandwein.com/yproducts.html" "Mozilla/5.0 (Macintosh; Intel Mac OS X 10_7_5) AppleWebKit/536.30.1 (KHTML, like Gecko) Version/6.0.5 Safari/536.30.1"
174.115.91.141 - - [12/Aug/2013:18:19:05 -0400] "GET /images/learningleadership120.jpg HTTP/1.1" 200 20848 "http://www.michaelbrandwein.com/yproducts.html" "Mozilla/5.0 (Macintosh; Intel Mac OS X 10_7_5) AppleWebKit/536.30.1 (KHTML, like Gecko) Version/6.0.5 Safari/536.30.1"
174.115.91.141 - - [12/Aug/2013:18:19:07 -0400] "GET /graphics/buttonbuyh.jpg HTTP/1.1" 200 2218 "http://www.michaelbrandwein.com/yproducts.html" "Mozilla/5.0 (Macintosh; Intel Mac OS X 10_7_5) AppleWebKit/536.30.1 (KHTML, like Gecko) Version/6.0.5 Safari/536.30.1"
198.228.216.155 - - [12/Aug/2013:20:29:03 -0400] "GET /youth.html HTTP/1.1" 200 14317 "http://www.michaelbrandwein.com/" "Mozilla/5.0 (iPhone; CPU iPhone OS 6_0 like Mac OS X) AppleWebKit/536.26 (KHTML, like Gecko) Version/6.0 Mobile/10A403 Safari/8536.25"
198.228.216.155 - - [12/Aug/2013:20:29:03 -0400] "GET /css/youth.css HTTP/1.1" 200 8470 "http://www.michaelbrandwein.com/youth.html" "Mozilla/5.0 (iPhone; CPU iPhone OS 6_0 like Mac OS X) AppleWebKit/536.26 (KHTML, like Gecko) Version/6.0 Mobile/10A403 Safari/8536.25"
198.228.216.155 - - [12/Aug/2013:20:29:04 -0400] "GET /images/banner2.jpg HTTP/1.1" 200 5488 "http://www.michaelbrandwein.com/youth.html" "Mozilla/5.0 (iPhone; CPU iPhone OS 6_0 like Mac OS X) AppleWebKit/536.26 (KHTML, like Gecko) Version/6.0 Mobile/10A403 Safari/8536.25"
198.228.216.155 - - [12/Aug/2013:20:29:04 -0400] "GET /images/facebook.jpg HTTP/1.1" 200 19424 "http://www.michaelbrandwein.com/youth.html" "Mozilla/5.0 (iPhone; CPU iPhone OS 6_0 like Mac OS X) AppleWebKit/536.26 (KHTML, like Gecko) Version/6.0 Mobile/10A403 Safari/8536.25"
198.228.216.155 - - [12/Aug/2013:20:29:04 -0400] "GET /graphics/arrow.gif HTTP/1.1" 200 942 "http://www.michaelbrandwein.com/youth.html" "Mozilla/5.0 (iPhone; CPU iPhone OS 6_0 like Mac OS X) AppleWebKit/536.26 (KHTML, like Gecko) Version/6.0 Mobile/10A403 Safari/8536.25"
198.228.216.155 - - [12/Aug/2013:20:29:04 -0400] "GET /graphics/oval1.jpg HTTP/1.1" 200 14070 "http://www.michaelbrandwein.com/youth.html" "Mozilla/5.0 (iPhone; CPU iPhone OS 6_0 like Mac OS X) AppleWebKit/536.26 (KHTML, like Gecko) Version/6.0 Mobile/10A403 Safari/8536.25"
198.228.216.155 - - [12/Aug/2013:20:29:04 -0400] "GET /graphics/oval6.jpg HTTP/1.1" 200 3369 "http://www.michaelbrandwein.com/youth.html" "Mozilla/5.0 (iPhone; CPU iPhone OS 6_0 like Mac OS X) AppleWebKit/536.26 (KHTML, like Gecko) Version/6.0 Mobile/10A403 Safari/8536.25"
198.228.216.155 - - [12/Aug/2013:20:29:04 -0400] "GET /graphics/oval4.jpg HTTP/1.1" 200 13531 "http://www.michaelbrandwein.com/youth.html" "Mozilla/5.0 (iPhone; CPU iPhone OS 6_0 like Mac OS X) AppleWebKit/536.26 (KHTML, like Gecko) Version/6.0 Mobile/10A403 Safari/8536.25"
198.228.216.155 - - [12/Aug/2013:20:29:04 -0400] "GET /graphics/oval2.jpg HTTP/1.1" 200 14082 "http://www.michaelbrandwein.com/youth.html" "Mozilla/5.0 (iPhone; CPU iPhone OS 6_0 like Mac OS X) AppleWebKit/536.26 (KHTML, like Gecko) Version/6.0 Mobile/10A403 Safari/8536.25"
198.228.216.155 - - [12/Aug/2013:20:29:05 -0400] "GET /ysayings.txt HTTP/1.1" 200 6677 "http://www.michaelbrandwein.com/youth.html" "Mozilla/5.0 (iPhone; CPU iPhone OS 6_0 like Mac OS X) AppleWebKit/536.26 (KHTML, like Gecko) Version/6.0 Mobile/10A403 Safari/8536.25"
