132.177.210.220 - - [13/Aug/2013:13:48:24 -0400] "GET /graphics/get_flash_player.gif HTTP/1.1" 200 1066 "http://michaelbrandwein.com/yresources.html" "Mozilla/5.0 (Windows NT 6.1; WOW64) AppleWebKit/537.36 (KHTML, like Gecko) Chrome/28.0.1500.95 Safari/537.36"
65.222.180.8 - - [13/Aug/2013:17:35:36 -0400] "GET /graphics/homeadult2.jpg HTTP/1.1" 200 19380 "http://www.michaelbrandwein.com/" "Mozilla/5.0 (compatible; MSIE 9.0; Windows NT 6.1; WOW64; Trident/5.0)"
173.199.120.75 - - [13/Aug/2013:03:57:45 -0400] "GET /ytopics/camp/training/staff/leadingthelittlerones.html HTTP/1.1" 200 10917 "-" "Mozilla/5.0 (compatible; AhrefsBot/4.0; +http://ahrefs.com/robot/)"
208.108.212.46 - - [13/Aug/2013:09:01:39 -0400] "GET /images/banner2.jpg HTTP/1.1" 200 5488 "http://michaelbrandwein.com/yschools.html" "Mozilla/5.0 (compatible; MSIE 9.0; Windows NT 6.1; WOW64; Trident/5.0)"
65.82.136.2 - - [13/Aug/2013:09:31:20 -0400] "GET /products/trainingterrificstaff_clip_image002.jpg HTTP/1.1" 200 10083 "http://thecampdirector.com/2008/03/18/helping-your-camp-staff-develop-their-resume/" "Mozilla/5.0 (Windows NT 6.1) AppleWebKit/537.36 (KHTML, like Gecko) Chrome/28.0.1500.95 Safari/537.36"
176.195.43.184 - - [13/Aug/2013:10:42:40 -0400] "GET /ytopics/camp/training/staff/ysayings.txt HTTP/1.0" 200 6677 "http://www.michaelbrandwein.com/ytopics/camp/training/staff/talkingitout.html" "Mozilla/4.0 (compatible; MSIE 7.0; Windows NT 5.1; .NET CLR 1.1.4322; .NET CLR 2.0.50727)"
5.22.52.54 - - [13/Aug/2013:11:01:15 -0400] "GET /graphics/homeyouth.jpg HTTP/1.1" 200 17174 "http://www.michaelbrandwein.com/" "Mozilla/5.0 (Windows NT 6.1; WOW64) AppleWebKit/537.36 (KHTML, like Gecko) Chrome/27.0.1453.110 Safari/537.36"
95.221.2.251 - - [13/Aug/2013:11:46:36 -0400] "GET /ytopics/camp/training/staff/ysayings.txt HTTP/1.1" 200 6677 "http://www.michaelbrandwein.com/ytopics/camp/training/staff/improvtoimprove.html" "Mozilla/5.0 (Windows; U; Windows NT 5.1; en-US) AppleWebKit/534.7 (KHTML, like Gecko) Chrome/7.0.517.44 Safari/534.7"
50.50.186.48 - - [13/Aug/2013:11:46:56 -0400] "GET /graphics/bodyy.gif HTTP/1.1" 200 124 "http://www.michaelbrandwein.com/" "Mozilla/5.0 (Macintosh; Intel Mac OS X 10_6_8) AppleWebKit/537.36 (KHTML, like Gecko) Chrome/28.0.1500.95 Safari/537.36"
157.55.32.109 - - [13/Aug/2013:22:00:46 -0400] "GET /pdf/School%20Topics.pdf HTTP/1.1" 200 184939 "-" "Mozilla/5.0 (compatible; bingbot/2.0; +http://www.bing.com/bingbot.htm)"
157.56.93.49 - - [13/Aug/2013:22:01:20 -0400] "GET /graphics/oval4.jpg HTTP/1.1" 200 13531 "-" "Mozilla/5.0 (compatible; bingbot/2.0; +http://www.bing.com/bingbot.htm)"
157.55.32.149 - - [13/Aug/2013:22:03:05 -0400] "GET /graphics/oval6.jpg HTTP/1.1" 200 3369 "-" "Mozilla/5.0 (compatible; bingbot/2.0; +http://www.bing.com/bingbot.htm)"
166.137.191.22 - - [13/Aug/2013:23:18:18 -0400] "GET / HTTP/1.1" 200 5960 "https://www.google.com/" "Mozilla/5.0 (iPhone; CPU iPhone OS 6_1_4 like Mac OS X) AppleWebKit/536.26 (KHTML, like Gecko) Version/6.0 Mobile/10B350 Safari/8536.25"
166.137.191.22 - - [13/Aug/2013:23:18:19 -0400] "GET /css/brandwein.css HTTP/1.1" 200 2167 "http://www.michaelbrandwein.com/" "Mozilla/5.0 (iPhone; CPU iPhone OS 6_1_4 like Mac OS X) AppleWebKit/536.26 (KHTML, like Gecko) Version/6.0 Mobile/10B350 Safari/8536.25"
166.137.191.22 - - [13/Aug/2013:23:18:19 -0400] "GET /graphics/logoin.jpg HTTP/1.1" 200 14869 "http://www.michaelbrandwein.com/" "Mozilla/5.0 (iPhone; CPU iPhone OS 6_1_4 like Mac OS X) AppleWebKit/536.26 (KHTML, like Gecko) Version/6.0 Mobile/10B350 Safari/8536.25"
166.137.191.22 - - [13/Aug/2013:23:18:19 -0400] "GET /graphics/bodyy.gif HTTP/1.1" 200 124 "http://www.michaelbrandwein.com/" "Mozilla/5.0 (iPhone; CPU iPhone OS 6_1_4 like Mac OS X) AppleWebKit/536.26 (KHTML, like Gecko) Version/6.0 Mobile/10B350 Safari/8536.25"
157.55.36.37 - - [13/Aug/2013:23:27:46 -0400] "GET /pdf/brandwein%20handout%20brainy%20days1.pdf HTTP/1.1" 200 104183 "-" "Mozilla/5.0 (compatible; bingbot/2.0; +http://www.bing.com/bingbot.htm)"
66.87.148.37 - - [13/Aug/2013:01:06:27 -0400] "GET /images/banner2.jpg HTTP/1.1" 200 5488 "http://www.michaelbrandwein.com/products/trainingterrificstaff.html" "Mozilla/5.0 (iPhone; CPU iPhone OS 6_1_3 like Mac OS X) AppleWebKit/536.26 (KHTML, like Gecko) Version/6.0 Mobile/10B329 Safari/8536.25"
173.199.120.75 - - [13/Aug/2013:01:15:05 -0400] "GET /ytopics/schools/staffdev/howtoleadfabulousdiscussions.html HTTP/1.1" 200 10805 "-" "Mozilla/5.0 (compatible; AhrefsBot/4.0; +http://ahrefs.com/robot/)"
157.55.36.37 - - [13/Aug/2013:02:22:48 -0400] "GET /robots.txt HTTP/1.1" 404 575 "-" "Mozilla/5.0 (compatible; bingbot/2.0; +http://www.bing.com/bingbot.htm)"
129.72.155.8 - - [13/Aug/2013:12:02:10 -0400] "GET /graphics/arrowup.gif HTTP/1.1" 200 84 "http://michaelbrandwein.com/adult.html" "Mozilla/4.0 (compatible; MSIE 8.0; Windows NT 6.1; WOW64; Trident/4.0; GTB7.5; SLCC2; .NET CLR 2.0.50727; .NET CLR 3.5.30729; .NET CLR 3.0.30729; Media Center PC 6.0; InfoPath.3; .NET4.0C; AskTbORJ/5.15.23.36191)"
132.177.210.220 - - [13/Aug/2013:13:48:23 -0400] "GET /graphics/hry2.jpg HTTP/1.1" 200 305 "http://michaelbrandwein.com/yresources.html" "Mozilla/5.0 (Windows NT 6.1; WOW64) AppleWebKit/537.36 (KHTML, like Gecko) Chrome/28.0.1500.95 Safari/537.36"
132.177.210.220 - - [13/Aug/2013:13:48:23 -0400] "GET /images/LL-excerpt-2-pics100.jpg HTTP/1.1" 200 7557 "http://michaelbrandwein.com/yresources.html" "Mozilla/5.0 (Windows NT 6.1; WOW64) AppleWebKit/537.36 (KHTML, like Gecko) Chrome/28.0.1500.95 Safari/537.36"
132.177.210.220 - - [13/Aug/2013:13:48:24 -0400] "GET /graphics/arrowup.gif HTTP/1.1" 200 84 "http://michaelbrandwein.com/yresources.html" "Mozilla/5.0 (Windows NT 6.1; WOW64) AppleWebKit/537.36 (KHTML, like Gecko) Chrome/28.0.1500.95 Safari/537.36"
132.177.210.220 - - [13/Aug/2013:13:48:24 -0400] "GET /images/yresources_clip_image010.jpg HTTP/1.1" 200 5361 "http://michaelbrandwein.com/yresources.html" "Mozilla/5.0 (Windows NT 6.1; WOW64) AppleWebKit/537.36 (KHTML, like Gecko) Chrome/28.0.1500.95 Safari/537.36"
132.177.210.220 - - [13/Aug/2013:13:48:24 -0400] "GET /images/campcomp3.jpg HTTP/1.1" 200 50912 "http://michaelbrandwein.com/yresources.html" "Mozilla/5.0 (Windows NT 6.1; WOW64) AppleWebKit/537.36 (KHTML, like Gecko) Chrome/28.0.1500.95 Safari/537.36"
132.177.210.220 - - [13/Aug/2013:13:48:25 -0400] "GET /ysayings.txt HTTP/1.1" 200 6677 "http://michaelbrandwein.com/yresources.html" "Mozilla/5.0 (Windows NT 6.1; WOW64) AppleWebKit/537.36 (KHTML, like Gecko) Chrome/28.0.1500.95 Safari/537.36"
98.137.207.26 - - [13/Aug/2013:21:12:53 -0400] "GET /graphics/logoin.jpg HTTP/1.1" 200 14869 "http://michaelbrandwein.com/" "Mozilla/5.0 (compatible; Yahoo! Slurp/3.0; http://help.yahoo.com/help/us/ysearch/slurp) NOT Firefox/3.5"
157.55.36.37 - - [13/Aug/2013:22:27:45 -0400] "GET /graphics/oval5.jpg HTTP/1.1" 200 14409 "-" "Mozilla/5.0 (compatible; bingbot/2.0; +http://www.bing.com/bingbot.htm)"
157.55.32.109 - - [13/Aug/2013:23:25:53 -0400] "GET /yproducts.html HTTP/1.1" 200 21362 "-" "Mozilla/5.0 (compatible; bingbot/2.0; +http://www.bing.com/bingbot.htm)"
95.108.217.252 - - [13/Aug/2013:23:27:44 -0400] "GET /ymailinglist.html HTTP/1.1" 200 15657 "-" "Mozilla/5.0 (compatible; YandexBot/3.0; +http://yandex.com/bots)"
157.55.36.37 - - [13/Aug/2013:23:27:56 -0400] "GET /acomments/profconvmgrsassoc.html HTTP/1.1" 200 11097 "-" "Mozilla/5.0 (compatible; bingbot/2.0; +http://www.bing.com/bingbot.htm)"
208.108.212.46 - - [13/Aug/2013:09:01:27 -0400] "GET /yschools.html HTTP/1.1" 200 20251 "-" "Mozilla/5.0 (compatible; MSIE 9.0; Windows NT 6.1; WOW64; Trident/5.0)"
208.108.212.46 - - [13/Aug/2013:09:01:39 -0400] "GET /graphics/logoin.jpg HTTP/1.1" 200 14869 "http://michaelbrandwein.com/yschools.html" "Mozilla/5.0 (compatible; MSIE 9.0; Windows NT 6.1; WOW64; Trident/5.0)"
208.108.212.46 - - [13/Aug/2013:09:01:39 -0400] "GET /graphics/dot.gif HTTP/1.1" 200 114 "http://michaelbrandwein.com/yschools.html" "Mozilla/5.0 (compatible; MSIE 9.0; Windows NT 6.1; WOW64; Trident/5.0)"
66.249.75.170 - - [13/Aug/2013:10:18:29 -0400] "GET /atopics/deathofmeaninglessmeetings.html HTTP/1.1" 200 9245 "-" "Mozilla/5.0 (iPhone; U; CPU iPhone OS 4_1 like Mac OS X; en-us) AppleWebKit/532.9 (KHTML, like Gecko) Version/4.0.5 Mobile/8B117 Safari/6531.22.7 (compatible; Googlebot-Mobile/2.1; +http://www.google.com/bot.html)"
50.50.186.48 - - [13/Aug/2013:11:47:31 -0400] "GET /graphics/homeadult2.jpg HTTP/1.1" 200 19380 "http://www.michaelbrandwein.com/" "Mozilla/5.0 (Macintosh; Intel Mac OS X 10_6_8) AppleWebKit/537.36 (KHTML, like Gecko) Chrome/28.0.1500.95 Safari/537.36"
50.50.186.48 - - [13/Aug/2013:11:47:31 -0400] "GET /favicon.ico HTTP/1.1" 404 575 "-" "Mozilla/5.0 (Macintosh; Intel Mac OS X 10_6_8) AppleWebKit/537.36 (KHTML, like Gecko) Chrome/28.0.1500.95 Safari/537.36"
50.50.186.48 - - [13/Aug/2013:11:48:08 -0400] "GET /yresources.html HTTP/1.1" 200 31536 "http://www.michaelbrandwein.com/youth.html" "Mozilla/5.0 (Macintosh; Intel Mac OS X 10_6_8) AppleWebKit/537.36 (KHTML, like Gecko) Chrome/28.0.1500.95 Safari/537.36"
50.50.186.48 - - [13/Aug/2013:11:48:08 -0400] "GET /images/LL-excerpt-2-pics100.jpg HTTP/1.1" 200 7557 "http://www.michaelbrandwein.com/yresources.html" "Mozilla/5.0 (Macintosh; Intel Mac OS X 10_6_8) AppleWebKit/537.36 (KHTML, like Gecko) Chrome/28.0.1500.95 Safari/537.36"
50.50.186.48 - - [13/Aug/2013:11:48:08 -0400] "GET /images/elena.jpg HTTP/1.1" 200 6823 "http://www.michaelbrandwein.com/yresources.html" "Mozilla/5.0 (Macintosh; Intel Mac OS X 10_6_8) AppleWebKit/537.36 (KHTML, like Gecko) Chrome/28.0.1500.95 Safari/537.36"
50.50.186.48 - - [13/Aug/2013:11:48:09 -0400] "GET /images/yresources_clip_image010.jpg HTTP/1.1" 200 5361 "http://www.michaelbrandwein.com/yresources.html" "Mozilla/5.0 (Macintosh; Intel Mac OS X 10_6_8) AppleWebKit/537.36 (KHTML, like Gecko) Chrome/28.0.1500.95 Safari/537.36"
50.50.186.48 - - [13/Aug/2013:11:48:09 -0400] "GET /graphics/logo_real.gif HTTP/1.1" 200 575 "http://www.michaelbrandwein.com/yresources.html" "Mozilla/5.0 (Macintosh; Intel Mac OS X 10_6_8) AppleWebKit/537.36 (KHTML, like Gecko) Chrome/28.0.1500.95 Safari/537.36"
76.215.46.28 - - [13/Aug/2013:16:39:47 -0400] "GET /graphics/hr2a.jpg HTTP/1.1" 200 8132 "http://www.michaelbrandwein.com/presentations.html" "Mozilla/5.0 (Windows NT 6.2; WOW64) AppleWebKit/537.36 (KHTML, like Gecko) Chrome/28.0.1500.95 Safari/537.36"
76.215.46.28 - - [13/Aug/2013:16:39:47 -0400] "GET /sayings.txt HTTP/1.1" 200 6460 "http://www.michaelbrandwein.com/presentations.html" "Mozilla/5.0 (Windows NT 6.2; WOW64) AppleWebKit/537.36 (KHTML, like Gecko) Chrome/28.0.1500.95 Safari/537.36"
65.222.180.8 - - [13/Aug/2013:17:35:36 -0400] "GET /graphics/bodyy.gif HTTP/1.1" 200 124 "http://www.michaelbrandwein.com/" "Mozilla/5.0 (compatible; MSIE 9.0; Windows NT 6.1; WOW64; Trident/5.0)"
176.195.195.149 - - [13/Aug/2013:04:02:22 -0400] "GET /graphics/logoin.jpg HTTP/1.1" 200 14869 "http://www.michaelbrandwein.com/ytopics/organizations/supervise/nofuninfungible.html" "Mozilla/4.0 (compatible; MSIE 8.0; Windows NT 5.1; Trident/4.0; GTB6.6; .NET CLR 1.1.4322; .NET CLR 2.0.50727; .NET CLR 3.0.4506.2152; .NET CLR 3.5.30729)"
86.99.71.130 - - [13/Aug/2013:12:01:03 -0400] "GET /adult.html HTTP/1.1" 200 13694 "http://www.google.ae/url?sa=t&rct=j&q=business%20association%20presentation&source=web&cd=9&ved=0CF0QFjAI&url=http%3A%2F%2Fwww.michaelbrandwein.com%2Fadult.html&ei=DFgKUoaeHojL4ASylYDoDg&usg=AFQjCNGvb8b9OFUO5k0T6YjTw3ZPbEHXbQ&bvm=bv.50500085,d.bGE" "Mozilla/5.0 (Macintosh; Intel Mac OS X 10_8_4) AppleWebKit/537.36 (KHTML, like Gecko) Chrome/28.0.1500.95 Safari/537.36"
86.99.71.130 - - [13/Aug/2013:12:01:04 -0400] "GET /images/banner2.jpg HTTP/1.1" 200 5488 "http://www.michaelbrandwein.com/adult.html" "Mozilla/5.0 (Macintosh; Intel Mac OS X 10_8_4) AppleWebKit/537.36 (KHTML, like Gecko) Chrome/28.0.1500.95 Safari/537.36"
86.99.71.130 - - [13/Aug/2013:12:01:04 -0400] "GET /graphics/arrowup.gif HTTP/1.1" 200 84 "http://www.michaelbrandwein.com/adult.html" "Mozilla/5.0 (Macintosh; Intel Mac OS X 10_8_4) AppleWebKit/537.36 (KHTML, like Gecko) Chrome/28.0.1500.95 Safari/537.36"
217.73.208.94 - - [13/Aug/2013:12:13:24 -0400] "GET /products/superstaffsupervision.html HTTP/1.1" 200 14650 "-" "Mozilla/5.0 (compatible; IstellaBot/1.10.2 +http://www.tiscali.it/)"
218.30.103.136 - - [13/Aug/2013:14:05:54 -0400] "GET /robots.txt HTTP/1.1" 404 575 "-" "Sogou web spider/4.0"
208.108.212.46 - - [13/Aug/2013:09:01:39 -0400] "GET /css/youth.css HTTP/1.1" 200 8470 "http://michaelbrandwein.com/yschools.html" "Mozilla/5.0 (compatible; MSIE 9.0; Windows NT 6.1; WOW64; Trident/5.0)"
50.50.186.48 - - [13/Aug/2013:11:47:04 -0400] "GET /images/facebook.jpg HTTP/1.1" 200 19424 "http://www.michaelbrandwein.com/youth.html" "Mozilla/5.0 (Macintosh; Intel Mac OS X 10_6_8) AppleWebKit/537.36 (KHTML, like Gecko) Chrome/28.0.1500.95 Safari/537.36"
103.24.99.97 - - [13/Aug/2013:06:47:53 -0400] "GET /graphics/dot.gif HTTP/1.0" 200 114 "http://www.michaelbrandwein.com/presentations.html" "Mozilla/5.0 (Windows NT 6.1; WOW64) AppleWebKit/537.36 (KHTML, like Gecko) Chrome/28.0.1500.95 Safari/537.36"
103.24.99.97 - - [13/Aug/2013:06:47:54 -0400] "GET /favicon.ico HTTP/1.0" 404 575 "-" "Mozilla/5.0 (Windows NT 6.1; WOW64) AppleWebKit/537.36 (KHTML, like Gecko) Chrome/28.0.1500.95 Safari/537.36"
122.170.126.130 - - [13/Aug/2013:07:39:31 -0400] "GET /images/banner2.jpg HTTP/1.1" 200 5488 "http://www.michaelbrandwein.com/presentations.html" "Mozilla/5.0 (Windows NT 6.1) AppleWebKit/537.36 (KHTML, like Gecko) Chrome/28.0.1500.95 Safari/537.36"
122.170.126.130 - - [13/Aug/2013:07:39:32 -0400] "GET /sayings.txt HTTP/1.1" 200 6460 "http://www.michaelbrandwein.com/presentations.html" "Mozilla/5.0 (Windows NT 6.1) AppleWebKit/537.36 (KHTML, like Gecko) Chrome/28.0.1500.95 Safari/537.36"
79.120.197.222 - - [13/Aug/2013:08:22:04 -0400] "GET /Scripts/AC_RunActiveContent.js HTTP/1.1" 200 3233 "http://www.michaelbrandwein.com/yresources.html" "Mozilla/5.0 (Windows NT 6.1; rv:20.0) Gecko/20100101 Firefox/20.0"
79.120.197.222 - - [13/Aug/2013:08:22:04 -0400] "GET /images/yresources.jpg HTTP/1.1" 200 43351 "http://www.michaelbrandwein.com/yresources.html" "Mozilla/5.0 (Windows NT 6.1; rv:20.0) Gecko/20100101 Firefox/20.0"
79.120.197.222 - - [13/Aug/2013:08:22:05 -0400] "GET /graphics/windowsmedia_masthead_ltr.gif HTTP/1.1" 200 3184 "http://www.michaelbrandwein.com/yresources.html" "Mozilla/5.0 (Windows NT 6.1; rv:20.0) Gecko/20100101 Firefox/20.0"
199.21.99.123 - - [13/Aug/2013:05:20:01 -0400] "GET / HTTP/1.1" 200 5960 "-" "Mozilla/5.0 (compatible; YandexBot/3.0; +http://yandex.com/bots)"
180.76.5.48 - - [13/Aug/2013:16:51:49 -0400] "GET /ytopics/camp/training/staff/buildingbetterchildren.html HTTP/1.1" 200 11593 "-" "Mozilla/5.0 (compatible; Baiduspider/2.0; +http://www.baidu.com/search/spider.html)"
65.222.180.8 - - [13/Aug/2013:17:35:36 -0400] "GET /graphics/bhomeenter3.jpg HTTP/1.1" 404 575 "http://www.michaelbrandwein.com/" "Mozilla/5.0 (compatible; MSIE 9.0; Windows NT 6.1; WOW64; Trident/5.0)"
166.137.191.22 - - [13/Aug/2013:23:18:53 -0400] "GET /images/youthhome.jpg HTTP/1.1" 200 15371 "http://www.michaelbrandwein.com/youth.html" "Mozilla/5.0 (iPhone; CPU iPhone OS 6_1_4 like Mac OS X) AppleWebKit/536.26 (KHTML, like Gecko) Version/6.0 Mobile/10B350 Safari/8536.25"
54.242.29.152 - - [13/Aug/2013:01:37:51 -0400] "GET /products/trainingterrificstaff.html HTTP/1.1" 200 14344 "-" "User-Agent: Mozilla/5.0 (Windows NT 6.1; WOW64) AppleWebKit/537.31 (KHTML, like Gecko) Chrome/26.0.1410.64 Safari/537.31"
176.195.255.23 - - [13/Aug/2013:02:14:40 -0400] "GET /css/youth.css HTTP/1.1" 200 8470 "http://www.michaelbrandwein.com/ytopics/camp/training/staff/topteaching.html" "Mozilla/5.0 (Windows; U; Windows NT 5.1; ru; rv:1.9.2.12) Gecko/20101026 Firefox/3.6.12"
129.72.155.8 - - [13/Aug/2013:12:02:10 -0400] "GET /graphics/dot.gif HTTP/1.1" 200 114 "http://michaelbrandwein.com/adult.html" "Mozilla/4.0 (compatible; MSIE 8.0; Windows NT 6.1; WOW64; Trident/4.0; GTB7.5; SLCC2; .NET CLR 2.0.50727; .NET CLR 3.5.30729; .NET CLR 3.0.30729; Media Center PC 6.0; InfoPath.3; .NET4.0C; AskTbORJ/5.15.23.36191)"
66.249.75.94 - - [13/Aug/2013:12:18:49 -0400] "GET /pdf/Camp%20Staff%20Training%20Topics.pdf HTTP/1.1" 304 - "-" "Mozilla/5.0 (iPhone; U; CPU iPhone OS 4_1 like Mac OS X; en-us) AppleWebKit/532.9 (KHTML, like Gecko) Version/4.0.5 Mobile/8B117 Safari/6531.22.7 (compatible; Googlebot-Mobile/2.1; +http://www.google.com/bot.html)"
66.249.75.170 - - [13/Aug/2013:13:11:06 -0400] "GET / HTTP/1.1" 200 5960 "-" "SAMSUNG-SGH-E250/1.0 Profile/MIDP-2.0 Configuration/CLDC-1.1 UP.Browser/6.2.3.3.c.1.101 (GUI) MMP/2.0 (compatible; Googlebot-Mobile/2.1; +http://www.google.com/bot.html)"
132.177.210.220 - - [13/Aug/2013:13:51:23 -0400] "GET /index.html HTTP/1.1" 200 5960 "http://michaelbrandwein.com/yresources.html" "Mozilla/5.0 (Windows NT 6.1; WOW64) AppleWebKit/537.36 (KHTML, like Gecko) Chrome/28.0.1500.95 Safari/537.36"
132.177.210.220 - - [13/Aug/2013:13:51:23 -0400] "GET /css/brandwein.css HTTP/1.1" 200 2167 "http://michaelbrandwein.com/index.html" "Mozilla/5.0 (Windows NT 6.1; WOW64) AppleWebKit/537.36 (KHTML, like Gecko) Chrome/28.0.1500.95 Safari/537.36"
132.177.210.220 - - [13/Aug/2013:13:51:23 -0400] "GET /graphics/homeadult.jpg HTTP/1.1" 200 18635 "http://michaelbrandwein.com/index.html" "Mozilla/5.0 (Windows NT 6.1; WOW64) AppleWebKit/537.36 (KHTML, like Gecko) Chrome/28.0.1500.95 Safari/537.36"
132.177.210.220 - - [13/Aug/2013:13:51:25 -0400] "GET /graphics/homeadult2.jpg HTTP/1.1" 200 19380 "http://michaelbrandwein.com/index.html" "Mozilla/5.0 (Windows NT 6.1; WOW64) AppleWebKit/537.36 (KHTML, like Gecko) Chrome/28.0.1500.95 Safari/537.36"
132.177.210.220 - - [13/Aug/2013:13:51:25 -0400] "GET /favicon.ico HTTP/1.1" 404 575 "-" "Mozilla/5.0 (Windows NT 6.1; WOW64) AppleWebKit/537.36 (KHTML, like Gecko) Chrome/28.0.1500.95 Safari/537.36"
66.249.75.170 - - [13/Aug/2013:14:06:07 -0400] "GET /approach.html HTTP/1.1" 200 11194 "-" "DoCoMo/2.0 N905i(c100;TB;W24H16) (compatible; Googlebot-Mobile/2.1; +http://www.google.com/bot.html)"
157.56.93.49 - - [13/Aug/2013:18:34:53 -0400] "GET /ysayings.txt HTTP/1.1" 200 6677 "-" "Mozilla/5.0 (compatible; bingbot/2.0; +http://www.bing.com/bingbot.htm)"
109.173.83.102 - - [13/Aug/2013:10:25:31 -0400] "GET /ytopics/schools/staffdev/helpingyoungpeople.html HTTP/1.0" 200 11282 "http://yandex.ru/yandsearch?text=www.michaelbrandwein.com&lr=213" "Mozilla/4.0 (compatible; MSIE 7.0; Windows NT 5.1; .NET CLR 1.1.4322)"
88.150.204.93 - - [13/Aug/2013:11:11:36 -0400] "GET / HTTP/1.1" 200 5960 "-" "-"
88.150.204.93 - - [13/Aug/2013:11:11:36 -0400] "GET / HTTP/1.1" 200 5960 "-" "-"
95.221.2.251 - - [13/Aug/2013:11:46:34 -0400] "GET /graphics/logoin.jpg HTTP/1.1" 200 14869 "http://www.michaelbrandwein.com/ytopics/camp/training/staff/improvtoimprove.html" "Mozilla/5.0 (Windows; U; Windows NT 5.1; en-US) AppleWebKit/534.7 (KHTML, like Gecko) Chrome/7.0.517.44 Safari/534.7"
89.222.217.246 - - [13/Aug/2013:07:10:25 -0400] "GET /css/youth.css HTTP/1.0" 200 8470 "http://www.michaelbrandwein.com/ytopics/schools/parents/seeingisbelieving.html" "Mozilla/4.0 (compatible; MSIE 6.0; Windows NT 5.1; SV1; .NET CLR 2.0.50727; .NET CLR 3.0.4506.2152; .NET CLR 3.5.30729)"
196.207.47.177 - - [13/Aug/2013:07:55:44 -0400] "GET /graphics/hr2a.jpg HTTP/1.1" 200 8132 "http://www.michaelbrandwein.com/presentations.html" "Mozilla/5.0 (Symbian/3; Series60/5.2 NokiaE6-00/022.014; Profile/MIDP-2.1 Configuration/CLDC-1.1 ) AppleWebKit/533.4 (KHTML, like Gecko) NokiaBrowser/7.3.1.37 Mobile Safari/533.4 3gpp-gba"
155.41.122.184 - - [13/Aug/2013:08:19:20 -0400] "GET /Scripts/AC_ActiveX.js HTTP/1.1" 200 2057 "http://michaelbrandwein.com/yresources.html" "Mozilla/5.0 (Windows NT 6.1; WOW64; rv:22.0) Gecko/20100101 Firefox/22.0"
155.41.122.184 - - [13/Aug/2013:08:19:20 -0400] "GET /graphics/hry2.jpg HTTP/1.1" 200 305 "http://michaelbrandwein.com/yresources.html" "Mozilla/5.0 (Windows NT 6.1; WOW64; rv:22.0) Gecko/20100101 Firefox/22.0"
155.41.122.184 - - [13/Aug/2013:08:19:21 -0400] "GET /images/LL-excerpt-2-pics100.jpg HTTP/1.1" 200 7557 "http://michaelbrandwein.com/yresources.html" "Mozilla/5.0 (Windows NT 6.1; WOW64; rv:22.0) Gecko/20100101 Firefox/22.0"
155.41.122.184 - - [13/Aug/2013:08:19:21 -0400] "GET /graphics/arrowup.gif HTTP/1.1" 200 84 "http://michaelbrandwein.com/yresources.html" "Mozilla/5.0 (Windows NT 6.1; WOW64; rv:22.0) Gecko/20100101 Firefox/22.0"
155.41.122.184 - - [13/Aug/2013:08:19:21 -0400] "GET /images/yresources_clip_image006.jpg HTTP/1.1" 200 8978 "http://michaelbrandwein.com/yresources.html" "Mozilla/5.0 (Windows NT 6.1; WOW64; rv:22.0) Gecko/20100101 Firefox/22.0"
155.41.122.184 - - [13/Aug/2013:08:19:21 -0400] "GET /images/yresources_clip_image010.jpg HTTP/1.1" 200 5361 "http://michaelbrandwein.com/yresources.html" "Mozilla/5.0 (Windows NT 6.1; WOW64; rv:22.0) Gecko/20100101 Firefox/22.0"
79.120.197.222 - - [13/Aug/2013:08:21:30 -0400] "GET /graphics/oval6.jpg HTTP/1.1" 200 3369 "http://www.michaelbrandwein.com/youth.html" "Mozilla/5.0 (Windows NT 6.1; rv:20.0) Gecko/20100101 Firefox/20.0"
178.137.128.238 - - [13/Aug/2013:03:25:24 -0400] "GET /atopics/conflictcommunication.html HTTP/1.1" 200 8923 "http://bidla.net/" "Mozilla/4.0 (compatible; MSIE 6.0; Windows NT 5.0; .NET CLR 1.0.3705; .NET CLR 1.1.4322)"
27.97.124.243 - - [13/Aug/2013:04:04:51 -0400] "GET /css/adult.css HTTP/1.1" 200 6290 "http://www.michaelbrandwein.com/presentations.html" "Mozilla/5.0 (Linux; U; Android 4.1.1; en-gb; GT-P3100 Build/JRO03C) AppleWebKit/534.30 (KHTML, like Gecko) Version/4.0 Safari/534.30"
27.97.124.243 - - [13/Aug/2013:04:04:53 -0400] "GET /graphics/logoin.jpg HTTP/1.1" 200 14869 "http://www.michaelbrandwein.com/presentations.html" "Mozilla/5.0 (Linux; U; Android 4.1.1; en-gb; GT-P3100 Build/JRO03C) AppleWebKit/534.30 (KHTML, like Gecko) Version/4.0 Safari/534.30"
95.221.2.251 - - [13/Aug/2013:15:51:29 -0400] "GET /graphics/dot.gif HTTP/1.1" 200 114 "http://www.michaelbrandwein.com/ytopics/organizations/workdirectly/campgames.html" "Opera/9.80 (Windows NT 5.1; U; ru) Presto/2.6.30 Version/10.63"
176.195.57.100 - - [13/Aug/2013:16:04:32 -0400] "GET /css/youth.css HTTP/1.1" 200 8470 "http://www.michaelbrandwein.com/ytopics/camp/training/staff/largegroupleadership.html" "Mozilla/4.0 (compatible; MSIE 6.0; Windows NT 5.1; SV1)"
68.201.89.236 - - [13/Aug/2013:16:47:21 -0400] "GET /products/superstaffsupervision_clip_image002.jpg HTTP/1.1" 200 9705 "http://thecampdirector.com/" "Mozilla/5.0 (Macintosh; Intel Mac OS X 10_6_8) AppleWebKit/537.36 (KHTML, like Gecko) Chrome/28.0.1500.95 Safari/537.36"
71.194.51.65 - - [13/Aug/2013:21:05:09 -0400] "GET /graphics/arrowup.gif HTTP/1.1" 200 84 "http://www.michaelbrandwein.com/yschools.html" "Mozilla/5.0 (compatible; MSIE 9.0; Windows NT 6.0; Trident/5.0)"
98.137.207.26 - - [13/Aug/2013:21:12:53 -0400] "GET /graphics/bodya.gif HTTP/1.1" 200 131 "http://michaelbrandwein.com/" "Mozilla/5.0 (compatible; Yahoo! Slurp/3.0; http://help.yahoo.com/help/us/ysearch/slurp) NOT Firefox/3.5"
5.9.82.183 - - [13/Aug/2013:00:06:12 -0400] "GET /acomments/assoclegaladmin.html HTTP/1.1" 200 9357 "-" "Mozilla/5.0 (compatible; SISTRIX Crawler; http://crawler.sistrix.net/)"
5.9.82.183 - - [13/Aug/2013:00:06:14 -0400] "GET /acomments/councilonfound.html HTTP/1.1" 200 8582 "-" "Mozilla/5.0 (compatible; SISTRIX Crawler; http://crawler.sistrix.net/)"
5.9.82.183 - - [13/Aug/2013:00:06:16 -0400] "GET /acomments/amsochealthsyspharm.html HTTP/1.1" 200 9048 "-" "Mozilla/5.0 (compatible; SISTRIX Crawler; http://crawler.sistrix.net/)"
5.9.82.183 - - [13/Aug/2013:00:06:17 -0400] "GET /acomments/profconvmgrsassoc.html HTTP/1.1" 200 11097 "-" "Mozilla/5.0 (compatible; SISTRIX Crawler; http://crawler.sistrix.net/)"
5.9.82.183 - - [13/Aug/2013:00:06:18 -0400] "GET /acomments/natleastersealsoc.html HTTP/1.1" 200 10175 "-" "Mozilla/5.0 (compatible; SISTRIX Crawler; http://crawler.sistrix.net/)"
5.9.82.183 - - [13/Aug/2013:00:06:20 -0400] "GET /acomments/austnatlaffilvolcareassoc.html HTTP/1.1" 200 11376 "-" "Mozilla/5.0 (compatible; SISTRIX Crawler; http://crawler.sistrix.net/)"
5.9.82.183 - - [13/Aug/2013:00:06:21 -0400] "GET /acomments/eastmankodak.html HTTP/1.1" 200 8802 "-" "Mozilla/5.0 (compatible; SISTRIX Crawler; http://crawler.sistrix.net/)"
5.9.82.183 - - [13/Aug/2013:00:06:21 -0400] "GET /acomments/amhonda.html HTTP/1.1" 200 9680 "-" "Mozilla/5.0 (compatible; SISTRIX Crawler; http://crawler.sistrix.net/)"
5.9.82.183 - - [13/Aug/2013:00:06:22 -0400] "GET /acomments/socmundirontcanada.html HTTP/1.1" 200 10413 "-" "Mozilla/5.0 (compatible; SISTRIX Crawler; http://crawler.sistrix.net/)"
5.9.82.183 - - [13/Aug/2013:00:06:23 -0400] "GET /acomments/nyassochomesservaging.html HTTP/1.1" 200 8934 "-" "Mozilla/5.0 (compatible; SISTRIX Crawler; http://crawler.sistrix.net/)"
5.9.82.183 - - [13/Aug/2013:00:06:25 -0400] "GET /acomments/sdmnagruralleadership.html HTTP/1.1" 200 9744 "-" "Mozilla/5.0 (compatible; SISTRIX Crawler; http://crawler.sistrix.net/)"
5.9.82.183 - - [13/Aug/2013:00:06:26 -0400] "GET /ytopics/camp/conferences/intentionalcamppresenting.html HTTP/1.1" 200 10728 "-" "Mozilla/5.0 (compatible; SISTRIX Crawler; http://crawler.sistrix.net/)"
5.9.82.183 - - [13/Aug/2013:00:08:40 -0400] "GET /ycomments/sash.html HTTP/1.1" 200 11148 "-" "Mozilla/5.0 (compatible; SISTRIX Crawler; http://crawler.sistrix.net/)"
5.9.82.183 - - [13/Aug/2013:00:08:41 -0400] "GET /ycomments/natllouisunivconf.html HTTP/1.1" 200 11306 "-" "Mozilla/5.0 (compatible; SISTRIX Crawler; http://crawler.sistrix.net/)"
5.9.82.183 - - [13/Aug/2013:00:08:42 -0400] "GET /ycomments/bandgclubcanada.html HTTP/1.1" 200 10217 "-" "Mozilla/5.0 (compatible; SISTRIX Crawler; http://crawler.sistrix.net/)"
5.9.82.183 - - [13/Aug/2013:00:08:44 -0400] "GET /ycomments/coannualchildwelfareconf.html HTTP/1.1" 200 10746 "-" "Mozilla/5.0 (compatible; SISTRIX Crawler; http://crawler.sistrix.net/)"
101.227.4.25 - - [13/Aug/2013:19:27:16 -0400] "GET /robots.txt HTTP/1.1" 404 575 "-" "Mozilla/5.0 ()"
208.108.212.46 - - [13/Aug/2013:09:01:39 -0400] "GET /graphics/hry2.jpg HTTP/1.1" 200 305 "http://michaelbrandwein.com/yschools.html" "Mozilla/5.0 (compatible; MSIE 9.0; Windows NT 6.1; WOW64; Trident/5.0)"
99.58.54.219 - - [13/Aug/2013:11:50:42 -0400] "GET /products/learningleadership_clip_image002.jpg HTTP/1.1" 200 10525 "http://thecampdirector.com/2012/04/22/summer-camp-jobs-from-the-american-camp-association-job-list-for-april-15-2012/" "Mozilla/5.0 (iPad; CPU OS 6_1_3 like Mac OS X) AppleWebKit/536.26 (KHTML, like Gecko) Version/6.0 Mobile/10B329 Safari/8536.25"
184.176.201.149 - - [13/Aug/2013:12:11:33 -0400] "GET /graphics/bgwh.gif HTTP/1.1" 200 49 "http://www.michaelbrandwein.com/" "Mozilla/5.0 (Macintosh; Intel Mac OS X 10_8_4) AppleWebKit/537.36 (KHTML, like Gecko) Chrome/29.0.1547.49 Safari/537.36"
132.177.210.220 - - [13/Aug/2013:13:48:21 -0400] "GET /graphics/bodym.jpg HTTP/1.1" 200 28996 "http://www.michaelbrandwein.com/" "Mozilla/5.0 (Windows NT 6.1; WOW64) AppleWebKit/537.36 (KHTML, like Gecko) Chrome/28.0.1500.95 Safari/537.36"
132.177.210.220 - - [13/Aug/2013:13:48:23 -0400] "GET /graphics/homeyouth2.jpg HTTP/1.1" 200 18018 "http://www.michaelbrandwein.com/" "Mozilla/5.0 (Windows NT 6.1; WOW64) AppleWebKit/537.36 (KHTML, like Gecko) Chrome/28.0.1500.95 Safari/537.36"
27.97.124.243 - - [13/Aug/2013:04:04:55 -0400] "GET /graphics/arrowup.gif HTTP/1.1" 200 84 "http://www.michaelbrandwein.com/presentations.html" "Mozilla/5.0 (Linux; U; Android 4.1.1; en-gb; GT-P3100 Build/JRO03C) AppleWebKit/534.30 (KHTML, like Gecko) Version/4.0 Safari/534.30"
176.195.191.45 - - [13/Aug/2013:04:11:26 -0400] "GET /images/banner2.jpg HTTP/1.1" 200 5488 "http://www.michaelbrandwein.com/ytopics/organizations/supervise/superstaffsupervision.html" "Mozilla/4.0 (compatible; MSIE 6.0; Windows NT 5.1; SV1; .NET CLR 2.0.50727; .NET CLR 3.0.04506.30)"
117.211.83.10 - - [13/Aug/2013:04:27:48 -0400] "GET /images/banner2.jpg HTTP/1.1" 200 5488 "http://www.michaelbrandwein.com/presentations.html" "Mozilla/5.0 (Windows NT 5.1; rv:22.0) Gecko/20100101 Firefox/22.0"
92.255.221.127 - - [13/Aug/2013:05:52:10 -0400] "GET /css/youth.css HTTP/1.1" 200 8470 "http://www.michaelbrandwein.com/ytopics/organizations/supervise/valueofvaryingviews.html" "Mozilla/4.0 (compatible; MSIE 7.0; Windows NT 5.1; .NET CLR 1.1.4322; .NET CLR 2.0.50727)"
71.194.51.65 - - [13/Aug/2013:21:01:41 -0400] "GET /images/answery.jpg HTTP/1.1" 200 6068 "http://www.michaelbrandwein.com/ybioabnormal.html" "Mozilla/5.0 (compatible; MSIE 9.0; Windows NT 6.0; Trident/5.0)"
71.194.51.65 - - [13/Aug/2013:21:01:42 -0400] "GET /images/answer3y.jpg HTTP/1.1" 200 12155 "http://www.michaelbrandwein.com/ybioabnormal.html" "Mozilla/5.0 (compatible; MSIE 9.0; Windows NT 6.0; Trident/5.0)"
157.55.36.37 - - [13/Aug/2013:21:26:26 -0400] "GET /robots.txt HTTP/1.1" 404 575 "-" "Mozilla/5.0 (compatible; bingbot/2.0; +http://www.bing.com/bingbot.htm)"
166.137.191.22 - - [13/Aug/2013:23:18:24 -0400] "GET /graphics/homeyouth2.jpg HTTP/1.1" 200 18018 "http://www.michaelbrandwein.com/" "Mozilla/5.0 (iPhone; CPU iPhone OS 6_1_4 like Mac OS X) AppleWebKit/536.26 (KHTML, like Gecko) Version/6.0 Mobile/10B350 Safari/8536.25"
203.126.198.225 - - [13/Aug/2013:06:13:31 -0400] "GET /atopics/sayings.txt HTTP/1.1" 200 6460 "http://www.michaelbrandwein.com/atopics/timemanagement.html" "Mozilla/5.0 (compatible; MSIE 9.0; Windows NT 6.1; Trident/5.0)"
109.173.81.20 - - [13/Aug/2013:06:57:34 -0400] "GET /ytopics/camp/training/session/ysayings.txt HTTP/1.0" 200 6677 "http://www.michaelbrandwein.com/ytopics/camp/training/session/leadershipteamtraining.html" "Mozilla/4.0 (compatible; MSIE 7.0; Windows NT 5.1; .NET CLR 1.1.4322; .NET CLR 2.0.50727; InfoPath.1)"
122.170.126.130 - - [13/Aug/2013:07:39:27 -0400] "GET /presentations.html HTTP/1.1" 200 12384 "https://www.google.co.in/" "Mozilla/5.0 (Windows NT 6.1) AppleWebKit/537.36 (KHTML, like Gecko) Chrome/28.0.1500.95 Safari/537.36"
122.170.126.130 - - [13/Aug/2013:07:39:30 -0400] "GET /css/adult.css HTTP/1.1" 200 6290 "http://www.michaelbrandwein.com/presentations.html" "Mozilla/5.0 (Windows NT 6.1) AppleWebKit/537.36 (KHTML, like Gecko) Chrome/28.0.1500.95 Safari/537.36"
122.170.126.130 - - [13/Aug/2013:07:39:31 -0400] "GET /graphics/logoin.jpg HTTP/1.1" 200 14869 "http://www.michaelbrandwein.com/presentations.html" "Mozilla/5.0 (Windows NT 6.1) AppleWebKit/537.36 (KHTML, like Gecko) Chrome/28.0.1500.95 Safari/537.36"
155.41.122.184 - - [13/Aug/2013:08:19:20 -0400] "GET /Scripts/AC_RunActiveContent.js HTTP/1.1" 200 3233 "http://michaelbrandwein.com/yresources.html" "Mozilla/5.0 (Windows NT 6.1; WOW64; rv:22.0) Gecko/20100101 Firefox/22.0"
155.41.122.184 - - [13/Aug/2013:08:19:20 -0400] "GET /images/banner2.jpg HTTP/1.1" 200 5488 "http://michaelbrandwein.com/yresources.html" "Mozilla/5.0 (Windows NT 6.1; WOW64; rv:22.0) Gecko/20100101 Firefox/22.0"
79.120.197.222 - - [13/Aug/2013:08:21:21 -0400] "GET /graphics/logoin.jpg HTTP/1.1" 200 14869 "http://www.michaelbrandwein.com/" "Mozilla/5.0 (Windows NT 6.1; rv:20.0) Gecko/20100101 Firefox/20.0"
79.120.197.222 - - [13/Aug/2013:08:21:22 -0400] "GET /favicon.ico HTTP/1.1" 404 575 "-" "Mozilla/5.0 (Windows NT 6.1; rv:20.0) Gecko/20100101 Firefox/20.0"
5.9.82.183 - - [13/Aug/2013:00:09:28 -0400] "GET /ycomments/girlscoutsusaexecstaff.html HTTP/1.1" 200 11543 "-" "Mozilla/5.0 (compatible; SISTRIX Crawler; http://crawler.sistrix.net/)"
5.9.82.183 - - [13/Aug/2013:00:09:29 -0400] "GET /ycomments/amcampassoc.html HTTP/1.1" 200 12171 "-" "Mozilla/5.0 (compatible; SISTRIX Crawler; http://crawler.sistrix.net/)"
174.125.117.129 - - [13/Aug/2013:01:59:16 -0400] "GET /products/learningleadership_clip_image002.jpg HTTP/1.1" 200 10525 "http://thecampdirector.com/2012/05/10/summer-camp-jobs-from-the-american-camp-association-job-list-for-may-1-2012/" "Mozilla/5.0 (Windows NT 6.1; WOW64; rv:22.0) Gecko/20100101 Firefox/22.0"
218.30.103.136 - - [13/Aug/2013:02:11:08 -0400] "GET /robots.txt HTTP/1.1" 404 575 "-" "Sogou web spider/4.0"
176.195.255.23 - - [13/Aug/2013:02:14:39 -0400] "GET /ytopics/camp/training/staff/topteaching.html HTTP/1.1" 200 11015 "http://yandex.ru/yandsearch?text=www.michaelbrandwein.com&lr=213" "Mozilla/5.0 (Windows; U; Windows NT 5.1; ru; rv:1.9.2.12) Gecko/20101026 Firefox/3.6.12"
184.61.64.38 - - [13/Aug/2013:13:51:43 -0400] "GET /pdf/brandwein%20letter%20to%20staff%20person1.pdf HTTP/1.1" 304 - "-" "Mozilla/5.0 (compatible; MSIE 9.0; Windows NT 6.1; Trident/5.0)"
173.199.120.75 - - [13/Aug/2013:18:15:48 -0400] "GET /ytopics/camp/training/staff/campgames.html HTTP/1.1" 200 10823 "-" "Mozilla/5.0 (compatible; AhrefsBot/4.0; +http://ahrefs.com/robot/)"
157.56.93.49 - - [13/Aug/2013:18:26:16 -0400] "GET /ysayings.txt HTTP/1.1" 200 6677 "-" "Mozilla/5.0 (compatible; bingbot/2.0; +http://www.bing.com/bingbot.htm)"
66.249.72.170 - - [13/Aug/2013:19:18:02 -0400] "GET /graphics/windowsmedia_masthead_ltr.gif HTTP/1.1" 304 - "-" "Googlebot-Image/1.0"
109.173.81.20 - - [13/Aug/2013:20:06:44 -0400] "GET /graphics/dot.gif HTTP/1.1" 200 114 "http://www.michaelbrandwein.com/ytopics/camp/training/session/leadershipteamtraining.html" "Mozilla/4.0 (compatible; MSIE 7.0; Windows NT 5.1; .NET CLR 1.1.4322; .NET CLR 2.0.50727)"
180.76.5.87 - - [13/Aug/2013:20:56:22 -0400] "GET /ycomments/lyonstnshpstaffdev.html HTTP/1.1" 200 11477 "-" "Mozilla/5.0 (compatible; Baiduspider/2.0; +http://www.baidu.com/search/spider.html)"
5.22.52.54 - - [13/Aug/2013:11:01:14 -0400] "GET /graphics/logoin.jpg HTTP/1.1" 200 14869 "http://www.michaelbrandwein.com/" "Mozilla/5.0 (Windows NT 6.1; WOW64) AppleWebKit/537.36 (KHTML, like Gecko) Chrome/27.0.1453.110 Safari/537.36"
27.251.83.10 - - [13/Aug/2013:11:09:33 -0400] "GET /presentations.html HTTP/1.1" 200 12384 "https://www.google.co.in/" "Mozilla/5.0 (Windows NT 6.1; WOW64) AppleWebKit/537.36 (KHTML, like Gecko) Chrome/28.0.1500.95 Safari/537.36"
27.251.83.10 - - [13/Aug/2013:11:09:34 -0400] "GET /css/adult.css HTTP/1.1" 200 6290 "http://www.michaelbrandwein.com/presentations.html" "Mozilla/5.0 (Windows NT 6.1; WOW64) AppleWebKit/537.36 (KHTML, like Gecko) Chrome/28.0.1500.95 Safari/537.36"
27.251.83.10 - - [13/Aug/2013:11:09:35 -0400] "GET /graphics/logoin.jpg HTTP/1.1" 200 14869 "http://www.michaelbrandwein.com/presentations.html" "Mozilla/5.0 (Windows NT 6.1; WOW64) AppleWebKit/537.36 (KHTML, like Gecko) Chrome/28.0.1500.95 Safari/537.36"
65.222.180.8 - - [13/Aug/2013:17:35:36 -0400] "GET /graphics/logoin.jpg HTTP/1.1" 200 14869 "http://www.michaelbrandwein.com/" "Mozilla/5.0 (compatible; MSIE 9.0; Windows NT 6.1; WOW64; Trident/5.0)"
173.199.120.75 - - [13/Aug/2013:07:45:52 -0400] "GET /ytopics/parents/ivetoldyouathousandtimes.html HTTP/1.1" 200 11147 "-" "Mozilla/5.0 (compatible; AhrefsBot/4.0; +http://ahrefs.com/robot/)"
79.120.197.222 - - [13/Aug/2013:08:21:21 -0400] "GET /graphics/homeadult.jpg HTTP/1.1" 200 18635 "http://www.michaelbrandwein.com/" "Mozilla/5.0 (Windows NT 6.1; rv:20.0) Gecko/20100101 Firefox/20.0"
79.120.197.222 - - [13/Aug/2013:08:21:22 -0400] "GET /graphics/homeadult2.jpg HTTP/1.1" 200 19380 "http://www.michaelbrandwein.com/" "Mozilla/5.0 (Windows NT 6.1; rv:20.0) Gecko/20100101 Firefox/20.0"
79.120.197.222 - - [13/Aug/2013:08:21:29 -0400] "GET /images/facebook.jpg HTTP/1.1" 200 19424 "http://www.michaelbrandwein.com/youth.html" "Mozilla/5.0 (Windows NT 6.1; rv:20.0) Gecko/20100101 Firefox/20.0"
79.120.197.222 - - [13/Aug/2013:08:21:30 -0400] "GET /ysayings.txt HTTP/1.1" 200 6677 "http://www.michaelbrandwein.com/youth.html" "Mozilla/5.0 (Windows NT 6.1; rv:20.0) Gecko/20100101 Firefox/20.0"
79.120.197.222 - - [13/Aug/2013:08:22:41 -0400] "GET /pdf/brandwein%20handout%20camp%20cafe1.pdf HTTP/1.1" 200 101696 "http://www.michaelbrandwein.com/yresources.html" "Mozilla/5.0 (Windows NT 6.1; rv:20.0) Gecko/20100101 Firefox/20.0"
109.173.81.20 - - [13/Aug/2013:04:07:04 -0400] "GET /ytopics/camp/training/session/ysayings.txt HTTP/1.0" 200 6677 "http://www.michaelbrandwein.com/ytopics/camp/training/session/leadershipteamtraining.html" "Mozilla/4.0 (compatible; MSIE 7.0; Windows NT 5.1; .NET CLR 1.1.4322; .NET CLR 2.0.50727; InfoPath.1)"
95.221.102.185 - - [13/Aug/2013:04:35:54 -0400] "GET /ytopics/organizations/workdirectly/ysayings.txt HTTP/1.0" 200 6677 "http://www.michaelbrandwein.com/ytopics/organizations/workdirectly/campgames.html" "Mozilla/4.0 (compatible; MSIE 7.0; Windows NT 5.1; .NET CLR 1.1.4322; .NET CLR 2.0.50727)"
93.80.240.19 - - [13/Aug/2013:05:50:39 -0400] "GET /graphics/dot.gif HTTP/1.1" 200 114 "http://www.michaelbrandwein.com/ytopics/camp/training/staff/howtoteachresponsibility.html" "Mozilla/5.0 (Windows; U; Windows NT 6.0; en-US) AppleWebKit/534.7 (KHTML, like Gecko) Chrome/7.0.517.44 Safari/534.7"
71.194.51.65 - - [13/Aug/2013:21:01:42 -0400] "GET /images/answer4y.jpg HTTP/1.1" 200 10109 "http://www.michaelbrandwein.com/ybioabnormal.html" "Mozilla/5.0 (compatible; MSIE 9.0; Windows NT 6.0; Trident/5.0)"
98.137.207.26 - - [13/Aug/2013:21:12:53 -0400] "GET /css/brandwein.css HTTP/1.1" 200 2167 "http://michaelbrandwein.com/" "Mozilla/5.0 (compatible; Yahoo! Slurp/3.0; http://help.yahoo.com/help/us/ysearch/slurp) NOT Firefox/3.5"
98.137.207.26 - - [13/Aug/2013:21:12:53 -0400] "GET /graphics/homeyouth.jpg HTTP/1.1" 200 17174 "http://michaelbrandwein.com/" "Mozilla/5.0 (compatible; Yahoo! Slurp/3.0; http://help.yahoo.com/help/us/ysearch/slurp) NOT Firefox/3.5"
98.137.207.26 - - [13/Aug/2013:21:12:53 -0400] "GET /graphics/homeyouth2.jpg HTTP/1.1" 200 18018 "http://michaelbrandwein.com/" "Mozilla/5.0 (compatible; Yahoo! Slurp/3.0; http://help.yahoo.com/help/us/ysearch/slurp) NOT Firefox/3.5"
95.27.254.162 - - [13/Aug/2013:22:40:05 -0400] "GET /css/youth.css HTTP/1.0" 200 8470 "http://www.michaelbrandwein.com/ytopics/camp/conferences/terrifictrainingtechniques.html" "Mozilla/4.0 (compatible; MSIE 7.0; Windows NT 5.1; .NET CLR 1.1.4322; .NET CLR 2.0.50727; InfoPath.1)"
166.137.191.22 - - [13/Aug/2013:23:19:22 -0400] "GET /ycampconferences.html HTTP/1.1" 200 16464 "http://www.michaelbrandwein.com/youth.html" "Mozilla/5.0 (iPhone; CPU iPhone OS 6_1_4 like Mac OS X) AppleWebKit/536.26 (KHTML, like Gecko) Version/6.0 Mobile/10B350 Safari/8536.25"
166.137.191.22 - - [13/Aug/2013:23:19:23 -0400] "GET /images/ycampconferences.jpg HTTP/1.1" 200 48553 "http://www.michaelbrandwein.com/ycampconferences.html" "Mozilla/5.0 (iPhone; CPU iPhone OS 6_1_4 like Mac OS X) AppleWebKit/536.26 (KHTML, like Gecko) Version/6.0 Mobile/10B350 Safari/8536.25"
166.137.191.22 - - [13/Aug/2013:23:19:23 -0400] "GET /ysayings.txt HTTP/1.1" 200 6677 "http://www.michaelbrandwein.com/ycampconferences.html" "Mozilla/5.0 (iPhone; CPU iPhone OS 6_1_4 like Mac OS X) AppleWebKit/536.26 (KHTML, like Gecko) Version/6.0 Mobile/10B350 Safari/8536.25"
157.55.36.37 - - [13/Aug/2013:23:27:40 -0400] "GET /yapproach.html HTTP/1.1" 200 13087 "-" "Mozilla/5.0 (compatible; bingbot/2.0; +http://www.bing.com/bingbot.htm)"
176.195.191.45 - - [13/Aug/2013:04:11:26 -0400] "GET /graphics/hry2.jpg HTTP/1.1" 200 305 "http://www.michaelbrandwein.com/ytopics/organizations/supervise/superstaffsupervision.html" "Mozilla/4.0 (compatible; MSIE 6.0; Windows NT 5.1; SV1; .NET CLR 2.0.50727; .NET CLR 3.0.04506.30)"
176.195.191.45 - - [13/Aug/2013:04:11:27 -0400] "GET /graphics/dot.gif HTTP/1.1" 200 114 "http://www.michaelbrandwein.com/ytopics/organizations/supervise/superstaffsupervision.html" "Mozilla/4.0 (compatible; MSIE 6.0; Windows NT 5.1; SV1; .NET CLR 2.0.50727; .NET CLR 3.0.04506.30)"
92.255.221.127 - - [13/Aug/2013:05:52:10 -0400] "GET /graphics/hry2.jpg HTTP/1.1" 200 305 "http://www.michaelbrandwein.com/ytopics/organizations/supervise/valueofvaryingviews.html" "Mozilla/4.0 (compatible; MSIE 7.0; Windows NT 5.1; .NET CLR 1.1.4322; .NET CLR 2.0.50727)"
203.126.198.225 - - [13/Aug/2013:06:13:22 -0400] "GET /graphics/hr2a.jpg HTTP/1.1" 200 8132 "http://www.michaelbrandwein.com/presentations.html" "Mozilla/5.0 (compatible; MSIE 9.0; Windows NT 6.1; Trident/5.0)"
203.126.198.225 - - [13/Aug/2013:06:13:23 -0400] "GET /favicon.ico HTTP/1.1" 404 575 "-" "Mozilla/5.0 (compatible; MSIE 9.0; Windows NT 6.1; Trident/5.0)"
196.207.47.177 - - [13/Aug/2013:07:55:35 -0400] "GET /css/adult.css HTTP/1.1" 200 6290 "http://www.michaelbrandwein.com/presentations.html" "Mozilla/5.0 (Symbian/3; Series60/5.2 NokiaE6-00/022.014; Profile/MIDP-2.1 Configuration/CLDC-1.1 ) AppleWebKit/533.4 (KHTML, like Gecko) NokiaBrowser/7.3.1.37 Mobile Safari/533.4 3gpp-gba"
196.207.47.177 - - [13/Aug/2013:07:55:42 -0400] "GET /images/banner2.jpg HTTP/1.1" 200 5488 "http://www.michaelbrandwein.com/presentations.html" "Mozilla/5.0 (Symbian/3; Series60/5.2 NokiaE6-00/022.014; Profile/MIDP-2.1 Configuration/CLDC-1.1 ) AppleWebKit/533.4 (KHTML, like Gecko) NokiaBrowser/7.3.1.37 Mobile Safari/533.4 3gpp-gba"
79.120.197.222 - - [13/Aug/2013:08:21:21 -0400] "GET /graphics/bgwh.gif HTTP/1.1" 200 49 "http://www.michaelbrandwein.com/" "Mozilla/5.0 (Windows NT 6.1; rv:20.0) Gecko/20100101 Firefox/20.0"
79.120.197.222 - - [13/Aug/2013:08:21:21 -0400] "GET /graphics/bodyy.gif HTTP/1.1" 200 124 "http://www.michaelbrandwein.com/" "Mozilla/5.0 (Windows NT 6.1; rv:20.0) Gecko/20100101 Firefox/20.0"
79.120.197.222 - - [13/Aug/2013:08:21:39 -0400] "GET /graphics/arrowup.gif HTTP/1.1" 200 84 "http://www.michaelbrandwein.com/ycamptraining.html" "Mozilla/5.0 (Windows NT 6.1; rv:20.0) Gecko/20100101 Firefox/20.0"
79.120.197.222 - - [13/Aug/2013:08:22:05 -0400] "GET /images/elena.jpg HTTP/1.1" 200 6823 "http://www.michaelbrandwein.com/yresources.html" "Mozilla/5.0 (Windows NT 6.1; rv:20.0) Gecko/20100101 Firefox/20.0"
65.55.213.72 - - [13/Aug/2013:08:32:31 -0400] "GET / HTTP/1.1" 200 5960 "-" "msnbot/2.0b (+http://search.msn.com/msnbot.htm)"
173.199.120.75 - - [13/Aug/2013:08:44:07 -0400] "GET /products/trainingterrificstaff2.html HTTP/1.1" 200 14182 "-" "Mozilla/5.0 (compatible; AhrefsBot/4.0; +http://ahrefs.com/robot/)"
173.199.120.75 - - [13/Aug/2013:09:09:37 -0400] "GET /ytopics/organizations/keynotes/leadingsecrets.html HTTP/1.1" 200 11257 "-" "Mozilla/5.0 (compatible; AhrefsBot/4.0; +http://ahrefs.com/robot/)"
109.173.83.102 - - [13/Aug/2013:10:25:33 -0400] "GET /ytopics/schools/staffdev/ysayings.txt HTTP/1.0" 200 6677 "http://www.michaelbrandwein.com/ytopics/schools/staffdev/helpingyoungpeople.html" "Mozilla/4.0 (compatible; MSIE 7.0; Windows NT 5.1; .NET CLR 1.1.4322)"
176.195.251.124 - - [13/Aug/2013:20:07:58 -0400] "GET /ytopics/organizations/keynotes/houdinisgreatestsecrets.html HTTP/1.1" 200 11566 "http://yandex.ru/yandsearch?text=www.michaelbrandwein.com&lr=213" "Mozilla/4.0 (compatible; MSIE 8.0; Windows NT 5.1; Trident/4.0; .NET CLR 1.1.4322; .NET CLR 2.0.50727; .NET CLR 3.0.4506.2152; .NET CLR 3.5.30729)"
71.194.51.65 - - [13/Aug/2013:20:59:46 -0400] "GET /youth.html HTTP/1.1" 200 14317 "http://www.michaelbrandwein.com/" "Mozilla/5.0 (compatible; MSIE 9.0; Windows NT 6.0; Trident/5.0)"
71.194.51.65 - - [13/Aug/2013:20:59:47 -0400] "GET /graphics/hry2.jpg HTTP/1.1" 200 305 "http://www.michaelbrandwein.com/youth.html" "Mozilla/5.0 (compatible; MSIE 9.0; Windows NT 6.0; Trident/5.0)"
71.194.51.65 - - [13/Aug/2013:20:59:47 -0400] "GET /graphics/dot.gif HTTP/1.1" 200 114 "http://www.michaelbrandwein.com/youth.html" "Mozilla/5.0 (compatible; MSIE 9.0; Windows NT 6.0; Trident/5.0)"
71.194.51.65 - - [13/Aug/2013:20:59:49 -0400] "GET /ysayings.txt HTTP/1.1" 200 6677 "http://www.michaelbrandwein.com/youth.html" "Mozilla/5.0 (compatible; MSIE 9.0; Windows NT 6.0; Trident/5.0)"
176.195.255.23 - - [13/Aug/2013:02:14:40 -0400] "GET /graphics/logoin.jpg HTTP/1.1" 200 14869 "http://www.michaelbrandwein.com/ytopics/camp/training/staff/topteaching.html" "Mozilla/5.0 (Windows; U; Windows NT 5.1; ru; rv:1.9.2.12) Gecko/20101026 Firefox/3.6.12"
75.151.181.33 - - [13/Aug/2013:12:01:06 -0400] "GET /products/superstaffsupervision_clip_image002.jpg HTTP/1.1" 200 9705 "http://thecampdirector.com/" "Mozilla/5.0 (Macintosh; Intel Mac OS X 10_6_8) AppleWebKit/534.59.8 (KHTML, like Gecko) Version/5.1.9 Safari/534.59.8"
129.72.155.8 - - [13/Aug/2013:12:01:58 -0400] "GET /graphics/bodym.jpg HTTP/1.1" 200 28996 "http://michaelbrandwein.com/" "Mozilla/4.0 (compatible; MSIE 8.0; Windows NT 6.1; WOW64; Trident/4.0; GTB7.5; SLCC2; .NET CLR 2.0.50727; .NET CLR 3.5.30729; .NET CLR 3.0.30729; Media Center PC 6.0; InfoPath.3; .NET4.0C; AskTbORJ/5.15.23.36191)"
182.118.20.184 - - [13/Aug/2013:12:09:50 -0400] "GET /robots.txt HTTP/1.1" 404 575 "http://www.michaelbrandwein.com/robots.txt" "Mozilla/5.0 (Windows; U; Windows NT 5.1; zh-CN; rv:1.8.0.11) Firefox/1.5.0.11; 360Spider"
173.199.120.75 - - [13/Aug/2013:13:34:13 -0400] "GET /ytopics/schools/staffdev/howtograbandkeepattention.html HTTP/1.1" 200 11858 "-" "Mozilla/5.0 (compatible; AhrefsBot/4.0; +http://ahrefs.com/robot/)"
173.199.120.75 - - [13/Aug/2013:15:20:30 -0400] "GET /ytopics/camp/training/staff/largegroupleadership.html HTTP/1.1" 200 10745 "-" "Mozilla/5.0 (compatible; AhrefsBot/4.0; +http://ahrefs.com/robot/)"
71.194.51.65 - - [13/Aug/2013:20:59:47 -0400] "GET /graphics/oval2.jpg HTTP/1.1" 200 14082 "http://www.michaelbrandwein.com/youth.html" "Mozilla/5.0 (compatible; MSIE 9.0; Windows NT 6.0; Trident/5.0)"
155.41.122.184 - - [13/Aug/2013:08:19:20 -0400] "GET /images/learningleadershipdvd118.jpg HTTP/1.1" 200 13789 "http://michaelbrandwein.com/yresources.html" "Mozilla/5.0 (Windows NT 6.1; WOW64; rv:22.0) Gecko/20100101 Firefox/22.0"
155.41.122.184 - - [13/Aug/2013:08:19:21 -0400] "GET /images/elena.jpg HTTP/1.1" 200 6823 "http://michaelbrandwein.com/yresources.html" "Mozilla/5.0 (Windows NT 6.1; WOW64; rv:22.0) Gecko/20100101 Firefox/22.0"
155.41.122.184 - - [13/Aug/2013:08:19:21 -0400] "GET /images/yresources_clip_image008.jpg HTTP/1.1" 200 6040 "http://michaelbrandwein.com/yresources.html" "Mozilla/5.0 (Windows NT 6.1; WOW64; rv:22.0) Gecko/20100101 Firefox/22.0"
155.41.122.184 - - [13/Aug/2013:08:19:21 -0400] "GET /images/campcomp3.jpg HTTP/1.1" 200 50912 "http://michaelbrandwein.com/yresources.html" "Mozilla/5.0 (Windows NT 6.1; WOW64; rv:22.0) Gecko/20100101 Firefox/22.0"
155.41.122.184 - - [13/Aug/2013:08:19:21 -0400] "GET /graphics/dot.gif HTTP/1.1" 200 114 "http://michaelbrandwein.com/yresources.html" "Mozilla/5.0 (Windows NT 6.1; WOW64; rv:22.0) Gecko/20100101 Firefox/22.0"
155.41.122.184 - - [13/Aug/2013:08:19:22 -0400] "GET /ysayings.txt HTTP/1.1" 200 6677 "http://michaelbrandwein.com/yresources.html" "Mozilla/5.0 (Windows NT 6.1; WOW64; rv:22.0) Gecko/20100101 Firefox/22.0"
91.121.24.97 - - [13/Aug/2013:03:51:26 -0400] "GET /robots.txt HTTP/1.0" 404 575 "-" "Mozilla/5.0 (compatible; MJ12bot/v1.4.3; http://www.majestic12.co.uk/bot.php?+)"
95.26.199.142 - - [13/Aug/2013:04:08:03 -0400] "GET /ytopics/camp/training/session/ysayings.txt HTTP/1.1" 200 6677 "http://www.michaelbrandwein.com/ytopics/camp/training/session/programboosters.html" "Mozilla/4.0 (compatible; MSIE 8.0; Windows NT 5.1; Trident/4.0; .NET CLR 1.1.4322; .NET CLR 2.0.50727; InfoPath.1; .NET CLR 3.0.4506.2152; .NET CLR 3.5.30729)"
176.195.255.23 - - [13/Aug/2013:04:18:50 -0400] "GET /ytopics/organizations/keynotes/ysayings.txt HTTP/1.0" 200 6677 "http://www.michaelbrandwein.com/ytopics/organizations/keynotes/houdinisgreatestsecrets.html" "Mozilla/4.0 (compatible; MSIE 7.0; Windows NT 5.1; .NET CLR 1.1.4322)"
174.125.117.129 - - [13/Aug/2013:01:59:16 -0400] "GET /products/trainingterrificstaff_clip_image002.jpg HTTP/1.1" 200 10083 "http://thecampdirector.com/2012/05/10/summer-camp-jobs-from-the-american-camp-association-job-list-for-may-1-2012/" "Mozilla/5.0 (Windows NT 6.1; WOW64; rv:22.0) Gecko/20100101 Firefox/22.0"
95.221.102.185 - - [13/Aug/2013:02:11:32 -0400] "GET /ytopics/organizations/workdirectly/ysayings.txt HTTP/1.0" 200 6677 "http://www.michaelbrandwein.com/ytopics/organizations/workdirectly/campgames.html" "Mozilla/4.0 (compatible; MSIE 7.0; Windows NT 5.1; .NET CLR 1.1.4322; .NET CLR 2.0.50727)"
50.50.186.48 - - [13/Aug/2013:11:49:22 -0400] "GET /favicon.ico HTTP/1.1" 404 575 "-" "Mozilla/5.0 (Macintosh; Intel Mac OS X 10_6_8) AppleWebKit/537.36 (KHTML, like Gecko) Chrome/28.0.1500.95 Safari/537.36"
166.137.191.22 - - [13/Aug/2013:23:19:23 -0400] "GET /graphics/arrowup.gif HTTP/1.1" 200 84 "http://www.michaelbrandwein.com/ycampconferences.html" "Mozilla/5.0 (iPhone; CPU iPhone OS 6_1_4 like Mac OS X) AppleWebKit/536.26 (KHTML, like Gecko) Version/6.0 Mobile/10B350 Safari/8536.25"
46.119.118.152 - - [13/Aug/2013:23:30:40 -0400] "GET /atopics/conflictcommunication.html HTTP/1.1" 200 8923 "http://cleaning-uborka.ru/" "Mozilla/4.0 (compatible; MSIE 6.0; Windows NT 5.1; Maxthon; .NET CLR 1.1.4322)"
173.199.120.75 - - [13/Aug/2013:09:27:18 -0400] "GET /ytopics/camp/training/admin/supervisingstaff.html HTTP/1.1" 200 10657 "-" "Mozilla/5.0 (compatible; AhrefsBot/4.0; +http://ahrefs.com/robot/)"
115.249.130.45 - - [13/Aug/2013:10:45:09 -0400] "GET /graphics/dot.gif HTTP/1.1" 200 114 "http://www.michaelbrandwein.com/presentations.html" "Mozilla/5.0 (Windows NT 6.2; WOW64) AppleWebKit/537.36 (KHTML, like Gecko) Chrome/28.0.1500.95 Safari/537.36"
27.251.83.10 - - [13/Aug/2013:11:15:01 -0400] "GET /atopics/customerisalwaysbrighter.html HTTP/1.1" 200 9374 "http://www.michaelbrandwein.com/presentations.html" "Mozilla/5.0 (Windows NT 6.1; WOW64) AppleWebKit/537.36 (KHTML, like Gecko) Chrome/28.0.1500.95 Safari/537.36"
27.251.83.10 - - [13/Aug/2013:11:15:02 -0400] "GET /favicon.ico HTTP/1.1" 404 575 "-" "Mozilla/5.0 (Windows NT 6.1; WOW64) AppleWebKit/537.36 (KHTML, like Gecko) Chrome/28.0.1500.95 Safari/537.36"
27.251.83.10 - - [13/Aug/2013:11:15:03 -0400] "GET /favicon.ico HTTP/1.1" 404 575 "-" "Mozilla/5.0 (Windows NT 6.1; WOW64) AppleWebKit/537.36 (KHTML, like Gecko) Chrome/28.0.1500.95 Safari/537.36"
