176.195.251.124 - - [13/Aug/2013:20:07:59 -0400] "GET /graphics/dot.gif HTTP/1.1" 200 114 "http://www.michaelbrandwein.com/ytopics/organizations/keynotes/houdinisgreatestsecrets.html" "Mozilla/4.0 (compatible; MSIE 8.0; Windows NT 5.1; Trident/4.0; .NET CLR 1.1.4322; .NET CLR 2.0.50727; .NET CLR 3.0.4506.2152; .NET CLR 3.5.30729)"
66.249.72.170 - - [13/Aug/2013:20:28:12 -0400] "GET /robots.txt HTTP/1.1" 404 575 "-" "Mozilla/5.0 (compatible; Googlebot/2.1; +http://www.google.com/bot.html)"
71.194.51.65 - - [13/Aug/2013:20:59:14 -0400] "GET / HTTP/1.1" 200 5960 "http://www.google.com/url?sa=t&rct=j&q=&esrc=s&frm=1&source=web&cd=1&ved=0CC4QFjAA&url=http%3A%2F%2Fwww.michaelbrandwein.com%2F&ei=U9YKUoGXH6qgyAGPzICACQ&usg=AFQjCNHDmaRDJnR-oh_qbwyh3MQ1xyJfyA&bvm=bv.50723672,d.aWc" "Mozilla/5.0 (compatible; MSIE 9.0; Windows NT 6.0; Trident/5.0)"
71.194.51.65 - - [13/Aug/2013:20:59:15 -0400] "GET /graphics/logoin.jpg HTTP/1.1" 200 14869 "http://www.michaelbrandwein.com/" "Mozilla/5.0 (compatible; MSIE 9.0; Windows NT 6.0; Trident/5.0)"
71.194.51.65 - - [13/Aug/2013:20:59:17 -0400] "GET /graphics/bodya.gif HTTP/1.1" 200 131 "http://www.michaelbrandwein.com/" "Mozilla/5.0 (compatible; MSIE 9.0; Windows NT 6.0; Trident/5.0)"
71.194.51.65 - - [13/Aug/2013:20:59:18 -0400] "GET /graphics/homeyouth2.jpg HTTP/1.1" 200 18018 "http://www.michaelbrandwein.com/" "Mozilla/5.0 (compatible; MSIE 9.0; Windows NT 6.0; Trident/5.0)"
71.194.51.65 - - [13/Aug/2013:21:01:42 -0400] "GET /images/answer5y.jpg HTTP/1.1" 200 9180 "http://www.michaelbrandwein.com/ybioabnormal.html" "Mozilla/5.0 (compatible; MSIE 9.0; Windows NT 6.0; Trident/5.0)"
157.55.32.109 - - [13/Aug/2013:23:26:00 -0400] "GET /bioabnormal.html HTTP/1.1" 200 13765 "-" "Mozilla/5.0 (compatible; bingbot/2.0; +http://www.bing.com/bingbot.htm)"
103.24.99.97 - - [13/Aug/2013:06:47:51 -0400] "GET /presentations.html HTTP/1.0" 200 12384 "https://www.google.com.pk/" "Mozilla/5.0 (Windows NT 6.1; WOW64) AppleWebKit/537.36 (KHTML, like Gecko) Chrome/28.0.1500.95 Safari/537.36"
103.24.99.97 - - [13/Aug/2013:06:47:53 -0400] "GET /images/banner2.jpg HTTP/1.0" 200 5488 "http://www.michaelbrandwein.com/presentations.html" "Mozilla/5.0 (Windows NT 6.1; WOW64) AppleWebKit/537.36 (KHTML, like Gecko) Chrome/28.0.1500.95 Safari/537.36"
129.72.155.8 - - [13/Aug/2013:12:01:58 -0400] "GET /css/brandwein.css HTTP/1.1" 200 2167 "http://michaelbrandwein.com/" "Mozilla/4.0 (compatible; MSIE 8.0; Windows NT 6.1; WOW64; Trident/4.0; GTB7.5; SLCC2; .NET CLR 2.0.50727; .NET CLR 3.5.30729; .NET CLR 3.0.30729; Media Center PC 6.0; InfoPath.3; .NET4.0C; AskTbORJ/5.15.23.36191)"
129.72.155.8 - - [13/Aug/2013:12:01:58 -0400] "GET /graphics/homeadult.jpg HTTP/1.1" 200 18635 "http://michaelbrandwein.com/" "Mozilla/4.0 (compatible; MSIE 8.0; Windows NT 6.1; WOW64; Trident/4.0; GTB7.5; SLCC2; .NET CLR 2.0.50727; .NET CLR 3.5.30729; .NET CLR 3.0.30729; Media Center PC 6.0; InfoPath.3; .NET4.0C; AskTbORJ/5.15.23.36191)"
129.72.155.8 - - [13/Aug/2013:12:01:59 -0400] "GET /graphics/bhomeenter3.jpg HTTP/1.1" 404 575 "http://michaelbrandwein.com/" "Mozilla/4.0 (compatible; MSIE 8.0; Windows NT 6.1; WOW64; Trident/4.0; GTB7.5; SLCC2; .NET CLR 2.0.50727; .NET CLR 3.5.30729; .NET CLR 3.0.30729; Media Center PC 6.0; InfoPath.3; .NET4.0C; AskTbORJ/5.15.23.36191)"
173.199.120.75 - - [13/Aug/2013:12:54:01 -0400] "GET /ytopics/schools/staffdev/ivetoldyouathousandtimes.html HTTP/1.1" 200 11278 "-" "Mozilla/5.0 (compatible; AhrefsBot/4.0; +http://ahrefs.com/robot/)"
109.173.83.102 - - [13/Aug/2013:14:30:37 -0400] "GET /ytopics/schools/staffdev/ysayings.txt HTTP/1.0" 200 6677 "http://www.michaelbrandwein.com/ytopics/schools/staffdev/helpingyoungpeople.html" "Mozilla/4.0 (compatible; MSIE 7.0; Windows NT 5.1; .NET CLR 1.1.4322)"
117.211.83.10 - - [13/Aug/2013:04:27:48 -0400] "GET /graphics/arrowup.gif HTTP/1.1" 200 84 "http://www.michaelbrandwein.com/presentations.html" "Mozilla/5.0 (Windows NT 5.1; rv:22.0) Gecko/20100101 Firefox/22.0"
5.9.82.183 - - [13/Aug/2013:00:07:45 -0400] "GET /ytopics/organizations/workdirectly/campgames.html HTTP/1.1" 200 10834 "-" "Mozilla/5.0 (compatible; SISTRIX Crawler; http://crawler.sistrix.net/)"
5.9.82.183 - - [13/Aug/2013:00:07:45 -0400] "GET /ytopics/organizations/workdirectly/howtohavegreatcommunication.html HTTP/1.1" 200 11577 "-" "Mozilla/5.0 (compatible; SISTRIX Crawler; http://crawler.sistrix.net/)"
5.9.82.183 - - [13/Aug/2013:00:07:46 -0400] "GET /ytopics/organizations/workdirectly/magicoffamilycommunication.html HTTP/1.1" 200 11004 "-" "Mozilla/5.0 (compatible; SISTRIX Crawler; http://crawler.sistrix.net/)"
5.9.82.183 - - [13/Aug/2013:00:07:46 -0400] "GET /ytopics/schools/keynotes/theresnosuchthing.html HTTP/1.1" 200 10879 "-" "Mozilla/5.0 (compatible; SISTRIX Crawler; http://crawler.sistrix.net/)"
5.9.82.183 - - [13/Aug/2013:00:07:48 -0400] "GET /ytopics/schools/keynotes/invisiblehandcuffs.html HTTP/1.1" 200 11150 "-" "Mozilla/5.0 (compatible; SISTRIX Crawler; http://crawler.sistrix.net/)"
5.9.82.183 - - [13/Aug/2013:00:07:49 -0400] "GET /ytopics/schools/keynotes/showvstell.html HTTP/1.1" 200 10958 "-" "Mozilla/5.0 (compatible; SISTRIX Crawler; http://crawler.sistrix.net/)"
5.9.82.183 - - [13/Aug/2013:00:07:49 -0400] "GET /ytopics/schools/keynotes/safetheenvironment.html HTTP/1.1" 200 11396 "-" "Mozilla/5.0 (compatible; SISTRIX Crawler; http://crawler.sistrix.net/)"
5.9.82.183 - - [13/Aug/2013:00:07:49 -0400] "GET /ytopics/schools/keynotes/lookimready.html HTTP/1.1" 200 11060 "-" "Mozilla/5.0 (compatible; SISTRIX Crawler; http://crawler.sistrix.net/)"
5.9.82.183 - - [13/Aug/2013:00:07:51 -0400] "GET /ytopics/schools/admin/intentionalschool.html HTTP/1.1" 200 11584 "-" "Mozilla/5.0 (compatible; SISTRIX Crawler; http://crawler.sistrix.net/)"
5.9.82.183 - - [13/Aug/2013:00:07:51 -0400] "GET /ytopics/schools/admin/superstaffsupervision.html HTTP/1.1" 200 11190 "-" "Mozilla/5.0 (compatible; SISTRIX Crawler; http://crawler.sistrix.net/)"
5.9.82.183 - - [13/Aug/2013:00:07:52 -0400] "GET /ytopics/schools/admin/cdos.html HTTP/1.1" 200 11132 "-" "Mozilla/5.0 (compatible; SISTRIX Crawler; http://crawler.sistrix.net/)"
5.9.82.183 - - [13/Aug/2013:00:07:52 -0400] "GET /ytopics/schools/admin/conflictcommunication.html HTTP/1.1" 200 11159 "-" "Mozilla/5.0 (compatible; SISTRIX Crawler; http://crawler.sistrix.net/)"
5.9.82.183 - - [13/Aug/2013:00:07:53 -0400] "GET /ytopics/schools/admin/valuofvaryingviews.html HTTP/1.1" 200 11242 "-" "Mozilla/5.0 (compatible; SISTRIX Crawler; http://crawler.sistrix.net/)"
5.9.82.183 - - [13/Aug/2013:00:07:53 -0400] "GET /ytopics/schools/admin/laserbeam.html HTTP/1.1" 200 11810 "-" "Mozilla/5.0 (compatible; SISTRIX Crawler; http://crawler.sistrix.net/)"
5.9.82.183 - - [13/Aug/2013:00:07:53 -0400] "GET /ytopics/schools/admin/motivatingcommunication.html HTTP/1.1" 200 11198 "-" "Mozilla/5.0 (compatible; SISTRIX Crawler; http://crawler.sistrix.net/)"
5.9.82.183 - - [13/Aug/2013:00:07:54 -0400] "GET /ytopics/schools/admin/deathofmeaninglessmeetings.html HTTP/1.1" 200 11453 "-" "Mozilla/5.0 (compatible; SISTRIX Crawler; http://crawler.sistrix.net/)"
5.9.82.183 - - [13/Aug/2013:00:07:56 -0400] "GET /ytopics/schools/admin/howtospeak.html HTTP/1.1" 200 12290 "-" "Mozilla/5.0 (compatible; SISTRIX Crawler; http://crawler.sistrix.net/)"
5.9.82.183 - - [13/Aug/2013:00:07:56 -0400] "GET /ytopics/schools/admin/timemanagement.html HTTP/1.1" 200 10989 "-" "Mozilla/5.0 (compatible; SISTRIX Crawler; http://crawler.sistrix.net/)"
5.9.82.183 - - [13/Aug/2013:00:07:56 -0400] "GET /ytopics/schools/staffdev/armsescalation.html HTTP/1.1" 200 11474 "-" "Mozilla/5.0 (compatible; SISTRIX Crawler; http://crawler.sistrix.net/)"
5.9.82.183 - - [13/Aug/2013:00:07:57 -0400] "GET /ytopics/schools/staffdev/motivatinglearning.html HTTP/1.1" 200 11011 "-" "Mozilla/5.0 (compatible; SISTRIX Crawler; http://crawler.sistrix.net/)"
5.9.82.183 - - [13/Aug/2013:00:07:58 -0400] "GET /ytopics/schools/staffdev/magicofmightyminds.html HTTP/1.1" 200 11422 "-" "Mozilla/5.0 (compatible; SISTRIX Crawler; http://crawler.sistrix.net/)"
5.9.82.183 - - [13/Aug/2013:00:07:59 -0400] "GET /ytopics/schools/staffdev/buildingbetterchildren.html HTTP/1.1" 200 11493 "-" "Mozilla/5.0 (compatible; SISTRIX Crawler; http://crawler.sistrix.net/)"
5.9.82.183 - - [13/Aug/2013:00:07:59 -0400] "GET /ytopics/schools/staffdev/laserbeam.html HTTP/1.1" 200 12535 "-" "Mozilla/5.0 (compatible; SISTRIX Crawler; http://crawler.sistrix.net/)"
5.9.82.183 - - [13/Aug/2013:00:07:59 -0400] "GET /ytopics/schools/staffdev/dumpingtheds.html HTTP/1.1" 200 11304 "-" "Mozilla/5.0 (compatible; SISTRIX Crawler; http://crawler.sistrix.net/)"
66.249.75.94 - - [13/Aug/2013:00:54:49 -0400] "GET / HTTP/1.1" 200 5960 "-" "Mozilla/5.0 (iPhone; U; CPU iPhone OS 4_1 like Mac OS X; en-us) AppleWebKit/532.9 (KHTML, like Gecko) Version/4.0.5 Mobile/8B117 Safari/6531.22.7 (compatible; Googlebot-Mobile/2.1; +http://www.google.com/bot.html)"
46.188.22.137 - - [13/Aug/2013:02:40:46 -0400] "GET /ytopics/camp/conferences/intentionalcamppresenting.html HTTP/1.0" 200 10728 "http://yandex.ru/yandsearch?text=www.michaelbrandwein.com&lr=213" "Mozilla/4.0 (compatible; MSIE 7.0; Windows NT 5.1; .NET CLR 1.1.4322; .NET CLR 2.0.50727; InfoPath.1)"
89.222.217.246 - - [13/Aug/2013:02:56:49 -0400] "GET /ytopics/schools/parents/seeingisbelieving.html HTTP/1.0" 200 10900 "http://yandex.ru/yandsearch?text=www.michaelbrandwein.com&lr=213" "Mozilla/4.0 (compatible; MSIE 6.0; Windows NT 5.1; SV1; .NET CLR 2.0.50727; .NET CLR 3.0.4506.2152; .NET CLR 3.5.30729)"
173.199.120.75 - - [13/Aug/2013:09:10:57 -0400] "GET /ytopics/schools/staffdev/helpingyoungpeople.html HTTP/1.1" 200 11282 "-" "Mozilla/5.0 (compatible; AhrefsBot/4.0; +http://ahrefs.com/robot/)"
5.22.52.54 - - [13/Aug/2013:11:01:24 -0400] "GET /graphics/bhomeenter3.jpg HTTP/1.1" 404 575 "http://www.michaelbrandwein.com/" "Mozilla/5.0 (Windows NT 6.1; WOW64) AppleWebKit/537.36 (KHTML, like Gecko) Chrome/27.0.1453.110 Safari/537.36"
27.251.83.10 - - [13/Aug/2013:11:14:31 -0400] "GET /favicon.ico HTTP/1.1" 404 575 "-" "Mozilla/5.0 (Windows NT 6.1; WOW64) AppleWebKit/537.36 (KHTML, like Gecko) Chrome/28.0.1500.95 Safari/537.36"
27.251.83.10 - - [13/Aug/2013:11:14:32 -0400] "GET /favicon.ico HTTP/1.1" 404 575 "-" "Mozilla/5.0 (Windows NT 6.1; WOW64) AppleWebKit/537.36 (KHTML, like Gecko) Chrome/28.0.1500.95 Safari/537.36"
95.221.82.115 - - [13/Aug/2013:11:34:22 -0400] "GET /ytopics/camp/conferences/timemanagement.html HTTP/1.0" 200 10548 "http://yandex.ru/yandsearch?text=www.michaelbrandwein.com&lr=213" "Mozilla/4.0 (compatible; MSIE 7.0; Windows NT 5.1; .NET CLR 1.1.4322; .NET CLR 2.0.50727; .NET CLR 3.0.4506.2152; .NET CLR 3.5.30729)"
95.221.82.115 - - [13/Aug/2013:11:34:28 -0400] "GET /ytopics/camp/conferences/ysayings.txt HTTP/1.0" 200 6677 "http://www.michaelbrandwein.com/ytopics/camp/conferences/timemanagement.html" "Mozilla/4.0 (compatible; MSIE 7.0; Windows NT 5.1; .NET CLR 1.1.4322; .NET CLR 2.0.50727; .NET CLR 3.0.4506.2152; .NET CLR 3.5.30729)"
23.20.107.73 - - [13/Aug/2013:19:59:29 -0400] "GET / HTTP/1.1" 200 5960 "-" "Ruby"
71.194.51.65 - - [13/Aug/2013:20:59:15 -0400] "GET /graphics/bgwh.gif HTTP/1.1" 200 49 "http://www.michaelbrandwein.com/" "Mozilla/5.0 (compatible; MSIE 9.0; Windows NT 6.0; Trident/5.0)"
71.194.51.65 - - [13/Aug/2013:20:59:17 -0400] "GET /graphics/bodyy.gif HTTP/1.1" 200 124 "http://www.michaelbrandwein.com/" "Mozilla/5.0 (compatible; MSIE 9.0; Windows NT 6.0; Trident/5.0)"
71.194.51.65 - - [13/Aug/2013:20:59:18 -0400] "GET /graphics/homeadult2.jpg HTTP/1.1" 200 19380 "http://www.michaelbrandwein.com/" "Mozilla/5.0 (compatible; MSIE 9.0; Windows NT 6.0; Trident/5.0)"
71.194.51.65 - - [13/Aug/2013:20:59:47 -0400] "GET /graphics/oval6.jpg HTTP/1.1" 200 3369 "http://www.michaelbrandwein.com/youth.html" "Mozilla/5.0 (compatible; MSIE 9.0; Windows NT 6.0; Trident/5.0)"
65.82.136.2 - - [13/Aug/2013:09:31:20 -0400] "GET /products/superstaffsupervision_clip_image002.jpg HTTP/1.1" 200 9705 "http://thecampdirector.com/2008/03/18/helping-your-camp-staff-develop-their-resume/" "Mozilla/5.0 (Windows NT 6.1) AppleWebKit/537.36 (KHTML, like Gecko) Chrome/28.0.1500.95 Safari/537.36"
5.9.82.183 - - [13/Aug/2013:00:05:19 -0400] "GET /videopreviews.html HTTP/1.1" 200 15840 "-" "Mozilla/5.0 (compatible; SISTRIX Crawler; http://crawler.sistrix.net/)"
5.9.82.183 - - [13/Aug/2013:00:05:20 -0400] "GET /presentations.html HTTP/1.1" 200 12384 "-" "Mozilla/5.0 (compatible; SISTRIX Crawler; http://crawler.sistrix.net/)"
5.9.82.183 - - [13/Aug/2013:00:05:20 -0400] "GET /approach.html HTTP/1.1" 200 11194 "-" "Mozilla/5.0 (compatible; SISTRIX Crawler; http://crawler.sistrix.net/)"
5.9.82.183 - - [13/Aug/2013:00:05:20 -0400] "GET /clientlist.html HTTP/1.1" 200 18342 "-" "Mozilla/5.0 (compatible; SISTRIX Crawler; http://crawler.sistrix.net/)"
5.9.82.183 - - [13/Aug/2013:00:05:21 -0400] "GET /clientcomments.html HTTP/1.1" 200 29967 "-" "Mozilla/5.0 (compatible; SISTRIX Crawler; http://crawler.sistrix.net/)"
5.9.82.183 - - [13/Aug/2013:00:05:21 -0400] "GET /participantcomments.html HTTP/1.1" 200 37033 "-" "Mozilla/5.0 (compatible; SISTRIX Crawler; http://crawler.sistrix.net/)"
5.9.82.183 - - [13/Aug/2013:00:05:21 -0400] "GET /contact.html HTTP/1.1" 200 14317 "-" "Mozilla/5.0 (compatible; SISTRIX Crawler; http://crawler.sistrix.net/)"
5.9.82.183 - - [13/Aug/2013:00:05:22 -0400] "GET /mailinglist.html HTTP/1.1" 200 13790 "-" "Mozilla/5.0 (compatible; SISTRIX Crawler; http://crawler.sistrix.net/)"
5.9.82.183 - - [13/Aug/2013:00:05:23 -0400] "GET /sitemapadult.html HTTP/1.1" 200 12395 "-" "Mozilla/5.0 (compatible; SISTRIX Crawler; http://crawler.sistrix.net/)"
5.9.82.183 - - [13/Aug/2013:00:05:23 -0400] "GET /atopics/realtruth.html HTTP/1.1" 200 9124 "-" "Mozilla/5.0 (compatible; SISTRIX Crawler; http://crawler.sistrix.net/)"
5.9.82.183 - - [13/Aug/2013:00:05:24 -0400] "GET /atopics/leadingsecrets.html HTTP/1.1" 200 8991 "-" "Mozilla/5.0 (compatible; SISTRIX Crawler; http://crawler.sistrix.net/)"
5.9.82.183 - - [13/Aug/2013:00:05:24 -0400] "GET /atopics/houdini.html HTTP/1.1" 200 9351 "-" "Mozilla/5.0 (compatible; SISTRIX Crawler; http://crawler.sistrix.net/)"
5.9.82.183 - - [13/Aug/2013:00:05:25 -0400] "GET /atopics/conflictcommunication.html HTTP/1.1" 200 8923 "-" "Mozilla/5.0 (compatible; SISTRIX Crawler; http://crawler.sistrix.net/)"
5.9.82.183 - - [13/Aug/2013:00:05:25 -0400] "GET /atopics/superstaffsupervision.html HTTP/1.1" 200 8972 "-" "Mozilla/5.0 (compatible; SISTRIX Crawler; http://crawler.sistrix.net/)"
5.9.82.183 - - [13/Aug/2013:00:05:26 -0400] "GET /atopics/valueofvaryingviews.html HTTP/1.1" 200 9023 "-" "Mozilla/5.0 (compatible; SISTRIX Crawler; http://crawler.sistrix.net/)"
5.9.82.183 - - [13/Aug/2013:00:05:26 -0400] "GET /atopics/laserbeam.html HTTP/1.1" 200 9569 "-" "Mozilla/5.0 (compatible; SISTRIX Crawler; http://crawler.sistrix.net/)"
5.9.82.183 - - [13/Aug/2013:00:05:27 -0400] "GET /atopics/motivatingcommunication.html HTTP/1.1" 200 8994 "-" "Mozilla/5.0 (compatible; SISTRIX Crawler; http://crawler.sistrix.net/)"
5.9.82.183 - - [13/Aug/2013:00:05:27 -0400] "GET /atopics/workingsmarter.html HTTP/1.1" 200 8512 "-" "Mozilla/5.0 (compatible; SISTRIX Crawler; http://crawler.sistrix.net/)"
5.9.82.183 - - [13/Aug/2013:00:05:28 -0400] "GET /atopics/customerisalwaysbrighter.html HTTP/1.1" 200 9374 "-" "Mozilla/5.0 (compatible; SISTRIX Crawler; http://crawler.sistrix.net/)"
5.9.82.183 - - [13/Aug/2013:00:05:28 -0400] "GET /atopics/nofuninfungible.html HTTP/1.1" 200 8864 "-" "Mozilla/5.0 (compatible; SISTRIX Crawler; http://crawler.sistrix.net/)"
5.9.82.183 - - [13/Aug/2013:00:05:29 -0400] "GET /atopics/supervisingservicesuccess.html HTTP/1.1" 200 8886 "-" "Mozilla/5.0 (compatible; SISTRIX Crawler; http://crawler.sistrix.net/)"
5.9.82.183 - - [13/Aug/2013:00:05:31 -0400] "GET /atopics/managingvolunteers.html HTTP/1.1" 200 8896 "-" "Mozilla/5.0 (compatible; SISTRIX Crawler; http://crawler.sistrix.net/)"
85.25.134.59 - - [13/Aug/2013:00:31:50 -0400] "GET /robots.txt HTTP/1.1" 404 575 "http://netcomber.com/michaelbrandwein.com?st=br" "NCBot (http://netcomber.com?st=ba : tool for finding true domain owners) Queries/complaints: bot@netcomber.com"
66.249.75.94 - - [13/Aug/2013:00:54:49 -0400] "GET /robots.txt HTTP/1.1" 404 575 "-" "Mozilla/5.0 (compatible; Googlebot/2.1; +http://www.google.com/bot.html)"
66.87.148.37 - - [13/Aug/2013:01:06:26 -0400] "GET /graphics/logoin.jpg HTTP/1.1" 200 14869 "http://www.michaelbrandwein.com/products/trainingterrificstaff.html" "Mozilla/5.0 (iPhone; CPU iPhone OS 6_1_3 like Mac OS X) AppleWebKit/536.26 (KHTML, like Gecko) Version/6.0 Mobile/10B329 Safari/8536.25"
66.87.148.37 - - [13/Aug/2013:01:06:27 -0400] "GET /products/ysayings.txt HTTP/1.1" 200 6677 "http://www.michaelbrandwein.com/products/trainingterrificstaff.html" "Mozilla/5.0 (iPhone; CPU iPhone OS 6_1_3 like Mac OS X) AppleWebKit/536.26 (KHTML, like Gecko) Version/6.0 Mobile/10B329 Safari/8536.25"
65.55.213.79 - - [13/Aug/2013:15:16:24 -0400] "GET /adult.html HTTP/1.1" 200 13694 "-" "msnbot/2.0b (+http://search.msn.com/msnbot.htm)"
166.137.191.22 - - [13/Aug/2013:23:18:53 -0400] "GET /graphics/oval1.jpg HTTP/1.1" 200 14070 "http://www.michaelbrandwein.com/youth.html" "Mozilla/5.0 (iPhone; CPU iPhone OS 6_1_4 like Mac OS X) AppleWebKit/536.26 (KHTML, like Gecko) Version/6.0 Mobile/10B350 Safari/8536.25"
166.137.191.22 - - [13/Aug/2013:23:18:53 -0400] "GET /graphics/oval5.jpg HTTP/1.1" 200 14409 "http://www.michaelbrandwein.com/youth.html" "Mozilla/5.0 (iPhone; CPU iPhone OS 6_1_4 like Mac OS X) AppleWebKit/536.26 (KHTML, like Gecko) Version/6.0 Mobile/10B350 Safari/8536.25"
166.137.191.22 - - [13/Aug/2013:23:18:53 -0400] "GET /graphics/oval2.jpg HTTP/1.1" 200 14082 "http://www.michaelbrandwein.com/youth.html" "Mozilla/5.0 (iPhone; CPU iPhone OS 6_1_4 like Mac OS X) AppleWebKit/536.26 (KHTML, like Gecko) Version/6.0 Mobile/10B350 Safari/8536.25"
157.55.32.109 - - [13/Aug/2013:23:25:51 -0400] "GET /atopics/laserbeam.html HTTP/1.1" 200 9569 "-" "Mozilla/5.0 (compatible; bingbot/2.0; +http://www.bing.com/bingbot.htm)"
193.106.136.58 - - [13/Aug/2013:06:34:01 -0400] "GET /atopics/conflictcommunication.html HTTP/1.1" 200 8923 "http://dom-o-fon.ru/" "Mozilla/4.0 (compatible; MSIE 6.0; Windows NT 5.1; SV1)"
122.170.126.130 - - [13/Aug/2013:07:39:31 -0400] "GET /graphics/hr2a.jpg HTTP/1.1" 200 8132 "http://www.michaelbrandwein.com/presentations.html" "Mozilla/5.0 (Windows NT 6.1) AppleWebKit/537.36 (KHTML, like Gecko) Chrome/28.0.1500.95 Safari/537.36"
122.170.126.130 - - [13/Aug/2013:07:39:32 -0400] "GET /favicon.ico HTTP/1.1" 404 575 "-" "Mozilla/5.0 (Windows NT 6.1) AppleWebKit/537.36 (KHTML, like Gecko) Chrome/28.0.1500.95 Safari/537.36"
155.41.122.184 - - [13/Aug/2013:08:19:20 -0400] "GET /css/youth.css HTTP/1.1" 200 8470 "http://michaelbrandwein.com/yresources.html" "Mozilla/5.0 (Windows NT 6.1; WOW64; rv:22.0) Gecko/20100101 Firefox/22.0"
155.41.122.184 - - [13/Aug/2013:08:19:20 -0400] "GET /images/LL-excerpt-1-pics100.jpg HTTP/1.1" 200 6531 "http://michaelbrandwein.com/yresources.html" "Mozilla/5.0 (Windows NT 6.1; WOW64; rv:22.0) Gecko/20100101 Firefox/22.0"
155.41.122.184 - - [13/Aug/2013:08:19:21 -0400] "GET /images/LL-excerpt-3-pics100.jpg HTTP/1.1" 200 7366 "http://michaelbrandwein.com/yresources.html" "Mozilla/5.0 (Windows NT 6.1; WOW64; rv:22.0) Gecko/20100101 Firefox/22.0"
155.41.122.184 - - [13/Aug/2013:08:19:21 -0400] "GET /graphics/windowsmedia_masthead_ltr.gif HTTP/1.1" 200 3184 "http://michaelbrandwein.com/yresources.html" "Mozilla/5.0 (Windows NT 6.1; WOW64; rv:22.0) Gecko/20100101 Firefox/22.0"
79.120.197.222 - - [13/Aug/2013:08:22:04 -0400] "GET /yresources.html HTTP/1.1" 200 31536 "http://www.michaelbrandwein.com/ycamptraining.html" "Mozilla/5.0 (Windows NT 6.1; rv:20.0) Gecko/20100101 Firefox/20.0"
79.120.197.222 - - [13/Aug/2013:08:22:04 -0400] "GET /images/LL-excerpt-2-pics100.jpg HTTP/1.1" 200 7557 "http://www.michaelbrandwein.com/yresources.html" "Mozilla/5.0 (Windows NT 6.1; rv:20.0) Gecko/20100101 Firefox/20.0"
79.120.197.222 - - [13/Aug/2013:08:22:05 -0400] "GET /images/LL-excerpt-4-pics100.jpg HTTP/1.1" 200 5494 "http://www.michaelbrandwein.com/yresources.html" "Mozilla/5.0 (Windows NT 6.1; rv:20.0) Gecko/20100101 Firefox/20.0"
79.120.197.222 - - [13/Aug/2013:08:22:05 -0400] "GET /images/yresources_clip_image010.jpg HTTP/1.1" 200 5361 "http://www.michaelbrandwein.com/yresources.html" "Mozilla/5.0 (Windows NT 6.1; rv:20.0) Gecko/20100101 Firefox/20.0"
79.120.197.222 - - [13/Aug/2013:08:22:05 -0400] "GET /graphics/logo_real.gif HTTP/1.1" 200 575 "http://www.michaelbrandwein.com/yresources.html" "Mozilla/5.0 (Windows NT 6.1; rv:20.0) Gecko/20100101 Firefox/20.0"
95.221.2.251 - - [13/Aug/2013:03:13:02 -0400] "GET /css/youth.css HTTP/1.0" 200 8470 "http://www.michaelbrandwein.com/ytopics/camp/training/staff/improvtoimprove.html" "Mozilla/4.0 (compatible; MSIE 7.0; Windows NT 5.1)"
61.4.110.238 - - [13/Aug/2013:03:45:50 -0400] "GET /presentations.html HTTP/1.1" 200 12384 "http://www.google.com/url?sa=t&rct=j&q=presentation%20topics%20for%20business&source=web&cd=1&ved=0CDcQFjAA&url=http%3A%2F%2Fwww.michaelbrandwein.com%2Fpresentations.html&ei=VuMJUpjIBuW1iQee6oGwCA&usg=AFQjCNE8ZOJzjyds3xDmTTzj43s7X6aVRg" "Mozilla/5.0 (Windows NT 6.1; rv:12.0) Gecko/20100101 Firefox/12.0"
176.195.195.149 - - [13/Aug/2013:04:02:22 -0400] "GET /graphics/hry2.jpg HTTP/1.1" 200 305 "http://www.michaelbrandwein.com/ytopics/organizations/supervise/nofuninfungible.html" "Mozilla/4.0 (compatible; MSIE 8.0; Windows NT 5.1; Trident/4.0; GTB6.6; .NET CLR 1.1.4322; .NET CLR 2.0.50727; .NET CLR 3.0.4506.2152; .NET CLR 3.5.30729)"
178.154.206.251 - - [13/Aug/2013:18:06:02 -0400] "GET / HTTP/1.1" 200 5960 "-" "Mozilla/5.0 (compatible; YandexBot/3.0; +http://yandex.com/bots)"
71.194.51.65 - - [13/Aug/2013:20:59:46 -0400] "GET /css/youth.css HTTP/1.1" 200 8470 "http://www.michaelbrandwein.com/youth.html" "Mozilla/5.0 (compatible; MSIE 9.0; Windows NT 6.0; Trident/5.0)"
71.194.51.65 - - [13/Aug/2013:20:59:47 -0400] "GET /images/banner2.jpg HTTP/1.1" 200 5488 "http://www.michaelbrandwein.com/youth.html" "Mozilla/5.0 (compatible; MSIE 9.0; Windows NT 6.0; Trident/5.0)"
71.194.51.65 - - [13/Aug/2013:20:59:47 -0400] "GET /graphics/oval5.jpg HTTP/1.1" 200 14409 "http://www.michaelbrandwein.com/youth.html" "Mozilla/5.0 (compatible; MSIE 9.0; Windows NT 6.0; Trident/5.0)"
157.55.32.109 - - [13/Aug/2013:23:24:55 -0400] "GET /acomments/councilonfound.html HTTP/1.1" 200 8582 "-" "Mozilla/5.0 (compatible; bingbot/2.0; +http://www.bing.com/bingbot.htm)"
131.253.24.67 - - [13/Aug/2013:06:01:49 -0400] "GET /css/youth.css HTTP/1.1" 200 8470 "http://www.michaelbrandwein.com/ytopics/camp/training/admin/supervisingstaff.html" "Mozilla/4.0 (compatible; MSIE 7.0; Windows NT 5.1; SV1; .NET CLR 1.1.4325; .NET CLR 2.0.50727; .NET CLR 3.0.30729; .NET CLR 3.5.30707; MS-RTC LM 8)"
131.253.24.67 - - [13/Aug/2013:06:01:52 -0400] "GET /ytopics/camp/training/admin/ysayings.txt HTTP/1.1" 200 6677 "http://www.michaelbrandwein.com/ytopics/camp/training/admin/supervisingstaff.html" "Mozilla/4.0 (compatible; MSIE 7.0; Windows NT 5.1; SV1; .NET CLR 1.1.4325; .NET CLR 2.0.50727; .NET CLR 3.0.30729; .NET CLR 3.5.30707; MS-RTC LM 8)"
157.55.32.149 - - [13/Aug/2013:08:02:15 -0400] "GET /yproductsnew.html HTTP/1.1" 304 - "-" "Mozilla/5.0 (compatible; bingbot/2.0; +http://www.bing.com/bingbot.htm)"
157.55.32.149 - - [13/Aug/2013:08:28:30 -0400] "GET /graphics/logoin.jpg HTTP/1.1" 200 14869 "-" "Mozilla/5.0 (compatible; bingbot/2.0; +http://www.bing.com/bingbot.htm)"
129.72.155.8 - - [13/Aug/2013:12:01:58 -0400] "GET / HTTP/1.1" 200 5960 "-" "Mozilla/4.0 (compatible; MSIE 8.0; Windows NT 6.1; WOW64; Trident/4.0; GTB7.5; SLCC2; .NET CLR 2.0.50727; .NET CLR 3.5.30729; .NET CLR 3.0.30729; Media Center PC 6.0; InfoPath.3; .NET4.0C; AskTbORJ/5.15.23.36191)"
129.72.155.8 - - [13/Aug/2013:12:01:58 -0400] "GET /graphics/logoin.jpg HTTP/1.1" 200 14869 "http://michaelbrandwein.com/" "Mozilla/4.0 (compatible; MSIE 8.0; Windows NT 6.1; WOW64; Trident/4.0; GTB7.5; SLCC2; .NET CLR 2.0.50727; .NET CLR 3.5.30729; .NET CLR 3.0.30729; Media Center PC 6.0; InfoPath.3; .NET4.0C; AskTbORJ/5.15.23.36191)"
129.72.155.8 - - [13/Aug/2013:12:01:58 -0400] "GET /graphics/homeyouth.jpg HTTP/1.1" 200 17174 "http://michaelbrandwein.com/" "Mozilla/4.0 (compatible; MSIE 8.0; Windows NT 6.1; WOW64; Trident/4.0; GTB7.5; SLCC2; .NET CLR 2.0.50727; .NET CLR 3.5.30729; .NET CLR 3.0.30729; Media Center PC 6.0; InfoPath.3; .NET4.0C; AskTbORJ/5.15.23.36191)"
132.177.210.220 - - [13/Aug/2013:13:48:23 -0400] "GET /css/youth.css HTTP/1.1" 200 8470 "http://michaelbrandwein.com/yresources.html" "Mozilla/5.0 (Windows NT 6.1; WOW64) AppleWebKit/537.36 (KHTML, like Gecko) Chrome/28.0.1500.95 Safari/537.36"
132.177.210.220 - - [13/Aug/2013:13:48:23 -0400] "GET /images/banner2.jpg HTTP/1.1" 200 5488 "http://michaelbrandwein.com/yresources.html" "Mozilla/5.0 (Windows NT 6.1; WOW64) AppleWebKit/537.36 (KHTML, like Gecko) Chrome/28.0.1500.95 Safari/537.36"
132.177.210.220 - - [13/Aug/2013:13:48:23 -0400] "GET /images/LL-excerpt-4-pics100.jpg HTTP/1.1" 200 5494 "http://michaelbrandwein.com/yresources.html" "Mozilla/5.0 (Windows NT 6.1; WOW64) AppleWebKit/537.36 (KHTML, like Gecko) Chrome/28.0.1500.95 Safari/537.36"
132.177.210.220 - - [13/Aug/2013:13:48:24 -0400] "GET /images/yresources_clip_image008.jpg HTTP/1.1" 200 6040 "http://michaelbrandwein.com/yresources.html" "Mozilla/5.0 (Windows NT 6.1; WOW64) AppleWebKit/537.36 (KHTML, like Gecko) Chrome/28.0.1500.95 Safari/537.36"
132.177.210.220 - - [13/Aug/2013:13:48:24 -0400] "GET /graphics/windowsmedia_masthead_ltr.gif HTTP/1.1" 200 3184 "http://michaelbrandwein.com/yresources.html" "Mozilla/5.0 (Windows NT 6.1; WOW64) AppleWebKit/537.36 (KHTML, like Gecko) Chrome/28.0.1500.95 Safari/537.36"
132.177.210.220 - - [13/Aug/2013:13:48:25 -0400] "GET /favicon.ico HTTP/1.1" 404 575 "-" "Mozilla/5.0 (Windows NT 6.1; WOW64) AppleWebKit/537.36 (KHTML, like Gecko) Chrome/28.0.1500.95 Safari/537.36"
173.199.120.75 - - [13/Aug/2013:03:11:46 -0400] "GET /atopics/realtruth.html HTTP/1.1" 200 9124 "-" "Mozilla/5.0 (compatible; AhrefsBot/4.0; +http://ahrefs.com/robot/)"
89.178.246.223 - - [13/Aug/2013:04:04:37 -0400] "GET /images/banner2.jpg HTTP/1.1" 200 5488 "http://www.michaelbrandwein.com/ytopics/schools/parents/howtohavegreatcommunication.html" "Opera/9.80 (Windows NT 5.1; U; ru) Presto/2.6.30 Version/10.63"
176.195.255.23 - - [13/Aug/2013:02:14:40 -0400] "GET /images/banner2.jpg HTTP/1.1" 200 5488 "http://www.michaelbrandwein.com/ytopics/camp/training/staff/topteaching.html" "Mozilla/5.0 (Windows; U; Windows NT 5.1; ru; rv:1.9.2.12) Gecko/20101026 Firefox/3.6.12"
115.249.130.45 - - [13/Aug/2013:10:45:09 -0400] "GET /graphics/hr2a.jpg HTTP/1.1" 200 8132 "http://www.michaelbrandwein.com/presentations.html" "Mozilla/5.0 (Windows NT 6.2; WOW64) AppleWebKit/537.36 (KHTML, like Gecko) Chrome/28.0.1500.95 Safari/537.36"
115.249.130.45 - - [13/Aug/2013:10:45:12 -0400] "GET /favicon.ico HTTP/1.1" 404 575 "-" "Mozilla/5.0 (Windows NT 6.2; WOW64) AppleWebKit/537.36 (KHTML, like Gecko) Chrome/28.0.1500.95 Safari/537.36"
95.221.2.251 - - [13/Aug/2013:11:46:35 -0400] "GET /graphics/dot.gif HTTP/1.1" 200 114 "http://www.michaelbrandwein.com/ytopics/camp/training/staff/improvtoimprove.html" "Mozilla/5.0 (Windows; U; Windows NT 5.1; en-US) AppleWebKit/534.7 (KHTML, like Gecko) Chrome/7.0.517.44 Safari/534.7"
65.55.213.79 - - [13/Aug/2013:15:16:24 -0400] "GET /robots.txt HTTP/1.1" 404 575 "-" "msnbot/2.0b (+http://search.msn.com/msnbot.htm)"
66.220.152.116 - - [13/Aug/2013:15:46:42 -0400] "GET /graphics/logoin.jpg HTTP/1.1" 206 14869 "-" "facebookexternalhit/1.1 (+http://www.facebook.com/externalhit_uatext.php)"
75.151.181.33 - - [13/Aug/2013:16:48:34 -0400] "GET /products/trainingterrificstaff_clip_image002.jpg HTTP/1.1" 200 10083 "http://thecampdirector.com/" "Mozilla/5.0 (Macintosh; Intel Mac OS X 10_6_8) AppleWebKit/534.59.8 (KHTML, like Gecko) Version/5.1.9 Safari/534.59.8"
96.58.232.81 - - [13/Aug/2013:17:16:25 -0400] "GET /products/superstaffsupervision_clip_image002.jpg HTTP/1.1" 200 9705 "http://thecampdirector.com/" "Mozilla/5.0 (Macintosh; Intel Mac OS X 10.7; rv:22.0) Gecko/20100101 Firefox/22.0"
66.249.72.94 - - [13/Aug/2013:20:48:23 -0400] "GET /pdf/Camp%20Staff%20Training%20Topics.pdf HTTP/1.1" 304 - "-" "Mozilla/5.0 (compatible; Googlebot/2.1; +http://www.google.com/bot.html)"
157.56.93.49 - - [13/Aug/2013:18:26:10 -0400] "GET /youth.html HTTP/1.1" 200 14317 "-" "Mozilla/5.0 (compatible; bingbot/2.0; +http://www.bing.com/bingbot.htm)"
66.249.72.94 - - [13/Aug/2013:19:27:32 -0400] "GET /yresources.html HTTP/1.1" 304 - "-" "Mozilla/5.0 (compatible; Googlebot/2.1; +http://www.google.com/bot.html)"
95.221.82.115 - - [13/Aug/2013:11:34:23 -0400] "GET /css/youth.css HTTP/1.0" 200 8470 "http://www.michaelbrandwein.com/ytopics/camp/conferences/timemanagement.html" "Mozilla/4.0 (compatible; MSIE 7.0; Windows NT 5.1; .NET CLR 1.1.4322; .NET CLR 2.0.50727; .NET CLR 3.0.4506.2152; .NET CLR 3.5.30729)"
50.50.186.48 - - [13/Aug/2013:11:46:56 -0400] "GET /graphics/homeadult.jpg HTTP/1.1" 200 18635 "http://www.michaelbrandwein.com/" "Mozilla/5.0 (Macintosh; Intel Mac OS X 10_6_8) AppleWebKit/537.36 (KHTML, like Gecko) Chrome/28.0.1500.95 Safari/537.36"
50.50.186.48 - - [13/Aug/2013:11:49:00 -0400] "GET /favicon.ico HTTP/1.1" 404 575 "-" "Mozilla/5.0 (Macintosh; Intel Mac OS X 10_6_8) AppleWebKit/537.36 (KHTML, like Gecko) Chrome/28.0.1500.95 Safari/537.36"
95.221.2.251 - - [13/Aug/2013:03:13:01 -0400] "GET /ytopics/camp/training/staff/improvtoimprove.html HTTP/1.0" 200 10722 "http://yandex.ru/yandsearch?text=www.michaelbrandwein.com&lr=213" "Mozilla/4.0 (compatible; MSIE 7.0; Windows NT 5.1)"
109.173.81.20 - - [13/Aug/2013:04:07:02 -0400] "GET /ytopics/camp/training/session/leadershipteamtraining.html HTTP/1.0" 200 10559 "http://yandex.ru/yandsearch?text=www.michaelbrandwein.com&lr=213" "Mozilla/4.0 (compatible; MSIE 7.0; Windows NT 5.1; .NET CLR 1.1.4322; .NET CLR 2.0.50727; InfoPath.1)"
176.195.191.45 - - [13/Aug/2013:04:11:26 -0400] "GET /graphics/logoin.jpg HTTP/1.1" 200 14869 "http://www.michaelbrandwein.com/ytopics/organizations/supervise/superstaffsupervision.html" "Mozilla/4.0 (compatible; MSIE 6.0; Windows NT 5.1; SV1; .NET CLR 2.0.50727; .NET CLR 3.0.04506.30)"
117.211.83.10 - - [13/Aug/2013:04:29:45 -0400] "GET /adult.html HTTP/1.1" 200 13694 "http://www.michaelbrandwein.com/presentations.html" "Mozilla/5.0 (Windows NT 5.1; rv:22.0) Gecko/20100101 Firefox/22.0"
117.211.83.10 - - [13/Aug/2013:04:29:46 -0400] "GET /images/adulthome.jpg HTTP/1.1" 200 16218 "http://www.michaelbrandwein.com/adult.html" "Mozilla/5.0 (Windows NT 5.1; rv:22.0) Gecko/20100101 Firefox/22.0"
46.188.2.233 - - [13/Aug/2013:04:54:57 -0400] "GET /ytopics/camp/training/staff/largegroupleadership.html HTTP/1.0" 200 10745 "http://yandex.ru/yandsearch?text=www.michaelbrandwein.com&lr=213" "Mozilla/4.0 (compatible; MSIE 6.0; Windows NT 5.1; SV1; .NET CLR 2.0.50727; .NET CLR 3.0.4506.2152; .NET CLR 3.5.30729)"
46.229.164.102 - - [13/Aug/2013:05:14:58 -0400] "GET /yresources.html HTTP/1.1" 200 31536 "-" "Mozilla/5.0 (compatible; SemrushBot/0.96.4; +http://www.semrush.com/bot.html)"
216.47.203.66 - - [13/Aug/2013:15:37:08 -0400] "GET /images/sotd_frontcover275.jpg HTTP/1.1" 200 90363 "http://www.michaelbrandwein.com/yproducts.html" "Mozilla/5.0 (compatible; MSIE 9.0; Windows NT 6.1; WOW64; Trident/5.0)"
66.249.75.170 - - [13/Aug/2013:06:30:55 -0400] "GET /presentations.html HTTP/1.1" 304 - "-" "Mozilla/5.0 (compatible; Googlebot/2.1; +http://www.google.com/bot.html)"
66.249.75.170 - - [13/Aug/2013:01:02:03 -0400] "GET /css/brandwein.css HTTP/1.1" 200 2167 "-" "Mozilla/5.0 (compatible; Googlebot/2.1; +http://www.google.com/bot.html)"
66.87.148.37 - - [13/Aug/2013:01:06:26 -0400] "GET /products/trainingterrificstaff.html HTTP/1.1" 200 14344 "-" "Mozilla/5.0 (iPhone; CPU iPhone OS 6_1_3 like Mac OS X) AppleWebKit/536.26 (KHTML, like Gecko) Version/6.0 Mobile/10B329 Safari/8536.25"
46.188.2.233 - - [13/Aug/2013:02:11:29 -0400] "GET /ytopics/camp/training/staff/ysayings.txt HTTP/1.0" 200 6677 "http://www.michaelbrandwein.com/ytopics/camp/training/staff/largegroupleadership.html" "Mozilla/4.0 (compatible; MSIE 6.0; Windows NT 5.1; SV1; .NET CLR 2.0.50727; .NET CLR 3.0.4506.2152; .NET CLR 3.5.30729)"
71.194.51.65 - - [13/Aug/2013:21:01:41 -0400] "GET /ybioabnormal.html HTTP/1.1" 200 15709 "http://www.michaelbrandwein.com/youth.html" "Mozilla/5.0 (compatible; MSIE 9.0; Windows NT 6.0; Trident/5.0)"
71.194.51.65 - - [13/Aug/2013:21:01:42 -0400] "GET /images/answer1y.jpg HTTP/1.1" 200 7567 "http://www.michaelbrandwein.com/ybioabnormal.html" "Mozilla/5.0 (compatible; MSIE 9.0; Windows NT 6.0; Trident/5.0)"
71.194.51.65 - - [13/Aug/2013:21:03:58 -0400] "GET /index.html HTTP/1.1" 200 5960 "http://www.michaelbrandwein.com/ybioabnormal.html" "Mozilla/5.0 (compatible; MSIE 9.0; Windows NT 6.0; Trident/5.0)"
166.137.191.22 - - [13/Aug/2013:23:18:53 -0400] "GET /images/facebook.jpg HTTP/1.1" 200 19424 "http://www.michaelbrandwein.com/youth.html" "Mozilla/5.0 (iPhone; CPU iPhone OS 6_1_4 like Mac OS X) AppleWebKit/536.26 (KHTML, like Gecko) Version/6.0 Mobile/10B350 Safari/8536.25"
157.55.36.37 - - [13/Aug/2013:23:27:49 -0400] "GET /pdf/Camp%20Staff%20Training%20Topics.pdf HTTP/1.1" 200 156722 "-" "Mozilla/5.0 (compatible; bingbot/2.0; +http://www.bing.com/bingbot.htm)"
157.55.36.37 - - [13/Aug/2013:23:27:51 -0400] "GET /atopics/howtospeak.html HTTP/1.1" 200 10151 "-" "Mozilla/5.0 (compatible; bingbot/2.0; +http://www.bing.com/bingbot.htm)"
46.119.118.152 - - [13/Aug/2013:23:30:40 -0400] "GET /atopics/conflictcommunication.html HTTP/1.1" 200 8923 "http://cleaning-uborka.ru/" "Mozilla/4.0 (compatible; MSIE 6.0; Windows NT 5.1; Maxthon; .NET CLR 1.1.4322)"
157.55.32.149 - - [13/Aug/2013:23:49:24 -0400] "GET /acomments/intlfoundemplbenplans.html HTTP/1.1" 200 11713 "-" "Mozilla/5.0 (compatible; bingbot/2.0; +http://www.bing.com/bingbot.htm)"
86.99.71.130 - - [13/Aug/2013:12:01:04 -0400] "GET /graphics/dot.gif HTTP/1.1" 200 114 "http://www.michaelbrandwein.com/adult.html" "Mozilla/5.0 (Macintosh; Intel Mac OS X 10_8_4) AppleWebKit/537.36 (KHTML, like Gecko) Chrome/28.0.1500.95 Safari/537.36"
129.72.155.8 - - [13/Aug/2013:12:01:58 -0400] "GET /graphics/bodya.gif HTTP/1.1" 200 131 "http://michaelbrandwein.com/" "Mozilla/4.0 (compatible; MSIE 8.0; Windows NT 6.1; WOW64; Trident/4.0; GTB7.5; SLCC2; .NET CLR 2.0.50727; .NET CLR 3.5.30729; .NET CLR 3.0.30729; Media Center PC 6.0; InfoPath.3; .NET4.0C; AskTbORJ/5.15.23.36191)"
129.72.155.8 - - [13/Aug/2013:12:01:59 -0400] "GET /graphics/homeyouth2.jpg HTTP/1.1" 200 18018 "http://michaelbrandwein.com/" "Mozilla/4.0 (compatible; MSIE 8.0; Windows NT 6.1; WOW64; Trident/4.0; GTB7.5; SLCC2; .NET CLR 2.0.50727; .NET CLR 3.5.30729; .NET CLR 3.0.30729; Media Center PC 6.0; InfoPath.3; .NET4.0C; AskTbORJ/5.15.23.36191)"
66.249.75.170 - - [13/Aug/2013:12:18:24 -0400] "GET /contact.html HTTP/1.1" 304 - "-" "Mozilla/5.0 (iPhone; U; CPU iPhone OS 4_1 like Mac OS X; en-us) AppleWebKit/532.9 (KHTML, like Gecko) Version/4.0.5 Mobile/8B117 Safari/6531.22.7 (compatible; Googlebot-Mobile/2.1; +http://www.google.com/bot.html)"
157.55.32.110 - - [13/Aug/2013:13:41:26 -0400] "GET /ytopics/camp/conferences/campgames.html HTTP/1.1" 200 10752 "-" "Mozilla/5.0 (compatible; bingbot/2.0; +http://www.bing.com/bingbot.htm)"
218.30.103.136 - - [13/Aug/2013:14:49:07 -0400] "GET / HTTP/1.1" 304 - "-" "Sogou web spider/4.0(+http://www.sogou.com/docs/help/webmasters.htm#07)"
61.4.110.238 - - [13/Aug/2013:03:46:16 -0400] "GET /graphics/dot.gif HTTP/1.1" 200 114 "http://www.michaelbrandwein.com/presentations.html" "Mozilla/5.0 (Windows NT 6.1; rv:12.0) Gecko/20100101 Firefox/12.0"
61.4.110.238 - - [13/Aug/2013:03:46:17 -0400] "GET /sayings.txt HTTP/1.1" 200 6460 "http://www.michaelbrandwein.com/presentations.html" "Mozilla/5.0 (Windows NT 6.1; rv:12.0) Gecko/20100101 Firefox/12.0"
157.55.36.37 - - [13/Aug/2013:04:02:50 -0400] "GET /yleadership.html HTTP/1.1" 200 12401 "-" "Mozilla/5.0 (compatible; bingbot/2.0; +http://www.bing.com/bingbot.htm)"
82.69.63.253 - - [13/Aug/2013:04:27:45 -0400] "GET /favicon.ico HTTP/1.1" 404 575 "-" "Mozilla/5.0 (Macintosh; Intel Mac OS X 10_6_8) AppleWebKit/537.36 (KHTML, like Gecko) Chrome/28.0.1500.95 Safari/537.36"
82.69.63.253 - - [13/Aug/2013:04:27:45 -0400] "GET /favicon.ico HTTP/1.1" 404 575 "-" "Mozilla/5.0 (Macintosh; Intel Mac OS X 10_6_8) AppleWebKit/537.36 (KHTML, like Gecko) Chrome/28.0.1500.95 Safari/537.36"
82.69.63.253 - - [13/Aug/2013:04:27:45 -0400] "GET /favicon.ico HTTP/1.1" 404 575 "-" "Mozilla/5.0 (Macintosh; Intel Mac OS X 10_6_8) AppleWebKit/537.36 (KHTML, like Gecko) Chrome/28.0.1500.95 Safari/537.36"
103.24.99.97 - - [13/Aug/2013:06:47:53 -0400] "GET /graphics/hr2a.jpg HTTP/1.0" 200 8132 "http://www.michaelbrandwein.com/presentations.html" "Mozilla/5.0 (Windows NT 6.1; WOW64) AppleWebKit/537.36 (KHTML, like Gecko) Chrome/28.0.1500.95 Safari/537.36"
103.24.99.97 - - [13/Aug/2013:06:47:54 -0400] "GET /sayings.txt HTTP/1.0" 200 6460 "http://www.michaelbrandwein.com/presentations.html" "Mozilla/5.0 (Windows NT 6.1; WOW64) AppleWebKit/537.36 (KHTML, like Gecko) Chrome/28.0.1500.95 Safari/537.36"
157.55.32.149 - - [13/Aug/2013:06:55:55 -0400] "GET /ycomments/headstartmwconf.html HTTP/1.1" 200 10714 "-" "Mozilla/5.0 (compatible; bingbot/2.0; +http://www.bing.com/bingbot.htm)"
95.221.78.21 - - [13/Aug/2013:08:07:17 -0400] "GET /images/banner2.jpg HTTP/1.1" 200 5488 "http://www.michaelbrandwein.com/ytopics/organizations/workdirectly/howtoleadfabulousdiscussions.html" "Mozilla/5.0 (Windows; U; Windows NT 5.1; ru; rv:1.9.2.12) Gecko/20101026 Firefox/3.6.12 (.NET CLR 3.5.30729)"
79.120.197.222 - - [13/Aug/2013:08:21:21 -0400] "GET /graphics/bodym.jpg HTTP/1.1" 200 28996 "http://www.michaelbrandwein.com/" "Mozilla/5.0 (Windows NT 6.1; rv:20.0) Gecko/20100101 Firefox/20.0"
79.120.197.222 - - [13/Aug/2013:08:21:22 -0400] "GET /graphics/bhomeenter3.jpg HTTP/1.1" 404 575 "http://www.michaelbrandwein.com/" "Mozilla/5.0 (Windows NT 6.1; rv:20.0) Gecko/20100101 Firefox/20.0"
216.47.203.66 - - [13/Aug/2013:15:37:08 -0400] "GET /graphics/hry2.jpg HTTP/1.1" 200 305 "http://www.michaelbrandwein.com/yproducts.html" "Mozilla/5.0 (compatible; MSIE 9.0; Windows NT 6.1; WOW64; Trident/5.0)"
216.47.203.66 - - [13/Aug/2013:15:37:08 -0400] "GET /images/trainingterrificstaff120.jpg HTTP/1.1" 200 24259 "http://www.michaelbrandwein.com/yproducts.html" "Mozilla/5.0 (compatible; MSIE 9.0; Windows NT 6.1; WOW64; Trident/5.0)"
95.221.2.251 - - [13/Aug/2013:15:51:22 -0400] "GET /images/banner2.jpg HTTP/1.1" 200 5488 "http://www.michaelbrandwein.com/ytopics/organizations/workdirectly/campgames.html" "Opera/9.80 (Windows NT 5.1; U; ru) Presto/2.6.30 Version/10.63"
91.207.9.226 - - [13/Aug/2013:16:08:31 -0400] "GET /atopics/conflictcommunication.html HTTP/1.1" 200 8923 "http://www.lifeazart.com/" "Mozilla/4.0 (compatible; MSIE 6.0; Windows NT 5.1; Maxthon; .NET CLR 1.1.4322)"
89.222.217.246 - - [13/Aug/2013:17:56:31 -0400] "GET /ytopics/schools/parents/seeingisbelieving.html HTTP/1.1" 200 10900 "http://yandex.ru/yandsearch?text=www.michaelbrandwein.com&lr=213" "Mozilla/5.0 (Windows; U; Windows NT 5.1; en-US) AppleWebKit/534.7 (KHTML, like Gecko) Chrome/7.0.517.44 Safari/534.7"
66.249.72.94 - - [13/Aug/2013:22:09:27 -0400] "GET /yresources.html HTTP/1.1" 200 31536 "-" "DoCoMo/2.0 N905i(c100;TB;W24H16) (compatible; Googlebot-Mobile/2.1; +http://www.google.com/bot.html)"
173.199.120.75 - - [13/Aug/2013:22:23:28 -0400] "GET /ytopics/schools/staffdev/dumpingtheds.html HTTP/1.1" 200 11304 "-" "Mozilla/5.0 (compatible; AhrefsBot/4.0; +http://ahrefs.com/robot/)"
101.227.4.24 - - [13/Aug/2013:19:27:25 -0400] "GET /ytopics/organizations/workdirectly/talkingitout.html HTTP/1.1" 200 12125 "-" "Mozilla/5.0 (compatible; YYSpider; +http://www.yunyun.com/spider.html)"
95.221.2.251 - - [13/Aug/2013:11:46:34 -0400] "GET /graphics/hry2.jpg HTTP/1.1" 200 305 "http://www.michaelbrandwein.com/ytopics/camp/training/staff/improvtoimprove.html" "Mozilla/5.0 (Windows; U; Windows NT 5.1; en-US) AppleWebKit/534.7 (KHTML, like Gecko) Chrome/7.0.517.44 Safari/534.7"
50.50.186.48 - - [13/Aug/2013:11:48:55 -0400] "GET /index.html HTTP/1.1" 200 5960 "http://www.michaelbrandwein.com/yresources.html" "Mozilla/5.0 (Macintosh; Intel Mac OS X 10_6_8) AppleWebKit/537.36 (KHTML, like Gecko) Chrome/28.0.1500.95 Safari/537.36"
50.50.186.48 - - [13/Aug/2013:11:48:55 -0400] "GET /graphics/bhomeenter3.jpg HTTP/1.1" 404 575 "http://www.michaelbrandwein.com/index.html" "Mozilla/5.0 (Macintosh; Intel Mac OS X 10_6_8) AppleWebKit/537.36 (KHTML, like Gecko) Chrome/28.0.1500.95 Safari/537.36"
50.50.186.48 - - [13/Aug/2013:11:48:55 -0400] "GET /favicon.ico HTTP/1.1" 404 575 "-" "Mozilla/5.0 (Macintosh; Intel Mac OS X 10_6_8) AppleWebKit/537.36 (KHTML, like Gecko) Chrome/28.0.1500.95 Safari/537.36"
173.199.120.75 - - [13/Aug/2013:15:31:48 -0400] "GET /ytopics/organizations/supervise/superstaffsupervision.html HTTP/1.1" 200 11279 "-" "Mozilla/5.0 (compatible; AhrefsBot/4.0; +http://ahrefs.com/robot/)"
157.55.32.109 - - [13/Aug/2013:15:48:02 -0400] "GET /sayings.txt HTTP/1.1" 200 6460 "-" "Mozilla/5.0 (compatible; bingbot/2.0; +http://www.bing.com/bingbot.htm)"
75.151.181.33 - - [13/Aug/2013:16:48:34 -0400] "GET /products/superstaffsupervision_clip_image002.jpg HTTP/1.1" 200 9705 "http://thecampdirector.com/" "Mozilla/5.0 (Macintosh; Intel Mac OS X 10_6_8) AppleWebKit/534.59.8 (KHTML, like Gecko) Version/5.1.9 Safari/534.59.8"
131.253.24.67 - - [13/Aug/2013:06:01:48 -0400] "GET /ytopics/camp/training/admin/supervisingstaff.html HTTP/1.1" 200 10657 "-" "Mozilla/4.0 (compatible; MSIE 7.0; Windows NT 5.1; SV1; .NET CLR 1.1.4325; .NET CLR 2.0.50727; .NET CLR 3.0.30729; .NET CLR 3.5.30707; MS-RTC LM 8)"
203.126.198.225 - - [13/Aug/2013:06:13:22 -0400] "GET /graphics/arrowup.gif HTTP/1.1" 200 84 "http://www.michaelbrandwein.com/presentations.html" "Mozilla/5.0 (compatible; MSIE 9.0; Windows NT 6.1; Trident/5.0)"
79.120.197.222 - - [13/Aug/2013:08:22:04 -0400] "GET /Scripts/AC_ActiveX.js HTTP/1.1" 200 2057 "http://www.michaelbrandwein.com/yresources.html" "Mozilla/5.0 (Windows NT 6.1; rv:20.0) Gecko/20100101 Firefox/20.0"
79.120.197.222 - - [13/Aug/2013:08:22:04 -0400] "GET /images/LL-excerpt-1-pics100.jpg HTTP/1.1" 200 6531 "http://www.michaelbrandwein.com/yresources.html" "Mozilla/5.0 (Windows NT 6.1; rv:20.0) Gecko/20100101 Firefox/20.0"
79.120.197.222 - - [13/Aug/2013:08:22:05 -0400] "GET /images/yresources_clip_image006.jpg HTTP/1.1" 200 8978 "http://www.michaelbrandwein.com/yresources.html" "Mozilla/5.0 (Windows NT 6.1; rv:20.0) Gecko/20100101 Firefox/20.0"
79.120.197.222 - - [13/Aug/2013:08:22:05 -0400] "GET /images/campcomp3.jpg HTTP/1.1" 200 50912 "http://www.michaelbrandwein.com/yresources.html" "Mozilla/5.0 (Windows NT 6.1; rv:20.0) Gecko/20100101 Firefox/20.0"
173.199.120.75 - - [13/Aug/2013:03:48:51 -0400] "GET /atopics/leadingsecrets.html HTTP/1.1" 200 8991 "-" "Mozilla/5.0 (compatible; AhrefsBot/4.0; +http://ahrefs.com/robot/)"
176.195.255.23 - - [13/Aug/2013:05:51:57 -0400] "GET /graphics/hry2.jpg HTTP/1.1" 200 305 "http://www.michaelbrandwein.com/ytopics/organizations/supervise/timemanagement.html" "Opera/9.80 (Windows NT 6.1; U; ru) Presto/2.6.30 Version/10.63"
176.195.255.23 - - [13/Aug/2013:05:51:57 -0400] "GET /css/youth.css HTTP/1.1" 200 8470 "http://www.michaelbrandwein.com/ytopics/organizations/supervise/timemanagement.html" "Opera/9.80 (Windows NT 6.1; U; ru) Presto/2.6.30 Version/10.63"
5.9.82.183 - - [13/Aug/2013:00:05:05 -0400] "GET / HTTP/1.1" 200 5960 "-" "Mozilla/5.0 (compatible; SISTRIX Crawler; http://crawler.sistrix.net/)"
218.30.103.136 - - [13/Aug/2013:02:10:56 -0400] "GET / HTTP/1.1" 304 - "-" "Sogou web spider/4.0(+http://www.sogou.com/docs/help/webmasters.htm#07)"
62.212.73.211 - - [13/Aug/2013:02:52:08 -0400] "GET / HTTP/1.0" 200 5960 "-" "Mozilla/5.0 (compatible; MJ12bot/v1.4.3; http://www.majestic12.co.uk/bot.php?+)"
173.199.120.75 - - [13/Aug/2013:18:05:03 -0400] "GET /ytopics/organizations/supervise/workingsmarter.html HTTP/1.1" 200 10785 "-" "Mozilla/5.0 (compatible; AhrefsBot/4.0; +http://ahrefs.com/robot/)"
86.99.71.130 - - [13/Aug/2013:12:01:04 -0400] "GET /images/adulthome.jpg HTTP/1.1" 200 16218 "http://www.michaelbrandwein.com/adult.html" "Mozilla/5.0 (Macintosh; Intel Mac OS X 10_8_4) AppleWebKit/537.36 (KHTML, like Gecko) Chrome/28.0.1500.95 Safari/537.36"
86.99.71.130 - - [13/Aug/2013:12:01:05 -0400] "GET /sayings.txt HTTP/1.1" 200 6460 "http://www.michaelbrandwein.com/adult.html" "Mozilla/5.0 (Macintosh; Intel Mac OS X 10_8_4) AppleWebKit/537.36 (KHTML, like Gecko) Chrome/28.0.1500.95 Safari/537.36"
46.188.22.137 - - [13/Aug/2013:13:10:41 -0400] "GET /graphics/dot.gif HTTP/1.1" 200 114 "http://www.michaelbrandwein.com/ytopics/camp/conferences/intentionalcamppresenting.html" "Mozilla/4.0 (compatible; MSIE 8.0; Windows NT 6.1; Trident/4.0; SLCC2; .NET CLR 2.0.50727; .NET CLR 3.5.30729; .NET CLR 3.0.30729; Media Center PC 6.0)"
157.55.32.109 - - [13/Aug/2013:21:53:05 -0400] "GET /sayings.txt HTTP/1.1" 200 6460 "-" "Mozilla/5.0 (compatible; bingbot/2.0; +http://www.bing.com/bingbot.htm)"
157.55.36.37 - - [13/Aug/2013:23:50:48 -0400] "GET /robots.txt HTTP/1.1" 404 575 "-" "Mozilla/5.0 (compatible; bingbot/2.0; +http://www.bing.com/bingbot.htm)"
109.173.81.20 - - [13/Aug/2013:20:06:39 -0400] "GET /graphics/logoin.jpg HTTP/1.1" 200 14869 "http://www.michaelbrandwein.com/ytopics/camp/training/session/leadershipteamtraining.html" "Mozilla/4.0 (compatible; MSIE 7.0; Windows NT 5.1; .NET CLR 1.1.4322; .NET CLR 2.0.50727)"
109.173.81.20 - - [13/Aug/2013:20:06:40 -0400] "GET /graphics/hry2.jpg HTTP/1.1" 200 305 "http://www.michaelbrandwein.com/ytopics/camp/training/session/leadershipteamtraining.html" "Mozilla/4.0 (compatible; MSIE 7.0; Windows NT 5.1; .NET CLR 1.1.4322; .NET CLR 2.0.50727)"
5.9.82.183 - - [13/Aug/2013:00:06:38 -0400] "GET /ytopics/camp/conferences/cdos.html HTTP/1.1" 200 10479 "-" "Mozilla/5.0 (compatible; SISTRIX Crawler; http://crawler.sistrix.net/)"
5.9.82.183 - - [13/Aug/2013:00:06:39 -0400] "GET /ytopics/camp/conferences/supervisingstaff.html HTTP/1.1" 200 10552 "-" "Mozilla/5.0 (compatible; SISTRIX Crawler; http://crawler.sistrix.net/)"
5.9.82.183 - - [13/Aug/2013:00:06:39 -0400] "GET /ytopics/camp/conferences/terrifictrainingtechniques.html HTTP/1.1" 200 10814 "-" "Mozilla/5.0 (compatible; SISTRIX Crawler; http://crawler.sistrix.net/)"
5.9.82.183 - - [13/Aug/2013:00:06:40 -0400] "GET /ytopics/camp/conferences/teachingstuffthatsticks.html HTTP/1.1" 200 10600 "-" "Mozilla/5.0 (compatible; SISTRIX Crawler; http://crawler.sistrix.net/)"
5.9.82.183 - - [13/Aug/2013:00:06:41 -0400] "GET /ytopics/camp/conferences/topteaching.html HTTP/1.1" 200 10724 "-" "Mozilla/5.0 (compatible; SISTRIX Crawler; http://crawler.sistrix.net/)"
5.9.82.183 - - [13/Aug/2013:00:06:42 -0400] "GET /ytopics/camp/conferences/theresaspecialist.html HTTP/1.1" 200 10775 "-" "Mozilla/5.0 (compatible; SISTRIX Crawler; http://crawler.sistrix.net/)"
5.9.82.183 - - [13/Aug/2013:00:06:43 -0400] "GET /ytopics/camp/conferences/improvtoimprove.html HTTP/1.1" 200 10674 "-" "Mozilla/5.0 (compatible; SISTRIX Crawler; http://crawler.sistrix.net/)"
5.9.82.183 - - [13/Aug/2013:00:06:44 -0400] "GET /ytopics/camp/conferences/expresstrain.html HTTP/1.1" 200 10495 "-" "Mozilla/5.0 (compatible; SISTRIX Crawler; http://crawler.sistrix.net/)"
5.9.82.183 - - [13/Aug/2013:00:06:45 -0400] "GET /ytopics/camp/conferences/buildingbetterchildren.html HTTP/1.1" 200 10834 "-" "Mozilla/5.0 (compatible; SISTRIX Crawler; http://crawler.sistrix.net/)"
5.9.82.183 - - [13/Aug/2013:00:06:46 -0400] "GET /ytopics/camp/conferences/leadinglittlerones.html HTTP/1.1" 200 10595 "-" "Mozilla/5.0 (compatible; SISTRIX Crawler; http://crawler.sistrix.net/)"
5.9.82.183 - - [13/Aug/2013:00:06:47 -0400] "GET /ytopics/camp/conferences/dumpingtheds.html HTTP/1.1" 200 11288 "-" "Mozilla/5.0 (compatible; SISTRIX Crawler; http://crawler.sistrix.net/)"
5.9.82.183 - - [13/Aug/2013:00:06:48 -0400] "GET /ytopics/camp/conferences/nomeansknow.html HTTP/1.1" 200 10569 "-" "Mozilla/5.0 (compatible; SISTRIX Crawler; http://crawler.sistrix.net/)"
5.9.82.183 - - [13/Aug/2013:00:06:49 -0400] "GET /ytopics/camp/conferences/largegroupleadership.html HTTP/1.1" 200 10641 "-" "Mozilla/5.0 (compatible; SISTRIX Crawler; http://crawler.sistrix.net/)"
5.9.82.183 - - [13/Aug/2013:00:06:49 -0400] "GET /ytopics/camp/conferences/tellmemore.html HTTP/1.1" 200 10751 "-" "Mozilla/5.0 (compatible; SISTRIX Crawler; http://crawler.sistrix.net/)"
65.55.213.54 - - [13/Aug/2013:00:42:04 -0400] "GET /products/superstaffsupervision.html HTTP/1.1" 200 14650 "-" "Mozilla/4.0 (compatible; MSIE 7.0; Windows NT 5.2; SLCC1; .NET CLR 1.1.4325; .NET CLR 2.0.40607; .NET CLR 3.0.30729; .NET CLR 3.5.30707; InfoPath.2)"
129.72.155.8 - - [13/Aug/2013:12:02:10 -0400] "GET /adult.html HTTP/1.1" 200 13694 "http://michaelbrandwein.com/" "Mozilla/4.0 (compatible; MSIE 8.0; Windows NT 6.1; WOW64; Trident/4.0; GTB7.5; SLCC2; .NET CLR 2.0.50727; .NET CLR 3.5.30729; .NET CLR 3.0.30729; Media Center PC 6.0; InfoPath.3; .NET4.0C; AskTbORJ/5.15.23.36191)"
129.72.155.8 - - [13/Aug/2013:12:02:10 -0400] "GET /images/banner2.jpg HTTP/1.1" 200 5488 "http://michaelbrandwein.com/adult.html" "Mozilla/4.0 (compatible; MSIE 8.0; Windows NT 6.1; WOW64; Trident/4.0; GTB7.5; SLCC2; .NET CLR 2.0.50727; .NET CLR 3.5.30729; .NET CLR 3.0.30729; Media Center PC 6.0; InfoPath.3; .NET4.0C; AskTbORJ/5.15.23.36191)"
132.177.210.220 - - [13/Aug/2013:13:48:23 -0400] "GET /yresources.html HTTP/1.1" 200 31536 "https://www.google.com/" "Mozilla/5.0 (Windows NT 6.1; WOW64) AppleWebKit/537.36 (KHTML, like Gecko) Chrome/28.0.1500.95 Safari/537.36"
