173.199.120.75 - - [13/Aug/2013:05:30:02 -0400] "GET /acomments/councilonfound.html HTTP/1.1" 200 8582 "-" "Mozilla/5.0 (compatible; AhrefsBot/4.0; +http://ahrefs.com/robot/)"
173.199.120.75 - - [13/Aug/2013:15:05:10 -0400] "GET /ytopics/organizations/supervise/managingvolunteers.html HTTP/1.1" 200 11165 "-" "Mozilla/5.0 (compatible; AhrefsBot/4.0; +http://ahrefs.com/robot/)"
173.199.120.75 - - [13/Aug/2013:16:08:32 -0400] "GET /ytopics/organizations/workdirectly/dumpingtheds.html HTTP/1.1" 200 11382 "-" "Mozilla/5.0 (compatible; AhrefsBot/4.0; +http://ahrefs.com/robot/)"
5.9.82.183 - - [13/Aug/2013:00:05:36 -0400] "GET /atopics/deathofmeaninglessmeetings.html HTTP/1.1" 200 9245 "-" "Mozilla/5.0 (compatible; SISTRIX Crawler; http://crawler.sistrix.net/)"
5.9.82.183 - - [13/Aug/2013:00:05:36 -0400] "GET /atopics/howtospeak.html HTTP/1.1" 200 10151 "-" "Mozilla/5.0 (compatible; SISTRIX Crawler; http://crawler.sistrix.net/)"
5.9.82.183 - - [13/Aug/2013:00:05:37 -0400] "GET /atopics/timemanagement.html HTTP/1.1" 200 8842 "-" "Mozilla/5.0 (compatible; SISTRIX Crawler; http://crawler.sistrix.net/)"
5.9.82.183 - - [13/Aug/2013:00:05:38 -0400] "GET /atopics/helpingpeopletosucceed.html HTTP/1.1" 200 9038 "-" "Mozilla/5.0 (compatible; SISTRIX Crawler; http://crawler.sistrix.net/)"
5.9.82.183 - - [13/Aug/2013:00:05:38 -0400] "GET /atopics/tentruthsoftrust.html HTTP/1.1" 200 8856 "-" "Mozilla/5.0 (compatible; SISTRIX Crawler; http://crawler.sistrix.net/)"
5.9.82.183 - - [13/Aug/2013:00:05:38 -0400] "GET /ypresentations.html HTTP/1.1" 200 13892 "-" "Mozilla/5.0 (compatible; SISTRIX Crawler; http://crawler.sistrix.net/)"
5.9.82.183 - - [13/Aug/2013:00:05:39 -0400] "GET /ycampconferences.html HTTP/1.1" 200 16464 "-" "Mozilla/5.0 (compatible; SISTRIX Crawler; http://crawler.sistrix.net/)"
5.9.82.183 - - [13/Aug/2013:00:05:41 -0400] "GET /ycamptraining.html HTTP/1.1" 200 16427 "-" "Mozilla/5.0 (compatible; SISTRIX Crawler; http://crawler.sistrix.net/)"
5.9.82.183 - - [13/Aug/2013:00:05:48 -0400] "GET /yorganizations.html HTTP/1.1" 200 19737 "-" "Mozilla/5.0 (compatible; SISTRIX Crawler; http://crawler.sistrix.net/)"
5.9.82.183 - - [13/Aug/2013:00:05:49 -0400] "GET /yschools.html HTTP/1.1" 200 20251 "-" "Mozilla/5.0 (compatible; SISTRIX Crawler; http://crawler.sistrix.net/)"
5.9.82.183 - - [13/Aug/2013:00:05:50 -0400] "GET /yparents.html HTTP/1.1" 200 11989 "-" "Mozilla/5.0 (compatible; SISTRIX Crawler; http://crawler.sistrix.net/)"
5.9.82.183 - - [13/Aug/2013:00:05:51 -0400] "GET /yleadership.html HTTP/1.1" 200 12401 "-" "Mozilla/5.0 (compatible; SISTRIX Crawler; http://crawler.sistrix.net/)"
5.9.82.183 - - [13/Aug/2013:00:05:51 -0400] "GET /yproducts.html HTTP/1.1" 200 21362 "-" "Mozilla/5.0 (compatible; SISTRIX Crawler; http://crawler.sistrix.net/)"
5.9.82.183 - - [13/Aug/2013:00:05:52 -0400] "GET /yresources.html HTTP/1.1" 200 31536 "-" "Mozilla/5.0 (compatible; SISTRIX Crawler; http://crawler.sistrix.net/)"
5.9.82.183 - - [13/Aug/2013:00:05:53 -0400] "GET /ybionormal.html HTTP/1.1" 200 12648 "-" "Mozilla/5.0 (compatible; SISTRIX Crawler; http://crawler.sistrix.net/)"
5.9.82.183 - - [13/Aug/2013:00:05:53 -0400] "GET /ybioabnormal.html HTTP/1.1" 200 15709 "-" "Mozilla/5.0 (compatible; SISTRIX Crawler; http://crawler.sistrix.net/)"
5.9.82.183 - - [13/Aug/2013:00:05:55 -0400] "GET /yapproach.html HTTP/1.1" 200 13087 "-" "Mozilla/5.0 (compatible; SISTRIX Crawler; http://crawler.sistrix.net/)"
5.9.82.183 - - [13/Aug/2013:00:05:56 -0400] "GET /yvideopreviews.html HTTP/1.1" 200 17732 "-" "Mozilla/5.0 (compatible; SISTRIX Crawler; http://crawler.sistrix.net/)"
5.9.82.183 - - [13/Aug/2013:00:05:57 -0400] "GET /yclientlist.html HTTP/1.1" 200 14192 "-" "Mozilla/5.0 (compatible; SISTRIX Crawler; http://crawler.sistrix.net/)"
5.9.82.183 - - [13/Aug/2013:00:05:57 -0400] "GET /yclientcomments.html HTTP/1.1" 200 30240 "-" "Mozilla/5.0 (compatible; SISTRIX Crawler; http://crawler.sistrix.net/)"
5.9.82.183 - - [13/Aug/2013:00:05:58 -0400] "GET /yparticipantcomments.html HTTP/1.1" 200 47632 "-" "Mozilla/5.0 (compatible; SISTRIX Crawler; http://crawler.sistrix.net/)"
5.9.82.183 - - [13/Aug/2013:00:05:58 -0400] "GET /ycontact.html HTTP/1.1" 200 16303 "-" "Mozilla/5.0 (compatible; SISTRIX Crawler; http://crawler.sistrix.net/)"
5.9.82.183 - - [13/Aug/2013:00:05:59 -0400] "GET /ymailinglist.html HTTP/1.1" 200 15657 "-" "Mozilla/5.0 (compatible; SISTRIX Crawler; http://crawler.sistrix.net/)"
5.9.82.183 - - [13/Aug/2013:00:05:59 -0400] "GET /ysitemap.html HTTP/1.1" 200 42814 "-" "Mozilla/5.0 (compatible; SISTRIX Crawler; http://crawler.sistrix.net/)"
5.9.82.183 - - [13/Aug/2013:00:06:00 -0400] "GET /acomments/group.html HTTP/1.1" 200 11584 "-" "Mozilla/5.0 (compatible; SISTRIX Crawler; http://crawler.sistrix.net/)"
5.9.82.183 - - [13/Aug/2013:00:06:01 -0400] "GET /acomments/mercedes.html HTTP/1.1" 200 11725 "-" "Mozilla/5.0 (compatible; SISTRIX Crawler; http://crawler.sistrix.net/)"
5.9.82.183 - - [13/Aug/2013:00:06:01 -0400] "GET /acomments/nasa.html HTTP/1.1" 200 9809 "-" "Mozilla/5.0 (compatible; SISTRIX Crawler; http://crawler.sistrix.net/)"
5.9.82.183 - - [13/Aug/2013:00:06:02 -0400] "GET /acomments/mpi.html HTTP/1.1" 200 11376 "-" "Mozilla/5.0 (compatible; SISTRIX Crawler; http://crawler.sistrix.net/)"
5.9.82.183 - - [13/Aug/2013:00:06:02 -0400] "GET /acomments/socap.html HTTP/1.1" 200 9000 "-" "Mozilla/5.0 (compatible; SISTRIX Crawler; http://crawler.sistrix.net/)"
5.9.82.183 - - [13/Aug/2013:00:07:37 -0400] "GET /ytopics/organizations/workdirectly/howtograbandkeepattention.html HTTP/1.1" 200 11981 "-" "Mozilla/5.0 (compatible; SISTRIX Crawler; http://crawler.sistrix.net/)"
173.199.120.75 - - [13/Aug/2013:01:48:38 -0400] "GET /ytopics/schools/staffdev/motivatinglearning.html HTTP/1.1" 200 11011 "-" "Mozilla/5.0 (compatible; AhrefsBot/4.0; +http://ahrefs.com/robot/)"
203.126.198.225 - - [13/Aug/2013:06:13:22 -0400] "GET /css/adult.css HTTP/1.1" 200 6290 "http://www.michaelbrandwein.com/presentations.html" "Mozilla/5.0 (compatible; MSIE 9.0; Windows NT 6.1; Trident/5.0)"
203.126.198.225 - - [13/Aug/2013:06:13:22 -0400] "GET /graphics/dot.gif HTTP/1.1" 200 114 "http://www.michaelbrandwein.com/presentations.html" "Mozilla/5.0 (compatible; MSIE 9.0; Windows NT 6.1; Trident/5.0)"
79.120.197.222 - - [13/Aug/2013:08:23:03 -0400] "GET /pdf/brandwein%20handout%20brainy%20days1.pdf HTTP/1.1" 200 104183 "http://www.michaelbrandwein.com/yresources.html" "Mozilla/5.0 (Windows NT 6.1; rv:20.0) Gecko/20100101 Firefox/20.0"
173.199.120.75 - - [13/Aug/2013:03:11:31 -0400] "GET / HTTP/1.1" 200 5960 "-" "Mozilla/5.0 (compatible; AhrefsBot/4.0; +http://ahrefs.com/robot/)"
91.207.9.226 - - [13/Aug/2013:04:27:34 -0400] "GET /atopics/conflictcommunication.html HTTP/1.1" 200 8923 "http://internet-exe.com/" "Mozilla/4.0 (compatible; MSIE 6.0; Windows NT 5.1; SV1; .NET CLR 1.1.4322)"
173.199.120.75 - - [13/Aug/2013:04:45:46 -0400] "GET /ytopics/schools/admin/howtospeak.html HTTP/1.1" 200 12290 "-" "Mozilla/5.0 (compatible; AhrefsBot/4.0; +http://ahrefs.com/robot/)"
93.80.240.19 - - [13/Aug/2013:05:50:33 -0400] "GET /ytopics/camp/training/staff/howtoteachresponsibility.html HTTP/1.1" 200 11163 "http://yandex.ru/yandsearch?text=www.michaelbrandwein.com&lr=213" "Mozilla/5.0 (Windows; U; Windows NT 6.0; en-US) AppleWebKit/534.7 (KHTML, like Gecko) Chrome/7.0.517.44 Safari/534.7"
71.194.51.65 - - [13/Aug/2013:21:00:12 -0400] "GET /graphics/bhomeenter3.jpg HTTP/1.1" 404 575 "http://www.michaelbrandwein.com/" "Mozilla/5.0 (compatible; MSIE 9.0; Windows NT 6.0; Trident/5.0)"
98.137.207.26 - - [13/Aug/2013:21:12:53 -0400] "GET /graphics/bgwh.gif HTTP/1.1" 200 49 "http://michaelbrandwein.com/" "Mozilla/5.0 (compatible; Yahoo! Slurp/3.0; http://help.yahoo.com/help/us/ysearch/slurp) NOT Firefox/3.5"
157.56.93.49 - - [13/Aug/2013:22:01:10 -0400] "GET /ytopics/organizations/workdirectly/campgames.html HTTP/1.1" 200 10834 "-" "Mozilla/5.0 (compatible; bingbot/2.0; +http://www.bing.com/bingbot.htm)"
176.195.57.100 - - [13/Aug/2013:16:04:36 -0400] "GET /ytopics/camp/training/staff/ysayings.txt HTTP/1.1" 200 6677 "http://www.michaelbrandwein.com/ytopics/camp/training/staff/largegroupleadership.html" "Mozilla/4.0 (compatible; MSIE 6.0; Windows NT 5.1; SV1)"
91.207.9.226 - - [13/Aug/2013:16:08:32 -0400] "GET /atopics/conflictcommunication.html HTTP/1.1" 200 8923 "http://www.lifeazart.com/" "Mozilla/4.0 (compatible; MSIE 6.0; Windows NT 5.1; Maxthon; .NET CLR 1.1.4322)"
184.22.183.114 - - [13/Aug/2013:16:28:52 -0400] "GET / HTTP/1.1" 200 5960 "-" "Mozilla/5.0 (X11; Linux i686; rv:6.0) Gecko/20100101 Firefox/6.0"
76.215.46.28 - - [13/Aug/2013:16:39:47 -0400] "GET /presentations.html HTTP/1.1" 200 12384 "https://www.google.com/" "Mozilla/5.0 (Windows NT 6.2; WOW64) AppleWebKit/537.36 (KHTML, like Gecko) Chrome/28.0.1500.95 Safari/537.36"
76.215.46.28 - - [13/Aug/2013:16:39:47 -0400] "GET /images/banner2.jpg HTTP/1.1" 200 5488 "http://www.michaelbrandwein.com/presentations.html" "Mozilla/5.0 (Windows NT 6.2; WOW64) AppleWebKit/537.36 (KHTML, like Gecko) Chrome/28.0.1500.95 Safari/537.36"
76.215.46.28 - - [13/Aug/2013:16:39:47 -0400] "GET /favicon.ico HTTP/1.1" 404 575 "-" "Mozilla/5.0 (Windows NT 6.2; WOW64) AppleWebKit/537.36 (KHTML, like Gecko) Chrome/28.0.1500.95 Safari/537.36"
89.222.217.246 - - [13/Aug/2013:17:56:34 -0400] "GET /ytopics/schools/parents/ysayings.txt HTTP/1.1" 200 6677 "http://www.michaelbrandwein.com/ytopics/schools/parents/seeingisbelieving.html" "Mozilla/5.0 (Windows; U; Windows NT 5.1; en-US) AppleWebKit/534.7 (KHTML, like Gecko) Chrome/7.0.517.44 Safari/534.7"
115.249.130.45 - - [13/Aug/2013:10:45:08 -0400] "GET /presentations.html HTTP/1.1" 200 12384 "https://www.google.co.in/" "Mozilla/5.0 (Windows NT 6.2; WOW64) AppleWebKit/537.36 (KHTML, like Gecko) Chrome/28.0.1500.95 Safari/537.36"
115.249.130.45 - - [13/Aug/2013:10:45:09 -0400] "GET /css/adult.css HTTP/1.1" 200 6290 "http://www.michaelbrandwein.com/presentations.html" "Mozilla/5.0 (Windows NT 6.2; WOW64) AppleWebKit/537.36 (KHTML, like Gecko) Chrome/28.0.1500.95 Safari/537.36"
115.249.130.45 - - [13/Aug/2013:10:45:09 -0400] "GET /graphics/logoin.jpg HTTP/1.1" 200 14869 "http://www.michaelbrandwein.com/presentations.html" "Mozilla/5.0 (Windows NT 6.2; WOW64) AppleWebKit/537.36 (KHTML, like Gecko) Chrome/28.0.1500.95 Safari/537.36"
50.192.120.57 - - [13/Aug/2013:14:58:18 -0400] "GET /products/superstaffsupervision_clip_image002.jpg HTTP/1.1" 200 9705 "http://thecampdirector.com/tag/cover-letter/" "Mozilla/5.0 (compatible; MSIE 10.0; Windows NT 6.1; WOW64; Trident/6.0)"
157.55.32.109 - - [13/Aug/2013:23:25:55 -0400] "GET /clientlist.html HTTP/1.1" 200 18342 "-" "Mozilla/5.0 (compatible; bingbot/2.0; +http://www.bing.com/bingbot.htm)"
157.55.36.37 - - [13/Aug/2013:23:27:53 -0400] "GET /atopics/deathofmeaninglessmeetings.html HTTP/1.1" 200 9245 "-" "Mozilla/5.0 (compatible; bingbot/2.0; +http://www.bing.com/bingbot.htm)"
157.55.32.149 - - [13/Aug/2013:23:53:19 -0400] "GET /sitemapadult.html HTTP/1.1" 200 12395 "-" "Mozilla/5.0 (compatible; bingbot/2.0; +http://www.bing.com/bingbot.htm)"
75.151.181.33 - - [13/Aug/2013:06:40:34 -0400] "GET /products/learningleadership_clip_image002.jpg HTTP/1.1" 200 10525 "http://thecampdirector.com/" "Mozilla/5.0 (Macintosh; Intel Mac OS X 10_6_8) AppleWebKit/534.59.8 (KHTML, like Gecko) Version/5.1.9 Safari/534.59.8"
157.55.32.109 - - [13/Aug/2013:08:42:15 -0400] "GET /ytopics/camp/conferences/superstaffsupervision.html HTTP/1.1" 304 - "-" "Mozilla/5.0 (compatible; bingbot/2.0; +http://www.bing.com/bingbot.htm)"
184.176.201.149 - - [13/Aug/2013:12:11:33 -0400] "GET /graphics/bodyy.gif HTTP/1.1" 200 124 "http://www.michaelbrandwein.com/" "Mozilla/5.0 (Macintosh; Intel Mac OS X 10_8_4) AppleWebKit/537.36 (KHTML, like Gecko) Chrome/29.0.1547.49 Safari/537.36"
184.176.201.149 - - [13/Aug/2013:12:11:33 -0400] "GET /graphics/homeadult2.jpg HTTP/1.1" 200 19380 "http://www.michaelbrandwein.com/" "Mozilla/5.0 (Macintosh; Intel Mac OS X 10_8_4) AppleWebKit/537.36 (KHTML, like Gecko) Chrome/29.0.1547.49 Safari/537.36"
99.104.60.3 - - [13/Aug/2013:13:21:34 -0400] "GET /products/trainingterrificstaff_clip_image002.jpg HTTP/1.1" 200 10083 "http://thecampdirector.com/tag/resume/" "Mozilla/5.0 (compatible; MSIE 10.0; Windows NT 6.1; WOW64; Trident/6.0)"
184.61.64.38 - - [13/Aug/2013:13:51:25 -0400] "GET /pdf/brandwein%20letter%20to%20staff%20person1.pdf HTTP/1.1" 200 103828 "-" "Mozilla/5.0 (compatible; MSIE 9.0; Windows NT 6.1; Trident/5.0)"
176.195.191.45 - - [13/Aug/2013:04:11:26 -0400] "GET /css/youth.css HTTP/1.1" 200 8470 "http://www.michaelbrandwein.com/ytopics/organizations/supervise/superstaffsupervision.html" "Mozilla/4.0 (compatible; MSIE 6.0; Windows NT 5.1; SV1; .NET CLR 2.0.50727; .NET CLR 3.0.04506.30)"
82.69.63.253 - - [13/Aug/2013:04:25:29 -0400] "GET /graphics/hr2a.jpg HTTP/1.1" 200 8132 "http://www.michaelbrandwein.com/presentations.html" "Mozilla/5.0 (Macintosh; Intel Mac OS X 10_6_8) AppleWebKit/537.36 (KHTML, like Gecko) Chrome/28.0.1500.95 Safari/537.36"
82.69.63.253 - - [13/Aug/2013:04:25:30 -0400] "GET /sayings.txt HTTP/1.1" 200 6460 "http://www.michaelbrandwein.com/presentations.html" "Mozilla/5.0 (Macintosh; Intel Mac OS X 10_6_8) AppleWebKit/537.36 (KHTML, like Gecko) Chrome/28.0.1500.95 Safari/537.36"
117.211.83.10 - - [13/Aug/2013:04:27:48 -0400] "GET /graphics/logoin.jpg HTTP/1.1" 200 14869 "http://www.michaelbrandwein.com/presentations.html" "Mozilla/5.0 (Windows NT 5.1; rv:22.0) Gecko/20100101 Firefox/22.0"
117.211.83.10 - - [13/Aug/2013:04:27:49 -0400] "GET /sayings.txt HTTP/1.1" 200 6460 "http://www.michaelbrandwein.com/presentations.html" "Mozilla/5.0 (Windows NT 5.1; rv:22.0) Gecko/20100101 Firefox/22.0"
5.9.82.183 - - [13/Aug/2013:00:08:28 -0400] "GET /yproductsnew.html HTTP/1.1" 200 21235 "-" "Mozilla/5.0 (compatible; SISTRIX Crawler; http://crawler.sistrix.net/)"
5.9.82.183 - - [13/Aug/2013:00:08:29 -0400] "GET /ynews2010.html HTTP/1.1" 200 11604 "-" "Mozilla/5.0 (compatible; SISTRIX Crawler; http://crawler.sistrix.net/)"
5.9.82.183 - - [13/Aug/2013:00:08:30 -0400] "GET /products/trainingterrificstaff.html HTTP/1.1" 200 14344 "-" "Mozilla/5.0 (compatible; SISTRIX Crawler; http://crawler.sistrix.net/)"
5.9.82.183 - - [13/Aug/2013:00:08:30 -0400] "GET /products/trainingterrificstaff2.html HTTP/1.1" 200 14182 "-" "Mozilla/5.0 (compatible; SISTRIX Crawler; http://crawler.sistrix.net/)"
5.9.82.183 - - [13/Aug/2013:00:08:30 -0400] "GET /products/superstaffsupervision.html HTTP/1.1" 200 14650 "-" "Mozilla/5.0 (compatible; SISTRIX Crawler; http://crawler.sistrix.net/)"
5.9.82.183 - - [13/Aug/2013:00:08:31 -0400] "GET /products/learningleadership.html HTTP/1.1" 200 14996 "-" "Mozilla/5.0 (compatible; SISTRIX Crawler; http://crawler.sistrix.net/)"
5.9.82.183 - - [13/Aug/2013:00:08:31 -0400] "GET /products/learningleadershipdvd.html HTTP/1.1" 200 11658 "-" "Mozilla/5.0 (compatible; SISTRIX Crawler; http://crawler.sistrix.net/)"
5.9.82.183 - - [13/Aug/2013:00:08:31 -0400] "GET /products/parentingpuzzle.html HTTP/1.1" 200 12212 "-" "Mozilla/5.0 (compatible; SISTRIX Crawler; http://crawler.sistrix.net/)"
5.9.82.183 - - [13/Aug/2013:00:08:33 -0400] "GET /ycomments/natlstaffdevcouncil.html HTTP/1.1" 200 13155 "-" "Mozilla/5.0 (compatible; SISTRIX Crawler; http://crawler.sistrix.net/)"
5.9.82.183 - - [13/Aug/2013:00:08:33 -0400] "GET /ycomments/assocforsupandcurriicdev.html HTTP/1.1" 200 10930 "-" "Mozilla/5.0 (compatible; SISTRIX Crawler; http://crawler.sistrix.net/)"
5.9.82.183 - - [13/Aug/2013:00:08:33 -0400] "GET /ycomments/natlsmartstartearlychildhood.html HTTP/1.1" 200 11171 "-" "Mozilla/5.0 (compatible; SISTRIX Crawler; http://crawler.sistrix.net/)"
5.9.82.183 - - [13/Aug/2013:00:08:34 -0400] "GET /ycomments/headstartmwconf.html HTTP/1.1" 200 10714 "-" "Mozilla/5.0 (compatible; SISTRIX Crawler; http://crawler.sistrix.net/)"
5.9.82.183 - - [13/Aug/2013:00:08:34 -0400] "GET /ycomments/natlptaconf.html HTTP/1.1" 200 11648 "-" "Mozilla/5.0 (compatible; SISTRIX Crawler; http://crawler.sistrix.net/)"
5.9.82.183 - - [13/Aug/2013:00:08:35 -0400] "GET /ycomments/satlsmartstartearlychildhood.html HTTP/1.1" 404 575 "-" "Mozilla/5.0 (compatible; SISTRIX Crawler; http://crawler.sistrix.net/)"
89.222.217.246 - - [13/Aug/2013:02:56:50 -0400] "GET /css/youth.css HTTP/1.0" 200 8470 "http://www.michaelbrandwein.com/ytopics/schools/parents/seeingisbelieving.html" "Mozilla/4.0 (compatible; MSIE 6.0; Windows NT 5.1; SV1; .NET CLR 2.0.50727; .NET CLR 3.0.4506.2152; .NET CLR 3.5.30729)"
50.50.186.48 - - [13/Aug/2013:11:46:56 -0400] "GET /graphics/bodym.jpg HTTP/1.1" 200 28996 "http://www.michaelbrandwein.com/" "Mozilla/5.0 (Macintosh; Intel Mac OS X 10_6_8) AppleWebKit/537.36 (KHTML, like Gecko) Chrome/28.0.1500.95 Safari/537.36"
95.221.2.251 - - [13/Aug/2013:15:51:22 -0400] "GET /graphics/logoin.jpg HTTP/1.1" 200 14869 "http://www.michaelbrandwein.com/ytopics/organizations/workdirectly/campgames.html" "Opera/9.80 (Windows NT 5.1; U; ru) Presto/2.6.30 Version/10.63"
69.171.247.112 - - [13/Aug/2013:17:33:49 -0400] "GET /products/learningleadership_clip_image002.jpg HTTP/1.1" 206 10525 "-" "facebookexternalhit/1.1 (+http://www.facebook.com/externalhit_uatext.php)"
65.222.180.8 - - [13/Aug/2013:17:35:36 -0400] "GET /css/brandwein.css HTTP/1.1" 200 2167 "http://www.michaelbrandwein.com/" "Mozilla/5.0 (compatible; MSIE 9.0; Windows NT 6.1; WOW64; Trident/5.0)"
207.241.226.239 - - [13/Aug/2013:20:20:38 -0400] "GET /robots.txt HTTP/1.1" 404 575 "-" "ia_archiver(OS-Wayback)"
176.195.251.124 - - [13/Aug/2013:20:07:59 -0400] "GET /css/youth.css HTTP/1.1" 200 8470 "http://www.michaelbrandwein.com/ytopics/organizations/keynotes/houdinisgreatestsecrets.html" "Mozilla/4.0 (compatible; MSIE 8.0; Windows NT 5.1; Trident/4.0; .NET CLR 1.1.4322; .NET CLR 2.0.50727; .NET CLR 3.0.4506.2152; .NET CLR 3.5.30729)"
66.249.72.170 - - [13/Aug/2013:20:28:12 -0400] "GET /ytopics/schools/admin/laserbeam.html HTTP/1.1" 304 - "-" "Mozilla/5.0 (iPhone; U; CPU iPhone OS 4_1 like Mac OS X; en-us) AppleWebKit/532.9 (KHTML, like Gecko) Version/4.0.5 Mobile/8B117 Safari/6531.22.7 (compatible; Googlebot-Mobile/2.1; +http://www.google.com/bot.html)"
157.55.32.109 - - [13/Aug/2013:22:01:46 -0400] "GET /images/youthhome.jpg HTTP/1.1" 200 15371 "-" "Mozilla/5.0 (compatible; bingbot/2.0; +http://www.bing.com/bingbot.htm)"
157.56.93.49 - - [13/Aug/2013:22:03:45 -0400] "GET /graphics/oval2.jpg HTTP/1.1" 200 14082 "-" "Mozilla/5.0 (compatible; bingbot/2.0; +http://www.bing.com/bingbot.htm)"
66.249.72.94 - - [13/Aug/2013:23:11:14 -0400] "GET /css/brandwein.css HTTP/1.1" 200 2167 "-" "Mozilla/5.0 (compatible; Googlebot/2.1; +http://www.google.com/bot.html)"
157.55.36.37 - - [13/Aug/2013:23:27:48 -0400] "GET /pdf/Registration%20Form%20Brandwein%20Leadership%20Team%20Seminar.pdf HTTP/1.1" 200 292600 "-" "Mozilla/5.0 (compatible; bingbot/2.0; +http://www.bing.com/bingbot.htm)"
176.195.195.149 - - [13/Aug/2013:04:02:22 -0400] "GET /css/youth.css HTTP/1.1" 200 8470 "http://www.michaelbrandwein.com/ytopics/organizations/supervise/nofuninfungible.html" "Mozilla/4.0 (compatible; MSIE 8.0; Windows NT 5.1; Trident/4.0; GTB6.6; .NET CLR 1.1.4322; .NET CLR 2.0.50727; .NET CLR 3.0.4506.2152; .NET CLR 3.5.30729)"
82.69.63.253 - - [13/Aug/2013:04:28:01 -0400] "GET /atopics/realtruth.html HTTP/1.1" 200 9124 "http://www.michaelbrandwein.com/presentations.html" "Mozilla/5.0 (Macintosh; Intel Mac OS X 10_6_8) AppleWebKit/537.36 (KHTML, like Gecko) Chrome/28.0.1500.95 Safari/537.36"
82.69.63.253 - - [13/Aug/2013:04:28:02 -0400] "GET /favicon.ico HTTP/1.1" 404 575 "-" "Mozilla/5.0 (Macintosh; Intel Mac OS X 10_6_8) AppleWebKit/537.36 (KHTML, like Gecko) Chrome/28.0.1500.95 Safari/537.36"
82.69.63.253 - - [13/Aug/2013:04:28:02 -0400] "GET /favicon.ico HTTP/1.1" 404 575 "-" "Mozilla/5.0 (Macintosh; Intel Mac OS X 10_6_8) AppleWebKit/537.36 (KHTML, like Gecko) Chrome/28.0.1500.95 Safari/537.36"
82.69.63.253 - - [13/Aug/2013:04:28:02 -0400] "GET /favicon.ico HTTP/1.1" 404 575 "-" "Mozilla/5.0 (Macintosh; Intel Mac OS X 10_6_8) AppleWebKit/537.36 (KHTML, like Gecko) Chrome/28.0.1500.95 Safari/537.36"
65.55.52.113 - - [13/Aug/2013:00:13:07 -0400] "GET /ytopics/schools/staffdev/magicofmightyminds.html HTTP/1.1" 304 - "-" "Mozilla/5.0 (compatible; bingbot/2.0; +http://www.bing.com/bingbot.htm)"
123.151.148.180 - - [13/Aug/2013:01:24:58 -0400] "GET / HTTP/1.1" 200 5960 "http://www.michaelbrandwein.com/" "Mozilla/5.0 (compatible; Sosospider/2.0; +http://help.soso.com/webspider.htm)"
46.188.2.233 - - [13/Aug/2013:02:11:23 -0400] "GET /ytopics/camp/training/staff/largegroupleadership.html HTTP/1.0" 200 10745 "http://yandex.ru/yandsearch?text=www.michaelbrandwein.com&lr=213" "Mozilla/4.0 (compatible; MSIE 6.0; Windows NT 5.1; SV1; .NET CLR 2.0.50727; .NET CLR 3.0.4506.2152; .NET CLR 3.5.30729)"
196.207.47.177 - - [13/Aug/2013:07:56:03 -0400] "GET /sayings.txt HTTP/1.1" 200 6460 "http://www.michaelbrandwein.com/presentations.html" "Mozilla/5.0 (Symbian/3; Series60/5.2 NokiaE6-00/022.014; Profile/MIDP-2.1 Configuration/CLDC-1.1 ) AppleWebKit/533.4 (KHTML, like Gecko) NokiaBrowser/7.3.1.37 Mobile Safari/533.4 3gpp-gba"
155.41.122.184 - - [13/Aug/2013:08:11:11 -0400] "GET /pdf/Camp%20Staff%20Training%20Topics.pdf HTTP/1.1" 200 156722 "http://www.google.com/url?sa=t&rct=j&q=&esrc=s&source=web&cd=8&ved=0CG8QFjAH&url=http%3A%2F%2Fmichaelbrandwein.com%2Fpdf%2FCamp%2520Staff%2520Training%2520Topics.pdf&ei=_g0KUpTEEoTfyQGSp4HADg&usg=AFQjCNERxPFA7l_fJlMa-3OUDoyXLeNkvg&sig2=1khcw5-_j2ZBFr43tIN73g&bvm=bv.50500085,d.aWc" "Mozilla/5.0 (Windows NT 6.1; WOW64; rv:22.0) Gecko/20100101 Firefox/22.0"
155.41.122.184 - - [13/Aug/2013:08:11:12 -0400] "GET /favicon.ico HTTP/1.1" 404 575 "-" "Mozilla/5.0 (Windows NT 6.1; WOW64; rv:22.0) Gecko/20100101 Firefox/22.0"
155.41.122.184 - - [13/Aug/2013:08:11:12 -0400] "GET /favicon.ico HTTP/1.1" 404 575 "-" "Mozilla/5.0 (Windows NT 6.1; WOW64; rv:22.0) Gecko/20100101 Firefox/22.0"
79.120.197.222 - - [13/Aug/2013:08:22:04 -0400] "GET /images/LL-excerpt-3-pics100.jpg HTTP/1.1" 200 7366 "http://www.michaelbrandwein.com/yresources.html" "Mozilla/5.0 (Windows NT 6.1; rv:20.0) Gecko/20100101 Firefox/20.0"
79.120.197.222 - - [13/Aug/2013:08:22:05 -0400] "GET /images/yresources_clip_image008.jpg HTTP/1.1" 200 6040 "http://www.michaelbrandwein.com/yresources.html" "Mozilla/5.0 (Windows NT 6.1; rv:20.0) Gecko/20100101 Firefox/20.0"
157.55.36.37 - - [13/Aug/2013:08:53:24 -0400] "GET / HTTP/1.1" 200 5960 "-" "Mozilla/5.0 (compatible; bingbot/2.0; +http://www.bing.com/bingbot.htm)"
65.55.215.222 - - [13/Aug/2013:10:52:26 -0400] "GET /ytopics/camp/conferences/superstaffsupervision.html HTTP/1.1" 200 10705 "-" "Mozilla/4.0 (compatible; MSIE 7.0; Windows NT 5.2; SV1; .NET CLR 1.1.4322; .NET CLR 2.0.40607)"
65.55.215.222 - - [13/Aug/2013:10:52:27 -0400] "GET /css/youth.css HTTP/1.1" 200 8470 "http://www.michaelbrandwein.com/ytopics/camp/conferences/superstaffsupervision.html" "Mozilla/4.0 (compatible; MSIE 7.0; Windows NT 5.2; SV1; .NET CLR 1.1.4322; .NET CLR 2.0.40607)"
65.55.215.222 - - [13/Aug/2013:10:52:30 -0400] "GET /ytopics/camp/conferences/ysayings.txt HTTP/1.1" 200 6677 "http://www.michaelbrandwein.com/ytopics/camp/conferences/superstaffsupervision.html" "Mozilla/4.0 (compatible; MSIE 7.0; Windows NT 5.2; SV1; .NET CLR 1.1.4322; .NET CLR 2.0.40607)"
5.22.52.54 - - [13/Aug/2013:11:01:13 -0400] "GET / HTTP/1.1" 200 5960 "http://www.google.com/" "Mozilla/5.0 (Windows NT 6.1; WOW64) AppleWebKit/537.36 (KHTML, like Gecko) Chrome/27.0.1453.110 Safari/537.36"
5.22.52.54 - - [13/Aug/2013:11:01:15 -0400] "GET /graphics/bodya.gif HTTP/1.1" 200 131 "http://www.michaelbrandwein.com/" "Mozilla/5.0 (Windows NT 6.1; WOW64) AppleWebKit/537.36 (KHTML, like Gecko) Chrome/27.0.1453.110 Safari/537.36"
5.22.52.54 - - [13/Aug/2013:11:01:15 -0400] "GET /graphics/bgwh.gif HTTP/1.1" 200 49 "http://www.michaelbrandwein.com/" "Mozilla/5.0 (Windows NT 6.1; WOW64) AppleWebKit/537.36 (KHTML, like Gecko) Chrome/27.0.1453.110 Safari/537.36"
180.76.5.25 - - [13/Aug/2013:11:05:53 -0400] "GET /ybionormal.html HTTP/1.1" 200 12648 "-" "Mozilla/5.0 (compatible; Baiduspider/2.0; +http://www.baidu.com/search/spider.html)"
50.50.186.48 - - [13/Aug/2013:11:48:08 -0400] "GET /images/LL-excerpt-3-pics100.jpg HTTP/1.1" 200 7366 "http://www.michaelbrandwein.com/yresources.html" "Mozilla/5.0 (Macintosh; Intel Mac OS X 10_6_8) AppleWebKit/537.36 (KHTML, like Gecko) Chrome/28.0.1500.95 Safari/537.36"
95.221.2.251 - - [13/Aug/2013:15:51:10 -0400] "GET /ytopics/organizations/workdirectly/campgames.html HTTP/1.1" 200 10834 "http://yandex.ru/yandsearch?text=www.michaelbrandwein.com&lr=213" "Opera/9.80 (Windows NT 5.1; U; ru) Presto/2.6.30 Version/10.63"
95.221.2.251 - - [13/Aug/2013:15:51:22 -0400] "GET /graphics/hry2.jpg HTTP/1.1" 200 305 "http://www.michaelbrandwein.com/ytopics/organizations/workdirectly/campgames.html" "Opera/9.80 (Windows NT 5.1; U; ru) Presto/2.6.30 Version/10.63"
157.56.93.49 - - [13/Aug/2013:18:26:13 -0400] "GET /ytopics/camp/training/staff/ivetoldyouathousandtimes.html HTTP/1.1" 304 - "-" "Mozilla/5.0 (compatible; bingbot/2.0; +http://www.bing.com/bingbot.htm)"
199.21.99.123 - - [13/Aug/2013:20:02:26 -0400] "GET / HTTP/1.1" 200 5960 "-" "Mozilla/5.0 (compatible; YandexBot/3.0; +http://yandex.com/bots)"
157.55.36.37 - - [13/Aug/2013:20:39:07 -0400] "GET /ytopics/organizations/keynotes/showvstell.html HTTP/1.1" 200 11000 "-" "Mozilla/5.0 (compatible; bingbot/2.0; +http://www.bing.com/bingbot.htm)"
5.22.52.54 - - [13/Aug/2013:11:01:24 -0400] "GET /graphics/homeyouth2.jpg HTTP/1.1" 200 18018 "http://www.michaelbrandwein.com/" "Mozilla/5.0 (Windows NT 6.1; WOW64) AppleWebKit/537.36 (KHTML, like Gecko) Chrome/27.0.1453.110 Safari/537.36"
50.50.186.48 - - [13/Aug/2013:11:48:04 -0400] "GET /favicon.ico HTTP/1.1" 404 575 "-" "Mozilla/5.0 (Macintosh; Intel Mac OS X 10_6_8) AppleWebKit/537.36 (KHTML, like Gecko) Chrome/28.0.1500.95 Safari/537.36"
50.50.186.48 - - [13/Aug/2013:11:48:04 -0400] "GET /favicon.ico HTTP/1.1" 404 575 "-" "Mozilla/5.0 (Macintosh; Intel Mac OS X 10_6_8) AppleWebKit/537.36 (KHTML, like Gecko) Chrome/28.0.1500.95 Safari/537.36"
50.50.186.48 - - [13/Aug/2013:11:48:04 -0400] "GET /favicon.ico HTTP/1.1" 404 575 "-" "Mozilla/5.0 (Macintosh; Intel Mac OS X 10_6_8) AppleWebKit/537.36 (KHTML, like Gecko) Chrome/28.0.1500.95 Safari/537.36"
50.50.186.48 - - [13/Aug/2013:11:48:08 -0400] "GET /images/LL-excerpt-4-pics100.jpg HTTP/1.1" 200 5494 "http://www.michaelbrandwein.com/yresources.html" "Mozilla/5.0 (Macintosh; Intel Mac OS X 10_6_8) AppleWebKit/537.36 (KHTML, like Gecko) Chrome/28.0.1500.95 Safari/537.36"
50.50.186.48 - - [13/Aug/2013:11:48:09 -0400] "GET /images/campcomp3.jpg HTTP/1.1" 200 50912 "http://www.michaelbrandwein.com/yresources.html" "Mozilla/5.0 (Macintosh; Intel Mac OS X 10_6_8) AppleWebKit/537.36 (KHTML, like Gecko) Chrome/28.0.1500.95 Safari/537.36"
50.50.186.48 - - [13/Aug/2013:11:49:04 -0400] "GET /ycamptraining.html HTTP/1.1" 200 16427 "http://www.michaelbrandwein.com/youth.html" "Mozilla/5.0 (Macintosh; Intel Mac OS X 10_6_8) AppleWebKit/537.36 (KHTML, like Gecko) Chrome/28.0.1500.95 Safari/537.36"
50.50.186.48 - - [13/Aug/2013:11:49:04 -0400] "GET /images/ycamptraining.jpg HTTP/1.1" 200 50346 "http://www.michaelbrandwein.com/ycamptraining.html" "Mozilla/5.0 (Macintosh; Intel Mac OS X 10_6_8) AppleWebKit/537.36 (KHTML, like Gecko) Chrome/28.0.1500.95 Safari/537.36"
50.50.186.48 - - [13/Aug/2013:11:49:04 -0400] "GET /favicon.ico HTTP/1.1" 404 575 "-" "Mozilla/5.0 (Macintosh; Intel Mac OS X 10_6_8) AppleWebKit/537.36 (KHTML, like Gecko) Chrome/28.0.1500.95 Safari/537.36"
157.55.32.109 - - [13/Aug/2013:23:25:58 -0400] "GET /atopics/customerisalwaysbrighter.html HTTP/1.1" 200 9374 "-" "Mozilla/5.0 (compatible; bingbot/2.0; +http://www.bing.com/bingbot.htm)"
86.99.71.130 - - [13/Aug/2013:12:01:03 -0400] "GET /css/adult.css HTTP/1.1" 200 6290 "http://www.michaelbrandwein.com/adult.html" "Mozilla/5.0 (Macintosh; Intel Mac OS X 10_8_4) AppleWebKit/537.36 (KHTML, like Gecko) Chrome/28.0.1500.95 Safari/537.36"
86.99.71.130 - - [13/Aug/2013:12:01:04 -0400] "GET /graphics/logoin.jpg HTTP/1.1" 200 14869 "http://www.michaelbrandwein.com/adult.html" "Mozilla/5.0 (Macintosh; Intel Mac OS X 10_8_4) AppleWebKit/537.36 (KHTML, like Gecko) Chrome/28.0.1500.95 Safari/537.36"
75.151.181.33 - - [13/Aug/2013:12:01:06 -0400] "GET /products/trainingterrificstaff_clip_image002.jpg HTTP/1.1" 200 10083 "http://thecampdirector.com/" "Mozilla/5.0 (Macintosh; Intel Mac OS X 10_6_8) AppleWebKit/534.59.8 (KHTML, like Gecko) Version/5.1.9 Safari/534.59.8"
46.188.22.137 - - [13/Aug/2013:13:10:40 -0400] "GET /images/banner2.jpg HTTP/1.1" 200 5488 "http://www.michaelbrandwein.com/ytopics/camp/conferences/intentionalcamppresenting.html" "Mozilla/4.0 (compatible; MSIE 8.0; Windows NT 6.1; Trident/4.0; SLCC2; .NET CLR 2.0.50727; .NET CLR 3.5.30729; .NET CLR 3.0.30729; Media Center PC 6.0)"
46.188.22.137 - - [13/Aug/2013:13:10:41 -0400] "GET /ytopics/camp/conferences/ysayings.txt HTTP/1.1" 200 6677 "http://www.michaelbrandwein.com/ytopics/camp/conferences/intentionalcamppresenting.html" "Mozilla/4.0 (compatible; MSIE 8.0; Windows NT 6.1; Trident/4.0; SLCC2; .NET CLR 2.0.50727; .NET CLR 3.5.30729; .NET CLR 3.0.30729; Media Center PC 6.0)"
132.177.210.220 - - [13/Aug/2013:13:48:23 -0400] "GET /images/LL-excerpt-1-pics100.jpg HTTP/1.1" 200 6531 "http://michaelbrandwein.com/yresources.html" "Mozilla/5.0 (Windows NT 6.1; WOW64) AppleWebKit/537.36 (KHTML, like Gecko) Chrome/28.0.1500.95 Safari/537.36"
132.177.210.220 - - [13/Aug/2013:13:48:24 -0400] "GET /images/yresources_clip_image006.jpg HTTP/1.1" 200 8978 "http://michaelbrandwein.com/yresources.html" "Mozilla/5.0 (Windows NT 6.1; WOW64) AppleWebKit/537.36 (KHTML, like Gecko) Chrome/28.0.1500.95 Safari/537.36"
132.177.210.220 - - [13/Aug/2013:13:48:52 -0400] "GET /ytopics/camp/training/staff/talkingitout.html HTTP/1.1" 200 11583 "http://michaelbrandwein.com/ycamptraining.html" "Mozilla/5.0 (Windows NT 6.1; WOW64) AppleWebKit/537.36 (KHTML, like Gecko) Chrome/28.0.1500.95 Safari/537.36"
132.177.210.220 - - [13/Aug/2013:13:48:52 -0400] "GET /ytopics/camp/training/staff/ysayings.txt HTTP/1.1" 200 6677 "http://michaelbrandwein.com/ytopics/camp/training/staff/talkingitout.html" "Mozilla/5.0 (Windows NT 6.1; WOW64) AppleWebKit/537.36 (KHTML, like Gecko) Chrome/28.0.1500.95 Safari/537.36"
132.177.210.220 - - [13/Aug/2013:13:48:52 -0400] "GET /favicon.ico HTTP/1.1" 404 575 "-" "Mozilla/5.0 (Windows NT 6.1; WOW64) AppleWebKit/537.36 (KHTML, like Gecko) Chrome/28.0.1500.95 Safari/537.36"
132.177.210.220 - - [13/Aug/2013:13:51:33 -0400] "GET /adult.html HTTP/1.1" 200 13694 "http://michaelbrandwein.com/index.html" "Mozilla/5.0 (Windows NT 6.1; WOW64) AppleWebKit/537.36 (KHTML, like Gecko) Chrome/28.0.1500.95 Safari/537.36"
132.177.210.220 - - [13/Aug/2013:13:51:34 -0400] "GET /sayings.txt HTTP/1.1" 200 6460 "http://michaelbrandwein.com/adult.html" "Mozilla/5.0 (Windows NT 6.1; WOW64) AppleWebKit/537.36 (KHTML, like Gecko) Chrome/28.0.1500.95 Safari/537.36"
85.25.134.59 - - [13/Aug/2013:00:31:52 -0400] "GET / HTTP/1.1" 200 5960 "http://netcomber.com/michaelbrandwein.com?st=br" "NCBot (http://netcomber.com?st=ba : tool for finding true domain owners) Queries/complaints: bot@netcomber.com"
95.221.102.185 - - [13/Aug/2013:02:11:27 -0400] "GET /ytopics/organizations/workdirectly/campgames.html HTTP/1.0" 200 10834 "http://yandex.ru/yandsearch?text=www.michaelbrandwein.com&lr=213" "Mozilla/4.0 (compatible; MSIE 7.0; Windows NT 5.1; .NET CLR 1.1.4322; .NET CLR 2.0.50727)"
66.249.75.170 - - [13/Aug/2013:02:58:28 -0400] "GET /robots.txt HTTP/1.1" 404 575 "-" "Mozilla/5.0 (compatible; Googlebot/2.1; +http://www.google.com/bot.html)"
66.249.75.170 - - [13/Aug/2013:02:58:28 -0400] "GET /pdf/brandwein%20letter%20to%20staff%20person1.pdf HTTP/1.1" 304 - "-" "Mozilla/5.0 (compatible; Googlebot/2.1; +http://www.google.com/bot.html)"
173.199.120.75 - - [13/Aug/2013:03:11:21 -0400] "GET /yproductsnew.html HTTP/1.1" 200 21235 "-" "Mozilla/5.0 (compatible; AhrefsBot/4.0; +http://ahrefs.com/robot/)"
176.195.191.45 - - [13/Aug/2013:04:11:24 -0400] "GET /ytopics/organizations/supervise/superstaffsupervision.html HTTP/1.1" 200 11279 "http://yandex.ru/yandsearch?text=www.michaelbrandwein.com&lr=213" "Mozilla/4.0 (compatible; MSIE 6.0; Windows NT 5.1; SV1; .NET CLR 2.0.50727; .NET CLR 3.0.04506.30)"
92.255.221.127 - - [13/Aug/2013:05:52:09 -0400] "GET /ytopics/organizations/supervise/valueofvaryingviews.html HTTP/1.1" 200 11283 "http://yandex.ru/yandsearch?text=www.michaelbrandwein.com&lr=213" "Mozilla/4.0 (compatible; MSIE 7.0; Windows NT 5.1; .NET CLR 1.1.4322; .NET CLR 2.0.50727)"
65.222.180.8 - - [13/Aug/2013:17:35:36 -0400] "GET /graphics/bodya.gif HTTP/1.1" 200 131 "http://www.michaelbrandwein.com/" "Mozilla/5.0 (compatible; MSIE 9.0; Windows NT 6.1; WOW64; Trident/5.0)"
39.41.227.17 - - [13/Aug/2013:06:34:39 -0400] "GET /graphics/arrowup.gif HTTP/1.1" 200 84 "http://www.michaelbrandwein.com/presentations.html" "Mozilla/5.0 (Windows NT 5.1; rv:17.0) Gecko/20100101 Firefox/17.0"
103.24.99.97 - - [13/Aug/2013:06:47:52 -0400] "GET /css/adult.css HTTP/1.0" 200 6290 "http://www.michaelbrandwein.com/presentations.html" "Mozilla/5.0 (Windows NT 6.1; WOW64) AppleWebKit/537.36 (KHTML, like Gecko) Chrome/28.0.1500.95 Safari/537.36"
103.24.99.97 - - [13/Aug/2013:06:47:53 -0400] "GET /graphics/logoin.jpg HTTP/1.0" 200 14869 "http://www.michaelbrandwein.com/presentations.html" "Mozilla/5.0 (Windows NT 6.1; WOW64) AppleWebKit/537.36 (KHTML, like Gecko) Chrome/28.0.1500.95 Safari/537.36"
95.221.78.21 - - [13/Aug/2013:08:07:17 -0400] "GET /graphics/logoin.jpg HTTP/1.1" 200 14869 "http://www.michaelbrandwein.com/ytopics/organizations/workdirectly/howtoleadfabulousdiscussions.html" "Mozilla/5.0 (Windows; U; Windows NT 5.1; ru; rv:1.9.2.12) Gecko/20101026 Firefox/3.6.12 (.NET CLR 3.5.30729)"
66.249.75.170 - - [13/Aug/2013:08:20:53 -0400] "GET /atopics/superstaffsupervision.html HTTP/1.1" 304 - "-" "Mozilla/5.0 (compatible; Googlebot/2.1; +http://www.google.com/bot.html)"
79.120.197.222 - - [13/Aug/2013:08:21:21 -0400] "GET / HTTP/1.1" 200 5960 "http://www.google.hu/url?sa=t&rct=j&q=&esrc=s&source=web&cd=1&sqi=2&ved=0CDAQFjAA&url=http%3A%2F%2Fwww.michaelbrandwein.com%2F&ei=vCQKUtq8M-SD4gSw8YGABA&usg=AFQjCNHDmaRDJnR-oh_qbwyh3MQ1xyJfyA&sig2=P4c-pBT6qyJwmzTHEMg8TQ&bvm=bv.50500085,d.bGE" "Mozilla/5.0 (Windows NT 6.1; rv:20.0) Gecko/20100101 Firefox/20.0"
79.120.197.222 - - [13/Aug/2013:08:21:21 -0400] "GET /css/brandwein.css HTTP/1.1" 200 2167 "http://www.michaelbrandwein.com/" "Mozilla/5.0 (Windows NT 6.1; rv:20.0) Gecko/20100101 Firefox/20.0"
79.120.197.222 - - [13/Aug/2013:08:21:21 -0400] "GET /graphics/bodya.gif HTTP/1.1" 200 131 "http://www.michaelbrandwein.com/" "Mozilla/5.0 (Windows NT 6.1; rv:20.0) Gecko/20100101 Firefox/20.0"
157.55.36.37 - - [13/Aug/2013:08:49:24 -0400] "GET / HTTP/1.1" 200 5960 "-" "Mozilla/5.0 (compatible; bingbot/2.0; +http://www.bing.com/bingbot.htm)"
46.188.22.137 - - [13/Aug/2013:02:40:48 -0400] "GET /ytopics/camp/conferences/ysayings.txt HTTP/1.0" 200 6677 "http://www.michaelbrandwein.com/ytopics/camp/conferences/intentionalcamppresenting.html" "Mozilla/4.0 (compatible; MSIE 7.0; Windows NT 5.1; .NET CLR 1.1.4322; .NET CLR 2.0.50727; InfoPath.1)"
132.177.210.220 - - [13/Aug/2013:13:48:23 -0400] "GET /Scripts/AC_ActiveX.js HTTP/1.1" 200 2057 "http://michaelbrandwein.com/yresources.html" "Mozilla/5.0 (Windows NT 6.1; WOW64) AppleWebKit/537.36 (KHTML, like Gecko) Chrome/28.0.1500.95 Safari/537.36"
132.177.210.220 - - [13/Aug/2013:13:48:23 -0400] "GET /Scripts/AC_RunActiveContent.js HTTP/1.1" 200 3233 "http://michaelbrandwein.com/yresources.html" "Mozilla/5.0 (Windows NT 6.1; WOW64) AppleWebKit/537.36 (KHTML, like Gecko) Chrome/28.0.1500.95 Safari/537.36"
132.177.210.220 - - [13/Aug/2013:13:48:23 -0400] "GET /graphics/logoin.jpg HTTP/1.1" 200 14869 "http://michaelbrandwein.com/yresources.html" "Mozilla/5.0 (Windows NT 6.1; WOW64) AppleWebKit/537.36 (KHTML, like Gecko) Chrome/28.0.1500.95 Safari/537.36"
132.177.210.220 - - [13/Aug/2013:13:48:23 -0400] "GET /images/LL-excerpt-3-pics100.jpg HTTP/1.1" 200 7366 "http://michaelbrandwein.com/yresources.html" "Mozilla/5.0 (Windows NT 6.1; WOW64) AppleWebKit/537.36 (KHTML, like Gecko) Chrome/28.0.1500.95 Safari/537.36"
132.177.210.220 - - [13/Aug/2013:13:48:23 -0400] "GET /images/learningleadershipdvd118.jpg HTTP/1.1" 200 13789 "http://michaelbrandwein.com/yresources.html" "Mozilla/5.0 (Windows NT 6.1; WOW64) AppleWebKit/537.36 (KHTML, like Gecko) Chrome/28.0.1500.95 Safari/537.36"
132.177.210.220 - - [13/Aug/2013:13:48:24 -0400] "GET /images/elena.jpg HTTP/1.1" 200 6823 "http://michaelbrandwein.com/yresources.html" "Mozilla/5.0 (Windows NT 6.1; WOW64) AppleWebKit/537.36 (KHTML, like Gecko) Chrome/28.0.1500.95 Safari/537.36"
95.26.199.142 - - [13/Aug/2013:04:08:03 -0400] "GET /graphics/dot.gif HTTP/1.1" 200 114 "http://www.michaelbrandwein.com/ytopics/camp/training/session/programboosters.html" "Mozilla/4.0 (compatible; MSIE 8.0; Windows NT 5.1; Trident/4.0; .NET CLR 1.1.4322; .NET CLR 2.0.50727; InfoPath.1; .NET CLR 3.0.4506.2152; .NET CLR 3.5.30729)"
92.255.221.127 - - [13/Aug/2013:05:52:10 -0400] "GET /images/banner2.jpg HTTP/1.1" 200 5488 "http://www.michaelbrandwein.com/ytopics/organizations/supervise/valueofvaryingviews.html" "Mozilla/4.0 (compatible; MSIE 7.0; Windows NT 5.1; .NET CLR 1.1.4322; .NET CLR 2.0.50727)"
101.227.4.24 - - [13/Aug/2013:19:27:14 -0400] "GET /robots.txt HTTP/1.1" 404 575 "-" "Mozilla/5.0 ()"
71.194.51.65 - - [13/Aug/2013:20:59:47 -0400] "GET /graphics/oval1.jpg HTTP/1.1" 200 14070 "http://www.michaelbrandwein.com/youth.html" "Mozilla/5.0 (compatible; MSIE 9.0; Windows NT 6.0; Trident/5.0)"
123.151.148.180 - - [13/Aug/2013:09:48:01 -0400] "GET / HTTP/1.1" 200 5960 "http://www.michaelbrandwein.com/" "Mozilla/5.0 (compatible; Sosospider/2.0; +http://help.soso.com/webspider.htm)"
76.215.46.28 - - [13/Aug/2013:16:39:47 -0400] "GET /graphics/arrowup.gif HTTP/1.1" 200 84 "http://www.michaelbrandwein.com/presentations.html" "Mozilla/5.0 (Windows NT 6.2; WOW64) AppleWebKit/537.36 (KHTML, like Gecko) Chrome/28.0.1500.95 Safari/537.36"
65.55.213.46 - - [13/Aug/2013:16:59:45 -0400] "GET /atopics/nofuninfungible.html HTTP/1.1" 200 8864 "-" "Mozilla/4.0 (compatible; MSIE 7.0; Windows NT 5.2; SV1; .NET CLR 1.1.4322; .NET CLR 2.0.50727; .NET CLR 3.0.30729; .NET CLR 3.5.30729; InfoPath.2)"
65.55.213.46 - - [13/Aug/2013:16:59:47 -0400] "GET /css/adult.css HTTP/1.1" 200 6290 "http://www.michaelbrandwein.com/atopics/nofuninfungible.html" "Mozilla/4.0 (compatible; MSIE 7.0; Windows NT 5.2; SV1; .NET CLR 1.1.4322; .NET CLR 2.0.50727; .NET CLR 3.0.30729; .NET CLR 3.5.30729; InfoPath.2)"
65.55.213.46 - - [13/Aug/2013:16:59:49 -0400] "GET /atopics/sayings.txt HTTP/1.1" 200 6460 "http://www.michaelbrandwein.com/atopics/nofuninfungible.html" "Mozilla/4.0 (compatible; MSIE 7.0; Windows NT 5.2; SV1; .NET CLR 1.1.4322; .NET CLR 2.0.50727; .NET CLR 3.0.30729; .NET CLR 3.5.30729; InfoPath.2)"
65.222.180.8 - - [13/Aug/2013:17:35:36 -0400] "GET /graphics/homeyouth.jpg HTTP/1.1" 200 17174 "http://www.michaelbrandwein.com/" "Mozilla/5.0 (compatible; MSIE 9.0; Windows NT 6.1; WOW64; Trident/5.0)"
65.222.180.8 - - [13/Aug/2013:17:35:36 -0400] "GET /favicon.ico HTTP/1.1" 404 575 "-" "Mozilla/5.0 (compatible; MSIE 9.0; Windows NT 6.1; WOW64; Trident/5.0)"
157.55.36.37 - - [13/Aug/2013:06:22:23 -0400] "GET /ytopics/camp/training/session/specialeventsreview.html HTTP/1.1" 304 - "-" "Mozilla/5.0 (compatible; bingbot/2.0; +http://www.bing.com/bingbot.htm)"
193.106.136.58 - - [13/Aug/2013:06:34:00 -0400] "GET /atopics/conflictcommunication.html HTTP/1.1" 200 8923 "http://dom-o-fon.ru/" "Mozilla/4.0 (compatible; MSIE 6.0; Windows NT 5.1; SV1)"
39.41.227.17 - - [13/Aug/2013:06:34:38 -0400] "GET /css/adult.css HTTP/1.1" 200 6290 "http://www.michaelbrandwein.com/presentations.html" "Mozilla/5.0 (Windows NT 5.1; rv:17.0) Gecko/20100101 Firefox/17.0"
39.41.227.17 - - [13/Aug/2013:06:34:39 -0400] "GET /graphics/dot.gif HTTP/1.1" 200 114 "http://www.michaelbrandwein.com/graphics/dot.gif" "Mozilla/5.0 (Windows NT 5.1; rv:17.0) Gecko/20100101 Firefox/17.0"
89.222.217.246 - - [13/Aug/2013:07:10:25 -0400] "GET /ytopics/schools/parents/seeingisbelieving.html HTTP/1.0" 200 10900 "http://yandex.ru/yandsearch?text=www.michaelbrandwein.com&lr=213" "Mozilla/4.0 (compatible; MSIE 6.0; Windows NT 5.1; SV1; .NET CLR 2.0.50727; .NET CLR 3.0.4506.2152; .NET CLR 3.5.30729)"
95.221.78.21 - - [13/Aug/2013:08:07:17 -0400] "GET /css/youth.css HTTP/1.1" 200 8470 "http://www.michaelbrandwein.com/ytopics/organizations/workdirectly/howtoleadfabulousdiscussions.html" "Mozilla/5.0 (Windows; U; Windows NT 5.1; ru; rv:1.9.2.12) Gecko/20101026 Firefox/3.6.12 (.NET CLR 3.5.30729)"
79.120.197.222 - - [13/Aug/2013:08:21:21 -0400] "GET /graphics/homeyouth.jpg HTTP/1.1" 200 17174 "http://www.michaelbrandwein.com/" "Mozilla/5.0 (Windows NT 6.1; rv:20.0) Gecko/20100101 Firefox/20.0"
79.120.197.222 - - [13/Aug/2013:08:21:22 -0400] "GET /graphics/homeyouth2.jpg HTTP/1.1" 200 18018 "http://www.michaelbrandwein.com/" "Mozilla/5.0 (Windows NT 6.1; rv:20.0) Gecko/20100101 Firefox/20.0"
98.137.207.26 - - [13/Aug/2013:21:12:52 -0400] "GET / HTTP/1.1" 200 5960 "-" "Mozilla/5.0 (compatible; Yahoo! Slurp/3.0; http://help.yahoo.com/help/us/ysearch/slurp) NOT Firefox/3.5"
98.137.207.26 - - [13/Aug/2013:21:12:53 -0400] "GET /graphics/homeadult.jpg HTTP/1.1" 200 18635 "http://michaelbrandwein.com/" "Mozilla/5.0 (compatible; Yahoo! Slurp/3.0; http://help.yahoo.com/help/us/ysearch/slurp) NOT Firefox/3.5"
98.137.207.26 - - [13/Aug/2013:21:12:53 -0400] "GET /graphics/bodyy.gif HTTP/1.1" 200 124 "http://michaelbrandwein.com/" "Mozilla/5.0 (compatible; Yahoo! Slurp/3.0; http://help.yahoo.com/help/us/ysearch/slurp) NOT Firefox/3.5"
98.137.207.26 - - [13/Aug/2013:21:12:53 -0400] "GET /graphics/homeadult2.jpg HTTP/1.1" 200 19380 "http://michaelbrandwein.com/" "Mozilla/5.0 (compatible; Yahoo! Slurp/3.0; http://help.yahoo.com/help/us/ysearch/slurp) NOT Firefox/3.5"
157.56.93.49 - - [13/Aug/2013:22:01:07 -0400] "GET /ypresentations.html HTTP/1.1" 200 13892 "-" "Mozilla/5.0 (compatible; bingbot/2.0; +http://www.bing.com/bingbot.htm)"
166.137.191.22 - - [13/Aug/2013:23:18:24 -0400] "GET /graphics/bhomeenter3.jpg HTTP/1.1" 404 575 "http://www.michaelbrandwein.com/" "Mozilla/5.0 (iPhone; CPU iPhone OS 6_1_4 like Mac OS X) AppleWebKit/536.26 (KHTML, like Gecko) Version/6.0 Mobile/10B350 Safari/8536.25"
66.249.75.170 - - [13/Aug/2013:07:55:35 -0400] "GET /products/trainingterrificstaff_clip_image002.jpg HTTP/1.1" 200 10083 "-" "Mozilla/5.0 (compatible; Googlebot/2.1; +http://www.google.com/bot.html)"
196.207.47.177 - - [13/Aug/2013:07:55:44 -0400] "GET /graphics/arrowup.gif HTTP/1.1" 200 84 "http://www.michaelbrandwein.com/presentations.html" "Mozilla/5.0 (Symbian/3; Series60/5.2 NokiaE6-00/022.014; Profile/MIDP-2.1 Configuration/CLDC-1.1 ) AppleWebKit/533.4 (KHTML, like Gecko) NokiaBrowser/7.3.1.37 Mobile Safari/533.4 3gpp-gba"
157.55.32.149 - - [13/Aug/2013:08:28:31 -0400] "GET /images/banner2.jpg HTTP/1.1" 200 5488 "-" "Mozilla/5.0 (compatible; bingbot/2.0; +http://www.bing.com/bingbot.htm)"
99.104.60.3 - - [13/Aug/2013:13:21:34 -0400] "GET /products/learningleadership_clip_image002.jpg HTTP/1.1" 200 10525 "http://thecampdirector.com/tag/resume/" "Mozilla/5.0 (compatible; MSIE 10.0; Windows NT 6.1; WOW64; Trident/6.0)"
132.177.210.220 - - [13/Aug/2013:13:51:23 -0400] "GET /graphics/homeyouth.jpg HTTP/1.1" 200 17174 "http://michaelbrandwein.com/index.html" "Mozilla/5.0 (Windows NT 6.1; WOW64) AppleWebKit/537.36 (KHTML, like Gecko) Chrome/28.0.1500.95 Safari/537.36"
132.177.210.220 - - [13/Aug/2013:13:51:25 -0400] "GET /graphics/bhomeenter3.jpg HTTP/1.1" 404 575 "http://michaelbrandwein.com/index.html" "Mozilla/5.0 (Windows NT 6.1; WOW64) AppleWebKit/537.36 (KHTML, like Gecko) Chrome/28.0.1500.95 Safari/537.36"
50.192.120.57 - - [13/Aug/2013:14:58:18 -0400] "GET /products/trainingterrificstaff_clip_image002.jpg HTTP/1.1" 200 10083 "http://thecampdirector.com/tag/cover-letter/" "Mozilla/5.0 (compatible; MSIE 10.0; Windows NT 6.1; WOW64; Trident/6.0)"
50.192.120.57 - - [13/Aug/2013:14:58:18 -0400] "GET /products/learningleadership_clip_image002.jpg HTTP/1.1" 200 10525 "http://thecampdirector.com/tag/cover-letter/" "Mozilla/5.0 (compatible; MSIE 10.0; Windows NT 6.1; WOW64; Trident/6.0)"
176.195.255.23 - - [13/Aug/2013:04:18:35 -0400] "GET /ytopics/organizations/keynotes/houdinisgreatestsecrets.html HTTP/1.0" 200 11566 "http://yandex.ru/yandsearch?text=www.michaelbrandwein.com&lr=213" "Mozilla/4.0 (compatible; MSIE 7.0; Windows NT 5.1; .NET CLR 1.1.4322)"
176.195.255.23 - - [13/Aug/2013:05:51:56 -0400] "GET /ytopics/organizations/supervise/timemanagement.html HTTP/1.1" 200 11044 "http://yandex.ru/yandsearch?text=www.michaelbrandwein.com&lr=213" "Opera/9.80 (Windows NT 6.1; U; ru) Presto/2.6.30 Version/10.63"
5.9.82.183 - - [13/Aug/2013:00:06:33 -0400] "GET /ytopics/camp/conferences/intentionalcampmagical.html HTTP/1.1" 200 10560 "-" "Mozilla/5.0 (compatible; SISTRIX Crawler; http://crawler.sistrix.net/)"
5.9.82.183 - - [13/Aug/2013:00:06:34 -0400] "GET /ytopics/camp/conferences/campsight.html HTTP/1.1" 200 10641 "-" "Mozilla/5.0 (compatible; SISTRIX Crawler; http://crawler.sistrix.net/)"
5.9.82.183 - - [13/Aug/2013:00:06:35 -0400] "GET /ytopics/camp/conferences/superstaffsupervision.html HTTP/1.1" 200 10705 "-" "Mozilla/5.0 (compatible; SISTRIX Crawler; http://crawler.sistrix.net/)"
5.9.82.183 - - [13/Aug/2013:00:06:37 -0400] "GET /ytopics/camp/conferences/solidsolutions.html HTTP/1.1" 404 575 "-" "Mozilla/5.0 (compatible; SISTRIX Crawler; http://crawler.sistrix.net/)"
46.188.22.137 - - [13/Aug/2013:02:40:47 -0400] "GET /css/youth.css HTTP/1.0" 200 8470 "http://www.michaelbrandwein.com/ytopics/camp/conferences/intentionalcamppresenting.html" "Mozilla/4.0 (compatible; MSIE 7.0; Windows NT 5.1; .NET CLR 1.1.4322; .NET CLR 2.0.50727; InfoPath.1)"
27.251.83.10 - - [13/Aug/2013:11:09:35 -0400] "GET /graphics/arrowup.gif HTTP/1.1" 200 84 "http://www.michaelbrandwein.com/presentations.html" "Mozilla/5.0 (Windows NT 6.1; WOW64) AppleWebKit/537.36 (KHTML, like Gecko) Chrome/28.0.1500.95 Safari/537.36"
50.50.186.48 - - [13/Aug/2013:11:47:03 -0400] "GET /youth.html HTTP/1.1" 200 14317 "http://www.michaelbrandwein.com/" "Mozilla/5.0 (Macintosh; Intel Mac OS X 10_6_8) AppleWebKit/537.36 (KHTML, like Gecko) Chrome/28.0.1500.95 Safari/537.36"
50.50.186.48 - - [13/Aug/2013:11:47:04 -0400] "GET /graphics/hry2.jpg HTTP/1.1" 200 305 "http://www.michaelbrandwein.com/youth.html" "Mozilla/5.0 (Macintosh; Intel Mac OS X 10_6_8) AppleWebKit/537.36 (KHTML, like Gecko) Chrome/28.0.1500.95 Safari/537.36"
50.50.186.48 - - [13/Aug/2013:11:47:04 -0400] "GET /images/youthhome.jpg HTTP/1.1" 200 15371 "http://www.michaelbrandwein.com/youth.html" "Mozilla/5.0 (Macintosh; Intel Mac OS X 10_6_8) AppleWebKit/537.36 (KHTML, like Gecko) Chrome/28.0.1500.95 Safari/537.36"
50.50.186.48 - - [13/Aug/2013:11:47:04 -0400] "GET /graphics/oval3.jpg HTTP/1.1" 200 14255 "http://www.michaelbrandwein.com/youth.html" "Mozilla/5.0 (Macintosh; Intel Mac OS X 10_6_8) AppleWebKit/537.36 (KHTML, like Gecko) Chrome/28.0.1500.95 Safari/537.36"
101.227.4.25 - - [13/Aug/2013:15:22:07 -0400] "HEAD /ytopics/schools/staffdev/howtograbandkeepattention.html391 HTTP/1.1" 404 - "-" "Mozilla/5.0 (compatible; YYSpider; +http://www.yunyun.com/spider.html)"
173.199.120.75 - - [13/Aug/2013:15:59:29 -0400] "GET /ytopics/organizations/supervise/superstaffsupervision.html HTTP/1.1" 200 11279 "-" "Mozilla/5.0 (compatible; AhrefsBot/4.0; +http://ahrefs.com/robot/)"
176.195.57.100 - - [13/Aug/2013:16:04:32 -0400] "GET /images/banner2.jpg HTTP/1.1" 200 5488 "http://www.michaelbrandwein.com/ytopics/camp/training/staff/largegroupleadership.html" "Mozilla/4.0 (compatible; MSIE 6.0; Windows NT 5.1; SV1)"
137.175.68.182 - - [13/Aug/2013:19:45:33 -0400] "GET /clientcomments.html HTTP/1.0" 200 29967 "http://www.michaelbrandwein.com/clientcomments.html" "Mozilla/5.0 (Windows NT 6.0) AppleWebKit/537.11 (KHTML, like Gecko) Chrome/23.0.1271.95 Safari/537.11"
71.194.51.65 - - [13/Aug/2013:20:59:15 -0400] "GET /graphics/homeyouth.jpg HTTP/1.1" 200 17174 "http://www.michaelbrandwein.com/" "Mozilla/5.0 (compatible; MSIE 9.0; Windows NT 6.0; Trident/5.0)"
71.194.51.65 - - [13/Aug/2013:20:59:18 -0400] "GET /graphics/bhomeenter3.jpg HTTP/1.1" 404 575 "http://www.michaelbrandwein.com/" "Mozilla/5.0 (compatible; MSIE 9.0; Windows NT 6.0; Trident/5.0)"
196.207.47.177 - - [13/Aug/2013:07:55:41 -0400] "GET /graphics/logoin.jpg HTTP/1.1" 200 14869 "http://www.michaelbrandwein.com/presentations.html" "Mozilla/5.0 (Symbian/3; Series60/5.2 NokiaE6-00/022.014; Profile/MIDP-2.1 Configuration/CLDC-1.1 ) AppleWebKit/533.4 (KHTML, like Gecko) NokiaBrowser/7.3.1.37 Mobile Safari/533.4 3gpp-gba"
196.207.47.177 - - [13/Aug/2013:07:55:47 -0400] "GET /graphics/dot.gif HTTP/1.1" 200 114 "http://www.michaelbrandwein.com/presentations.html" "Mozilla/5.0 (Symbian/3; Series60/5.2 NokiaE6-00/022.014; Profile/MIDP-2.1 Configuration/CLDC-1.1 ) AppleWebKit/533.4 (KHTML, like Gecko) NokiaBrowser/7.3.1.37 Mobile Safari/533.4 3gpp-gba"
184.8.212.61 - - [13/Aug/2013:08:53:49 -0400] "GET /pdf/brandwein%20letter%20to%20staff%20person1.pdf HTTP/1.1" 200 103828 "-" "Mozilla/5.0 (iPad; CPU OS 5_1_1 like Mac OS X) AppleWebKit/534.46 (KHTML, like Gecko) Version/5.1 Mobile/9B206 Safari/7534.48.3"
208.108.212.46 - - [13/Aug/2013:09:01:39 -0400] "GET /graphics/arrowup.gif HTTP/1.1" 200 84 "http://michaelbrandwein.com/yschools.html" "Mozilla/5.0 (compatible; MSIE 9.0; Windows NT 6.1; WOW64; Trident/5.0)"
