208.108.212.46 - - [13/Aug/2013:09:01:39 -0400] "GET /ysayings.txt HTTP/1.1" 200 6677 "http://michaelbrandwein.com/yschools.html" "Mozilla/5.0 (compatible; MSIE 9.0; Windows NT 6.1; WOW64; Trident/5.0)"
113.105.163.123 - - [13/Aug/2013:09:31:02 -0400] "GET /robots.txt HTTP/1.1" 404 575 "http://www.michaelbrandwein.com/" "Mozilla/5.0 (compatible; MSIE 8.0; Windows NT 6.1)"
115.249.130.45 - - [13/Aug/2013:10:45:09 -0400] "GET /graphics/arrowup.gif HTTP/1.1" 200 84 "http://www.michaelbrandwein.com/presentations.html" "Mozilla/5.0 (Windows NT 6.2; WOW64) AppleWebKit/537.36 (KHTML, like Gecko) Chrome/28.0.1500.95 Safari/537.36"
115.249.130.45 - - [13/Aug/2013:10:45:12 -0400] "GET /sayings.txt HTTP/1.1" 200 6460 "http://www.michaelbrandwein.com/presentations.html" "Mozilla/5.0 (Windows NT 6.2; WOW64) AppleWebKit/537.36 (KHTML, like Gecko) Chrome/28.0.1500.95 Safari/537.36"
115.249.130.45 - - [13/Aug/2013:10:45:15 -0400] "GET /favicon.ico HTTP/1.1" 404 575 "-" "Mozilla/5.0 (Windows NT 6.2; WOW64) AppleWebKit/537.36 (KHTML, like Gecko) Chrome/28.0.1500.95 Safari/537.36"
115.249.130.45 - - [13/Aug/2013:10:45:17 -0400] "GET /favicon.ico HTTP/1.1" 404 575 "-" "Mozilla/5.0 (Windows NT 6.2; WOW64) AppleWebKit/537.36 (KHTML, like Gecko) Chrome/28.0.1500.95 Safari/537.36"
50.50.186.48 - - [13/Aug/2013:11:47:04 -0400] "GET /graphics/oval6.jpg HTTP/1.1" 200 3369 "http://www.michaelbrandwein.com/youth.html" "Mozilla/5.0 (Macintosh; Intel Mac OS X 10_6_8) AppleWebKit/537.36 (KHTML, like Gecko) Chrome/28.0.1500.95 Safari/537.36"
50.50.186.48 - - [13/Aug/2013:11:47:04 -0400] "GET /graphics/oval5.jpg HTTP/1.1" 200 14409 "http://www.michaelbrandwein.com/youth.html" "Mozilla/5.0 (Macintosh; Intel Mac OS X 10_6_8) AppleWebKit/537.36 (KHTML, like Gecko) Chrome/28.0.1500.95 Safari/537.36"
99.58.54.219 - - [13/Aug/2013:11:50:42 -0400] "GET /products/superstaffsupervision_clip_image002.jpg HTTP/1.1" 200 9705 "http://thecampdirector.com/2012/04/22/summer-camp-jobs-from-the-american-camp-association-job-list-for-april-15-2012/" "Mozilla/5.0 (iPad; CPU OS 6_1_3 like Mac OS X) AppleWebKit/536.26 (KHTML, like Gecko) Version/6.0 Mobile/10B329 Safari/8536.25"
157.55.32.109 - - [13/Aug/2013:15:46:06 -0400] "GET /videopreviews.html HTTP/1.1" 200 15840 "-" "Mozilla/5.0 (compatible; bingbot/2.0; +http://www.bing.com/bingbot.htm)"
176.195.57.100 - - [13/Aug/2013:16:04:31 -0400] "GET /ytopics/camp/training/staff/largegroupleadership.html HTTP/1.1" 200 10745 "http://yandex.ru/yandsearch?text=www.michaelbrandwein.com&lr=213" "Mozilla/4.0 (compatible; MSIE 6.0; Windows NT 5.1; SV1)"
68.201.89.236 - - [13/Aug/2013:16:47:21 -0400] "GET /products/learningleadership_clip_image002.jpg HTTP/1.1" 200 10525 "http://thecampdirector.com/" "Mozilla/5.0 (Macintosh; Intel Mac OS X 10_6_8) AppleWebKit/537.36 (KHTML, like Gecko) Chrome/28.0.1500.95 Safari/537.36"
65.222.180.8 - - [13/Aug/2013:17:35:36 -0400] "GET / HTTP/1.1" 200 5960 "http://www.google.com/url?sa=t&rct=j&q=michael%20brandwein&source=web&cd=1&sqi=2&ved=0CCsQFjAA&url=http%3A%2F%2Fwww.michaelbrandwein.com%2F&ei=naYKUuzrFvPl4APVwoDQAw&usg=AFQjCNHDmaRDJnR-oh_qbwyh3MQ1xyJfyA&bvm=bv.50500085,d.dmg" "Mozilla/5.0 (compatible; MSIE 9.0; Windows NT 6.1; WOW64; Trident/5.0)"
46.188.22.137 - - [13/Aug/2013:13:10:40 -0400] "GET /css/youth.css HTTP/1.1" 200 8470 "http://www.michaelbrandwein.com/ytopics/camp/conferences/intentionalcamppresenting.html" "Mozilla/4.0 (compatible; MSIE 8.0; Windows NT 6.1; Trident/4.0; SLCC2; .NET CLR 2.0.50727; .NET CLR 3.5.30729; .NET CLR 3.0.30729; Media Center PC 6.0)"
176.195.43.184 - - [13/Aug/2013:14:29:13 -0400] "GET /ytopics/camp/training/staff/ysayings.txt HTTP/1.0" 200 6677 "http://www.michaelbrandwein.com/ytopics/camp/training/staff/talkingitout.html" "Mozilla/4.0 (compatible; MSIE 7.0; Windows NT 5.1; .NET CLR 1.1.4322; .NET CLR 2.0.50727)"
46.188.22.137 - - [13/Aug/2013:00:03:06 -0400] "GET /ytopics/camp/conferences/ysayings.txt HTTP/1.0" 200 6677 "http://www.michaelbrandwein.com/ytopics/camp/conferences/intentionalcamppresenting.html" "Mozilla/4.0 (compatible; MSIE 7.0; Windows NT 5.1; .NET CLR 1.1.4322; .NET CLR 2.0.50727; InfoPath.1)"
176.195.195.149 - - [13/Aug/2013:04:02:24 -0400] "GET /ytopics/organizations/supervise/ysayings.txt HTTP/1.1" 200 6677 "http://www.michaelbrandwein.com/ytopics/organizations/supervise/nofuninfungible.html" "Mozilla/4.0 (compatible; MSIE 8.0; Windows NT 5.1; Trident/4.0; GTB6.6; .NET CLR 1.1.4322; .NET CLR 2.0.50727; .NET CLR 3.0.4506.2152; .NET CLR 3.5.30729)"
27.97.124.243 - - [13/Aug/2013:04:04:49 -0400] "GET /presentations.html HTTP/1.1" 200 12384 "http://www.google.co.in/url?sa=t&rct=j&q=topics%20for%20presentation%20on%20companies&source=web&cd=4&ved=0CC8QFjAD&url=http%3A%2F%2Fwww.michaelbrandwein.com%2Fpresentations.html&ei=f-gJUofUKJDOlAWZ7YGIDA&usg=AFQjCNE8ZOJzjyds3xDmTTzj43s7X6aVRg&bvm=bv.50500085,d.dGI" "Mozilla/5.0 (Linux; U; Android 4.1.1; en-gb; GT-P3100 Build/JRO03C) AppleWebKit/534.30 (KHTML, like Gecko) Version/4.0 Safari/534.30"
91.207.9.226 - - [13/Aug/2013:04:27:33 -0400] "GET /atopics/conflictcommunication.html HTTP/1.1" 200 8923 "http://internet-exe.com/" "Mozilla/4.0 (compatible; MSIE 6.0; Windows NT 5.1; SV1; .NET CLR 1.1.4322)"
46.188.2.233 - - [13/Aug/2013:04:54:59 -0400] "GET /ytopics/camp/training/staff/ysayings.txt HTTP/1.0" 200 6677 "http://www.michaelbrandwein.com/ytopics/camp/training/staff/largegroupleadership.html" "Mozilla/4.0 (compatible; MSIE 6.0; Windows NT 5.1; SV1; .NET CLR 2.0.50727; .NET CLR 3.0.4506.2152; .NET CLR 3.5.30729)"
66.249.72.170 - - [13/Aug/2013:19:18:02 -0400] "GET /robots.txt HTTP/1.1" 404 575 "-" "Mozilla/5.0 (compatible; Googlebot/2.1; +http://www.google.com/bot.html)"
157.55.32.109 - - [13/Aug/2013:22:01:45 -0400] "GET /graphics/oval1.jpg HTTP/1.1" 200 14070 "-" "Mozilla/5.0 (compatible; bingbot/2.0; +http://www.bing.com/bingbot.htm)"
157.55.32.109 - - [13/Aug/2013:22:28:25 -0400] "GET /ytopics/organizations/workdirectly/ysayings.txt HTTP/1.1" 200 6677 "-" "Mozilla/5.0 (compatible; bingbot/2.0; +http://www.bing.com/bingbot.htm)"
157.55.36.37 - - [13/Aug/2013:23:27:55 -0400] "GET /bionormal.html HTTP/1.1" 200 10798 "-" "Mozilla/5.0 (compatible; bingbot/2.0; +http://www.bing.com/bingbot.htm)"
203.126.198.225 - - [13/Aug/2013:06:13:22 -0400] "GET /images/banner2.jpg HTTP/1.1" 200 5488 "http://www.michaelbrandwein.com/presentations.html" "Mozilla/5.0 (compatible; MSIE 9.0; Windows NT 6.1; Trident/5.0)"
96.250.14.167 - - [13/Aug/2013:07:54:07 -0400] "GET /products/learningleadership_clip_image002.jpg HTTP/1.1" 200 10525 "http://thecampdirector.com/" "Mozilla/5.0 (iPhone; CPU iPhone OS 6_0_2 like Mac OS X) AppleWebKit/536.26 (KHTML, like Gecko) Version/6.0 Mobile/10A551 Safari/8536.25"
155.41.122.184 - - [13/Aug/2013:08:19:20 -0400] "GET /yresources.html HTTP/1.1" 200 31536 "http://www.google.com/url?sa=t&rct=j&q=&esrc=s&source=web&cd=2&ved=0CDMQFjAB&url=http%3A%2F%2Fmichaelbrandwein.com%2Fyresources.html&ei=QyQKUtTaOJStyAHt_oEI&usg=AFQjCNEy2MpAicoQ6PdRyb9Iyob510i0iw&sig2=Ys2hHAjrRVqvZBWjVpaPEg&bvm=bv.50500085,d.aWc" "Mozilla/5.0 (Windows NT 6.1; WOW64; rv:22.0) Gecko/20100101 Firefox/22.0"
155.41.122.184 - - [13/Aug/2013:08:19:20 -0400] "GET /graphics/logoin.jpg HTTP/1.1" 200 14869 "http://michaelbrandwein.com/yresources.html" "Mozilla/5.0 (Windows NT 6.1; WOW64; rv:22.0) Gecko/20100101 Firefox/22.0"
155.41.122.184 - - [13/Aug/2013:08:19:21 -0400] "GET /images/LL-excerpt-4-pics100.jpg HTTP/1.1" 200 5494 "http://michaelbrandwein.com/yresources.html" "Mozilla/5.0 (Windows NT 6.1; WOW64; rv:22.0) Gecko/20100101 Firefox/22.0"
155.41.122.184 - - [13/Aug/2013:08:19:21 -0400] "GET /graphics/get_flash_player.gif HTTP/1.1" 200 1066 "http://michaelbrandwein.com/yresources.html" "Mozilla/5.0 (Windows NT 6.1; WOW64; rv:22.0) Gecko/20100101 Firefox/22.0"
79.120.197.222 - - [13/Aug/2013:08:21:30 -0400] "GET /graphics/arrow.gif HTTP/1.1" 200 942 "http://www.michaelbrandwein.com/css/youth.css" "Mozilla/5.0 (Windows NT 6.1; rv:20.0) Gecko/20100101 Firefox/20.0"
79.120.197.222 - - [13/Aug/2013:08:21:30 -0400] "GET /graphics/oval3.jpg HTTP/1.1" 200 14255 "http://www.michaelbrandwein.com/youth.html" "Mozilla/5.0 (Windows NT 6.1; rv:20.0) Gecko/20100101 Firefox/20.0"
65.55.213.79 - - [13/Aug/2013:15:16:27 -0400] "GET /youth.html HTTP/1.1" 200 14317 "-" "msnbot/2.0b (+http://search.msn.com/msnbot.htm)"
184.176.201.149 - - [13/Aug/2013:12:11:33 -0400] "GET /graphics/homeyouth.jpg HTTP/1.1" 200 17174 "http://www.michaelbrandwein.com/" "Mozilla/5.0 (Macintosh; Intel Mac OS X 10_8_4) AppleWebKit/537.36 (KHTML, like Gecko) Chrome/29.0.1547.49 Safari/537.36"
217.73.208.94 - - [13/Aug/2013:12:13:01 -0400] "GET /robots.txt HTTP/1.1" 404 575 "-" "Mozilla/5.0 (compatible; IstellaBot/1.10.2 +http://www.tiscali.it/)"
199.21.99.123 - - [13/Aug/2013:12:30:35 -0400] "GET / HTTP/1.1" 200 5960 "-" "Mozilla/5.0 (compatible; YandexBot/3.0; +http://yandex.com/bots)"
46.118.126.194 - - [13/Aug/2013:13:55:39 -0400] "GET /atopics/conflictcommunication.html HTTP/1.1" 200 8923 "http://ublaze.ru/" "Mozilla/4.0 (compatible; MSIE 6.0; Windows NT 5.1; Maxthon; .NET CLR 1.1.4322)"
178.137.128.238 - - [13/Aug/2013:03:25:23 -0400] "GET /atopics/conflictcommunication.html HTTP/1.1" 200 8923 "http://bidla.net/" "Mozilla/4.0 (compatible; MSIE 6.0; Windows NT 5.0; .NET CLR 1.0.3705; .NET CLR 1.1.4322)"
89.178.246.223 - - [13/Aug/2013:04:04:36 -0400] "GET /ytopics/schools/parents/howtohavegreatcommunication.html HTTP/1.1" 200 11509 "http://yandex.ru/yandsearch?text=www.michaelbrandwein.com&lr=213" "Opera/9.80 (Windows NT 5.1; U; ru) Presto/2.6.30 Version/10.63"
95.26.199.142 - - [13/Aug/2013:04:08:02 -0400] "GET /images/banner2.jpg HTTP/1.1" 200 5488 "http://www.michaelbrandwein.com/ytopics/camp/training/session/programboosters.html" "Mozilla/4.0 (compatible; MSIE 8.0; Windows NT 5.1; Trident/4.0; .NET CLR 1.1.4322; .NET CLR 2.0.50727; InfoPath.1; .NET CLR 3.0.4506.2152; .NET CLR 3.5.30729)"
176.195.255.23 - - [13/Aug/2013:04:18:47 -0400] "GET /css/youth.css HTTP/1.0" 200 8470 "http://www.michaelbrandwein.com/ytopics/organizations/keynotes/houdinisgreatestsecrets.html" "Mozilla/4.0 (compatible; MSIE 7.0; Windows NT 5.1; .NET CLR 1.1.4322)"
176.195.255.23 - - [13/Aug/2013:05:51:57 -0400] "GET /graphics/logoin.jpg HTTP/1.1" 200 14869 "http://www.michaelbrandwein.com/ytopics/organizations/supervise/timemanagement.html" "Opera/9.80 (Windows NT 6.1; U; ru) Presto/2.6.30 Version/10.63"
5.9.82.183 - - [13/Aug/2013:00:09:20 -0400] "GET /ycomments/govconfpubhealthdrake.html HTTP/1.1" 200 10803 "-" "Mozilla/5.0 (compatible; SISTRIX Crawler; http://crawler.sistrix.net/)"
157.55.36.37 - - [13/Aug/2013:02:24:59 -0400] "GET /ytopics/camp/conferences/timemanagement.html HTTP/1.1" 304 - "-" "Mozilla/5.0 (compatible; bingbot/2.0; +http://www.bing.com/bingbot.htm)"
208.108.212.46 - - [13/Aug/2013:09:01:39 -0400] "GET /images/schools.jpg HTTP/1.1" 200 30229 "http://michaelbrandwein.com/yschools.html" "Mozilla/5.0 (compatible; MSIE 9.0; Windows NT 6.1; WOW64; Trident/5.0)"
50.50.186.48 - - [13/Aug/2013:11:48:08 -0400] "GET /Scripts/AC_RunActiveContent.js HTTP/1.1" 200 3233 "http://www.michaelbrandwein.com/yresources.html" "Mozilla/5.0 (Macintosh; Intel Mac OS X 10_6_8) AppleWebKit/537.36 (KHTML, like Gecko) Chrome/28.0.1500.95 Safari/537.36"
50.50.186.48 - - [13/Aug/2013:11:48:08 -0400] "GET /images/learningleadershipdvd118.jpg HTTP/1.1" 200 13789 "http://www.michaelbrandwein.com/yresources.html" "Mozilla/5.0 (Macintosh; Intel Mac OS X 10_6_8) AppleWebKit/537.36 (KHTML, like Gecko) Chrome/28.0.1500.95 Safari/537.36"
50.50.186.48 - - [13/Aug/2013:11:48:09 -0400] "GET /images/yresources_clip_image006.jpg HTTP/1.1" 200 8978 "http://www.michaelbrandwein.com/yresources.html" "Mozilla/5.0 (Macintosh; Intel Mac OS X 10_6_8) AppleWebKit/537.36 (KHTML, like Gecko) Chrome/28.0.1500.95 Safari/537.36"
50.50.186.48 - - [13/Aug/2013:11:48:09 -0400] "GET /graphics/get_flash_player.gif HTTP/1.1" 200 1066 "http://www.michaelbrandwein.com/yresources.html" "Mozilla/5.0 (Macintosh; Intel Mac OS X 10_6_8) AppleWebKit/537.36 (KHTML, like Gecko) Chrome/28.0.1500.95 Safari/537.36"
99.58.54.219 - - [13/Aug/2013:11:50:42 -0400] "GET /products/trainingterrificstaff_clip_image002.jpg HTTP/1.1" 200 10083 "http://thecampdirector.com/2012/04/22/summer-camp-jobs-from-the-american-camp-association-job-list-for-april-15-2012/" "Mozilla/5.0 (iPad; CPU OS 6_1_3 like Mac OS X) AppleWebKit/536.26 (KHTML, like Gecko) Version/6.0 Mobile/10B329 Safari/8536.25"
71.194.51.65 - - [13/Aug/2013:20:59:15 -0400] "GET /css/brandwein.css HTTP/1.1" 200 2167 "http://www.michaelbrandwein.com/" "Mozilla/5.0 (compatible; MSIE 9.0; Windows NT 6.0; Trident/5.0)"
157.55.32.109 - - [13/Aug/2013:23:25:59 -0400] "GET /atopics/conflictcommunication.html HTTP/1.1" 200 8923 "-" "Mozilla/5.0 (compatible; bingbot/2.0; +http://www.bing.com/bingbot.htm)"
157.55.32.149 - - [13/Aug/2013:23:40:18 -0400] "GET /acomments/nyassochomesservaging.html HTTP/1.0" 200 8934 "-" "Mozilla/5.0 (compatible; bingbot/2.0; +http://www.bing.com/bingbot.htm)"
184.176.201.149 - - [13/Aug/2013:12:11:33 -0400] "GET /graphics/homeadult.jpg HTTP/1.1" 200 18635 "http://www.michaelbrandwein.com/" "Mozilla/5.0 (Macintosh; Intel Mac OS X 10_8_4) AppleWebKit/537.36 (KHTML, like Gecko) Chrome/29.0.1547.49 Safari/537.36"
184.176.201.149 - - [13/Aug/2013:12:11:33 -0400] "GET /graphics/homeyouth2.jpg HTTP/1.1" 200 18018 "http://www.michaelbrandwein.com/" "Mozilla/5.0 (Macintosh; Intel Mac OS X 10_8_4) AppleWebKit/537.36 (KHTML, like Gecko) Chrome/29.0.1547.49 Safari/537.36"
184.176.201.149 - - [13/Aug/2013:12:11:34 -0400] "GET /favicon.ico HTTP/1.1" 404 575 "-" "Mozilla/5.0 (Macintosh; Intel Mac OS X 10_8_4) AppleWebKit/537.36 (KHTML, like Gecko) Chrome/29.0.1547.49 Safari/537.36"
217.73.208.94 - - [13/Aug/2013:12:13:12 -0400] "GET /products/learningleadership.html HTTP/1.1" 200 14996 "-" "Mozilla/5.0 (compatible; IstellaBot/1.10.2 +http://www.tiscali.it/)"
173.199.120.75 - - [13/Aug/2013:12:43:51 -0400] "GET /ytopics/parents/bringingouttheirbest.html HTTP/1.1" 200 11362 "-" "Mozilla/5.0 (compatible; AhrefsBot/4.0; +http://ahrefs.com/robot/)"
157.55.36.37 - - [13/Aug/2013:20:38:15 -0400] "GET /robots.txt HTTP/1.1" 404 575 "-" "Mozilla/5.0 (compatible; bingbot/2.0; +http://www.bing.com/bingbot.htm)"
71.194.51.65 - - [13/Aug/2013:20:59:18 -0400] "GET /favicon.ico HTTP/1.1" 404 575 "-" "Mozilla/5.0 (compatible; MSIE 9.0; Windows NT 6.0; Trident/5.0)"
178.154.175.252 - - [13/Aug/2013:11:26:40 -0400] "GET / HTTP/1.1" 200 5960 "-" "Mozilla/5.0 (compatible; YandexBot/3.0; +http://yandex.com/bots)"
203.126.198.225 - - [13/Aug/2013:06:13:22 -0400] "GET /css/adult.css HTTP/1.1" 200 6290 "http://www.michaelbrandwein.com/presentations.html" "Mozilla/5.0 (compatible; MSIE 9.0; Windows NT 6.1; Trident/5.0)"
176.195.255.23 - - [13/Aug/2013:06:31:40 -0400] "GET /ytopics/organizations/keynotes/houdinisgreatestsecrets.html HTTP/1.0" 200 11566 "http://yandex.ru/yandsearch?text=www.michaelbrandwein.com&lr=213" "Mozilla/4.0 (compatible; MSIE 7.0; Windows NT 5.1; .NET CLR 1.1.4322)"
39.41.227.17 - - [13/Aug/2013:06:34:38 -0400] "GET /presentations.html HTTP/1.1" 200 12384 "http://www.google.com.pk/url?sa=t&rct=j&q=presentation%20topics&source=web&cd=10&cad=rja&ved=0CGIQFjAJ&url=http%3A%2F%2Fwww.michaelbrandwein.com%2Fpresentations.html&ei=cAsKUoWZIqiC4ATPtYEg&usg=AFQjCNE8ZOJzjyds3xDmTTzj43s7X6aVRg&bvm=bv.50500085,d.bGE" "Mozilla/5.0 (Windows NT 5.1; rv:17.0) Gecko/20100101 Firefox/17.0"
39.41.227.17 - - [13/Aug/2013:06:34:38 -0400] "GET /images/banner2.jpg HTTP/1.1" 200 5488 "http://www.michaelbrandwein.com/presentations.html" "Mozilla/5.0 (Windows NT 5.1; rv:17.0) Gecko/20100101 Firefox/17.0"
39.41.227.17 - - [13/Aug/2013:06:34:39 -0400] "GET /graphics/hr2a.jpg HTTP/1.1" 200 8132 "http://www.michaelbrandwein.com/presentations.html" "Mozilla/5.0 (Windows NT 5.1; rv:17.0) Gecko/20100101 Firefox/17.0"
39.41.227.17 - - [13/Aug/2013:06:34:39 -0400] "GET /favicon.ico HTTP/1.1" 404 575 "-" "Mozilla/5.0 (Windows NT 5.1; rv:17.0) Gecko/20100101 Firefox/17.0"
79.120.197.222 - - [13/Aug/2013:08:21:39 -0400] "GET /ycamptraining.html HTTP/1.1" 200 16427 "http://www.michaelbrandwein.com/youth.html" "Mozilla/5.0 (Windows NT 6.1; rv:20.0) Gecko/20100101 Firefox/20.0"
79.120.197.222 - - [13/Aug/2013:08:21:39 -0400] "GET /images/ycamptraining.jpg HTTP/1.1" 200 50346 "http://www.michaelbrandwein.com/ycamptraining.html" "Mozilla/5.0 (Windows NT 6.1; rv:20.0) Gecko/20100101 Firefox/20.0"
66.249.75.170 - - [13/Aug/2013:03:38:51 -0400] "GET /ytopics/camp/conferences/tellmemore.html HTTP/1.1" 200 10751 "-" "SAMSUNG-SGH-E250/1.0 Profile/MIDP-2.0 Configuration/CLDC-1.1 UP.Browser/6.2.3.3.c.1.101 (GUI) MMP/2.0 (compatible; Googlebot-Mobile/2.1; +http://www.google.com/bot.html)"
66.249.75.94 - - [13/Aug/2013:03:50:22 -0400] "GET /yresources.html HTTP/1.1" 304 - "-" "Mozilla/5.0 (iPhone; U; CPU iPhone OS 4_1 like Mac OS X; en-us) AppleWebKit/532.9 (KHTML, like Gecko) Version/4.0.5 Mobile/8B117 Safari/6531.22.7 (compatible; Googlebot-Mobile/2.1; +http://www.google.com/bot.html)"
82.69.63.253 - - [13/Aug/2013:04:25:29 -0400] "GET /graphics/arrowup.gif HTTP/1.1" 200 84 "http://www.michaelbrandwein.com/presentations.html" "Mozilla/5.0 (Macintosh; Intel Mac OS X 10_6_8) AppleWebKit/537.36 (KHTML, like Gecko) Chrome/28.0.1500.95 Safari/537.36"
82.69.63.253 - - [13/Aug/2013:04:25:30 -0400] "GET /favicon.ico HTTP/1.1" 404 575 "-" "Mozilla/5.0 (Macintosh; Intel Mac OS X 10_6_8) AppleWebKit/537.36 (KHTML, like Gecko) Chrome/28.0.1500.95 Safari/537.36"
82.69.63.253 - - [13/Aug/2013:04:25:30 -0400] "GET /favicon.ico HTTP/1.1" 404 575 "-" "Mozilla/5.0 (Macintosh; Intel Mac OS X 10_6_8) AppleWebKit/537.36 (KHTML, like Gecko) Chrome/28.0.1500.95 Safari/537.36"
82.69.63.253 - - [13/Aug/2013:04:25:30 -0400] "GET /favicon.ico HTTP/1.1" 404 575 "-" "Mozilla/5.0 (Macintosh; Intel Mac OS X 10_6_8) AppleWebKit/537.36 (KHTML, like Gecko) Chrome/28.0.1500.95 Safari/537.36"
173.199.120.75 - - [13/Aug/2013:15:35:22 -0400] "GET /ytopics/camp/training/session/specialeventsreview.html HTTP/1.1" 200 10631 "-" "Mozilla/5.0 (compatible; AhrefsBot/4.0; +http://ahrefs.com/robot/)"
216.47.203.66 - - [13/Aug/2013:15:37:08 -0400] "GET /graphics/logoin.jpg HTTP/1.1" 200 14869 "http://www.michaelbrandwein.com/yproducts.html" "Mozilla/5.0 (compatible; MSIE 9.0; Windows NT 6.1; WOW64; Trident/5.0)"
216.47.203.66 - - [13/Aug/2013:15:37:08 -0400] "GET /images/learningleadership120.jpg HTTP/1.1" 200 20848 "http://www.michaelbrandwein.com/yproducts.html" "Mozilla/5.0 (compatible; MSIE 9.0; Windows NT 6.1; WOW64; Trident/5.0)"
157.55.36.37 - - [13/Aug/2013:21:27:06 -0400] "GET / HTTP/1.1" 200 5960 "-" "Mozilla/5.0 (compatible; bingbot/2.0; +http://www.bing.com/bingbot.htm)"
157.55.32.109 - - [13/Aug/2013:23:25:08 -0400] "GET /ytopics/camp/conferences/superstaffsupervision.html HTTP/1.1" 200 10705 "-" "Mozilla/5.0 (compatible; bingbot/2.0; +http://www.bing.com/bingbot.htm)"
66.249.72.170 - - [13/Aug/2013:23:04:39 -0400] "GET / HTTP/1.1" 200 5960 "-" "Mozilla/5.0 (iPhone; U; CPU iPhone OS 4_1 like Mac OS X; en-us) AppleWebKit/532.9 (KHTML, like Gecko) Version/4.0.5 Mobile/8B117 Safari/6531.22.7 (compatible; Googlebot-Mobile/2.1; +http://www.google.com/bot.html)"
157.55.32.109 - - [13/Aug/2013:23:25:56 -0400] "GET /atopics/helpingpeopletosucceed.html HTTP/1.1" 200 9038 "-" "Mozilla/5.0 (compatible; bingbot/2.0; +http://www.bing.com/bingbot.htm)"
1.202.219.81 - - [13/Aug/2013:08:58:03 -0400] "GET /robots.txt HTTP/1.1" 404 575 "-" "Mozilla/5.0 ()"
95.221.2.251 - - [13/Aug/2013:15:51:22 -0400] "GET /css/youth.css HTTP/1.1" 200 8470 "http://www.michaelbrandwein.com/ytopics/organizations/workdirectly/campgames.html" "Opera/9.80 (Windows NT 5.1; U; ru) Presto/2.6.30 Version/10.63"
176.195.57.100 - - [13/Aug/2013:16:04:32 -0400] "GET /graphics/logoin.jpg HTTP/1.1" 200 14869 "http://www.michaelbrandwein.com/ytopics/camp/training/staff/largegroupleadership.html" "Mozilla/4.0 (compatible; MSIE 6.0; Windows NT 5.1; SV1)"
75.151.181.33 - - [13/Aug/2013:16:48:34 -0400] "GET /products/learningleadership_clip_image002.jpg HTTP/1.1" 200 10525 "http://thecampdirector.com/" "Mozilla/5.0 (Macintosh; Intel Mac OS X 10_6_8) AppleWebKit/534.59.8 (KHTML, like Gecko) Version/5.1.9 Safari/534.59.8"
65.222.180.8 - - [13/Aug/2013:17:35:36 -0400] "GET /graphics/bgwh.gif HTTP/1.1" 200 49 "http://www.michaelbrandwein.com/" "Mozilla/5.0 (compatible; MSIE 9.0; Windows NT 6.1; WOW64; Trident/5.0)"
65.222.180.8 - - [13/Aug/2013:17:35:36 -0400] "GET /graphics/bodym.jpg HTTP/1.1" 200 28996 "http://www.michaelbrandwein.com/" "Mozilla/5.0 (compatible; MSIE 9.0; Windows NT 6.1; WOW64; Trident/5.0)"
217.73.208.94 - - [13/Aug/2013:12:13:17 -0400] "GET / HTTP/1.1" 200 5960 "-" "Mozilla/5.0 (compatible; IstellaBot/1.10.2 +http://www.tiscali.it/)"
132.177.210.220 - - [13/Aug/2013:13:51:23 -0400] "GET /graphics/bodyy.gif HTTP/1.1" 200 124 "http://michaelbrandwein.com/index.html" "Mozilla/5.0 (Windows NT 6.1; WOW64) AppleWebKit/537.36 (KHTML, like Gecko) Chrome/28.0.1500.95 Safari/537.36"
95.26.199.142 - - [13/Aug/2013:04:08:02 -0400] "GET /ytopics/camp/training/session/programboosters.html HTTP/1.1" 200 10775 "http://yandex.ru/yandsearch?text=www.michaelbrandwein.com&lr=213" "Mozilla/4.0 (compatible; MSIE 8.0; Windows NT 5.1; Trident/4.0; .NET CLR 1.1.4322; .NET CLR 2.0.50727; InfoPath.1; .NET CLR 3.0.4506.2152; .NET CLR 3.5.30729)"
91.207.9.226 - - [13/Aug/2013:04:27:32 -0400] "GET /atopics/conflictcommunication.html HTTP/1.1" 200 8923 "http://internet-exe.com/" "Mozilla/4.0 (compatible; MSIE 6.0; Windows NT 5.1; SV1; .NET CLR 1.1.4322)"
173.199.120.75 - - [13/Aug/2013:00:41:26 -0400] "GET /ytopics/schools/keynotes/theresnosuchthing.html HTTP/1.1" 200 10879 "-" "Mozilla/5.0 (compatible; AhrefsBot/4.0; +http://ahrefs.com/robot/)"
89.222.217.246 - - [13/Aug/2013:02:56:58 -0400] "GET /ytopics/schools/parents/ysayings.txt HTTP/1.0" 200 6677 "http://www.michaelbrandwein.com/ytopics/schools/parents/seeingisbelieving.html" "Mozilla/4.0 (compatible; MSIE 6.0; Windows NT 5.1; SV1; .NET CLR 2.0.50727; .NET CLR 3.0.4506.2152; .NET CLR 3.5.30729)"
199.30.24.14 - - [13/Aug/2013:09:22:40 -0400] "GET /css/youth.css HTTP/1.1" 200 8470 "http://www.michaelbrandwein.com/ycamptraining.html" "Mozilla/5.0 (Windows NT 6.1; WOW64) AppleWebKit/534+ (KHTML, like Gecko) BingPreview/1.0b"
199.30.24.14 - - [13/Aug/2013:09:22:40 -0400] "GET /ysayings.txt HTTP/1.1" 200 6677 "http://www.michaelbrandwein.com/ycamptraining.html" "Mozilla/5.0 (Windows NT 6.1; WOW64) AppleWebKit/534+ (KHTML, like Gecko) BingPreview/1.0b"
5.22.52.54 - - [13/Aug/2013:11:01:15 -0400] "GET /graphics/bodyy.gif HTTP/1.1" 200 124 "http://www.michaelbrandwein.com/" "Mozilla/5.0 (Windows NT 6.1; WOW64) AppleWebKit/537.36 (KHTML, like Gecko) Chrome/27.0.1453.110 Safari/537.36"
5.22.52.54 - - [13/Aug/2013:11:01:29 -0400] "GET /favicon.ico HTTP/1.1" 404 575 "-" "Mozilla/5.0 (Windows NT 6.1; WOW64) AppleWebKit/537.36 (KHTML, like Gecko) Chrome/27.0.1453.110 Safari/537.36"
27.251.83.10 - - [13/Aug/2013:11:09:35 -0400] "GET /images/banner2.jpg HTTP/1.1" 200 5488 "http://www.michaelbrandwein.com/presentations.html" "Mozilla/5.0 (Windows NT 6.1; WOW64) AppleWebKit/537.36 (KHTML, like Gecko) Chrome/28.0.1500.95 Safari/537.36"
27.251.83.10 - - [13/Aug/2013:11:09:36 -0400] "GET /sayings.txt HTTP/1.1" 200 6460 "http://www.michaelbrandwein.com/presentations.html" "Mozilla/5.0 (Windows NT 6.1; WOW64) AppleWebKit/537.36 (KHTML, like Gecko) Chrome/28.0.1500.95 Safari/537.36"
95.221.2.251 - - [13/Aug/2013:11:46:34 -0400] "GET /ytopics/camp/training/staff/improvtoimprove.html HTTP/1.1" 200 10722 "http://yandex.ru/yandsearch?text=www.michaelbrandwein.com&lr=213" "Mozilla/5.0 (Windows; U; Windows NT 5.1; en-US) AppleWebKit/534.7 (KHTML, like Gecko) Chrome/7.0.517.44 Safari/534.7"
95.221.2.251 - - [13/Aug/2013:11:46:34 -0400] "GET /images/banner2.jpg HTTP/1.1" 200 5488 "http://www.michaelbrandwein.com/ytopics/camp/training/staff/improvtoimprove.html" "Mozilla/5.0 (Windows; U; Windows NT 5.1; en-US) AppleWebKit/534.7 (KHTML, like Gecko) Chrome/7.0.517.44 Safari/534.7"
50.50.186.48 - - [13/Aug/2013:11:49:22 -0400] "GET /ytopics/camp/training/admin/cdos.html HTTP/1.1" 200 10625 "http://www.michaelbrandwein.com/ycamptraining.html" "Mozilla/5.0 (Macintosh; Intel Mac OS X 10_6_8) AppleWebKit/537.36 (KHTML, like Gecko) Chrome/28.0.1500.95 Safari/537.36"
50.50.186.48 - - [13/Aug/2013:11:49:22 -0400] "GET /ytopics/camp/training/admin/ysayings.txt HTTP/1.1" 200 6677 "http://www.michaelbrandwein.com/ytopics/camp/training/admin/cdos.html" "Mozilla/5.0 (Macintosh; Intel Mac OS X 10_6_8) AppleWebKit/537.36 (KHTML, like Gecko) Chrome/28.0.1500.95 Safari/537.36"
109.173.81.20 - - [13/Aug/2013:20:06:39 -0400] "GET /ytopics/camp/training/session/leadershipteamtraining.html HTTP/1.1" 200 10559 "http://yandex.ru/yandsearch?text=www.michaelbrandwein.com&lr=213" "Mozilla/4.0 (compatible; MSIE 7.0; Windows NT 5.1; .NET CLR 1.1.4322; .NET CLR 2.0.50727)"
176.195.251.124 - - [13/Aug/2013:20:07:59 -0400] "GET /graphics/logoin.jpg HTTP/1.1" 200 14869 "http://www.michaelbrandwein.com/ytopics/organizations/keynotes/houdinisgreatestsecrets.html" "Mozilla/4.0 (compatible; MSIE 8.0; Windows NT 5.1; Trident/4.0; .NET CLR 1.1.4322; .NET CLR 2.0.50727; .NET CLR 3.0.4506.2152; .NET CLR 3.5.30729)"
27.251.83.10 - - [13/Aug/2013:11:14:30 -0400] "GET /atopics/timemanagement.html HTTP/1.1" 200 8842 "http://www.michaelbrandwein.com/presentations.html" "Mozilla/5.0 (Windows NT 6.1; WOW64) AppleWebKit/537.36 (KHTML, like Gecko) Chrome/28.0.1500.95 Safari/537.36"
27.251.83.10 - - [13/Aug/2013:11:14:31 -0400] "GET /atopics/sayings.txt HTTP/1.1" 200 6460 "http://www.michaelbrandwein.com/atopics/timemanagement.html" "Mozilla/5.0 (Windows NT 6.1; WOW64) AppleWebKit/537.36 (KHTML, like Gecko) Chrome/28.0.1500.95 Safari/537.36"
129.72.155.8 - - [13/Aug/2013:12:01:58 -0400] "GET /graphics/bodyy.gif HTTP/1.1" 200 124 "http://michaelbrandwein.com/" "Mozilla/4.0 (compatible; MSIE 8.0; Windows NT 6.1; WOW64; Trident/4.0; GTB7.5; SLCC2; .NET CLR 2.0.50727; .NET CLR 3.5.30729; .NET CLR 3.0.30729; Media Center PC 6.0; InfoPath.3; .NET4.0C; AskTbORJ/5.15.23.36191)"
129.72.155.8 - - [13/Aug/2013:12:02:10 -0400] "GET /images/adulthome.jpg HTTP/1.1" 200 16218 "http://michaelbrandwein.com/adult.html" "Mozilla/4.0 (compatible; MSIE 8.0; Windows NT 6.1; WOW64; Trident/4.0; GTB7.5; SLCC2; .NET CLR 2.0.50727; .NET CLR 3.5.30729; .NET CLR 3.0.30729; Media Center PC 6.0; InfoPath.3; .NET4.0C; AskTbORJ/5.15.23.36191)"
132.177.210.220 - - [13/Aug/2013:13:48:21 -0400] "GET /graphics/homeadult.jpg HTTP/1.1" 200 18635 "http://www.michaelbrandwein.com/" "Mozilla/5.0 (Windows NT 6.1; WOW64) AppleWebKit/537.36 (KHTML, like Gecko) Chrome/28.0.1500.95 Safari/537.36"
132.177.210.220 - - [13/Aug/2013:13:48:23 -0400] "GET /graphics/bhomeenter3.jpg HTTP/1.1" 404 575 "http://www.michaelbrandwein.com/" "Mozilla/5.0 (Windows NT 6.1; WOW64) AppleWebKit/537.36 (KHTML, like Gecko) Chrome/28.0.1500.95 Safari/537.36"
132.177.210.220 - - [13/Aug/2013:13:48:58 -0400] "GET /favicon.ico HTTP/1.1" 404 575 "-" "Mozilla/5.0 (Windows NT 6.1; WOW64) AppleWebKit/537.36 (KHTML, like Gecko) Chrome/28.0.1500.95 Safari/537.36"
157.56.93.49 - - [13/Aug/2013:18:25:22 -0400] "GET /robots.txt HTTP/1.1" 404 575 "-" "Mozilla/5.0 (compatible; bingbot/2.0; +http://www.bing.com/bingbot.htm)"
66.249.72.94 - - [13/Aug/2013:19:32:43 -0400] "GET /images/yclientcomments.jpg HTTP/1.1" 304 - "-" "Googlebot-Image/1.0"
203.126.198.225 - - [13/Aug/2013:06:13:21 -0400] "GET /presentations.html HTTP/1.1" 200 12384 "http://www.ask.com/web?qsrc=1&o=5806&l=dir&q=topics+for+business+presentations" "Mozilla/5.0 (compatible; MSIE 9.0; Windows NT 6.1; Trident/5.0)"
203.126.198.225 - - [13/Aug/2013:06:13:22 -0400] "GET /graphics/logoin.jpg HTTP/1.1" 200 14869 "http://www.michaelbrandwein.com/presentations.html" "Mozilla/5.0 (compatible; MSIE 9.0; Windows NT 6.1; Trident/5.0)"
203.126.198.225 - - [13/Aug/2013:06:13:23 -0400] "GET /sayings.txt HTTP/1.1" 200 6460 "http://www.michaelbrandwein.com/presentations.html" "Mozilla/5.0 (compatible; MSIE 9.0; Windows NT 6.1; Trident/5.0)"
203.126.198.225 - - [13/Aug/2013:06:13:30 -0400] "GET /atopics/timemanagement.html HTTP/1.1" 200 8842 "http://www.michaelbrandwein.com/presentations.html" "Mozilla/5.0 (compatible; MSIE 9.0; Windows NT 6.1; Trident/5.0)"
203.126.198.225 - - [13/Aug/2013:06:13:31 -0400] "GET /favicon.ico HTTP/1.1" 404 575 "-" "Mozilla/5.0 (compatible; MSIE 9.0; Windows NT 6.1; Trident/5.0)"
193.106.136.58 - - [13/Aug/2013:06:34:01 -0400] "GET /atopics/conflictcommunication.html HTTP/1.1" 200 8923 "http://dom-o-fon.ru/" "Mozilla/4.0 (compatible; MSIE 6.0; Windows NT 5.1; SV1)"
5.9.82.183 - - [13/Aug/2013:00:05:06 -0400] "GET /robots.txt HTTP/1.1" 404 575 "-" "Mozilla/5.0 (compatible; SISTRIX Crawler; http://crawler.sistrix.net/)"
107.22.76.201 - - [13/Aug/2013:00:13:44 -0400] "GET / HTTP/1.1" 200 5960 "-" "User-Agent: Mozilla/5.0 (Windows NT 6.1; WOW64) AppleWebKit/537.31 (KHTML, like Gecko) Chrome/26.0.1410.64 Safari/537.31"
66.249.75.170 - - [13/Aug/2013:00:54:25 -0400] "GET / HTTP/1.1" 200 5960 "-" "Mozilla/5.0 (iPhone; U; CPU iPhone OS 4_1 like Mac OS X; en-us) AppleWebKit/532.9 (KHTML, like Gecko) Version/4.0.5 Mobile/8B117 Safari/6531.22.7 (compatible; Googlebot-Mobile/2.1; +http://www.google.com/bot.html)"
65.222.180.8 - - [13/Aug/2013:17:35:36 -0400] "GET /graphics/homeadult.jpg HTTP/1.1" 200 18635 "http://www.michaelbrandwein.com/" "Mozilla/5.0 (compatible; MSIE 9.0; Windows NT 6.1; WOW64; Trident/5.0)"
95.27.254.162 - - [13/Aug/2013:22:40:04 -0400] "GET /ytopics/camp/conferences/terrifictrainingtechniques.html HTTP/1.0" 200 10814 "http://yandex.ru/yandsearch?text=www.michaelbrandwein.com&lr=213" "Mozilla/4.0 (compatible; MSIE 7.0; Windows NT 5.1; .NET CLR 1.1.4322; .NET CLR 2.0.50727; InfoPath.1)"
157.55.32.109 - - [13/Aug/2013:23:25:03 -0400] "GET /pdf/School%20Topics.pdf HTTP/1.1" 200 184939 "-" "Mozilla/5.0 (compatible; bingbot/2.0; +http://www.bing.com/bingbot.htm)"
46.229.164.98 - - [13/Aug/2013:10:25:37 -0400] "GET /pdf/brandwein+letter+to+staff+person1.pdf HTTP/1.1" 404 575 "-" "Mozilla/5.0 (compatible; SemrushBot/0.96.4; +http://www.semrush.com/bot.html)"
5.22.52.54 - - [13/Aug/2013:11:01:14 -0400] "GET /css/brandwein.css HTTP/1.1" 200 2167 "http://www.michaelbrandwein.com/" "Mozilla/5.0 (Windows NT 6.1; WOW64) AppleWebKit/537.36 (KHTML, like Gecko) Chrome/27.0.1453.110 Safari/537.36"
5.22.52.54 - - [13/Aug/2013:11:01:14 -0400] "GET /graphics/homeadult.jpg HTTP/1.1" 200 18635 "http://www.michaelbrandwein.com/" "Mozilla/5.0 (Windows NT 6.1; WOW64) AppleWebKit/537.36 (KHTML, like Gecko) Chrome/27.0.1453.110 Safari/537.36"
50.50.186.48 - - [13/Aug/2013:11:48:08 -0400] "GET /Scripts/AC_ActiveX.js HTTP/1.1" 200 2057 "http://www.michaelbrandwein.com/yresources.html" "Mozilla/5.0 (Macintosh; Intel Mac OS X 10_6_8) AppleWebKit/537.36 (KHTML, like Gecko) Chrome/28.0.1500.95 Safari/537.36"
50.50.186.48 - - [13/Aug/2013:11:48:08 -0400] "GET /images/yresources.jpg HTTP/1.1" 200 43351 "http://www.michaelbrandwein.com/yresources.html" "Mozilla/5.0 (Macintosh; Intel Mac OS X 10_6_8) AppleWebKit/537.36 (KHTML, like Gecko) Chrome/28.0.1500.95 Safari/537.36"
50.50.186.48 - - [13/Aug/2013:11:48:09 -0400] "GET /graphics/windowsmedia_masthead_ltr.gif HTTP/1.1" 200 3184 "http://www.michaelbrandwein.com/yresources.html" "Mozilla/5.0 (Macintosh; Intel Mac OS X 10_6_8) AppleWebKit/537.36 (KHTML, like Gecko) Chrome/28.0.1500.95 Safari/537.36"
89.222.217.246 - - [13/Aug/2013:17:56:32 -0400] "GET /css/youth.css HTTP/1.1" 200 8470 "http://www.michaelbrandwein.com/ytopics/schools/parents/seeingisbelieving.html" "Mozilla/5.0 (Windows; U; Windows NT 5.1; en-US) AppleWebKit/534.7 (KHTML, like Gecko) Chrome/7.0.517.44 Safari/534.7"
132.177.210.220 - - [13/Aug/2013:13:48:21 -0400] "GET / HTTP/1.1" 200 5960 "https://www.google.com/" "Mozilla/5.0 (Windows NT 6.1; WOW64) AppleWebKit/537.36 (KHTML, like Gecko) Chrome/28.0.1500.95 Safari/537.36"
132.177.210.220 - - [13/Aug/2013:13:48:21 -0400] "GET /graphics/logoin.jpg HTTP/1.1" 200 14869 "http://www.michaelbrandwein.com/" "Mozilla/5.0 (Windows NT 6.1; WOW64) AppleWebKit/537.36 (KHTML, like Gecko) Chrome/28.0.1500.95 Safari/537.36"
132.177.210.220 - - [13/Aug/2013:13:48:21 -0400] "GET /graphics/bodyy.gif HTTP/1.1" 200 124 "http://www.michaelbrandwein.com/" "Mozilla/5.0 (Windows NT 6.1; WOW64) AppleWebKit/537.36 (KHTML, like Gecko) Chrome/28.0.1500.95 Safari/537.36"
132.177.210.220 - - [13/Aug/2013:13:51:23 -0400] "GET /graphics/bodya.gif HTTP/1.1" 200 131 "http://michaelbrandwein.com/index.html" "Mozilla/5.0 (Windows NT 6.1; WOW64) AppleWebKit/537.36 (KHTML, like Gecko) Chrome/28.0.1500.95 Safari/537.36"
46.118.126.194 - - [13/Aug/2013:13:55:38 -0400] "GET /atopics/conflictcommunication.html HTTP/1.1" 200 8923 "http://ublaze.ru/" "Mozilla/4.0 (compatible; MSIE 6.0; Windows NT 5.1; Maxthon; .NET CLR 1.1.4322)"
5.9.82.183 - - [13/Aug/2013:00:05:08 -0400] "GET / HTTP/1.1" 200 5960 "-" "Mozilla/5.0 (compatible; SISTRIX Crawler; http://crawler.sistrix.net/)"
5.9.82.183 - - [13/Aug/2013:00:05:09 -0400] "GET /adult.html HTTP/1.1" 200 13694 "-" "Mozilla/5.0 (compatible; SISTRIX Crawler; http://crawler.sistrix.net/)"
5.9.82.183 - - [13/Aug/2013:00:05:09 -0400] "GET /youth.html HTTP/1.1" 200 14317 "-" "Mozilla/5.0 (compatible; SISTRIX Crawler; http://crawler.sistrix.net/)"
5.9.82.183 - - [13/Aug/2013:00:05:11 -0400] "GET /index.html HTTP/1.1" 200 5960 "-" "Mozilla/5.0 (compatible; SISTRIX Crawler; http://crawler.sistrix.net/)"
5.9.82.183 - - [13/Aug/2013:00:05:12 -0400] "GET /bionormal.html HTTP/1.1" 200 10798 "-" "Mozilla/5.0 (compatible; SISTRIX Crawler; http://crawler.sistrix.net/)"
5.9.82.183 - - [13/Aug/2013:00:05:12 -0400] "GET /bioabnormal.html HTTP/1.1" 200 13765 "-" "Mozilla/5.0 (compatible; SISTRIX Crawler; http://crawler.sistrix.net/)"
65.55.213.54 - - [13/Aug/2013:00:42:05 -0400] "GET /css/youth.css HTTP/1.1" 200 8470 "http://www.michaelbrandwein.com/products/superstaffsupervision.html" "Mozilla/4.0 (compatible; MSIE 7.0; Windows NT 5.2; SLCC1; .NET CLR 1.1.4325; .NET CLR 2.0.40607; .NET CLR 3.0.30729; .NET CLR 3.5.30707; InfoPath.2)"
95.221.102.185 - - [13/Aug/2013:02:11:29 -0400] "GET /css/youth.css HTTP/1.0" 200 8470 "http://www.michaelbrandwein.com/ytopics/organizations/workdirectly/campgames.html" "Mozilla/4.0 (compatible; MSIE 7.0; Windows NT 5.1; .NET CLR 1.1.4322; .NET CLR 2.0.50727)"
157.55.36.37 - - [13/Aug/2013:04:01:02 -0400] "GET /robots.txt HTTP/1.1" 404 575 "-" "Mozilla/5.0 (compatible; bingbot/2.0; +http://www.bing.com/bingbot.htm)"
27.97.124.243 - - [13/Aug/2013:04:04:55 -0400] "GET /graphics/dot.gif HTTP/1.1" 200 114 "http://www.michaelbrandwein.com/presentations.html" "Mozilla/5.0 (Linux; U; Android 4.1.1; en-gb; GT-P3100 Build/JRO03C) AppleWebKit/534.30 (KHTML, like Gecko) Version/4.0 Safari/534.30"
27.97.124.243 - - [13/Aug/2013:04:04:56 -0400] "GET /images/banner2.jpg HTTP/1.1" 200 5488 "http://www.michaelbrandwein.com/presentations.html" "Mozilla/5.0 (Linux; U; Android 4.1.1; en-gb; GT-P3100 Build/JRO03C) AppleWebKit/534.30 (KHTML, like Gecko) Version/4.0 Safari/534.30"
27.97.124.243 - - [13/Aug/2013:04:04:58 -0400] "GET /sayings.txt HTTP/1.1" 200 6460 "http://www.michaelbrandwein.com/presentations.html" "Mozilla/5.0 (Linux; U; Android 4.1.1; en-gb; GT-P3100 Build/JRO03C) AppleWebKit/534.30 (KHTML, like Gecko) Version/4.0 Safari/534.30"
27.97.124.243 - - [13/Aug/2013:04:05:00 -0400] "GET /favicon.ico HTTP/1.1" 404 575 "http://www.michaelbrandwein.com/presentations.html" "Mozilla/5.0 (Linux; U; Android 4.1.1; en-gb; GT-P3100 Build/JRO03C) AppleWebKit/534.30 (KHTML, like Gecko) Version/4.0 Safari/534.30"
109.173.81.20 - - [13/Aug/2013:04:07:03 -0400] "GET /css/youth.css HTTP/1.0" 200 8470 "http://www.michaelbrandwein.com/ytopics/camp/training/session/leadershipteamtraining.html" "Mozilla/4.0 (compatible; MSIE 7.0; Windows NT 5.1; .NET CLR 1.1.4322; .NET CLR 2.0.50727; InfoPath.1)"
117.211.83.10 - - [13/Aug/2013:04:27:47 -0400] "GET /presentations.html HTTP/1.1" 200 12384 "http://www.google.co.in/url?sa=t&rct=j&q=&esrc=s&source=web&cd=2&cad=rja&ved=0CDwQFjAB&url=http%3A%2F%2Fwww.michaelbrandwein.com%2Fpresentations.html&ei=-u0JUrHrLMuciAePoIDACg&usg=AFQjCNE8ZOJzjyds3xDmTTzj43s7X6aVRg&bvm=bv.50500085,d.aGc" "Mozilla/5.0 (Windows NT 5.1; rv:22.0) Gecko/20100101 Firefox/22.0"
117.211.83.10 - - [13/Aug/2013:04:27:48 -0400] "GET /css/adult.css HTTP/1.1" 200 6290 "http://www.michaelbrandwein.com/presentations.html" "Mozilla/5.0 (Windows NT 5.1; rv:22.0) Gecko/20100101 Firefox/22.0"
117.211.83.10 - - [13/Aug/2013:04:27:48 -0400] "GET /graphics/hr2a.jpg HTTP/1.1" 200 8132 "http://www.michaelbrandwein.com/presentations.html" "Mozilla/5.0 (Windows NT 5.1; rv:22.0) Gecko/20100101 Firefox/22.0"
117.211.83.10 - - [13/Aug/2013:04:27:49 -0400] "GET /graphics/dot.gif HTTP/1.1" 200 114 "http://www.michaelbrandwein.com/presentations.html" "Mozilla/5.0 (Windows NT 5.1; rv:22.0) Gecko/20100101 Firefox/22.0"
117.211.83.10 - - [13/Aug/2013:04:27:49 -0400] "GET /favicon.ico HTTP/1.1" 404 575 "-" "Mozilla/5.0 (Windows NT 5.1; rv:22.0) Gecko/20100101 Firefox/22.0"
66.249.75.94 - - [13/Aug/2013:18:12:00 -0400] "GET /images/ycontact.jpg HTTP/1.1" 304 - "-" "Googlebot-Image/1.0"
58.22.155.218 - - [13/Aug/2013:19:51:23 -0400] "GET /participantcomments.html HTTP/1.0" 200 37033 "http://www.michaelbrandwein.com/participantcomments.html" "Opera/9.80 (Windows NT 6.1; MRA 6.0 (build 5970)) Presto/2.12.388 Version/12.11"
98.137.207.26 - - [13/Aug/2013:21:12:53 -0400] "GET /graphics/bodym.jpg HTTP/1.1" 200 28996 "http://michaelbrandwein.com/" "Mozilla/5.0 (compatible; Yahoo! Slurp/3.0; http://help.yahoo.com/help/us/ysearch/slurp) NOT Firefox/3.5"
98.137.207.26 - - [13/Aug/2013:21:12:53 -0400] "GET /graphics/bhomeenter3.jpg HTTP/1.1" 404 575 "http://michaelbrandwein.com/" "Mozilla/5.0 (compatible; Yahoo! Slurp/3.0; http://help.yahoo.com/help/us/ysearch/slurp) NOT Firefox/3.5"
199.21.99.123 - - [13/Aug/2013:23:26:37 -0400] "GET /robots.txt HTTP/1.1" 404 575 "-" "Mozilla/5.0 (compatible; YandexBot/3.0; +http://yandex.com/bots)"
157.55.36.37 - - [13/Aug/2013:23:27:47 -0400] "GET /pdf/Youth%20Organization%20Topics.pdf HTTP/1.1" 200 175425 "-" "Mozilla/5.0 (compatible; bingbot/2.0; +http://www.bing.com/bingbot.htm)"
157.55.36.37 - - [13/Aug/2013:23:29:54 -0400] "GET /yapproach.html HTTP/1.0" 200 13087 "-" "Mozilla/5.0 (compatible; bingbot/2.0; +http://www.bing.com/bingbot.htm)"
66.249.72.170 - - [13/Aug/2013:21:45:59 -0400] "GET /products/learningleadershipdvd.html HTTP/1.1" 200 11658 "-" "Mozilla/5.0 (iPhone; U; CPU iPhone OS 4_1 like Mac OS X; en-us) AppleWebKit/532.9 (KHTML, like Gecko) Version/4.0.5 Mobile/8B117 Safari/6531.22.7 (compatible; Googlebot-Mobile/2.1; +http://www.google.com/bot.html)"
95.27.254.162 - - [13/Aug/2013:22:40:07 -0400] "GET /ytopics/camp/conferences/ysayings.txt HTTP/1.0" 200 6677 "http://www.michaelbrandwein.com/ytopics/camp/conferences/terrifictrainingtechniques.html" "Mozilla/4.0 (compatible; MSIE 7.0; Windows NT 5.1; .NET CLR 1.1.4322; .NET CLR 2.0.50727; InfoPath.1)"
157.55.36.37 - - [13/Aug/2013:23:27:50 -0400] "GET /atopics/supervisingservicesuccess.html HTTP/1.1" 200 8886 "-" "Mozilla/5.0 (compatible; bingbot/2.0; +http://www.bing.com/bingbot.htm)"
46.119.118.152 - - [13/Aug/2013:23:30:41 -0400] "GET /atopics/conflictcommunication.html HTTP/1.1" 200 8923 "http://cleaning-uborka.ru/" "Mozilla/4.0 (compatible; MSIE 6.0; Windows NT 5.1; Maxthon; .NET CLR 1.1.4322)"
95.221.78.21 - - [13/Aug/2013:08:07:23 -0400] "GET /ytopics/organizations/workdirectly/ysayings.txt HTTP/1.1" 200 6677 "http://www.michaelbrandwein.com/ytopics/organizations/workdirectly/howtoleadfabulousdiscussions.html" "Mozilla/5.0 (Windows; U; Windows NT 5.1; ru; rv:1.9.2.12) Gecko/20101026 Firefox/3.6.12 (.NET CLR 3.5.30729)"
79.120.197.222 - - [13/Aug/2013:08:25:17 -0400] "GET /pdf/Camp%20comps%20staff%20training%20sheet%203.pdf HTTP/1.1" 200 99047 "http://www.michaelbrandwein.com/yresources.html" "Mozilla/5.0 (Windows NT 6.1; rv:20.0) Gecko/20100101 Firefox/20.0"
76.215.46.28 - - [13/Aug/2013:16:39:47 -0400] "GET /graphics/dot.gif HTTP/1.1" 200 114 "http://www.michaelbrandwein.com/presentations.html" "Mozilla/5.0 (Windows NT 6.2; WOW64) AppleWebKit/537.36 (KHTML, like Gecko) Chrome/28.0.1500.95 Safari/537.36"
96.58.232.81 - - [13/Aug/2013:17:16:25 -0400] "GET /products/trainingterrificstaff_clip_image002.jpg HTTP/1.1" 200 10083 "http://thecampdirector.com/" "Mozilla/5.0 (Macintosh; Intel Mac OS X 10.7; rv:22.0) Gecko/20100101 Firefox/22.0"
66.249.75.94 - - [13/Aug/2013:03:33:14 -0400] "GET /ycamptraining.html HTTP/1.1" 200 16427 "-" "Mozilla/5.0 (compatible; Googlebot/2.1; +http://www.google.com/bot.html)"
61.4.110.238 - - [13/Aug/2013:03:46:17 -0400] "GET /favicon.ico HTTP/1.1" 404 575 "-" "Mozilla/5.0 (Windows NT 6.1; rv:12.0) Gecko/20100101 Firefox/12.0"
89.178.246.223 - - [13/Aug/2013:04:04:37 -0400] "GET /css/youth.css HTTP/1.1" 200 8470 "http://www.michaelbrandwein.com/ytopics/schools/parents/howtohavegreatcommunication.html" "Opera/9.80 (Windows NT 5.1; U; ru) Presto/2.6.30 Version/10.63"
93.80.240.19 - - [13/Aug/2013:05:50:34 -0400] "GET /images/banner2.jpg HTTP/1.1" 200 5488 "http://www.michaelbrandwein.com/ytopics/camp/training/staff/howtoteachresponsibility.html" "Mozilla/5.0 (Windows; U; Windows NT 6.0; en-US) AppleWebKit/534.7 (KHTML, like Gecko) Chrome/7.0.517.44 Safari/534.7"
46.188.22.137 - - [13/Aug/2013:00:03:05 -0400] "GET /css/youth.css HTTP/1.0" 200 8470 "http://www.michaelbrandwein.com/ytopics/camp/conferences/intentionalcamppresenting.html" "Mozilla/4.0 (compatible; MSIE 7.0; Windows NT 5.1; .NET CLR 1.1.4322; .NET CLR 2.0.50727; InfoPath.1)"
5.9.82.183 - - [13/Aug/2013:00:06:56 -0400] "GET /ytopics/camp/conferences/howtoteachresponsibility.html HTTP/1.1" 200 11074 "-" "Mozilla/5.0 (compatible; SISTRIX Crawler; http://crawler.sistrix.net/)"
5.9.82.183 - - [13/Aug/2013:00:06:58 -0400] "GET /ytopics/camp/conferences/learningleadership.html HTTP/1.1" 200 10904 "-" "Mozilla/5.0 (compatible; SISTRIX Crawler; http://crawler.sistrix.net/)"
5.9.82.183 - - [13/Aug/2013:00:06:58 -0400] "GET /ytopics/camp/conferences/manualdexterity.html HTTP/1.1" 200 10402 "-" "Mozilla/5.0 (compatible; SISTRIX Crawler; http://crawler.sistrix.net/)"
5.9.82.183 - - [13/Aug/2013:00:06:59 -0400] "GET /ytopics/camp/conferences/communication.html HTTP/1.1" 200 10770 "-" "Mozilla/5.0 (compatible; SISTRIX Crawler; http://crawler.sistrix.net/)"
5.9.82.183 - - [13/Aug/2013:00:06:59 -0400] "GET /ytopics/camp/conferences/timemanagement.html HTTP/1.1" 200 10548 "-" "Mozilla/5.0 (compatible; SISTRIX Crawler; http://crawler.sistrix.net/)"
5.9.82.183 - - [13/Aug/2013:00:07:00 -0400] "GET /ytopics/camp/conferences/superskills.html HTTP/1.1" 200 10546 "-" "Mozilla/5.0 (compatible; SISTRIX Crawler; http://crawler.sistrix.net/)"
5.9.82.183 - - [13/Aug/2013:00:07:01 -0400] "GET /ytopics/camp/conferences/superbcustomerservice.html HTTP/1.1" 200 10797 "-" "Mozilla/5.0 (compatible; SISTRIX Crawler; http://crawler.sistrix.net/)"
5.9.82.183 - - [13/Aug/2013:00:07:01 -0400] "GET /ytopics/camp/conferences/supersolutionseminar.html HTTP/1.1" 200 10596 "-" "Mozilla/5.0 (compatible; SISTRIX Crawler; http://crawler.sistrix.net/)"
5.9.82.183 - - [13/Aug/2013:00:07:02 -0400] "GET /ytopics/camp/conferences/campgames.html HTTP/1.1" 200 10752 "-" "Mozilla/5.0 (compatible; SISTRIX Crawler; http://crawler.sistrix.net/)"
5.9.82.183 - - [13/Aug/2013:00:07:02 -0400] "GET /ytopics/camp/training/staff/buildingbetterchildren.html HTTP/1.1" 200 11593 "-" "Mozilla/5.0 (compatible; SISTRIX Crawler; http://crawler.sistrix.net/)"
5.9.82.183 - - [13/Aug/2013:00:07:03 -0400] "GET /ytopics/camp/training/staff/laserbeam.html HTTP/1.1" 200 12448 "-" "Mozilla/5.0 (compatible; SISTRIX Crawler; http://crawler.sistrix.net/)"
5.9.82.183 - - [13/Aug/2013:00:07:03 -0400] "GET /ytopics/camp/training/staff/leadingthelittlerones.html HTTP/1.1" 200 10917 "-" "Mozilla/5.0 (compatible; SISTRIX Crawler; http://crawler.sistrix.net/)"
5.9.82.183 - - [13/Aug/2013:00:07:04 -0400] "GET /ytopics/camp/training/staff/whydontyoubehave.html HTTP/1.1" 200 12386 "-" "Mozilla/5.0 (compatible; SISTRIX Crawler; http://crawler.sistrix.net/)"
5.9.82.183 - - [13/Aug/2013:00:07:04 -0400] "GET /ytopics/camp/training/staff/ivetoldyouathousandtimes.html HTTP/1.1" 200 11478 "-" "Mozilla/5.0 (compatible; SISTRIX Crawler; http://crawler.sistrix.net/)"
5.9.82.183 - - [13/Aug/2013:00:07:05 -0400] "GET /ytopics/camp/training/staff/dumpingtheds.html HTTP/1.1" 200 11388 "-" "Mozilla/5.0 (compatible; SISTRIX Crawler; http://crawler.sistrix.net/)"
5.9.82.183 - - [13/Aug/2013:00:07:05 -0400] "GET /ytopics/camp/training/staff/howtoteachresponsibility.html HTTP/1.1" 200 11163 "-" "Mozilla/5.0 (compatible; SISTRIX Crawler; http://crawler.sistrix.net/)"
5.9.82.183 - - [13/Aug/2013:00:07:06 -0400] "GET /ytopics/camp/training/staff/yesitsfunbut.html HTTP/1.1" 200 11328 "-" "Mozilla/5.0 (compatible; SISTRIX Crawler; http://crawler.sistrix.net/)"
5.9.82.183 - - [13/Aug/2013:00:07:06 -0400] "GET /ytopics/camp/training/staff/improvtoimprove.html HTTP/1.1" 200 10722 "-" "Mozilla/5.0 (compatible; SISTRIX Crawler; http://crawler.sistrix.net/)"
5.9.82.183 - - [13/Aug/2013:00:07:06 -0400] "GET /ytopics/camp/training/staff/talkingitout.html HTTP/1.1" 200 11583 "-" "Mozilla/5.0 (compatible; SISTRIX Crawler; http://crawler.sistrix.net/)"
5.9.82.183 - - [13/Aug/2013:00:07:07 -0400] "GET /ytopics/camp/training/staff/topteaching.html HTTP/1.1" 200 11015 "-" "Mozilla/5.0 (compatible; SISTRIX Crawler; http://crawler.sistrix.net/)"
5.9.82.183 - - [13/Aug/2013:00:07:07 -0400] "GET /ytopics/camp/training/staff/largegroupleadership.html HTTP/1.1" 200 10745 "-" "Mozilla/5.0 (compatible; SISTRIX Crawler; http://crawler.sistrix.net/)"
5.9.82.183 - - [13/Aug/2013:00:07:08 -0400] "GET /ytopics/camp/training/staff/campgames.html HTTP/1.1" 200 10823 "-" "Mozilla/5.0 (compatible; SISTRIX Crawler; http://crawler.sistrix.net/)"
5.9.82.183 - - [13/Aug/2013:00:07:08 -0400] "GET /ytopics/camp/training/admin/superstaffsupervision.html HTTP/1.1" 200 10851 "-" "Mozilla/5.0 (compatible; SISTRIX Crawler; http://crawler.sistrix.net/)"
5.9.82.183 - - [13/Aug/2013:00:07:09 -0400] "GET /ytopics/camp/training/admin/cdos.html HTTP/1.1" 200 10625 "-" "Mozilla/5.0 (compatible; SISTRIX Crawler; http://crawler.sistrix.net/)"
5.9.82.183 - - [13/Aug/2013:00:07:09 -0400] "GET /ytopics/camp/training/admin/supervisingstaff.html HTTP/1.1" 200 10657 "-" "Mozilla/5.0 (compatible; SISTRIX Crawler; http://crawler.sistrix.net/)"
5.9.82.183 - - [13/Aug/2013:00:07:09 -0400] "GET /ytopics/camp/training/admin/theresaspecialist.html HTTP/1.1" 200 10905 "-" "Mozilla/5.0 (compatible; SISTRIX Crawler; http://crawler.sistrix.net/)"
5.9.82.183 - - [13/Aug/2013:00:07:10 -0400] "GET /ytopics/camp/training/session/stafftraining.html HTTP/1.1" 200 10559 "-" "Mozilla/5.0 (compatible; SISTRIX Crawler; http://crawler.sistrix.net/)"
5.9.82.183 - - [13/Aug/2013:00:07:10 -0400] "GET /ytopics/camp/training/session/leadershipteamtraining.html HTTP/1.1" 200 10559 "-" "Mozilla/5.0 (compatible; SISTRIX Crawler; http://crawler.sistrix.net/)"
5.9.82.183 - - [13/Aug/2013:00:07:11 -0400] "GET /ytopics/camp/training/session/programboosters.html HTTP/1.1" 200 10775 "-" "Mozilla/5.0 (compatible; SISTRIX Crawler; http://crawler.sistrix.net/)"
5.9.82.183 - - [13/Aug/2013:00:07:11 -0400] "GET /ytopics/camp/training/session/specialeventsreview.html HTTP/1.1" 200 10631 "-" "Mozilla/5.0 (compatible; SISTRIX Crawler; http://crawler.sistrix.net/)"
5.9.82.183 - - [13/Aug/2013:00:07:12 -0400] "GET /ytopics/camp/training/session/clinic.html HTTP/1.1" 200 10834 "-" "Mozilla/5.0 (compatible; SISTRIX Crawler; http://crawler.sistrix.net/)"
5.9.82.183 - - [13/Aug/2013:00:07:13 -0400] "GET /ytopics/camp/training/session/trainingbydemonstration.html HTTP/1.1" 200 10769 "-" "Mozilla/5.0 (compatible; SISTRIX Crawler; http://crawler.sistrix.net/)"
5.9.82.183 - - [13/Aug/2013:00:07:13 -0400] "GET /ytopics/camp/training/session/pulsetaking.html HTTP/1.1" 200 10744 "-" "Mozilla/5.0 (compatible; SISTRIX Crawler; http://crawler.sistrix.net/)"
65.55.213.54 - - [13/Aug/2013:00:42:09 -0400] "GET /products/ysayings.txt HTTP/1.1" 200 6677 "http://www.michaelbrandwein.com/products/superstaffsupervision.html" "Mozilla/4.0 (compatible; MSIE 7.0; Windows NT 5.2; SLCC1; .NET CLR 1.1.4325; .NET CLR 2.0.40607; .NET CLR 3.0.30729; .NET CLR 3.5.30707; InfoPath.2)"
176.195.43.184 - - [13/Aug/2013:10:42:39 -0400] "GET /css/youth.css HTTP/1.0" 200 8470 "http://www.michaelbrandwein.com/ytopics/camp/training/staff/talkingitout.html" "Mozilla/4.0 (compatible; MSIE 7.0; Windows NT 5.1; .NET CLR 1.1.4322; .NET CLR 2.0.50727)"
50.50.186.48 - - [13/Aug/2013:11:47:36 -0400] "GET /graphics/arrowup.gif HTTP/1.1" 200 84 "http://www.michaelbrandwein.com/adult.html" "Mozilla/5.0 (Macintosh; Intel Mac OS X 10_6_8) AppleWebKit/537.36 (KHTML, like Gecko) Chrome/28.0.1500.95 Safari/537.36"
50.50.186.48 - - [13/Aug/2013:11:47:36 -0400] "GET /sayings.txt HTTP/1.1" 200 6460 "http://www.michaelbrandwein.com/adult.html" "Mozilla/5.0 (Macintosh; Intel Mac OS X 10_6_8) AppleWebKit/537.36 (KHTML, like Gecko) Chrome/28.0.1500.95 Safari/537.36"
101.227.4.24 - - [13/Aug/2013:19:27:35 -0400] "GET /ytopics/parents/magicoffamilycommunication.html HTTP/1.1" 200 10772 "-" "Mozilla/5.0 (compatible; YYSpider; +http://www.yunyun.com/spider.html)"
176.195.251.124 - - [13/Aug/2013:20:07:59 -0400] "GET /images/banner2.jpg HTTP/1.1" 200 5488 "http://www.michaelbrandwein.com/ytopics/organizations/keynotes/houdinisgreatestsecrets.html" "Mozilla/4.0 (compatible; MSIE 8.0; Windows NT 5.1; Trident/4.0; .NET CLR 1.1.4322; .NET CLR 2.0.50727; .NET CLR 3.0.4506.2152; .NET CLR 3.5.30729)"
