50.50.186.48 - - [13/Aug/2013:11:47:04 -0400] "GET /graphics/oval1.jpg HTTP/1.1" 200 14070 "http://www.michaelbrandwein.com/youth.html" "Mozilla/5.0 (Macintosh; Intel Mac OS X 10_6_8) AppleWebKit/537.36 (KHTML, like Gecko) Chrome/28.0.1500.95 Safari/537.36"
50.50.186.48 - - [13/Aug/2013:11:47:06 -0400] "GET /favicon.ico HTTP/1.1" 404 575 "-" "Mozilla/5.0 (Macintosh; Intel Mac OS X 10_6_8) AppleWebKit/537.36 (KHTML, like Gecko) Chrome/28.0.1500.95 Safari/537.36"
157.55.32.82 - - [13/Aug/2013:13:07:17 -0400] "GET /presentations.html HTTP/1.1" 200 12384 "-" "Mozilla/5.0 (compatible; bingbot/2.0; +http://www.bing.com/bingbot.htm)"
132.177.210.220 - - [13/Aug/2013:13:49:03 -0400] "GET /favicon.ico HTTP/1.1" 404 575 "-" "Mozilla/5.0 (Windows NT 6.1; WOW64) AppleWebKit/537.36 (KHTML, like Gecko) Chrome/28.0.1500.95 Safari/537.36"
66.87.148.37 - - [13/Aug/2013:00:20:11 -0400] "GET /products/superstaffsupervision.html HTTP/1.1" 200 14650 "-" "Mozilla/5.0 (iPhone; CPU iPhone OS 6_1_3 like Mac OS X) AppleWebKit/536.26 (KHTML, like Gecko) Version/6.0 Mobile/10B329 Safari/8536.25"
66.87.148.37 - - [13/Aug/2013:00:20:11 -0400] "GET /css/youth.css HTTP/1.1" 200 8470 "-" "Mozilla/5.0 (iPhone; CPU iPhone OS 6_1_3 like Mac OS X) AppleWebKit/536.26 (KHTML, like Gecko) Version/6.0 Mobile/10B329 Safari/8536.25"
66.87.148.37 - - [13/Aug/2013:01:06:26 -0400] "GET /css/youth.css HTTP/1.1" 200 8470 "-" "Mozilla/5.0 (iPhone; CPU iPhone OS 6_1_3 like Mac OS X) AppleWebKit/536.26 (KHTML, like Gecko) Version/6.0 Mobile/10B329 Safari/8536.25"
176.195.255.23 - - [13/Aug/2013:02:14:41 -0400] "GET /ytopics/camp/training/staff/ysayings.txt HTTP/1.1" 200 6677 "http://www.michaelbrandwein.com/ytopics/camp/training/staff/topteaching.html" "Mozilla/5.0 (Windows; U; Windows NT 5.1; ru; rv:1.9.2.12) Gecko/20101026 Firefox/3.6.12"
39.41.227.17 - - [13/Aug/2013:06:34:54 -0400] "GET /images/clientcomments.jpg HTTP/1.1" 200 44657 "http://www.michaelbrandwein.com/clientcomments.html" "Mozilla/5.0 (Windows NT 5.1; rv:17.0) Gecko/20100101 Firefox/17.0"
79.120.197.222 - - [13/Aug/2013:08:21:29 -0400] "GET /graphics/hry2.jpg HTTP/1.1" 200 305 "http://www.michaelbrandwein.com/youth.html" "Mozilla/5.0 (Windows NT 6.1; rv:20.0) Gecko/20100101 Firefox/20.0"
79.120.197.222 - - [13/Aug/2013:08:21:30 -0400] "GET /graphics/oval1.jpg HTTP/1.1" 200 14070 "http://www.michaelbrandwein.com/youth.html" "Mozilla/5.0 (Windows NT 6.1; rv:20.0) Gecko/20100101 Firefox/20.0"
79.120.197.222 - - [13/Aug/2013:08:21:30 -0400] "GET /graphics/oval5.jpg HTTP/1.1" 200 14409 "http://www.michaelbrandwein.com/youth.html" "Mozilla/5.0 (Windows NT 6.1; rv:20.0) Gecko/20100101 Firefox/20.0"
101.227.4.25 - - [13/Aug/2013:15:22:08 -0400] "GET /ytopics/schools/staffdev/howtograbandkeepattention.html391 HTTP/1.1" 404 575 "-" "Mozilla/5.0 (compatible; YYSpider; +http://www.yunyun.com/spider.html)"
76.215.46.28 - - [13/Aug/2013:16:39:47 -0400] "GET /css/adult.css HTTP/1.1" 200 6290 "http://www.michaelbrandwein.com/presentations.html" "Mozilla/5.0 (Windows NT 6.2; WOW64) AppleWebKit/537.36 (KHTML, like Gecko) Chrome/28.0.1500.95 Safari/537.36"
76.215.46.28 - - [13/Aug/2013:16:39:47 -0400] "GET /graphics/logoin.jpg HTTP/1.1" 200 14869 "http://www.michaelbrandwein.com/presentations.html" "Mozilla/5.0 (Windows NT 6.2; WOW64) AppleWebKit/537.36 (KHTML, like Gecko) Chrome/28.0.1500.95 Safari/537.36"
89.222.217.246 - - [13/Aug/2013:17:56:33 -0400] "GET /graphics/dot.gif HTTP/1.1" 200 114 "http://www.michaelbrandwein.com/ytopics/schools/parents/seeingisbelieving.html" "Mozilla/5.0 (Windows; U; Windows NT 5.1; en-US) AppleWebKit/534.7 (KHTML, like Gecko) Chrome/7.0.517.44 Safari/534.7"
157.55.32.149 - - [13/Aug/2013:21:52:01 -0400] "GET /contact.html HTTP/1.1" 200 14317 "-" "Mozilla/5.0 (compatible; bingbot/2.0; +http://www.bing.com/bingbot.htm)"
82.69.63.253 - - [13/Aug/2013:04:26:31 -0400] "GET /atopics/howtospeak.html HTTP/1.1" 200 10151 "http://www.michaelbrandwein.com/presentations.html" "Mozilla/5.0 (Macintosh; Intel Mac OS X 10_6_8) AppleWebKit/537.36 (KHTML, like Gecko) Chrome/28.0.1500.95 Safari/537.36"
82.69.63.253 - - [13/Aug/2013:04:26:32 -0400] "GET /atopics/sayings.txt HTTP/1.1" 200 6460 "http://www.michaelbrandwein.com/atopics/howtospeak.html" "Mozilla/5.0 (Macintosh; Intel Mac OS X 10_6_8) AppleWebKit/537.36 (KHTML, like Gecko) Chrome/28.0.1500.95 Safari/537.36"
82.69.63.253 - - [13/Aug/2013:04:26:32 -0400] "GET /favicon.ico HTTP/1.1" 404 575 "-" "Mozilla/5.0 (Macintosh; Intel Mac OS X 10_6_8) AppleWebKit/537.36 (KHTML, like Gecko) Chrome/28.0.1500.95 Safari/537.36"
82.69.63.253 - - [13/Aug/2013:04:26:32 -0400] "GET /favicon.ico HTTP/1.1" 404 575 "-" "Mozilla/5.0 (Macintosh; Intel Mac OS X 10_6_8) AppleWebKit/537.36 (KHTML, like Gecko) Chrome/28.0.1500.95 Safari/537.36"
82.69.63.253 - - [13/Aug/2013:04:26:32 -0400] "GET /favicon.ico HTTP/1.1" 404 575 "-" "Mozilla/5.0 (Macintosh; Intel Mac OS X 10_6_8) AppleWebKit/537.36 (KHTML, like Gecko) Chrome/28.0.1500.95 Safari/537.36"
101.227.4.24 - - [13/Aug/2013:19:27:17 -0400] "GET /bioabnormal.html HTTP/1.1" 200 13765 "-" "Mozilla/5.0 (compatible; YYSpider; +http://www.yunyun.com/spider.html)"
66.249.72.94 - - [13/Aug/2013:19:27:32 -0400] "GET /robots.txt HTTP/1.1" 404 575 "-" "Mozilla/5.0 (compatible; Googlebot/2.1; +http://www.google.com/bot.html)"
176.195.255.23 - - [13/Aug/2013:02:14:40 -0400] "GET /graphics/hry2.jpg HTTP/1.1" 200 305 "http://www.michaelbrandwein.com/ytopics/camp/training/staff/topteaching.html" "Mozilla/5.0 (Windows; U; Windows NT 5.1; ru; rv:1.9.2.12) Gecko/20101026 Firefox/3.6.12"
65.55.213.33 - - [13/Aug/2013:09:40:37 -0400] "GET /ytopics/camp/training/session/pulsetaking.html HTTP/1.1" 200 10744 "-" "Mozilla/4.0 (compatible; MSIE 7.0; Windows NT 5.2; SV1; .NET CLR 1.1.4322; .NET CLR 2.0.50727)"
65.55.213.33 - - [13/Aug/2013:09:40:37 -0400] "GET /css/youth.css HTTP/1.1" 200 8470 "http://www.michaelbrandwein.com/ytopics/camp/training/session/pulsetaking.html" "Mozilla/4.0 (compatible; MSIE 7.0; Windows NT 5.2; SV1; .NET CLR 1.1.4322; .NET CLR 2.0.50727)"
65.55.213.33 - - [13/Aug/2013:09:40:39 -0400] "GET /ytopics/camp/training/session/ysayings.txt HTTP/1.1" 200 6677 "http://www.michaelbrandwein.com/ytopics/camp/training/session/pulsetaking.html" "Mozilla/4.0 (compatible; MSIE 7.0; Windows NT 5.2; SV1; .NET CLR 1.1.4322; .NET CLR 2.0.50727)"
157.55.36.37 - - [13/Aug/2013:23:27:28 -0400] "GET /ybionormal.html HTTP/1.1" 200 12648 "-" "Mozilla/5.0 (compatible; bingbot/2.0; +http://www.bing.com/bingbot.htm)"
178.137.128.238 - - [13/Aug/2013:03:25:24 -0400] "GET /atopics/conflictcommunication.html HTTP/1.1" 200 8923 "http://bidla.net/" "Mozilla/4.0 (compatible; MSIE 6.0; Windows NT 5.0; .NET CLR 1.0.3705; .NET CLR 1.1.4322)"
27.97.124.243 - - [13/Aug/2013:04:04:55 -0400] "GET /graphics/hr2a.jpg HTTP/1.1" 200 8132 "http://www.michaelbrandwein.com/presentations.html" "Mozilla/5.0 (Linux; U; Android 4.1.1; en-gb; GT-P3100 Build/JRO03C) AppleWebKit/534.30 (KHTML, like Gecko) Version/4.0 Safari/534.30"
95.221.102.185 - - [13/Aug/2013:04:35:53 -0400] "GET /css/youth.css HTTP/1.0" 200 8470 "http://www.michaelbrandwein.com/ytopics/organizations/workdirectly/campgames.html" "Mozilla/4.0 (compatible; MSIE 7.0; Windows NT 5.1; .NET CLR 1.1.4322; .NET CLR 2.0.50727)"
46.188.2.233 - - [13/Aug/2013:04:54:58 -0400] "GET /css/youth.css HTTP/1.0" 200 8470 "http://www.michaelbrandwein.com/ytopics/camp/training/staff/largegroupleadership.html" "Mozilla/4.0 (compatible; MSIE 6.0; Windows NT 5.1; SV1; .NET CLR 2.0.50727; .NET CLR 3.0.4506.2152; .NET CLR 3.5.30729)"
92.255.221.127 - - [13/Aug/2013:05:52:11 -0400] "GET /graphics/dot.gif HTTP/1.1" 200 114 "http://www.michaelbrandwein.com/ytopics/organizations/supervise/valueofvaryingviews.html" "Mozilla/4.0 (compatible; MSIE 7.0; Windows NT 5.1; .NET CLR 1.1.4322; .NET CLR 2.0.50727)"
39.41.227.17 - - [13/Aug/2013:06:34:54 -0400] "GET /clientcomments.html HTTP/1.1" 200 29967 "http://www.michaelbrandwein.com/presentations.html" "Mozilla/5.0 (Windows NT 5.1; rv:17.0) Gecko/20100101 Firefox/17.0"
129.72.155.8 - - [13/Aug/2013:12:01:59 -0400] "GET /favicon.ico HTTP/1.1" 404 575 "-" "Mozilla/4.0 (compatible; MSIE 8.0; Windows NT 6.1; WOW64; Trident/4.0; GTB7.5; SLCC2; .NET CLR 2.0.50727; .NET CLR 3.5.30729; .NET CLR 3.0.30729; Media Center PC 6.0; InfoPath.3; .NET4.0C; AskTbORJ/5.15.23.36191)"
46.188.22.137 - - [13/Aug/2013:13:10:40 -0400] "GET /graphics/logoin.jpg HTTP/1.1" 200 14869 "http://www.michaelbrandwein.com/ytopics/camp/conferences/intentionalcamppresenting.html" "Mozilla/4.0 (compatible; MSIE 8.0; Windows NT 6.1; Trident/4.0; SLCC2; .NET CLR 2.0.50727; .NET CLR 3.5.30729; .NET CLR 3.0.30729; Media Center PC 6.0)"
132.177.210.220 - - [13/Aug/2013:13:48:21 -0400] "GET /graphics/bgwh.gif HTTP/1.1" 200 49 "http://www.michaelbrandwein.com/" "Mozilla/5.0 (Windows NT 6.1; WOW64) AppleWebKit/537.36 (KHTML, like Gecko) Chrome/28.0.1500.95 Safari/537.36"
157.55.32.82 - - [13/Aug/2013:15:16:22 -0400] "GET /robots.txt HTTP/1.1" 404 575 "-" "Mozilla/5.0 (compatible; bingbot/2.0; +http://www.bing.com/bingbot.htm)"
216.47.203.66 - - [13/Aug/2013:15:37:08 -0400] "GET /yproducts.html HTTP/1.1" 200 21362 "-" "Mozilla/5.0 (compatible; MSIE 9.0; Windows NT 6.1; WOW64; Trident/5.0)"
216.47.203.66 - - [13/Aug/2013:15:37:08 -0400] "GET /images/thenewest.jpg HTTP/1.1" 200 33530 "http://www.michaelbrandwein.com/yproducts.html" "Mozilla/5.0 (compatible; MSIE 9.0; Windows NT 6.1; WOW64; Trident/5.0)"
216.47.203.66 - - [13/Aug/2013:15:37:08 -0400] "GET /images/learningleadershipdvd150.jpg HTTP/1.1" 200 15947 "http://www.michaelbrandwein.com/yproducts.html" "Mozilla/5.0 (compatible; MSIE 9.0; Windows NT 6.1; WOW64; Trident/5.0)"
95.221.2.251 - - [13/Aug/2013:11:46:34 -0400] "GET /css/youth.css HTTP/1.1" 200 8470 "http://www.michaelbrandwein.com/ytopics/camp/training/staff/improvtoimprove.html" "Mozilla/5.0 (Windows; U; Windows NT 5.1; en-US) AppleWebKit/534.7 (KHTML, like Gecko) Chrome/7.0.517.44 Safari/534.7"
71.194.51.65 - - [13/Aug/2013:20:59:15 -0400] "GET /graphics/homeadult.jpg HTTP/1.1" 200 18635 "http://www.michaelbrandwein.com/" "Mozilla/5.0 (compatible; MSIE 9.0; Windows NT 6.0; Trident/5.0)"
71.194.51.65 - - [13/Aug/2013:20:59:17 -0400] "GET /graphics/bodym.jpg HTTP/1.1" 200 28996 "http://www.michaelbrandwein.com/" "Mozilla/5.0 (compatible; MSIE 9.0; Windows NT 6.0; Trident/5.0)"
95.221.2.251 - - [13/Aug/2013:15:51:32 -0400] "GET /ytopics/organizations/workdirectly/ysayings.txt HTTP/1.1" 200 6677 "http://www.michaelbrandwein.com/ytopics/organizations/workdirectly/campgames.html" "Opera/9.80 (Windows NT 5.1; U; ru) Presto/2.6.30 Version/10.63"
123.151.148.180 - - [13/Aug/2013:16:25:42 -0400] "GET / HTTP/1.1" 200 5960 "http://www.michaelbrandwein.com/" "Mozilla/5.0 (compatible; Sosospider/2.0; +http://help.soso.com/webspider.htm)"
203.126.198.225 - - [13/Aug/2013:06:13:22 -0400] "GET /graphics/logoin.jpg HTTP/1.1" 200 14869 "http://www.michaelbrandwein.com/presentations.html" "Mozilla/5.0 (compatible; MSIE 9.0; Windows NT 6.1; Trident/5.0)"
46.229.164.99 - - [13/Aug/2013:07:12:50 -0400] "GET / HTTP/1.1" 200 5960 "-" "Mozilla/5.0 (compatible; SemrushBot/0.96.4; +http://www.semrush.com/bot.html)"
157.55.32.109 - - [13/Aug/2013:08:22:11 -0400] "GET /images/ycamptraining.jpg HTTP/1.1" 200 50346 "-" "Mozilla/5.0 (compatible; bingbot/2.0; +http://www.bing.com/bingbot.htm)"
176.195.195.149 - - [13/Aug/2013:04:02:22 -0400] "GET /ytopics/organizations/supervise/nofuninfungible.html HTTP/1.1" 200 11115 "http://yandex.ru/yandsearch?text=www.michaelbrandwein.com&lr=213" "Mozilla/4.0 (compatible; MSIE 8.0; Windows NT 5.1; Trident/4.0; GTB6.6; .NET CLR 1.1.4322; .NET CLR 2.0.50727; .NET CLR 3.0.4506.2152; .NET CLR 3.5.30729)"
89.178.246.223 - - [13/Aug/2013:04:04:37 -0400] "GET /graphics/logoin.jpg HTTP/1.1" 200 14869 "http://www.michaelbrandwein.com/ytopics/schools/parents/howtohavegreatcommunication.html" "Opera/9.80 (Windows NT 5.1; U; ru) Presto/2.6.30 Version/10.63"
95.221.102.185 - - [13/Aug/2013:04:35:52 -0400] "GET /ytopics/organizations/workdirectly/campgames.html HTTP/1.0" 200 10834 "http://yandex.ru/yandsearch?text=www.michaelbrandwein.com&lr=213" "Mozilla/4.0 (compatible; MSIE 7.0; Windows NT 5.1; .NET CLR 1.1.4322; .NET CLR 2.0.50727)"
93.80.240.19 - - [13/Aug/2013:05:50:42 -0400] "GET /ytopics/camp/training/staff/ysayings.txt HTTP/1.1" 200 6677 "http://www.michaelbrandwein.com/ytopics/camp/training/staff/howtoteachresponsibility.html" "Mozilla/5.0 (Windows; U; Windows NT 6.0; en-US) AppleWebKit/534.7 (KHTML, like Gecko) Chrome/7.0.517.44 Safari/534.7"
5.9.82.183 - - [13/Aug/2013:00:08:06 -0400] "GET /ytopics/schools/staffdev/howtograbandkeepattention.html HTTP/1.1" 200 11858 "-" "Mozilla/5.0 (compatible; SISTRIX Crawler; http://crawler.sistrix.net/)"
5.9.82.183 - - [13/Aug/2013:00:08:07 -0400] "GET /ytopics/schools/staffdev/leadingthelittlerones.html HTTP/1.1" 200 10688 "-" "Mozilla/5.0 (compatible; SISTRIX Crawler; http://crawler.sistrix.net/)"
5.9.82.183 - - [13/Aug/2013:00:08:07 -0400] "GET /ytopics/schools/staffdev/whydontyoubehave.html HTTP/1.1" 200 12290 "-" "Mozilla/5.0 (compatible; SISTRIX Crawler; http://crawler.sistrix.net/)"
5.9.82.183 - - [13/Aug/2013:00:08:08 -0400] "GET /ytopics/schools/staffdev/ivetoldyouathousandtimes.html HTTP/1.1" 200 11278 "-" "Mozilla/5.0 (compatible; SISTRIX Crawler; http://crawler.sistrix.net/)"
5.9.82.183 - - [13/Aug/2013:00:08:08 -0400] "GET /ytopics/schools/staffdev/talkingitout.html HTTP/1.1" 200 11415 "-" "Mozilla/5.0 (compatible; SISTRIX Crawler; http://crawler.sistrix.net/)"
5.9.82.183 - - [13/Aug/2013:00:08:09 -0400] "GET /ytopics/schools/staffdev/helpingyoungpeople.html HTTP/1.1" 200 11282 "-" "Mozilla/5.0 (compatible; SISTRIX Crawler; http://crawler.sistrix.net/)"
5.9.82.183 - - [13/Aug/2013:00:08:10 -0400] "GET /ytopics/schools/staffdev/howtoleadfabulousdiscussions.html HTTP/1.1" 200 10805 "-" "Mozilla/5.0 (compatible; SISTRIX Crawler; http://crawler.sistrix.net/)"
5.9.82.183 - - [13/Aug/2013:00:08:10 -0400] "GET /ytopics/schools/students/uploadingourbrain.html HTTP/1.1" 200 11683 "-" "Mozilla/5.0 (compatible; SISTRIX Crawler; http://crawler.sistrix.net/)"
5.9.82.183 - - [13/Aug/2013:00:08:11 -0400] "GET /ytopics/schools/students/houdinisgreatestsecrets.html HTTP/1.1" 200 11669 "-" "Mozilla/5.0 (compatible; SISTRIX Crawler; http://crawler.sistrix.net/)"
5.9.82.183 - - [13/Aug/2013:00:08:11 -0400] "GET /ytopics/schools/students/theressomuchmagicyoucando.html HTTP/1.1" 200 11396 "-" "Mozilla/5.0 (compatible; SISTRIX Crawler; http://crawler.sistrix.net/)"
5.9.82.183 - - [13/Aug/2013:00:08:12 -0400] "GET /ytopics/schools/students/leadingsecretstoleadingothers.html HTTP/1.1" 200 11110 "-" "Mozilla/5.0 (compatible; SISTRIX Crawler; http://crawler.sistrix.net/)"
5.9.82.183 - - [13/Aug/2013:00:08:13 -0400] "GET /ytopics/schools/parents/howtohavegreatcommunication.html HTTP/1.1" 200 11509 "-" "Mozilla/5.0 (compatible; SISTRIX Crawler; http://crawler.sistrix.net/)"
5.9.82.183 - - [13/Aug/2013:00:08:13 -0400] "GET /ytopics/schools/parents/magicoffamilycommunication.html HTTP/1.1" 200 10899 "-" "Mozilla/5.0 (compatible; SISTRIX Crawler; http://crawler.sistrix.net/)"
5.9.82.183 - - [13/Aug/2013:00:08:14 -0400] "GET /ytopics/schools/parents/bringingouttheirbest.html HTTP/1.1" 200 11505 "-" "Mozilla/5.0 (compatible; SISTRIX Crawler; http://crawler.sistrix.net/)"
5.9.82.183 - - [13/Aug/2013:00:08:14 -0400] "GET /ytopics/schools/parents/whydontyoubehave.html HTTP/1.1" 200 12291 "-" "Mozilla/5.0 (compatible; SISTRIX Crawler; http://crawler.sistrix.net/)"
5.9.82.183 - - [13/Aug/2013:00:08:15 -0400] "GET /ytopics/schools/parents/ivetoldyouathousandtimes.html HTTP/1.1" 200 11279 "-" "Mozilla/5.0 (compatible; SISTRIX Crawler; http://crawler.sistrix.net/)"
5.9.82.183 - - [13/Aug/2013:00:08:15 -0400] "GET /ytopics/schools/parents/seeingisbelieving.html HTTP/1.1" 200 10900 "-" "Mozilla/5.0 (compatible; SISTRIX Crawler; http://crawler.sistrix.net/)"
5.9.82.183 - - [13/Aug/2013:00:08:15 -0400] "GET /ytopics/parents/howtohavegreatcommunication.html HTTP/1.1" 200 11347 "-" "Mozilla/5.0 (compatible; SISTRIX Crawler; http://crawler.sistrix.net/)"
5.9.82.183 - - [13/Aug/2013:00:08:16 -0400] "GET /ytopics/parents/magicoffamilycommunication.html HTTP/1.1" 200 10772 "-" "Mozilla/5.0 (compatible; SISTRIX Crawler; http://crawler.sistrix.net/)"
5.9.82.183 - - [13/Aug/2013:00:08:16 -0400] "GET /ytopics/parents/bringingouttheirbest.html HTTP/1.1" 200 11362 "-" "Mozilla/5.0 (compatible; SISTRIX Crawler; http://crawler.sistrix.net/)"
5.9.82.183 - - [13/Aug/2013:00:08:17 -0400] "GET /ytopics/parents/whydontyoubehave.html HTTP/1.1" 200 12173 "-" "Mozilla/5.0 (compatible; SISTRIX Crawler; http://crawler.sistrix.net/)"
5.9.82.183 - - [13/Aug/2013:00:08:17 -0400] "GET /ytopics/parents/ivetoldyouathousandtimes.html HTTP/1.1" 200 11147 "-" "Mozilla/5.0 (compatible; SISTRIX Crawler; http://crawler.sistrix.net/)"
5.9.82.183 - - [13/Aug/2013:00:08:18 -0400] "GET /ytopics/parents/seeingisbelieving.html HTTP/1.1" 200 10757 "-" "Mozilla/5.0 (compatible; SISTRIX Crawler; http://crawler.sistrix.net/)"
5.9.82.183 - - [13/Aug/2013:00:08:18 -0400] "GET /ytopics/leadership/bornleader.html HTTP/1.1" 200 11122 "-" "Mozilla/5.0 (compatible; SISTRIX Crawler; http://crawler.sistrix.net/)"
5.9.82.183 - - [13/Aug/2013:00:08:19 -0400] "GET /ytopics/leadership/houdinisgreatestsecrets.html HTTP/1.1" 200 11371 "-" "Mozilla/5.0 (compatible; SISTRIX Crawler; http://crawler.sistrix.net/)"
5.9.82.183 - - [13/Aug/2013:00:08:20 -0400] "GET /ytopics/leadership/uploadingourbrain.html HTTP/1.1" 200 11503 "-" "Mozilla/5.0 (compatible; SISTRIX Crawler; http://crawler.sistrix.net/)"
5.9.82.183 - - [13/Aug/2013:00:08:20 -0400] "GET /ytopics/leadership/sportsmanshipleadership.html HTTP/1.1" 200 11050 "-" "Mozilla/5.0 (compatible; SISTRIX Crawler; http://crawler.sistrix.net/)"
5.9.82.183 - - [13/Aug/2013:00:08:21 -0400] "GET /products/skilloftheday.html HTTP/1.1" 200 18082 "-" "Mozilla/5.0 (compatible; SISTRIX Crawler; http://crawler.sistrix.net/)"
66.87.148.37 - - [13/Aug/2013:01:06:27 -0400] "GET /graphics/dot.gif HTTP/1.1" 200 114 "http://www.michaelbrandwein.com/products/trainingterrificstaff.html" "Mozilla/5.0 (iPhone; CPU iPhone OS 6_1_3 like Mac OS X) AppleWebKit/536.26 (KHTML, like Gecko) Version/6.0 Mobile/10B329 Safari/8536.25"
66.87.148.37 - - [13/Aug/2013:01:06:27 -0400] "GET /products/trainingterrificstaff_clip_image002.jpg HTTP/1.1" 200 10083 "http://www.michaelbrandwein.com/products/trainingterrificstaff.html" "Mozilla/5.0 (iPhone; CPU iPhone OS 6_1_3 like Mac OS X) AppleWebKit/536.26 (KHTML, like Gecko) Version/6.0 Mobile/10B329 Safari/8536.25"
66.87.148.37 - - [13/Aug/2013:01:06:27 -0400] "GET /graphics/buttonbuy.jpg HTTP/1.1" 200 2183 "http://www.michaelbrandwein.com/products/trainingterrificstaff.html" "Mozilla/5.0 (iPhone; CPU iPhone OS 6_1_3 like Mac OS X) AppleWebKit/536.26 (KHTML, like Gecko) Version/6.0 Mobile/10B329 Safari/8536.25"
66.87.148.37 - - [13/Aug/2013:01:06:27 -0400] "GET /graphics/buttonbuyh.jpg HTTP/1.1" 200 2218 "http://www.michaelbrandwein.com/products/trainingterrificstaff.html" "Mozilla/5.0 (iPhone; CPU iPhone OS 6_1_3 like Mac OS X) AppleWebKit/536.26 (KHTML, like Gecko) Version/6.0 Mobile/10B329 Safari/8536.25"
184.176.201.149 - - [13/Aug/2013:12:11:32 -0400] "GET / HTTP/1.1" 200 5960 "https://www.google.com/" "Mozilla/5.0 (Macintosh; Intel Mac OS X 10_8_4) AppleWebKit/537.36 (KHTML, like Gecko) Chrome/29.0.1547.49 Safari/537.36"
184.176.201.149 - - [13/Aug/2013:12:11:33 -0400] "GET /css/brandwein.css HTTP/1.1" 200 2167 "http://www.michaelbrandwein.com/" "Mozilla/5.0 (Macintosh; Intel Mac OS X 10_8_4) AppleWebKit/537.36 (KHTML, like Gecko) Chrome/29.0.1547.49 Safari/537.36"
184.176.201.149 - - [13/Aug/2013:12:11:33 -0400] "GET /graphics/bodya.gif HTTP/1.1" 200 131 "http://www.michaelbrandwein.com/" "Mozilla/5.0 (Macintosh; Intel Mac OS X 10_8_4) AppleWebKit/537.36 (KHTML, like Gecko) Chrome/29.0.1547.49 Safari/537.36"
46.188.22.137 - - [13/Aug/2013:13:10:40 -0400] "GET /ytopics/camp/conferences/intentionalcamppresenting.html HTTP/1.1" 200 10728 "http://yandex.ru/yandsearch?text=www.michaelbrandwein.com&lr=213" "Mozilla/4.0 (compatible; MSIE 8.0; Windows NT 6.1; Trident/4.0; SLCC2; .NET CLR 2.0.50727; .NET CLR 3.5.30729; .NET CLR 3.0.30729; Media Center PC 6.0)"
109.173.83.102 - - [13/Aug/2013:14:30:36 -0400] "GET /css/youth.css HTTP/1.0" 200 8470 "http://www.michaelbrandwein.com/ytopics/schools/staffdev/helpingyoungpeople.html" "Mozilla/4.0 (compatible; MSIE 7.0; Windows NT 5.1; .NET CLR 1.1.4322)"
166.137.191.22 - - [13/Aug/2013:23:18:19 -0400] "GET /graphics/bgwh.gif HTTP/1.1" 200 49 "http://www.michaelbrandwein.com/" "Mozilla/5.0 (iPhone; CPU iPhone OS 6_1_4 like Mac OS X) AppleWebKit/536.26 (KHTML, like Gecko) Version/6.0 Mobile/10B350 Safari/8536.25"
166.137.191.22 - - [13/Aug/2013:23:18:52 -0400] "GET /youth.html HTTP/1.1" 200 14317 "http://www.michaelbrandwein.com/" "Mozilla/5.0 (iPhone; CPU iPhone OS 6_1_4 like Mac OS X) AppleWebKit/536.26 (KHTML, like Gecko) Version/6.0 Mobile/10B350 Safari/8536.25"
166.137.191.22 - - [13/Aug/2013:23:18:53 -0400] "GET /css/youth.css HTTP/1.1" 200 8470 "http://www.michaelbrandwein.com/youth.html" "Mozilla/5.0 (iPhone; CPU iPhone OS 6_1_4 like Mac OS X) AppleWebKit/536.26 (KHTML, like Gecko) Version/6.0 Mobile/10B350 Safari/8536.25"
166.137.191.22 - - [13/Aug/2013:23:18:53 -0400] "GET /images/banner2.jpg HTTP/1.1" 200 5488 "http://www.michaelbrandwein.com/youth.html" "Mozilla/5.0 (iPhone; CPU iPhone OS 6_1_4 like Mac OS X) AppleWebKit/536.26 (KHTML, like Gecko) Version/6.0 Mobile/10B350 Safari/8536.25"
166.137.191.22 - - [13/Aug/2013:23:18:53 -0400] "GET /graphics/hry2.jpg HTTP/1.1" 200 305 "http://www.michaelbrandwein.com/youth.html" "Mozilla/5.0 (iPhone; CPU iPhone OS 6_1_4 like Mac OS X) AppleWebKit/536.26 (KHTML, like Gecko) Version/6.0 Mobile/10B350 Safari/8536.25"
166.137.191.22 - - [13/Aug/2013:23:18:53 -0400] "GET /graphics/arrow.gif HTTP/1.1" 200 942 "http://www.michaelbrandwein.com/youth.html" "Mozilla/5.0 (iPhone; CPU iPhone OS 6_1_4 like Mac OS X) AppleWebKit/536.26 (KHTML, like Gecko) Version/6.0 Mobile/10B350 Safari/8536.25"
166.137.191.22 - - [13/Aug/2013:23:18:53 -0400] "GET /graphics/oval3.jpg HTTP/1.1" 200 14255 "http://www.michaelbrandwein.com/youth.html" "Mozilla/5.0 (iPhone; CPU iPhone OS 6_1_4 like Mac OS X) AppleWebKit/536.26 (KHTML, like Gecko) Version/6.0 Mobile/10B350 Safari/8536.25"
166.137.191.22 - - [13/Aug/2013:23:18:53 -0400] "GET /graphics/oval6.jpg HTTP/1.1" 200 3369 "http://www.michaelbrandwein.com/youth.html" "Mozilla/5.0 (iPhone; CPU iPhone OS 6_1_4 like Mac OS X) AppleWebKit/536.26 (KHTML, like Gecko) Version/6.0 Mobile/10B350 Safari/8536.25"
5.9.82.183 - - [13/Aug/2013:00:07:20 -0400] "GET /ytopics/organizations/keynotes/realtruth.html HTTP/1.1" 200 11367 "-" "Mozilla/5.0 (compatible; SISTRIX Crawler; http://crawler.sistrix.net/)"
5.9.82.183 - - [13/Aug/2013:00:07:22 -0400] "GET /ytopics/organizations/keynotes/leadingsecrets.html HTTP/1.1" 200 11257 "-" "Mozilla/5.0 (compatible; SISTRIX Crawler; http://crawler.sistrix.net/)"
5.9.82.183 - - [13/Aug/2013:00:07:23 -0400] "GET /ytopics/organizations/keynotes/houdinisgreatestsecrets.html HTTP/1.1" 200 11566 "-" "Mozilla/5.0 (compatible; SISTRIX Crawler; http://crawler.sistrix.net/)"
5.9.82.183 - - [13/Aug/2013:00:07:23 -0400] "GET /ytopics/organizations/keynotes/invisiblehandcuffs.html HTTP/1.1" 200 11074 "-" "Mozilla/5.0 (compatible; SISTRIX Crawler; http://crawler.sistrix.net/)"
5.9.82.183 - - [13/Aug/2013:00:07:23 -0400] "GET /ytopics/organizations/keynotes/showvstell.html HTTP/1.1" 200 11000 "-" "Mozilla/5.0 (compatible; SISTRIX Crawler; http://crawler.sistrix.net/)"
5.9.82.183 - - [13/Aug/2013:00:07:24 -0400] "GET /ytopics/organizations/keynotes/lookimready.html HTTP/1.1" 200 11177 "-" "Mozilla/5.0 (compatible; SISTRIX Crawler; http://crawler.sistrix.net/)"
5.9.82.183 - - [13/Aug/2013:00:07:24 -0400] "GET /ytopics/organizations/keynotes/safetheenvironment.html HTTP/1.1" 200 11473 "-" "Mozilla/5.0 (compatible; SISTRIX Crawler; http://crawler.sistrix.net/)"
5.9.82.183 - - [13/Aug/2013:00:07:26 -0400] "GET /ytopics/organizations/supervise/conflictcommunication.html HTTP/1.1" 200 11173 "-" "Mozilla/5.0 (compatible; SISTRIX Crawler; http://crawler.sistrix.net/)"
5.9.82.183 - - [13/Aug/2013:00:07:26 -0400] "GET /ytopics/organizations/supervise/superstaffsupervision.html HTTP/1.1" 200 11279 "-" "Mozilla/5.0 (compatible; SISTRIX Crawler; http://crawler.sistrix.net/)"
5.9.82.183 - - [13/Aug/2013:00:07:26 -0400] "GET /ytopics/organizations/supervise/valueofvaryingviews.html HTTP/1.1" 200 11283 "-" "Mozilla/5.0 (compatible; SISTRIX Crawler; http://crawler.sistrix.net/)"
5.9.82.183 - - [13/Aug/2013:00:07:27 -0400] "GET /ytopics/organizations/supervise/laserbeam.html HTTP/1.1" 200 11827 "-" "Mozilla/5.0 (compatible; SISTRIX Crawler; http://crawler.sistrix.net/)"
5.9.82.183 - - [13/Aug/2013:00:07:27 -0400] "GET /ytopics/organizations/supervise/motivatingcommunication.html HTTP/1.1" 200 11252 "-" "Mozilla/5.0 (compatible; SISTRIX Crawler; http://crawler.sistrix.net/)"
5.9.82.183 - - [13/Aug/2013:00:07:27 -0400] "GET /ytopics/organizations/supervise/workingsmarter.html HTTP/1.1" 200 10785 "-" "Mozilla/5.0 (compatible; SISTRIX Crawler; http://crawler.sistrix.net/)"
5.9.82.183 - - [13/Aug/2013:00:07:28 -0400] "GET /ytopics/organizations/supervise/customerisalwaysbright.html HTTP/1.1" 200 11621 "-" "Mozilla/5.0 (compatible; SISTRIX Crawler; http://crawler.sistrix.net/)"
5.9.82.183 - - [13/Aug/2013:00:07:29 -0400] "GET /ytopics/organizations/supervise/nofuninfungible.html HTTP/1.1" 200 11115 "-" "Mozilla/5.0 (compatible; SISTRIX Crawler; http://crawler.sistrix.net/)"
5.9.82.183 - - [13/Aug/2013:00:07:29 -0400] "GET /ytopics/organizations/supervise/managingvolunteers.html HTTP/1.1" 200 11165 "-" "Mozilla/5.0 (compatible; SISTRIX Crawler; http://crawler.sistrix.net/)"
5.9.82.183 - - [13/Aug/2013:00:07:29 -0400] "GET /ytopics/organizations/supervise/deathofmeaninglessmeetings.html HTTP/1.1" 200 11542 "-" "Mozilla/5.0 (compatible; SISTRIX Crawler; http://crawler.sistrix.net/)"
5.9.82.183 - - [13/Aug/2013:00:07:30 -0400] "GET /ytopics/organizations/supervise/howtospeak.html HTTP/1.1" 200 12405 "-" "Mozilla/5.0 (compatible; SISTRIX Crawler; http://crawler.sistrix.net/)"
5.9.82.183 - - [13/Aug/2013:00:07:30 -0400] "GET /ytopics/organizations/supervise/timemanagement.html HTTP/1.1" 200 11044 "-" "Mozilla/5.0 (compatible; SISTRIX Crawler; http://crawler.sistrix.net/)"
5.9.82.183 - - [13/Aug/2013:00:07:31 -0400] "GET /ytopics/organizations/workdirectly/buildingbetterchildren.html HTTP/1.1" 200 11606 "-" "Mozilla/5.0 (compatible; SISTRIX Crawler; http://crawler.sistrix.net/)"
5.9.82.183 - - [13/Aug/2013:00:07:31 -0400] "GET /ytopics/organizations/workdirectly/leadingthelittlerones.html HTTP/1.1" 200 10774 "-" "Mozilla/5.0 (compatible; SISTRIX Crawler; http://crawler.sistrix.net/)"
5.9.82.183 - - [13/Aug/2013:00:07:31 -0400] "GET /ytopics/organizations/workdirectly/whydontyoubehave.html HTTP/1.1" 200 12397 "-" "Mozilla/5.0 (compatible; SISTRIX Crawler; http://crawler.sistrix.net/)"
5.9.82.183 - - [13/Aug/2013:00:07:32 -0400] "GET /ytopics/organizations/workdirectly/ivetoldyouathousandtimes.html HTTP/1.1" 200 11385 "-" "Mozilla/5.0 (compatible; SISTRIX Crawler; http://crawler.sistrix.net/)"
5.9.82.183 - - [13/Aug/2013:00:07:33 -0400] "GET /ytopics/organizations/workdirectly/dumpingtheds.html HTTP/1.1" 200 11382 "-" "Mozilla/5.0 (compatible; SISTRIX Crawler; http://crawler.sistrix.net/)"
5.9.82.183 - - [13/Aug/2013:00:07:33 -0400] "GET /ytopics/organizations/workdirectly/talkingitout.html HTTP/1.1" 200 12125 "-" "Mozilla/5.0 (compatible; SISTRIX Crawler; http://crawler.sistrix.net/)"
5.9.82.183 - - [13/Aug/2013:00:07:34 -0400] "GET /ytopics/organizations/workdirectly/magicofmightyminds.html HTTP/1.1" 200 11438 "-" "Mozilla/5.0 (compatible; SISTRIX Crawler; http://crawler.sistrix.net/)"
5.9.82.183 - - [13/Aug/2013:00:07:34 -0400] "GET /ytopics/organizations/workdirectly/helpingyoungpeople.html HTTP/1.1" 200 11459 "-" "Mozilla/5.0 (compatible; SISTRIX Crawler; http://crawler.sistrix.net/)"
5.9.82.183 - - [13/Aug/2013:00:07:36 -0400] "GET /ytopics/organizations/workdirectly/howtoleadfabulousdiscussions.html HTTP/1.1" 200 10910 "-" "Mozilla/5.0 (compatible; SISTRIX Crawler; http://crawler.sistrix.net/)"
5.9.82.183 - - [13/Aug/2013:00:07:36 -0400] "GET /ytopics/camp/improvtoimprove.html HTTP/1.1" 404 575 "-" "Mozilla/5.0 (compatible; SISTRIX Crawler; http://crawler.sistrix.net/)"
173.199.120.75 - - [13/Aug/2013:01:47:24 -0400] "GET /ytopics/camp/training/session/clinic.html HTTP/1.1" 200 10834 "-" "Mozilla/5.0 (compatible; AhrefsBot/4.0; +http://ahrefs.com/robot/)"
71.194.51.65 - - [13/Aug/2013:20:59:47 -0400] "GET /images/youthhome.jpg HTTP/1.1" 200 15371 "http://www.michaelbrandwein.com/youth.html" "Mozilla/5.0 (compatible; MSIE 9.0; Windows NT 6.0; Trident/5.0)"
95.221.2.251 - - [13/Aug/2013:07:15:29 -0400] "GET /css/youth.css HTTP/1.0" 200 8470 "http://www.michaelbrandwein.com/ytopics/camp/training/staff/improvtoimprove.html" "Mozilla/4.0 (compatible; MSIE 7.0; Windows NT 5.1)"
95.221.78.21 - - [13/Aug/2013:08:07:18 -0400] "GET /graphics/hry2.jpg HTTP/1.1" 200 305 "http://www.michaelbrandwein.com/ytopics/organizations/workdirectly/howtoleadfabulousdiscussions.html" "Mozilla/5.0 (Windows; U; Windows NT 5.1; ru; rv:1.9.2.12) Gecko/20101026 Firefox/3.6.12 (.NET CLR 3.5.30729)"
50.50.186.48 - - [13/Aug/2013:11:47:54 -0400] "GET /atopics/superstaffsupervision.html HTTP/1.1" 200 8972 "http://www.michaelbrandwein.com/adult.html" "Mozilla/5.0 (Macintosh; Intel Mac OS X 10_6_8) AppleWebKit/537.36 (KHTML, like Gecko) Chrome/28.0.1500.95 Safari/537.36"
50.50.186.48 - - [13/Aug/2013:11:47:54 -0400] "GET /atopics/sayings.txt HTTP/1.1" 200 6460 "http://www.michaelbrandwein.com/atopics/superstaffsupervision.html" "Mozilla/5.0 (Macintosh; Intel Mac OS X 10_6_8) AppleWebKit/537.36 (KHTML, like Gecko) Chrome/28.0.1500.95 Safari/537.36"
50.50.186.48 - - [13/Aug/2013:11:47:54 -0400] "GET /favicon.ico HTTP/1.1" 404 575 "-" "Mozilla/5.0 (Macintosh; Intel Mac OS X 10_6_8) AppleWebKit/537.36 (KHTML, like Gecko) Chrome/28.0.1500.95 Safari/537.36"
166.137.191.22 - - [13/Aug/2013:23:18:24 -0400] "GET /graphics/homeadult2.jpg HTTP/1.1" 200 19380 "http://www.michaelbrandwein.com/" "Mozilla/5.0 (iPhone; CPU iPhone OS 6_1_4 like Mac OS X) AppleWebKit/536.26 (KHTML, like Gecko) Version/6.0 Mobile/10B350 Safari/8536.25"
173.199.120.75 - - [13/Aug/2013:23:22:50 -0400] "GET /ytopics/camp/training/staff/leadingthelittlerones.html HTTP/1.1" 200 10917 "-" "Mozilla/5.0 (compatible; AhrefsBot/4.0; +http://ahrefs.com/robot/)"
157.55.32.109 - - [13/Aug/2013:23:24:35 -0400] "GET /acomments/group.html HTTP/1.1" 200 11584 "-" "Mozilla/5.0 (compatible; bingbot/2.0; +http://www.bing.com/bingbot.htm)"
61.4.110.238 - - [13/Aug/2013:03:46:02 -0400] "GET /graphics/logoin.jpg HTTP/1.1" 200 14869 "http://www.michaelbrandwein.com/presentations.html" "Mozilla/5.0 (Windows NT 6.1; rv:12.0) Gecko/20100101 Firefox/12.0"
61.4.110.238 - - [13/Aug/2013:03:46:03 -0400] "GET /images/banner2.jpg HTTP/1.1" 200 5488 "http://www.michaelbrandwein.com/presentations.html" "Mozilla/5.0 (Windows NT 6.1; rv:12.0) Gecko/20100101 Firefox/12.0"
61.4.110.238 - - [13/Aug/2013:03:46:03 -0400] "GET /graphics/hr2a.jpg HTTP/1.1" 200 8132 "http://www.michaelbrandwein.com/presentations.html" "Mozilla/5.0 (Windows NT 6.1; rv:12.0) Gecko/20100101 Firefox/12.0"
61.4.110.238 - - [13/Aug/2013:03:46:04 -0400] "GET /graphics/arrowup.gif HTTP/1.1" 200 84 "http://www.michaelbrandwein.com/presentations.html" "Mozilla/5.0 (Windows NT 6.1; rv:12.0) Gecko/20100101 Firefox/12.0"
92.255.221.127 - - [13/Aug/2013:05:52:11 -0400] "GET /ytopics/organizations/supervise/ysayings.txt HTTP/1.1" 200 6677 "http://www.michaelbrandwein.com/ytopics/organizations/supervise/valueofvaryingviews.html" "Mozilla/4.0 (compatible; MSIE 7.0; Windows NT 5.1; .NET CLR 1.1.4322; .NET CLR 2.0.50727)"
75.151.181.33 - - [13/Aug/2013:12:01:06 -0400] "GET /products/learningleadership_clip_image002.jpg HTTP/1.1" 200 10525 "http://thecampdirector.com/" "Mozilla/5.0 (Macintosh; Intel Mac OS X 10_6_8) AppleWebKit/534.59.8 (KHTML, like Gecko) Version/5.1.9 Safari/534.59.8"
157.55.32.149 - - [13/Aug/2013:14:07:36 -0400] "GET /ytopics/camp/training/staff/buildingbetterchildren.html HTTP/1.1" 200 11593 "-" "Mozilla/5.0 (compatible; bingbot/2.0; +http://www.bing.com/bingbot.htm)"
180.76.5.159 - - [13/Aug/2013:15:40:55 -0400] "GET /yproducts.html HTTP/1.1" 200 21362 "-" "Mozilla/5.0 (compatible; Baiduspider/2.0; +http://www.baidu.com/search/spider.html)"
157.55.32.109 - - [13/Aug/2013:15:43:26 -0400] "GET /atopics/tentruthsoftrust.html HTTP/1.1" 304 - "-" "Mozilla/5.0 (compatible; bingbot/2.0; +http://www.bing.com/bingbot.htm)"
82.69.63.253 - - [13/Aug/2013:04:25:29 -0400] "GET /presentations.html HTTP/1.1" 200 12384 "https://www.google.co.uk/" "Mozilla/5.0 (Macintosh; Intel Mac OS X 10_6_8) AppleWebKit/537.36 (KHTML, like Gecko) Chrome/28.0.1500.95 Safari/537.36"
82.69.63.253 - - [13/Aug/2013:04:25:29 -0400] "GET /css/adult.css HTTP/1.1" 200 6290 "http://www.michaelbrandwein.com/presentations.html" "Mozilla/5.0 (Macintosh; Intel Mac OS X 10_6_8) AppleWebKit/537.36 (KHTML, like Gecko) Chrome/28.0.1500.95 Safari/537.36"
82.69.63.253 - - [13/Aug/2013:04:25:29 -0400] "GET /graphics/logoin.jpg HTTP/1.1" 200 14869 "http://www.michaelbrandwein.com/presentations.html" "Mozilla/5.0 (Macintosh; Intel Mac OS X 10_6_8) AppleWebKit/537.36 (KHTML, like Gecko) Chrome/28.0.1500.95 Safari/537.36"
82.69.63.253 - - [13/Aug/2013:04:25:29 -0400] "GET /images/banner2.jpg HTTP/1.1" 200 5488 "http://www.michaelbrandwein.com/presentations.html" "Mozilla/5.0 (Macintosh; Intel Mac OS X 10_6_8) AppleWebKit/537.36 (KHTML, like Gecko) Chrome/28.0.1500.95 Safari/537.36"
157.55.32.109 - - [13/Aug/2013:05:02:30 -0400] "GET /ytopics/camp/conferences/manualdexterity.html HTTP/1.1" 304 - "-" "Mozilla/5.0 (compatible; bingbot/2.0; +http://www.bing.com/bingbot.htm)"
173.199.120.75 - - [13/Aug/2013:05:12:48 -0400] "GET /approach.html HTTP/1.1" 200 11194 "-" "Mozilla/5.0 (compatible; AhrefsBot/4.0; +http://ahrefs.com/robot/)"
176.195.255.23 - - [13/Aug/2013:05:51:58 -0400] "GET /graphics/dot.gif HTTP/1.1" 200 114 "http://www.michaelbrandwein.com/ytopics/organizations/supervise/timemanagement.html" "Opera/9.80 (Windows NT 6.1; U; ru) Presto/2.6.30 Version/10.63"
75.151.181.33 - - [13/Aug/2013:06:40:34 -0400] "GET /products/trainingterrificstaff_clip_image002.jpg HTTP/1.1" 200 10083 "http://thecampdirector.com/" "Mozilla/5.0 (Macintosh; Intel Mac OS X 10_6_8) AppleWebKit/534.59.8 (KHTML, like Gecko) Version/5.1.9 Safari/534.59.8"
95.221.2.251 - - [13/Aug/2013:07:15:26 -0400] "GET /ytopics/camp/training/staff/improvtoimprove.html HTTP/1.0" 200 10722 "http://yandex.ru/yandsearch?text=www.michaelbrandwein.com&lr=213" "Mozilla/4.0 (compatible; MSIE 7.0; Windows NT 5.1)"
46.229.164.101 - - [13/Aug/2013:07:27:59 -0400] "GET / HTTP/1.1" 200 5960 "-" "Mozilla/5.0 (compatible; SemrushBot/0.96.4; +http://www.semrush.com/bot.html)"
95.221.78.21 - - [13/Aug/2013:08:07:17 -0400] "GET /ytopics/organizations/workdirectly/howtoleadfabulousdiscussions.html HTTP/1.1" 200 10910 "http://yandex.ru/yandsearch?text=www.michaelbrandwein.com&lr=213" "Mozilla/5.0 (Windows; U; Windows NT 5.1; ru; rv:1.9.2.12) Gecko/20101026 Firefox/3.6.12 (.NET CLR 3.5.30729)"
65.55.52.113 - - [13/Aug/2013:08:21:11 -0400] "GET /ytopics/parents/whydontyoubehave.html HTTP/1.1" 200 12173 "-" "Mozilla/5.0 (compatible; bingbot/2.0; +http://www.bing.com/bingbot.htm)"
95.221.82.115 - - [13/Aug/2013:08:22:14 -0400] "GET /ytopics/camp/conferences/ysayings.txt HTTP/1.0" 200 6677 "http://www.michaelbrandwein.com/ytopics/camp/conferences/timemanagement.html" "Mozilla/4.0 (compatible; MSIE 7.0; Windows NT 5.1; .NET CLR 1.1.4322; .NET CLR 2.0.50727; .NET CLR 3.0.4506.2152; .NET CLR 3.5.30729)"
62.212.73.211 - - [13/Aug/2013:02:52:07 -0400] "GET /robots.txt HTTP/1.0" 404 575 "-" "Mozilla/5.0 (compatible; MJ12bot/v1.4.3; http://www.majestic12.co.uk/bot.php?+)"
109.173.81.20 - - [13/Aug/2013:20:06:44 -0400] "GET /ytopics/camp/training/session/ysayings.txt HTTP/1.1" 200 6677 "http://www.michaelbrandwein.com/ytopics/camp/training/session/leadershipteamtraining.html" "Mozilla/4.0 (compatible; MSIE 7.0; Windows NT 5.1; .NET CLR 1.1.4322; .NET CLR 2.0.50727)"
66.249.72.170 - - [13/Aug/2013:20:50:10 -0400] "GET /yparticipantcomments.html HTTP/1.1" 304 - "-" "Mozilla/5.0 (iPhone; U; CPU iPhone OS 4_1 like Mac OS X; en-us) AppleWebKit/532.9 (KHTML, like Gecko) Version/4.0.5 Mobile/8B117 Safari/6531.22.7 (compatible; Googlebot-Mobile/2.1; +http://www.google.com/bot.html)"
157.55.36.37 - - [13/Aug/2013:11:53:57 -0400] "GET /robots.txt HTTP/1.1" 404 575 "-" "Mozilla/5.0 (compatible; bingbot/2.0; +http://www.bing.com/bingbot.htm)"
173.199.120.75 - - [13/Aug/2013:12:57:51 -0400] "GET /ytopics/camp/training/session/trainingbydemonstration.html HTTP/1.1" 200 10769 "-" "Mozilla/5.0 (compatible; AhrefsBot/4.0; +http://ahrefs.com/robot/)"
218.30.103.136 - - [13/Aug/2013:14:05:39 -0400] "GET / HTTP/1.1" 304 - "-" "Sogou web spider/4.0(+http://www.sogou.com/docs/help/webmasters.htm#07)"
157.55.32.109 - - [13/Aug/2013:14:14:14 -0400] "GET /yresources.html HTTP/1.1" 200 31536 "-" "Mozilla/5.0 (compatible; bingbot/2.0; +http://www.bing.com/bingbot.htm)"
66.249.75.170 - - [13/Aug/2013:14:25:08 -0400] "GET /products/parentingpuzzle.html HTTP/1.1" 304 - "-" "Mozilla/5.0 (compatible; Googlebot/2.1; +http://www.google.com/bot.html)"
64.165.187.54 - - [13/Aug/2013:15:54:21 -0400] "GET /products/superstaffsupervision_clip_image002.jpg HTTP/1.1" 200 9705 "http://thecampdirector.com/2008/09/01/how-we-coped-with-a-critically-injured-staff-member-during-summer-camp/" "Mozilla/4.0 (compatible; MSIE 8.0; Windows NT 6.1; Trident/4.0; SLCC2; .NET CLR 2.0.50727; .NET CLR 3.5.30729; .NET CLR 3.0.30729; Media Center PC 6.0; MDDC; InfoPath.1; .NET4.0C; .NET4.0E)"
64.165.187.54 - - [13/Aug/2013:15:54:22 -0400] "GET /products/learningleadership_clip_image002.jpg HTTP/1.1" 200 10525 "http://thecampdirector.com/2008/09/01/how-we-coped-with-a-critically-injured-staff-member-during-summer-camp/" "Mozilla/4.0 (compatible; MSIE 8.0; Windows NT 6.1; Trident/4.0; SLCC2; .NET CLR 2.0.50727; .NET CLR 3.5.30729; .NET CLR 3.0.30729; Media Center PC 6.0; MDDC; InfoPath.1; .NET4.0C; .NET4.0E)"
173.199.120.75 - - [13/Aug/2013:16:14:44 -0400] "GET /ytopics/schools/students/houdinisgreatestsecrets.html HTTP/1.1" 200 11669 "-" "Mozilla/5.0 (compatible; AhrefsBot/4.0; +http://ahrefs.com/robot/)"
173.199.120.75 - - [13/Aug/2013:02:47:42 -0400] "GET /ytopics/schools/keynotes/theresnosuchthing.html HTTP/1.1" 200 10879 "-" "Mozilla/5.0 (compatible; AhrefsBot/4.0; +http://ahrefs.com/robot/)"
173.199.120.75 - - [13/Aug/2013:18:37:24 -0400] "GET /ytopics/leadership/sportsmanshipleadership.html HTTP/1.1" 200 11050 "-" "Mozilla/5.0 (compatible; AhrefsBot/4.0; +http://ahrefs.com/robot/)"
176.195.251.124 - - [13/Aug/2013:20:07:59 -0400] "GET /graphics/hry2.jpg HTTP/1.1" 200 305 "http://www.michaelbrandwein.com/ytopics/organizations/keynotes/houdinisgreatestsecrets.html" "Mozilla/4.0 (compatible; MSIE 8.0; Windows NT 5.1; Trident/4.0; .NET CLR 1.1.4322; .NET CLR 2.0.50727; .NET CLR 3.0.4506.2152; .NET CLR 3.5.30729)"
71.194.51.65 - - [13/Aug/2013:20:59:47 -0400] "GET /images/facebook.jpg HTTP/1.1" 200 19424 "http://www.michaelbrandwein.com/youth.html" "Mozilla/5.0 (compatible; MSIE 9.0; Windows NT 6.0; Trident/5.0)"
79.120.197.222 - - [13/Aug/2013:08:21:29 -0400] "GET /youth.html HTTP/1.1" 200 14317 "http://www.michaelbrandwein.com/" "Mozilla/5.0 (Windows NT 6.1; rv:20.0) Gecko/20100101 Firefox/20.0"
79.120.197.222 - - [13/Aug/2013:08:21:29 -0400] "GET /images/banner2.jpg HTTP/1.1" 200 5488 "http://www.michaelbrandwein.com/youth.html" "Mozilla/5.0 (Windows NT 6.1; rv:20.0) Gecko/20100101 Firefox/20.0"
79.120.197.222 - - [13/Aug/2013:08:21:30 -0400] "GET /graphics/dot.gif HTTP/1.1" 200 114 "http://www.michaelbrandwein.com/youth.html" "Mozilla/5.0 (Windows NT 6.1; rv:20.0) Gecko/20100101 Firefox/20.0"
79.120.197.222 - - [13/Aug/2013:08:21:30 -0400] "GET /graphics/oval2.jpg HTTP/1.1" 200 14082 "http://www.michaelbrandwein.com/youth.html" "Mozilla/5.0 (Windows NT 6.1; rv:20.0) Gecko/20100101 Firefox/20.0"
65.55.213.72 - - [13/Aug/2013:08:32:31 -0400] "GET /robots.txt HTTP/1.1" 404 575 "-" "msnbot/2.0b (+http://search.msn.com/msnbot.htm)"
1.202.219.2 - - [13/Aug/2013:08:58:05 -0400] "GET /index.html HTTP/1.1" 200 5960 "-" "Mozilla/5.0 (compatible; JikeSpider; +http://shoulu.jike.com/spider.html)"
88.150.204.93 - - [13/Aug/2013:11:11:37 -0400] "GET / HTTP/1.1" 200 5960 "-" "-"
71.194.51.65 - - [13/Aug/2013:21:05:08 -0400] "GET /yschools.html HTTP/1.1" 200 20251 "http://www.michaelbrandwein.com/youth.html" "Mozilla/5.0 (compatible; MSIE 9.0; Windows NT 6.0; Trident/5.0)"
71.194.51.65 - - [13/Aug/2013:21:05:09 -0400] "GET /images/schools.jpg HTTP/1.1" 200 30229 "http://www.michaelbrandwein.com/yschools.html" "Mozilla/5.0 (compatible; MSIE 9.0; Windows NT 6.0; Trident/5.0)"
157.55.36.37 - - [13/Aug/2013:22:02:05 -0400] "GET /graphics/oval3.jpg HTTP/1.1" 200 14255 "-" "Mozilla/5.0 (compatible; bingbot/2.0; +http://www.bing.com/bingbot.htm)"
180.76.5.14 - - [13/Aug/2013:03:14:20 -0400] "GET /ytopics/camp/conferences/buildingbetterchildren.html HTTP/1.1" 200 10834 "-" "Mozilla/5.0 (compatible; Baiduspider/2.0; +http://www.baidu.com/search/spider.html)"
66.249.75.170 - - [13/Aug/2013:03:39:26 -0400] "GET /ytopics/camp/conferences/supersolutionseminar.html HTTP/1.1" 200 10596 "-" "DoCoMo/2.0 N905i(c100;TB;W24H16) (compatible; Googlebot-Mobile/2.1; +http://www.google.com/bot.html)"
95.26.199.142 - - [13/Aug/2013:04:08:02 -0400] "GET /css/youth.css HTTP/1.1" 200 8470 "http://www.michaelbrandwein.com/ytopics/camp/training/session/programboosters.html" "Mozilla/4.0 (compatible; MSIE 8.0; Windows NT 5.1; Trident/4.0; .NET CLR 1.1.4322; .NET CLR 2.0.50727; InfoPath.1; .NET CLR 3.0.4506.2152; .NET CLR 3.5.30729)"
157.55.32.149 - - [13/Aug/2013:05:54:04 -0400] "GET /ytopics/schools/keynotes/showvstell.html HTTP/1.1" 304 - "-" "Mozilla/5.0 (compatible; bingbot/2.0; +http://www.bing.com/bingbot.htm)"
132.177.210.220 - - [13/Aug/2013:13:51:33 -0400] "GET /images/adulthome.jpg HTTP/1.1" 200 16218 "http://michaelbrandwein.com/adult.html" "Mozilla/5.0 (Windows NT 6.1; WOW64) AppleWebKit/537.36 (KHTML, like Gecko) Chrome/28.0.1500.95 Safari/537.36"
132.177.210.220 - - [13/Aug/2013:13:51:34 -0400] "GET /favicon.ico HTTP/1.1" 404 575 "-" "Mozilla/5.0 (Windows NT 6.1; WOW64) AppleWebKit/537.36 (KHTML, like Gecko) Chrome/28.0.1500.95 Safari/537.36"