0byt3m1n1
Path:
/
data
/
0
/
0
/
64
/
125
/
64940
/
meta
/
66151
/
logs
/
[
Home
]
File: x-access_log.2013-08-17
157.55.35.40 - - [17/Aug/2013:12:13:34 -0400] "GET /robots.txt HTTP/1.1" 404 575 "-" "Mozilla/5.0 (compatible; bingbot/2.0; +http://www.bing.com/bingbot.htm)"
50.163.21.195 - - [17/Aug/2013:13:00:07 -0400] "GET /ytopics/organizations/supervise/laserbeam.html HTTP/1.1" 200 11827 "http://www.michaelbrandwein.com/yorganizations.html" "Mozilla/5.0 (Macintosh; Intel Mac OS X 10.6; rv:23.0) Gecko/20100101 Firefox/23.0"
50.163.21.195 - - [17/Aug/2013:13:00:07 -0400] "GET /ytopics/organizations/supervise/ysayings.txt HTTP/1.1" 200 6677 "http://www.michaelbrandwein.com/ytopics/organizations/supervise/laserbeam.html" "Mozilla/5.0 (Macintosh; Intel Mac OS X 10.6; rv:23.0) Gecko/20100101 Firefox/23.0"
50.163.21.195 - - [17/Aug/2013:13:02:38 -0400] "GET /Scripts/AC_ActiveX.js HTTP/1.1" 200 2057 "http://michaelbrandwein.com/yresources.html" "Mozilla/5.0 (Macintosh; Intel Mac OS X 10.6; rv:23.0) Gecko/20100101 Firefox/23.0"
50.163.21.195 - - [17/Aug/2013:13:02:38 -0400] "GET /graphics/hry2.jpg HTTP/1.1" 200 305 "http://michaelbrandwein.com/yresources.html" "Mozilla/5.0 (Macintosh; Intel Mac OS X 10.6; rv:23.0) Gecko/20100101 Firefox/23.0"
50.163.21.195 - - [17/Aug/2013:13:02:38 -0400] "GET /graphics/arrowup.gif HTTP/1.1" 200 84 "http://michaelbrandwein.com/yresources.html" "Mozilla/5.0 (Macintosh; Intel Mac OS X 10.6; rv:23.0) Gecko/20100101 Firefox/23.0"
50.163.21.195 - - [17/Aug/2013:13:02:38 -0400] "GET /images/yresources_clip_image008.jpg HTTP/1.1" 200 6040 "http://michaelbrandwein.com/yresources.html" "Mozilla/5.0 (Macintosh; Intel Mac OS X 10.6; rv:23.0) Gecko/20100101 Firefox/23.0"
50.163.21.195 - - [17/Aug/2013:13:11:50 -0400] "GET /images/parentingpuzzlevideo150.jpg HTTP/1.1" 200 20003 "http://www.michaelbrandwein.com/yproducts.html" "Mozilla/5.0 (Macintosh; Intel Mac OS X 10.6; rv:23.0) Gecko/20100101 Firefox/23.0"
70.194.128.254 - - [17/Aug/2013:02:36:31 -0400] "GET /products/trainingterrificstaff_clip_image002.jpg HTTP/1.1" 200 10083 "http://thecampdirector.com/" "Mozilla/5.0 (iPhone; CPU iPhone OS 6_1_4 like Mac OS X) AppleWebKit/536.26 (KHTML, like Gecko) Version/6.0 Mobile/10B350 Safari/8536.25"
70.126.44.190 - - [17/Aug/2013:18:46:31 -0400] "GET /graphics/arrowup.gif HTTP/1.1" 200 84 "http://www.michaelbrandwein.com/presentations.html" "Mozilla/5.0 (Windows NT 6.1; WOW64) AppleWebKit/537.36 (KHTML, like Gecko) Chrome/28.0.1500.95 Safari/537.36"
70.126.44.190 - - [17/Aug/2013:18:46:31 -0400] "GET /favicon.ico HTTP/1.1" 404 575 "-" "Mozilla/5.0 (Windows NT 6.1; WOW64) AppleWebKit/537.36 (KHTML, like Gecko) Chrome/28.0.1500.95 Safari/537.36"
71.70.152.125 - - [17/Aug/2013:19:10:45 -0400] "GET /graphics/dot.gif HTTP/1.1" 200 114 "http://www.michaelbrandwein.com/products/learningleadership.html" "Mozilla/5.0 (iPad; CPU OS 6_1_3 like Mac OS X) AppleWebKit/536.26 (KHTML, like Gecko) CriOS/28.0.1500.16 Mobile/10B329 Safari/8536.25"
71.70.152.125 - - [17/Aug/2013:19:10:46 -0400] "GET /favicon.ico HTTP/1.1" 404 575 "-" "Mozilla/5.0 (iPad; CPU OS 6_1_3 like Mac OS X) AppleWebKit/536.26 (KHTML, like Gecko) CriOS/28.0.1500.16 Mobile/10B329 Safari/8536.25"
71.70.152.125 - - [17/Aug/2013:19:10:47 -0400] "GET /apple-touch-icon-precomposed.png HTTP/1.1" 404 575 "-" "Mozilla/5.0 (iPad; CPU OS 6_1_3 like Mac OS X) AppleWebKit/536.26 (KHTML, like Gecko) CriOS/28.0.1500.16 Mobile/10B329 Safari/8536.25"
66.249.75.170 - - [17/Aug/2013:17:08:48 -0400] "GET /ytopics/organizations/supervise/nofuninfungible.html HTTP/1.1" 200 11115 "-" "Mozilla/5.0 (compatible; Googlebot/2.1; +http://www.google.com/bot.html)"
46.118.126.194 - - [17/Aug/2013:12:22:39 -0400] "GET /atopics/conflictcommunication.html HTTP/1.1" 200 8923 "http://pornogig.com/" "Mozilla/4.0 (compatible; MSIE 6.0; Windows NT 5.1; Maxthon; .NET CLR 1.1.4322)"
66.249.75.170 - - [17/Aug/2013:12:29:29 -0400] "GET /presentations.html HTTP/1.1" 304 - "-" "Mozilla/5.0 (compatible; Googlebot/2.1; +http://www.google.com/bot.html)"
117.193.177.221 - - [17/Aug/2013:12:58:04 -0400] "GET /graphics/buttonbuy.jpg HTTP/1.1" 200 2183 "http://www.michaelbrandwein.com/yproducts.html" "Mozilla/5.0 (Windows NT 6.1) AppleWebKit/537.36 (KHTML, like Gecko) Chrome/28.0.1500.95 Safari/537.36"
50.163.21.195 - - [17/Aug/2013:13:07:11 -0400] "GET /atopics/laserbeam.html HTTP/1.1" 200 9569 "http://www.google.com/url?sa=t&rct=j&q=&esrc=s&source=web&cd=2&cad=rja&ved=0CDYQFjAB&url=http%3A%2F%2Fwww.michaelbrandwein.com%2Fatopics%2Flaserbeam.html&ei=ua0PUuWCM4WbygGirYAw&usg=AFQjCNFNN4yopVl4pcWXvTK7L0s9J_zEDA&sig2=ZWD45c4CShwKt7Nb87MXNQ&bvm=bv.50768961,d.aWc" "Mozilla/5.0 (Macintosh; Intel Mac OS X 10.6; rv:23.0) Gecko/20100101 Firefox/23.0"
50.163.21.195 - - [17/Aug/2013:13:07:11 -0400] "GET /css/adult.css HTTP/1.1" 200 6290 "http://www.michaelbrandwein.com/atopics/laserbeam.html" "Mozilla/5.0 (Macintosh; Intel Mac OS X 10.6; rv:23.0) Gecko/20100101 Firefox/23.0"
50.163.21.195 - - [17/Aug/2013:13:07:11 -0400] "GET /atopics/sayings.txt HTTP/1.1" 200 6460 "http://www.michaelbrandwein.com/atopics/laserbeam.html" "Mozilla/5.0 (Macintosh; Intel Mac OS X 10.6; rv:23.0) Gecko/20100101 Firefox/23.0"
50.163.21.195 - - [17/Aug/2013:14:29:46 -0400] "GET /ytopics/camp/training/staff/laserbeam.html HTTP/1.1" 200 12448 "http://www.google.com/url?sa=t&rct=j&q=&esrc=s&source=web&cd=7&cad=rja&ved=0CGYQFjAG&url=http%3A%2F%2Fwww.michaelbrandwein.com%2Fytopics%2Fcamp%2Ftraining%2Fstaff%2Flaserbeam.html&ei=BsEPUp7UJKSsyAGEj4E4&usg=AFQjCNG2ONw7it9F02Q3rg2QKqXYkSHaUA&sig2=eG7WMQuL1aL64-oav-E9zw&bvm=bv.50768961,d.aWc" "Mozilla/5.0 (Macintosh; Intel Mac OS X 10.6; rv:23.0) Gecko/20100101 Firefox/23.0"
50.163.21.195 - - [17/Aug/2013:14:29:48 -0400] "GET /ytopics/camp/training/staff/ysayings.txt HTTP/1.1" 200 6677 "http://www.michaelbrandwein.com/ytopics/camp/training/staff/laserbeam.html" "Mozilla/5.0 (Macintosh; Intel Mac OS X 10.6; rv:23.0) Gecko/20100101 Firefox/23.0"
78.158.11.226 - - [17/Aug/2013:21:57:01 -0400] "GET / HTTP/1.1" 200 5960 "http://killmalware.com/michaelbrandwein.com/" "Lynx/2.8.5rel.1 libwww-FM/2.15FC SSL-MM/1.4.1c OpenSSL/0.9.7e-dev"
66.249.75.170 - - [17/Aug/2013:21:58:48 -0400] "GET /atopics/workingsmarter.html HTTP/1.1" 304 - "-" "Mozilla/5.0 (compatible; Googlebot/2.1; +http://www.google.com/bot.html)"
69.248.81.118 - - [17/Aug/2013:23:44:43 -0400] "GET /graphics/dot.gif HTTP/1.1" 200 114 "http://www.michaelbrandwein.com/products/superstaffsupervision.html" "Mozilla/5.0 (Windows NT 6.1; WOW64) AppleWebKit/537.36 (KHTML, like Gecko) Chrome/28.0.1500.95 Safari/537.36"
204.12.208.162 - - [17/Aug/2013:03:52:24 -0400] "GET /pdf/brandwein%20letter%20to%20staff HTTP/1.0" 404 575 "-" "Mozilla/5.0 (compatible; MJ12bot/v1.4.3; http://www.majestic12.co.uk/bot.php?+)"
12.23.250.2 - - [17/Aug/2013:11:01:24 -0400] "GET /products/learningleadership_clip_image002.jpg HTTP/1.1" 200 10525 "http://thecampdirector.com/" "Mozilla/5.0 (Macintosh; Intel Mac OS X 10_8_4) AppleWebKit/536.30.1 (KHTML, like Gecko) Version/6.0.5 Safari/536.30.1"
95.221.82.34 - - [17/Aug/2013:12:37:59 -0400] "GET /graphics/logoin.jpg HTTP/1.1" 200 14869 "http://www.michaelbrandwein.com/ytopics/organizations/supervise/timemanagement.html" "Mozilla/4.0 (compatible; MSIE 8.0; Windows NT 6.1; WOW64; Trident/4.0; SLCC2; .NET CLR 2.0.50727; .NET CLR 3.5.30729; .NET CLR 3.0.30729; Media Center PC 6.0)"
66.249.75.170 - - [17/Aug/2013:18:25:38 -0400] "GET /mailinglist.html HTTP/1.1" 200 13790 "-" "Mozilla/5.0 (compatible; Googlebot/2.1; +http://www.google.com/bot.html)"
157.55.32.149 - - [17/Aug/2013:18:34:14 -0400] "GET /robots.txt HTTP/1.1" 404 575 "-" "Mozilla/5.0 (compatible; bingbot/2.0; +http://www.bing.com/bingbot.htm)"
157.55.32.149 - - [17/Aug/2013:18:45:40 -0400] "GET /images/banner2.jpg HTTP/1.1" 200 5488 "-" "Mozilla/5.0 (compatible; bingbot/2.0; +http://www.bing.com/bingbot.htm)"
199.21.99.123 - - [17/Aug/2013:19:26:41 -0400] "GET /index.html HTTP/1.1" 200 5960 "-" "Mozilla/5.0 (compatible; YandexBot/3.0; +http://yandex.com/bots)"
66.249.75.170 - - [17/Aug/2013:20:57:47 -0400] "GET /bionormal.html HTTP/1.1" 304 - "-" "Mozilla/5.0 (compatible; Googlebot/2.1; +http://www.google.com/bot.html)"
72.30.198.49 - - [17/Aug/2013:12:48:22 -0400] "GET /graphics/bodym.jpg HTTP/1.1" 200 28996 "http://michaelbrandwein.com/" "Mozilla/5.0 (compatible; Yahoo! Slurp/3.0; http://help.yahoo.com/help/us/ysearch/slurp) NOT Firefox/3.5"
72.30.198.49 - - [17/Aug/2013:12:48:22 -0400] "GET /graphics/bhomeenter3.jpg HTTP/1.1" 404 575 "http://michaelbrandwein.com/" "Mozilla/5.0 (compatible; Yahoo! Slurp/3.0; http://help.yahoo.com/help/us/ysearch/slurp) NOT Firefox/3.5"
117.193.177.221 - - [17/Aug/2013:12:58:12 -0400] "GET /graphics/buttonbuyh.jpg HTTP/1.1" 200 2218 "http://www.michaelbrandwein.com/yproducts.html" "Mozilla/5.0 (Windows NT 6.1) AppleWebKit/537.36 (KHTML, like Gecko) Chrome/28.0.1500.95 Safari/537.36"
50.163.21.195 - - [17/Aug/2013:13:13:06 -0400] "GET /contact.html HTTP/1.1" 200 14317 "http://www.google.com/url?sa=t&rct=j&q=&esrc=s&source=web&cd=8&cad=rja&ved=0CGAQFjAH&url=http%3A%2F%2Fwww.michaelbrandwein.com%2Fcontact.html&ei=HK8PUtriOcifyQHn1oFI&usg=AFQjCNHwzPsPqkZ1_on6bTvmpv9l-Ik03w&sig2=QQi4uDd61rqyWTT06dWhwA&bvm=bv.50768961,d.aWc" "Mozilla/5.0 (Macintosh; Intel Mac OS X 10.6; rv:23.0) Gecko/20100101 Firefox/23.0"
50.163.21.195 - - [17/Aug/2013:13:13:06 -0400] "GET /contact.css HTTP/1.1" 200 131 "http://www.michaelbrandwein.com/contact.html" "Mozilla/5.0 (Macintosh; Intel Mac OS X 10.6; rv:23.0) Gecko/20100101 Firefox/23.0"
173.70.22.4 - - [17/Aug/2013:14:53:55 -0400] "GET /graphics/homeyouth.jpg HTTP/1.1" 200 17174 "http://www.michaelbrandwein.com/" "Mozilla/5.0 (Macintosh; Intel Mac OS X 10_7_5) AppleWebKit/537.36 (KHTML, like Gecko) Chrome/28.0.1500.95 Safari/537.36"
173.70.22.4 - - [17/Aug/2013:14:53:55 -0400] "GET /graphics/homeadult2.jpg HTTP/1.1" 200 19380 "http://www.michaelbrandwein.com/" "Mozilla/5.0 (Macintosh; Intel Mac OS X 10_7_5) AppleWebKit/537.36 (KHTML, like Gecko) Chrome/28.0.1500.95 Safari/537.36"
173.70.22.4 - - [17/Aug/2013:14:53:56 -0400] "GET /favicon.ico HTTP/1.1" 404 575 "-" "Mozilla/5.0 (Macintosh; Intel Mac OS X 10_7_5) AppleWebKit/537.36 (KHTML, like Gecko) Chrome/28.0.1500.95 Safari/537.36"
157.55.32.149 - - [17/Aug/2013:02:40:09 -0400] "GET /graphics/bgwh.gif HTTP/1.1" 200 49 "-" "Mozilla/5.0 (compatible; bingbot/2.0; +http://www.bing.com/bingbot.htm)"
66.249.75.170 - - [17/Aug/2013:07:58:00 -0400] "GET /ycamptraining.html HTTP/1.1" 304 - "-" "Mozilla/5.0 (iPhone; U; CPU iPhone OS 4_1 like Mac OS X; en-us) AppleWebKit/532.9 (KHTML, like Gecko) Version/4.0.5 Mobile/8B117 Safari/6531.22.7 (compatible; Googlebot-Mobile/2.1; +http://www.google.com/bot.html)"
180.76.5.62 - - [17/Aug/2013:09:46:26 -0400] "GET /ytopics/schools/admin/timemanagement.html HTTP/1.1" 200 10989 "-" "Mozilla/5.0 (compatible; Baiduspider/2.0; +http://www.baidu.com/search/spider.html)"
173.199.116.83 - - [17/Aug/2013:03:51:52 -0400] "GET /ytopics/camp/training/staff/yesitsfunbut.html HTTP/1.1" 200 11328 "-" "Mozilla/5.0 (compatible; AhrefsBot/4.0; +http://ahrefs.com/robot/)"
157.55.35.79 - - [17/Aug/2013:05:58:51 -0400] "GET /robots.txt HTTP/1.1" 404 575 "-" "Mozilla/5.0 (compatible; bingbot/2.0; +http://www.bing.com/bingbot.htm)"
72.91.214.207 - - [17/Aug/2013:16:19:43 -0400] "GET /css/adult.css HTTP/1.1" 200 6290 "http://www.michaelbrandwein.com/presentations.html" "Mozilla/5.0 (Windows NT 6.0) AppleWebKit/537.36 (KHTML, like Gecko) Chrome/28.0.1500.95 Safari/537.36"
72.91.214.207 - - [17/Aug/2013:16:19:43 -0400] "GET /graphics/logoin.jpg HTTP/1.1" 200 14869 "http://www.michaelbrandwein.com/presentations.html" "Mozilla/5.0 (Windows NT 6.0) AppleWebKit/537.36 (KHTML, like Gecko) Chrome/28.0.1500.95 Safari/537.36"
157.55.32.149 - - [17/Aug/2013:10:11:44 -0400] "GET /atopics/sayings.txt HTTP/1.1" 200 6460 "-" "Mozilla/5.0 (compatible; bingbot/2.0; +http://www.bing.com/bingbot.htm)"
46.119.118.152 - - [17/Aug/2013:15:55:50 -0400] "GET /atopics/conflictcommunication.html HTTP/1.1" 200 8923 "http://ilya-muromec.ru/" "Mozilla/4.0 (compatible; MSIE 6.0; Windows NT 5.1; .NET CLR 1.1.4322; Alexa Toolbar; (R1 1.5))"
66.249.75.94 - - [17/Aug/2013:22:06:47 -0400] "GET /pdf/Camp%20comps%20staff%20training%20sheet%203.pdf HTTP/1.1" 304 - "-" "SAMSUNG-SGH-E250/1.0 Profile/MIDP-2.0 Configuration/CLDC-1.1 UP.Browser/6.2.3.3.c.1.101 (GUI) MMP/2.0 (compatible; Googlebot-Mobile/2.1; +http://www.google.com/bot.html)"
187.3.57.235 - - [17/Aug/2013:12:13:08 -0400] "GET / HTTP/1.1" 200 5960 "-" "Mozilla/5.0 (compatible; Googlebot/2.1; +http://www.google.com/bot.html)"
128.68.6.82 - - [17/Aug/2013:12:18:28 -0400] "GET /css/youth.css HTTP/1.0" 200 8470 "http://www.michaelbrandwein.com/ytopics/camp/conferences/campgames.html" "Mozilla/4.0 (compatible; MSIE 7.0; Windows NT 5.1; .NET CLR 1.1.4322; .NET CLR 2.0.50727; InfoPath.1)"
66.249.75.170 - - [17/Aug/2013:12:44:09 -0400] "GET /products/parentingpuzzle.html HTTP/1.1" 304 - "-" "Mozilla/5.0 (iPhone; U; CPU iPhone OS 4_1 like Mac OS X; en-us) AppleWebKit/532.9 (KHTML, like Gecko) Version/4.0.5 Mobile/8B117 Safari/6531.22.7 (compatible; Googlebot-Mobile/2.1; +http://www.google.com/bot.html)"
95.221.30.157 - - [17/Aug/2013:13:32:40 -0400] "GET /images/banner2.jpg HTTP/1.1" 200 5488 "http://www.michaelbrandwein.com/ytopics/organizations/keynotes/safetheenvironment.html" "Opera/9.80 (Windows NT 5.1; U; ru) Presto/2.6.30 Version/10.63"
50.163.21.195 - - [17/Aug/2013:14:53:46 -0400] "GET /Scripts/AC_ActiveX.js HTTP/1.1" 200 2057 "http://michaelbrandwein.com/yresources.html" "Mozilla/5.0 (Macintosh; Intel Mac OS X 10.6; rv:23.0) Gecko/20100101 Firefox/23.0"
50.163.21.195 - - [17/Aug/2013:14:53:46 -0400] "GET /images/LL-excerpt-2-pics100.jpg HTTP/1.1" 200 7557 "http://michaelbrandwein.com/yresources.html" "Mozilla/5.0 (Macintosh; Intel Mac OS X 10.6; rv:23.0) Gecko/20100101 Firefox/23.0"
50.163.21.195 - - [17/Aug/2013:14:53:46 -0400] "GET /images/campcomp3.jpg HTTP/1.1" 200 50912 "http://michaelbrandwein.com/yresources.html" "Mozilla/5.0 (Macintosh; Intel Mac OS X 10.6; rv:23.0) Gecko/20100101 Firefox/23.0"
157.55.35.79 - - [17/Aug/2013:14:54:58 -0400] "GET / HTTP/1.1" 200 5960 "-" "Mozilla/5.0 (compatible; bingbot/2.0; +http://www.bing.com/bingbot.htm)"
66.249.75.170 - - [17/Aug/2013:01:16:19 -0400] "GET /ytopics/organizations/keynotes/lookimready.html HTTP/1.1" 304 - "-" "Mozilla/5.0 (compatible; Googlebot/2.1; +http://www.google.com/bot.html)"
117.193.177.221 - - [17/Aug/2013:12:58:03 -0400] "GET /images/learningleadership120.jpg HTTP/1.1" 200 20848 "http://www.michaelbrandwein.com/yproducts.html" "Mozilla/5.0 (Windows NT 6.1) AppleWebKit/537.36 (KHTML, like Gecko) Chrome/28.0.1500.95 Safari/537.36"
173.252.110.113 - - [17/Aug/2013:13:13:24 -0400] "GET /graphics/homeadult.jpg HTTP/1.1" 206 18635 "-" "facebookexternalhit/1.1 (+http://www.facebook.com/externalhit_uatext.php)"
50.163.21.195 - - [17/Aug/2013:13:14:25 -0400] "GET /clientlist.html HTTP/1.1" 200 18342 "http://www.michaelbrandwein.com/atopics/laserbeam.html" "Mozilla/5.0 (Macintosh; Intel Mac OS X 10.6; rv:23.0) Gecko/20100101 Firefox/23.0"
50.163.21.195 - - [17/Aug/2013:13:15:21 -0400] "GET /images/answer5.jpg HTTP/1.1" 200 9793 "http://www.michaelbrandwein.com/bioabnormal.html" "Mozilla/5.0 (Macintosh; Intel Mac OS X 10.6; rv:23.0) Gecko/20100101 Firefox/23.0"
66.249.75.170 - - [17/Aug/2013:16:19:23 -0400] "GET /pdf/Camp%20Conferences%20and%20Meetings%20Topics.pdf HTTP/1.1" 304 - "-" "Mozilla/5.0 (iPhone; U; CPU iPhone OS 4_1 like Mac OS X; en-us) AppleWebKit/532.9 (KHTML, like Gecko) Version/4.0.5 Mobile/8B117 Safari/6531.22.7 (compatible; Googlebot-Mobile/2.1; +http://www.google.com/bot.html)"
66.249.75.94 - - [17/Aug/2013:01:45:26 -0400] "GET /css/brandwein.css HTTP/1.1" 200 2167 "-" "Mozilla/5.0 (compatible; Googlebot/2.1; +http://www.google.com/bot.html)"
70.194.128.254 - - [17/Aug/2013:02:36:31 -0400] "GET /products/superstaffsupervision_clip_image002.jpg HTTP/1.1" 200 9705 "http://thecampdirector.com/" "Mozilla/5.0 (iPhone; CPU iPhone OS 6_1_4 like Mac OS X) AppleWebKit/536.26 (KHTML, like Gecko) Version/6.0 Mobile/10B350 Safari/8536.25"
157.55.35.79 - - [17/Aug/2013:13:14:33 -0400] "GET /ytopics/schools/staffdev/laserbeam.html HTTP/1.1" 304 - "-" "Mozilla/5.0 (compatible; bingbot/2.0; +http://www.bing.com/bingbot.htm)"
50.163.21.195 - - [17/Aug/2013:14:53:40 -0400] "GET /graphics/arrowup.gif HTTP/1.1" 200 84 "http://www.michaelbrandwein.com/presentations.html" "Mozilla/5.0 (Macintosh; Intel Mac OS X 10.6; rv:23.0) Gecko/20100101 Firefox/23.0"
46.119.118.152 - - [17/Aug/2013:15:55:49 -0400] "GET /atopics/conflictcommunication.html HTTP/1.1" 200 8923 "http://ilya-muromec.ru/" "Mozilla/4.0 (compatible; MSIE 6.0; Windows NT 5.1; .NET CLR 1.1.4322; Alexa Toolbar; (R1 1.5))"
180.76.5.89 - - [17/Aug/2013:17:21:22 -0400] "GET /ytopics/schools/admin/valuofvaryingviews.html HTTP/1.1" 200 11242 "-" "Mozilla/5.0 (compatible; Baiduspider/2.0; +http://www.baidu.com/search/spider.html)"
218.30.103.136 - - [17/Aug/2013:09:30:01 -0400] "GET / HTTP/1.1" 304 - "-" "Sogou web spider/4.0(+http://www.sogou.com/docs/help/webmasters.htm#07)"
218.30.103.136 - - [17/Aug/2013:10:02:31 -0400] "GET /ycampconferences.html HTTP/1.1" 304 - "-" "Sogou web spider/4.0(+http://www.sogou.com/docs/help/webmasters.htm#07)"
157.55.35.79 - - [17/Aug/2013:21:38:43 -0400] "GET /index.html HTTP/1.1" 200 5960 "-" "Mozilla/5.0 (compatible; bingbot/2.0; +http://www.bing.com/bingbot.htm)"
98.137.207.155 - - [17/Aug/2013:23:38:53 -0400] "GET /graphics/hry2.jpg HTTP/1.1" 200 305 "http://www.michaelbrandwein.com/youth.html" "Mozilla/5.0 (compatible; Yahoo! Slurp/3.0; http://help.yahoo.com/help/us/ysearch/slurp) NOT Firefox/3.5"
98.137.207.155 - - [17/Aug/2013:23:38:53 -0400] "GET /graphics/oval1.jpg HTTP/1.1" 200 14070 "http://www.michaelbrandwein.com/youth.html" "Mozilla/5.0 (compatible; Yahoo! Slurp/3.0; http://help.yahoo.com/help/us/ysearch/slurp) NOT Firefox/3.5"
157.55.32.149 - - [17/Aug/2013:12:33:05 -0400] "GET /graphics/logoin.jpg HTTP/1.1" 200 14869 "-" "Mozilla/5.0 (compatible; bingbot/2.0; +http://www.bing.com/bingbot.htm)"
72.30.198.49 - - [17/Aug/2013:12:48:21 -0400] "GET / HTTP/1.1" 200 5960 "-" "Mozilla/5.0 (compatible; Yahoo! Slurp/3.0; http://help.yahoo.com/help/us/ysearch/slurp) NOT Firefox/3.5"
72.30.198.49 - - [17/Aug/2013:12:48:22 -0400] "GET /css/brandwein.css HTTP/1.1" 200 2167 "http://michaelbrandwein.com/" "Mozilla/5.0 (compatible; Yahoo! Slurp/3.0; http://help.yahoo.com/help/us/ysearch/slurp) NOT Firefox/3.5"
72.30.198.49 - - [17/Aug/2013:12:48:22 -0400] "GET /graphics/bgwh.gif HTTP/1.1" 200 49 "http://michaelbrandwein.com/" "Mozilla/5.0 (compatible; Yahoo! Slurp/3.0; http://help.yahoo.com/help/us/ysearch/slurp) NOT Firefox/3.5"
72.30.198.49 - - [17/Aug/2013:12:48:22 -0400] "GET /graphics/bodyy.gif HTTP/1.1" 200 124 "http://michaelbrandwein.com/" "Mozilla/5.0 (compatible; Yahoo! Slurp/3.0; http://help.yahoo.com/help/us/ysearch/slurp) NOT Firefox/3.5"
50.163.21.195 - - [17/Aug/2013:12:59:08 -0400] "GET /yclientcomments.html HTTP/1.1" 200 30240 "http://www.google.com/url?sa=t&rct=j&q=&esrc=s&source=web&cd=6&cad=rja&ved=0CFAQFjAF&url=http%3A%2F%2Fwww.michaelbrandwein.com%2Fyclientcomments.html&ei=0KsPUvKVK6ewyQGlhYEw&usg=AFQjCNFhMp8KdKd-rne-VT579-kmGWr2fQ&sig2=7Qw_BtSb8si0KacNbAEVHw&bvm=bv.50768961,d.aWc" "Mozilla/5.0 (Macintosh; Intel Mac OS X 10.6; rv:23.0) Gecko/20100101 Firefox/23.0"
50.163.21.195 - - [17/Aug/2013:13:02:38 -0400] "GET /yresources.html HTTP/1.1" 200 31536 "http://www.google.com/url?sa=t&rct=j&q=&esrc=s&source=web&cd=3&cad=rja&ved=0CDsQFjAC&url=http%3A%2F%2Fmichaelbrandwein.com%2Fyresources.html&ei=oqwPUuupGcOEygGbm4Ew&usg=AFQjCNEy2MpAicoQ6PdRyb9Iyob510i0iw&sig2=UppBsZLCZYIDEZ1EpAQPVg&bvm=bv.50768961,d.aWc" "Mozilla/5.0 (Macintosh; Intel Mac OS X 10.6; rv:23.0) Gecko/20100101 Firefox/23.0"
50.163.21.195 - - [17/Aug/2013:13:02:38 -0400] "GET /graphics/logoin.jpg HTTP/1.1" 200 14869 "http://michaelbrandwein.com/yresources.html" "Mozilla/5.0 (Macintosh; Intel Mac OS X 10.6; rv:23.0) Gecko/20100101 Firefox/23.0"
50.163.21.195 - - [17/Aug/2013:13:02:38 -0400] "GET /images/LL-excerpt-2-pics100.jpg HTTP/1.1" 200 7557 "http://michaelbrandwein.com/yresources.html" "Mozilla/5.0 (Macintosh; Intel Mac OS X 10.6; rv:23.0) Gecko/20100101 Firefox/23.0"
50.163.21.195 - - [17/Aug/2013:13:02:38 -0400] "GET /images/yresources_clip_image006.jpg HTTP/1.1" 200 8978 "http://michaelbrandwein.com/yresources.html" "Mozilla/5.0 (Macintosh; Intel Mac OS X 10.6; rv:23.0) Gecko/20100101 Firefox/23.0"
50.163.21.195 - - [17/Aug/2013:13:02:39 -0400] "GET /graphics/get_flash_player.gif HTTP/1.1" 200 1066 "http://michaelbrandwein.com/yresources.html" "Mozilla/5.0 (Macintosh; Intel Mac OS X 10.6; rv:23.0) Gecko/20100101 Firefox/23.0"
50.163.21.195 - - [17/Aug/2013:14:53:46 -0400] "GET /graphics/arrowup.gif HTTP/1.1" 200 84 "http://michaelbrandwein.com/yresources.html" "Mozilla/5.0 (Macintosh; Intel Mac OS X 10.6; rv:23.0) Gecko/20100101 Firefox/23.0"
50.163.21.195 - - [17/Aug/2013:14:53:46 -0400] "GET /images/yresources_clip_image010.jpg HTTP/1.1" 200 5361 "http://michaelbrandwein.com/yresources.html" "Mozilla/5.0 (Macintosh; Intel Mac OS X 10.6; rv:23.0) Gecko/20100101 Firefox/23.0"
157.55.35.79 - - [17/Aug/2013:16:50:01 -0400] "GET / HTTP/1.1" 200 5960 "-" "Mozilla/5.0 (compatible; bingbot/2.0; +http://www.bing.com/bingbot.htm)"
91.207.9.226 - - [17/Aug/2013:07:39:06 -0400] "GET /atopics/conflictcommunication.html HTTP/1.1" 200 8923 "http://roomgirls.ru/" "Mozilla/4.0 (compatible; MSIE 6.0; Windows NT 5.1; SV1; .NET CLR 1.1.4322)"
157.56.92.144 - - [17/Aug/2013:22:32:14 -0400] "GET /ytopics/camp/conferences/buildingbetterchildren.html HTTP/1.1" 200 10834 "-" "Mozilla/5.0 (compatible; bingbot/2.0; +http://www.bing.com/bingbot.htm)"
66.249.75.170 - - [17/Aug/2013:22:35:05 -0400] "GET /atopics/timemanagement.html HTTP/1.1" 200 8842 "-" "DoCoMo/2.0 N905i(c100;TB;W24H16) (compatible; Googlebot-Mobile/2.1; +http://www.google.com/bot.html)"
157.55.35.79 - - [17/Aug/2013:23:33:25 -0400] "GET /pdf/brandwein%20handout%20brainy%20days1.pdf HTTP/1.1" 200 104183 "-" "Mozilla/5.0 (compatible; bingbot/2.0; +http://www.bing.com/bingbot.htm)"
50.163.21.195 - - [17/Aug/2013:13:14:47 -0400] "GET /participantcomments.html HTTP/1.1" 200 37033 "http://www.michaelbrandwein.com/clientlist.html" "Mozilla/5.0 (Macintosh; Intel Mac OS X 10.6; rv:23.0) Gecko/20100101 Firefox/23.0"
50.163.21.195 - - [17/Aug/2013:13:16:04 -0400] "GET /images/ycampconferences.jpg HTTP/1.1" 200 48553 "http://www.michaelbrandwein.com/ycampconferences.html" "Mozilla/5.0 (Macintosh; Intel Mac OS X 10.6; rv:23.0) Gecko/20100101 Firefox/23.0"
50.163.21.195 - - [17/Aug/2013:14:53:40 -0400] "GET /images/ycampconferences.jpg HTTP/1.1" 200 48553 "http://www.michaelbrandwein.com/ycampconferences.html" "Mozilla/5.0 (Macintosh; Intel Mac OS X 10.6; rv:23.0) Gecko/20100101 Firefox/23.0"
50.163.21.195 - - [17/Aug/2013:14:53:40 -0400] "GET /ysayings.txt HTTP/1.1" 200 6677 "http://www.michaelbrandwein.com/ycampconferences.html" "Mozilla/5.0 (Macintosh; Intel Mac OS X 10.6; rv:23.0) Gecko/20100101 Firefox/23.0"
50.163.21.195 - - [17/Aug/2013:14:53:41 -0400] "GET /ytopics/organizations/supervise/laserbeam.html HTTP/1.1" 200 11827 "http://www.michaelbrandwein.com/yorganizations.html" "Mozilla/5.0 (Macintosh; Intel Mac OS X 10.6; rv:23.0) Gecko/20100101 Firefox/23.0"
173.70.22.4 - - [17/Aug/2013:14:53:55 -0400] "GET /graphics/homeadult.jpg HTTP/1.1" 200 18635 "http://www.michaelbrandwein.com/" "Mozilla/5.0 (Macintosh; Intel Mac OS X 10_7_5) AppleWebKit/537.36 (KHTML, like Gecko) Chrome/28.0.1500.95 Safari/537.36"
173.70.22.4 - - [17/Aug/2013:14:53:55 -0400] "GET /graphics/homeyouth2.jpg HTTP/1.1" 200 18018 "http://www.michaelbrandwein.com/" "Mozilla/5.0 (Macintosh; Intel Mac OS X 10_7_5) AppleWebKit/537.36 (KHTML, like Gecko) Chrome/28.0.1500.95 Safari/537.36"
46.118.126.194 - - [17/Aug/2013:12:22:28 -0400] "GET /atopics/conflictcommunication.html HTTP/1.1" 200 8923 "http://mtech-world.net/" "Mozilla/4.0 (compatible; MSIE 6.0; Windows NT 5.1; SV1)"
157.55.32.149 - - [17/Aug/2013:14:58:56 -0400] "GET /atopics/workingsmarter.html HTTP/1.1" 200 8512 "-" "Mozilla/5.0 (compatible; bingbot/2.0; +http://www.bing.com/bingbot.htm)"
72.91.214.207 - - [17/Aug/2013:16:19:43 -0400] "GET /graphics/dot.gif HTTP/1.1" 200 114 "http://www.michaelbrandwein.com/presentations.html" "Mozilla/5.0 (Windows NT 6.0) AppleWebKit/537.36 (KHTML, like Gecko) Chrome/28.0.1500.95 Safari/537.36"
72.91.214.207 - - [17/Aug/2013:16:19:43 -0400] "GET /favicon.ico HTTP/1.1" 404 575 "-" "Mozilla/5.0 (Windows NT 6.0) AppleWebKit/537.36 (KHTML, like Gecko) Chrome/28.0.1500.95 Safari/537.36"
199.30.16.53 - - [17/Aug/2013:17:08:11 -0400] "GET /images/yclientcomments.jpg HTTP/1.1" 200 32151 "-" "msnbot-media/1.1 (+http://search.msn.com/msnbot.htm)"