173.69.152.200 - - [18/Aug/2013:21:53:16 -0400] "GET /yschools.html HTTP/1.1" 200 20251 "http://www.michaelbrandwein.com/youth.html" "Mozilla/5.0 (iPad; CPU OS 6_0 like Mac OS X) AppleWebKit/536.26 (KHTML, like Gecko) Version/6.0 Mobile/10A407 Safari/8536.25"
157.55.32.109 - - [18/Aug/2013:13:56:03 -0400] "GET /robots.txt HTTP/1.1" 404 575 "-" "Mozilla/5.0 (compatible; bingbot/2.0; +http://www.bing.com/bingbot.htm)"
59.92.197.200 - - [18/Aug/2013:01:45:14 -0400] "GET /graphics/hr2a.jpg HTTP/1.1" 200 8132 "http://www.michaelbrandwein.com/presentations.html" "Mozilla/5.0 (Windows NT 6.1; WOW64) AppleWebKit/537.36 (KHTML, like Gecko) Chrome/28.0.1500.95 Safari/537.36"
178.137.128.12 - - [18/Aug/2013:18:28:50 -0400] "GET /atopics/conflictcommunication.html HTTP/1.1" 200 8923 "http://prikoly.ws/" "Mozilla/4.0 (compatible; MSIE 6.0; America Online Browser 1.1; rev1.2; Windows NT 5.1; SV1; .NET CLR 1.1.4322)"
46.119.118.152 - - [18/Aug/2013:22:03:14 -0400] "GET /atopics/conflictcommunication.html HTTP/1.1" 200 8923 "http://cleaning-uborka.ru/" "Mozilla/4.0 (compatible; MSIE 6.0; Windows NT 5.1; Maxthon; .NET CLR 1.1.4322)"
93.115.86.194 - - [18/Aug/2013:04:08:57 -0400] "GET /participantcomments.html HTTP/1.1" 200 37033 "-" "Mozilla/4.0 (compatible; MSIE 6.0; Windows NT 5.1; SV1)"
93.115.86.194 - - [18/Aug/2013:04:09:01 -0400] "GET /clientlist.html HTTP/1.1" 200 18342 "-" "Mozilla/4.0 (compatible; MSIE 6.0; Windows NT 5.1; SV1)"
157.55.32.149 - - [18/Aug/2013:15:19:18 -0400] "GET /atopics/nofuninfungible.html HTTP/1.1" 200 8864 "-" "Mozilla/5.0 (compatible; bingbot/2.0; +http://www.bing.com/bingbot.htm)"
157.55.35.79 - - [18/Aug/2013:06:34:37 -0400] "GET /ytopics/camp/conferences/timemanagement.html HTTP/1.1" 200 10548 "-" "Mozilla/5.0 (compatible; bingbot/2.0; +http://www.bing.com/bingbot.htm)"
117.192.139.5 - - [18/Aug/2013:06:56:49 -0400] "GET /adult.html HTTP/1.1" 200 13694 "http://www.michaelbrandwein.com/presentations.html" "Mozilla/5.0 (Macintosh; Intel Mac OS X 10_8_4) AppleWebKit/537.36 (KHTML, like Gecko) Chrome/28.0.1500.95 Safari/537.36"
117.192.139.5 - - [18/Aug/2013:06:56:51 -0400] "GET /images/adulthome.jpg HTTP/1.1" 200 16218 "http://www.michaelbrandwein.com/adult.html" "Mozilla/5.0 (Macintosh; Intel Mac OS X 10_8_4) AppleWebKit/537.36 (KHTML, like Gecko) Chrome/28.0.1500.95 Safari/537.36"
24.9.41.190 - - [18/Aug/2013:07:13:16 -0400] "GET /apple-touch-icon-114x114-precomposed.png HTTP/1.1" 404 575 "-" "MobileSafari/8536.25 CFNetwork/609.1.4 Darwin/13.0.0"
24.9.41.190 - - [18/Aug/2013:07:13:16 -0400] "GET /apple-touch-icon-114x114.png HTTP/1.1" 404 575 "-" "MobileSafari/8536.25 CFNetwork/609.1.4 Darwin/13.0.0"
24.9.41.190 - - [18/Aug/2013:07:13:16 -0400] "GET /apple-touch-icon-precomposed.png HTTP/1.1" 404 575 "-" "MobileSafari/8536.25 CFNetwork/609.1.4 Darwin/13.0.0"
24.9.41.190 - - [18/Aug/2013:07:13:16 -0400] "GET /apple-touch-icon.png HTTP/1.1" 404 575 "-" "MobileSafari/8536.25 CFNetwork/609.1.4 Darwin/13.0.0"
95.24.193.245 - - [18/Aug/2013:13:05:37 -0400] "GET /graphics/logoin.jpg HTTP/1.1" 200 14869 "http://www.michaelbrandwein.com/ytopics/schools/staffdev/helpingyoungpeople.html" "Mozilla/4.0 (compatible; MSIE 6.0; Windows NT 5.1; SV1)"
93.115.86.194 - - [18/Aug/2013:04:08:59 -0400] "GET /bioabnormal.html HTTP/1.1" 200 13765 "-" "Mozilla/4.0 (compatible; MSIE 6.0; Windows NT 5.1; SV1)"
93.115.86.194 - - [18/Aug/2013:04:09:00 -0400] "GET /presentations.html HTTP/1.1" 200 12384 "-" "Mozilla/4.0 (compatible; MSIE 6.0; Windows NT 5.1; SV1)"
93.115.86.194 - - [18/Aug/2013:04:09:01 -0400] "GET /contact.html HTTP/1.1" 200 14317 "-" "Mozilla/4.0 (compatible; MSIE 6.0; Windows NT 5.1; SV1)"
66.249.75.170 - - [18/Aug/2013:05:01:19 -0400] "GET /acomments/profconvmgrsassoc.html HTTP/1.1" 200 11097 "-" "Mozilla/5.0 (compatible; Googlebot/2.1; +http://www.google.com/bot.html)"
108.41.122.244 - - [18/Aug/2013:06:00:56 -0400] "GET /products/trainingterrificstaff_clip_image002.jpg HTTP/1.1" 200 10083 "http://thecampdirector.com/tag/resume/" "Mozilla/5.0 (iPad; CPU OS 6_1_3 like Mac OS X) AppleWebKit/536.26 (KHTML, like Gecko) Version/6.0 Mobile/10B329 Safari/8536.25"
184.175.55.200 - - [18/Aug/2013:21:43:20 -0400] "GET / HTTP/1.1" 200 5960 "https://www.facebook.com/" "Mozilla/5.0 (Windows NT 6.1; WOW64) AppleWebKit/537.36 (KHTML, like Gecko) Chrome/28.0.1500.95 Safari/537.36"
184.175.55.200 - - [18/Aug/2013:21:43:20 -0400] "GET /graphics/homeadult.jpg HTTP/1.1" 200 18635 "http://www.michaelbrandwein.com/" "Mozilla/5.0 (Windows NT 6.1; WOW64) AppleWebKit/537.36 (KHTML, like Gecko) Chrome/28.0.1500.95 Safari/537.36"
184.175.55.200 - - [18/Aug/2013:21:43:21 -0400] "GET /graphics/bhomeenter3.jpg HTTP/1.1" 404 575 "http://www.michaelbrandwein.com/" "Mozilla/5.0 (Windows NT 6.1; WOW64) AppleWebKit/537.36 (KHTML, like Gecko) Chrome/28.0.1500.95 Safari/537.36"
112.110.134.107 - - [18/Aug/2013:09:24:43 -0400] "GET /css/adult.css HTTP/1.1" 200 6290 "http://www.michaelbrandwein.com/presentations.html" "Mozilla/5.0 (Windows NT 6.1) AppleWebKit/537.36 (KHTML, like Gecko) Chrome/28.0.1500.95 Safari/537.36"
112.110.134.107 - - [18/Aug/2013:09:24:44 -0400] "GET /graphics/logoin.jpg HTTP/1.1" 200 14869 "http://www.michaelbrandwein.com/presentations.html" "Mozilla/5.0 (Windows NT 6.1) AppleWebKit/537.36 (KHTML, like Gecko) Chrome/28.0.1500.95 Safari/537.36"
98.137.206.35 - - [18/Aug/2013:00:18:55 -0400] "GET / HTTP/1.1" 200 5960 "-" "Mozilla/5.0 (compatible; Yahoo! Slurp/3.0; http://help.yahoo.com/help/us/ysearch/slurp) NOT Firefox/3.5"
98.137.206.35 - - [18/Aug/2013:00:18:55 -0400] "GET /graphics/homeadult.jpg HTTP/1.1" 200 18635 "http://michaelbrandwein.com/" "Mozilla/5.0 (compatible; Yahoo! Slurp/3.0; http://help.yahoo.com/help/us/ysearch/slurp) NOT Firefox/3.5"
98.137.206.35 - - [18/Aug/2013:00:18:56 -0400] "GET /graphics/homeadult2.jpg HTTP/1.1" 200 19380 "http://michaelbrandwein.com/" "Mozilla/5.0 (compatible; Yahoo! Slurp/3.0; http://help.yahoo.com/help/us/ysearch/slurp) NOT Firefox/3.5"
98.27.147.193 - - [18/Aug/2013:00:56:47 -0400] "GET /products/trainingterrificstaff_clip_image002.jpg HTTP/1.1" 200 10083 "http://thecampdirector.com/tag/cover-letter/" "Mozilla/5.0 (Macintosh; Intel Mac OS X 10.6; rv:23.0) Gecko/20100101 Firefox/23.0"
112.110.134.107 - - [18/Aug/2013:09:24:42 -0400] "GET /presentations.html HTTP/1.1" 200 12384 "https://www.google.co.in/" "Mozilla/5.0 (Windows NT 6.1) AppleWebKit/537.36 (KHTML, like Gecko) Chrome/28.0.1500.95 Safari/537.36"
112.110.134.107 - - [18/Aug/2013:09:24:44 -0400] "GET /images/banner2.jpg HTTP/1.1" 200 5488 "http://www.michaelbrandwein.com/presentations.html" "Mozilla/5.0 (Windows NT 6.1) AppleWebKit/537.36 (KHTML, like Gecko) Chrome/28.0.1500.95 Safari/537.36"
71.105.109.203 - - [18/Aug/2013:18:25:29 -0400] "GET /images/youthhome.jpg HTTP/1.1" 200 15371 "http://www.michaelbrandwein.com/youth.html" "Mozilla/5.0 (Macintosh; Intel Mac OS X 10_6_8) AppleWebKit/534.57.2 (KHTML, like Gecko) Version/5.1.7 Safari/534.57.2"
71.105.109.203 - - [18/Aug/2013:18:26:24 -0400] "GET /ytopics/camp/conferences/campgames.html HTTP/1.1" 200 10752 "http://www.michaelbrandwein.com/ycampconferences.html" "Mozilla/5.0 (Macintosh; Intel Mac OS X 10_6_8) AppleWebKit/534.57.2 (KHTML, like Gecko) Version/5.1.7 Safari/534.57.2"
71.105.109.203 - - [18/Aug/2013:18:26:25 -0400] "GET /ytopics/camp/conferences/ysayings.txt HTTP/1.1" 200 6677 "http://www.michaelbrandwein.com/ytopics/camp/conferences/campgames.html" "Mozilla/5.0 (Macintosh; Intel Mac OS X 10_6_8) AppleWebKit/534.57.2 (KHTML, like Gecko) Version/5.1.7 Safari/534.57.2"
65.55.213.47 - - [18/Aug/2013:19:01:21 -0400] "GET /ytopics/camp/conferences/largegroupleadership.html HTTP/1.1" 200 10641 "-" "Mozilla/4.0 (compatible; MSIE 7.0; Windows NT 5.1; SLCC1; .NET CLR 1.1.4322; .NET CLR 2.0.40607; .NET CLR 3.0.30729)"
65.55.213.47 - - [18/Aug/2013:19:01:23 -0400] "GET /ytopics/camp/conferences/ysayings.txt HTTP/1.1" 200 6677 "http://www.michaelbrandwein.com/ytopics/camp/conferences/largegroupleadership.html" "Mozilla/4.0 (compatible; MSIE 7.0; Windows NT 5.1; SLCC1; .NET CLR 1.1.4322; .NET CLR 2.0.40607; .NET CLR 3.0.30729)"
208.115.113.88 - - [18/Aug/2013:19:50:28 -0400] "GET /ytopics/organizations/supervise/nofuninfungible.html HTTP/1.1" 200 11115 "-" "Mozilla/5.0 (compatible; Ezooms/1.0; ezooms.bot@gmail.com)"
220.181.108.110 - - [18/Aug/2013:20:20:53 -0400] "GET / HTTP/1.1" 200 5960 "-" "Mozilla/5.0 (compatible; Baiduspider/2.0; +http://www.baidu.com/search/spider.html)"
208.43.225.85 - - [18/Aug/2013:05:59:40 -0400] "GET /ycamptraining.html HTTP/1.1" 200 16427 "-" "Mozilla/5.0 (compatible; SiteExplorer/1.0b; +http://siteexplorer.info/)"
68.63.107.118 - - [18/Aug/2013:18:04:06 -0400] "GET /products/trainingterrificstaff_clip_image002.jpg HTTP/1.1" 200 10083 "http://thecampdirector.com/2008/01/13/shoe-lace-tying-to-take-over-lanyards-as-camps-popular-activity/" "Mozilla/5.0 (Windows NT 6.1; WOW64; rv:22.0) Gecko/20100101 Firefox/22.0"
157.55.32.149 - - [18/Aug/2013:18:49:35 -0400] "GET /ytopics/camp/training/session/trainingbydemonstration.html HTTP/1.1" 200 10769 "-" "Mozilla/5.0 (compatible; bingbot/2.0; +http://www.bing.com/bingbot.htm)"
72.30.198.54 - - [18/Aug/2013:00:04:54 -0400] "GET /products/superstaffsupervision_clip_image002.jpg HTTP/1.1" 200 9705 "http://thecampdirector.com/2010/02/28/how-does-summer-camp-prepare-people-for-the-new-world-of-work/" "Mozilla/5.0 (compatible; Yahoo! Slurp/3.0; http://help.yahoo.com/help/us/ysearch/slurp) NOT Firefox/3.5"
66.249.75.170 - - [18/Aug/2013:00:38:49 -0400] "GET /ytopics/camp/conferences/superbcustomerservice.html HTTP/1.1" 200 10797 "-" "SAMSUNG-SGH-E250/1.0 Profile/MIDP-2.0 Configuration/CLDC-1.1 UP.Browser/6.2.3.3.c.1.101 (GUI) MMP/2.0 (compatible; Googlebot-Mobile/2.1; +http://www.google.com/bot.html)"
184.175.55.200 - - [18/Aug/2013:21:44:11 -0400] "GET /youth.html HTTP/1.1" 200 14317 "http://www.michaelbrandwein.com/" "Mozilla/5.0 (Windows NT 6.1; WOW64) AppleWebKit/537.36 (KHTML, like Gecko) Chrome/28.0.1500.95 Safari/537.36"
184.175.55.200 - - [18/Aug/2013:21:44:13 -0400] "GET /graphics/hry2.jpg HTTP/1.1" 200 305 "http://www.michaelbrandwein.com/youth.html" "Mozilla/5.0 (Windows NT 6.1; WOW64) AppleWebKit/537.36 (KHTML, like Gecko) Chrome/28.0.1500.95 Safari/537.36"
184.175.55.200 - - [18/Aug/2013:21:44:13 -0400] "GET /graphics/oval1.jpg HTTP/1.1" 200 14070 "http://www.michaelbrandwein.com/youth.html" "Mozilla/5.0 (Windows NT 6.1; WOW64) AppleWebKit/537.36 (KHTML, like Gecko) Chrome/28.0.1500.95 Safari/537.36"
184.175.55.200 - - [18/Aug/2013:21:44:13 -0400] "GET /images/facebook.jpg HTTP/1.1" 200 19424 "http://www.michaelbrandwein.com/youth.html" "Mozilla/5.0 (Windows NT 6.1; WOW64) AppleWebKit/537.36 (KHTML, like Gecko) Chrome/28.0.1500.95 Safari/537.36"
184.175.55.200 - - [18/Aug/2013:21:44:13 -0400] "GET /graphics/oval2.jpg HTTP/1.1" 200 14082 "http://www.michaelbrandwein.com/youth.html" "Mozilla/5.0 (Windows NT 6.1; WOW64) AppleWebKit/537.36 (KHTML, like Gecko) Chrome/28.0.1500.95 Safari/537.36"
184.175.55.200 - - [18/Aug/2013:21:44:13 -0400] "GET /graphics/oval5.jpg HTTP/1.1" 200 14409 "http://www.michaelbrandwein.com/youth.html" "Mozilla/5.0 (Windows NT 6.1; WOW64) AppleWebKit/537.36 (KHTML, like Gecko) Chrome/28.0.1500.95 Safari/537.36"
184.175.55.200 - - [18/Aug/2013:21:44:13 -0400] "GET /graphics/dot.gif HTTP/1.1" 200 114 "http://www.michaelbrandwein.com/youth.html" "Mozilla/5.0 (Windows NT 6.1; WOW64) AppleWebKit/537.36 (KHTML, like Gecko) Chrome/28.0.1500.95 Safari/537.36"
173.69.152.200 - - [18/Aug/2013:21:54:10 -0400] "GET /ytopics/camp/conferences/topteaching.html HTTP/1.1" 200 10724 "http://www.michaelbrandwein.com/ycampconferences.html" "Mozilla/5.0 (iPad; CPU OS 6_0 like Mac OS X) AppleWebKit/536.26 (KHTML, like Gecko) Version/6.0 Mobile/10A407 Safari/8536.25"
173.69.152.200 - - [18/Aug/2013:21:54:10 -0400] "GET /ytopics/camp/conferences/ysayings.txt HTTP/1.1" 200 6677 "http://www.michaelbrandwein.com/ytopics/camp/conferences/topteaching.html" "Mozilla/5.0 (iPad; CPU OS 6_0 like Mac OS X) AppleWebKit/536.26 (KHTML, like Gecko) Version/6.0 Mobile/10A407 Safari/8536.25"
66.249.75.170 - - [18/Aug/2013:04:50:46 -0400] "GET /ytopics/camp/training/staff/whydontyoubehave.html HTTP/1.1" 200 12386 "-" "Mozilla/5.0 (compatible; Googlebot/2.1; +http://www.google.com/bot.html)"
66.249.75.94 - - [18/Aug/2013:04:59:32 -0400] "GET /pdf/Camp%20comps%20staff%20training%20sheet%203.pdf HTTP/1.1" 304 - "-" "Mozilla/5.0 (compatible; Googlebot/2.1; +http://www.google.com/bot.html)"
72.30.198.38 - - [18/Aug/2013:06:48:08 -0400] "GET /products/trainingterrificstaff_clip_image002.jpg HTTP/1.1" 200 10083 "http://thecampdirector.com/" "Mozilla/5.0 (compatible; Yahoo! Slurp/3.0; http://help.yahoo.com/help/us/ysearch/slurp) NOT Firefox/3.5"
128.68.32.208 - - [18/Aug/2013:13:04:39 -0400] "GET /ytopics/camp/conferences/campgames.html HTTP/1.1" 200 10752 "http://yandex.ru/yandsearch?text=www.michaelbrandwein.com&lr=213" "Mozilla/5.0 (Windows; U; Windows NT 5.1; ru; rv:1.9.2.12) Gecko/20101026 Firefox/3.6.12 YB/5.1.3"
95.24.193.245 - - [18/Aug/2013:13:05:37 -0400] "GET /graphics/dot.gif HTTP/1.1" 200 114 "http://www.michaelbrandwein.com/ytopics/schools/staffdev/helpingyoungpeople.html" "Mozilla/4.0 (compatible; MSIE 6.0; Windows NT 5.1; SV1)"
218.213.136.237 - - [18/Aug/2013:19:48:41 -0400] "GET / HTTP/1.1" 200 5960 "-" "DoCoMo/2.0 P900i(c100;TB;W24H11) (compatible; ichiro/mobile goo;+http://search.goo.ne.jp/option/use/sub4/sub4-1/)"
173.199.116.83 - - [18/Aug/2013:20:06:12 -0400] "GET /ytopics/camp/training/admin/cdos.html HTTP/1.1" 200 10625 "-" "Mozilla/5.0 (compatible; AhrefsBot/4.0; +http://ahrefs.com/robot/)"
173.252.101.112 - - [18/Aug/2013:21:42:57 -0400] "GET /graphics/homeyouth.jpg HTTP/1.1" 206 17174 "-" "facebookexternalhit/1.1 (+http://www.facebook.com/externalhit_uatext.php)"
115.67.166.231 - - [18/Aug/2013:23:51:30 -0400] "GET /css/adult.css HTTP/1.1" 200 6290 "http://www.michaelbrandwein.com/presentations.html" "Mozilla/5.0 (iPhone; CPU iPhone OS 5_0 like Mac OS X) AppleWebKit/534.46 (KHTML, like Gecko) Version/5.1 Mobile/9A334 Safari/7534.48.3"
115.67.166.231 - - [18/Aug/2013:23:51:32 -0400] "GET /graphics/logoin.jpg HTTP/1.1" 200 14869 "http://www.michaelbrandwein.com/presentations.html" "Mozilla/5.0 (iPhone; CPU iPhone OS 5_0 like Mac OS X) AppleWebKit/534.46 (KHTML, like Gecko) Version/5.1 Mobile/9A334 Safari/7534.48.3"
157.55.35.79 - - [18/Aug/2013:03:32:05 -0400] "GET /robots.txt HTTP/1.1" 404 575 "-" "Mozilla/5.0 (compatible; bingbot/2.0; +http://www.bing.com/bingbot.htm)"
93.115.86.194 - - [18/Aug/2013:04:09:00 -0400] "GET /videopreviews.html HTTP/1.1" 200 15840 "-" "Mozilla/4.0 (compatible; MSIE 6.0; Windows NT 5.1; SV1)"
66.249.75.170 - - [18/Aug/2013:01:02:52 -0400] "GET /yleadership.html HTTP/1.1" 304 - "-" "Mozilla/5.0 (compatible; Googlebot/2.1; +http://www.google.com/bot.html)"
207.181.244.38 - - [18/Aug/2013:10:28:24 -0400] "GET /favicon.ico HTTP/1.1" 404 575 "-" "Mozilla/5.0 (Linux; Android 4.1.2; XT907 Build/9.8.1Q-78-1) AppleWebKit/537.36 (KHTML, like Gecko) Chrome/28.0.1500.94 Mobile Safari/537.36"
157.55.35.79 - - [18/Aug/2013:11:08:32 -0400] "GET /robots.txt HTTP/1.1" 404 575 "-" "Mozilla/5.0 (compatible; bingbot/2.0; +http://www.bing.com/bingbot.htm)"
173.69.152.200 - - [18/Aug/2013:21:54:55 -0400] "GET /ytopics/organizations/workdirectly/campgames.html HTTP/1.1" 200 10834 "-" "Mozilla/5.0 (iPad; CPU OS 6_0 like Mac OS X) AppleWebKit/536.26 (KHTML, like Gecko) Version/6.0 Mobile/10A407 Safari/8536.25"
173.69.152.200 - - [18/Aug/2013:21:54:55 -0400] "GET /ytopics/organizations/workdirectly/ysayings.txt HTTP/1.1" 200 6677 "http://www.michaelbrandwein.com/ytopics/organizations/workdirectly/campgames.html" "Mozilla/5.0 (iPad; CPU OS 6_0 like Mac OS X) AppleWebKit/536.26 (KHTML, like Gecko) Version/6.0 Mobile/10A407 Safari/8536.25"
98.137.206.108 - - [18/Aug/2013:23:47:21 -0400] "GET / HTTP/1.1" 200 5960 "-" "Mozilla/5.0 (compatible; Yahoo! Slurp/3.0; http://help.yahoo.com/help/us/ysearch/slurp) NOT Firefox/3.5"
98.137.206.108 - - [18/Aug/2013:23:47:21 -0400] "GET /css/brandwein.css HTTP/1.1" 200 2167 "http://michaelbrandwein.com/" "Mozilla/5.0 (compatible; Yahoo! Slurp/3.0; http://help.yahoo.com/help/us/ysearch/slurp) NOT Firefox/3.5"
98.137.206.108 - - [18/Aug/2013:23:47:21 -0400] "GET /graphics/homeyouth.jpg HTTP/1.1" 200 17174 "http://michaelbrandwein.com/" "Mozilla/5.0 (compatible; Yahoo! Slurp/3.0; http://help.yahoo.com/help/us/ysearch/slurp) NOT Firefox/3.5"
98.137.206.108 - - [18/Aug/2013:23:47:21 -0400] "GET /graphics/bodyy.gif HTTP/1.1" 200 124 "http://michaelbrandwein.com/" "Mozilla/5.0 (compatible; Yahoo! Slurp/3.0; http://help.yahoo.com/help/us/ysearch/slurp) NOT Firefox/3.5"
98.137.206.108 - - [18/Aug/2013:23:47:22 -0400] "GET /graphics/homeyouth2.jpg HTTP/1.1" 200 18018 "http://michaelbrandwein.com/" "Mozilla/5.0 (compatible; Yahoo! Slurp/3.0; http://help.yahoo.com/help/us/ysearch/slurp) NOT Firefox/3.5"
115.67.166.231 - - [18/Aug/2013:23:51:33 -0400] "GET /graphics/arrowup.gif HTTP/1.1" 200 84 "http://www.michaelbrandwein.com/presentations.html" "Mozilla/5.0 (iPhone; CPU iPhone OS 5_0 like Mac OS X) AppleWebKit/534.46 (KHTML, like Gecko) Version/5.1 Mobile/9A334 Safari/7534.48.3"
176.31.14.28 - - [18/Aug/2013:16:21:12 -0400] "GET /clientcomments.html HTTP/1.1" 200 29967 "-" "Opera/9.80 (X11; Linux i686; U; en) Presto/2.7.62 Version/11.00Mozilla/5.0 (Macintosh; U; Intel Mac OS X 10_6_7; en-US) AppleWebKit/534.16 (KHTML, like Gecko) Chrome/10.0.648.205 Safari/534.16"
71.105.109.203 - - [18/Aug/2013:18:25:14 -0400] "GET /graphics/bodym.jpg HTTP/1.1" 200 28996 "http://www.michaelbrandwein.com/" "Mozilla/5.0 (Macintosh; Intel Mac OS X 10_6_8) AppleWebKit/534.57.2 (KHTML, like Gecko) Version/5.1.7 Safari/534.57.2"
178.137.128.12 - - [18/Aug/2013:18:28:52 -0400] "GET /atopics/conflictcommunication.html HTTP/1.1" 200 8923 "http://prikoly.ws/" "Mozilla/4.0 (compatible; MSIE 6.0; America Online Browser 1.1; rev1.2; Windows NT 5.1; SV1; .NET CLR 1.1.4322)"
93.115.86.194 - - [18/Aug/2013:04:09:04 -0400] "GET / HTTP/1.1" 200 5960 "-" "Mozilla/4.0 (compatible; MSIE 6.0; Windows NT 5.1; SV1)"
93.115.86.194 - - [18/Aug/2013:04:09:04 -0400] "GET /index.html HTTP/1.1" 200 5960 "-" "Mozilla/4.0 (compatible; MSIE 6.0; Windows NT 5.1; SV1)"
93.115.86.194 - - [18/Aug/2013:04:09:10 -0400] "GET /sitemapadult.html HTTP/1.1" 200 12395 "-" "Mozilla/4.0 (compatible; MSIE 6.0; Windows NT 5.1; SV1)"
173.199.116.83 - - [18/Aug/2013:04:22:29 -0400] "GET /acomments/socmundirontcanada.html HTTP/1.1" 200 10413 "-" "Mozilla/5.0 (compatible; AhrefsBot/4.0; +http://ahrefs.com/robot/)"
108.41.122.244 - - [18/Aug/2013:06:00:56 -0400] "GET /products/superstaffsupervision_clip_image002.jpg HTTP/1.1" 200 9705 "http://thecampdirector.com/tag/resume/" "Mozilla/5.0 (iPad; CPU OS 6_1_3 like Mac OS X) AppleWebKit/536.26 (KHTML, like Gecko) Version/6.0 Mobile/10B329 Safari/8536.25"
173.192.235.226 - - [18/Aug/2013:08:01:32 -0400] "GET /yleadership.html HTTP/1.1" 200 12401 "-" "Mozilla/5.0 (compatible; SiteExplorer/1.0b; +http://siteexplorer.info/)"
65.55.213.72 - - [18/Aug/2013:08:37:40 -0400] "GET / HTTP/1.1" 200 5960 "-" "msnbot/2.0b (+http://search.msn.com/msnbot.htm)"
72.30.198.38 - - [18/Aug/2013:06:48:08 -0400] "GET /products/learningleadership_clip_image002.jpg HTTP/1.1" 200 10525 "http://thecampdirector.com/" "Mozilla/5.0 (compatible; Yahoo! Slurp/3.0; http://help.yahoo.com/help/us/ysearch/slurp) NOT Firefox/3.5"
117.192.139.5 - - [18/Aug/2013:06:54:10 -0400] "GET /css/adult.css HTTP/1.1" 200 6290 "http://www.michaelbrandwein.com/presentations.html" "Mozilla/5.0 (Macintosh; Intel Mac OS X 10_8_4) AppleWebKit/537.36 (KHTML, like Gecko) Chrome/28.0.1500.95 Safari/537.36"
117.192.139.5 - - [18/Aug/2013:06:54:11 -0400] "GET /graphics/logoin.jpg HTTP/1.1" 200 14869 "http://www.michaelbrandwein.com/presentations.html" "Mozilla/5.0 (Macintosh; Intel Mac OS X 10_8_4) AppleWebKit/537.36 (KHTML, like Gecko) Chrome/28.0.1500.95 Safari/537.36"
173.192.235.226 - - [18/Aug/2013:08:02:12 -0400] "GET /yapproach.html HTTP/1.1" 200 13087 "-" "Mozilla/5.0 (compatible; SiteExplorer/1.0b; +http://siteexplorer.info/)"
2.51.48.13 - - [18/Aug/2013:12:35:33 -0400] "GET /graphics/hr2a.jpg HTTP/1.1" 200 8132 "http://www.michaelbrandwein.com/presentations.html" "Mozilla/5.0 (Windows NT 6.1; WOW64) AppleWebKit/537.36 (KHTML, like Gecko) Chrome/28.0.1500.95 Safari/537.36"
2.51.48.13 - - [18/Aug/2013:12:35:34 -0400] "GET /favicon.ico HTTP/1.1" 404 575 "-" "Mozilla/5.0 (Windows NT 6.1; WOW64) AppleWebKit/537.36 (KHTML, like Gecko) Chrome/28.0.1500.95 Safari/537.36"
71.105.109.203 - - [18/Aug/2013:18:25:14 -0400] "GET /graphics/bodyy.gif HTTP/1.1" 200 124 "http://www.michaelbrandwein.com/" "Mozilla/5.0 (Macintosh; Intel Mac OS X 10_6_8) AppleWebKit/534.57.2 (KHTML, like Gecko) Version/5.1.7 Safari/534.57.2"
157.55.35.79 - - [18/Aug/2013:21:03:20 -0400] "GET /atopics/supervisingservicesuccess.html HTTP/1.1" 200 8886 "-" "Mozilla/5.0 (compatible; bingbot/2.0; +http://www.bing.com/bingbot.htm)"
173.69.152.200 - - [18/Aug/2013:21:53:07 -0400] "GET /graphics/dot.gif HTTP/1.1" 200 114 "http://www.michaelbrandwein.com/youth.html" "Mozilla/5.0 (iPad; CPU OS 6_0 like Mac OS X) AppleWebKit/536.26 (KHTML, like Gecko) Version/6.0 Mobile/10A407 Safari/8536.25"
173.69.152.200 - - [18/Aug/2013:21:53:07 -0400] "GET /graphics/oval2.jpg HTTP/1.1" 200 14082 "http://www.michaelbrandwein.com/youth.html" "Mozilla/5.0 (iPad; CPU OS 6_0 like Mac OS X) AppleWebKit/536.26 (KHTML, like Gecko) Version/6.0 Mobile/10A407 Safari/8536.25"
157.55.35.79 - - [18/Aug/2013:23:09:17 -0400] "GET /robots.txt HTTP/1.1" 404 575 "-" "Mozilla/5.0 (compatible; bingbot/2.0; +http://www.bing.com/bingbot.htm)"
23.24.203.142 - - [18/Aug/2013:23:41:34 -0400] "GET /products/superstaffsupervision_clip_image002.jpg HTTP/1.1" 200 9705 "http://thecampdirector.com/2012/03/22/camp-easy-a-data-base-to-help-parents-enjoy-planning-a-summer-of-camp/" "Mozilla/5.0 (Macintosh; Intel Mac OS X 10_8_4) AppleWebKit/537.36 (KHTML, like Gecko) Chrome/28.0.1500.95 Safari/537.36"
93.115.86.194 - - [18/Aug/2013:04:08:56 -0400] "GET /clientcomments.html HTTP/1.1" 200 29967 "-" "Mozilla/4.0 (compatible; MSIE 6.0; Windows NT 5.1; SV1)"
93.115.86.194 - - [18/Aug/2013:04:09:05 -0400] "GET /youth.html HTTP/1.1" 200 14317 "-" "Mozilla/4.0 (compatible; MSIE 6.0; Windows NT 5.1; SV1)"
157.55.32.149 - - [18/Aug/2013:00:44:40 -0400] "GET /ytopics/camp/training/staff/ysayings.txt HTTP/1.1" 200 6677 "-" "Mozilla/5.0 (compatible; bingbot/2.0; +http://www.bing.com/bingbot.htm)"
208.43.225.85 - - [18/Aug/2013:06:00:10 -0400] "GET /video/LLsegment4.ram HTTP/1.1" 200 47 "-" "Mozilla/5.0 (compatible; SiteExplorer/1.0b; +http://siteexplorer.info/)"
173.199.116.83 - - [18/Aug/2013:07:05:05 -0400] "GET /ytopics/organizations/supervise/laserbeam.html HTTP/1.1" 200 11827 "-" "Mozilla/5.0 (compatible; AhrefsBot/4.0; +http://ahrefs.com/robot/)"
199.30.16.53 - - [18/Aug/2013:08:27:28 -0400] "GET /robots.txt HTTP/1.1" 404 575 "-" "msnbot-media/1.1 (+http://search.msn.com/msnbot.htm)"
157.55.35.79 - - [18/Aug/2013:16:22:17 -0400] "GET /robots.txt HTTP/1.1" 404 575 "-" "Mozilla/5.0 (compatible; bingbot/2.0; +http://www.bing.com/bingbot.htm)"
93.115.86.194 - - [18/Aug/2013:04:09:06 -0400] "GET /bioabnormal.html HTTP/1.1" 200 13765 "-" "Mozilla/4.0 (compatible; MSIE 6.0; Windows NT 5.1; SV1)"
66.249.75.170 - - [18/Aug/2013:05:49:44 -0400] "GET /yproducts.html HTTP/1.1" 304 - "-" "Mozilla/5.0 (compatible; Googlebot/2.1; +http://www.google.com/bot.html)"
157.228.88.210 - - [18/Aug/2013:18:08:44 -0400] "GET /graphics/dot.gif HTTP/1.1" 200 114 "http://www.michaelbrandwein.com/presentations.html" "Mozilla/5.0 (iPhone; CPU iPhone OS 6_1_4 like Mac OS X) AppleWebKit/536.26 (KHTML, like Gecko) Version/6.0 Mobile/10B350 Safari/8536.25"
98.206.162.9 - - [18/Aug/2013:09:53:08 -0400] "GET /graphics/logoin.jpg HTTP/1.1" 200 14869 "http://www.michaelbrandwein.com/" "Mozilla/5.0 (Windows NT 6.1; WOW64; rv:22.0) Gecko/20100101 Firefox/22.0"
98.206.162.9 - - [18/Aug/2013:09:53:09 -0400] "GET /graphics/bodyy.gif HTTP/1.1" 200 124 "http://www.michaelbrandwein.com/" "Mozilla/5.0 (Windows NT 6.1; WOW64; rv:22.0) Gecko/20100101 Firefox/22.0"
98.206.162.9 - - [18/Aug/2013:09:53:09 -0400] "GET /graphics/homeyouth2.jpg HTTP/1.1" 200 18018 "http://www.michaelbrandwein.com/" "Mozilla/5.0 (Windows NT 6.1; WOW64; rv:22.0) Gecko/20100101 Firefox/22.0"
93.115.86.194 - - [18/Aug/2013:04:08:58 -0400] "GET /index.html HTTP/1.1" 200 5960 "-" "Mozilla/4.0 (compatible; MSIE 6.0; Windows NT 5.1; SV1)"
98.137.206.35 - - [18/Aug/2013:00:18:55 -0400] "GET /graphics/homeyouth.jpg HTTP/1.1" 200 17174 "http://michaelbrandwein.com/" "Mozilla/5.0 (compatible; Yahoo! Slurp/3.0; http://help.yahoo.com/help/us/ysearch/slurp) NOT Firefox/3.5"
98.137.206.35 - - [18/Aug/2013:00:18:56 -0400] "GET /graphics/homeyouth2.jpg HTTP/1.1" 200 18018 "http://michaelbrandwein.com/" "Mozilla/5.0 (compatible; Yahoo! Slurp/3.0; http://help.yahoo.com/help/us/ysearch/slurp) NOT Firefox/3.5"
98.206.162.9 - - [18/Aug/2013:10:00:56 -0400] "GET /css/adult.css HTTP/1.1" 200 6290 "http://www.michaelbrandwein.com/adult.html" "Mozilla/5.0 (Windows NT 6.1; WOW64; rv:22.0) Gecko/20100101 Firefox/22.0"
98.206.162.9 - - [18/Aug/2013:10:00:57 -0400] "GET /images/adulthome.jpg HTTP/1.1" 200 16218 "http://www.michaelbrandwein.com/adult.html" "Mozilla/5.0 (Windows NT 6.1; WOW64; rv:22.0) Gecko/20100101 Firefox/22.0"
98.206.162.9 - - [18/Aug/2013:10:00:57 -0400] "GET /css/youth.css HTTP/1.1" 200 8470 "http://www.michaelbrandwein.com/youth.html" "Mozilla/5.0 (Windows NT 6.1; WOW64; rv:22.0) Gecko/20100101 Firefox/22.0"
98.206.162.9 - - [18/Aug/2013:10:00:57 -0400] "GET /graphics/dot.gif HTTP/1.1" 200 114 "http://www.michaelbrandwein.com/adult.html" "Mozilla/5.0 (Windows NT 6.1; WOW64; rv:22.0) Gecko/20100101 Firefox/22.0"
98.206.162.9 - - [18/Aug/2013:10:00:57 -0400] "GET /graphics/oval1.jpg HTTP/1.1" 200 14070 "http://www.michaelbrandwein.com/youth.html" "Mozilla/5.0 (Windows NT 6.1; WOW64; rv:22.0) Gecko/20100101 Firefox/22.0"
98.206.162.9 - - [18/Aug/2013:10:01:38 -0400] "GET /yvideopreviews.html HTTP/1.1" 200 17732 "http://www.michaelbrandwein.com/youth.html" "Mozilla/5.0 (Windows NT 6.1; WOW64; rv:22.0) Gecko/20100101 Firefox/22.0"
98.206.162.9 - - [18/Aug/2013:10:01:38 -0400] "GET /images/Key-note-excerpt-1100.jpg HTTP/1.1" 200 6430 "http://www.michaelbrandwein.com/yvideopreviews.html" "Mozilla/5.0 (Windows NT 6.1; WOW64; rv:22.0) Gecko/20100101 Firefox/22.0"
98.206.162.9 - - [18/Aug/2013:10:01:39 -0400] "GET /graphics/logo_real.gif HTTP/1.1" 200 575 "http://www.michaelbrandwein.com/yvideopreviews.html" "Mozilla/5.0 (Windows NT 6.1; WOW64; rv:22.0) Gecko/20100101 Firefox/22.0"
98.206.162.9 - - [18/Aug/2013:10:01:39 -0400] "GET /graphics/windowsmedia_masthead_ltr.gif HTTP/1.1" 200 3184 "http://www.michaelbrandwein.com/yvideopreviews.html" "Mozilla/5.0 (Windows NT 6.1; WOW64; rv:22.0) Gecko/20100101 Firefox/22.0"
98.206.162.9 - - [18/Aug/2013:10:01:40 -0400] "GET /ybioabnormal.html HTTP/1.1" 200 15709 "http://www.michaelbrandwein.com/youth.html" "Mozilla/5.0 (Windows NT 6.1; WOW64; rv:22.0) Gecko/20100101 Firefox/22.0"
98.206.162.9 - - [18/Aug/2013:10:01:40 -0400] "GET /images/answery.jpg HTTP/1.1" 200 6068 "http://www.michaelbrandwein.com/ybioabnormal.html" "Mozilla/5.0 (Windows NT 6.1; WOW64; rv:22.0) Gecko/20100101 Firefox/22.0"
98.206.162.9 - - [18/Aug/2013:10:01:41 -0400] "GET /images/answer1y.jpg HTTP/1.1" 200 7567 "http://www.michaelbrandwein.com/ybioabnormal.html" "Mozilla/5.0 (Windows NT 6.1; WOW64; rv:22.0) Gecko/20100101 Firefox/22.0"
98.206.162.9 - - [18/Aug/2013:10:01:41 -0400] "GET /images/ybio.jpg HTTP/1.1" 200 25398 "http://www.michaelbrandwein.com/ybionormal.html" "Mozilla/5.0 (Windows NT 6.1; WOW64; rv:22.0) Gecko/20100101 Firefox/22.0"
173.199.116.83 - - [18/Aug/2013:17:02:21 -0400] "GET /products/learningleadership.html HTTP/1.1" 200 14996 "-" "Mozilla/5.0 (compatible; AhrefsBot/4.0; +http://ahrefs.com/robot/)"
157.55.35.79 - - [18/Aug/2013:17:33:15 -0400] "GET /robots.txt HTTP/1.1" 404 575 "-" "Mozilla/5.0 (compatible; bingbot/2.0; +http://www.bing.com/bingbot.htm)"
76.168.162.25 - - [18/Aug/2013:17:50:11 -0400] "GET /favicon.ico HTTP/1.1" 404 575 "-" "Mozilla/5.0 (compatible; MSIE 10.0; Windows NT 6.2; Win64; x64; Trident/6.0)"
65.55.213.47 - - [18/Aug/2013:19:01:21 -0400] "GET /css/youth.css HTTP/1.1" 200 8470 "http://www.michaelbrandwein.com/ytopics/camp/conferences/largegroupleadership.html" "Mozilla/4.0 (compatible; MSIE 7.0; Windows NT 5.1; SLCC1; .NET CLR 1.1.4322; .NET CLR 2.0.40607; .NET CLR 3.0.30729)"
199.30.20.59 - - [18/Aug/2013:19:04:21 -0400] "GET /robots.txt HTTP/1.1" 404 575 "-" "msnbot-media/1.1 (+http://search.msn.com/msnbot.htm)"
157.55.32.109 - - [18/Aug/2013:07:47:08 -0400] "GET /ytopics/camp/training/admin/cdos.html HTTP/1.1" 200 10625 "-" "Mozilla/5.0 (compatible; bingbot/2.0; +http://www.bing.com/bingbot.htm)"
199.21.99.123 - - [18/Aug/2013:13:58:25 -0400] "GET / HTTP/1.1" 200 5960 "-" "Mozilla/5.0 (compatible; YandexBot/3.0; +http://yandex.com/bots)"
157.55.35.79 - - [18/Aug/2013:16:24:18 -0400] "GET /ytopics/camp/training/session/specialeventsreview.html HTTP/1.1" 200 10631 "-" "Mozilla/5.0 (compatible; bingbot/2.0; +http://www.bing.com/bingbot.htm)"
157.55.35.79 - - [18/Aug/2013:17:37:31 -0400] "GET /ytopics/camp/training/admin/theresaspecialist.html HTTP/1.1" 200 10905 "-" "Mozilla/5.0 (compatible; bingbot/2.0; +http://www.bing.com/bingbot.htm)"
76.168.162.25 - - [18/Aug/2013:17:50:05 -0400] "GET /favicon.ico HTTP/1.1" 404 575 "-" "Mozilla/5.0 (compatible; MSIE 10.0; Windows NT 6.2; Win64; x64; Trident/6.0)"
220.181.108.102 - - [18/Aug/2013:20:23:51 -0400] "GET /youth.html HTTP/1.1" 200 14317 "-" "Mozilla/5.0 (compatible; Baiduspider/2.0; +http://www.baidu.com/search/spider.html)"
178.154.243.82 - - [18/Aug/2013:21:14:45 -0400] "GET /products/parentingpuzzle_clip_image002.jpg HTTP/1.1" 304 - "-" "Mozilla/5.0 (compatible; YandexImages/3.0; +http://yandex.com/bots)"
157.55.32.149 - - [18/Aug/2013:21:18:58 -0400] "GET /acomments/sdmnagruralleadership.html HTTP/1.1" 304 - "-" "Mozilla/5.0 (compatible; bingbot/2.0; +http://www.bing.com/bingbot.htm)"
59.92.197.200 - - [18/Aug/2013:01:45:13 -0400] "GET /css/adult.css HTTP/1.1" 200 6290 "http://www.michaelbrandwein.com/presentations.html" "Mozilla/5.0 (Windows NT 6.1; WOW64) AppleWebKit/537.36 (KHTML, like Gecko) Chrome/28.0.1500.95 Safari/537.36"
59.92.197.200 - - [18/Aug/2013:01:45:14 -0400] "GET /graphics/logoin.jpg HTTP/1.1" 200 14869 "http://www.michaelbrandwein.com/presentations.html" "Mozilla/5.0 (Windows NT 6.1; WOW64) AppleWebKit/537.36 (KHTML, like Gecko) Chrome/28.0.1500.95 Safari/537.36"
93.115.86.194 - - [18/Aug/2013:04:08:58 -0400] "GET /adult.html HTTP/1.1" 200 13694 "-" "Mozilla/4.0 (compatible; MSIE 6.0; Windows NT 5.1; SV1)"
208.43.225.85 - - [18/Aug/2013:06:00:25 -0400] "GET /video/LLsegment1.ram HTTP/1.1" 200 47 "-" "Mozilla/5.0 (compatible; SiteExplorer/1.0b; +http://siteexplorer.info/)"
173.192.235.226 - - [18/Aug/2013:08:02:02 -0400] "GET /ybionormal.html HTTP/1.1" 200 12648 "-" "Mozilla/5.0 (compatible; SiteExplorer/1.0b; +http://siteexplorer.info/)"
208.43.225.85 - - [18/Aug/2013:06:00:15 -0400] "GET /video/LLsegment3.ram HTTP/1.1" 200 47 "-" "Mozilla/5.0 (compatible; SiteExplorer/1.0b; +http://siteexplorer.info/)"
180.76.5.164 - - [18/Aug/2013:13:22:46 -0400] "GET /ytopics/schools/keynotes/safetheenvironment.html HTTP/1.1" 200 11396 "-" "Mozilla/5.0 (compatible; Baiduspider/2.0; +http://www.baidu.com/search/spider.html)"
108.202.210.126 - - [18/Aug/2013:13:32:58 -0400] "GET /products/superstaffsupervision_clip_image002.jpg HTTP/1.1" 200 9705 "http://thecampdirector.com/" "Mozilla/5.0 (Windows NT 6.1; WOW64; rv:23.0) Gecko/20100101 Firefox/23.0"
108.202.210.126 - - [18/Aug/2013:13:32:58 -0400] "GET /products/learningleadership_clip_image002.jpg HTTP/1.1" 200 10525 "http://thecampdirector.com/" "Mozilla/5.0 (Windows NT 6.1; WOW64; rv:23.0) Gecko/20100101 Firefox/23.0"
157.55.32.109 - - [18/Aug/2013:13:57:02 -0400] "GET /ytopics/camp/conferences/superstaffsupervision.html HTTP/1.1" 200 10705 "-" "Mozilla/5.0 (compatible; bingbot/2.0; +http://www.bing.com/bingbot.htm)"
59.92.197.200 - - [18/Aug/2013:01:47:01 -0400] "GET /favicon.ico HTTP/1.1" 404 575 "-" "Mozilla/5.0 (Windows NT 6.1; WOW64) AppleWebKit/537.36 (KHTML, like Gecko) Chrome/28.0.1500.95 Safari/537.36"
24.13.80.37 - - [18/Aug/2013:15:10:23 -0400] "GET /products/trainingterrificstaff_clip_image002.jpg HTTP/1.1" 200 10083 "http://thecampdirector.com/" "Mozilla/5.0 (iPad; CPU OS 6_1_3 like Mac OS X) AppleWebKit/536.26 (KHTML, like Gecko) CriOS/28.0.1500.16 Mobile/10B329 Safari/8536.25"
176.31.14.28 - - [18/Aug/2013:16:21:13 -0400] "GET /videopreviews.html HTTP/1.1" 200 15840 "-" "Mozilla/5.0 (Windows NT 6.1; WOW64) AppleWebKit/535.8 (KHTML, like Gecko) Chrome/17.0.940.0 Safari/535.8"
71.105.109.203 - - [18/Aug/2013:18:26:41 -0400] "GET /yclientlist.html HTTP/1.1" 200 14192 "http://www.michaelbrandwein.com/ytopics/camp/conferences/campgames.html" "Mozilla/5.0 (Macintosh; Intel Mac OS X 10_6_8) AppleWebKit/534.57.2 (KHTML, like Gecko) Version/5.1.7 Safari/534.57.2"
184.175.55.200 - - [18/Aug/2013:21:44:13 -0400] "GET /graphics/arrow.gif HTTP/1.1" 200 942 "http://www.michaelbrandwein.com/youth.html" "Mozilla/5.0 (Windows NT 6.1; WOW64) AppleWebKit/537.36 (KHTML, like Gecko) Chrome/28.0.1500.95 Safari/537.36"
184.175.55.200 - - [18/Aug/2013:21:44:13 -0400] "GET /graphics/oval4.jpg HTTP/1.1" 200 13531 "http://www.michaelbrandwein.com/youth.html" "Mozilla/5.0 (Windows NT 6.1; WOW64) AppleWebKit/537.36 (KHTML, like Gecko) Chrome/28.0.1500.95 Safari/537.36"
98.206.162.9 - - [18/Aug/2013:10:00:57 -0400] "GET /graphics/arrowup.gif HTTP/1.1" 200 84 "http://www.michaelbrandwein.com/adult.html" "Mozilla/5.0 (Windows NT 6.1; WOW64; rv:22.0) Gecko/20100101 Firefox/22.0"
98.206.162.9 - - [18/Aug/2013:10:00:57 -0400] "GET /graphics/oval3.jpg HTTP/1.1" 200 14255 "http://www.michaelbrandwein.com/youth.html" "Mozilla/5.0 (Windows NT 6.1; WOW64; rv:22.0) Gecko/20100101 Firefox/22.0"
98.206.162.9 - - [18/Aug/2013:10:00:57 -0400] "GET /graphics/oval4.jpg HTTP/1.1" 200 13531 "http://www.michaelbrandwein.com/youth.html" "Mozilla/5.0 (Windows NT 6.1; WOW64; rv:22.0) Gecko/20100101 Firefox/22.0"
12.23.250.2 - - [18/Aug/2013:10:37:58 -0400] "GET /products/trainingterrificstaff_clip_image002.jpg HTTP/1.1" 200 10083 "http://thecampdirector.com/" "Mozilla/5.0 (Macintosh; Intel Mac OS X 10_8_4) AppleWebKit/536.30.1 (KHTML, like Gecko) Version/6.0.5 Safari/536.30.1"
157.55.32.109 - - [18/Aug/2013:21:55:39 -0400] "GET /videopreviews.html HTTP/1.1" 200 15840 "-" "Mozilla/5.0 (compatible; bingbot/2.0; +http://www.bing.com/bingbot.htm)"
173.192.235.226 - - [18/Aug/2013:08:02:37 -0400] "GET /video/LLsegment1.ram HTTP/1.1" 200 47 "-" "Mozilla/5.0 (compatible; SiteExplorer/1.0b; +http://siteexplorer.info/)"
93.115.86.194 - - [18/Aug/2013:04:09:06 -0400] "GET /bionormal.html HTTP/1.1" 200 10798 "-" "Mozilla/4.0 (compatible; MSIE 6.0; Windows NT 5.1; SV1)"
157.55.32.149 - - [18/Aug/2013:05:59:42 -0400] "GET /ytopics/camp/training/staff/howtoteachresponsibility.html HTTP/1.1" 200 11163 "-" "Mozilla/5.0 (compatible; bingbot/2.0; +http://www.bing.com/bingbot.htm)"
98.137.206.35 - - [18/Aug/2013:00:18:55 -0400] "GET /graphics/bodym.jpg HTTP/1.1" 200 28996 "http://michaelbrandwein.com/" "Mozilla/5.0 (compatible; Yahoo! Slurp/3.0; http://help.yahoo.com/help/us/ysearch/slurp) NOT Firefox/3.5"
98.137.206.35 - - [18/Aug/2013:00:18:56 -0400] "GET /graphics/bhomeenter3.jpg HTTP/1.1" 404 575 "http://michaelbrandwein.com/" "Mozilla/5.0 (compatible; Yahoo! Slurp/3.0; http://help.yahoo.com/help/us/ysearch/slurp) NOT Firefox/3.5"
70.61.233.2 - - [18/Aug/2013:11:55:32 -0400] "GET /products/superstaffsupervision_clip_image002.jpg HTTP/1.1" 200 9705 "http://thecampdirector.com/2007/11/10/writing-a-letter-of-recommendation-for-college-internships-graduate-school-jobs-step-1-gathering-the-data-from-your-employee/" "Mozilla/5.0 (compatible; MSIE 9.0; Windows NT 6.1; WOW64; Trident/5.0; MDDCJS)"
91.207.9.226 - - [18/Aug/2013:15:33:31 -0400] "GET /atopics/conflictcommunication.html HTTP/1.1" 200 8923 "http://basicuse.net/" "Mozilla/4.0 (compatible; MSIE 6.0; Windows NT 5.1; ru) Opera 8.50"
95.24.193.245 - - [18/Aug/2013:13:05:37 -0400] "GET /graphics/hry2.jpg HTTP/1.1" 200 305 "http://www.michaelbrandwein.com/ytopics/schools/staffdev/helpingyoungpeople.html" "Mozilla/4.0 (compatible; MSIE 6.0; Windows NT 5.1; SV1)"
108.202.210.126 - - [18/Aug/2013:13:33:02 -0400] "GET /products/trainingterrificstaff_clip_image002.jpg HTTP/1.1" 200 10083 "http://thecampdirector.com/" "Mozilla/5.0 (Windows NT 6.1; WOW64; rv:23.0) Gecko/20100101 Firefox/23.0"
199.21.99.123 - - [18/Aug/2013:00:30:09 -0400] "GET /ytopics/camp/conferences/communication.html HTTP/1.1" 200 10770 "-" "Mozilla/5.0 (compatible; YandexBot/3.0; +http://yandex.com/bots)"
173.69.152.200 - - [18/Aug/2013:21:54:33 -0400] "GET /ytopics/camp/conferences/campgames.html HTTP/1.1" 200 10752 "http://www.michaelbrandwein.com/ycampconferences.html" "Mozilla/5.0 (iPad; CPU OS 6_0 like Mac OS X) AppleWebKit/536.26 (KHTML, like Gecko) Version/6.0 Mobile/10A407 Safari/8536.25"
117.192.139.5 - - [18/Aug/2013:06:54:12 -0400] "GET /images/banner2.jpg HTTP/1.1" 200 5488 "http://www.michaelbrandwein.com/presentations.html" "Mozilla/5.0 (Macintosh; Intel Mac OS X 10_8_4) AppleWebKit/537.36 (KHTML, like Gecko) Chrome/28.0.1500.95 Safari/537.36"
117.192.139.5 - - [18/Aug/2013:06:54:13 -0400] "GET /favicon.ico HTTP/1.1" 404 575 "-" "Mozilla/5.0 (Macintosh; Intel Mac OS X 10_8_4) AppleWebKit/537.36 (KHTML, like Gecko) Chrome/28.0.1500.95 Safari/537.36"
157.55.35.79 - - [18/Aug/2013:05:49:44 -0400] "GET /robots.txt HTTP/1.1" 404 575 "-" "Mozilla/5.0 (compatible; bingbot/2.0; +http://www.bing.com/bingbot.htm)"
24.13.80.37 - - [18/Aug/2013:15:10:23 -0400] "GET /products/superstaffsupervision_clip_image002.jpg HTTP/1.1" 200 9705 "http://thecampdirector.com/" "Mozilla/5.0 (iPad; CPU OS 6_1_3 like Mac OS X) AppleWebKit/536.26 (KHTML, like Gecko) CriOS/28.0.1500.16 Mobile/10B329 Safari/8536.25"
208.115.111.72 - - [18/Aug/2013:16:19:23 -0400] "GET /robots.txt HTTP/1.1" 404 575 "-" "Mozilla/5.0 (compatible; Ezooms/1.0; ezooms.bot@gmail.com)"
95.108.246.252 - - [18/Aug/2013:16:30:40 -0400] "GET / HTTP/1.1" 200 5960 "-" "Mozilla/5.0 (compatible; YandexBot/3.0; +http://yandex.com/bots)"
76.168.162.25 - - [18/Aug/2013:17:50:05 -0400] "GET /graphics/arrowup.gif HTTP/1.1" 200 84 "http://www.michaelbrandwein.com/presentations.html" "Mozilla/5.0 (compatible; MSIE 10.0; Windows NT 6.2; WOW64; Trident/6.0)"
157.228.88.210 - - [18/Aug/2013:18:09:09 -0400] "GET /atopics/timemanagement.html HTTP/1.1" 200 8842 "http://www.michaelbrandwein.com/presentations.html" "Mozilla/5.0 (iPhone; CPU iPhone OS 6_1_4 like Mac OS X) AppleWebKit/536.26 (KHTML, like Gecko) Version/6.0 Mobile/10B350 Safari/8536.25"
157.228.88.210 - - [18/Aug/2013:18:09:09 -0400] "GET /atopics/sayings.txt HTTP/1.1" 200 6460 "http://www.michaelbrandwein.com/atopics/timemanagement.html" "Mozilla/5.0 (iPhone; CPU iPhone OS 6_1_4 like Mac OS X) AppleWebKit/536.26 (KHTML, like Gecko) Version/6.0 Mobile/10B350 Safari/8536.25"
66.249.75.170 - - [18/Aug/2013:20:10:44 -0400] "GET /acomments/nasa.html HTTP/1.1" 200 9809 "-" "Mozilla/5.0 (iPhone; U; CPU iPhone OS 4_1 like Mac OS X; en-us) AppleWebKit/532.9 (KHTML, like Gecko) Version/4.0.5 Mobile/8B117 Safari/6531.22.7 (compatible; Googlebot-Mobile/2.1; +http://www.google.com/bot.html)"
157.55.32.149 - - [18/Aug/2013:05:59:10 -0400] "GET /robots.txt HTTP/1.1" 404 575 "-" "Mozilla/5.0 (compatible; bingbot/2.0; +http://www.bing.com/bingbot.htm)"
66.249.75.170 - - [18/Aug/2013:06:51:17 -0400] "GET /ytopics/camp/conferences/nomeansknow.html HTTP/1.1" 200 10569 "-" "Mozilla/5.0 (compatible; Googlebot/2.1; +http://www.google.com/bot.html)"
199.30.20.70 - - [18/Aug/2013:06:54:40 -0400] "GET /products/tts2cover228.jpg HTTP/1.1" 200 28934 "-" "msnbot-media/1.1 (+http://search.msn.com/msnbot.htm)"
157.56.93.154 - - [18/Aug/2013:07:55:46 -0400] "GET /ytopics/camp/training/admin/ysayings.txt HTTP/1.1" 200 6677 "-" "Mozilla/5.0 (compatible; bingbot/2.0; +http://www.bing.com/bingbot.htm)"
173.192.235.226 - - [18/Aug/2013:08:00:41 -0400] "GET /robots.txt HTTP/1.1" 404 575 "-" "Mozilla/5.0 (compatible; SiteExplorer/1.0b; +http://siteexplorer.info/)"
112.110.134.107 - - [18/Aug/2013:09:24:44 -0400] "GET /graphics/hr2a.jpg HTTP/1.1" 200 8132 "http://www.michaelbrandwein.com/presentations.html" "Mozilla/5.0 (Windows NT 6.1) AppleWebKit/537.36 (KHTML, like Gecko) Chrome/28.0.1500.95 Safari/537.36"
112.110.134.107 - - [18/Aug/2013:09:24:45 -0400] "GET /sayings.txt HTTP/1.1" 200 6460 "http://www.michaelbrandwein.com/presentations.html" "Mozilla/5.0 (Windows NT 6.1) AppleWebKit/537.36 (KHTML, like Gecko) Chrome/28.0.1500.95 Safari/537.36"
98.206.162.9 - - [18/Aug/2013:09:53:08 -0400] "GET /graphics/homeyouth.jpg HTTP/1.1" 200 17174 "http://www.michaelbrandwein.com/" "Mozilla/5.0 (Windows NT 6.1; WOW64; rv:22.0) Gecko/20100101 Firefox/22.0"
98.206.162.9 - - [18/Aug/2013:09:53:09 -0400] "GET /graphics/bodym.jpg HTTP/1.1" 200 28996 "http://www.michaelbrandwein.com/" "Mozilla/5.0 (Windows NT 6.1; WOW64; rv:22.0) Gecko/20100101 Firefox/22.0"
98.206.162.9 - - [18/Aug/2013:09:53:09 -0400] "GET /graphics/bhomeenter3.jpg HTTP/1.1" 404 575 "http://www.michaelbrandwein.com/" "Mozilla/5.0 (Windows NT 6.1; WOW64; rv:22.0) Gecko/20100101 Firefox/22.0"
98.206.162.9 - - [18/Aug/2013:10:01:39 -0400] "GET /images/Key-note-excerpt-5100.jpg HTTP/1.1" 200 8646 "http://www.michaelbrandwein.com/yvideopreviews.html" "Mozilla/5.0 (Windows NT 6.1; WOW64; rv:22.0) Gecko/20100101 Firefox/22.0"
98.206.162.9 - - [18/Aug/2013:10:01:41 -0400] "GET /images/answer3y.jpg HTTP/1.1" 200 12155 "http://www.michaelbrandwein.com/ybioabnormal.html" "Mozilla/5.0 (Windows NT 6.1; WOW64; rv:22.0) Gecko/20100101 Firefox/22.0"
157.55.35.79 - - [18/Aug/2013:11:13:52 -0400] "GET /yparents.html HTTP/1.1" 200 11989 "-" "Mozilla/5.0 (compatible; bingbot/2.0; +http://www.bing.com/bingbot.htm)"
157.228.88.210 - - [18/Aug/2013:18:08:43 -0400] "GET /css/adult.css HTTP/1.1" 200 6290 "http://www.michaelbrandwein.com/presentations.html" "Mozilla/5.0 (iPhone; CPU iPhone OS 6_1_4 like Mac OS X) AppleWebKit/536.26 (KHTML, like Gecko) Version/6.0 Mobile/10B350 Safari/8536.25"
157.228.88.210 - - [18/Aug/2013:18:08:44 -0400] "GET /graphics/logoin.jpg HTTP/1.1" 200 14869 "http://www.michaelbrandwein.com/presentations.html" "Mozilla/5.0 (iPhone; CPU iPhone OS 6_1_4 like Mac OS X) AppleWebKit/536.26 (KHTML, like Gecko) Version/6.0 Mobile/10B350 Safari/8536.25"
173.69.152.200 - - [18/Aug/2013:21:53:07 -0400] "GET /css/youth.css HTTP/1.1" 200 8470 "http://www.michaelbrandwein.com/youth.html" "Mozilla/5.0 (iPad; CPU OS 6_0 like Mac OS X) AppleWebKit/536.26 (KHTML, like Gecko) Version/6.0 Mobile/10A407 Safari/8536.25"
173.69.152.200 - - [18/Aug/2013:21:53:07 -0400] "GET /images/banner2.jpg HTTP/1.1" 200 5488 "http://www.michaelbrandwein.com/youth.html" "Mozilla/5.0 (iPad; CPU OS 6_0 like Mac OS X) AppleWebKit/536.26 (KHTML, like Gecko) Version/6.0 Mobile/10A407 Safari/8536.25"
173.69.152.200 - - [18/Aug/2013:21:53:07 -0400] "GET /images/youthhome.jpg HTTP/1.1" 200 15371 "http://www.michaelbrandwein.com/youth.html" "Mozilla/5.0 (iPad; CPU OS 6_0 like Mac OS X) AppleWebKit/536.26 (KHTML, like Gecko) Version/6.0 Mobile/10A407 Safari/8536.25"
173.69.152.200 - - [18/Aug/2013:21:53:07 -0400] "GET /graphics/oval1.jpg HTTP/1.1" 200 14070 "http://www.michaelbrandwein.com/youth.html" "Mozilla/5.0 (iPad; CPU OS 6_0 like Mac OS X) AppleWebKit/536.26 (KHTML, like Gecko) Version/6.0 Mobile/10A407 Safari/8536.25"
173.69.152.200 - - [18/Aug/2013:21:53:07 -0400] "GET /graphics/oval5.jpg HTTP/1.1" 200 14409 "http://www.michaelbrandwein.com/youth.html" "Mozilla/5.0 (iPad; CPU OS 6_0 like Mac OS X) AppleWebKit/536.26 (KHTML, like Gecko) Version/6.0 Mobile/10A407 Safari/8536.25"
173.69.152.200 - - [18/Aug/2013:21:53:09 -0400] "GET /graphics/oval6.jpg HTTP/1.1" 200 3369 "http://www.michaelbrandwein.com/youth.html" "Mozilla/5.0 (iPad; CPU OS 6_0 like Mac OS X) AppleWebKit/536.26 (KHTML, like Gecko) Version/6.0 Mobile/10A407 Safari/8536.25"
66.249.75.170 - - [18/Aug/2013:12:09:58 -0400] "GET /ytopics/camp/conferences/largegroupleadership.html HTTP/1.1" 200 10641 "-" "Mozilla/5.0 (iPhone; U; CPU iPhone OS 4_1 like Mac OS X; en-us) AppleWebKit/532.9 (KHTML, like Gecko) Version/4.0.5 Mobile/8B117 Safari/6531.22.7 (compatible; Googlebot-Mobile/2.1; +http://www.google.com/bot.html)"
176.31.14.28 - - [18/Aug/2013:16:21:12 -0400] "GET /adult.html HTTP/1.1" 200 13694 "-" "Mozilla/5.0 (compatible; MSIE 9.0; Windows NT 6.1; Win64; x64; Trident/5.0"
66.249.75.170 - - [18/Aug/2013:17:28:19 -0400] "GET /atopics/valueofvaryingviews.html HTTP/1.1" 200 9023 "-" "SAMSUNG-SGH-E250/1.0 Profile/MIDP-2.0 Configuration/CLDC-1.1 UP.Browser/6.2.3.3.c.1.101 (GUI) MMP/2.0 (compatible; Googlebot-Mobile/2.1; +http://www.google.com/bot.html)"
157.55.35.79 - - [18/Aug/2013:17:34:16 -0400] "GET / HTTP/1.1" 304 - "-" "Mozilla/5.0 (compatible; bingbot/2.0; +http://www.bing.com/bingbot.htm)"
208.43.225.85 - - [18/Aug/2013:05:58:40 -0400] "GET /ysitemap.html HTTP/1.1" 200 42814 "-" "Mozilla/5.0 (compatible; SiteExplorer/1.0b; +http://siteexplorer.info/)"
66.249.75.170 - - [18/Aug/2013:00:13:05 -0400] "GET /ytopics/camp/conferences/timemanagement.html HTTP/1.1" 304 - "-" "Mozilla/5.0 (compatible; Googlebot/2.1; +http://www.google.com/bot.html)"
184.175.55.200 - - [18/Aug/2013:21:43:20 -0400] "GET /graphics/bodym.jpg HTTP/1.1" 200 28996 "http://www.michaelbrandwein.com/" "Mozilla/5.0 (Windows NT 6.1; WOW64) AppleWebKit/537.36 (KHTML, like Gecko) Chrome/28.0.1500.95 Safari/537.36"
184.175.55.200 - - [18/Aug/2013:21:43:21 -0400] "GET /graphics/homeyouth2.jpg HTTP/1.1" 200 18018 "http://www.michaelbrandwein.com/" "Mozilla/5.0 (Windows NT 6.1; WOW64) AppleWebKit/537.36 (KHTML, like Gecko) Chrome/28.0.1500.95 Safari/537.36"
71.194.104.97 - - [18/Aug/2013:22:05:40 -0400] "GET /yclientlist.html HTTP/1.1" 200 14192 "-" "Mozilla/5.0 (iPad; CPU OS 6_1_3 like Mac OS X) AppleWebKit/536.26 (KHTML, like Gecko) Version/6.0 Mobile/10B329 Safari/8536.25"
208.115.113.88 - - [18/Aug/2013:23:49:51 -0400] "GET /yparents.html HTTP/1.1" 200 11989 "-" "Mozilla/5.0 (compatible; Ezooms/1.0; ezooms.bot@gmail.com)"
71.105.109.203 - - [18/Aug/2013:18:25:29 -0400] "GET /images/facebook.jpg HTTP/1.1" 200 19424 "http://www.michaelbrandwein.com/youth.html" "Mozilla/5.0 (Macintosh; Intel Mac OS X 10_6_8) AppleWebKit/534.57.2 (KHTML, like Gecko) Version/5.1.7 Safari/534.57.2"
66.249.75.170 - - [18/Aug/2013:20:46:46 -0400] "GET /ycontact.html HTTP/1.1" 304 - "-" "Mozilla/5.0 (iPhone; U; CPU iPhone OS 4_1 like Mac OS X; en-us) AppleWebKit/532.9 (KHTML, like Gecko) Version/4.0.5 Mobile/8B117 Safari/6531.22.7 (compatible; Googlebot-Mobile/2.1; +http://www.google.com/bot.html)"
66.249.75.170 - - [18/Aug/2013:16:12:26 -0400] "GET /ytopics/camp/conferences/largegroupleadership.html HTTP/1.1" 200 10641 "-" "SAMSUNG-SGH-E250/1.0 Profile/MIDP-2.0 Configuration/CLDC-1.1 UP.Browser/6.2.3.3.c.1.101 (GUI) MMP/2.0 (compatible; Googlebot-Mobile/2.1; +http://www.google.com/bot.html)"
66.249.75.170 - - [18/Aug/2013:16:37:33 -0400] "GET /bioabnormal.html HTTP/1.1" 304 - "-" "Mozilla/5.0 (iPhone; U; CPU iPhone OS 4_1 like Mac OS X; en-us) AppleWebKit/532.9 (KHTML, like Gecko) Version/4.0.5 Mobile/8B117 Safari/6531.22.7 (compatible; Googlebot-Mobile/2.1; +http://www.google.com/bot.html)"
180.76.5.173 - - [18/Aug/2013:17:01:09 -0400] "GET /clientlist.html HTTP/1.1" 200 18342 "-" "Mozilla/5.0 (compatible; Baiduspider/2.0; +http://www.baidu.com/search/spider.html)"
117.192.139.5 - - [18/Aug/2013:06:54:12 -0400] "GET /graphics/arrowup.gif HTTP/1.1" 200 84 "http://www.michaelbrandwein.com/presentations.html" "Mozilla/5.0 (Macintosh; Intel Mac OS X 10_8_4) AppleWebKit/537.36 (KHTML, like Gecko) Chrome/28.0.1500.95 Safari/537.36"
173.192.235.226 - - [18/Aug/2013:08:00:51 -0400] "GET /ysitemap.html HTTP/1.1" 200 42814 "-" "Mozilla/5.0 (compatible; SiteExplorer/1.0b; +http://siteexplorer.info/)"
157.55.35.79 - - [18/Aug/2013:03:33:05 -0400] "GET / HTTP/1.1" 200 5960 "-" "Mozilla/5.0 (compatible; bingbot/2.0; +http://www.bing.com/bingbot.htm)"
66.249.75.170 - - [18/Aug/2013:03:52:07 -0400] "GET /ytopics/organizations/supervise/nofuninfungible.html HTTP/1.1" 200 11115 "-" "Mozilla/5.0 (iPhone; U; CPU iPhone OS 4_1 like Mac OS X; en-us) AppleWebKit/532.9 (KHTML, like Gecko) Version/4.0.5 Mobile/8B117 Safari/6531.22.7 (compatible; Googlebot-Mobile/2.1; +http://www.google.com/bot.html)"
93.115.86.194 - - [18/Aug/2013:04:09:03 -0400] "GET /clientcomments.html HTTP/1.1" 200 29967 "-" "Mozilla/4.0 (compatible; MSIE 6.0; Windows NT 5.1; SV1)"
178.154.204.250 - - [18/Aug/2013:11:45:16 -0400] "GET /atopics/leadingsecrets.html HTTP/1.1" 200 8991 "-" "Mozilla/5.0 (compatible; YandexBot/3.0; +http://yandex.com/bots)"
173.69.152.200 - - [18/Aug/2013:21:53:07 -0400] "GET /graphics/arrow.gif HTTP/1.1" 200 942 "http://www.michaelbrandwein.com/youth.html" "Mozilla/5.0 (iPad; CPU OS 6_0 like Mac OS X) AppleWebKit/536.26 (KHTML, like Gecko) Version/6.0 Mobile/10A407 Safari/8536.25"
173.69.152.200 - - [18/Aug/2013:21:53:07 -0400] "GET /graphics/oval3.jpg HTTP/1.1" 200 14255 "http://www.michaelbrandwein.com/youth.html" "Mozilla/5.0 (iPad; CPU OS 6_0 like Mac OS X) AppleWebKit/536.26 (KHTML, like Gecko) Version/6.0 Mobile/10A407 Safari/8536.25"
208.115.113.88 - - [18/Aug/2013:22:50:22 -0400] "GET /robots.txt HTTP/1.1" 404 575 "-" "Mozilla/5.0 (compatible; Ezooms/1.0; ezooms.bot@gmail.com)"
