98.137.206.108 - - [18/Aug/2013:23:47:21 -0400] "GET /graphics/bodya.gif HTTP/1.1" 200 131 "http://michaelbrandwein.com/" "Mozilla/5.0 (compatible; Yahoo! Slurp/3.0; http://help.yahoo.com/help/us/ysearch/slurp) NOT Firefox/3.5"
115.67.166.231 - - [18/Aug/2013:23:51:33 -0400] "GET /graphics/dot.gif HTTP/1.1" 200 114 "http://www.michaelbrandwein.com/presentations.html" "Mozilla/5.0 (iPhone; CPU iPhone OS 5_0 like Mac OS X) AppleWebKit/534.46 (KHTML, like Gecko) Version/5.1 Mobile/9A334 Safari/7534.48.3"
157.55.32.80 - - [18/Aug/2013:13:59:37 -0400] "GET /ytopics/camp/conferences/ysayings.txt HTTP/1.1" 200 6677 "-" "Mozilla/5.0 (compatible; bingbot/2.0; +http://www.bing.com/bingbot.htm)"
65.55.213.72 - - [18/Aug/2013:13:59:50 -0400] "GET /robots.txt HTTP/1.1" 404 575 "-" "msnbot/2.0b (+http://search.msn.com/msnbot.htm)"
71.105.109.203 - - [18/Aug/2013:18:25:13 -0400] "GET / HTTP/1.1" 200 5960 "http://www.google.com/url?sa=t&rct=j&q=michael%20brandwein&source=web&cd=1&ved=0CC0QFjAA&url=http%3A%2F%2Fwww.michaelbrandwein.com%2F&ei=xUkRUq6BD9DyyAGqxYAw&usg=AFQjCNHDmaRDJnR-oh_qbwyh3MQ1xyJfyA&sig2=L2Ur6562YJ-JOKvNrGazOA&bvm=bv.50768961,d.aWc" "Mozilla/5.0 (Macintosh; Intel Mac OS X 10_6_8) AppleWebKit/534.57.2 (KHTML, like Gecko) Version/5.1.7 Safari/534.57.2"
71.105.109.203 - - [18/Aug/2013:18:25:14 -0400] "GET /graphics/logoin.jpg HTTP/1.1" 200 14869 "http://www.michaelbrandwein.com/" "Mozilla/5.0 (Macintosh; Intel Mac OS X 10_6_8) AppleWebKit/534.57.2 (KHTML, like Gecko) Version/5.1.7 Safari/534.57.2"
71.105.109.203 - - [18/Aug/2013:18:25:14 -0400] "GET /graphics/bgwh.gif HTTP/1.1" 200 49 "http://www.michaelbrandwein.com/" "Mozilla/5.0 (Macintosh; Intel Mac OS X 10_6_8) AppleWebKit/534.57.2 (KHTML, like Gecko) Version/5.1.7 Safari/534.57.2"
71.105.109.203 - - [18/Aug/2013:18:25:15 -0400] "GET /graphics/bhomeenter3.jpg HTTP/1.1" 404 575 "http://www.michaelbrandwein.com/" "Mozilla/5.0 (Macintosh; Intel Mac OS X 10_6_8) AppleWebKit/534.57.2 (KHTML, like Gecko) Version/5.1.7 Safari/534.57.2"
71.105.109.203 - - [18/Aug/2013:18:25:29 -0400] "GET /graphics/dot.gif HTTP/1.1" 200 114 "http://www.michaelbrandwein.com/youth.html" "Mozilla/5.0 (Macintosh; Intel Mac OS X 10_6_8) AppleWebKit/534.57.2 (KHTML, like Gecko) Version/5.1.7 Safari/534.57.2"
71.105.109.203 - - [18/Aug/2013:18:25:29 -0400] "GET /graphics/oval6.jpg HTTP/1.1" 200 3369 "http://www.michaelbrandwein.com/youth.html" "Mozilla/5.0 (Macintosh; Intel Mac OS X 10_6_8) AppleWebKit/534.57.2 (KHTML, like Gecko) Version/5.1.7 Safari/534.57.2"
71.105.109.203 - - [18/Aug/2013:18:25:29 -0400] "GET /graphics/oval5.jpg HTTP/1.1" 200 14409 "http://www.michaelbrandwein.com/youth.html" "Mozilla/5.0 (Macintosh; Intel Mac OS X 10_6_8) AppleWebKit/534.57.2 (KHTML, like Gecko) Version/5.1.7 Safari/534.57.2"
92.249.127.111 - - [18/Aug/2013:20:37:37 -0400] "GET /atopics/conflictcommunication.html HTTP/1.1" 200 8923 "http://chydesa.mybb.ru/" "Mozilla/5.0 (compatible; news bot /2.1)"
157.55.32.80 - - [18/Aug/2013:15:28:36 -0400] "GET /css/adult.css HTTP/1.1" 200 6290 "-" "Mozilla/5.0 (compatible; bingbot/2.0; +http://www.bing.com/bingbot.htm)"
66.249.75.170 - - [18/Aug/2013:03:32:14 -0400] "GET /ytopics/camp/conferences/howtoteachresponsibility.html HTTP/1.1" 200 11074 "-" "Mozilla/5.0 (compatible; Googlebot/2.1; +http://www.google.com/bot.html)"
157.55.32.149 - - [18/Aug/2013:16:44:55 -0400] "GET /ytopics/camp/training/staff/leadingthelittlerones.html HTTP/1.1" 200 10917 "-" "Mozilla/5.0 (compatible; bingbot/2.0; +http://www.bing.com/bingbot.htm)"
208.115.111.72 - - [18/Aug/2013:17:46:28 -0400] "GET /ytopics/organizations/workdirectly/whydontyoubehave.html HTTP/1.1" 200 12397 "-" "Mozilla/5.0 (compatible; Ezooms/1.0; ezooms.bot@gmail.com)"
24.9.41.190 - - [18/Aug/2013:07:09:50 -0400] "GET /pdf/brandwein%20letter%20to%20staff%20person1.pdf HTTP/1.1" 200 103828 "https://www.google.com/" "Mozilla/5.0 (iPhone; CPU iPhone OS 6_1_4 like Mac OS X) AppleWebKit/536.26 (KHTML, like Gecko) Version/6.0 Mobile/10B350 Safari/8536.25"
173.192.235.226 - - [18/Aug/2013:08:01:12 -0400] "GET /yparticipantcomments.html HTTP/1.1" 200 47632 "-" "Mozilla/5.0 (compatible; SiteExplorer/1.0b; +http://siteexplorer.info/)"
98.137.206.35 - - [18/Aug/2013:00:18:55 -0400] "GET /css/brandwein.css HTTP/1.1" 200 2167 "http://michaelbrandwein.com/" "Mozilla/5.0 (compatible; Yahoo! Slurp/3.0; http://help.yahoo.com/help/us/ysearch/slurp) NOT Firefox/3.5"
98.137.206.35 - - [18/Aug/2013:00:18:55 -0400] "GET /graphics/bodya.gif HTTP/1.1" 200 131 "http://michaelbrandwein.com/" "Mozilla/5.0 (compatible; Yahoo! Slurp/3.0; http://help.yahoo.com/help/us/ysearch/slurp) NOT Firefox/3.5"
66.249.75.170 - - [18/Aug/2013:00:49:57 -0400] "GET /acomments/mercedes.html HTTP/1.1" 200 11725 "-" "Mozilla/5.0 (compatible; Googlebot/2.1; +http://www.google.com/bot.html)"
178.154.243.94 - - [18/Aug/2013:01:24:34 -0400] "GET /atopics/realtruth.html HTTP/1.1" 200 9124 "-" "Mozilla/5.0 (compatible; YandexBot/3.0; +http://yandex.com/bots)"
46.119.118.152 - - [18/Aug/2013:22:03:12 -0400] "GET /atopics/conflictcommunication.html HTTP/1.1" 200 8923 "http://www.bravica.info/ru/" "Mozilla/4.0 (compatible; MSIE 6.0; Windows NT 5.1; Maxthon; .NET CLR 1.1.4322)"
128.68.32.208 - - [18/Aug/2013:13:04:40 -0400] "GET /graphics/logoin.jpg HTTP/1.1" 200 14869 "http://www.michaelbrandwein.com/ytopics/camp/conferences/campgames.html" "Mozilla/5.0 (Windows; U; Windows NT 5.1; ru; rv:1.9.2.12) Gecko/20101026 Firefox/3.6.12 YB/5.1.3"
66.249.75.170 - - [18/Aug/2013:06:54:28 -0400] "GET /css/youth.css HTTP/1.1" 200 8470 "-" "Mozilla/5.0 (compatible; Googlebot/2.1; +http://www.google.com/bot.html)"
157.55.32.149 - - [18/Aug/2013:02:20:24 -0400] "GET /products/learningleadership.html HTTP/1.1" 200 14996 "-" "Mozilla/5.0 (compatible; bingbot/2.0; +http://www.bing.com/bingbot.htm)"
173.199.116.83 - - [18/Aug/2013:14:51:12 -0400] "GET /ytopics/camp/training/staff/topteaching.html HTTP/1.1" 200 11015 "-" "Mozilla/5.0 (compatible; AhrefsBot/4.0; +http://ahrefs.com/robot/)"
69.171.228.112 - - [18/Aug/2013:20:26:33 -0400] "GET /graphics/homeyouth.jpg HTTP/1.1" 206 17174 "-" "facebookexternalhit/1.1 (+http://www.facebook.com/externalhit_uatext.php)"
157.55.32.109 - - [18/Aug/2013:10:02:09 -0400] "GET /robots.txt HTTP/1.1" 404 575 "-" "Mozilla/5.0 (compatible; bingbot/2.0; +http://www.bing.com/bingbot.htm)"
184.175.55.200 - - [18/Aug/2013:21:44:20 -0400] "GET /yparents.html HTTP/1.1" 200 11989 "http://www.michaelbrandwein.com/youth.html" "Mozilla/5.0 (Windows NT 6.1; WOW64) AppleWebKit/537.36 (KHTML, like Gecko) Chrome/28.0.1500.95 Safari/537.36"
184.175.55.200 - - [18/Aug/2013:21:44:20 -0400] "GET /favicon.ico HTTP/1.1" 404 575 "-" "Mozilla/5.0 (Windows NT 6.1; WOW64) AppleWebKit/537.36 (KHTML, like Gecko) Chrome/28.0.1500.95 Safari/537.36"
184.175.55.200 - - [18/Aug/2013:21:44:25 -0400] "GET /favicon.ico HTTP/1.1" 404 575 "-" "Mozilla/5.0 (Windows NT 6.1; WOW64) AppleWebKit/537.36 (KHTML, like Gecko) Chrome/28.0.1500.95 Safari/537.36"
208.115.111.72 - - [18/Aug/2013:21:49:29 -0400] "GET /ytopics/schools/staffdev/ivetoldyouathousandtimes.html HTTP/1.1" 200 11278 "-" "Mozilla/5.0 (compatible; Ezooms/1.0; ezooms.bot@gmail.com)"
173.69.152.200 - - [18/Aug/2013:21:52:57 -0400] "GET /graphics/bgwh.gif HTTP/1.1" 200 49 "http://www.michaelbrandwein.com/" "Mozilla/5.0 (iPad; CPU OS 6_0 like Mac OS X) AppleWebKit/536.26 (KHTML, like Gecko) Version/6.0 Mobile/10A407 Safari/8536.25"
208.43.225.85 - - [18/Aug/2013:05:59:20 -0400] "GET /yleadership.html HTTP/1.1" 200 12401 "-" "Mozilla/5.0 (compatible; SiteExplorer/1.0b; +http://siteexplorer.info/)"
112.110.134.107 - - [18/Aug/2013:09:24:44 -0400] "GET /graphics/dot.gif HTTP/1.1" 200 114 "http://www.michaelbrandwein.com/presentations.html" "Mozilla/5.0 (Windows NT 6.1) AppleWebKit/537.36 (KHTML, like Gecko) Chrome/28.0.1500.95 Safari/537.36"
98.206.162.9 - - [18/Aug/2013:09:53:08 -0400] "GET / HTTP/1.1" 200 5960 "-" "Mozilla/5.0 (Windows NT 6.1; WOW64; rv:22.0) Gecko/20100101 Firefox/22.0"
98.206.162.9 - - [18/Aug/2013:09:53:08 -0400] "GET /css/brandwein.css HTTP/1.1" 200 2167 "http://www.michaelbrandwein.com/" "Mozilla/5.0 (Windows NT 6.1; WOW64; rv:22.0) Gecko/20100101 Firefox/22.0"
98.206.162.9 - - [18/Aug/2013:09:53:08 -0400] "GET /graphics/bgwh.gif HTTP/1.1" 200 49 "http://www.michaelbrandwein.com/" "Mozilla/5.0 (Windows NT 6.1; WOW64; rv:22.0) Gecko/20100101 Firefox/22.0"
98.206.162.9 - - [18/Aug/2013:09:53:09 -0400] "GET /favicon.ico HTTP/1.1" 404 575 "-" "Mozilla/5.0 (Windows NT 6.1; WOW64; rv:22.0) Gecko/20100101 Firefox/22.0"
2.51.48.13 - - [18/Aug/2013:12:35:33 -0400] "GET /graphics/logoin.jpg HTTP/1.1" 200 14869 "http://www.michaelbrandwein.com/presentations.html" "Mozilla/5.0 (Windows NT 6.1; WOW64) AppleWebKit/537.36 (KHTML, like Gecko) Chrome/28.0.1500.95 Safari/537.36"
2.51.48.13 - - [18/Aug/2013:12:35:34 -0400] "GET /sayings.txt HTTP/1.1" 200 6460 "http://www.michaelbrandwein.com/presentations.html" "Mozilla/5.0 (Windows NT 6.1; WOW64) AppleWebKit/537.36 (KHTML, like Gecko) Chrome/28.0.1500.95 Safari/537.36"
173.199.116.83 - - [18/Aug/2013:14:39:45 -0400] "GET /video/LL1.html HTTP/1.1" 200 4016 "-" "Mozilla/5.0 (compatible; AhrefsBot/4.0; +http://ahrefs.com/robot/)"
108.41.122.244 - - [18/Aug/2013:06:00:56 -0400] "GET /products/learningleadership_clip_image002.jpg HTTP/1.1" 200 10525 "http://thecampdirector.com/tag/resume/" "Mozilla/5.0 (iPad; CPU OS 6_1_3 like Mac OS X) AppleWebKit/536.26 (KHTML, like Gecko) Version/6.0 Mobile/10B329 Safari/8536.25"
199.30.20.70 - - [18/Aug/2013:06:54:39 -0400] "GET /robots.txt HTTP/1.1" 404 575 "-" "msnbot-media/1.1 (+http://search.msn.com/msnbot.htm)"
98.27.147.193 - - [18/Aug/2013:00:56:47 -0400] "GET /products/learningleadership_clip_image002.jpg HTTP/1.1" 200 10525 "http://thecampdirector.com/tag/cover-letter/" "Mozilla/5.0 (Macintosh; Intel Mac OS X 10.6; rv:23.0) Gecko/20100101 Firefox/23.0"
72.186.54.115 - - [18/Aug/2013:21:45:39 -0400] "GET /products/superstaffsupervision_clip_image002.jpg HTTP/1.1" 200 9705 "http://thecampdirector.com/" "Mozilla/5.0 (Windows NT 6.1; WOW64; rv:22.0) Gecko/20100101 Firefox/22.0"
72.186.54.115 - - [18/Aug/2013:21:45:39 -0400] "GET /products/learningleadership_clip_image002.jpg HTTP/1.1" 200 10525 "http://thecampdirector.com/" "Mozilla/5.0 (Windows NT 6.1; WOW64; rv:22.0) Gecko/20100101 Firefox/22.0"
173.69.152.200 - - [18/Aug/2013:21:51:45 -0400] "GET /images/yresources.jpg HTTP/1.1" 200 43351 "http://michaelbrandwein.com/yresources.html" "Mozilla/5.0 (iPad; CPU OS 6_0 like Mac OS X) AppleWebKit/536.26 (KHTML, like Gecko) Version/6.0 Mobile/10A407 Safari/8536.25"
173.69.152.200 - - [18/Aug/2013:21:51:46 -0400] "GET /graphics/get_flash_player.gif HTTP/1.1" 200 1066 "http://michaelbrandwein.com/yresources.html" "Mozilla/5.0 (iPad; CPU OS 6_0 like Mac OS X) AppleWebKit/536.26 (KHTML, like Gecko) Version/6.0 Mobile/10A407 Safari/8536.25"
173.69.152.200 - - [18/Aug/2013:21:52:56 -0400] "GET / HTTP/1.1" 200 5960 "-" "Mozilla/5.0 (iPad; CPU OS 6_0 like Mac OS X) AppleWebKit/536.26 (KHTML, like Gecko) Version/6.0 Mobile/10A407 Safari/8536.25"
173.69.152.200 - - [18/Aug/2013:21:52:57 -0400] "GET /graphics/homeadult.jpg HTTP/1.1" 200 18635 "http://www.michaelbrandwein.com/" "Mozilla/5.0 (iPad; CPU OS 6_0 like Mac OS X) AppleWebKit/536.26 (KHTML, like Gecko) Version/6.0 Mobile/10A407 Safari/8536.25"
173.69.152.200 - - [18/Aug/2013:21:52:57 -0400] "GET /graphics/bodym.jpg HTTP/1.1" 200 28996 "http://www.michaelbrandwein.com/" "Mozilla/5.0 (iPad; CPU OS 6_0 like Mac OS X) AppleWebKit/536.26 (KHTML, like Gecko) Version/6.0 Mobile/10A407 Safari/8536.25"
173.69.152.200 - - [18/Aug/2013:21:52:57 -0400] "GET /graphics/bhomeenter3.jpg HTTP/1.1" 404 575 "http://www.michaelbrandwein.com/" "Mozilla/5.0 (iPad; CPU OS 6_0 like Mac OS X) AppleWebKit/536.26 (KHTML, like Gecko) Version/6.0 Mobile/10A407 Safari/8536.25"
2.51.48.13 - - [18/Aug/2013:12:35:48 -0400] "GET /favicon.ico HTTP/1.1" 404 575 "-" "Mozilla/5.0 (Windows NT 6.1; WOW64) AppleWebKit/537.36 (KHTML, like Gecko) Chrome/28.0.1500.95 Safari/537.36"
157.55.32.80 - - [18/Aug/2013:14:58:56 -0400] "GET /youth.html HTTP/1.1" 200 14317 "-" "Mozilla/5.0 (compatible; bingbot/2.0; +http://www.bing.com/bingbot.htm)"
180.76.5.93 - - [18/Aug/2013:21:03:50 -0400] "GET /ytopics/organizations/keynotes/realtruth.html HTTP/1.1" 200 11367 "-" "Mozilla/5.0 (compatible; Baiduspider/2.0; +http://www.baidu.com/search/spider.html)"
173.69.152.200 - - [18/Aug/2013:21:53:06 -0400] "GET /youth.html HTTP/1.1" 200 14317 "http://www.michaelbrandwein.com/" "Mozilla/5.0 (iPad; CPU OS 6_0 like Mac OS X) AppleWebKit/536.26 (KHTML, like Gecko) Version/6.0 Mobile/10A407 Safari/8536.25"
173.69.152.200 - - [18/Aug/2013:21:53:07 -0400] "GET /images/facebook.jpg HTTP/1.1" 200 19424 "http://www.michaelbrandwein.com/youth.html" "Mozilla/5.0 (iPad; CPU OS 6_0 like Mac OS X) AppleWebKit/536.26 (KHTML, like Gecko) Version/6.0 Mobile/10A407 Safari/8536.25"
173.69.152.200 - - [18/Aug/2013:21:53:07 -0400] "GET /graphics/hry2.jpg HTTP/1.1" 200 305 "http://www.michaelbrandwein.com/youth.html" "Mozilla/5.0 (iPad; CPU OS 6_0 like Mac OS X) AppleWebKit/536.26 (KHTML, like Gecko) Version/6.0 Mobile/10A407 Safari/8536.25"
173.69.152.200 - - [18/Aug/2013:21:53:07 -0400] "GET /graphics/oval4.jpg HTTP/1.1" 200 13531 "http://www.michaelbrandwein.com/youth.html" "Mozilla/5.0 (iPad; CPU OS 6_0 like Mac OS X) AppleWebKit/536.26 (KHTML, like Gecko) Version/6.0 Mobile/10A407 Safari/8536.25"
173.69.152.200 - - [18/Aug/2013:21:53:09 -0400] "GET /ysayings.txt HTTP/1.1" 200 6677 "http://www.michaelbrandwein.com/youth.html" "Mozilla/5.0 (iPad; CPU OS 6_0 like Mac OS X) AppleWebKit/536.26 (KHTML, like Gecko) Version/6.0 Mobile/10A407 Safari/8536.25"
46.119.118.152 - - [18/Aug/2013:22:03:14 -0400] "GET /atopics/conflictcommunication.html HTTP/1.1" 200 8923 "http://www.bravica.info/ru/" "Mozilla/4.0 (compatible; MSIE 6.0; Windows NT 5.1; Maxthon; .NET CLR 1.1.4322)"
115.67.166.231 - - [18/Aug/2013:23:51:29 -0400] "GET /presentations.html HTTP/1.1" 200 12384 "http://www.google.co.th/search?q=topic+for+business+presentation&ie=UTF-8&oe=UTF-8&hl=en&client=safari" "Mozilla/5.0 (iPhone; CPU iPhone OS 5_0 like Mac OS X) AppleWebKit/534.46 (KHTML, like Gecko) Version/5.1 Mobile/9A334 Safari/7534.48.3"
115.67.166.231 - - [18/Aug/2013:23:51:32 -0400] "GET /images/banner2.jpg HTTP/1.1" 200 5488 "http://www.michaelbrandwein.com/presentations.html" "Mozilla/5.0 (iPhone; CPU iPhone OS 5_0 like Mac OS X) AppleWebKit/534.46 (KHTML, like Gecko) Version/5.1 Mobile/9A334 Safari/7534.48.3"
71.105.109.203 - - [18/Aug/2013:18:25:14 -0400] "GET /graphics/homeadult.jpg HTTP/1.1" 200 18635 "http://www.michaelbrandwein.com/" "Mozilla/5.0 (Macintosh; Intel Mac OS X 10_6_8) AppleWebKit/534.57.2 (KHTML, like Gecko) Version/5.1.7 Safari/534.57.2"
71.105.109.203 - - [18/Aug/2013:18:25:15 -0400] "GET /favicon.ico HTTP/1.1" 404 575 "http://www.michaelbrandwein.com/" "Mozilla/5.0 (Macintosh; Intel Mac OS X 10_6_8) AppleWebKit/534.57.2 (KHTML, like Gecko) Version/5.1.7 Safari/534.57.2"
66.249.75.170 - - [18/Aug/2013:05:26:30 -0400] "GET /products/superstaffsupervision.html HTTP/1.1" 200 14650 "-" "Mozilla/5.0 (compatible; Googlebot/2.1; +http://www.google.com/bot.html)"
208.43.225.85 - - [18/Aug/2013:05:58:50 -0400] "GET /yproducts.html HTTP/1.1" 200 21362 "-" "Mozilla/5.0 (compatible; SiteExplorer/1.0b; +http://siteexplorer.info/)"
208.43.225.85 - - [18/Aug/2013:05:59:00 -0400] "GET /yparticipantcomments.html HTTP/1.1" 200 47632 "-" "Mozilla/5.0 (compatible; SiteExplorer/1.0b; +http://siteexplorer.info/)"
66.249.75.170 - - [18/Aug/2013:02:43:33 -0400] "GET /yorganizations.html HTTP/1.1" 304 - "-" "Mozilla/5.0 (compatible; Googlebot/2.1; +http://www.google.com/bot.html)"
208.115.111.72 - - [18/Aug/2013:17:46:27 -0400] "GET /ytopics/schools/parents/seeingisbelieving.html HTTP/1.1" 200 10900 "-" "Mozilla/5.0 (compatible; Ezooms/1.0; ezooms.bot@gmail.com)"
72.9.149.90 - - [18/Aug/2013:10:37:56 -0400] "HEAD / HTTP/1.1" 200 - "http://wajeez.com" "Mozilla/5.0 (compatible; MSIE 9.0; Windows NT 6.1; WOW64; Trident/5.0)"
76.218.227.115 - - [18/Aug/2013:16:52:11 -0400] "GET /products/trainingterrificstaff_clip_image002.jpg HTTP/1.1" 200 10083 "http://thecampdirector.com/" "Mozilla/5.0 (Windows NT 6.1; WOW64; rv:22.0) Gecko/20100101 Firefox/22.0"
208.115.111.72 - - [18/Aug/2013:17:46:30 -0400] "GET /ytopics/camp/training/staff/whydontyoubehave.html HTTP/1.1" 200 12386 "-" "Mozilla/5.0 (compatible; Ezooms/1.0; ezooms.bot@gmail.com)"
41.190.3.224 - - [18/Aug/2013:13:52:15 -0400] "GET /products/trainingterrificstaff_clip_image002.jpg HTTP/1.1" 200 10083 "http://thecampdirector.com/2008/04/06/want-to-work-at-summer-camp-learn-e-mail-skills/" "Mozilla/5.0 (Symbian/3; Series60/5.3 NokiaN8-00/111.030.0609; Profile/MIDP-2.1 Configuration/CLDC-1.1 ) AppleWebKit/533.4 (KHTML, like Gecko) NokiaBrowser/7.4.2.6 Mobile Safari/533.4 3gpp-gba"
41.190.3.224 - - [18/Aug/2013:13:52:17 -0400] "GET /products/superstaffsupervision_clip_image002.jpg HTTP/1.1" 200 9705 "http://thecampdirector.com/2008/04/06/want-to-work-at-summer-camp-learn-e-mail-skills/" "Mozilla/5.0 (Symbian/3; Series60/5.3 NokiaN8-00/111.030.0609; Profile/MIDP-2.1 Configuration/CLDC-1.1 ) AppleWebKit/533.4 (KHTML, like Gecko) NokiaBrowser/7.4.2.6 Mobile Safari/533.4 3gpp-gba"
41.190.3.224 - - [18/Aug/2013:13:52:17 -0400] "GET /products/learningleadership_clip_image002.jpg HTTP/1.1" 200 10525 "http://thecampdirector.com/2008/04/06/want-to-work-at-summer-camp-learn-e-mail-skills/" "Mozilla/5.0 (Symbian/3; Series60/5.3 NokiaN8-00/111.030.0609; Profile/MIDP-2.1 Configuration/CLDC-1.1 ) AppleWebKit/533.4 (KHTML, like Gecko) NokiaBrowser/7.4.2.6 Mobile Safari/533.4 3gpp-gba"
65.55.213.72 - - [18/Aug/2013:13:59:54 -0400] "GET /youth.html HTTP/1.1" 200 14317 "-" "msnbot/2.0b (+http://search.msn.com/msnbot.htm)"
66.249.75.94 - - [18/Aug/2013:03:12:51 -0400] "GET /yresources.html HTTP/1.1" 304 - "-" "Mozilla/5.0 (compatible; Googlebot/2.1; +http://www.google.com/bot.html)"
93.115.86.194 - - [18/Aug/2013:04:09:08 -0400] "GET /clientlist.html HTTP/1.1" 200 18342 "-" "Mozilla/4.0 (compatible; MSIE 6.0; Windows NT 5.1; SV1)"
98.27.147.193 - - [18/Aug/2013:00:56:47 -0400] "GET /products/superstaffsupervision_clip_image002.jpg HTTP/1.1" 200 9705 "http://thecampdirector.com/tag/cover-letter/" "Mozilla/5.0 (Macintosh; Intel Mac OS X 10.6; rv:23.0) Gecko/20100101 Firefox/23.0"
71.105.109.203 - - [18/Aug/2013:18:25:29 -0400] "GET /graphics/hry2.jpg HTTP/1.1" 200 305 "http://www.michaelbrandwein.com/youth.html" "Mozilla/5.0 (Macintosh; Intel Mac OS X 10_6_8) AppleWebKit/534.57.2 (KHTML, like Gecko) Version/5.1.7 Safari/534.57.2"
71.105.109.203 - - [18/Aug/2013:18:25:29 -0400] "GET /graphics/oval3.jpg HTTP/1.1" 200 14255 "http://www.michaelbrandwein.com/youth.html" "Mozilla/5.0 (Macintosh; Intel Mac OS X 10_6_8) AppleWebKit/534.57.2 (KHTML, like Gecko) Version/5.1.7 Safari/534.57.2"
71.105.109.203 - - [18/Aug/2013:18:25:59 -0400] "GET /ycampconferences.html HTTP/1.1" 200 16464 "http://www.michaelbrandwein.com/youth.html" "Mozilla/5.0 (Macintosh; Intel Mac OS X 10_6_8) AppleWebKit/534.57.2 (KHTML, like Gecko) Version/5.1.7 Safari/534.57.2"
173.69.152.200 - - [18/Aug/2013:21:51:45 -0400] "GET /images/learningleadershipdvd118.jpg HTTP/1.1" 200 13789 "http://michaelbrandwein.com/yresources.html" "Mozilla/5.0 (iPad; CPU OS 6_0 like Mac OS X) AppleWebKit/536.26 (KHTML, like Gecko) Version/6.0 Mobile/10A407 Safari/8536.25"
173.69.152.200 - - [18/Aug/2013:21:51:45 -0400] "GET /graphics/logo_real.gif HTTP/1.1" 200 575 "http://michaelbrandwein.com/yresources.html" "Mozilla/5.0 (iPad; CPU OS 6_0 like Mac OS X) AppleWebKit/536.26 (KHTML, like Gecko) Version/6.0 Mobile/10A407 Safari/8536.25"
157.55.32.149 - - [18/Aug/2013:21:59:55 -0400] "GET /Scripts/AC_RunActiveContent.js HTTP/1.1" 200 3233 "-" "Mozilla/5.0 (compatible; bingbot/2.0; +http://www.bing.com/bingbot.htm)"
46.119.118.152 - - [18/Aug/2013:22:03:12 -0400] "GET /atopics/conflictcommunication.html HTTP/1.1" 200 8923 "http://cleaning-uborka.ru/" "Mozilla/4.0 (compatible; MSIE 6.0; Windows NT 5.1; Maxthon; .NET CLR 1.1.4322)"
178.154.243.82 - - [18/Aug/2013:22:12:55 -0400] "GET /products/parentingpuzzle_clip_image002.jpg HTTP/1.1" 304 - "-" "Mozilla/5.0 (compatible; YandexImages/3.0; +http://yandex.com/bots)"
108.62.71.174 - - [18/Aug/2013:22:14:02 -0400] "GET /yclientcomments.html HTTP/1.0" 200 30240 "http://www.michaelbrandwein.com/" "Mozilla/5.0 (Macintosh; Intel Mac OS X 10_8_4) AppleWebKit/537.36 (KHTML, like Gecko) Chrome/27.0.1453.116 Safari/537.36"
178.154.243.82 - - [18/Aug/2013:23:26:48 -0400] "GET /images/contact.jpg HTTP/1.1" 304 - "-" "Mozilla/5.0 (compatible; YandexImages/3.0; +http://yandex.com/bots)"
117.192.139.5 - - [18/Aug/2013:06:54:05 -0400] "GET /presentations.html HTTP/1.1" 200 12384 "https://www.google.co.in/" "Mozilla/5.0 (Macintosh; Intel Mac OS X 10_8_4) AppleWebKit/537.36 (KHTML, like Gecko) Chrome/28.0.1500.95 Safari/537.36"
24.11.1.67 - - [18/Aug/2013:08:27:33 -0400] "GET /products/superstaffsupervision_clip_image002.jpg HTTP/1.1" 200 9705 "http://www.google.com/search?client=ms-android-sprint-us&hl=en&v=133247963&tbm=isch&sa=1&ei=hLwQUuuGLcHXyAHDxYHQAg&q=mcgaw+ymca+camp+echo&oq=mcgaw+ymca+camp+echo&gs_l=mobile-gws-serp.12...0.0.0.93962.0.0.0.0.0.0.0.0..0.0....0...1c..25.mobile-gws-serp..0.0.0.4tdc7CU6l0s&biw=369&bih=546&sei=5rwQUuOcGcfWyQH19YGYBg" "Mozilla/5.0 (Linux; U; Android 2.3.5; en-us; Sprint APA9292KT Build/GRJ90) AppleWebKit/533.1 (KHTML, like Gecko) Version/4.0 Mobile Safari/533.1"
112.110.134.107 - - [18/Aug/2013:09:24:44 -0400] "GET /graphics/arrowup.gif HTTP/1.1" 200 84 "http://www.michaelbrandwein.com/presentations.html" "Mozilla/5.0 (Windows NT 6.1) AppleWebKit/537.36 (KHTML, like Gecko) Chrome/28.0.1500.95 Safari/537.36"
112.110.134.107 - - [18/Aug/2013:09:24:45 -0400] "GET /favicon.ico HTTP/1.1" 404 575 "-" "Mozilla/5.0 (Windows NT 6.1) AppleWebKit/537.36 (KHTML, like Gecko) Chrome/28.0.1500.95 Safari/537.36"
112.110.134.107 - - [18/Aug/2013:09:24:45 -0400] "GET /favicon.ico HTTP/1.1" 404 575 "-" "Mozilla/5.0 (Windows NT 6.1) AppleWebKit/537.36 (KHTML, like Gecko) Chrome/28.0.1500.95 Safari/537.36"
112.110.134.107 - - [18/Aug/2013:09:24:48 -0400] "GET /favicon.ico HTTP/1.1" 404 575 "-" "Mozilla/5.0 (Windows NT 6.1) AppleWebKit/537.36 (KHTML, like Gecko) Chrome/28.0.1500.95 Safari/537.36"
98.206.162.9 - - [18/Aug/2013:10:03:27 -0400] "GET /atopics/houdini.html HTTP/1.1" 200 9351 "http://www.michaelbrandwein.com/adult.html" "Mozilla/5.0 (Windows NT 6.1; WOW64; rv:22.0) Gecko/20100101 Firefox/22.0"
98.206.162.9 - - [18/Aug/2013:10:03:28 -0400] "GET /atopics/sayings.txt HTTP/1.1" 200 6460 "http://www.michaelbrandwein.com/atopics/houdini.html" "Mozilla/5.0 (Windows NT 6.1; WOW64; rv:22.0) Gecko/20100101 Firefox/22.0"
12.23.250.2 - - [18/Aug/2013:10:37:58 -0400] "GET /products/superstaffsupervision_clip_image002.jpg HTTP/1.1" 200 9705 "http://thecampdirector.com/" "Mozilla/5.0 (Macintosh; Intel Mac OS X 10_8_4) AppleWebKit/536.30.1 (KHTML, like Gecko) Version/6.0.5 Safari/536.30.1"
66.249.75.170 - - [18/Aug/2013:04:03:00 -0400] "GET /ybioabnormal.html HTTP/1.1" 200 15709 "-" "Mozilla/5.0 (compatible; Googlebot/2.1; +http://www.google.com/bot.html)"
66.249.75.170 - - [18/Aug/2013:05:56:50 -0400] "GET /ytopics/camp/conferences/superskills.html HTTP/1.1" 304 - "-" "Mozilla/5.0 (compatible; Googlebot/2.1; +http://www.google.com/bot.html)"
117.192.139.5 - - [18/Aug/2013:06:56:55 -0400] "GET /favicon.ico HTTP/1.1" 404 575 "-" "Mozilla/5.0 (Macintosh; Intel Mac OS X 10_8_4) AppleWebKit/537.36 (KHTML, like Gecko) Chrome/28.0.1500.95 Safari/537.36"
66.249.75.170 - - [18/Aug/2013:08:06:07 -0400] "GET /yleadership.html HTTP/1.1" 304 - "-" "Mozilla/5.0 (iPhone; U; CPU iPhone OS 4_1 like Mac OS X; en-us) AppleWebKit/532.9 (KHTML, like Gecko) Version/4.0.5 Mobile/8B117 Safari/6531.22.7 (compatible; Googlebot-Mobile/2.1; +http://www.google.com/bot.html)"
65.55.213.72 - - [18/Aug/2013:08:37:40 -0400] "GET /robots.txt HTTP/1.1" 404 575 "-" "msnbot/2.0b (+http://search.msn.com/msnbot.htm)"
208.115.111.72 - - [18/Aug/2013:16:19:23 -0400] "GET /robots.txt HTTP/1.1" 404 575 "-" "Mozilla/5.0 (compatible; Ezooms/1.0; ezooms.bot@gmail.com)"
157.228.88.210 - - [18/Aug/2013:18:08:44 -0400] "GET /graphics/hr2a.jpg HTTP/1.1" 200 8132 "http://www.michaelbrandwein.com/presentations.html" "Mozilla/5.0 (iPhone; CPU iPhone OS 6_1_4 like Mac OS X) AppleWebKit/536.26 (KHTML, like Gecko) Version/6.0 Mobile/10B350 Safari/8536.25"
208.115.113.88 - - [18/Aug/2013:18:20:13 -0400] "GET /robots.txt HTTP/1.1" 404 575 "-" "Mozilla/5.0 (compatible; Ezooms/1.0; ezooms.bot@gmail.com)"
92.249.127.111 - - [18/Aug/2013:20:37:37 -0400] "GET /atopics/conflictcommunication.html HTTP/1.1" 200 8923 "http://chydesa.mybb.ru/" "Mozilla/5.0 (compatible; news bot /2.1)"
208.115.111.72 - - [18/Aug/2013:21:49:30 -0400] "GET /ytopics/schools/parents/bringingouttheirbest.html HTTP/1.1" 200 11505 "-" "Mozilla/5.0 (compatible; Ezooms/1.0; ezooms.bot@gmail.com)"
173.69.152.200 - - [18/Aug/2013:21:51:45 -0400] "GET /css/youth.css HTTP/1.1" 200 8470 "http://michaelbrandwein.com/yresources.html" "Mozilla/5.0 (iPad; CPU OS 6_0 like Mac OS X) AppleWebKit/536.26 (KHTML, like Gecko) Version/6.0 Mobile/10A407 Safari/8536.25"
173.69.152.200 - - [18/Aug/2013:21:51:45 -0400] "GET /Scripts/AC_ActiveX.js HTTP/1.1" 200 2057 "http://michaelbrandwein.com/yresources.html" "Mozilla/5.0 (iPad; CPU OS 6_0 like Mac OS X) AppleWebKit/536.26 (KHTML, like Gecko) Version/6.0 Mobile/10A407 Safari/8536.25"
173.69.152.200 - - [18/Aug/2013:21:51:45 -0400] "GET /graphics/logoin.jpg HTTP/1.1" 200 14869 "http://michaelbrandwein.com/yresources.html" "Mozilla/5.0 (iPad; CPU OS 6_0 like Mac OS X) AppleWebKit/536.26 (KHTML, like Gecko) Version/6.0 Mobile/10A407 Safari/8536.25"
173.69.152.200 - - [18/Aug/2013:21:51:45 -0400] "GET /graphics/arrowup.gif HTTP/1.1" 200 84 "http://michaelbrandwein.com/yresources.html" "Mozilla/5.0 (iPad; CPU OS 6_0 like Mac OS X) AppleWebKit/536.26 (KHTML, like Gecko) Version/6.0 Mobile/10A407 Safari/8536.25"
173.69.152.200 - - [18/Aug/2013:21:51:45 -0400] "GET /images/yresources_clip_image010.jpg HTTP/1.1" 200 5361 "http://michaelbrandwein.com/yresources.html" "Mozilla/5.0 (iPad; CPU OS 6_0 like Mac OS X) AppleWebKit/536.26 (KHTML, like Gecko) Version/6.0 Mobile/10A407 Safari/8536.25"
173.69.152.200 - - [18/Aug/2013:21:51:45 -0400] "GET /graphics/dot.gif HTTP/1.1" 200 114 "http://michaelbrandwein.com/yresources.html" "Mozilla/5.0 (iPad; CPU OS 6_0 like Mac OS X) AppleWebKit/536.26 (KHTML, like Gecko) Version/6.0 Mobile/10A407 Safari/8536.25"
23.24.203.142 - - [18/Aug/2013:23:41:38 -0400] "GET /products/trainingterrificstaff_clip_image002.jpg HTTP/1.1" 200 10083 "http://thecampdirector.com/2012/03/22/camp-easy-a-data-base-to-help-parents-enjoy-planning-a-summer-of-camp/" "Mozilla/5.0 (Macintosh; Intel Mac OS X 10_8_4) AppleWebKit/537.36 (KHTML, like Gecko) Chrome/28.0.1500.95 Safari/537.36"
24.13.80.37 - - [18/Aug/2013:15:10:23 -0400] "GET /products/learningleadership_clip_image002.jpg HTTP/1.1" 200 10525 "http://thecampdirector.com/" "Mozilla/5.0 (iPad; CPU OS 6_1_3 like Mac OS X) AppleWebKit/536.26 (KHTML, like Gecko) CriOS/28.0.1500.16 Mobile/10B329 Safari/8536.25"
91.207.9.226 - - [18/Aug/2013:15:33:29 -0400] "GET /atopics/conflictcommunication.html HTTP/1.1" 200 8923 "http://basicuse.net/" "Mozilla/4.0 (compatible; MSIE 6.0; Windows NT 5.1; ru) Opera 8.50"
208.115.111.72 - - [18/Aug/2013:21:49:27 -0400] "GET /ycomments/natllouisunivconf.html HTTP/1.1" 200 11306 "-" "Mozilla/5.0 (compatible; Ezooms/1.0; ezooms.bot@gmail.com)"
71.105.109.203 - - [18/Aug/2013:18:25:28 -0400] "GET /css/youth.css HTTP/1.1" 200 8470 "http://www.michaelbrandwein.com/youth.html" "Mozilla/5.0 (Macintosh; Intel Mac OS X 10_6_8) AppleWebKit/534.57.2 (KHTML, like Gecko) Version/5.1.7 Safari/534.57.2"
71.105.109.203 - - [18/Aug/2013:18:25:28 -0400] "GET /graphics/arrow.gif HTTP/1.1" 200 942 "http://www.michaelbrandwein.com/youth.html" "Mozilla/5.0 (Macintosh; Intel Mac OS X 10_6_8) AppleWebKit/534.57.2 (KHTML, like Gecko) Version/5.1.7 Safari/534.57.2"
71.105.109.203 - - [18/Aug/2013:18:25:29 -0400] "GET /graphics/oval1.jpg HTTP/1.1" 200 14070 "http://www.michaelbrandwein.com/youth.html" "Mozilla/5.0 (Macintosh; Intel Mac OS X 10_6_8) AppleWebKit/534.57.2 (KHTML, like Gecko) Version/5.1.7 Safari/534.57.2"
208.115.113.88 - - [18/Aug/2013:19:50:29 -0400] "GET /atopics/houdini.html HTTP/1.1" 200 9351 "-" "Mozilla/5.0 (compatible; Ezooms/1.0; ezooms.bot@gmail.com)"
72.30.198.54 - - [18/Aug/2013:00:04:54 -0400] "GET /products/trainingterrificstaff_clip_image002.jpg HTTP/1.1" 200 10083 "http://thecampdirector.com/2010/02/28/how-does-summer-camp-prepare-people-for-the-new-world-of-work/" "Mozilla/5.0 (compatible; Yahoo! Slurp/3.0; http://help.yahoo.com/help/us/ysearch/slurp) NOT Firefox/3.5"
93.115.86.194 - - [18/Aug/2013:04:08:58 -0400] "GET /youth.html HTTP/1.1" 200 14317 "-" "Mozilla/4.0 (compatible; MSIE 6.0; Windows NT 5.1; SV1)"
93.115.86.194 - - [18/Aug/2013:04:09:01 -0400] "GET /approach.html HTTP/1.1" 200 11194 "-" "Mozilla/4.0 (compatible; MSIE 6.0; Windows NT 5.1; SV1)"
157.55.35.79 - - [18/Aug/2013:05:57:10 -0400] "GET / HTTP/1.1" 200 5960 "-" "Mozilla/5.0 (compatible; bingbot/2.0; +http://www.bing.com/bingbot.htm)"
128.68.32.208 - - [18/Aug/2013:13:04:41 -0400] "GET /ytopics/camp/conferences/ysayings.txt HTTP/1.1" 200 6677 "http://www.michaelbrandwein.com/ytopics/camp/conferences/campgames.html" "Mozilla/5.0 (Windows; U; Windows NT 5.1; ru; rv:1.9.2.12) Gecko/20101026 Firefox/3.6.12 YB/5.1.3"
95.24.193.245 - - [18/Aug/2013:13:05:38 -0400] "GET /ytopics/schools/staffdev/ysayings.txt HTTP/1.1" 200 6677 "http://www.michaelbrandwein.com/ytopics/schools/staffdev/helpingyoungpeople.html" "Mozilla/4.0 (compatible; MSIE 6.0; Windows NT 5.1; SV1)"
37.139.52.23 - - [18/Aug/2013:13:15:46 -0400] "GET /atopics/conflictcommunication.html HTTP/1.1" 200 8923 "http://peugeot2.mybb.ru/" "Mozilla/4.0 (compatible; MSIE 6.0; Windows NT 5.0; .NET CLR 1.0.3705; .NET CLR 1.1.4322)"
199.21.99.123 - - [18/Aug/2013:01:36:13 -0400] "GET / HTTP/1.1" 200 5960 "-" "Mozilla/5.0 (compatible; YandexBot/3.0; +http://yandex.com/bots)"
59.92.197.200 - - [18/Aug/2013:01:45:12 -0400] "GET /presentations.html HTTP/1.1" 200 12384 "http://www.google.co.in/url?sa=t&rct=j&q=list%20of%20business%20topics%20for%20presentation&source=web&cd=3&ved=0CEkQFjAC&url=http%3A%2F%2Fwww.michaelbrandwein.com%2Fpresentations.html&ei=YF8QUs-xGs7rrQeRiYGQDg&usg=AFQjCNE8ZOJzjyds3xDmTTzj43s7X6aVRg&bvm=bv.50768961,d.bmk" "Mozilla/5.0 (Windows NT 6.1; WOW64) AppleWebKit/537.36 (KHTML, like Gecko) Chrome/28.0.1500.95 Safari/537.36"
59.92.197.200 - - [18/Aug/2013:01:45:14 -0400] "GET /images/banner2.jpg HTTP/1.1" 200 5488 "http://www.michaelbrandwein.com/presentations.html" "Mozilla/5.0 (Windows NT 6.1; WOW64) AppleWebKit/537.36 (KHTML, like Gecko) Chrome/28.0.1500.95 Safari/537.36"
66.249.75.170 - - [18/Aug/2013:03:52:29 -0400] "GET /products/trainingterrificstaff.html HTTP/1.1" 304 - "-" "Mozilla/5.0 (iPhone; U; CPU iPhone OS 4_1 like Mac OS X; en-us) AppleWebKit/532.9 (KHTML, like Gecko) Version/4.0.5 Mobile/8B117 Safari/6531.22.7 (compatible; Googlebot-Mobile/2.1; +http://www.google.com/bot.html)"
93.115.86.194 - - [18/Aug/2013:04:09:08 -0400] "GET /approach.html HTTP/1.1" 200 11194 "-" "Mozilla/4.0 (compatible; MSIE 6.0; Windows NT 5.1; SV1)"
218.213.136.237 - - [18/Aug/2013:19:48:35 -0400] "GET /robots.txt HTTP/1.1" 404 575 "-" "DoCoMo/2.0 P900i(c100;TB;W24H11) (compatible; ichiro/mobile goo;+http://search.goo.ne.jp/option/use/sub4/sub4-1/)"
208.115.111.72 - - [18/Aug/2013:17:46:29 -0400] "GET /ytopics/camp/improvtoimprove.html HTTP/1.1" 404 575 "-" "Mozilla/5.0 (compatible; Ezooms/1.0; ezooms.bot@gmail.com)"
76.168.162.25 - - [18/Aug/2013:17:50:05 -0400] "GET /presentations.html HTTP/1.1" 200 12384 "http://www.google.com/url?sa=t&rct=j&q=&esrc=s&frm=1&source=web&cd=2&ved=0CDQQFjAB&url=http%3A%2F%2Fwww.michaelbrandwein.com%2Fpresentations.html&ei=aEERUqy9JbKEygH3t4E4&usg=AFQjCNE8ZOJzjyds3xDmTTzj43s7X6aVRg&sig2=UCOJs62MmAuGRs0gNMjyjQ&bvm=bv.50768961,d.cGE" "Mozilla/5.0 (compatible; MSIE 10.0; Windows NT 6.2; WOW64; Trident/6.0)"
76.168.162.25 - - [18/Aug/2013:17:50:05 -0400] "GET /images/banner2.jpg HTTP/1.1" 200 5488 "http://www.michaelbrandwein.com/presentations.html" "Mozilla/5.0 (compatible; MSIE 10.0; Windows NT 6.2; WOW64; Trident/6.0)"
76.168.162.25 - - [18/Aug/2013:17:50:05 -0400] "GET /graphics/dot.gif HTTP/1.1" 200 114 "http://www.michaelbrandwein.com/presentations.html" "Mozilla/5.0 (compatible; MSIE 10.0; Windows NT 6.2; WOW64; Trident/6.0)"
76.168.162.25 - - [18/Aug/2013:17:50:06 -0400] "GET /sayings.txt HTTP/1.1" 200 6460 "http://www.michaelbrandwein.com/presentations.html" "Mozilla/5.0 (compatible; MSIE 10.0; Windows NT 6.2; WOW64; Trident/6.0)"
184.175.55.200 - - [18/Aug/2013:21:43:20 -0400] "GET /graphics/homeyouth.jpg HTTP/1.1" 200 17174 "http://www.michaelbrandwein.com/" "Mozilla/5.0 (Windows NT 6.1; WOW64) AppleWebKit/537.36 (KHTML, like Gecko) Chrome/28.0.1500.95 Safari/537.36"
184.175.55.200 - - [18/Aug/2013:21:43:20 -0400] "GET /graphics/bgwh.gif HTTP/1.1" 200 49 "http://www.michaelbrandwein.com/" "Mozilla/5.0 (Windows NT 6.1; WOW64) AppleWebKit/537.36 (KHTML, like Gecko) Chrome/28.0.1500.95 Safari/537.36"
208.115.111.72 - - [18/Aug/2013:21:49:26 -0400] "GET /atopics/howtospeak.html HTTP/1.1" 200 10151 "-" "Mozilla/5.0 (compatible; Ezooms/1.0; ezooms.bot@gmail.com)"
173.69.152.200 - - [18/Aug/2013:21:51:45 -0400] "GET /graphics/hry2.jpg HTTP/1.1" 200 305 "http://michaelbrandwein.com/yresources.html" "Mozilla/5.0 (iPad; CPU OS 6_0 like Mac OS X) AppleWebKit/536.26 (KHTML, like Gecko) Version/6.0 Mobile/10A407 Safari/8536.25"
173.69.152.200 - - [18/Aug/2013:21:51:45 -0400] "GET /images/yresources_clip_image006.jpg HTTP/1.1" 200 8978 "http://michaelbrandwein.com/yresources.html" "Mozilla/5.0 (iPad; CPU OS 6_0 like Mac OS X) AppleWebKit/536.26 (KHTML, like Gecko) Version/6.0 Mobile/10A407 Safari/8536.25"
173.69.152.200 - - [18/Aug/2013:21:51:45 -0400] "GET /images/campcomp3.jpg HTTP/1.1" 200 50912 "http://michaelbrandwein.com/yresources.html" "Mozilla/5.0 (iPad; CPU OS 6_0 like Mac OS X) AppleWebKit/536.26 (KHTML, like Gecko) Version/6.0 Mobile/10A407 Safari/8536.25"
98.137.206.108 - - [18/Aug/2013:23:47:21 -0400] "GET /graphics/logoin.jpg HTTP/1.1" 200 14869 "http://michaelbrandwein.com/" "Mozilla/5.0 (compatible; Yahoo! Slurp/3.0; http://help.yahoo.com/help/us/ysearch/slurp) NOT Firefox/3.5"
128.68.32.208 - - [18/Aug/2013:13:04:40 -0400] "GET /images/banner2.jpg HTTP/1.1" 200 5488 "http://www.michaelbrandwein.com/ytopics/camp/conferences/campgames.html" "Mozilla/5.0 (Windows; U; Windows NT 5.1; ru; rv:1.9.2.12) Gecko/20101026 Firefox/3.6.12 YB/5.1.3"
66.249.75.170 - - [18/Aug/2013:13:16:39 -0400] "GET /ytopics/camp/conferences/largegroupleadership.html HTTP/1.1" 200 10641 "-" "DoCoMo/2.0 N905i(c100;TB;W24H16) (compatible; Googlebot-Mobile/2.1; +http://www.google.com/bot.html)"
59.92.197.200 - - [18/Aug/2013:01:45:14 -0400] "GET /graphics/dot.gif HTTP/1.1" 200 114 "http://www.michaelbrandwein.com/presentations.html" "Mozilla/5.0 (Windows NT 6.1; WOW64) AppleWebKit/537.36 (KHTML, like Gecko) Chrome/28.0.1500.95 Safari/537.36"
157.55.32.109 - - [18/Aug/2013:01:50:57 -0400] "GET /robots.txt HTTP/1.1" 404 575 "-" "Mozilla/5.0 (compatible; bingbot/2.0; +http://www.bing.com/bingbot.htm)"
71.105.109.203 - - [18/Aug/2013:18:25:14 -0400] "GET /graphics/bodya.gif HTTP/1.1" 200 131 "http://www.michaelbrandwein.com/" "Mozilla/5.0 (Macintosh; Intel Mac OS X 10_6_8) AppleWebKit/534.57.2 (KHTML, like Gecko) Version/5.1.7 Safari/534.57.2"
71.105.109.203 - - [18/Aug/2013:18:25:15 -0400] "GET /graphics/homeadult2.jpg HTTP/1.1" 200 19380 "http://www.michaelbrandwein.com/" "Mozilla/5.0 (Macintosh; Intel Mac OS X 10_6_8) AppleWebKit/534.57.2 (KHTML, like Gecko) Version/5.1.7 Safari/534.57.2"
157.55.32.149 - - [18/Aug/2013:20:13:45 -0400] "GET /ytopics/camp/training/staff/buildingbetterchildren.html HTTP/1.1" 200 11593 "-" "Mozilla/5.0 (compatible; bingbot/2.0; +http://www.bing.com/bingbot.htm)"
208.115.111.72 - - [18/Aug/2013:20:48:04 -0400] "GET /robots.txt HTTP/1.1" 404 575 "-" "Mozilla/5.0 (compatible; Ezooms/1.0; ezooms.bot@gmail.com)"
98.206.162.9 - - [18/Aug/2013:10:00:56 -0400] "GET /adult.html HTTP/1.1" 200 13694 "http://www.michaelbrandwein.com/" "Mozilla/5.0 (Windows NT 6.1; WOW64; rv:22.0) Gecko/20100101 Firefox/22.0"
98.206.162.9 - - [18/Aug/2013:10:00:57 -0400] "GET /youth.html HTTP/1.1" 200 14317 "http://www.michaelbrandwein.com/" "Mozilla/5.0 (Windows NT 6.1; WOW64; rv:22.0) Gecko/20100101 Firefox/22.0"
98.206.162.9 - - [18/Aug/2013:10:00:57 -0400] "GET /graphics/hry2.jpg HTTP/1.1" 200 305 "http://www.michaelbrandwein.com/youth.html" "Mozilla/5.0 (Windows NT 6.1; WOW64; rv:22.0) Gecko/20100101 Firefox/22.0"
98.206.162.9 - - [18/Aug/2013:10:00:57 -0400] "GET /graphics/oval2.jpg HTTP/1.1" 200 14082 "http://www.michaelbrandwein.com/youth.html" "Mozilla/5.0 (Windows NT 6.1; WOW64; rv:22.0) Gecko/20100101 Firefox/22.0"
199.21.99.123 - - [18/Aug/2013:07:31:22 -0400] "GET /robots.txt HTTP/1.1" 404 575 "-" "Mozilla/5.0 (compatible; YandexBot/3.0; +http://yandex.com/bots)"
199.21.99.123 - - [18/Aug/2013:07:31:24 -0400] "GET / HTTP/1.1" 200 5960 "-" "Mozilla/5.0 (compatible; YandexBot/3.0; +http://yandex.com/bots)"
157.55.35.79 - - [18/Aug/2013:15:48:39 -0400] "GET / HTTP/1.1" 200 5960 "-" "Mozilla/5.0 (compatible; bingbot/2.0; +http://www.bing.com/bingbot.htm)"
176.31.14.28 - - [18/Aug/2013:16:21:13 -0400] "GET /approach.html HTTP/1.1" 200 11194 "-" "Mozilla/5.0 (Windows; U; Windows NT 6.1; en-US) AppleWebKit/533.20.25 (KHTML, like Gecko) Version/5.0.3 Safari/533.19.4"
76.218.227.115 - - [18/Aug/2013:16:52:11 -0400] "GET /products/learningleadership_clip_image002.jpg HTTP/1.1" 200 10525 "http://thecampdirector.com/" "Mozilla/5.0 (Windows NT 6.1; WOW64; rv:22.0) Gecko/20100101 Firefox/22.0"
76.168.162.25 - - [18/Aug/2013:17:50:05 -0400] "GET /graphics/logoin.jpg HTTP/1.1" 200 14869 "http://www.michaelbrandwein.com/presentations.html" "Mozilla/5.0 (compatible; MSIE 10.0; Windows NT 6.2; WOW64; Trident/6.0)"
2.51.48.13 - - [18/Aug/2013:12:35:33 -0400] "GET /graphics/arrowup.gif HTTP/1.1" 200 84 "http://www.michaelbrandwein.com/presentations.html" "Mozilla/5.0 (Windows NT 6.1; WOW64) AppleWebKit/537.36 (KHTML, like Gecko) Chrome/28.0.1500.95 Safari/537.36"
59.92.197.200 - - [18/Aug/2013:01:45:21 -0400] "GET /sayings.txt HTTP/1.1" 200 6460 "http://www.michaelbrandwein.com/presentations.html" "Mozilla/5.0 (Windows NT 6.1; WOW64) AppleWebKit/537.36 (KHTML, like Gecko) Chrome/28.0.1500.95 Safari/537.36"
59.92.197.200 - - [18/Aug/2013:01:45:22 -0400] "GET /favicon.ico HTTP/1.1" 404 575 "-" "Mozilla/5.0 (Windows NT 6.1; WOW64) AppleWebKit/537.36 (KHTML, like Gecko) Chrome/28.0.1500.95 Safari/537.36"
208.43.225.85 - - [18/Aug/2013:05:59:10 -0400] "GET /yorganizations.html HTTP/1.1" 200 19737 "-" "Mozilla/5.0 (compatible; SiteExplorer/1.0b; +http://siteexplorer.info/)"
173.199.116.83 - - [18/Aug/2013:18:41:49 -0400] "GET /ycomments/natlstaffdevcouncil.html HTTP/1.1" 200 13155 "-" "Mozilla/5.0 (compatible; AhrefsBot/4.0; +http://ahrefs.com/robot/)"
176.31.14.28 - - [18/Aug/2013:16:21:08 -0400] "GET / HTTP/1.1" 200 5960 "-" "Opera/9.80 (X11; Linux x86_64; U; Ubuntu/10.10 (maverick); en) Presto/2.7.62 Version/11.01"
99.142.61.234 - - [18/Aug/2013:21:21:20 -0400] "GET /favicon.ico HTTP/1.1" 404 575 "-" "ee://aol/http"
173.69.152.200 - - [18/Aug/2013:21:53:55 -0400] "GET /images/ycampconferences.jpg HTTP/1.1" 200 48553 "http://www.michaelbrandwein.com/ycampconferences.html" "Mozilla/5.0 (iPad; CPU OS 6_0 like Mac OS X) AppleWebKit/536.26 (KHTML, like Gecko) Version/6.0 Mobile/10A407 Safari/8536.25"