0byt3m1n1
Path:
/
data
/
0
/
0
/
64
/
125
/
64940
/
meta
/
66151
/
logs
/
[
Home
]
File: x-access_log.2013-08-18
157.55.32.26 - - [18/Aug/2013:09:55:59 -0400] "GET /ytopics/organizations/workdirectly/buildingbetterchildren.html HTTP/1.1" 200 11606 "-" "Mozilla/5.0 (compatible; bingbot/2.0; +http://www.bing.com/bingbot.htm)"
98.206.162.9 - - [18/Aug/2013:10:00:57 -0400] "GET /graphics/hr2a.jpg HTTP/1.1" 200 8132 "http://www.michaelbrandwein.com/adult.html" "Mozilla/5.0 (Windows NT 6.1; WOW64; rv:22.0) Gecko/20100101 Firefox/22.0"
98.206.162.9 - - [18/Aug/2013:10:00:57 -0400] "GET /images/facebook.jpg HTTP/1.1" 200 19424 "http://www.michaelbrandwein.com/youth.html" "Mozilla/5.0 (Windows NT 6.1; WOW64; rv:22.0) Gecko/20100101 Firefox/22.0"
98.206.162.9 - - [18/Aug/2013:10:00:57 -0400] "GET /graphics/arrow.gif HTTP/1.1" 200 942 "http://www.michaelbrandwein.com/css/youth.css" "Mozilla/5.0 (Windows NT 6.1; WOW64; rv:22.0) Gecko/20100101 Firefox/22.0"
98.206.162.9 - - [18/Aug/2013:10:00:57 -0400] "GET /graphics/oval5.jpg HTTP/1.1" 200 14409 "http://www.michaelbrandwein.com/youth.html" "Mozilla/5.0 (Windows NT 6.1; WOW64; rv:22.0) Gecko/20100101 Firefox/22.0"
98.206.162.9 - - [18/Aug/2013:10:00:57 -0400] "GET /sayings.txt HTTP/1.1" 200 6460 "http://www.michaelbrandwein.com/adult.html" "Mozilla/5.0 (Windows NT 6.1; WOW64; rv:22.0) Gecko/20100101 Firefox/22.0"
98.206.162.9 - - [18/Aug/2013:10:00:57 -0400] "GET /ysayings.txt HTTP/1.1" 200 6677 "http://www.michaelbrandwein.com/youth.html" "Mozilla/5.0 (Windows NT 6.1; WOW64; rv:22.0) Gecko/20100101 Firefox/22.0"
207.181.244.38 - - [18/Aug/2013:10:28:24 -0400] "GET /apple-touch-icon-precomposed.png HTTP/1.1" 404 575 "-" "Mozilla/5.0 (Linux; Android 4.1.2; XT907 Build/9.8.1Q-78-1) AppleWebKit/537.36 (KHTML, like Gecko) Chrome/28.0.1500.94 Mobile Safari/537.36"
220.181.51.218 - - [18/Aug/2013:16:03:40 -0400] "GET /video/keynotesegment4.ram HTTP/1.0" 200 52 "-" "Mozilla/4.0 (compatible; MSIE 6.0; Windows NT 5.1; SV1)"
123.125.71.104 - - [18/Aug/2013:20:57:11 -0400] "GET /adult.html HTTP/1.1" 200 13694 "-" "Mozilla/5.0 (compatible; Baiduspider/2.0; +http://www.baidu.com/search/spider.html)"
184.175.55.200 - - [18/Aug/2013:21:44:13 -0400] "GET /images/youthhome.jpg HTTP/1.1" 200 15371 "http://www.michaelbrandwein.com/youth.html" "Mozilla/5.0 (Windows NT 6.1; WOW64) AppleWebKit/537.36 (KHTML, like Gecko) Chrome/28.0.1500.95 Safari/537.36"
184.175.55.200 - - [18/Aug/2013:21:44:13 -0400] "GET /ysayings.txt HTTP/1.1" 200 6677 "http://www.michaelbrandwein.com/youth.html" "Mozilla/5.0 (Windows NT 6.1; WOW64) AppleWebKit/537.36 (KHTML, like Gecko) Chrome/28.0.1500.95 Safari/537.36"
66.249.75.170 - - [18/Aug/2013:00:35:53 -0400] "GET /presentations.html HTTP/1.1" 304 - "-" "Mozilla/5.0 (compatible; Googlebot/2.1; +http://www.google.com/bot.html)"
199.30.16.53 - - [18/Aug/2013:08:27:28 -0400] "GET /images/yclientcomments.jpg HTTP/1.1" 200 32151 "-" "msnbot-media/1.1 (+http://search.msn.com/msnbot.htm)"
173.192.235.226 - - [18/Aug/2013:08:01:22 -0400] "GET /yorganizations.html HTTP/1.1" 200 19737 "-" "Mozilla/5.0 (compatible; SiteExplorer/1.0b; +http://siteexplorer.info/)"
173.199.116.83 - - [18/Aug/2013:08:04:59 -0400] "GET /ytopics/organizations/supervise/workingsmarter.html HTTP/1.1" 200 10785 "-" "Mozilla/5.0 (compatible; AhrefsBot/4.0; +http://ahrefs.com/robot/)"
98.206.162.9 - - [18/Aug/2013:10:01:39 -0400] "GET /images/Key-note-excerpt-4100.jpg HTTP/1.1" 200 6298 "http://www.michaelbrandwein.com/yvideopreviews.html" "Mozilla/5.0 (Windows NT 6.1; WOW64; rv:22.0) Gecko/20100101 Firefox/22.0"
98.206.162.9 - - [18/Aug/2013:10:01:41 -0400] "GET /ybionormal.html HTTP/1.1" 200 12648 "http://www.michaelbrandwein.com/youth.html" "Mozilla/5.0 (Windows NT 6.1; WOW64; rv:22.0) Gecko/20100101 Firefox/22.0"
180.76.5.65 - - [18/Aug/2013:13:07:46 -0400] "GET / HTTP/1.1" 200 5960 "-" "Mozilla/5.0 (compatible; Baiduspider/2.0; +http://www.baidu.com/search/spider.html)"
157.55.32.80 - - [18/Aug/2013:14:58:56 -0400] "GET /ytopics/camp/conferences/ysayings.txt HTTP/1.1" 200 6677 "-" "Mozilla/5.0 (compatible; bingbot/2.0; +http://www.bing.com/bingbot.htm)"
99.142.61.234 - - [18/Aug/2013:21:21:17 -0400] "GET /favicon.ico HTTP/1.1" 404 575 "-" "ee://aol/http"
184.175.55.200 - - [18/Aug/2013:21:44:27 -0400] "GET /graphics/arrowup.gif HTTP/1.1" 200 84 "http://www.michaelbrandwein.com/yschools.html" "Mozilla/5.0 (Windows NT 6.1; WOW64) AppleWebKit/537.36 (KHTML, like Gecko) Chrome/28.0.1500.95 Safari/537.36"
184.175.55.200 - - [18/Aug/2013:21:44:27 -0400] "GET /favicon.ico HTTP/1.1" 404 575 "-" "Mozilla/5.0 (Windows NT 6.1; WOW64) AppleWebKit/537.36 (KHTML, like Gecko) Chrome/28.0.1500.95 Safari/537.36"
173.69.152.200 - - [18/Aug/2013:21:52:57 -0400] "GET /graphics/bodya.gif HTTP/1.1" 200 131 "http://www.michaelbrandwein.com/" "Mozilla/5.0 (iPad; CPU OS 6_0 like Mac OS X) AppleWebKit/536.26 (KHTML, like Gecko) Version/6.0 Mobile/10A407 Safari/8536.25"
173.69.152.200 - - [18/Aug/2013:21:53:54 -0400] "GET /ycampconferences.html HTTP/1.1" 200 16464 "http://www.michaelbrandwein.com/youth.html" "Mozilla/5.0 (iPad; CPU OS 6_0 like Mac OS X) AppleWebKit/536.26 (KHTML, like Gecko) Version/6.0 Mobile/10A407 Safari/8536.25"
93.115.86.194 - - [18/Aug/2013:04:08:59 -0400] "GET /bionormal.html HTTP/1.1" 200 10798 "-" "Mozilla/4.0 (compatible; MSIE 6.0; Windows NT 5.1; SV1)"
93.115.86.194 - - [18/Aug/2013:04:09:03 -0400] "GET /contact.html HTTP/1.1" 200 14317 "-" "Mozilla/4.0 (compatible; MSIE 6.0; Windows NT 5.1; SV1)"
66.249.75.170 - - [18/Aug/2013:04:35:03 -0400] "GET /robots.txt HTTP/1.1" 404 575 "-" "Mozilla/5.0 (compatible; Googlebot/2.1; +http://www.google.com/bot.html)"
178.154.206.251 - - [18/Aug/2013:05:22:28 -0400] "GET / HTTP/1.1" 200 5960 "-" "Mozilla/5.0 (compatible; YandexBot/3.0; +http://yandex.com/bots)"
208.43.225.85 - - [18/Aug/2013:05:59:50 -0400] "GET /ybionormal.html HTTP/1.1" 200 12648 "-" "Mozilla/5.0 (compatible; SiteExplorer/1.0b; +http://siteexplorer.info/)"
128.68.32.208 - - [18/Aug/2013:13:04:40 -0400] "GET /graphics/hry2.jpg HTTP/1.1" 200 305 "http://www.michaelbrandwein.com/ytopics/camp/conferences/campgames.html" "Mozilla/5.0 (Windows; U; Windows NT 5.1; ru; rv:1.9.2.12) Gecko/20101026 Firefox/3.6.12 YB/5.1.3"
95.24.193.245 - - [18/Aug/2013:13:05:37 -0400] "GET /images/banner2.jpg HTTP/1.1" 200 5488 "http://www.michaelbrandwein.com/ytopics/schools/staffdev/helpingyoungpeople.html" "Mozilla/4.0 (compatible; MSIE 6.0; Windows NT 5.1; SV1)"
157.55.32.109 - - [18/Aug/2013:13:39:19 -0400] "GET /robots.txt HTTP/1.1" 404 575 "-" "Mozilla/5.0 (compatible; bingbot/2.0; +http://www.bing.com/bingbot.htm)"
59.92.197.200 - - [18/Aug/2013:01:46:14 -0400] "GET /favicon.ico HTTP/1.1" 404 575 "-" "Mozilla/5.0 (Windows NT 6.1; WOW64) AppleWebKit/537.36 (KHTML, like Gecko) Chrome/28.0.1500.95 Safari/537.36"
66.249.75.170 - - [18/Aug/2013:01:49:33 -0400] "GET /ycamptraining.html HTTP/1.1" 200 16427 "-" "Mozilla/5.0 (compatible; Googlebot/2.1; +http://www.google.com/bot.html)"
72.186.54.115 - - [18/Aug/2013:21:45:39 -0400] "GET /products/trainingterrificstaff_clip_image002.jpg HTTP/1.1" 200 10083 "http://thecampdirector.com/" "Mozilla/5.0 (Windows NT 6.1; WOW64; rv:22.0) Gecko/20100101 Firefox/22.0"
173.69.152.200 - - [18/Aug/2013:21:52:57 -0400] "GET /graphics/homeyouth.jpg HTTP/1.1" 200 17174 "http://www.michaelbrandwein.com/" "Mozilla/5.0 (iPad; CPU OS 6_0 like Mac OS X) AppleWebKit/536.26 (KHTML, like Gecko) Version/6.0 Mobile/10A407 Safari/8536.25"
173.69.152.200 - - [18/Aug/2013:21:52:57 -0400] "GET /graphics/homeyouth2.jpg HTTP/1.1" 200 18018 "http://www.michaelbrandwein.com/" "Mozilla/5.0 (iPad; CPU OS 6_0 like Mac OS X) AppleWebKit/536.26 (KHTML, like Gecko) Version/6.0 Mobile/10A407 Safari/8536.25"
208.115.113.88 - - [18/Aug/2013:18:20:13 -0400] "GET /robots.txt HTTP/1.1" 404 575 "-" "Mozilla/5.0 (compatible; Ezooms/1.0; ezooms.bot@gmail.com)"
178.137.128.12 - - [18/Aug/2013:18:28:51 -0400] "GET /atopics/conflictcommunication.html HTTP/1.1" 200 8923 "http://prikoly.ws/" "Mozilla/4.0 (compatible; MSIE 6.0; America Online Browser 1.1; rev1.2; Windows NT 5.1; SV1; .NET CLR 1.1.4322)"
173.69.152.200 - - [18/Aug/2013:21:51:44 -0400] "GET /yresources.html HTTP/1.1" 200 31536 "-" "Mozilla/5.0 (iPad; CPU OS 6_0 like Mac OS X) AppleWebKit/536.26 (KHTML, like Gecko) Version/6.0 Mobile/10A407 Safari/8536.25"
173.69.152.200 - - [18/Aug/2013:21:51:45 -0400] "GET /Scripts/AC_RunActiveContent.js HTTP/1.1" 200 3233 "http://michaelbrandwein.com/yresources.html" "Mozilla/5.0 (iPad; CPU OS 6_0 like Mac OS X) AppleWebKit/536.26 (KHTML, like Gecko) Version/6.0 Mobile/10A407 Safari/8536.25"
173.69.152.200 - - [18/Aug/2013:21:51:45 -0400] "GET /images/banner2.jpg HTTP/1.1" 200 5488 "http://michaelbrandwein.com/yresources.html" "Mozilla/5.0 (iPad; CPU OS 6_0 like Mac OS X) AppleWebKit/536.26 (KHTML, like Gecko) Version/6.0 Mobile/10A407 Safari/8536.25"
173.69.152.200 - - [18/Aug/2013:21:51:45 -0400] "GET /images/LL-excerpt-1-pics100.jpg HTTP/1.1" 200 6531 "http://michaelbrandwein.com/yresources.html" "Mozilla/5.0 (iPad; CPU OS 6_0 like Mac OS X) AppleWebKit/536.26 (KHTML, like Gecko) Version/6.0 Mobile/10A407 Safari/8536.25"
173.69.152.200 - - [18/Aug/2013:21:51:45 -0400] "GET /images/LL-excerpt-2-pics100.jpg HTTP/1.1" 200 7557 "http://michaelbrandwein.com/yresources.html" "Mozilla/5.0 (iPad; CPU OS 6_0 like Mac OS X) AppleWebKit/536.26 (KHTML, like Gecko) Version/6.0 Mobile/10A407 Safari/8536.25"
173.69.152.200 - - [18/Aug/2013:21:51:45 -0400] "GET /images/LL-excerpt-3-pics100.jpg HTTP/1.1" 200 7366 "http://michaelbrandwein.com/yresources.html" "Mozilla/5.0 (iPad; CPU OS 6_0 like Mac OS X) AppleWebKit/536.26 (KHTML, like Gecko) Version/6.0 Mobile/10A407 Safari/8536.25"
173.69.152.200 - - [18/Aug/2013:21:51:45 -0400] "GET /images/LL-excerpt-4-pics100.jpg HTTP/1.1" 200 5494 "http://michaelbrandwein.com/yresources.html" "Mozilla/5.0 (iPad; CPU OS 6_0 like Mac OS X) AppleWebKit/536.26 (KHTML, like Gecko) Version/6.0 Mobile/10A407 Safari/8536.25"
173.69.152.200 - - [18/Aug/2013:21:51:45 -0400] "GET /images/elena.jpg HTTP/1.1" 200 6823 "http://michaelbrandwein.com/yresources.html" "Mozilla/5.0 (iPad; CPU OS 6_0 like Mac OS X) AppleWebKit/536.26 (KHTML, like Gecko) Version/6.0 Mobile/10A407 Safari/8536.25"
173.69.152.200 - - [18/Aug/2013:21:51:45 -0400] "GET /images/yresources_clip_image008.jpg HTTP/1.1" 200 6040 "http://michaelbrandwein.com/yresources.html" "Mozilla/5.0 (iPad; CPU OS 6_0 like Mac OS X) AppleWebKit/536.26 (KHTML, like Gecko) Version/6.0 Mobile/10A407 Safari/8536.25"
173.69.152.200 - - [18/Aug/2013:21:51:45 -0400] "GET /graphics/windowsmedia_masthead_ltr.gif HTTP/1.1" 200 3184 "http://michaelbrandwein.com/yresources.html" "Mozilla/5.0 (iPad; CPU OS 6_0 like Mac OS X) AppleWebKit/536.26 (KHTML, like Gecko) Version/6.0 Mobile/10A407 Safari/8536.25"
173.69.152.200 - - [18/Aug/2013:21:51:46 -0400] "GET /ysayings.txt HTTP/1.1" 200 6677 "http://michaelbrandwein.com/yresources.html" "Mozilla/5.0 (iPad; CPU OS 6_0 like Mac OS X) AppleWebKit/536.26 (KHTML, like Gecko) Version/6.0 Mobile/10A407 Safari/8536.25"
173.69.152.200 - - [18/Aug/2013:21:53:17 -0400] "GET /images/schools.jpg HTTP/1.1" 200 30229 "http://www.michaelbrandwein.com/yschools.html" "Mozilla/5.0 (iPad; CPU OS 6_0 like Mac OS X) AppleWebKit/536.26 (KHTML, like Gecko) Version/6.0 Mobile/10A407 Safari/8536.25"
98.137.206.108 - - [18/Aug/2013:23:47:21 -0400] "GET /graphics/bodym.jpg HTTP/1.1" 200 28996 "http://michaelbrandwein.com/" "Mozilla/5.0 (compatible; Yahoo! Slurp/3.0; http://help.yahoo.com/help/us/ysearch/slurp) NOT Firefox/3.5"
98.137.206.108 - - [18/Aug/2013:23:47:22 -0400] "GET /graphics/bhomeenter3.jpg HTTP/1.1" 404 575 "http://michaelbrandwein.com/" "Mozilla/5.0 (compatible; Yahoo! Slurp/3.0; http://help.yahoo.com/help/us/ysearch/slurp) NOT Firefox/3.5"
93.115.86.194 - - [18/Aug/2013:04:09:04 -0400] "GET /adult.html HTTP/1.1" 200 13694 "-" "Mozilla/4.0 (compatible; MSIE 6.0; Windows NT 5.1; SV1)"
173.199.116.83 - - [18/Aug/2013:04:58:16 -0400] "GET /ytopics/schools/parents/bringingouttheirbest.html HTTP/1.1" 200 11505 "-" "Mozilla/5.0 (compatible; AhrefsBot/4.0; +http://ahrefs.com/robot/)"
178.137.128.12 - - [18/Aug/2013:15:46:56 -0400] "GET /atopics/conflictcommunication.html HTTP/1.1" 200 8923 "http://web-uroki.ru/" "Mozilla/4.0 (compatible; MSIE 6.0; Windows NT 5.1; SV1; .NET CLR 1.1.4322; .NET CLR 2.0.50727)"
178.137.128.12 - - [18/Aug/2013:15:46:56 -0400] "GET /atopics/conflictcommunication.html HTTP/1.1" 200 8923 "http://web-uroki.ru/" "Mozilla/4.0 (compatible; MSIE 6.0; Windows NT 5.1; SV1; .NET CLR 1.1.4322; .NET CLR 2.0.50727)"
66.249.75.170 - - [18/Aug/2013:06:54:31 -0400] "GET /products/trainingterrificstaff.html HTTP/1.1" 304 - "-" "Mozilla/5.0 (compatible; Googlebot/2.1; +http://www.google.com/bot.html)"
173.192.235.226 - - [18/Aug/2013:08:01:52 -0400] "GET /ycamptraining.html HTTP/1.1" 200 16427 "-" "Mozilla/5.0 (compatible; SiteExplorer/1.0b; +http://siteexplorer.info/)"
157.228.88.210 - - [18/Aug/2013:18:08:43 -0400] "GET /presentations.html HTTP/1.1" 200 12384 "http://www.google.co.uk/search?site=&source=hp&ei=o0URUp-BJOy20QWJkYG4Cg&q=business+presentation+topic&oq=&gs_l=mobile-gws-hp.1.0.41l2.0.0.0.2915.1.0.0.1.1.0.0.0..0.0....0...1c..25.mobile-gws-hp..0.1.14.HEPdGVQMQkg" "Mozilla/5.0 (iPhone; CPU iPhone OS 6_1_4 like Mac OS X) AppleWebKit/536.26 (KHTML, like Gecko) Version/6.0 Mobile/10B350 Safari/8536.25"
157.228.88.210 - - [18/Aug/2013:18:08:44 -0400] "GET /images/banner2.jpg HTTP/1.1" 200 5488 "http://www.michaelbrandwein.com/presentations.html" "Mozilla/5.0 (iPhone; CPU iPhone OS 6_1_4 like Mac OS X) AppleWebKit/536.26 (KHTML, like Gecko) Version/6.0 Mobile/10B350 Safari/8536.25"
157.228.88.210 - - [18/Aug/2013:18:08:44 -0400] "GET /graphics/arrowup.gif HTTP/1.1" 200 84 "http://www.michaelbrandwein.com/presentations.html" "Mozilla/5.0 (iPhone; CPU iPhone OS 6_1_4 like Mac OS X) AppleWebKit/536.26 (KHTML, like Gecko) Version/6.0 Mobile/10B350 Safari/8536.25"
157.228.88.210 - - [18/Aug/2013:18:08:46 -0400] "GET /sayings.txt HTTP/1.1" 200 6460 "http://www.michaelbrandwein.com/presentations.html" "Mozilla/5.0 (iPhone; CPU iPhone OS 6_1_4 like Mac OS X) AppleWebKit/536.26 (KHTML, like Gecko) Version/6.0 Mobile/10B350 Safari/8536.25"
71.105.109.203 - - [18/Aug/2013:18:25:59 -0400] "GET /images/ycampconferences.jpg HTTP/1.1" 200 48553 "http://www.michaelbrandwein.com/ycampconferences.html" "Mozilla/5.0 (Macintosh; Intel Mac OS X 10_6_8) AppleWebKit/534.57.2 (KHTML, like Gecko) Version/5.1.7 Safari/534.57.2"
199.30.20.59 - - [18/Aug/2013:19:04:21 -0400] "GET /graphics/buttonbuy.jpg HTTP/1.1" 200 2183 "-" "msnbot-media/1.1 (+http://search.msn.com/msnbot.htm)"
2.51.48.13 - - [18/Aug/2013:12:35:33 -0400] "GET /images/banner2.jpg HTTP/1.1" 200 5488 "http://www.michaelbrandwein.com/presentations.html" "Mozilla/5.0 (Windows NT 6.1; WOW64) AppleWebKit/537.36 (KHTML, like Gecko) Chrome/28.0.1500.95 Safari/537.36"
184.175.55.200 - - [18/Aug/2013:21:44:59 -0400] "GET /ytopics/schools/admin/laserbeam.html HTTP/1.1" 200 11810 "http://www.michaelbrandwein.com/yschools.html" "Mozilla/5.0 (Windows NT 6.1; WOW64) AppleWebKit/537.36 (KHTML, like Gecko) Chrome/28.0.1500.95 Safari/537.36"
184.175.55.200 - - [18/Aug/2013:21:45:00 -0400] "GET /ytopics/schools/admin/ysayings.txt HTTP/1.1" 200 6677 "http://www.michaelbrandwein.com/ytopics/schools/admin/laserbeam.html" "Mozilla/5.0 (Windows NT 6.1; WOW64) AppleWebKit/537.36 (KHTML, like Gecko) Chrome/28.0.1500.95 Safari/537.36"
93.115.86.194 - - [18/Aug/2013:04:09:02 -0400] "GET /thankyoucontact.html HTTP/1.1" 200 7784 "http://www.michaelbrandwein.com/contact.html" "Mozilla/4.0 (compatible; MSIE 6.0; Windows NT 5.1; SV1)"
208.43.225.85 - - [18/Aug/2013:05:58:30 -0400] "GET /robots.txt HTTP/1.1" 404 575 "-" "Mozilla/5.0 (compatible; SiteExplorer/1.0b; +http://siteexplorer.info/)"
208.115.113.88 - - [18/Aug/2013:19:50:27 -0400] "GET /atopics/managingvolunteers.html HTTP/1.1" 200 8896 "-" "Mozilla/5.0 (compatible; Ezooms/1.0; ezooms.bot@gmail.com)"
98.137.206.35 - - [18/Aug/2013:00:18:55 -0400] "GET /graphics/logoin.jpg HTTP/1.1" 200 14869 "http://michaelbrandwein.com/" "Mozilla/5.0 (compatible; Yahoo! Slurp/3.0; http://help.yahoo.com/help/us/ysearch/slurp) NOT Firefox/3.5"
184.175.55.200 - - [18/Aug/2013:21:44:27 -0400] "GET /yschools.html HTTP/1.1" 200 20251 "http://www.michaelbrandwein.com/youth.html" "Mozilla/5.0 (Windows NT 6.1; WOW64) AppleWebKit/537.36 (KHTML, like Gecko) Chrome/28.0.1500.95 Safari/537.36"
98.137.206.108 - - [18/Aug/2013:23:47:21 -0400] "GET /graphics/bgwh.gif HTTP/1.1" 200 49 "http://michaelbrandwein.com/" "Mozilla/5.0 (compatible; Yahoo! Slurp/3.0; http://help.yahoo.com/help/us/ysearch/slurp) NOT Firefox/3.5"
98.206.162.9 - - [18/Aug/2013:10:01:38 -0400] "GET /Scripts/AC_RunActiveContent.js HTTP/1.1" 200 3233 "http://www.michaelbrandwein.com/yvideopreviews.html" "Mozilla/5.0 (Windows NT 6.1; WOW64; rv:22.0) Gecko/20100101 Firefox/22.0"
98.206.162.9 - - [18/Aug/2013:10:01:39 -0400] "GET /images/Key-note-excerpt-2100.jpg HTTP/1.1" 200 7963 "http://www.michaelbrandwein.com/yvideopreviews.html" "Mozilla/5.0 (Windows NT 6.1; WOW64; rv:22.0) Gecko/20100101 Firefox/22.0"
98.206.162.9 - - [18/Aug/2013:10:01:41 -0400] "GET /images/answer4y.jpg HTTP/1.1" 200 10109 "http://www.michaelbrandwein.com/ybioabnormal.html" "Mozilla/5.0 (Windows NT 6.1; WOW64; rv:22.0) Gecko/20100101 Firefox/22.0"
128.68.32.208 - - [18/Aug/2013:13:04:40 -0400] "GET /graphics/dot.gif HTTP/1.1" 200 114 "http://www.michaelbrandwein.com/ytopics/camp/conferences/campgames.html" "Mozilla/5.0 (Windows; U; Windows NT 5.1; ru; rv:1.9.2.12) Gecko/20101026 Firefox/3.6.12 YB/5.1.3"
95.24.193.245 - - [18/Aug/2013:13:05:36 -0400] "GET /ytopics/schools/staffdev/helpingyoungpeople.html HTTP/1.1" 200 11282 "http://yandex.ru/yandsearch?text=www.michaelbrandwein.com&lr=213" "Mozilla/4.0 (compatible; MSIE 6.0; Windows NT 5.1; SV1)"
208.115.111.72 - - [18/Aug/2013:17:46:31 -0400] "GET /atopics/helpingpeopletosucceed.html HTTP/1.1" 200 9038 "-" "Mozilla/5.0 (compatible; Ezooms/1.0; ezooms.bot@gmail.com)"
93.115.86.194 - - [18/Aug/2013:04:09:03 -0400] "GET /thankyoucontact.html HTTP/1.1" 200 7784 "-" "Mozilla/4.0 (compatible; MSIE 6.0; Windows NT 5.1; SV1)"
208.43.225.85 - - [18/Aug/2013:05:59:30 -0400] "GET /yclientlist.html HTTP/1.1" 200 14192 "-" "Mozilla/5.0 (compatible; SiteExplorer/1.0b; +http://siteexplorer.info/)"
98.206.162.9 - - [18/Aug/2013:10:01:38 -0400] "GET /Scripts/AC_ActiveX.js HTTP/1.1" 200 2057 "http://www.michaelbrandwein.com/yvideopreviews.html" "Mozilla/5.0 (Windows NT 6.1; WOW64; rv:22.0) Gecko/20100101 Firefox/22.0"
98.206.162.9 - - [18/Aug/2013:10:01:39 -0400] "GET /images/Key-note-excerpt-3100.jpg HTTP/1.1" 200 7338 "http://www.michaelbrandwein.com/yvideopreviews.html" "Mozilla/5.0 (Windows NT 6.1; WOW64; rv:22.0) Gecko/20100101 Firefox/22.0"
98.206.162.9 - - [18/Aug/2013:10:01:41 -0400] "GET /images/answer5y.jpg HTTP/1.1" 200 9180 "http://www.michaelbrandwein.com/ybioabnormal.html" "Mozilla/5.0 (Windows NT 6.1; WOW64; rv:22.0) Gecko/20100101 Firefox/22.0"
71.105.109.203 - - [18/Aug/2013:18:25:13 -0400] "GET /css/brandwein.css HTTP/1.1" 200 2167 "http://www.michaelbrandwein.com/" "Mozilla/5.0 (Macintosh; Intel Mac OS X 10_6_8) AppleWebKit/534.57.2 (KHTML, like Gecko) Version/5.1.7 Safari/534.57.2"
71.105.109.203 - - [18/Aug/2013:18:25:14 -0400] "GET /graphics/homeyouth.jpg HTTP/1.1" 200 17174 "http://www.michaelbrandwein.com/" "Mozilla/5.0 (Macintosh; Intel Mac OS X 10_6_8) AppleWebKit/534.57.2 (KHTML, like Gecko) Version/5.1.7 Safari/534.57.2"
71.105.109.203 - - [18/Aug/2013:18:25:15 -0400] "GET /graphics/homeyouth2.jpg HTTP/1.1" 200 18018 "http://www.michaelbrandwein.com/" "Mozilla/5.0 (Macintosh; Intel Mac OS X 10_6_8) AppleWebKit/534.57.2 (KHTML, like Gecko) Version/5.1.7 Safari/534.57.2"
208.115.113.88 - - [18/Aug/2013:19:50:31 -0400] "GET /ytopics/parents/howtohavegreatcommunication.html HTTP/1.1" 200 11347 "-" "Mozilla/5.0 (compatible; Ezooms/1.0; ezooms.bot@gmail.com)"
173.192.235.226 - - [18/Aug/2013:08:01:01 -0400] "GET /yproducts.html HTTP/1.1" 200 21362 "-" "Mozilla/5.0 (compatible; SiteExplorer/1.0b; +http://siteexplorer.info/)"
157.55.35.79 - - [18/Aug/2013:21:39:23 -0400] "GET /atopics/supervisingservicesuccess.html HTTP/1.1" 200 8886 "-" "Mozilla/5.0 (compatible; bingbot/2.0; +http://www.bing.com/bingbot.htm)"
208.115.111.72 - - [18/Aug/2013:21:49:28 -0400] "GET /ytopics/organizations/keynotes/safetheenvironment.html HTTP/1.1" 200 11473 "-" "Mozilla/5.0 (compatible; Ezooms/1.0; ezooms.bot@gmail.com)"
65.55.215.67 - - [18/Aug/2013:18:14:19 -0400] "GET /graphics/arrowup.gif HTTP/1.1" 200 84 "-" "msnbot-media/1.1 (+http://search.msn.com/msnbot.htm)"
37.139.52.23 - - [18/Aug/2013:13:15:44 -0400] "GET /atopics/conflictcommunication.html HTTP/1.1" 200 8923 "http://peugeot2.mybb.ru/" "Mozilla/4.0 (compatible; MSIE 6.0; Windows NT 5.0; .NET CLR 1.0.3705; .NET CLR 1.1.4322)"
184.175.55.200 - - [18/Aug/2013:21:44:11 -0400] "GET /css/youth.css HTTP/1.1" 200 8470 "http://www.michaelbrandwein.com/youth.html" "Mozilla/5.0 (Windows NT 6.1; WOW64) AppleWebKit/537.36 (KHTML, like Gecko) Chrome/28.0.1500.95 Safari/537.36"
184.175.55.200 - - [18/Aug/2013:21:44:13 -0400] "GET /images/banner2.jpg HTTP/1.1" 200 5488 "http://www.michaelbrandwein.com/youth.html" "Mozilla/5.0 (Windows NT 6.1; WOW64) AppleWebKit/537.36 (KHTML, like Gecko) Chrome/28.0.1500.95 Safari/537.36"
184.175.55.200 - - [18/Aug/2013:21:44:13 -0400] "GET /graphics/oval6.jpg HTTP/1.1" 200 3369 "http://www.michaelbrandwein.com/youth.html" "Mozilla/5.0 (Windows NT 6.1; WOW64) AppleWebKit/537.36 (KHTML, like Gecko) Chrome/28.0.1500.95 Safari/537.36"
184.175.55.200 - - [18/Aug/2013:21:44:13 -0400] "GET /graphics/oval3.jpg HTTP/1.1" 200 14255 "http://www.michaelbrandwein.com/youth.html" "Mozilla/5.0 (Windows NT 6.1; WOW64) AppleWebKit/537.36 (KHTML, like Gecko) Chrome/28.0.1500.95 Safari/537.36"
184.175.55.200 - - [18/Aug/2013:21:44:13 -0400] "GET /favicon.ico HTTP/1.1" 404 575 "-" "Mozilla/5.0 (Windows NT 6.1; WOW64) AppleWebKit/537.36 (KHTML, like Gecko) Chrome/28.0.1500.95 Safari/537.36"
173.69.152.200 - - [18/Aug/2013:21:53:17 -0400] "GET /graphics/arrowup.gif HTTP/1.1" 200 84 "http://www.michaelbrandwein.com/yschools.html" "Mozilla/5.0 (iPad; CPU OS 6_0 like Mac OS X) AppleWebKit/536.26 (KHTML, like Gecko) Version/6.0 Mobile/10A407 Safari/8536.25"
98.137.206.108 - - [18/Aug/2013:23:47:21 -0400] "GET /graphics/homeadult.jpg HTTP/1.1" 200 18635 "http://michaelbrandwein.com/" "Mozilla/5.0 (compatible; Yahoo! Slurp/3.0; http://help.yahoo.com/help/us/ysearch/slurp) NOT Firefox/3.5"
98.137.206.108 - - [18/Aug/2013:23:47:22 -0400] "GET /graphics/homeadult2.jpg HTTP/1.1" 200 19380 "http://michaelbrandwein.com/" "Mozilla/5.0 (compatible; Yahoo! Slurp/3.0; http://help.yahoo.com/help/us/ysearch/slurp) NOT Firefox/3.5"
66.249.75.94 - - [18/Aug/2013:03:48:31 -0400] "GET /pdf/Camp%20Staff%20Training%20Topics.pdf HTTP/1.1" 304 - "-" "Mozilla/5.0 (compatible; Googlebot/2.1; +http://www.google.com/bot.html)"
59.92.197.200 - - [18/Aug/2013:01:46:20 -0400] "GET /pdf/Business-Organizations%20Topics.pdf HTTP/1.1" 206 32768 "http://www.michaelbrandwein.com/pdf/Business-Organizations%20Topics.pdf" "Mozilla/5.0 (Windows NT 6.1; WOW64) AppleWebKit/537.36 (KHTML, like Gecko) Chrome/28.0.1500.95 Safari/537.36"
59.92.197.200 - - [18/Aug/2013:01:46:22 -0400] "GET /favicon.ico HTTP/1.1" 404 575 "-" "Mozilla/5.0 (Windows NT 6.1; WOW64) AppleWebKit/537.36 (KHTML, like Gecko) Chrome/28.0.1500.95 Safari/537.36"
59.92.197.200 - - [18/Aug/2013:01:46:22 -0400] "GET /favicon.ico HTTP/1.1" 404 575 "-" "Mozilla/5.0 (Windows NT 6.1; WOW64) AppleWebKit/537.36 (KHTML, like Gecko) Chrome/28.0.1500.95 Safari/537.36"
59.92.197.200 - - [18/Aug/2013:01:46:23 -0400] "GET /favicon.ico HTTP/1.1" 404 575 "-" "Mozilla/5.0 (Windows NT 6.1; WOW64) AppleWebKit/537.36 (KHTML, like Gecko) Chrome/28.0.1500.95 Safari/537.36"
59.92.197.200 - - [18/Aug/2013:01:46:23 -0400] "GET /favicon.ico HTTP/1.1" 404 575 "-" "Mozilla/5.0 (Windows NT 6.1; WOW64) AppleWebKit/537.36 (KHTML, like Gecko) Chrome/28.0.1500.95 Safari/537.36"
59.92.197.200 - - [18/Aug/2013:01:46:24 -0400] "GET /favicon.ico HTTP/1.1" 404 575 "-" "Mozilla/5.0 (Windows NT 6.1; WOW64) AppleWebKit/537.36 (KHTML, like Gecko) Chrome/28.0.1500.95 Safari/537.36"
59.92.197.200 - - [18/Aug/2013:01:46:25 -0400] "GET /favicon.ico HTTP/1.1" 404 575 "-" "Mozilla/5.0 (Windows NT 6.1; WOW64) AppleWebKit/537.36 (KHTML, like Gecko) Chrome/28.0.1500.95 Safari/537.36"
59.92.197.200 - - [18/Aug/2013:01:46:26 -0400] "GET /favicon.ico HTTP/1.1" 404 575 "-" "Mozilla/5.0 (Windows NT 6.1; WOW64) AppleWebKit/537.36 (KHTML, like Gecko) Chrome/28.0.1500.95 Safari/537.36"
112.111.190.27 - - [18/Aug/2013:02:55:52 -0400] "GET /ytopics/camp/training/session/stafftraining.html HTTP/1.0" 200 10559 "http://www.michaelbrandwein.com/ytopics/camp/training/session/stafftraining.html" "Mozilla/5.0 (Windows NT 6.1) AppleWebKit/537.4 (KHTML, like Gecko) Chrome/22.0.1229.79 Safari/537.4 u01-09"
98.206.162.9 - - [18/Aug/2013:10:00:57 -0400] "GET /images/banner2.jpg HTTP/1.1" 200 5488 "http://www.michaelbrandwein.com/adult.html" "Mozilla/5.0 (Windows NT 6.1; WOW64; rv:22.0) Gecko/20100101 Firefox/22.0"
98.206.162.9 - - [18/Aug/2013:10:00:57 -0400] "GET /images/youthhome.jpg HTTP/1.1" 200 15371 "http://www.michaelbrandwein.com/youth.html" "Mozilla/5.0 (Windows NT 6.1; WOW64; rv:22.0) Gecko/20100101 Firefox/22.0"
98.206.162.9 - - [18/Aug/2013:10:00:57 -0400] "GET /graphics/oval6.jpg HTTP/1.1" 200 3369 "http://www.michaelbrandwein.com/youth.html" "Mozilla/5.0 (Windows NT 6.1; WOW64; rv:22.0) Gecko/20100101 Firefox/22.0"
157.55.32.109 - - [18/Aug/2013:11:15:17 -0400] "GET /ytopics/camp/training/staff/improvtoimprove.html HTTP/1.1" 200 10722 "-" "Mozilla/5.0 (compatible; bingbot/2.0; +http://www.bing.com/bingbot.htm)"
76.218.227.115 - - [18/Aug/2013:16:52:11 -0400] "GET /products/superstaffsupervision_clip_image002.jpg HTTP/1.1" 200 9705 "http://thecampdirector.com/" "Mozilla/5.0 (Windows NT 6.1; WOW64; rv:22.0) Gecko/20100101 Firefox/22.0"
208.43.225.85 - - [18/Aug/2013:06:00:20 -0400] "GET /video/LLsegment2.ram HTTP/1.1" 200 47 "-" "Mozilla/5.0 (compatible; SiteExplorer/1.0b; +http://siteexplorer.info/)"
117.192.139.5 - - [18/Aug/2013:06:54:12 -0400] "GET /graphics/dot.gif HTTP/1.1" 200 114 "http://www.michaelbrandwein.com/presentations.html" "Mozilla/5.0 (Macintosh; Intel Mac OS X 10_8_4) AppleWebKit/537.36 (KHTML, like Gecko) Chrome/28.0.1500.95 Safari/537.36"
157.55.35.79 - - [18/Aug/2013:00:32:26 -0400] "GET /products/skilloftheday.html HTTP/1.1" 304 - "-" "Mozilla/5.0 (compatible; bingbot/2.0; +http://www.bing.com/bingbot.htm)"
59.92.197.200 - - [18/Aug/2013:01:45:14 -0400] "GET /graphics/arrowup.gif HTTP/1.1" 200 84 "http://www.michaelbrandwein.com/presentations.html" "Mozilla/5.0 (Windows NT 6.1; WOW64) AppleWebKit/537.36 (KHTML, like Gecko) Chrome/28.0.1500.95 Safari/537.36"
59.92.197.200 - - [18/Aug/2013:01:46:14 -0400] "GET /favicon.ico HTTP/1.1" 404 575 "-" "Mozilla/5.0 (Windows NT 6.1; WOW64) AppleWebKit/537.36 (KHTML, like Gecko) Chrome/28.0.1500.95 Safari/537.36"
59.92.197.200 - - [18/Aug/2013:01:46:15 -0400] "GET /favicon.ico HTTP/1.1" 404 575 "-" "Mozilla/5.0 (Windows NT 6.1; WOW64) AppleWebKit/537.36 (KHTML, like Gecko) Chrome/28.0.1500.95 Safari/537.36"
59.92.197.200 - - [18/Aug/2013:01:46:17 -0400] "GET /favicon.ico HTTP/1.1" 404 575 "-" "Mozilla/5.0 (Windows NT 6.1; WOW64) AppleWebKit/537.36 (KHTML, like Gecko) Chrome/28.0.1500.95 Safari/537.36"
59.92.197.200 - - [18/Aug/2013:01:46:18 -0400] "GET /favicon.ico HTTP/1.1" 404 575 "-" "Mozilla/5.0 (Windows NT 6.1; WOW64) AppleWebKit/537.36 (KHTML, like Gecko) Chrome/28.0.1500.95 Safari/537.36"
59.92.197.200 - - [18/Aug/2013:01:46:19 -0400] "GET /favicon.ico HTTP/1.1" 404 575 "-" "Mozilla/5.0 (Windows NT 6.1; WOW64) AppleWebKit/537.36 (KHTML, like Gecko) Chrome/28.0.1500.95 Safari/537.36"
59.92.197.200 - - [18/Aug/2013:01:46:19 -0400] "GET /pdf/Business-Organizations%20Topics.pdf HTTP/1.1" 200 130381 "http://www.michaelbrandwein.com/presentations.html" "Mozilla/5.0 (Windows NT 6.1; WOW64) AppleWebKit/537.36 (KHTML, like Gecko) Chrome/28.0.1500.95 Safari/537.36"
59.92.197.200 - - [18/Aug/2013:01:46:20 -0400] "GET /favicon.ico HTTP/1.1" 404 575 "-" "Mozilla/5.0 (Windows NT 6.1; WOW64) AppleWebKit/537.36 (KHTML, like Gecko) Chrome/28.0.1500.95 Safari/537.36"
59.92.197.200 - - [18/Aug/2013:01:46:20 -0400] "GET /favicon.ico HTTP/1.1" 404 575 "-" "Mozilla/5.0 (Windows NT 6.1; WOW64) AppleWebKit/537.36 (KHTML, like Gecko) Chrome/28.0.1500.95 Safari/537.36"
59.92.197.200 - - [18/Aug/2013:01:46:22 -0400] "GET /pdf/Business-Organizations%20Topics.pdf HTTP/1.1" 206 97613 "http://www.michaelbrandwein.com/pdf/Business-Organizations%20Topics.pdf" "Mozilla/5.0 (Windows NT 6.1; WOW64) AppleWebKit/537.36 (KHTML, like Gecko) Chrome/28.0.1500.95 Safari/537.36"
59.92.197.200 - - [18/Aug/2013:01:46:27 -0400] "GET /favicon.ico HTTP/1.1" 404 575 "-" "Mozilla/5.0 (Windows NT 6.1; WOW64) AppleWebKit/537.36 (KHTML, like Gecko) Chrome/28.0.1500.95 Safari/537.36"
157.55.35.79 - - [18/Aug/2013:15:47:29 -0400] "GET /robots.txt HTTP/1.1" 404 575 "-" "Mozilla/5.0 (compatible; bingbot/2.0; +http://www.bing.com/bingbot.htm)"
180.76.5.138 - - [18/Aug/2013:09:22:55 -0400] "GET /atopics/valueofvaryingviews.html HTTP/1.1" 200 9023 "-" "Mozilla/5.0 (compatible; Baiduspider/2.0; +http://www.baidu.com/search/spider.html)"
65.55.215.67 - - [18/Aug/2013:18:14:19 -0400] "GET /robots.txt HTTP/1.1" 404 575 "-" "msnbot-media/1.1 (+http://search.msn.com/msnbot.htm)"
173.199.116.83 - - [18/Aug/2013:06:19:38 -0400] "GET /ytopics/camp/training/session/stafftraining.html HTTP/1.1" 200 10559 "-" "Mozilla/5.0 (compatible; AhrefsBot/4.0; +http://ahrefs.com/robot/)"
123.125.71.42 - - [18/Aug/2013:21:30:31 -0400] "GET /css/brandwein.css HTTP/1.1" 200 2167 "-" "Mozilla/5.0 (compatible; Baiduspider/2.0; +http://www.baidu.com/search/spider.html)"
184.175.55.200 - - [18/Aug/2013:21:45:00 -0400] "GET /favicon.ico HTTP/1.1" 404 575 "-" "Mozilla/5.0 (Windows NT 6.1; WOW64) AppleWebKit/537.36 (KHTML, like Gecko) Chrome/28.0.1500.95 Safari/537.36"
173.69.152.200 - - [18/Aug/2013:21:55:10 -0400] "GET /pdf/Camp%20Staff%20Training%20Topics.pdf HTTP/1.1" 200 156722 "-" "Mozilla/5.0 (iPad; CPU OS 6_0 like Mac OS X) AppleWebKit/536.26 (KHTML, like Gecko) Version/6.0 Mobile/10A407 Safari/8536.25"
93.115.86.194 - - [18/Aug/2013:04:09:07 -0400] "GET /videopreviews.html HTTP/1.1" 200 15840 "-" "Mozilla/4.0 (compatible; MSIE 6.0; Windows NT 5.1; SV1)"
178.154.243.82 - - [18/Aug/2013:20:24:53 -0400] "GET /robots.txt HTTP/1.1" 404 575 "-" "Mozilla/5.0 (compatible; YandexImages/3.0; +http://yandex.com/bots)"
93.115.86.194 - - [18/Aug/2013:04:09:02 -0400] "POST /cgi-bin/FormMail.contact.pl HTTP/1.1" 302 - "http://www.michaelbrandwein.com/contact.html" "Mozilla/4.0 (compatible; MSIE 6.0; Windows NT 5.1; SV1)"
208.115.113.88 - - [18/Aug/2013:23:49:52 -0400] "GET /ytopics/schools/staffdev/dumpingtheds.html HTTP/1.1" 200 11304 "-" "Mozilla/5.0 (compatible; Ezooms/1.0; ezooms.bot@gmail.com)"
117.192.139.5 - - [18/Aug/2013:06:54:12 -0400] "GET /graphics/hr2a.jpg HTTP/1.1" 200 8132 "http://www.michaelbrandwein.com/presentations.html" "Mozilla/5.0 (Macintosh; Intel Mac OS X 10_8_4) AppleWebKit/537.36 (KHTML, like Gecko) Chrome/28.0.1500.95 Safari/537.36"
117.192.139.5 - - [18/Aug/2013:06:54:13 -0400] "GET /sayings.txt HTTP/1.1" 200 6460 "http://www.michaelbrandwein.com/presentations.html" "Mozilla/5.0 (Macintosh; Intel Mac OS X 10_8_4) AppleWebKit/537.36 (KHTML, like Gecko) Chrome/28.0.1500.95 Safari/537.36"
173.192.235.226 - - [18/Aug/2013:08:02:27 -0400] "GET /video/LLsegment3.ram HTTP/1.1" 200 47 "-" "Mozilla/5.0 (compatible; SiteExplorer/1.0b; +http://siteexplorer.info/)"
66.249.75.170 - - [18/Aug/2013:01:50:16 -0400] "GET /ytopics/camp/training/session/pulsetaking.html HTTP/1.1" 304 - "-" "Mozilla/5.0 (compatible; Googlebot/2.1; +http://www.google.com/bot.html)"
70.61.233.2 - - [18/Aug/2013:11:55:32 -0400] "GET /products/trainingterrificstaff_clip_image002.jpg HTTP/1.1" 200 10083 "http://thecampdirector.com/2007/11/10/writing-a-letter-of-recommendation-for-college-internships-graduate-school-jobs-step-1-gathering-the-data-from-your-employee/" "Mozilla/5.0 (compatible; MSIE 9.0; Windows NT 6.1; WOW64; Trident/5.0; MDDCJS)"
199.30.24.37 - - [18/Aug/2013:12:17:11 -0400] "GET /graphics/dot.gif HTTP/1.1" 200 114 "http://www.michaelbrandwein.com/ytopics/camp/training/staff/improvtoimprove.html" "Mozilla/5.0 (Windows NT 6.1; WOW64) AppleWebKit/534+ (KHTML, like Gecko) BingPreview/1.0b"
208.115.111.72 - - [18/Aug/2013:17:46:28 -0400] "GET /ytopics/camp/training/staff/whydontyoubehave.html HTTP/1.1" 200 12386 "-" "Mozilla/5.0 (compatible; Ezooms/1.0; ezooms.bot@gmail.com)"
98.206.162.9 - - [18/Aug/2013:09:53:08 -0400] "GET /graphics/homeadult.jpg HTTP/1.1" 200 18635 "http://www.michaelbrandwein.com/" "Mozilla/5.0 (Windows NT 6.1; WOW64; rv:22.0) Gecko/20100101 Firefox/22.0"
98.206.162.9 - - [18/Aug/2013:09:53:09 -0400] "GET /graphics/bodya.gif HTTP/1.1" 200 131 "http://www.michaelbrandwein.com/" "Mozilla/5.0 (Windows NT 6.1; WOW64; rv:22.0) Gecko/20100101 Firefox/22.0"
98.206.162.9 - - [18/Aug/2013:09:53:09 -0400] "GET /graphics/homeadult2.jpg HTTP/1.1" 200 19380 "http://www.michaelbrandwein.com/" "Mozilla/5.0 (Windows NT 6.1; WOW64; rv:22.0) Gecko/20100101 Firefox/22.0"
98.206.162.9 - - [18/Aug/2013:10:01:39 -0400] "GET /graphics/get_flash_player.gif HTTP/1.1" 200 1066 "http://www.michaelbrandwein.com/yvideopreviews.html" "Mozilla/5.0 (Windows NT 6.1; WOW64; rv:22.0) Gecko/20100101 Firefox/22.0"
70.61.233.2 - - [18/Aug/2013:11:55:33 -0400] "GET /products/learningleadership_clip_image002.jpg HTTP/1.1" 200 10525 "http://thecampdirector.com/2007/11/10/writing-a-letter-of-recommendation-for-college-internships-graduate-school-jobs-step-1-gathering-the-data-from-your-employee/" "Mozilla/5.0 (compatible; MSIE 9.0; Windows NT 6.1; WOW64; Trident/5.0; MDDCJS)"
72.30.198.38 - - [18/Aug/2013:06:48:08 -0400] "GET /products/superstaffsupervision_clip_image002.jpg HTTP/1.1" 200 9705 "http://thecampdirector.com/" "Mozilla/5.0 (compatible; Yahoo! Slurp/3.0; http://help.yahoo.com/help/us/ysearch/slurp) NOT Firefox/3.5"
173.192.235.226 - - [18/Aug/2013:08:01:42 -0400] "GET /yclientlist.html HTTP/1.1" 200 14192 "-" "Mozilla/5.0 (compatible; SiteExplorer/1.0b; +http://siteexplorer.info/)"
184.175.55.200 - - [18/Aug/2013:21:43:20 -0400] "GET /css/brandwein.css HTTP/1.1" 200 2167 "http://www.michaelbrandwein.com/" "Mozilla/5.0 (Windows NT 6.1; WOW64) AppleWebKit/537.36 (KHTML, like Gecko) Chrome/28.0.1500.95 Safari/537.36"
184.175.55.200 - - [18/Aug/2013:21:43:20 -0400] "GET /graphics/logoin.jpg HTTP/1.1" 200 14869 "http://www.michaelbrandwein.com/" "Mozilla/5.0 (Windows NT 6.1; WOW64) AppleWebKit/537.36 (KHTML, like Gecko) Chrome/28.0.1500.95 Safari/537.36"
184.175.55.200 - - [18/Aug/2013:21:43:20 -0400] "GET /graphics/bodyy.gif HTTP/1.1" 200 124 "http://www.michaelbrandwein.com/" "Mozilla/5.0 (Windows NT 6.1; WOW64) AppleWebKit/537.36 (KHTML, like Gecko) Chrome/28.0.1500.95 Safari/537.36"
173.69.152.200 - - [18/Aug/2013:21:52:56 -0400] "GET /css/brandwein.css HTTP/1.1" 200 2167 "http://www.michaelbrandwein.com/" "Mozilla/5.0 (iPad; CPU OS 6_0 like Mac OS X) AppleWebKit/536.26 (KHTML, like Gecko) Version/6.0 Mobile/10A407 Safari/8536.25"
173.69.152.200 - - [18/Aug/2013:21:52:57 -0400] "GET /graphics/logoin.jpg HTTP/1.1" 200 14869 "http://www.michaelbrandwein.com/" "Mozilla/5.0 (iPad; CPU OS 6_0 like Mac OS X) AppleWebKit/536.26 (KHTML, like Gecko) Version/6.0 Mobile/10A407 Safari/8536.25"
173.69.152.200 - - [18/Aug/2013:21:52:57 -0400] "GET /graphics/bodyy.gif HTTP/1.1" 200 124 "http://www.michaelbrandwein.com/" "Mozilla/5.0 (iPad; CPU OS 6_0 like Mac OS X) AppleWebKit/536.26 (KHTML, like Gecko) Version/6.0 Mobile/10A407 Safari/8536.25"
173.69.152.200 - - [18/Aug/2013:21:52:57 -0400] "GET /graphics/homeadult2.jpg HTTP/1.1" 200 19380 "http://www.michaelbrandwein.com/" "Mozilla/5.0 (iPad; CPU OS 6_0 like Mac OS X) AppleWebKit/536.26 (KHTML, like Gecko) Version/6.0 Mobile/10A407 Safari/8536.25"
157.55.32.109 - - [18/Aug/2013:21:55:52 -0400] "GET /sayings.txt HTTP/1.1" 200 6460 "-" "Mozilla/5.0 (compatible; bingbot/2.0; +http://www.bing.com/bingbot.htm)"
95.24.193.245 - - [18/Aug/2013:13:05:37 -0400] "GET /css/youth.css HTTP/1.1" 200 8470 "http://www.michaelbrandwein.com/ytopics/schools/staffdev/helpingyoungpeople.html" "Mozilla/4.0 (compatible; MSIE 6.0; Windows NT 5.1; SV1)"
65.55.213.72 - - [18/Aug/2013:13:59:50 -0400] "GET /adult.html HTTP/1.1" 200 13694 "-" "msnbot/2.0b (+http://search.msn.com/msnbot.htm)"
66.249.75.170 - - [18/Aug/2013:16:37:33 -0400] "GET /robots.txt HTTP/1.1" 404 575 "-" "Mozilla/5.0 (compatible; Googlebot/2.1; +http://www.google.com/bot.html)"
76.168.162.25 - - [18/Aug/2013:17:50:05 -0400] "GET /css/adult.css HTTP/1.1" 200 6290 "http://www.michaelbrandwein.com/presentations.html" "Mozilla/5.0 (compatible; MSIE 10.0; Windows NT 6.2; WOW64; Trident/6.0)"
76.168.162.25 - - [18/Aug/2013:17:50:05 -0400] "GET /graphics/hr2a.jpg HTTP/1.1" 200 8132 "http://www.michaelbrandwein.com/presentations.html" "Mozilla/5.0 (compatible; MSIE 10.0; Windows NT 6.2; WOW64; Trident/6.0)"
93.115.86.194 - - [18/Aug/2013:04:09:07 -0400] "GET /presentations.html HTTP/1.1" 200 12384 "-" "Mozilla/4.0 (compatible; MSIE 6.0; Windows NT 5.1; SV1)"
173.192.235.226 - - [18/Aug/2013:08:02:22 -0400] "GET /video/LLsegment4.ram HTTP/1.1" 200 47 "-" "Mozilla/5.0 (compatible; SiteExplorer/1.0b; +http://siteexplorer.info/)"
180.76.5.183 - - [18/Aug/2013:01:29:51 -0400] "GET /ytopics/organizations/workdirectly/helpingyoungpeople.html HTTP/1.1" 200 11459 "-" "Mozilla/5.0 (compatible; Baiduspider/2.0; +http://www.baidu.com/search/spider.html)"
59.92.197.200 - - [18/Aug/2013:01:45:21 -0400] "GET /favicon.ico HTTP/1.1" 404 575 "-" "Mozilla/5.0 (Windows NT 6.1; WOW64) AppleWebKit/537.36 (KHTML, like Gecko) Chrome/28.0.1500.95 Safari/537.36"
128.68.32.208 - - [18/Aug/2013:13:04:40 -0400] "GET /css/youth.css HTTP/1.1" 200 8470 "http://www.michaelbrandwein.com/ytopics/camp/conferences/campgames.html" "Mozilla/5.0 (Windows; U; Windows NT 5.1; ru; rv:1.9.2.12) Gecko/20101026 Firefox/3.6.12 YB/5.1.3"
178.137.128.12 - - [18/Aug/2013:15:46:55 -0400] "GET /atopics/conflictcommunication.html HTTP/1.1" 200 8923 "http://web-uroki.ru/" "Mozilla/4.0 (compatible; MSIE 6.0; Windows NT 5.1; SV1; .NET CLR 1.1.4322; .NET CLR 2.0.50727)"
112.111.189.220 - - [18/Aug/2013:17:52:01 -0400] "GET /clientcomments.html HTTP/1.0" 200 29967 "http://www.michaelbrandwein.com/clientcomments.html" "Mozilla/5.0 (Windows NT 5.1) AppleWebKit/537.4 (KHTML, like Gecko) Chrome/22.0.1229.79 Safari/537.4"
93.115.86.194 - - [18/Aug/2013:04:09:09 -0400] "GET /participantcomments.html HTTP/1.1" 200 37033 "-" "Mozilla/4.0 (compatible; MSIE 6.0; Windows NT 5.1; SV1)"
180.76.5.142 - - [18/Aug/2013:05:19:19 -0400] "GET /ytopics/camp/conferences/expresstrain.html HTTP/1.1" 200 10495 "-" "Mozilla/5.0 (compatible; Baiduspider/2.0; +http://www.baidu.com/search/spider.html)"
157.55.32.109 - - [18/Aug/2013:06:00:23 -0400] "GET /ycomments/amcampassoc.html HTTP/1.1" 304 - "-" "Mozilla/5.0 (compatible; bingbot/2.0; +http://www.bing.com/bingbot.htm)"
71.105.109.203 - - [18/Aug/2013:18:25:59 -0400] "GET /graphics/arrowup.gif HTTP/1.1" 200 84 "http://www.michaelbrandwein.com/ycampconferences.html" "Mozilla/5.0 (Macintosh; Intel Mac OS X 10_6_8) AppleWebKit/534.57.2 (KHTML, like Gecko) Version/5.1.7 Safari/534.57.2"
157.55.32.109 - - [18/Aug/2013:19:08:48 -0400] "GET /ytopics/camp/training/session/ysayings.txt HTTP/1.1" 200 6677 "-" "Mozilla/5.0 (compatible; bingbot/2.0; +http://www.bing.com/bingbot.htm)"
157.55.35.79 - - [18/Aug/2013:23:10:00 -0400] "GET /ytopics/schools/admin/timemanagement.html HTTP/1.1" 304 - "-" "Mozilla/5.0 (compatible; bingbot/2.0; +http://www.bing.com/bingbot.htm)"
23.24.203.142 - - [18/Aug/2013:23:41:34 -0400] "GET /products/learningleadership_clip_image002.jpg HTTP/1.1" 200 10525 "http://thecampdirector.com/2012/03/22/camp-easy-a-data-base-to-help-parents-enjoy-planning-a-summer-of-camp/" "Mozilla/5.0 (Macintosh; Intel Mac OS X 10_8_4) AppleWebKit/537.36 (KHTML, like Gecko) Chrome/28.0.1500.95 Safari/537.36"
2.51.48.13 - - [18/Aug/2013:12:35:32 -0400] "GET /presentations.html HTTP/1.1" 200 12384 "https://www.google.ae/" "Mozilla/5.0 (Windows NT 6.1; WOW64) AppleWebKit/537.36 (KHTML, like Gecko) Chrome/28.0.1500.95 Safari/537.36"
2.51.48.13 - - [18/Aug/2013:12:35:33 -0400] "GET /css/adult.css HTTP/1.1" 200 6290 "http://www.michaelbrandwein.com/presentations.html" "Mozilla/5.0 (Windows NT 6.1; WOW64) AppleWebKit/537.36 (KHTML, like Gecko) Chrome/28.0.1500.95 Safari/537.36"
2.51.48.13 - - [18/Aug/2013:12:35:33 -0400] "GET /graphics/dot.gif HTTP/1.1" 200 114 "http://www.michaelbrandwein.com/presentations.html" "Mozilla/5.0 (Windows NT 6.1; WOW64) AppleWebKit/537.36 (KHTML, like Gecko) Chrome/28.0.1500.95 Safari/537.36"
157.55.32.109 - - [18/Aug/2013:13:39:56 -0400] "GET /adult.html HTTP/1.1" 304 - "-" "Mozilla/5.0 (compatible; bingbot/2.0; +http://www.bing.com/bingbot.htm)"
12.23.250.2 - - [18/Aug/2013:10:37:58 -0400] "GET /products/learningleadership_clip_image002.jpg HTTP/1.1" 200 10525 "http://thecampdirector.com/" "Mozilla/5.0 (Macintosh; Intel Mac OS X 10_8_4) AppleWebKit/536.30.1 (KHTML, like Gecko) Version/6.0.5 Safari/536.30.1"
157.55.32.80 - - [18/Aug/2013:15:17:15 -0400] "GET /ytopics/camp/conferences/ysayings.txt HTTP/1.1" 200 6677 "-" "Mozilla/5.0 (compatible; bingbot/2.0; +http://www.bing.com/bingbot.htm)"
31.184.238.65 - - [18/Aug/2013:20:05:22 -0400] "GET /atopics/conflictcommunication.html HTTP/1.0" 200 8923 "http://www.michaelbrandwein.com/atopics/conflictcommunication.html" "Mozilla/5.0 (Windows NT 5.1) AppleWebKit/537.4 (KHTML, like Gecko) Chrome/22.0.1229.79 Safari/537.4"
66.249.75.170 - - [18/Aug/2013:04:35:03 -0400] "GET /pdf/Camp%20Conferences%20and%20Meetings%20Topics.pdf HTTP/1.1" 304 - "-" "Mozilla/5.0 (compatible; Googlebot/2.1; +http://www.google.com/bot.html)"
46.119.118.152 - - [18/Aug/2013:22:03:11 -0400] "GET /atopics/conflictcommunication.html HTTP/1.1" 200 8923 "http://cleaning-uborka.ru/" "Mozilla/4.0 (compatible; MSIE 6.0; Windows NT 5.1; Maxthon; .NET CLR 1.1.4322)"
72.30.198.54 - - [18/Aug/2013:00:04:54 -0400] "GET /products/learningleadership_clip_image002.jpg HTTP/1.1" 200 10525 "http://thecampdirector.com/2010/02/28/how-does-summer-camp-prepare-people-for-the-new-world-of-work/" "Mozilla/5.0 (compatible; Yahoo! Slurp/3.0; http://help.yahoo.com/help/us/ysearch/slurp) NOT Firefox/3.5"
71.105.109.203 - - [18/Aug/2013:18:25:28 -0400] "GET /youth.html HTTP/1.1" 200 14317 "http://www.michaelbrandwein.com/" "Mozilla/5.0 (Macintosh; Intel Mac OS X 10_6_8) AppleWebKit/534.57.2 (KHTML, like Gecko) Version/5.1.7 Safari/534.57.2"
71.105.109.203 - - [18/Aug/2013:18:25:28 -0400] "GET /images/banner2.jpg HTTP/1.1" 200 5488 "http://www.michaelbrandwein.com/youth.html" "Mozilla/5.0 (Macintosh; Intel Mac OS X 10_6_8) AppleWebKit/534.57.2 (KHTML, like Gecko) Version/5.1.7 Safari/534.57.2"
71.105.109.203 - - [18/Aug/2013:18:25:29 -0400] "GET /graphics/oval2.jpg HTTP/1.1" 200 14082 "http://www.michaelbrandwein.com/youth.html" "Mozilla/5.0 (Macintosh; Intel Mac OS X 10_6_8) AppleWebKit/534.57.2 (KHTML, like Gecko) Version/5.1.7 Safari/534.57.2"
71.105.109.203 - - [18/Aug/2013:18:25:29 -0400] "GET /graphics/oval4.jpg HTTP/1.1" 200 13531 "http://www.michaelbrandwein.com/youth.html" "Mozilla/5.0 (Macintosh; Intel Mac OS X 10_6_8) AppleWebKit/534.57.2 (KHTML, like Gecko) Version/5.1.7 Safari/534.57.2"
71.105.109.203 - - [18/Aug/2013:18:25:29 -0400] "GET /ysayings.txt HTTP/1.1" 200 6677 "http://www.michaelbrandwein.com/youth.html" "Mozilla/5.0 (Macintosh; Intel Mac OS X 10_6_8) AppleWebKit/534.57.2 (KHTML, like Gecko) Version/5.1.7 Safari/534.57.2"
173.252.73.114 - - [18/Aug/2013:20:26:32 -0400] "GET /images/banner2.jpg HTTP/1.1" 206 5488 "-" "facebookexternalhit/1.1 (+http://www.facebook.com/externalhit_uatext.php)"
208.115.111.72 - - [18/Aug/2013:20:48:04 -0400] "GET /robots.txt HTTP/1.1" 404 575 "-" "Mozilla/5.0 (compatible; Ezooms/1.0; ezooms.bot@gmail.com)"
184.175.55.200 - - [18/Aug/2013:21:44:27 -0400] "GET /images/schools.jpg HTTP/1.1" 200 30229 "http://www.michaelbrandwein.com/yschools.html" "Mozilla/5.0 (Windows NT 6.1; WOW64) AppleWebKit/537.36 (KHTML, like Gecko) Chrome/28.0.1500.95 Safari/537.36"
46.119.118.152 - - [18/Aug/2013:22:03:14 -0400] "GET /atopics/conflictcommunication.html HTTP/1.1" 200 8923 "http://www.bravica.info/ru/" "Mozilla/4.0 (compatible; MSIE 6.0; Windows NT 5.1; Maxthon; .NET CLR 1.1.4322)"
66.249.75.170 - - [18/Aug/2013:04:06:20 -0400] "GET /ytopics/schools/students/theressomuchmagicyoucando.html HTTP/1.1" 304 - "-" "Mozilla/5.0 (compatible; Googlebot/2.1; +http://www.google.com/bot.html)"
93.115.86.194 - - [18/Aug/2013:04:09:10 -0400] "GET /mailinglist.html HTTP/1.1" 200 13790 "-" "Mozilla/4.0 (compatible; MSIE 6.0; Windows NT 5.1; SV1)"
173.199.116.83 - - [18/Aug/2013:08:22:16 -0400] "GET /ytopics/camp/training/staff/buildingbetterchildren.html HTTP/1.1" 200 11593 "-" "Mozilla/5.0 (compatible; AhrefsBot/4.0; +http://ahrefs.com/robot/)"
220.181.51.217 - - [18/Aug/2013:15:55:47 -0400] "GET /video/keynotesegment2.ram HTTP/1.0" 200 52 "-" "Mozilla/4.0 (compatible; MSIE 6.0; Windows NT 5.1; SV1)"
66.249.75.170 - - [18/Aug/2013:08:05:56 -0400] "GET /ytopics/organizations/supervise/managingvolunteers.html HTTP/1.1" 200 11165 "-" "Mozilla/5.0 (iPhone; U; CPU iPhone OS 4_1 like Mac OS X; en-us) AppleWebKit/532.9 (KHTML, like Gecko) Version/4.0.5 Mobile/8B117 Safari/6531.22.7 (compatible; Googlebot-Mobile/2.1; +http://www.google.com/bot.html)"
157.55.32.109 - - [18/Aug/2013:01:51:43 -0400] "GET /yorganizations.html HTTP/1.1" 200 19737 "-" "Mozilla/5.0 (compatible; bingbot/2.0; +http://www.bing.com/bingbot.htm)"
157.55.36.49 - - [18/Aug/2013:23:50:59 -0400] "GET /ybioabnormal.html HTTP/1.1" 304 - "-" "Mozilla/5.0 (compatible; bingbot/2.0; +http://www.bing.com/bingbot.htm)"
115.67.166.231 - - [18/Aug/2013:23:51:33 -0400] "GET /graphics/hr2a.jpg HTTP/1.1" 200 8132 "http://www.michaelbrandwein.com/presentations.html" "Mozilla/5.0 (iPhone; CPU iPhone OS 5_0 like Mac OS X) AppleWebKit/534.46 (KHTML, like Gecko) Version/5.1 Mobile/9A334 Safari/7534.48.3"
115.67.166.231 - - [18/Aug/2013:23:51:35 -0400] "GET /sayings.txt HTTP/1.1" 200 6460 "http://www.michaelbrandwein.com/presentations.html" "Mozilla/5.0 (iPhone; CPU iPhone OS 5_0 like Mac OS X) AppleWebKit/534.46 (KHTML, like Gecko) Version/5.1 Mobile/9A334 Safari/7534.48.3"
208.115.113.88 - - [18/Aug/2013:19:50:30 -0400] "GET /ytopics/camp/conferences/manualdexterity.html HTTP/1.1" 200 10402 "-" "Mozilla/5.0 (compatible; Ezooms/1.0; ezooms.bot@gmail.com)"
173.199.116.83 - - [18/Aug/2013:05:10:20 -0400] "GET /ytopics/organizations/workdirectly/leadingthelittlerones.html HTTP/1.1" 200 10774 "-" "Mozilla/5.0 (compatible; AhrefsBot/4.0; +http://ahrefs.com/robot/)"
66.249.75.94 - - [18/Aug/2013:05:48:42 -0400] "GET /youth.html HTTP/1.1" 200 14317 "-" "DoCoMo/2.0 N905i(c100;TB;W24H16) (compatible; Googlebot-Mobile/2.1; +http://www.google.com/bot.html)"
98.137.206.35 - - [18/Aug/2013:00:18:55 -0400] "GET /graphics/bgwh.gif HTTP/1.1" 200 49 "http://michaelbrandwein.com/" "Mozilla/5.0 (compatible; Yahoo! Slurp/3.0; http://help.yahoo.com/help/us/ysearch/slurp) NOT Firefox/3.5"
98.137.206.35 - - [18/Aug/2013:00:18:55 -0400] "GET /graphics/bodyy.gif HTTP/1.1" 200 124 "http://michaelbrandwein.com/" "Mozilla/5.0 (compatible; Yahoo! Slurp/3.0; http://help.yahoo.com/help/us/ysearch/slurp) NOT Firefox/3.5"
208.43.225.85 - - [18/Aug/2013:06:00:00 -0400] "GET /yapproach.html HTTP/1.1" 200 13087 "-" "Mozilla/5.0 (compatible; SiteExplorer/1.0b; +http://siteexplorer.info/)"
173.192.235.226 - - [18/Aug/2013:08:02:32 -0400] "GET /video/LLsegment2.ram HTTP/1.1" 200 47 "-" "Mozilla/5.0 (compatible; SiteExplorer/1.0b; +http://siteexplorer.info/)"
157.55.32.109 - - [18/Aug/2013:10:02:40 -0400] "GET /ytopics/organizations/workdirectly/ysayings.txt HTTP/1.1" 200 6677 "-" "Mozilla/5.0 (compatible; bingbot/2.0; +http://www.bing.com/bingbot.htm)"
91.207.9.226 - - [18/Aug/2013:15:33:30 -0400] "GET /atopics/conflictcommunication.html HTTP/1.1" 200 8923 "http://basicuse.net/" "Mozilla/4.0 (compatible; MSIE 6.0; Windows NT 5.1; ru) Opera 8.50"
68.63.107.118 - - [18/Aug/2013:18:04:06 -0400] "GET /products/superstaffsupervision_clip_image002.jpg HTTP/1.1" 200 9705 "http://thecampdirector.com/2008/01/13/shoe-lace-tying-to-take-over-lanyards-as-camps-popular-activity/" "Mozilla/5.0 (Windows NT 6.1; WOW64; rv:22.0) Gecko/20100101 Firefox/22.0"
68.63.107.118 - - [18/Aug/2013:18:04:06 -0400] "GET /products/learningleadership_clip_image002.jpg HTTP/1.1" 200 10525 "http://thecampdirector.com/2008/01/13/shoe-lace-tying-to-take-over-lanyards-as-camps-popular-activity/" "Mozilla/5.0 (Windows NT 6.1; WOW64; rv:22.0) Gecko/20100101 Firefox/22.0"
184.175.55.200 - - [18/Aug/2013:21:43:21 -0400] "GET /graphics/bodya.gif HTTP/1.1" 200 131 "http://www.michaelbrandwein.com/" "Mozilla/5.0 (Windows NT 6.1; WOW64) AppleWebKit/537.36 (KHTML, like Gecko) Chrome/28.0.1500.95 Safari/537.36"
184.175.55.200 - - [18/Aug/2013:21:43:21 -0400] "GET /graphics/homeadult2.jpg HTTP/1.1" 200 19380 "http://www.michaelbrandwein.com/" "Mozilla/5.0 (Windows NT 6.1; WOW64) AppleWebKit/537.36 (KHTML, like Gecko) Chrome/28.0.1500.95 Safari/537.36"
184.175.55.200 - - [18/Aug/2013:21:43:22 -0400] "GET /favicon.ico HTTP/1.1" 404 575 "-" "Mozilla/5.0 (Windows NT 6.1; WOW64) AppleWebKit/537.36 (KHTML, like Gecko) Chrome/28.0.1500.95 Safari/537.36"
