211.30.235.6 - - [19/Aug/2013:08:05:55 -0400] "GET /atopics/sayings.txt HTTP/1.1" 200 6460 "http://www.michaelbrandwein.com/atopics/realtruth.html" "Mozilla/5.0 (iPhone; CPU iPhone OS 5_1_1 like Mac OS X) AppleWebKit/534.46 (KHTML, like Gecko) Version/5.1 Mobile/9B206 Safari/7534.48.3"
70.34.144.114 - - [19/Aug/2013:16:44:19 -0400] "GET /graphics/bodyy.gif HTTP/1.1" 200 124 "http://www.michaelbrandwein.com/" "Mozilla/5.0 (Windows NT 6.1; WOW64) AppleWebKit/537.36 (KHTML, like Gecko) Chrome/28.0.1500.95 Safari/537.36"
70.34.144.114 - - [19/Aug/2013:16:44:19 -0400] "GET /graphics/bgwh.gif HTTP/1.1" 200 49 "http://www.michaelbrandwein.com/" "Mozilla/5.0 (Windows NT 6.1; WOW64) AppleWebKit/537.36 (KHTML, like Gecko) Chrome/28.0.1500.95 Safari/537.36"
70.34.144.114 - - [19/Aug/2013:16:44:20 -0400] "GET /graphics/homeadult2.jpg HTTP/1.1" 200 19380 "http://www.michaelbrandwein.com/" "Mozilla/5.0 (Windows NT 6.1; WOW64) AppleWebKit/537.36 (KHTML, like Gecko) Chrome/28.0.1500.95 Safari/537.36"
99.226.79.243 - - [19/Aug/2013:17:38:23 -0400] "GET /graphics/bgwh.gif HTTP/1.1" 200 49 "http://www.michaelbrandwein.com/" "Mozilla/5.0 (Windows NT 6.1; WOW64) AppleWebKit/537.36 (KHTML, like Gecko) Chrome/28.0.1500.95 Safari/537.36"
99.226.79.243 - - [19/Aug/2013:17:38:23 -0400] "GET /graphics/bodyy.gif HTTP/1.1" 200 124 "http://www.michaelbrandwein.com/" "Mozilla/5.0 (Windows NT 6.1; WOW64) AppleWebKit/537.36 (KHTML, like Gecko) Chrome/28.0.1500.95 Safari/537.36"
157.55.35.79 - - [19/Aug/2013:00:59:54 -0400] "GET / HTTP/1.1" 200 5960 "-" "Mozilla/5.0 (compatible; bingbot/2.0; +http://www.bing.com/bingbot.htm)"
178.154.160.29 - - [19/Aug/2013:19:27:30 -0400] "GET /ytopics/schools/staffdev/laserbeam.html HTTP/1.1" 200 12535 "-" "Mozilla/5.0 (compatible; YandexBot/3.0; +http://yandex.com/bots)"
173.70.141.147 - - [19/Aug/2013:20:52:28 -0400] "GET /acomments/sayings.txt HTTP/1.1" 200 6460 "-" "panscient.com"
173.70.141.147 - - [19/Aug/2013:20:52:30 -0400] "GET /atopics/sayings.txt HTTP/1.1" 200 6460 "-" "panscient.com"
173.70.141.147 - - [19/Aug/2013:20:52:31 -0400] "GET /ycomments/ysayings.txt HTTP/1.1" 200 6677 "-" "panscient.com"
14.99.54.87 - - [19/Aug/2013:03:29:41 -0400] "GET /graphics/dot.gif HTTP/1.1" 200 114 "http://www.michaelbrandwein.com/presentations.html" "Mozilla/5.0 (Windows NT 6.1) AppleWebKit/537.36 (KHTML, like Gecko) Chrome/28.0.1500.95 Safari/537.36"
66.249.75.94 - - [19/Aug/2013:10:20:27 -0400] "GET /css/brandwein.css HTTP/1.1" 200 2167 "-" "Mozilla/5.0 (compatible; Googlebot/2.1; +http://www.google.com/bot.html)"
157.55.35.79 - - [19/Aug/2013:10:38:42 -0400] "GET /yparents.html HTTP/1.1" 200 11989 "-" "Mozilla/5.0 (compatible; bingbot/2.0; +http://www.bing.com/bingbot.htm)"
99.55.241.226 - - [19/Aug/2013:07:29:57 -0400] "GET /images/schools.jpg HTTP/1.1" 200 30229 "http://www.michaelbrandwein.com/yschools.html" "Mozilla/5.0 (iPad; CPU OS 6_0_1 like Mac OS X) AppleWebKit/536.26 (KHTML, like Gecko) Version/6.0 Mobile/10A523 Safari/8536.25"
14.99.54.87 - - [19/Aug/2013:03:29:41 -0400] "GET /css/adult.css HTTP/1.1" 200 6290 "http://www.michaelbrandwein.com/presentations.html" "Mozilla/5.0 (Windows NT 6.1) AppleWebKit/537.36 (KHTML, like Gecko) Chrome/28.0.1500.95 Safari/537.36"
14.99.54.87 - - [19/Aug/2013:03:29:42 -0400] "GET /graphics/logoin.jpg HTTP/1.1" 200 14869 "http://www.michaelbrandwein.com/presentations.html" "Mozilla/5.0 (Windows NT 6.1) AppleWebKit/537.36 (KHTML, like Gecko) Chrome/28.0.1500.95 Safari/537.36"
208.115.113.88 - - [19/Aug/2013:22:51:46 -0400] "GET /robots.txt HTTP/1.1" 404 575 "-" "Mozilla/5.0 (compatible; Ezooms/1.0; ezooms.bot@gmail.com)"
119.96.94.241 - - [19/Aug/2013:23:22:56 -0400] "GET /products/trainingterrificstaff.html HTTP/1.0" 200 14344 "http://www.michaelbrandwein.com/products/trainingterrificstaff.html" "Mozilla/4.0 (compatible; MSIE 6.0; Windows NT 5.1; SV1; .NET CLR 2.0.50727)"
46.119.118.152 - - [19/Aug/2013:23:50:41 -0400] "GET /atopics/conflictcommunication.html HTTP/1.1" 200 8923 "http://master-muznachas.ru/" "Mozilla/4.0 (compatible; MSIE 6.0; Windows NT 5.1; .NET CLR 1.1.4322; Alexa Toolbar; (R1 1.5))"
208.115.111.72 - - [19/Aug/2013:13:47:38 -0400] "GET /ytopics/organizations/supervise/conflictcommunication.html HTTP/1.1" 200 11173 "-" "Mozilla/5.0 (compatible; Ezooms/1.0; ezooms.bot@gmail.com)"
71.201.142.59 - - [19/Aug/2013:13:56:46 -0400] "GET /graphics/bodym.jpg HTTP/1.1" 200 28996 "http://www.michaelbrandwein.com/" "Mozilla/5.0 (Windows NT 6.0; rv:23.0) Gecko/20100101 Firefox/23.0"
71.201.142.59 - - [19/Aug/2013:13:56:46 -0400] "GET /graphics/bhomeenter3.jpg HTTP/1.1" 404 575 "http://www.michaelbrandwein.com/" "Mozilla/5.0 (Windows NT 6.0; rv:23.0) Gecko/20100101 Firefox/23.0"
71.201.142.59 - - [19/Aug/2013:13:56:48 -0400] "GET /images/facebook.jpg HTTP/1.1" 200 19424 "http://www.michaelbrandwein.com/youth.html" "Mozilla/5.0 (Windows NT 6.0; rv:23.0) Gecko/20100101 Firefox/23.0"
67.173.6.55 - - [19/Aug/2013:15:02:26 -0400] "GET /products/superstaffsupervision_clip_image002.jpg HTTP/1.1" 200 9705 "http://thecampdirector.com/" "Mozilla/5.0 (Macintosh; Intel Mac OS X 10_6_8) AppleWebKit/537.36 (KHTML, like Gecko) Chrome/28.0.1500.95 Safari/537.36"
63.199.45.242 - - [19/Aug/2013:15:03:48 -0400] "GET /images/banner2.jpg HTTP/1.1" 304 - "http://michaelbrandwein.com/yschools.html" "Mozilla/5.0 (compatible; MSIE 10.0; Windows NT 6.1; Trident/6.0)"
70.34.144.114 - - [19/Aug/2013:16:44:19 -0400] "GET /graphics/logoin.jpg HTTP/1.1" 200 14869 "http://www.michaelbrandwein.com/" "Mozilla/5.0 (Windows NT 6.1; WOW64) AppleWebKit/537.36 (KHTML, like Gecko) Chrome/28.0.1500.95 Safari/537.36"
70.34.144.114 - - [19/Aug/2013:16:44:20 -0400] "GET /graphics/homeyouth2.jpg HTTP/1.1" 200 18018 "http://www.michaelbrandwein.com/" "Mozilla/5.0 (Windows NT 6.1; WOW64) AppleWebKit/537.36 (KHTML, like Gecko) Chrome/28.0.1500.95 Safari/537.36"
70.34.144.114 - - [19/Aug/2013:16:44:21 -0400] "GET /favicon.ico HTTP/1.1" 404 575 "-" "Mozilla/5.0 (Windows NT 6.1; WOW64) AppleWebKit/537.36 (KHTML, like Gecko) Chrome/28.0.1500.95 Safari/537.36"
70.34.144.114 - - [19/Aug/2013:16:44:25 -0400] "GET /images/facebook.jpg HTTP/1.1" 200 19424 "http://www.michaelbrandwein.com/youth.html" "Mozilla/5.0 (Windows NT 6.1; WOW64) AppleWebKit/537.36 (KHTML, like Gecko) Chrome/28.0.1500.95 Safari/537.36"
69.156.50.80 - - [19/Aug/2013:17:10:47 -0400] "GET /graphics/bodya.gif HTTP/1.1" 200 131 "http://www.michaelbrandwein.com/index.html" "Mozilla/5.0 (Macintosh; Intel Mac OS X 10_8_2) AppleWebKit/536.26.14 (KHTML, like Gecko) Version/6.0.1 Safari/536.26.14"
173.70.141.147 - - [19/Aug/2013:20:49:36 -0400] "GET / HTTP/1.1" 200 5960 "-" "panscient.com"
173.70.141.147 - - [19/Aug/2013:20:49:38 -0400] "GET /contact.html HTTP/1.1" 200 14317 "-" "panscient.com"
173.70.141.147 - - [19/Aug/2013:20:49:39 -0400] "GET /atopics/leadingsecrets.html HTTP/1.1" 200 8991 "-" "panscient.com"
173.70.141.147 - - [19/Aug/2013:20:49:40 -0400] "GET /atopics/conflictcommunication.html HTTP/1.1" 200 8923 "-" "panscient.com"
173.70.141.147 - - [19/Aug/2013:20:49:41 -0400] "GET /atopics/deathofmeaninglessmeetings.html HTTP/1.1" 200 9245 "-" "panscient.com"
173.70.141.147 - - [19/Aug/2013:20:49:43 -0400] "GET /atopics/managingvolunteers.html HTTP/1.1" 200 8896 "-" "panscient.com"
173.70.141.147 - - [19/Aug/2013:20:49:44 -0400] "GET /atopics/workingsmarter.html HTTP/1.1" 200 8512 "-" "panscient.com"
173.70.141.147 - - [19/Aug/2013:20:49:45 -0400] "GET /adult.html HTTP/1.1" 200 13694 "-" "panscient.com"
173.70.141.147 - - [19/Aug/2013:20:49:46 -0400] "GET /acomments/group.html HTTP/1.1" 200 11584 "-" "panscient.com"
173.70.141.147 - - [19/Aug/2013:20:49:48 -0400] "GET /atopics/howtospeak.html HTTP/1.1" 200 10151 "-" "panscient.com"
173.70.141.147 - - [19/Aug/2013:20:49:49 -0400] "GET /atopics/houdini.html HTTP/1.1" 200 9351 "-" "panscient.com"
173.70.141.147 - - [19/Aug/2013:20:49:50 -0400] "GET /mailinglist.html HTTP/1.1" 200 13790 "-" "panscient.com"
173.70.141.147 - - [19/Aug/2013:20:49:51 -0400] "GET /sitemapadult.html HTTP/1.1" 200 12395 "-" "panscient.com"
173.70.141.147 - - [19/Aug/2013:20:49:52 -0400] "GET /atopics/timemanagement.html HTTP/1.1" 200 8842 "-" "panscient.com"
173.70.141.147 - - [19/Aug/2013:20:49:53 -0400] "GET /atopics/supervisingservicesuccess.html HTTP/1.1" 200 8886 "-" "panscient.com"
173.70.141.147 - - [19/Aug/2013:20:49:54 -0400] "GET /atopics/helpingpeopletosucceed.html HTTP/1.1" 200 9038 "-" "panscient.com"
173.70.141.147 - - [19/Aug/2013:20:49:55 -0400] "GET /yparticipantcomments.html HTTP/1.1" 200 47632 "-" "panscient.com"
173.70.141.147 - - [19/Aug/2013:20:49:57 -0400] "GET /participantcomments.html HTTP/1.1" 200 37033 "-" "panscient.com"
173.70.141.147 - - [19/Aug/2013:20:49:58 -0400] "GET /bionormal.html HTTP/1.1" 200 10798 "-" "panscient.com"
173.70.141.147 - - [19/Aug/2013:20:49:59 -0400] "GET /atopics/realtruth.html HTTP/1.1" 200 9124 "-" "panscient.com"
173.70.141.147 - - [19/Aug/2013:20:50:00 -0400] "GET /ysitemap.html HTTP/1.1" 200 42814 "-" "panscient.com"
173.70.141.147 - - [19/Aug/2013:20:50:02 -0400] "GET /atopics/nofuninfungible.html HTTP/1.1" 200 8864 "-" "panscient.com"
173.70.141.147 - - [19/Aug/2013:20:50:03 -0400] "GET /bioabnormal.html HTTP/1.1" 200 13765 "-" "panscient.com"
173.70.141.147 - - [19/Aug/2013:20:50:04 -0400] "GET /ycontact.html HTTP/1.1" 200 16303 "-" "panscient.com"
173.70.141.147 - - [19/Aug/2013:20:50:05 -0400] "GET /ytopics/camp/conferences/learningleadership.html HTTP/1.1" 200 10904 "-" "panscient.com"
173.70.141.147 - - [19/Aug/2013:20:50:06 -0400] "GET /youth.html HTTP/1.1" 200 14317 "-" "panscient.com"
173.70.141.147 - - [19/Aug/2013:20:50:07 -0400] "GET /ytopics/camp/conferences/leadinglittlerones.html HTTP/1.1" 200 10595 "-" "panscient.com"
173.70.141.147 - - [19/Aug/2013:20:50:08 -0400] "GET /ytopics/camp/conferences/communication.html HTTP/1.1" 200 10770 "-" "panscient.com"
173.70.141.147 - - [19/Aug/2013:20:50:09 -0400] "GET /atopics/motivatingcommunication.html HTTP/1.1" 200 8994 "-" "panscient.com"
173.70.141.147 - - [19/Aug/2013:20:50:10 -0400] "GET /atopics/superstaffsupervision.html HTTP/1.1" 200 8972 "-" "panscient.com"
173.70.141.147 - - [19/Aug/2013:20:50:12 -0400] "GET /ybionormal.html HTTP/1.1" 200 12648 "-" "panscient.com"
173.70.141.147 - - [19/Aug/2013:20:50:13 -0400] "GET /ymailinglist.html HTTP/1.1" 200 15657 "-" "panscient.com"
173.70.141.147 - - [19/Aug/2013:20:50:14 -0400] "GET /yresources.html HTTP/1.1" 200 31536 "-" "panscient.com"
173.70.141.147 - - [19/Aug/2013:20:50:15 -0400] "GET /Scripts/AC_RunActiveContent.js HTTP/1.1" 200 3233 "-" "panscient.com"
173.70.141.147 - - [19/Aug/2013:20:50:16 -0400] "GET /yproducts.html HTTP/1.1" 200 21362 "-" "panscient.com"
173.70.141.147 - - [19/Aug/2013:20:50:18 -0400] "GET /index.html HTTP/1.1" 200 5960 "-" "panscient.com"
68.40.192.255 - - [19/Aug/2013:20:51:07 -0400] "GET /products/superstaffsupervision_clip_image002.jpg HTTP/1.1" 200 9705 "http://thecampdirector.com/tag/resume/" "Mozilla/5.0 (Macintosh; Intel Mac OS X 10_6_8) AppleWebKit/537.36 (KHTML, like Gecko) Chrome/28.0.1500.95 Safari/537.36"
157.55.35.79 - - [19/Aug/2013:23:07:46 -0400] "GET /yapproach.html HTTP/1.1" 200 13087 "-" "Mozilla/5.0 (compatible; bingbot/2.0; +http://www.bing.com/bingbot.htm)"
173.16.234.228 - - [19/Aug/2013:23:12:10 -0400] "GET / HTTP/1.1" 200 5960 "http://www.google.com/url?sa=t&rct=j&q=&esrc=s&source=web&cd=1&ved=0CC4QFjAA&url=http%3A%2F%2Fwww.michaelbrandwein.com%2F&ei=cd4SUuDxKIe_2QWB7oHAAQ&usg=AFQjCNHDmaRDJnR-oh_qbwyh3MQ1xyJfyA&sig2=HiuXBTt-UxFJmFmZulgCiA&bvm=bv.50952593,d.b2I" "Mozilla/5.0 (Windows NT 6.1; WOW64; rv:23.0) Gecko/20100101 Firefox/23.0"
173.16.234.228 - - [19/Aug/2013:23:12:10 -0400] "GET /css/brandwein.css HTTP/1.1" 200 2167 "http://www.michaelbrandwein.com/" "Mozilla/5.0 (Windows NT 6.1; WOW64; rv:23.0) Gecko/20100101 Firefox/23.0"
173.16.234.228 - - [19/Aug/2013:23:12:10 -0400] "GET /graphics/logoin.jpg HTTP/1.1" 200 14869 "http://www.michaelbrandwein.com/" "Mozilla/5.0 (Windows NT 6.1; WOW64; rv:23.0) Gecko/20100101 Firefox/23.0"
173.16.234.228 - - [19/Aug/2013:23:12:10 -0400] "GET /graphics/homeadult2.jpg HTTP/1.1" 200 19380 "http://www.michaelbrandwein.com/" "Mozilla/5.0 (Windows NT 6.1; WOW64; rv:23.0) Gecko/20100101 Firefox/23.0"
173.16.234.228 - - [19/Aug/2013:23:12:11 -0400] "GET /graphics/homeyouth2.jpg HTTP/1.1" 200 18018 "http://www.michaelbrandwein.com/" "Mozilla/5.0 (Windows NT 6.1; WOW64; rv:23.0) Gecko/20100101 Firefox/23.0"
173.16.234.228 - - [19/Aug/2013:23:12:12 -0400] "GET /images/banner2.jpg HTTP/1.1" 200 5488 "http://www.michaelbrandwein.com/youth.html" "Mozilla/5.0 (Windows NT 6.1; WOW64; rv:23.0) Gecko/20100101 Firefox/23.0"
173.16.234.228 - - [19/Aug/2013:23:12:12 -0400] "GET /graphics/oval2.jpg HTTP/1.1" 200 14082 "http://www.michaelbrandwein.com/youth.html" "Mozilla/5.0 (Windows NT 6.1; WOW64; rv:23.0) Gecko/20100101 Firefox/23.0"
71.193.4.31 - - [19/Aug/2013:04:09:59 -0400] "GET /products/superstaffsupervision_clip_image002.jpg HTTP/1.1" 200 9705 "http://thecampdirector.com/2012/04/02/summer-camp-jobs-from-the-american-camp-association-job-list-for-april-1-2012/" "Mozilla/5.0 (Macintosh; Intel Mac OS X 10_5_8) AppleWebKit/534.50.2 (KHTML, like Gecko) Version/5.0.6 Safari/533.22.3"
66.249.75.170 - - [19/Aug/2013:10:47:52 -0400] "GET /yclientcomments.html HTTP/1.1" 304 - "-" "Mozilla/5.0 (compatible; Googlebot/2.1; +http://www.google.com/bot.html)"
75.82.134.6 - - [19/Aug/2013:00:42:01 -0400] "GET / HTTP/1.1" 200 5960 "http://www.google.com/url?sa=t&rct=j&q=&esrc=s&source=web&cd=1&ved=0CC4QFjAA&url=http%3A%2F%2Fwww.michaelbrandwein.com%2F&ei=FaIRUsvqCMGbygHAr4DYAw&usg=AFQjCNHDmaRDJnR-oh_qbwyh3MQ1xyJfyA&sig2=YZsTbAvWIET7Ic_pfGeitg&bvm=bv.50768961,d.aWc" "Mozilla/5.0 (Windows NT 6.1; WOW64; rv:23.0) Gecko/20100101 Firefox/23.0"
75.82.134.6 - - [19/Aug/2013:00:42:02 -0400] "GET /css/brandwein.css HTTP/1.1" 200 2167 "http://www.michaelbrandwein.com/" "Mozilla/5.0 (Windows NT 6.1; WOW64; rv:23.0) Gecko/20100101 Firefox/23.0"
75.82.134.6 - - [19/Aug/2013:00:42:02 -0400] "GET /graphics/homeyouth.jpg HTTP/1.1" 200 17174 "http://www.michaelbrandwein.com/" "Mozilla/5.0 (Windows NT 6.1; WOW64; rv:23.0) Gecko/20100101 Firefox/23.0"
75.82.134.6 - - [19/Aug/2013:00:42:02 -0400] "GET /graphics/homeyouth2.jpg HTTP/1.1" 200 18018 "http://www.michaelbrandwein.com/" "Mozilla/5.0 (Windows NT 6.1; WOW64; rv:23.0) Gecko/20100101 Firefox/23.0"
66.249.75.170 - - [19/Aug/2013:01:03:46 -0400] "GET /ytopics/camp/conferences/terrifictrainingtechniques.html HTTP/1.1" 200 10814 "-" "DoCoMo/2.0 N905i(c100;TB;W24H16) (compatible; Googlebot-Mobile/2.1; +http://www.google.com/bot.html)"
99.25.32.96 - - [19/Aug/2013:01:19:55 -0400] "GET /products/superstaffsupervision_clip_image002.jpg HTTP/1.1" 200 9705 "http://thecampdirector.com/" "Mozilla/5.0 (Macintosh; Intel Mac OS X 10_8_4) AppleWebKit/537.36 (KHTML, like Gecko) Chrome/28.0.1500.95 Safari/537.36"
99.55.241.226 - - [19/Aug/2013:07:28:52 -0400] "GET / HTTP/1.1" 200 5960 "-" "Mozilla/5.0 (iPad; CPU OS 6_0_1 like Mac OS X) AppleWebKit/536.26 (KHTML, like Gecko) Version/6.0 Mobile/10A523 Safari/8536.25"
99.55.241.226 - - [19/Aug/2013:07:28:53 -0400] "GET /graphics/homeadult.jpg HTTP/1.1" 200 18635 "http://www.michaelbrandwein.com/" "Mozilla/5.0 (iPad; CPU OS 6_0_1 like Mac OS X) AppleWebKit/536.26 (KHTML, like Gecko) Version/6.0 Mobile/10A523 Safari/8536.25"
99.55.241.226 - - [19/Aug/2013:07:28:53 -0400] "GET /graphics/bodym.jpg HTTP/1.1" 200 28996 "http://www.michaelbrandwein.com/" "Mozilla/5.0 (iPad; CPU OS 6_0_1 like Mac OS X) AppleWebKit/536.26 (KHTML, like Gecko) Version/6.0 Mobile/10A523 Safari/8536.25"
99.55.241.226 - - [19/Aug/2013:07:28:53 -0400] "GET /graphics/bhomeenter3.jpg HTTP/1.1" 404 575 "http://www.michaelbrandwein.com/" "Mozilla/5.0 (iPad; CPU OS 6_0_1 like Mac OS X) AppleWebKit/536.26 (KHTML, like Gecko) Version/6.0 Mobile/10A523 Safari/8536.25"
108.34.165.139 - - [19/Aug/2013:15:36:32 -0400] "GET /ytopics/camp/training/staff/campgames.html HTTP/1.1" 200 10823 "http://www.bing.com/search?q=camp+staff+games&src=IE-SearchBox&FORM=IE8SRC" "Mozilla/4.0 (compatible; MSIE 8.0; Windows NT 6.1; WOW64; Trident/4.0; SLCC2; .NET CLR 2.0.50727)"
108.34.165.139 - - [19/Aug/2013:15:36:32 -0400] "GET /ytopics/camp/training/staff/ysayings.txt HTTP/1.1" 200 6677 "http://www.michaelbrandwein.com/ytopics/camp/training/staff/campgames.html" "Mozilla/4.0 (compatible; MSIE 8.0; Windows NT 6.1; WOW64; Trident/4.0; SLCC2; .NET CLR 2.0.50727)"
99.103.90.200 - - [19/Aug/2013:17:39:34 -0400] "GET /products/superstaffsupervision_clip_image002.jpg HTTP/1.1" 200 9705 "http://thecampdirector.com/" "Mozilla/5.0 (Windows NT 6.2; WOW64) AppleWebKit/537.36 (KHTML, like Gecko) Chrome/28.0.1500.95 Safari/537.36"
66.249.75.94 - - [19/Aug/2013:20:47:35 -0400] "GET /pdf/Camp%20Staff%20Training%20Topics.pdf HTTP/1.1" 304 - "-" "Mozilla/5.0 (iPhone; U; CPU iPhone OS 4_1 like Mac OS X; en-us) AppleWebKit/532.9 (KHTML, like Gecko) Version/4.0.5 Mobile/8B117 Safari/6531.22.7 (compatible; Googlebot-Mobile/2.1; +http://www.google.com/bot.html)"
178.154.243.82 - - [19/Aug/2013:13:08:56 -0400] "GET /images/contact.jpg HTTP/1.1" 304 - "-" "Mozilla/5.0 (compatible; YandexImages/3.0; +http://yandex.com/bots)"
98.221.104.83 - - [19/Aug/2013:13:10:52 -0400] "GET /css/youth.css HTTP/1.1" 200 8470 "http://michaelbrandwein.com/yresources.html" "Mozilla/5.0 (compatible; MSIE 10.0; Windows NT 6.1; Trident/6.0; EIE10;ENUSWOL)"
98.221.104.83 - - [19/Aug/2013:13:10:52 -0400] "GET /Scripts/AC_RunActiveContent.js HTTP/1.1" 200 3233 "http://michaelbrandwein.com/yresources.html" "Mozilla/5.0 (compatible; MSIE 10.0; Windows NT 6.1; Trident/6.0; EIE10;ENUSWOL)"
98.221.104.83 - - [19/Aug/2013:13:10:52 -0400] "GET /images/LL-excerpt-1-pics100.jpg HTTP/1.1" 200 6531 "http://michaelbrandwein.com/yresources.html" "Mozilla/5.0 (compatible; MSIE 10.0; Windows NT 6.1; Trident/6.0; EIE10;ENUSWOL)"
98.221.104.83 - - [19/Aug/2013:13:10:52 -0400] "GET /images/LL-excerpt-4-pics100.jpg HTTP/1.1" 200 5494 "http://michaelbrandwein.com/yresources.html" "Mozilla/5.0 (compatible; MSIE 10.0; Windows NT 6.1; Trident/6.0; EIE10;ENUSWOL)"
98.221.104.83 - - [19/Aug/2013:13:10:52 -0400] "GET /images/yresources_clip_image010.jpg HTTP/1.1" 200 5361 "http://michaelbrandwein.com/yresources.html" "Mozilla/5.0 (compatible; MSIE 10.0; Windows NT 6.1; Trident/6.0; EIE10;ENUSWOL)"
98.221.104.83 - - [19/Aug/2013:13:10:53 -0400] "GET /graphics/windowsmedia_masthead_ltr.gif HTTP/1.1" 200 3184 "http://michaelbrandwein.com/yresources.html" "Mozilla/5.0 (compatible; MSIE 10.0; Windows NT 6.1; Trident/6.0; EIE10;ENUSWOL)"
69.156.50.80 - - [19/Aug/2013:13:17:46 -0400] "GET / HTTP/1.1" 200 5960 "http://www.google.ca/url?sa=t&rct=j&q=&esrc=s&source=web&cd=1&ved=0CC0QFjAA&url=http%3A%2F%2Fwww.michaelbrandwein.com%2F&ei=N1MSUpbjOaflyAHvqoE4&usg=AFQjCNHDmaRDJnR-oh_qbwyh3MQ1xyJfyA&bvm=bv.50768961,d.aWc" "Mozilla/5.0 (Macintosh; Intel Mac OS X 10_8_2) AppleWebKit/536.26.14 (KHTML, like Gecko) Version/6.0.1 Safari/536.26.14"
69.156.50.80 - - [19/Aug/2013:13:17:47 -0400] "GET /graphics/bodya.gif HTTP/1.1" 200 131 "http://www.michaelbrandwein.com/" "Mozilla/5.0 (Macintosh; Intel Mac OS X 10_8_2) AppleWebKit/536.26.14 (KHTML, like Gecko) Version/6.0.1 Safari/536.26.14"
69.156.50.80 - - [19/Aug/2013:13:17:47 -0400] "GET /graphics/bgwh.gif HTTP/1.1" 200 49 "http://www.michaelbrandwein.com/" "Mozilla/5.0 (Macintosh; Intel Mac OS X 10_8_2) AppleWebKit/536.26.14 (KHTML, like Gecko) Version/6.0.1 Safari/536.26.14"
69.156.50.80 - - [19/Aug/2013:13:17:47 -0400] "GET /graphics/homeadult2.jpg HTTP/1.1" 200 19380 "http://www.michaelbrandwein.com/" "Mozilla/5.0 (Macintosh; Intel Mac OS X 10_8_2) AppleWebKit/536.26.14 (KHTML, like Gecko) Version/6.0.1 Safari/536.26.14"
69.156.50.80 - - [19/Aug/2013:13:17:47 -0400] "GET /graphics/homeyouth2.jpg HTTP/1.1" 200 18018 "http://www.michaelbrandwein.com/" "Mozilla/5.0 (Macintosh; Intel Mac OS X 10_8_2) AppleWebKit/536.26.14 (KHTML, like Gecko) Version/6.0.1 Safari/536.26.14"
71.201.142.59 - - [19/Aug/2013:13:56:46 -0400] "GET /graphics/homeyouth.jpg HTTP/1.1" 200 17174 "http://www.michaelbrandwein.com/" "Mozilla/5.0 (Windows NT 6.0; rv:23.0) Gecko/20100101 Firefox/23.0"
71.201.142.59 - - [19/Aug/2013:13:56:46 -0400] "GET /graphics/homeyouth2.jpg HTTP/1.1" 200 18018 "http://www.michaelbrandwein.com/" "Mozilla/5.0 (Windows NT 6.0; rv:23.0) Gecko/20100101 Firefox/23.0"
178.154.243.82 - - [19/Aug/2013:04:44:20 -0400] "GET /products/tts2cover228.jpg HTTP/1.1" 304 - "-" "Mozilla/5.0 (compatible; YandexImages/3.0; +http://yandex.com/bots)"
70.34.144.114 - - [19/Aug/2013:16:44:25 -0400] "GET /graphics/dot.gif HTTP/1.1" 200 114 "http://www.michaelbrandwein.com/youth.html" "Mozilla/5.0 (Windows NT 6.1; WOW64) AppleWebKit/537.36 (KHTML, like Gecko) Chrome/28.0.1500.95 Safari/537.36"
70.34.144.114 - - [19/Aug/2013:16:44:26 -0400] "GET /graphics/oval3.jpg HTTP/1.1" 200 14255 "http://www.michaelbrandwein.com/youth.html" "Mozilla/5.0 (Windows NT 6.1; WOW64) AppleWebKit/537.36 (KHTML, like Gecko) Chrome/28.0.1500.95 Safari/537.36"
70.34.144.114 - - [19/Aug/2013:16:44:26 -0400] "GET /ysayings.txt HTTP/1.1" 200 6677 "http://www.michaelbrandwein.com/youth.html" "Mozilla/5.0 (Windows NT 6.1; WOW64) AppleWebKit/537.36 (KHTML, like Gecko) Chrome/28.0.1500.95 Safari/537.36"
208.115.111.72 - - [19/Aug/2013:16:48:10 -0400] "GET /robots.txt HTTP/1.1" 404 575 "-" "Mozilla/5.0 (compatible; Ezooms/1.0; ezooms.bot@gmail.com)"
157.55.35.79 - - [19/Aug/2013:03:13:59 -0400] "GET /ytopics/organizations/keynotes/showvstell.html HTTP/1.1" 200 11000 "-" "Mozilla/5.0 (compatible; bingbot/2.0; +http://www.bing.com/bingbot.htm)"
101.174.188.52 - - [19/Aug/2013:00:18:03 -0400] "GET /presentations.html HTTP/1.1" 200 12384 "http://www.google.com.au/url?sa=t&rct=j&q=business%20presentation%20topics&source=web&cd=2&ved=0CDAQFjAB&url=http%3A%2F%2Fwww.michaelbrandwein.com%2Fpresentations.html&ei=dZwRUoG7H825iAeel4CwCw&usg=AFQjCNE8ZOJzjyds3xDmTTzj43s7X6aVRg&bvm=bv.50768961,d.dGI" "Mozilla/5.0 (Macintosh; Intel Mac OS X 10.8; rv:23.0) Gecko/20100101 Firefox/23.0"
101.174.188.52 - - [19/Aug/2013:00:18:04 -0400] "GET /graphics/logoin.jpg HTTP/1.1" 200 14869 "http://www.michaelbrandwein.com/presentations.html" "Mozilla/5.0 (Macintosh; Intel Mac OS X 10.8; rv:23.0) Gecko/20100101 Firefox/23.0"
101.174.188.52 - - [19/Aug/2013:00:18:06 -0400] "GET /sayings.txt HTTP/1.1" 200 6460 "http://www.michaelbrandwein.com/presentations.html" "Mozilla/5.0 (Macintosh; Intel Mac OS X 10.8; rv:23.0) Gecko/20100101 Firefox/23.0"
72.30.198.51 - - [19/Aug/2013:18:26:16 -0400] "GET / HTTP/1.1" 200 5960 "-" "Mozilla/5.0 (compatible; Yahoo! Slurp/3.0; http://help.yahoo.com/help/us/ysearch/slurp) NOT Firefox/3.5"
72.30.198.51 - - [19/Aug/2013:18:26:16 -0400] "GET /css/brandwein.css HTTP/1.1" 200 2167 "http://michaelbrandwein.com/" "Mozilla/5.0 (compatible; Yahoo! Slurp/3.0; http://help.yahoo.com/help/us/ysearch/slurp) NOT Firefox/3.5"
72.30.198.51 - - [19/Aug/2013:18:26:16 -0400] "GET /graphics/bgwh.gif HTTP/1.1" 200 49 "http://michaelbrandwein.com/" "Mozilla/5.0 (compatible; Yahoo! Slurp/3.0; http://help.yahoo.com/help/us/ysearch/slurp) NOT Firefox/3.5"
72.30.198.51 - - [19/Aug/2013:18:26:16 -0400] "GET /graphics/bodyy.gif HTTP/1.1" 200 124 "http://michaelbrandwein.com/" "Mozilla/5.0 (compatible; Yahoo! Slurp/3.0; http://help.yahoo.com/help/us/ysearch/slurp) NOT Firefox/3.5"
180.76.5.51 - - [19/Aug/2013:09:03:03 -0400] "GET /ytopics/camp/conferences/intentionalcamppresenting.html HTTP/1.1" 200 10728 "-" "Mozilla/5.0 (compatible; Baiduspider/2.0; +http://www.baidu.com/search/spider.html)"
199.127.254.147 - - [19/Aug/2013:10:32:05 -0400] "GET / HTTP/1.1" 200 5960 "-" "Mozilla/4.0 (compatible; MSIE 5.5; Windows NT 4.0)"
157.55.35.79 - - [19/Aug/2013:03:23:35 -0400] "GET /ytopics/organizations/keynotes/ysayings.txt HTTP/1.1" 200 6677 "-" "Mozilla/5.0 (compatible; bingbot/2.0; +http://www.bing.com/bingbot.htm)"
14.99.54.87 - - [19/Aug/2013:03:29:42 -0400] "GET /graphics/arrowup.gif HTTP/1.1" 200 84 "http://www.michaelbrandwein.com/presentations.html" "Mozilla/5.0 (Windows NT 6.1) AppleWebKit/537.36 (KHTML, like Gecko) Chrome/28.0.1500.95 Safari/537.36"
14.99.54.87 - - [19/Aug/2013:03:29:43 -0400] "GET /favicon.ico HTTP/1.1" 404 575 "-" "Mozilla/5.0 (Windows NT 6.1) AppleWebKit/537.36 (KHTML, like Gecko) Chrome/28.0.1500.95 Safari/537.36"
208.115.113.88 - - [19/Aug/2013:03:57:25 -0400] "GET /acomments/austnatlaffilvolcareassoc.html HTTP/1.1" 200 11376 "-" "Mozilla/5.0 (compatible; Ezooms/1.0; ezooms.bot@gmail.com)"
101.174.188.52 - - [19/Aug/2013:00:18:05 -0400] "GET /graphics/arrowup.gif HTTP/1.1" 200 84 "http://www.michaelbrandwein.com/presentations.html" "Mozilla/5.0 (Macintosh; Intel Mac OS X 10.8; rv:23.0) Gecko/20100101 Firefox/23.0"
99.25.32.96 - - [19/Aug/2013:01:19:55 -0400] "GET /products/trainingterrificstaff_clip_image002.jpg HTTP/1.1" 200 10083 "http://thecampdirector.com/" "Mozilla/5.0 (Macintosh; Intel Mac OS X 10_8_4) AppleWebKit/537.36 (KHTML, like Gecko) Chrome/28.0.1500.95 Safari/537.36"
175.42.82.135 - - [19/Aug/2013:08:29:41 -0400] "GET /participantcomments.html HTTP/1.0" 200 37033 "http://www.michaelbrandwein.com/participantcomments.html" "Mozilla/5.0 (Windows NT 6.1; rv:12.0) Gecko/20100101 Firefox/12.0"
66.249.75.94 - - [19/Aug/2013:10:16:18 -0400] "GET / HTTP/1.1" 200 5960 "-" "Mozilla/5.0 (iPhone; U; CPU iPhone OS 4_1 like Mac OS X; en-us) AppleWebKit/532.9 (KHTML, like Gecko) Version/4.0.5 Mobile/8B117 Safari/6531.22.7 (compatible; Googlebot-Mobile/2.1; +http://www.google.com/bot.html)"
119.96.184.15 - - [19/Aug/2013:13:32:54 -0400] "GET /products/trainingterrificstaff.html HTTP/1.1" 200 14344 "-" "Mozilla/4.0 (compatible; MSIE 6.0; Windows NT 5.1; SV1;)"
71.201.142.59 - - [19/Aug/2013:13:39:43 -0400] "GET /youth.html HTTP/1.1" 200 14317 "http://www.michaelbrandwein.com/" "Mozilla/5.0 (Windows NT 6.0; rv:23.0) Gecko/20100101 Firefox/23.0"
71.201.142.59 - - [19/Aug/2013:13:39:43 -0400] "GET /images/banner2.jpg HTTP/1.1" 200 5488 "http://www.michaelbrandwein.com/youth.html" "Mozilla/5.0 (Windows NT 6.0; rv:23.0) Gecko/20100101 Firefox/23.0"
71.201.142.59 - - [19/Aug/2013:13:39:43 -0400] "GET /graphics/hry2.jpg HTTP/1.1" 200 305 "http://www.michaelbrandwein.com/youth.html" "Mozilla/5.0 (Windows NT 6.0; rv:23.0) Gecko/20100101 Firefox/23.0"
71.201.142.59 - - [19/Aug/2013:13:39:44 -0400] "GET /graphics/oval1.jpg HTTP/1.1" 200 14070 "http://www.michaelbrandwein.com/youth.html" "Mozilla/5.0 (Windows NT 6.0; rv:23.0) Gecko/20100101 Firefox/23.0"
71.201.142.59 - - [19/Aug/2013:13:39:44 -0400] "GET /graphics/oval2.jpg HTTP/1.1" 200 14082 "http://www.michaelbrandwein.com/youth.html" "Mozilla/5.0 (Windows NT 6.0; rv:23.0) Gecko/20100101 Firefox/23.0"
71.201.142.59 - - [19/Aug/2013:13:39:44 -0400] "GET /graphics/oval5.jpg HTTP/1.1" 200 14409 "http://www.michaelbrandwein.com/youth.html" "Mozilla/5.0 (Windows NT 6.0; rv:23.0) Gecko/20100101 Firefox/23.0"
72.30.198.51 - - [19/Aug/2013:18:26:16 -0400] "GET /graphics/logoin.jpg HTTP/1.1" 200 14869 "http://michaelbrandwein.com/" "Mozilla/5.0 (compatible; Yahoo! Slurp/3.0; http://help.yahoo.com/help/us/ysearch/slurp) NOT Firefox/3.5"
72.39.68.74 - - [19/Aug/2013:19:16:24 -0400] "GET /products/trainingterrificstaff_clip_image002.jpg HTTP/1.1" 200 10083 "http://thecampdirector.com/2010/02/12/mobile-apps-for-summer-camp-directors/" "Mozilla/5.0 (Macintosh; Intel Mac OS X 10_8_4) AppleWebKit/536.30.1 (KHTML, like Gecko) Version/6.0.5 Safari/536.30.1"
173.70.141.147 - - [19/Aug/2013:20:51:39 -0400] "GET /video/k3.html HTTP/1.1" 200 4026 "-" "panscient.com"
173.70.141.147 - - [19/Aug/2013:20:51:56 -0400] "GET /ycomments/natlstaffdevcouncil.html HTTP/1.1" 200 13155 "-" "panscient.com"
173.70.141.147 - - [19/Aug/2013:20:51:57 -0400] "GET /ycomments/assocforsupandcurriicdev.html HTTP/1.1" 200 10930 "-" "panscient.com"
173.70.141.147 - - [19/Aug/2013:20:51:59 -0400] "GET /ytopics/camp/training/admin/ysayings.txt HTTP/1.1" 200 6677 "-" "panscient.com"
173.70.141.147 - - [19/Aug/2013:20:52:01 -0400] "GET /ytopics/camp/conferences/campgames.html HTTP/1.1" 200 10752 "-" "panscient.com"
173.70.141.147 - - [19/Aug/2013:20:52:02 -0400] "GET /ynews2010.html HTTP/1.1" 200 11604 "-" "panscient.com"
173.70.141.147 - - [19/Aug/2013:20:52:03 -0400] "GET /ytopics/camp/conferences/superbcustomerservice.html HTTP/1.1" 200 10797 "-" "panscient.com"
173.70.141.147 - - [19/Aug/2013:20:52:06 -0400] "GET /Safari/ HTTP/1.1" 404 575 "-" "panscient.com"
173.70.141.147 - - [19/Aug/2013:20:53:27 -0400] "GET /yproducts.html HTTP/1.1" 200 21362 "-" "panscient.com"
173.70.141.147 - - [19/Aug/2013:20:53:28 -0400] "GET /yapproach.html HTTP/1.1" 200 13087 "-" "panscient.com"
173.70.141.147 - - [19/Aug/2013:20:53:29 -0400] "GET /ycontact.html HTTP/1.1" 200 16303 "-" "panscient.com"
173.70.141.147 - - [19/Aug/2013:20:53:30 -0400] "GET /yclientlist.html HTTP/1.1" 200 14192 "-" "panscient.com"
173.70.141.147 - - [19/Aug/2013:20:53:32 -0400] "GET /adult.html HTTP/1.1" 200 13694 "-" "panscient.com"
173.70.141.147 - - [19/Aug/2013:20:53:33 -0400] "GET /atopics/laserbeam.html HTTP/1.1" 200 9569 "-" "panscient.com"
173.70.141.147 - - [19/Aug/2013:20:53:34 -0400] "GET /ymailinglist.html HTTP/1.1" 200 15657 "-" "panscient.com"
173.70.141.147 - - [19/Aug/2013:20:53:35 -0400] "GET /clientlist.html HTTP/1.1" 200 18342 "-" "panscient.com"
173.70.141.147 - - [19/Aug/2013:20:53:36 -0400] "GET /atopics/timemanagement.html HTTP/1.1" 200 8842 "-" "panscient.com"
173.70.141.147 - - [19/Aug/2013:20:53:37 -0400] "GET /contact.html HTTP/1.1" 200 14317 "-" "panscient.com"
173.70.141.147 - - [19/Aug/2013:20:53:38 -0400] "GET /yvideopreviews.html HTTP/1.1" 200 17732 "-" "panscient.com"
173.70.141.147 - - [19/Aug/2013:20:53:40 -0400] "GET /videopreviews.html HTTP/1.1" 200 15840 "-" "panscient.com"
173.70.141.147 - - [19/Aug/2013:20:53:41 -0400] "GET /mailinglist.html HTTP/1.1" 200 13790 "-" "panscient.com"
173.70.141.147 - - [19/Aug/2013:20:53:42 -0400] "GET /approach.html HTTP/1.1" 200 11194 "-" "panscient.com"
173.70.141.147 - - [19/Aug/2013:20:53:43 -0400] "GET /sitemapadult.html HTTP/1.1" 200 12395 "-" "panscient.com"
173.70.141.147 - - [19/Aug/2013:20:53:44 -0400] "GET /ysitemap.html HTTP/1.1" 200 42814 "-" "panscient.com"
173.70.141.147 - - [19/Aug/2013:20:53:45 -0400] "GET /ytopics/camp/conferences/supersolutionseminar.html HTTP/1.1" 200 10596 "-" "panscient.com"
173.70.141.147 - - [19/Aug/2013:20:53:46 -0400] "GET /ytopics/camp/training/staff/laserbeam.html HTTP/1.1" 200 12448 "-" "panscient.com"
173.70.141.147 - - [19/Aug/2013:20:53:48 -0400] "GET /ytopics/camp/training/staff/howtoteachresponsibility.html HTTP/1.1" 200 11163 "-" "panscient.com"
157.55.32.109 - - [19/Aug/2013:22:41:45 -0400] "GET /atopics/timemanagement.html HTTP/1.1" 200 8842 "-" "Mozilla/5.0 (compatible; bingbot/2.0; +http://www.bing.com/bingbot.htm)"
157.55.32.39 - - [19/Aug/2013:23:08:25 -0400] "GET /ysayings.txt HTTP/1.1" 200 6677 "-" "Mozilla/5.0 (compatible; bingbot/2.0; +http://www.bing.com/bingbot.htm)"
173.16.234.228 - - [19/Aug/2013:23:12:10 -0400] "GET /graphics/homeadult.jpg HTTP/1.1" 200 18635 "http://www.michaelbrandwein.com/" "Mozilla/5.0 (Windows NT 6.1; WOW64; rv:23.0) Gecko/20100101 Firefox/23.0"
173.16.234.228 - - [19/Aug/2013:23:12:11 -0400] "GET /favicon.ico HTTP/1.1" 404 575 "-" "Mozilla/5.0 (Windows NT 6.1; WOW64; rv:23.0) Gecko/20100101 Firefox/23.0"
173.16.234.228 - - [19/Aug/2013:23:12:12 -0400] "GET /graphics/hry2.jpg HTTP/1.1" 200 305 "http://www.michaelbrandwein.com/youth.html" "Mozilla/5.0 (Windows NT 6.1; WOW64; rv:23.0) Gecko/20100101 Firefox/23.0"
173.16.234.228 - - [19/Aug/2013:23:12:12 -0400] "GET /graphics/oval1.jpg HTTP/1.1" 200 14070 "http://www.michaelbrandwein.com/youth.html" "Mozilla/5.0 (Windows NT 6.1; WOW64; rv:23.0) Gecko/20100101 Firefox/23.0"
173.16.234.228 - - [19/Aug/2013:23:12:12 -0400] "GET /graphics/oval5.jpg HTTP/1.1" 200 14409 "http://www.michaelbrandwein.com/youth.html" "Mozilla/5.0 (Windows NT 6.1; WOW64; rv:23.0) Gecko/20100101 Firefox/23.0"
103.22.172.14 - - [19/Aug/2013:11:38:57 -0400] "GET /favicon.ico HTTP/1.1" 404 575 "-" "Mozilla/5.0 (Windows NT 5.1) AppleWebKit/537.36 (KHTML, like Gecko) Chrome/28.0.1500.95 Safari/537.36"
151.138.13.244 - - [19/Aug/2013:15:48:33 -0400] "GET / HTTP/1.1" 206 5960 "-" "SuperPagesUrlVerifyBot/1.0"
75.184.18.222 - - [19/Aug/2013:16:26:16 -0400] "GET /images/banner2.jpg HTTP/1.1" 200 5488 "http://www.michaelbrandwein.com/presentations.html" "Mozilla/5.0 (compatible; MSIE 9.0; Windows NT 6.0; Trident/5.0)"
99.226.79.243 - - [19/Aug/2013:17:38:23 -0400] "GET /graphics/homeadult.jpg HTTP/1.1" 200 18635 "http://www.michaelbrandwein.com/" "Mozilla/5.0 (Windows NT 6.1; WOW64) AppleWebKit/537.36 (KHTML, like Gecko) Chrome/28.0.1500.95 Safari/537.36"
99.226.79.243 - - [19/Aug/2013:17:38:23 -0400] "GET /graphics/homeyouth2.jpg HTTP/1.1" 200 18018 "http://www.michaelbrandwein.com/" "Mozilla/5.0 (Windows NT 6.1; WOW64) AppleWebKit/537.36 (KHTML, like Gecko) Chrome/28.0.1500.95 Safari/537.36"
69.156.50.80 - - [19/Aug/2013:13:21:48 -0400] "GET /css/youth.css HTTP/1.1" 200 8470 "http://www.michaelbrandwein.com/youth.html" "Mozilla/5.0 (Macintosh; Intel Mac OS X 10_8_2) AppleWebKit/536.26.14 (KHTML, like Gecko) Version/6.0.1 Safari/536.26.14"
69.156.50.80 - - [19/Aug/2013:13:21:49 -0400] "GET /graphics/dot.gif HTTP/1.1" 200 114 "http://www.michaelbrandwein.com/youth.html" "Mozilla/5.0 (Macintosh; Intel Mac OS X 10_8_2) AppleWebKit/536.26.14 (KHTML, like Gecko) Version/6.0.1 Safari/536.26.14"
69.156.50.80 - - [19/Aug/2013:13:21:49 -0400] "GET /graphics/oval6.jpg HTTP/1.1" 200 3369 "http://www.michaelbrandwein.com/youth.html" "Mozilla/5.0 (Macintosh; Intel Mac OS X 10_8_2) AppleWebKit/536.26.14 (KHTML, like Gecko) Version/6.0.1 Safari/536.26.14"
69.156.50.80 - - [19/Aug/2013:13:21:49 -0400] "GET /graphics/oval3.jpg HTTP/1.1" 200 14255 "http://www.michaelbrandwein.com/youth.html" "Mozilla/5.0 (Macintosh; Intel Mac OS X 10_8_2) AppleWebKit/536.26.14 (KHTML, like Gecko) Version/6.0.1 Safari/536.26.14"
71.201.142.59 - - [19/Aug/2013:13:39:33 -0400] "GET /graphics/logoin.jpg HTTP/1.1" 200 14869 "http://www.michaelbrandwein.com/" "Mozilla/5.0 (Windows NT 6.0; rv:23.0) Gecko/20100101 Firefox/23.0"
71.201.142.59 - - [19/Aug/2013:13:39:34 -0400] "GET /favicon.ico HTTP/1.1" 404 575 "-" "Mozilla/5.0 (Windows NT 6.0; rv:23.0) Gecko/20100101 Firefox/23.0"
98.237.255.154 - - [19/Aug/2013:18:21:58 -0400] "GET /pdf/brandwein%20letter%20to%20staff%20person1.pdf HTTP/1.1" 200 103828 "http://www.acacamps.org/blog/counselors/meet-parents-acing-first-impression" "Mozilla/5.0 (Windows NT 6.1; WOW64; rv:22.0) Gecko/20100101 Firefox/22.0"
98.237.255.154 - - [19/Aug/2013:18:21:59 -0400] "GET /favicon.ico HTTP/1.1" 404 575 "-" "Mozilla/5.0 (Windows NT 6.1; WOW64; rv:22.0) Gecko/20100101 Firefox/22.0"
66.249.75.94 - - [19/Aug/2013:20:55:48 -0400] "GET /yresources.html HTTP/1.1" 304 - "-" "SAMSUNG-SGH-E250/1.0 Profile/MIDP-2.0 Configuration/CLDC-1.1 UP.Browser/6.2.3.3.c.1.101 (GUI) MMP/2.0 (compatible; Googlebot-Mobile/2.1; +http://www.google.com/bot.html)"
103.22.172.14 - - [19/Aug/2013:11:37:57 -0400] "GET /atopics/howtospeak.html HTTP/1.1" 200 10151 "http://www.michaelbrandwein.com/presentations.html" "Mozilla/5.0 (Windows NT 5.1) AppleWebKit/537.36 (KHTML, like Gecko) Chrome/28.0.1500.95 Safari/537.36"
103.22.172.14 - - [19/Aug/2013:11:37:58 -0400] "GET /atopics/sayings.txt HTTP/1.1" 200 6460 "http://www.michaelbrandwein.com/atopics/howtospeak.html" "Mozilla/5.0 (Windows NT 5.1) AppleWebKit/537.36 (KHTML, like Gecko) Chrome/28.0.1500.95 Safari/537.36"
208.115.113.88 - - [19/Aug/2013:06:53:59 -0400] "GET /robots.txt HTTP/1.1" 404 575 "-" "Mozilla/5.0 (compatible; Ezooms/1.0; ezooms.bot@gmail.com)"
157.55.35.79 - - [19/Aug/2013:07:54:28 -0400] "GET / HTTP/1.1" 200 5960 "-" "Mozilla/5.0 (compatible; bingbot/2.0; +http://www.bing.com/bingbot.htm)"
65.51.179.190 - - [19/Aug/2013:08:37:32 -0400] "GET /products/superstaffsupervision_clip_image002.jpg HTTP/1.1" 200 9705 "http://thecampdirector.com/2012/04/22/summer-camp-jobs-from-the-american-camp-association-job-list-for-april-15-2012/" "Mozilla/5.0 (Windows NT 5.1; rv:15.0) Gecko/20100101 Firefox/15.0"
75.184.18.222 - - [19/Aug/2013:16:26:16 -0400] "GET /css/adult.css HTTP/1.1" 200 6290 "http://www.michaelbrandwein.com/presentations.html" "Mozilla/5.0 (compatible; MSIE 9.0; Windows NT 6.0; Trident/5.0)"
75.184.18.222 - - [19/Aug/2013:16:26:59 -0400] "GET /css/adult.css HTTP/1.1" 304 - "http://www.michaelbrandwein.com/atopics/workingsmarter.html" "Mozilla/5.0 (compatible; MSIE 9.0; Windows NT 6.0; Trident/5.0)"
75.184.18.222 - - [19/Aug/2013:16:26:59 -0400] "GET /graphics/dot.gif HTTP/1.1" 304 - "http://www.michaelbrandwein.com/atopics/workingsmarter.html" "Mozilla/5.0 (compatible; MSIE 9.0; Windows NT 6.0; Trident/5.0)"
75.184.18.222 - - [19/Aug/2013:16:27:00 -0400] "GET /atopics/sayings.txt HTTP/1.1" 200 6460 "http://www.michaelbrandwein.com/atopics/workingsmarter.html" "Mozilla/5.0 (compatible; MSIE 9.0; Windows NT 6.0; Trident/5.0)"
98.221.104.83 - - [19/Aug/2013:13:10:53 -0400] "GET /favicon.ico HTTP/1.1" 404 575 "-" "Mozilla/5.0 (compatible; MSIE 10.0; Windows NT 6.1; Trident/6.0; EIE10;ENUSWOL)"
69.156.50.80 - - [19/Aug/2013:13:21:49 -0400] "GET /images/youthhome.jpg HTTP/1.1" 200 15371 "http://www.michaelbrandwein.com/youth.html" "Mozilla/5.0 (Macintosh; Intel Mac OS X 10_8_2) AppleWebKit/536.26.14 (KHTML, like Gecko) Version/6.0.1 Safari/536.26.14"
71.201.142.59 - - [19/Aug/2013:13:39:33 -0400] "GET /graphics/bodym.jpg HTTP/1.1" 200 28996 "http://www.michaelbrandwein.com/" "Mozilla/5.0 (Windows NT 6.0; rv:23.0) Gecko/20100101 Firefox/23.0"
71.201.142.59 - - [19/Aug/2013:13:39:34 -0400] "GET /graphics/bhomeenter3.jpg HTTP/1.1" 404 575 "http://www.michaelbrandwein.com/" "Mozilla/5.0 (Windows NT 6.0; rv:23.0) Gecko/20100101 Firefox/23.0"
71.201.142.59 - - [19/Aug/2013:13:39:43 -0400] "GET /images/facebook.jpg HTTP/1.1" 200 19424 "http://www.michaelbrandwein.com/youth.html" "Mozilla/5.0 (Windows NT 6.0; rv:23.0) Gecko/20100101 Firefox/23.0"
71.201.142.59 - - [19/Aug/2013:13:39:44 -0400] "GET /graphics/dot.gif HTTP/1.1" 200 114 "http://www.michaelbrandwein.com/youth.html" "Mozilla/5.0 (Windows NT 6.0; rv:23.0) Gecko/20100101 Firefox/23.0"
71.201.142.59 - - [19/Aug/2013:13:39:44 -0400] "GET /graphics/oval4.jpg HTTP/1.1" 200 13531 "http://www.michaelbrandwein.com/youth.html" "Mozilla/5.0 (Windows NT 6.0; rv:23.0) Gecko/20100101 Firefox/23.0"
108.34.165.139 - - [19/Aug/2013:15:36:43 -0400] "GET /images/ycamptraining.jpg HTTP/1.1" 200 50346 "http://www.michaelbrandwein.com/ycamptraining.html" "Mozilla/4.0 (compatible; MSIE 8.0; Windows NT 6.1; WOW64; Trident/4.0; SLCC2; .NET CLR 2.0.50727)"
70.34.144.114 - - [19/Aug/2013:16:44:19 -0400] "GET / HTTP/1.1" 200 5960 "http://www.google.com/url?sa=t&rct=j&q=michael%20brandwein&source=web&cd=1&sqi=2&ved=0CCsQFjAA&url=http%3A%2F%2Fwww.michaelbrandwein.com%2F&ei=oIMSUu68KeTWyQHbx4CwDw&usg=AFQjCNHDmaRDJnR-oh_qbwyh3MQ1xyJfyA&bvm=bv.50768961,d.aWc" "Mozilla/5.0 (Windows NT 6.1; WOW64) AppleWebKit/537.36 (KHTML, like Gecko) Chrome/28.0.1500.95 Safari/537.36"
70.34.144.114 - - [19/Aug/2013:16:44:19 -0400] "GET /css/brandwein.css HTTP/1.1" 200 2167 "http://www.michaelbrandwein.com/" "Mozilla/5.0 (Windows NT 6.1; WOW64) AppleWebKit/537.36 (KHTML, like Gecko) Chrome/28.0.1500.95 Safari/537.36"
70.34.144.114 - - [19/Aug/2013:16:44:19 -0400] "GET /graphics/homeadult.jpg HTTP/1.1" 200 18635 "http://www.michaelbrandwein.com/" "Mozilla/5.0 (Windows NT 6.1; WOW64) AppleWebKit/537.36 (KHTML, like Gecko) Chrome/28.0.1500.95 Safari/537.36"
70.34.144.114 - - [19/Aug/2013:16:44:20 -0400] "GET /graphics/homeyouth2.jpg HTTP/1.1" 200 18018 "http://www.michaelbrandwein.com/" "Mozilla/5.0 (Windows NT 6.1; WOW64) AppleWebKit/537.36 (KHTML, like Gecko) Chrome/28.0.1500.95 Safari/537.36"
208.115.111.72 - - [19/Aug/2013:17:44:19 -0400] "GET /ytopics/parents/ivetoldyouathousandtimes.html HTTP/1.1" 200 11147 "-" "Mozilla/5.0 (compatible; Ezooms/1.0; ezooms.bot@gmail.com)"
157.55.35.79 - - [19/Aug/2013:19:33:10 -0400] "GET /graphics/hr2a.jpg HTTP/1.1" 200 8132 "-" "Mozilla/5.0 (compatible; bingbot/2.0; +http://www.bing.com/bingbot.htm)"
157.55.35.79 - - [19/Aug/2013:00:59:21 -0400] "GET /robots.txt HTTP/1.1" 404 575 "-" "Mozilla/5.0 (compatible; bingbot/2.0; +http://www.bing.com/bingbot.htm)"
27.55.220.29 - - [19/Aug/2013:04:55:30 -0400] "GET /graphics/hr2a.jpg HTTP/1.1" 200 8132 "http://www.michaelbrandwein.com/presentations.html" "Mozilla/5.0 (iPad; CPU OS 6_0_1 like Mac OS X) AppleWebKit/536.26 (KHTML, like Gecko) Version/6.0 Mobile/10A523 Safari/8536.25"
218.30.103.136 - - [19/Aug/2013:05:17:14 -0400] "GET /robots.txt HTTP/1.1" 404 575 "-" "Sogou web spider/4.0d.coA"
63.199.45.242 - - [19/Aug/2013:15:03:48 -0400] "GET /graphics/logoin.jpg HTTP/1.1" 304 - "http://michaelbrandwein.com/yschools.html" "Mozilla/5.0 (compatible; MSIE 10.0; Windows NT 6.1; Trident/6.0)"
199.30.16.42 - - [19/Aug/2013:16:21:34 -0400] "GET /robots.txt HTTP/1.1" 404 575 "-" "msnbot-media/1.1 (+http://search.msn.com/msnbot.htm)"
75.184.18.222 - - [19/Aug/2013:16:26:16 -0400] "GET /graphics/logoin.jpg HTTP/1.1" 200 14869 "http://www.michaelbrandwein.com/presentations.html" "Mozilla/5.0 (compatible; MSIE 9.0; Windows NT 6.0; Trident/5.0)"
75.184.18.222 - - [19/Aug/2013:16:26:59 -0400] "GET /graphics/hr2a.jpg HTTP/1.1" 304 - "http://www.michaelbrandwein.com/atopics/workingsmarter.html" "Mozilla/5.0 (compatible; MSIE 9.0; Windows NT 6.0; Trident/5.0)"
70.34.144.114 - - [19/Aug/2013:16:44:19 -0400] "GET /graphics/bodya.gif HTTP/1.1" 200 131 "http://www.michaelbrandwein.com/" "Mozilla/5.0 (Windows NT 6.1; WOW64) AppleWebKit/537.36 (KHTML, like Gecko) Chrome/28.0.1500.95 Safari/537.36"
70.34.144.114 - - [19/Aug/2013:16:44:19 -0400] "GET /graphics/bodyy.gif HTTP/1.1" 200 124 "http://www.michaelbrandwein.com/" "Mozilla/5.0 (Windows NT 6.1; WOW64) AppleWebKit/537.36 (KHTML, like Gecko) Chrome/28.0.1500.95 Safari/537.36"
70.34.144.114 - - [19/Aug/2013:16:44:20 -0400] "GET /graphics/homeadult2.jpg HTTP/1.1" 200 19380 "http://www.michaelbrandwein.com/" "Mozilla/5.0 (Windows NT 6.1; WOW64) AppleWebKit/537.36 (KHTML, like Gecko) Chrome/28.0.1500.95 Safari/537.36"
99.103.90.200 - - [19/Aug/2013:17:39:34 -0400] "GET /products/learningleadership_clip_image002.jpg HTTP/1.1" 200 10525 "http://thecampdirector.com/" "Mozilla/5.0 (Windows NT 6.2; WOW64) AppleWebKit/537.36 (KHTML, like Gecko) Chrome/28.0.1500.95 Safari/537.36"
208.115.111.72 - - [19/Aug/2013:09:48:39 -0400] "GET /ytopics/schools/parents/whydontyoubehave.html HTTP/1.1" 200 12291 "-" "Mozilla/5.0 (compatible; Ezooms/1.0; ezooms.bot@gmail.com)"
66.249.75.170 - - [19/Aug/2013:23:52:44 -0400] "GET /ytopics/camp/conferences/timemanagement.html HTTP/1.1" 200 10548 "-" "DoCoMo/2.0 N905i(c100;TB;W24H16) (compatible; Googlebot-Mobile/2.1; +http://www.google.com/bot.html)"
72.39.68.74 - - [19/Aug/2013:19:16:24 -0400] "GET /products/superstaffsupervision_clip_image002.jpg HTTP/1.1" 200 9705 "http://thecampdirector.com/2010/02/12/mobile-apps-for-summer-camp-directors/" "Mozilla/5.0 (Macintosh; Intel Mac OS X 10_8_4) AppleWebKit/536.30.1 (KHTML, like Gecko) Version/6.0.5 Safari/536.30.1"
69.156.50.80 - - [19/Aug/2013:13:21:49 -0400] "GET /images/facebook.jpg HTTP/1.1" 200 19424 "http://www.michaelbrandwein.com/youth.html" "Mozilla/5.0 (Macintosh; Intel Mac OS X 10_8_2) AppleWebKit/536.26.14 (KHTML, like Gecko) Version/6.0.1 Safari/536.26.14"
97.74.144.119 - - [19/Aug/2013:07:48:03 -0400] "HEAD /products/sotd_frontcover500.jpg HTTP/1.1" 200 - "-" "-"
72.30.198.51 - - [19/Aug/2013:18:26:16 -0400] "GET /graphics/bodya.gif HTTP/1.1" 200 131 "http://michaelbrandwein.com/" "Mozilla/5.0 (compatible; Yahoo! Slurp/3.0; http://help.yahoo.com/help/us/ysearch/slurp) NOT Firefox/3.5"
199.30.24.73 - - [19/Aug/2013:20:30:37 -0400] "GET /graphics/logoin.jpg HTTP/1.1" 200 14869 "http://www.michaelbrandwein.com/atopics/motivatingcommunication.html" "Mozilla/5.0 (Windows NT 6.1; WOW64) AppleWebKit/534+ (KHTML, like Gecko) BingPreview/1.0b"
199.30.24.73 - - [19/Aug/2013:20:30:37 -0400] "GET /atopics/sayings.txt HTTP/1.1" 200 6460 "http://www.michaelbrandwein.com/atopics/motivatingcommunication.html" "Mozilla/5.0 (Windows NT 6.1; WOW64) AppleWebKit/534+ (KHTML, like Gecko) BingPreview/1.0b"
173.70.141.147 - - [19/Aug/2013:20:50:29 -0400] "GET /video/FLVPlayer_Progressive.swf HTTP/1.1" 200 9038 "-" "panscient.com"
173.70.141.147 - - [19/Aug/2013:20:52:09 -0400] "GET /video/?MM_ComponentVersion=1&skinName=Halo_Skin_1&streamName=keynotesegment3&autoPlay=true&autoRewind=false HTTP/1.1" 403 660 "-" "panscient.com"
193.106.136.50 - - [19/Aug/2013:07:35:35 -0400] "GET /atopics/conflictcommunication.html HTTP/1.1" 200 8923 "http://aztraf.pw/?az54461" "Mozilla/4.0 (compatible; MSIE 6.0; Windows NT 5.1; FREE; .NET CLR 1.1.4322)"
208.115.111.72 - - [19/Aug/2013:09:48:38 -0400] "GET /ytopics/parents/magicoffamilycommunication.html HTTP/1.1" 200 10772 "-" "Mozilla/5.0 (compatible; Ezooms/1.0; ezooms.bot@gmail.com)"
63.199.45.242 - - [19/Aug/2013:15:03:39 -0400] "GET /images/youthhome.jpg HTTP/1.1" 200 15371 "http://michaelbrandwein.com/youth.html" "Mozilla/5.0 (compatible; MSIE 10.0; Windows NT 6.1; Trident/6.0)"
63.199.45.242 - - [19/Aug/2013:15:03:48 -0400] "GET /yschools.html HTTP/1.1" 200 20251 "http://michaelbrandwein.com/youth.html" "Mozilla/5.0 (compatible; MSIE 10.0; Windows NT 6.1; Trident/6.0)"
63.199.45.242 - - [19/Aug/2013:15:03:48 -0400] "GET /css/youth.css HTTP/1.1" 304 - "http://michaelbrandwein.com/yschools.html" "Mozilla/5.0 (compatible; MSIE 10.0; Windows NT 6.1; Trident/6.0)"
63.199.45.242 - - [19/Aug/2013:15:03:48 -0400] "GET /graphics/dot.gif HTTP/1.1" 304 - "http://michaelbrandwein.com/yschools.html" "Mozilla/5.0 (compatible; MSIE 10.0; Windows NT 6.1; Trident/6.0)"
63.199.45.242 - - [19/Aug/2013:15:05:37 -0400] "GET /Scripts/AC_ActiveX.js HTTP/1.1" 200 2057 "http://michaelbrandwein.com/yvideopreviews.html" "Mozilla/5.0 (compatible; MSIE 10.0; Windows NT 6.1; Trident/6.0)"
63.199.45.242 - - [19/Aug/2013:15:05:37 -0400] "GET /images/Key-note-excerpt-2100.jpg HTTP/1.1" 200 7963 "http://michaelbrandwein.com/yvideopreviews.html" "Mozilla/5.0 (compatible; MSIE 10.0; Windows NT 6.1; Trident/6.0)"
63.199.45.242 - - [19/Aug/2013:15:05:37 -0400] "GET /ysayings.txt HTTP/1.1" 304 - "http://michaelbrandwein.com/yvideopreviews.html" "Mozilla/5.0 (compatible; MSIE 10.0; Windows NT 6.1; Trident/6.0)"
178.154.243.82 - - [19/Aug/2013:15:58:17 -0400] "GET /products/tts2cover228.jpg HTTP/1.1" 304 - "-" "Mozilla/5.0 (compatible; YandexImages/3.0; +http://yandex.com/bots)"
70.34.144.114 - - [19/Aug/2013:16:44:41 -0400] "GET /images/yorganizations.jpg HTTP/1.1" 200 51509 "http://www.michaelbrandwein.com/yorganizations.html" "Mozilla/5.0 (Windows NT 6.1; WOW64) AppleWebKit/537.36 (KHTML, like Gecko) Chrome/28.0.1500.95 Safari/537.36"
70.34.144.114 - - [19/Aug/2013:16:44:41 -0400] "GET /favicon.ico HTTP/1.1" 404 575 "-" "Mozilla/5.0 (Windows NT 6.1; WOW64) AppleWebKit/537.36 (KHTML, like Gecko) Chrome/28.0.1500.95 Safari/537.36"
69.156.50.80 - - [19/Aug/2013:17:10:47 -0400] "GET /graphics/homeyouth.jpg HTTP/1.1" 200 17174 "http://www.michaelbrandwein.com/index.html" "Mozilla/5.0 (Macintosh; Intel Mac OS X 10_8_2) AppleWebKit/536.26.14 (KHTML, like Gecko) Version/6.0.1 Safari/536.26.14"
208.115.111.72 - - [19/Aug/2013:02:00:44 -0400] "GET /products/learningleadershipdvd.html HTTP/1.1" 200 11658 "-" "Mozilla/5.0 (compatible; Ezooms/1.0; ezooms.bot@gmail.com)"
69.156.50.80 - - [19/Aug/2013:13:17:47 -0400] "GET /graphics/logoin.jpg HTTP/1.1" 200 14869 "http://www.michaelbrandwein.com/" "Mozilla/5.0 (Macintosh; Intel Mac OS X 10_8_2) AppleWebKit/536.26.14 (KHTML, like Gecko) Version/6.0.1 Safari/536.26.14"
69.156.50.80 - - [19/Aug/2013:13:21:48 -0400] "GET /youth.html HTTP/1.1" 200 14317 "http://www.michaelbrandwein.com/" "Mozilla/5.0 (Macintosh; Intel Mac OS X 10_8_2) AppleWebKit/536.26.14 (KHTML, like Gecko) Version/6.0.1 Safari/536.26.14"
69.156.50.80 - - [19/Aug/2013:13:21:49 -0400] "GET /graphics/hry2.jpg HTTP/1.1" 200 305 "http://www.michaelbrandwein.com/youth.html" "Mozilla/5.0 (Macintosh; Intel Mac OS X 10_8_2) AppleWebKit/536.26.14 (KHTML, like Gecko) Version/6.0.1 Safari/536.26.14"
69.156.50.80 - - [19/Aug/2013:13:21:49 -0400] "GET /graphics/oval1.jpg HTTP/1.1" 200 14070 "http://www.michaelbrandwein.com/youth.html" "Mozilla/5.0 (Macintosh; Intel Mac OS X 10_8_2) AppleWebKit/536.26.14 (KHTML, like Gecko) Version/6.0.1 Safari/536.26.14"
69.156.50.80 - - [19/Aug/2013:13:21:49 -0400] "GET /graphics/oval2.jpg HTTP/1.1" 200 14082 "http://www.michaelbrandwein.com/youth.html" "Mozilla/5.0 (Macintosh; Intel Mac OS X 10_8_2) AppleWebKit/536.26.14 (KHTML, like Gecko) Version/6.0.1 Safari/536.26.14"
69.156.50.80 - - [19/Aug/2013:13:21:49 -0400] "GET /ysayings.txt HTTP/1.1" 200 6677 "http://www.michaelbrandwein.com/youth.html" "Mozilla/5.0 (Macintosh; Intel Mac OS X 10_8_2) AppleWebKit/536.26.14 (KHTML, like Gecko) Version/6.0.1 Safari/536.26.14"
71.201.142.59 - - [19/Aug/2013:13:39:33 -0400] "GET / HTTP/1.1" 200 5960 "http://www.google.com/url?sa=t&rct=j&q=&esrc=s&source=web&cd=1&ved=0CC4QFjAA&url=http%3A%2F%2Fwww.michaelbrandwein.com%2F&ei=UlgSUquzMbTeyAHFhIE4&usg=AFQjCNHDmaRDJnR-oh_qbwyh3MQ1xyJfyA&sig2=4zYOJ7W4Af5949pGfOPVVA&bvm=bv.50768961,d.aWc" "Mozilla/5.0 (Windows NT 6.0; rv:23.0) Gecko/20100101 Firefox/23.0"
71.201.142.59 - - [19/Aug/2013:13:39:33 -0400] "GET /css/brandwein.css HTTP/1.1" 200 2167 "http://www.michaelbrandwein.com/" "Mozilla/5.0 (Windows NT 6.0; rv:23.0) Gecko/20100101 Firefox/23.0"
71.201.142.59 - - [19/Aug/2013:13:39:33 -0400] "GET /graphics/bodya.gif HTTP/1.1" 200 131 "http://www.michaelbrandwein.com/" "Mozilla/5.0 (Windows NT 6.0; rv:23.0) Gecko/20100101 Firefox/23.0"
