24.107.68.203 - - [19/Aug/2013:22:37:38 -0400] "GET /ycamptraining.html HTTP/1.1" 200 16427 "-" "Mozilla/5.0 (iPad; CPU OS 6_1_3 like Mac OS X) AppleWebKit/536.26 (KHTML, like Gecko) Version/6.0 Mobile/10B329 Safari/8536.25"
24.107.68.203 - - [19/Aug/2013:22:37:39 -0400] "GET /images/banner2.jpg HTTP/1.1" 200 5488 "http://www.michaelbrandwein.com/ycamptraining.html" "Mozilla/5.0 (iPad; CPU OS 6_1_3 like Mac OS X) AppleWebKit/536.26 (KHTML, like Gecko) Version/6.0 Mobile/10B329 Safari/8536.25"
24.107.68.203 - - [19/Aug/2013:22:37:39 -0400] "GET /graphics/dot.gif HTTP/1.1" 200 114 "http://www.michaelbrandwein.com/ycamptraining.html" "Mozilla/5.0 (iPad; CPU OS 6_1_3 like Mac OS X) AppleWebKit/536.26 (KHTML, like Gecko) Version/6.0 Mobile/10B329 Safari/8536.25"
24.107.68.203 - - [19/Aug/2013:22:37:39 -0400] "GET /ysayings.txt HTTP/1.1" 200 6677 "http://www.michaelbrandwein.com/ycamptraining.html" "Mozilla/5.0 (iPad; CPU OS 6_1_3 like Mac OS X) AppleWebKit/536.26 (KHTML, like Gecko) Version/6.0 Mobile/10B329 Safari/8536.25"
91.207.9.226 - - [19/Aug/2013:06:05:42 -0400] "GET /atopics/conflictcommunication.html HTTP/1.1" 200 8923 "http://www.lifeazart.com/" "Mozilla/4.0 (compatible; MSIE 6.0; Windows NT 5.1; Maxthon; .NET CLR 1.1.4322)"
199.21.99.123 - - [19/Aug/2013:01:42:15 -0400] "GET /ytopics/organizations/workdirectly/howtograbandkeepattention.html HTTP/1.1" 304 - "-" "Mozilla/5.0 (compatible; YandexBot/3.0; +http://yandex.com/bots)"
64.125.175.43 - - [19/Aug/2013:11:04:02 -0400] "GET /css/youth.css HTTP/1.1" 200 8470 "http://www.michaelbrandwein.com/yleadership.html" "Mozilla/5.0 (compatible; MSIE 9.0; Windows NT 6.1; WOW64; Trident/5.0)"
64.125.175.43 - - [19/Aug/2013:11:04:02 -0400] "GET /ysayings.txt HTTP/1.1" 200 6677 "http://www.michaelbrandwein.com/yleadership.html" "Mozilla/5.0 (compatible; MSIE 9.0; Windows NT 6.1; WOW64; Trident/5.0)"
173.61.133.136 - - [19/Aug/2013:11:47:15 -0400] "GET /products/superstaffsupervision_clip_image002.jpg HTTP/1.1" 200 9705 "http://thecampdirector.com/" "Mozilla/5.0 (Macintosh; Intel Mac OS X 10_6_8) AppleWebKit/534.59.8 (KHTML, like Gecko) Version/5.1.9 Safari/534.59.8"
66.249.75.170 - - [19/Aug/2013:12:00:44 -0400] "GET /atopics/motivatingcommunication.html HTTP/1.1" 304 - "-" "Mozilla/5.0 (compatible; Googlebot/2.1; +http://www.google.com/bot.html)"
71.201.142.59 - - [19/Aug/2013:13:39:33 -0400] "GET /graphics/homeyouth.jpg HTTP/1.1" 200 17174 "http://www.michaelbrandwein.com/" "Mozilla/5.0 (Windows NT 6.0; rv:23.0) Gecko/20100101 Firefox/23.0"
71.201.142.59 - - [19/Aug/2013:13:39:34 -0400] "GET /graphics/homeyouth2.jpg HTTP/1.1" 200 18018 "http://www.michaelbrandwein.com/" "Mozilla/5.0 (Windows NT 6.0; rv:23.0) Gecko/20100101 Firefox/23.0"
71.201.142.59 - - [19/Aug/2013:13:39:43 -0400] "GET /images/youthhome.jpg HTTP/1.1" 200 15371 "http://www.michaelbrandwein.com/youth.html" "Mozilla/5.0 (Windows NT 6.0; rv:23.0) Gecko/20100101 Firefox/23.0"
71.201.142.59 - - [19/Aug/2013:13:39:44 -0400] "GET /graphics/arrow.gif HTTP/1.1" 200 942 "http://www.michaelbrandwein.com/css/youth.css" "Mozilla/5.0 (Windows NT 6.0; rv:23.0) Gecko/20100101 Firefox/23.0"
63.199.45.242 - - [19/Aug/2013:15:03:39 -0400] "GET /images/facebook.jpg HTTP/1.1" 200 19424 "http://michaelbrandwein.com/youth.html" "Mozilla/5.0 (compatible; MSIE 10.0; Windows NT 6.1; Trident/6.0)"
75.184.18.222 - - [19/Aug/2013:16:26:19 -0400] "GET /sayings.txt HTTP/1.1" 200 6460 "http://www.michaelbrandwein.com/presentations.html" "Mozilla/5.0 (compatible; MSIE 9.0; Windows NT 6.0; Trident/5.0)"
66.249.75.170 - - [19/Aug/2013:19:58:42 -0400] "GET /adult.html HTTP/1.1" 304 - "-" "Mozilla/5.0 (iPhone; U; CPU iPhone OS 4_1 like Mac OS X; en-us) AppleWebKit/532.9 (KHTML, like Gecko) Version/4.0.5 Mobile/8B117 Safari/6531.22.7 (compatible; Googlebot-Mobile/2.1; +http://www.google.com/bot.html)"
173.70.141.147 - - [19/Aug/2013:20:49:35 -0400] "GET /robots.txt HTTP/1.1" 404 575 "-" "panscient.com"
208.115.113.88 - - [19/Aug/2013:06:53:55 -0400] "GET /robots.txt HTTP/1.1" 404 575 "-" "Mozilla/5.0 (compatible; Ezooms/1.0; ezooms.bot@gmail.com)"
115.254.79.227 - - [19/Aug/2013:04:48:17 -0400] "GET /images/banner2.jpg HTTP/1.1" 200 5488 "http://www.michaelbrandwein.com/presentations.html" "Mozilla/4.0 (compatible; MSIE 8.0; Windows NT 5.1; Trident/4.0; InfoPath.3; .NET CLR 2.0.50727)"
115.254.79.227 - - [19/Aug/2013:04:48:18 -0400] "GET /sayings.txt HTTP/1.1" 200 6460 "http://www.michaelbrandwein.com/presentations.html" "Mozilla/4.0 (compatible; MSIE 8.0; Windows NT 5.1; Trident/4.0; InfoPath.3; .NET CLR 2.0.50727)"
27.55.220.29 - - [19/Aug/2013:04:55:30 -0400] "GET /graphics/dot.gif HTTP/1.1" 200 114 "http://www.michaelbrandwein.com/presentations.html" "Mozilla/5.0 (iPad; CPU OS 6_0_1 like Mac OS X) AppleWebKit/536.26 (KHTML, like Gecko) Version/6.0 Mobile/10A523 Safari/8536.25"
95.24.161.46 - - [19/Aug/2013:05:40:27 -0400] "GET /graphics/logoin.jpg HTTP/1.1" 200 14869 "http://www.michaelbrandwein.com/ytopics/schools/staffdev/helpingyoungpeople.html" "Mozilla/4.0 (compatible; MSIE 6.0; Windows NT 5.1; SV1)"
95.24.161.46 - - [19/Aug/2013:05:40:26 -0400] "GET /ytopics/schools/staffdev/helpingyoungpeople.html HTTP/1.1" 200 11282 "http://yandex.ru/yandsearch?text=www.michaelbrandwein.com&lr=213" "Mozilla/4.0 (compatible; MSIE 6.0; Windows NT 5.1; SV1)"
157.55.33.23 - - [19/Aug/2013:18:13:15 -0400] "GET /ytopics/camp/training/staff/ivetoldyouathousandtimes.html HTTP/1.1" 200 11478 "-" "Mozilla/5.0 (compatible; bingbot/2.0; +http://www.bing.com/bingbot.htm)"
68.40.192.255 - - [19/Aug/2013:20:51:07 -0400] "GET /products/learningleadership_clip_image002.jpg HTTP/1.1" 200 10525 "http://thecampdirector.com/tag/resume/" "Mozilla/5.0 (Macintosh; Intel Mac OS X 10_6_8) AppleWebKit/537.36 (KHTML, like Gecko) Chrome/28.0.1500.95 Safari/537.36"
180.206.205.145 - - [19/Aug/2013:15:14:12 -0400] "GET /products/trainingterrificstaff_clip_image002.jpg HTTP/1.1" 200 10083 "http://thecampdirector.com/2009/09/20/what-do-you-teach-at-summer-camp/" "Mozilla/5.0 (iPad; CPU OS 5_1_1 like Mac OS X) AppleWebKit/534.46 (KHTML, like Gecko) Version/5.1 Mobile/9B206 Safari/7534.48.3"
108.34.165.139 - - [19/Aug/2013:15:36:43 -0400] "GET /ycamptraining.html HTTP/1.1" 200 16427 "http://www.michaelbrandwein.com/ytopics/camp/training/staff/campgames.html" "Mozilla/4.0 (compatible; MSIE 8.0; Windows NT 6.1; WOW64; Trident/4.0; SLCC2; .NET CLR 2.0.50727)"
108.34.165.139 - - [19/Aug/2013:15:36:43 -0400] "GET /favicon.ico HTTP/1.1" 404 575 "-" "Mozilla/4.0 (compatible; MSIE 8.0; Windows NT 6.1; WOW64; Trident/4.0; SLCC2; .NET CLR 2.0.50727)"
70.34.144.114 - - [19/Aug/2013:16:44:19 -0400] "GET /graphics/bodym.jpg HTTP/1.1" 200 28996 "http://www.michaelbrandwein.com/" "Mozilla/5.0 (Windows NT 6.1; WOW64) AppleWebKit/537.36 (KHTML, like Gecko) Chrome/28.0.1500.95 Safari/537.36"
70.34.144.114 - - [19/Aug/2013:16:44:20 -0400] "GET /graphics/bhomeenter3.jpg HTTP/1.1" 404 575 "http://www.michaelbrandwein.com/" "Mozilla/5.0 (Windows NT 6.1; WOW64) AppleWebKit/537.36 (KHTML, like Gecko) Chrome/28.0.1500.95 Safari/537.36"
70.34.144.114 - - [19/Aug/2013:16:44:25 -0400] "GET /graphics/arrow.gif HTTP/1.1" 200 942 "http://www.michaelbrandwein.com/youth.html" "Mozilla/5.0 (Windows NT 6.1; WOW64) AppleWebKit/537.36 (KHTML, like Gecko) Chrome/28.0.1500.95 Safari/537.36"
70.34.144.114 - - [19/Aug/2013:16:44:26 -0400] "GET /graphics/oval4.jpg HTTP/1.1" 200 13531 "http://www.michaelbrandwein.com/youth.html" "Mozilla/5.0 (Windows NT 6.1; WOW64) AppleWebKit/537.36 (KHTML, like Gecko) Chrome/28.0.1500.95 Safari/537.36"
70.34.144.114 - - [19/Aug/2013:16:44:26 -0400] "GET /favicon.ico HTTP/1.1" 404 575 "-" "Mozilla/5.0 (Windows NT 6.1; WOW64) AppleWebKit/537.36 (KHTML, like Gecko) Chrome/28.0.1500.95 Safari/537.36"
71.201.142.59 - - [19/Aug/2013:13:40:26 -0400] "GET /graphics/arrowup.gif HTTP/1.1" 200 84 "http://www.michaelbrandwein.com/ycamptraining.html" "Mozilla/5.0 (Windows NT 6.0; rv:23.0) Gecko/20100101 Firefox/23.0"
71.201.142.59 - - [19/Aug/2013:13:56:51 -0400] "GET /ycamptraining.html HTTP/1.1" 200 16427 "http://www.michaelbrandwein.com/youth.html" "Mozilla/5.0 (Windows NT 6.0; rv:23.0) Gecko/20100101 Firefox/23.0"
71.201.142.59 - - [19/Aug/2013:13:56:52 -0400] "GET /images/ycamptraining.jpg HTTP/1.1" 200 50346 "http://www.michaelbrandwein.com/ycamptraining.html" "Mozilla/5.0 (Windows NT 6.0; rv:23.0) Gecko/20100101 Firefox/23.0"
208.115.113.88 - - [19/Aug/2013:14:52:17 -0400] "GET /robots.txt HTTP/1.1" 404 575 "-" "Mozilla/5.0 (compatible; Ezooms/1.0; ezooms.bot@gmail.com)"
66.249.75.170 - - [19/Aug/2013:09:41:08 -0400] "GET /presentations.html HTTP/1.1" 304 - "-" "Mozilla/5.0 (compatible; Googlebot/2.1; +http://www.google.com/bot.html)"
208.115.113.88 - - [19/Aug/2013:11:50:19 -0400] "GET /ytopics/camp/conferences/nomeansknow.html HTTP/1.1" 200 10569 "-" "Mozilla/5.0 (compatible; Ezooms/1.0; ezooms.bot@gmail.com)"
101.174.188.52 - - [19/Aug/2013:00:18:04 -0400] "GET /css/adult.css HTTP/1.1" 200 6290 "http://www.michaelbrandwein.com/presentations.html" "Mozilla/5.0 (Macintosh; Intel Mac OS X 10.8; rv:23.0) Gecko/20100101 Firefox/23.0"
101.174.188.52 - - [19/Aug/2013:00:18:04 -0400] "GET /graphics/hr2a.jpg HTTP/1.1" 200 8132 "http://www.michaelbrandwein.com/presentations.html" "Mozilla/5.0 (Macintosh; Intel Mac OS X 10.8; rv:23.0) Gecko/20100101 Firefox/23.0"
101.174.188.52 - - [19/Aug/2013:00:18:06 -0400] "GET /favicon.ico HTTP/1.1" 404 575 "-" "Mozilla/5.0 (Macintosh; Intel Mac OS X 10.8; rv:23.0) Gecko/20100101 Firefox/23.0"
69.30.238.162 - - [19/Aug/2013:22:04:53 -0400] "GET /pdf/brandwein%20letter%20to%20staff HTTP/1.0" 404 575 "-" "Mozilla/5.0 (compatible; MJ12bot/v1.4.3; http://www.majestic12.co.uk/bot.php?+)"
99.55.241.226 - - [19/Aug/2013:07:29:21 -0400] "GET /graphics/dot.gif HTTP/1.1" 200 114 "http://www.michaelbrandwein.com/youth.html" "Mozilla/5.0 (iPad; CPU OS 6_0_1 like Mac OS X) AppleWebKit/536.26 (KHTML, like Gecko) Version/6.0 Mobile/10A523 Safari/8536.25"
99.55.241.226 - - [19/Aug/2013:07:29:21 -0400] "GET /graphics/oval3.jpg HTTP/1.1" 200 14255 "http://www.michaelbrandwein.com/youth.html" "Mozilla/5.0 (iPad; CPU OS 6_0_1 like Mac OS X) AppleWebKit/536.26 (KHTML, like Gecko) Version/6.0 Mobile/10A523 Safari/8536.25"
211.30.235.6 - - [19/Aug/2013:08:05:53 -0400] "GET /graphics/logoin.jpg HTTP/1.1" 200 14869 "http://www.michaelbrandwein.com/atopics/realtruth.html" "Mozilla/5.0 (iPhone; CPU iPhone OS 5_1_1 like Mac OS X) AppleWebKit/534.46 (KHTML, like Gecko) Version/5.1 Mobile/9B206 Safari/7534.48.3"
211.30.235.6 - - [19/Aug/2013:08:05:54 -0400] "GET /graphics/dot.gif HTTP/1.1" 200 114 "http://www.michaelbrandwein.com/atopics/realtruth.html" "Mozilla/5.0 (iPhone; CPU iPhone OS 5_1_1 like Mac OS X) AppleWebKit/534.46 (KHTML, like Gecko) Version/5.1 Mobile/9B206 Safari/7534.48.3"
150.70.75.30 - - [19/Aug/2013:16:29:16 -0400] "GET /atopics/workingsmarter.html HTTP/1.0" 200 8512 "-" "Mozilla/4.0 (compatible; MSIE 6.0; Windows NT 5.1)"
70.34.144.114 - - [19/Aug/2013:16:44:53 -0400] "GET /pdf/Youth%20Organization%20Topics.pdf HTTP/1.1" 206 32768 "http://www.michaelbrandwein.com/pdf/Youth%20Organization%20Topics.pdf" "Mozilla/5.0 (Windows NT 6.1; WOW64) AppleWebKit/537.36 (KHTML, like Gecko) Chrome/28.0.1500.95 Safari/537.36"
70.34.144.114 - - [19/Aug/2013:16:44:53 -0400] "GET /favicon.ico HTTP/1.1" 404 575 "-" "Mozilla/5.0 (Windows NT 6.1; WOW64) AppleWebKit/537.36 (KHTML, like Gecko) Chrome/28.0.1500.95 Safari/537.36"
69.156.50.80 - - [19/Aug/2013:17:10:53 -0400] "GET /graphics/bodym.jpg HTTP/1.1" 200 28996 "http://www.michaelbrandwein.com/index.html" "Mozilla/5.0 (Macintosh; Intel Mac OS X 10_8_2) AppleWebKit/536.26.14 (KHTML, like Gecko) Version/6.0.1 Safari/536.26.14"
69.156.50.80 - - [19/Aug/2013:17:10:54 -0400] "GET /graphics/homeadult2.jpg HTTP/1.1" 200 19380 "http://www.michaelbrandwein.com/index.html" "Mozilla/5.0 (Macintosh; Intel Mac OS X 10_8_2) AppleWebKit/536.26.14 (KHTML, like Gecko) Version/6.0.1 Safari/536.26.14"
173.70.141.147 - - [19/Aug/2013:20:50:51 -0400] "GET /ytopics/camp/conferences/cdos.html HTTP/1.1" 200 10479 "-" "panscient.com"
173.70.141.147 - - [19/Aug/2013:20:50:51 -0400] "GET /ytopics/leadership/uploadingourbrain.html HTTP/1.1" 200 11503 "-" "panscient.com"
173.70.141.147 - - [19/Aug/2013:20:50:52 -0400] "GET /ytopics/camp/conferences/topteaching.html HTTP/1.1" 200 10724 "-" "panscient.com"
173.70.141.147 - - [19/Aug/2013:20:50:53 -0400] "GET /ytopics/leadership/ysayings.txt HTTP/1.1" 200 6677 "-" "panscient.com"
173.70.141.147 - - [19/Aug/2013:20:50:54 -0400] "GET /ytopics/organizations/supervise/superstaffsupervision.html HTTP/1.1" 200 11279 "-" "panscient.com"
173.70.141.147 - - [19/Aug/2013:20:50:55 -0400] "GET /atopics/laserbeam.html HTTP/1.1" 200 9569 "-" "panscient.com"
173.70.141.147 - - [19/Aug/2013:20:50:56 -0400] "GET /ytopics/camp/training/session/leadershipteamtraining.html HTTP/1.1" 200 10559 "-" "panscient.com"
173.70.141.147 - - [19/Aug/2013:20:50:58 -0400] "GET /clientlist.html HTTP/1.1" 200 18342 "-" "panscient.com"
173.70.141.147 - - [19/Aug/2013:20:50:59 -0400] "GET /ytopics/camp/training/staff/largegroupleadership.html HTTP/1.1" 200 10745 "-" "panscient.com"
173.70.141.147 - - [19/Aug/2013:20:51:00 -0400] "GET /ytopics/organizations/supervise/laserbeam.html HTTP/1.1" 200 11827 "-" "panscient.com"
173.70.141.147 - - [19/Aug/2013:20:51:01 -0400] "GET /ytopics/camp/training/admin/cdos.html HTTP/1.1" 200 10625 "-" "panscient.com"
173.70.141.147 - - [19/Aug/2013:20:51:02 -0400] "GET /ytopics/camp/conferences/manualdexterity.html HTTP/1.1" 200 10402 "-" "panscient.com"
173.70.141.147 - - [19/Aug/2013:20:51:03 -0400] "GET /ytopics/camp/training/staff/campgames.html HTTP/1.1" 200 10823 "-" "panscient.com"
173.70.141.147 - - [19/Aug/2013:20:51:04 -0400] "GET /ytopics/camp/conferences/superstaffsupervision.html HTTP/1.1" 200 10705 "-" "panscient.com"
173.70.141.147 - - [19/Aug/2013:20:51:06 -0400] "GET /ytopics/camp/conferences/timemanagement.html HTTP/1.1" 200 10548 "-" "panscient.com"
173.70.141.147 - - [19/Aug/2013:20:51:07 -0400] "GET /ytopics/camp/training/staff/ysayings.txt HTTP/1.1" 200 6677 "-" "panscient.com"
173.70.141.147 - - [19/Aug/2013:20:51:08 -0400] "GET /ytopics/organizations/supervise/timemanagement.html HTTP/1.1" 200 11044 "-" "panscient.com"
173.70.141.147 - - [19/Aug/2013:20:51:09 -0400] "GET /ytopics/schools/admin/laserbeam.html HTTP/1.1" 200 11810 "-" "panscient.com"
173.70.141.147 - - [19/Aug/2013:20:51:10 -0400] "GET /approach.html HTTP/1.1" 200 11194 "-" "panscient.com"
173.70.141.147 - - [19/Aug/2013:20:51:11 -0400] "GET /ytopics/camp/training/session/stafftraining.html HTTP/1.1" 200 10559 "-" "panscient.com"
173.70.141.147 - - [19/Aug/2013:20:51:12 -0400] "GET /ytopics/camp/conferences/tellmemore.html HTTP/1.1" 200 10751 "-" "panscient.com"
68.40.192.255 - - [19/Aug/2013:20:51:13 -0400] "GET /products/trainingterrificstaff_clip_image002.jpg HTTP/1.1" 200 10083 "http://thecampdirector.com/tag/resume/" "Mozilla/5.0 (Macintosh; Intel Mac OS X 10_6_8) AppleWebKit/537.36 (KHTML, like Gecko) Chrome/28.0.1500.95 Safari/537.36"
173.70.141.147 - - [19/Aug/2013:20:51:13 -0400] "GET /ytopics/camp/training/staff/talkingitout.html HTTP/1.1" 200 11583 "-" "panscient.com"
173.70.141.147 - - [19/Aug/2013:20:51:14 -0400] "GET /ytopics/leadership/bornleader.html HTTP/1.1" 200 11122 "-" "panscient.com"
173.70.141.147 - - [19/Aug/2013:20:51:16 -0400] "GET /ytopics/camp/conferences/solidsolutions.html HTTP/1.1" 404 575 "-" "panscient.com"
199.21.99.123 - - [19/Aug/2013:05:37:17 -0400] "GET / HTTP/1.1" 200 5960 "-" "Mozilla/5.0 (compatible; YandexBot/3.0; +http://yandex.com/bots)"
173.236.21.106 - - [19/Aug/2013:09:08:54 -0400] "GET /robots.txt HTTP/1.0" 404 575 "-" "Mozilla/5.0 (compatible; MJ12bot/v1.4.3; http://www.majestic12.co.uk/bot.php?+)"
178.154.243.82 - - [19/Aug/2013:10:20:41 -0400] "GET /robots.txt HTTP/1.1" 404 575 "-" "Mozilla/5.0 (compatible; YandexImages/3.0; +http://yandex.com/bots)"
71.201.142.59 - - [19/Aug/2013:13:39:50 -0400] "GET /ysayings.txt HTTP/1.1" 200 6677 "http://www.michaelbrandwein.com/youth.html" "Mozilla/5.0 (Windows NT 6.0; rv:23.0) Gecko/20100101 Firefox/23.0"
24.16.244.129 - - [19/Aug/2013:21:13:35 -0400] "GET /products/superstaffsupervision_clip_image002.jpg HTTP/1.1" 200 9705 "http://thecampdirector.com/2011/08/31/summer-camp-jobs-from-the-american-camp-association-job-list-for-september-1-2011/" "Mozilla/5.0 (Windows NT 6.1; WOW64; rv:23.0) Gecko/20100101 Firefox/23.0"
64.125.175.43 - - [19/Aug/2013:11:04:02 -0400] "GET /images/yleadership.jpg HTTP/1.1" 200 22273 "http://www.michaelbrandwein.com/yleadership.html" "Mozilla/5.0 (compatible; MSIE 9.0; Windows NT 6.1; WOW64; Trident/5.0)"
103.22.172.14 - - [19/Aug/2013:11:37:35 -0400] "GET /graphics/dot.gif HTTP/1.1" 200 114 "http://www.michaelbrandwein.com/presentations.html" "Mozilla/5.0 (Windows NT 5.1) AppleWebKit/537.36 (KHTML, like Gecko) Chrome/28.0.1500.95 Safari/537.36"
75.184.18.222 - - [19/Aug/2013:16:26:20 -0400] "GET /favicon.ico HTTP/1.1" 404 575 "-" "Mozilla/5.0 (compatible; MSIE 9.0; Windows NT 6.0; Trident/5.0)"
150.70.97.114 - - [19/Aug/2013:16:28:20 -0400] "GET /atopics/workingsmarter.html HTTP/1.1" 200 8512 "-" "Mozilla/4.0 (compatible; MSIE 8.0; Windows NT 5.1; Trident/4.0)"
71.201.142.59 - - [19/Aug/2013:13:40:39 -0400] "GET /ytopics/camp/training/staff/laserbeam.html HTTP/1.1" 200 12448 "http://www.michaelbrandwein.com/ycamptraining.html" "Mozilla/5.0 (Windows NT 6.0; rv:23.0) Gecko/20100101 Firefox/23.0"
66.249.75.170 - - [19/Aug/2013:19:18:22 -0400] "GET /robots.txt HTTP/1.1" 404 575 "-" "Mozilla/5.0 (compatible; Googlebot/2.1; +http://www.google.com/bot.html)"
66.249.75.170 - - [19/Aug/2013:03:45:24 -0400] "GET /acomments/mercedes.html HTTP/1.1" 200 11725 "-" "Mozilla/5.0 (iPhone; U; CPU iPhone OS 4_1 like Mac OS X; en-us) AppleWebKit/532.9 (KHTML, like Gecko) Version/4.0.5 Mobile/8B117 Safari/6531.22.7 (compatible; Googlebot-Mobile/2.1; +http://www.google.com/bot.html)"
91.207.9.226 - - [19/Aug/2013:06:05:41 -0400] "GET /atopics/conflictcommunication.html HTTP/1.1" 200 8923 "http://www.lifeazart.com/" "Mozilla/4.0 (compatible; MSIE 6.0; Windows NT 5.1; Maxthon; .NET CLR 1.1.4322)"
211.30.235.6 - - [19/Aug/2013:08:05:53 -0400] "GET /css/adult.css HTTP/1.1" 200 6290 "http://www.michaelbrandwein.com/atopics/realtruth.html" "Mozilla/5.0 (iPhone; CPU iPhone OS 5_1_1 like Mac OS X) AppleWebKit/534.46 (KHTML, like Gecko) Version/5.1 Mobile/9B206 Safari/7534.48.3"
75.82.134.6 - - [19/Aug/2013:00:42:02 -0400] "GET /graphics/bodya.gif HTTP/1.1" 200 131 "http://www.michaelbrandwein.com/" "Mozilla/5.0 (Windows NT 6.1; WOW64; rv:23.0) Gecko/20100101 Firefox/23.0"
99.55.241.226 - - [19/Aug/2013:07:28:53 -0400] "GET /graphics/bodya.gif HTTP/1.1" 200 131 "http://www.michaelbrandwein.com/" "Mozilla/5.0 (iPad; CPU OS 6_0_1 like Mac OS X) AppleWebKit/536.26 (KHTML, like Gecko) Version/6.0 Mobile/10A523 Safari/8536.25"
77.88.42.26 - - [19/Aug/2013:13:05:02 -0400] "GET / HTTP/1.1" 200 5960 "-" "Mozilla/5.0 (compatible; YandexBot/3.0; +http://yandex.com/bots)"
66.249.75.170 - - [19/Aug/2013:14:43:05 -0400] "GET /products/superstaffsupervision.html HTTP/1.1" 200 14650 "-" "Mozilla/5.0 (iPhone; U; CPU iPhone OS 4_1 like Mac OS X; en-us) AppleWebKit/532.9 (KHTML, like Gecko) Version/4.0.5 Mobile/8B117 Safari/6531.22.7 (compatible; Googlebot-Mobile/2.1; +http://www.google.com/bot.html)"
63.199.45.242 - - [19/Aug/2013:15:05:37 -0400] "GET /images/banner2.jpg HTTP/1.1" 304 - "http://michaelbrandwein.com/yvideopreviews.html" "Mozilla/5.0 (compatible; MSIE 10.0; Windows NT 6.1; Trident/6.0)"
63.199.45.242 - - [19/Aug/2013:15:05:37 -0400] "GET /images/Key-note-excerpt-3100.jpg HTTP/1.1" 200 7338 "http://michaelbrandwein.com/yvideopreviews.html" "Mozilla/5.0 (compatible; MSIE 10.0; Windows NT 6.1; Trident/6.0)"
66.249.75.170 - - [19/Aug/2013:15:58:55 -0400] "GET /acomments/intlfoundemplbenplans.html HTTP/1.1" 200 11713 "-" "Mozilla/5.0 (iPhone; U; CPU iPhone OS 4_1 like Mac OS X; en-us) AppleWebKit/532.9 (KHTML, like Gecko) Version/4.0.5 Mobile/8B117 Safari/6531.22.7 (compatible; Googlebot-Mobile/2.1; +http://www.google.com/bot.html)"
208.115.111.72 - - [19/Aug/2013:16:48:10 -0400] "GET /robots.txt HTTP/1.1" 404 575 "-" "Mozilla/5.0 (compatible; Ezooms/1.0; ezooms.bot@gmail.com)"
69.156.50.80 - - [19/Aug/2013:17:10:54 -0400] "GET /graphics/homeyouth2.jpg HTTP/1.1" 200 18018 "http://www.michaelbrandwein.com/index.html" "Mozilla/5.0 (Macintosh; Intel Mac OS X 10_8_2) AppleWebKit/536.26.14 (KHTML, like Gecko) Version/6.0.1 Safari/536.26.14"
66.249.75.170 - - [19/Aug/2013:09:59:10 -0400] "GET /ytopics/camp/conferences/campsight.html HTTP/1.1" 304 - "-" "Mozilla/5.0 (compatible; Googlebot/2.1; +http://www.google.com/bot.html)"
123.125.68.179 - - [19/Aug/2013:10:21:01 -0400] "GET / HTTP/1.1" 200 5960 "http://www.baidu.com/s?wd=www.michaelbrandwein.com&rsv_bp=0&rsv_spt=3&rsv_n=2&inputT=38782" "Mozilla/5.0 (Windows NT 5.1; rv:6.0.2) Gecko/20100101 Firefox/6.0.2"
173.61.133.136 - - [19/Aug/2013:11:47:15 -0400] "GET /products/trainingterrificstaff_clip_image002.jpg HTTP/1.1" 200 10083 "http://thecampdirector.com/" "Mozilla/5.0 (Macintosh; Intel Mac OS X 10_6_8) AppleWebKit/534.59.8 (KHTML, like Gecko) Version/5.1.9 Safari/534.59.8"
157.55.35.79 - - [19/Aug/2013:05:03:27 -0400] "GET /robots.txt HTTP/1.1" 404 575 "-" "Mozilla/5.0 (compatible; bingbot/2.0; +http://www.bing.com/bingbot.htm)"
63.199.45.242 - - [19/Aug/2013:15:03:24 -0400] "GET / HTTP/1.1" 200 5960 "http://www.bing.com/search?q=michael+brandwein&src=IE-TopResult&FORM=IE10TR" "Mozilla/5.0 (compatible; MSIE 10.0; Windows NT 6.1; Trident/6.0)"
63.199.45.242 - - [19/Aug/2013:15:03:25 -0400] "GET /css/brandwein.css HTTP/1.1" 200 2167 "http://michaelbrandwein.com/" "Mozilla/5.0 (compatible; MSIE 10.0; Windows NT 6.1; Trident/6.0)"
63.199.45.242 - - [19/Aug/2013:15:03:25 -0400] "GET /graphics/bodyy.gif HTTP/1.1" 200 124 "http://michaelbrandwein.com/" "Mozilla/5.0 (compatible; MSIE 10.0; Windows NT 6.1; Trident/6.0)"
63.199.45.242 - - [19/Aug/2013:15:03:48 -0400] "GET /images/schools.jpg HTTP/1.1" 200 30229 "http://michaelbrandwein.com/yschools.html" "Mozilla/5.0 (compatible; MSIE 10.0; Windows NT 6.1; Trident/6.0)"
63.199.45.242 - - [19/Aug/2013:15:03:48 -0400] "GET /ysayings.txt HTTP/1.1" 304 - "http://michaelbrandwein.com/yschools.html" "Mozilla/5.0 (compatible; MSIE 10.0; Windows NT 6.1; Trident/6.0)"
75.184.18.222 - - [19/Aug/2013:16:26:15 -0400] "GET /presentations.html HTTP/1.1" 200 12384 "http://www.google.com/url?sa=t&rct=j&q=topics%20for%20business%20presentations&source=web&cd=1&ved=0CCoQFjAA&url=http%3A%2F%2Fwww.michaelbrandwein.com%2Fpresentations.html&ei=Y38SUsL0GKG4yQHAuIEw&usg=AFQjCNE8ZOJzjyds3xDmTTzj43s7X6aVRg&bvm=bv.50768961,d.dmg" "Mozilla/5.0 (compatible; MSIE 9.0; Windows NT 6.0; Trident/5.0)"
75.184.18.222 - - [19/Aug/2013:16:27:10 -0400] "GET /sayings.txt HTTP/1.1" 304 - "http://www.michaelbrandwein.com/presentations.html" "Mozilla/5.0 (compatible; MSIE 9.0; Windows NT 6.0; Trident/5.0)"
66.249.75.170 - - [19/Aug/2013:17:23:53 -0400] "GET /yproducts.html HTTP/1.1" 200 21362 "-" "Mozilla/5.0 (iPhone; U; CPU iPhone OS 4_1 like Mac OS X; en-us) AppleWebKit/532.9 (KHTML, like Gecko) Version/4.0.5 Mobile/8B117 Safari/6531.22.7 (compatible; Googlebot-Mobile/2.1; +http://www.google.com/bot.html)"
99.103.90.200 - - [19/Aug/2013:17:39:34 -0400] "GET /products/trainingterrificstaff_clip_image002.jpg HTTP/1.1" 200 10083 "http://thecampdirector.com/" "Mozilla/5.0 (Windows NT 6.2; WOW64) AppleWebKit/537.36 (KHTML, like Gecko) Chrome/28.0.1500.95 Safari/537.36"
118.149.245.60 - - [19/Aug/2013:19:06:42 -0400] "GET /products/superstaffsupervision_clip_image002.jpg HTTP/1.1" 200 9705 "http://thecampdirector.com/2011/12/19/summer-camp-jobs-from-the-american-camp-association-job-list-for-december-15-2011/" "Mozilla/4.0 (compatible; MSIE 7.0; Windows NT 6.0; GTB7.5; SLCC1; .NET CLR 2.0.50727; Media Center PC 5.0; .NET CLR 3.0.30618; .NET CLR 3.5.30729)"
118.149.245.60 - - [19/Aug/2013:19:06:43 -0400] "GET /products/learningleadership_clip_image002.jpg HTTP/1.1" 200 10525 "http://thecampdirector.com/2011/12/19/summer-camp-jobs-from-the-american-camp-association-job-list-for-december-15-2011/" "Mozilla/4.0 (compatible; MSIE 7.0; Windows NT 6.0; GTB7.5; SLCC1; .NET CLR 2.0.50727; Media Center PC 5.0; .NET CLR 3.0.30618; .NET CLR 3.5.30729)"
72.39.68.74 - - [19/Aug/2013:19:16:24 -0400] "GET /products/learningleadership_clip_image002.jpg HTTP/1.1" 200 10525 "http://thecampdirector.com/2010/02/12/mobile-apps-for-summer-camp-directors/" "Mozilla/5.0 (Macintosh; Intel Mac OS X 10_8_4) AppleWebKit/536.30.1 (KHTML, like Gecko) Version/6.0.5 Safari/536.30.1"
173.70.141.147 - - [19/Aug/2013:20:50:20 -0400] "GET /yschools.html HTTP/1.1" 200 20251 "-" "panscient.com"
173.70.141.147 - - [19/Aug/2013:20:50:23 -0400] "GET /ycampconferences.html HTTP/1.1" 200 16464 "-" "panscient.com"
173.70.141.147 - - [19/Aug/2013:20:50:24 -0400] "GET /Scripts/AC_ActiveX.js HTTP/1.1" 200 2057 "-" "panscient.com"
173.70.141.147 - - [19/Aug/2013:20:50:25 -0400] "GET /yclientcomments.html HTTP/1.1" 200 30240 "-" "panscient.com"
173.70.141.147 - - [19/Aug/2013:20:50:27 -0400] "GET /ypresentations.html HTTP/1.1" 200 13892 "-" "panscient.com"
173.70.141.147 - - [19/Aug/2013:20:50:28 -0400] "GET /youth.html HTTP/1.1" 200 14317 "-" "panscient.com"
173.70.141.147 - - [19/Aug/2013:20:50:30 -0400] "GET /yleadership.html HTTP/1.1" 200 12401 "-" "panscient.com"
173.70.141.147 - - [19/Aug/2013:20:50:31 -0400] "GET /Scripts/application/x-shockwave-flash.swf HTTP/1.1" 404 575 "-" "panscient.com"
173.70.141.147 - - [19/Aug/2013:20:51:17 -0400] "GET /ycomments/girlscoutsusaexecstaff.html HTTP/1.1" 200 11543 "-" "panscient.com"
173.70.141.147 - - [19/Aug/2013:20:51:18 -0400] "GET /ytopics/camp/conferences/intentionalcamppresenting.html HTTP/1.1" 200 10728 "-" "panscient.com"
173.70.141.147 - - [19/Aug/2013:20:51:19 -0400] "GET /ytopics/camp/conferences/supervisingstaff.html HTTP/1.1" 200 10552 "-" "panscient.com"
173.70.141.147 - - [19/Aug/2013:20:51:20 -0400] "GET /ytopics/camp/training/staff/improvtoimprove.html HTTP/1.1" 200 10722 "-" "panscient.com"
173.70.141.147 - - [19/Aug/2013:20:51:22 -0400] "GET /ytopics/schools/admin/timemanagement.html HTTP/1.1" 200 10989 "-" "panscient.com"
173.70.141.147 - - [19/Aug/2013:20:51:23 -0400] "GET /ytopics/camp/conferences/expresstrain.html HTTP/1.1" 200 10495 "-" "panscient.com"
173.70.141.147 - - [19/Aug/2013:20:51:24 -0400] "GET /ytopics/schools/keynotes/invisiblehandcuffs.html HTTP/1.1" 200 11150 "-" "panscient.com"
173.70.141.147 - - [19/Aug/2013:20:51:25 -0400] "GET /ytopics/schools/staffdev/laserbeam.html HTTP/1.1" 200 12535 "-" "panscient.com"
173.70.141.147 - - [19/Aug/2013:20:51:26 -0400] "GET /ytopics/camp/training/admin/superstaffsupervision.html HTTP/1.1" 200 10851 "-" "panscient.com"
173.70.141.147 - - [19/Aug/2013:20:51:27 -0400] "GET /videopreviews.html HTTP/1.1" 200 15840 "-" "panscient.com"
173.70.141.147 - - [19/Aug/2013:20:51:28 -0400] "GET /ytopics/camp/conferences/howtoteachresponsibility.html HTTP/1.1" 200 11074 "-" "panscient.com"
173.70.141.147 - - [19/Aug/2013:20:51:29 -0400] "GET /ytopics/schools/staffdev/magicofmightyminds.html HTTP/1.1" 200 11422 "-" "panscient.com"
173.70.141.147 - - [19/Aug/2013:20:51:30 -0400] "GET /ytopics/camp/training/staff/yesitsfunbut.html HTTP/1.1" 200 11328 "-" "panscient.com"
173.70.141.147 - - [19/Aug/2013:20:51:31 -0400] "GET /ytopics/camp/training/staff/topteaching.html HTTP/1.1" 200 11015 "-" "panscient.com"
173.70.141.147 - - [19/Aug/2013:20:51:32 -0400] "GET /ycomments/natlsmartstartearlychildhood.html HTTP/1.1" 200 11171 "-" "panscient.com"
173.70.141.147 - - [19/Aug/2013:20:51:34 -0400] "GET /atopics/valueofvaryingviews.html HTTP/1.1" 200 9023 "-" "panscient.com"
173.70.141.147 - - [19/Aug/2013:20:51:35 -0400] "GET /ytopics/camp/training/staff/dumpingtheds.html HTTP/1.1" 200 11388 "-" "panscient.com"
173.70.141.147 - - [19/Aug/2013:20:51:36 -0400] "GET /ytopics/leadership/sportsmanshipleadership.html HTTP/1.1" 200 11050 "-" "panscient.com"
173.70.141.147 - - [19/Aug/2013:20:51:37 -0400] "GET /ytopics/organizations/keynotes/invisiblehandcuffs.html HTTP/1.1" 200 11074 "-" "panscient.com"
173.70.141.147 - - [19/Aug/2013:20:51:40 -0400] "GET /atopics/tentruthsoftrust.html HTTP/1.1" 200 8856 "-" "panscient.com"
173.70.141.147 - - [19/Aug/2013:20:51:41 -0400] "GET /ycomments/headstartmwconf.html HTTP/1.1" 200 10714 "-" "panscient.com"
173.70.141.147 - - [19/Aug/2013:20:51:42 -0400] "GET /ytopics/schools/admin/superstaffsupervision.html HTTP/1.1" 200 11190 "-" "panscient.com"
173.70.141.147 - - [19/Aug/2013:20:51:43 -0400] "GET /ytopics/parents/seeingisbelieving.html HTTP/1.1" 200 10757 "-" "panscient.com"
173.70.141.147 - - [19/Aug/2013:20:51:44 -0400] "GET /ytopics/schools/parents/seeingisbelieving.html HTTP/1.1" 200 10900 "-" "panscient.com"
173.70.141.147 - - [19/Aug/2013:20:51:45 -0400] "GET /ytopics/camp/training/staff/whydontyoubehave.html HTTP/1.1" 200 12386 "-" "panscient.com"
173.70.141.147 - - [19/Aug/2013:20:51:46 -0400] "GET /yproductsnew.html HTTP/1.1" 200 21235 "-" "panscient.com"
173.70.141.147 - - [19/Aug/2013:20:51:47 -0400] "GET /ytopics/camp/conferences/campsight.html HTTP/1.1" 200 10641 "-" "panscient.com"
173.70.141.147 - - [19/Aug/2013:20:52:10 -0400] "GET /video/?MM_ComponentVersion=1&skinName=Halo_Skin_1&streamName=keynotesegment2&autoPlay=true&autoRewind=false HTTP/1.1" 403 660 "-" "panscient.com"
178.154.243.82 - - [19/Aug/2013:11:31:13 -0400] "GET /images/youthhome.jpg HTTP/1.1" 304 - "-" "Mozilla/5.0 (compatible; YandexImages/3.0; +http://yandex.com/bots)"
24.107.68.203 - - [19/Aug/2013:22:37:39 -0400] "GET /graphics/arrowup.gif HTTP/1.1" 200 84 "http://www.michaelbrandwein.com/ycamptraining.html" "Mozilla/5.0 (iPad; CPU OS 6_1_3 like Mac OS X) AppleWebKit/536.26 (KHTML, like Gecko) Version/6.0 Mobile/10B329 Safari/8536.25"
71.201.142.59 - - [19/Aug/2013:13:39:33 -0400] "GET /graphics/homeadult.jpg HTTP/1.1" 200 18635 "http://www.michaelbrandwein.com/" "Mozilla/5.0 (Windows NT 6.0; rv:23.0) Gecko/20100101 Firefox/23.0"
71.201.142.59 - - [19/Aug/2013:13:39:34 -0400] "GET /graphics/homeadult2.jpg HTTP/1.1" 200 19380 "http://www.michaelbrandwein.com/" "Mozilla/5.0 (Windows NT 6.0; rv:23.0) Gecko/20100101 Firefox/23.0"
14.99.54.87 - - [19/Aug/2013:03:29:42 -0400] "GET /graphics/hr2a.jpg HTTP/1.1" 200 8132 "http://www.michaelbrandwein.com/presentations.html" "Mozilla/5.0 (Windows NT 6.1) AppleWebKit/537.36 (KHTML, like Gecko) Chrome/28.0.1500.95 Safari/537.36"
14.99.54.87 - - [19/Aug/2013:03:29:43 -0400] "GET /sayings.txt HTTP/1.1" 200 6460 "http://www.michaelbrandwein.com/presentations.html" "Mozilla/5.0 (Windows NT 6.1) AppleWebKit/537.36 (KHTML, like Gecko) Chrome/28.0.1500.95 Safari/537.36"
218.213.136.237 - - [19/Aug/2013:05:58:40 -0400] "GET /youth.html HTTP/1.1" 200 14317 "-" "DoCoMo/2.0 P900i(c100;TB;W24H11) (compatible; ichiro/mobile goo;+http://search.goo.ne.jp/option/use/sub4/sub4-1/)"
218.213.136.237 - - [19/Aug/2013:05:58:40 -0400] "GET /adult.html HTTP/1.1" 200 13694 "-" "DoCoMo/2.0 P900i(c100;TB;W24H11) (compatible; ichiro/mobile goo;+http://search.goo.ne.jp/option/use/sub4/sub4-1/)"
108.186.4.18 - - [19/Aug/2013:07:23:14 -0400] "GET /participantcomments.html HTTP/1.0" 200 37033 "http://www.michaelbrandwein.com/participantcomments.html" "Opera/9.80 (Windows NT 6.1; U; ru) Presto/2.10.229 Version/11.64"
99.55.241.226 - - [19/Aug/2013:07:28:53 -0400] "GET /css/brandwein.css HTTP/1.1" 200 2167 "http://www.michaelbrandwein.com/" "Mozilla/5.0 (iPad; CPU OS 6_0_1 like Mac OS X) AppleWebKit/536.26 (KHTML, like Gecko) Version/6.0 Mobile/10A523 Safari/8536.25"
99.55.241.226 - - [19/Aug/2013:07:28:53 -0400] "GET /graphics/logoin.jpg HTTP/1.1" 200 14869 "http://www.michaelbrandwein.com/" "Mozilla/5.0 (iPad; CPU OS 6_0_1 like Mac OS X) AppleWebKit/536.26 (KHTML, like Gecko) Version/6.0 Mobile/10A523 Safari/8536.25"
99.55.241.226 - - [19/Aug/2013:07:28:53 -0400] "GET /graphics/bodyy.gif HTTP/1.1" 200 124 "http://www.michaelbrandwein.com/" "Mozilla/5.0 (iPad; CPU OS 6_0_1 like Mac OS X) AppleWebKit/536.26 (KHTML, like Gecko) Version/6.0 Mobile/10A523 Safari/8536.25"
99.55.241.226 - - [19/Aug/2013:07:28:53 -0400] "GET /graphics/homeadult2.jpg HTTP/1.1" 200 19380 "http://www.michaelbrandwein.com/" "Mozilla/5.0 (iPad; CPU OS 6_0_1 like Mac OS X) AppleWebKit/536.26 (KHTML, like Gecko) Version/6.0 Mobile/10A523 Safari/8536.25"
99.55.241.226 - - [19/Aug/2013:07:29:57 -0400] "GET /yschools.html HTTP/1.1" 200 20251 "http://www.michaelbrandwein.com/youth.html" "Mozilla/5.0 (iPad; CPU OS 6_0_1 like Mac OS X) AppleWebKit/536.26 (KHTML, like Gecko) Version/6.0 Mobile/10A523 Safari/8536.25"
170.185.172.19 - - [19/Aug/2013:08:44:02 -0400] "GET /products/superstaffsupervision_clip_image002.jpg HTTP/1.1" 200 9705 "http://thecampdirector.com/" "Mozilla/5.0 (compatible; MSIE 9.0; Windows NT 6.1; WOW64; Trident/5.0)"
63.199.45.242 - - [19/Aug/2013:15:03:25 -0400] "GET /graphics/homeyouth.jpg HTTP/1.1" 200 17174 "http://michaelbrandwein.com/" "Mozilla/5.0 (compatible; MSIE 10.0; Windows NT 6.1; Trident/6.0)"
63.199.45.242 - - [19/Aug/2013:15:03:25 -0400] "GET /graphics/homeadult2.jpg HTTP/1.1" 200 19380 "http://michaelbrandwein.com/" "Mozilla/5.0 (compatible; MSIE 10.0; Windows NT 6.1; Trident/6.0)"
63.199.45.242 - - [19/Aug/2013:15:03:27 -0400] "GET /graphics/homeyouth.jpg HTTP/1.1" 304 - "http://michaelbrandwein.com/" "Mozilla/5.0 (compatible; MSIE 10.0; Windows NT 6.1; Trident/6.0)"
208.115.111.72 - - [19/Aug/2013:01:06:57 -0400] "GET /robots.txt HTTP/1.1" 404 575 "-" "Mozilla/5.0 (compatible; Ezooms/1.0; ezooms.bot@gmail.com)"
123.151.43.83 - - [19/Aug/2013:10:22:33 -0400] "GET /css/brandwein.css HTTP/1.1" 200 2167 "http://michaelbrandwein.com/" "Mozilla/5.0 (compatible; Sosospider/2.0; +http://help.soso.com/webspider.htm)"
157.55.32.109 - - [19/Aug/2013:10:49:02 -0400] "GET /ytopics/camp/training/staff/improvtoimprove.html HTTP/1.1" 304 - "-" "Mozilla/5.0 (compatible; bingbot/2.0; +http://www.bing.com/bingbot.htm)"
66.249.75.170 - - [19/Aug/2013:12:13:49 -0400] "GET /ytopics/camp/training/admin/superstaffsupervision.html HTTP/1.1" 200 10851 "-" "SAMSUNG-SGH-E250/1.0 Profile/MIDP-2.0 Configuration/CLDC-1.1 UP.Browser/6.2.3.3.c.1.101 (GUI) MMP/2.0 (compatible; Googlebot-Mobile/2.1; +http://www.google.com/bot.html)"
98.221.104.83 - - [19/Aug/2013:13:10:52 -0400] "GET /Scripts/AC_ActiveX.js HTTP/1.1" 200 2057 "http://michaelbrandwein.com/yresources.html" "Mozilla/5.0 (compatible; MSIE 10.0; Windows NT 6.1; Trident/6.0; EIE10;ENUSWOL)"
98.221.104.83 - - [19/Aug/2013:13:10:52 -0400] "GET /graphics/logoin.jpg HTTP/1.1" 200 14869 "http://michaelbrandwein.com/yresources.html" "Mozilla/5.0 (compatible; MSIE 10.0; Windows NT 6.1; Trident/6.0; EIE10;ENUSWOL)"
98.221.104.83 - - [19/Aug/2013:13:10:52 -0400] "GET /graphics/arrowup.gif HTTP/1.1" 200 84 "http://michaelbrandwein.com/yresources.html" "Mozilla/5.0 (compatible; MSIE 10.0; Windows NT 6.1; Trident/6.0; EIE10;ENUSWOL)"
98.221.104.83 - - [19/Aug/2013:13:10:52 -0400] "GET /images/yresources_clip_image006.jpg HTTP/1.1" 200 8978 "http://michaelbrandwein.com/yresources.html" "Mozilla/5.0 (compatible; MSIE 10.0; Windows NT 6.1; Trident/6.0; EIE10;ENUSWOL)"
98.221.104.83 - - [19/Aug/2013:13:10:53 -0400] "GET /graphics/dot.gif HTTP/1.1" 200 114 "http://michaelbrandwein.com/yresources.html" "Mozilla/5.0 (compatible; MSIE 10.0; Windows NT 6.1; Trident/6.0; EIE10;ENUSWOL)"
157.55.35.79 - - [19/Aug/2013:05:06:18 -0400] "GET / HTTP/1.1" 200 5960 "-" "Mozilla/5.0 (compatible; bingbot/2.0; +http://www.bing.com/bingbot.htm)"
199.21.99.123 - - [19/Aug/2013:21:50:23 -0400] "GET / HTTP/1.1" 200 5960 "-" "Mozilla/5.0 (compatible; YandexBot/3.0; +http://yandex.com/bots)"
173.16.234.228 - - [19/Aug/2013:23:12:10 -0400] "GET /graphics/bodym.jpg HTTP/1.1" 200 28996 "http://www.michaelbrandwein.com/" "Mozilla/5.0 (Windows NT 6.1; WOW64; rv:23.0) Gecko/20100101 Firefox/23.0"
173.16.234.228 - - [19/Aug/2013:23:12:11 -0400] "GET /graphics/bhomeenter3.jpg HTTP/1.1" 404 575 "http://www.michaelbrandwein.com/" "Mozilla/5.0 (Windows NT 6.1; WOW64; rv:23.0) Gecko/20100101 Firefox/23.0"
173.16.234.228 - - [19/Aug/2013:23:12:12 -0400] "GET /youth.html HTTP/1.1" 200 14317 "http://www.michaelbrandwein.com/" "Mozilla/5.0 (Windows NT 6.1; WOW64; rv:23.0) Gecko/20100101 Firefox/23.0"
173.16.234.228 - - [19/Aug/2013:23:12:12 -0400] "GET /css/youth.css HTTP/1.1" 200 8470 "http://www.michaelbrandwein.com/youth.html" "Mozilla/5.0 (Windows NT 6.1; WOW64; rv:23.0) Gecko/20100101 Firefox/23.0"
173.16.234.228 - - [19/Aug/2013:23:12:12 -0400] "GET /graphics/dot.gif HTTP/1.1" 200 114 "http://www.michaelbrandwein.com/youth.html" "Mozilla/5.0 (Windows NT 6.1; WOW64; rv:23.0) Gecko/20100101 Firefox/23.0"
173.16.234.228 - - [19/Aug/2013:23:12:12 -0400] "GET /graphics/oval4.jpg HTTP/1.1" 200 13531 "http://www.michaelbrandwein.com/youth.html" "Mozilla/5.0 (Windows NT 6.1; WOW64; rv:23.0) Gecko/20100101 Firefox/23.0"
173.16.234.228 - - [19/Aug/2013:23:12:13 -0400] "GET /ysayings.txt HTTP/1.1" 200 6677 "http://www.michaelbrandwein.com/youth.html" "Mozilla/5.0 (Windows NT 6.1; WOW64; rv:23.0) Gecko/20100101 Firefox/23.0"
63.199.45.242 - - [19/Aug/2013:15:05:48 -0400] "GET /graphics/logoin.jpg HTTP/1.1" 304 - "http://michaelbrandwein.com/yclientlist.html" "Mozilla/5.0 (compatible; MSIE 10.0; Windows NT 6.1; Trident/6.0)"
180.206.205.145 - - [19/Aug/2013:15:14:12 -0400] "GET /products/superstaffsupervision_clip_image002.jpg HTTP/1.1" 200 9705 "http://thecampdirector.com/2009/09/20/what-do-you-teach-at-summer-camp/" "Mozilla/5.0 (iPad; CPU OS 5_1_1 like Mac OS X) AppleWebKit/534.46 (KHTML, like Gecko) Version/5.1 Mobile/9B206 Safari/7534.48.3"
220.181.51.220 - - [19/Aug/2013:15:29:02 -0400] "GET /video/keynotesegment4.ram HTTP/1.0" 200 52 "-" "Mozilla/4.0 (compatible; MSIE 6.0; Windows NT 5.1; SV1)"
108.34.165.139 - - [19/Aug/2013:15:36:32 -0400] "GET /graphics/hry2.jpg HTTP/1.1" 200 305 "http://www.michaelbrandwein.com/ytopics/camp/training/staff/campgames.html" "Mozilla/4.0 (compatible; MSIE 8.0; Windows NT 6.1; WOW64; Trident/4.0; SLCC2; .NET CLR 2.0.50727)"
108.34.165.139 - - [19/Aug/2013:15:36:32 -0400] "GET /graphics/dot.gif HTTP/1.1" 200 114 "http://www.michaelbrandwein.com/ytopics/camp/training/staff/campgames.html" "Mozilla/4.0 (compatible; MSIE 8.0; Windows NT 6.1; WOW64; Trident/4.0; SLCC2; .NET CLR 2.0.50727)"
150.70.64.211 - - [19/Aug/2013:16:29:09 -0400] "GET /atopics/sayings.txt HTTP/1.0" 200 6460 "-" "Mozilla/4.0 (compatible; MSIE 6.0; Windows NT 5.1)"
54.236.213.208 - - [19/Aug/2013:16:35:30 -0400] "GET / HTTP/1.1" 200 5960 "-" "-"
64.125.175.43 - - [19/Aug/2013:11:04:02 -0400] "GET /graphics/arrowup.gif HTTP/1.1" 200 84 "http://www.michaelbrandwein.com/yleadership.html" "Mozilla/5.0 (compatible; MSIE 9.0; Windows NT 6.1; WOW64; Trident/5.0)"
72.30.198.51 - - [19/Aug/2013:18:26:16 -0400] "GET /graphics/homeyouth.jpg HTTP/1.1" 200 17174 "http://michaelbrandwein.com/" "Mozilla/5.0 (compatible; Yahoo! Slurp/3.0; http://help.yahoo.com/help/us/ysearch/slurp) NOT Firefox/3.5"
72.30.198.51 - - [19/Aug/2013:18:26:16 -0400] "GET /graphics/homeyouth2.jpg HTTP/1.1" 200 18018 "http://michaelbrandwein.com/" "Mozilla/5.0 (compatible; Yahoo! Slurp/3.0; http://help.yahoo.com/help/us/ysearch/slurp) NOT Firefox/3.5"
173.70.141.147 - - [19/Aug/2013:20:53:50 -0400] "GET /ytopics/organizations/supervise/motivatingcommunication.html HTTP/1.1" 200 11252 "-" "panscient.com"
173.70.141.147 - - [19/Aug/2013:20:53:51 -0400] "GET /ytopics/camp/conferences/teachingstuffthatsticks.html HTTP/1.1" 200 10600 "-" "panscient.com"
173.70.141.147 - - [19/Aug/2013:20:53:52 -0400] "GET /ytopics/camp/conferences/cdos.html HTTP/1.1" 200 10479 "-" "panscient.com"
173.70.141.147 - - [19/Aug/2013:20:53:53 -0400] "GET /ytopics/leadership/uploadingourbrain.html HTTP/1.1" 200 11503 "-" "panscient.com"
173.70.141.147 - - [19/Aug/2013:20:53:54 -0400] "GET /ytopics/camp/conferences/topteaching.html HTTP/1.1" 200 10724 "-" "panscient.com"
173.70.141.147 - - [19/Aug/2013:20:53:55 -0400] "GET /ytopics/leadership/ysayings.txt HTTP/1.1" 200 6677 "-" "panscient.com"
173.70.141.147 - - [19/Aug/2013:20:53:56 -0400] "GET /ytopics/camp/training/session/leadershipteamtraining.html HTTP/1.1" 200 10559 "-" "panscient.com"
173.70.141.147 - - [19/Aug/2013:20:53:58 -0400] "GET /ytopics/schools/admin/laserbeam.html HTTP/1.1" 200 11810 "-" "panscient.com"
173.70.141.147 - - [19/Aug/2013:20:53:59 -0400] "GET /ytopics/organizations/supervise/laserbeam.html HTTP/1.1" 200 11827 "-" "panscient.com"
173.70.141.147 - - [19/Aug/2013:20:54:00 -0400] "GET /ytopics/organizations/supervise/deathofmeaninglessmeetings.html HTTP/1.1" 200 11542 "-" "panscient.com"
173.70.141.147 - - [19/Aug/2013:20:54:01 -0400] "GET /ytopics/organizations/supervise/superstaffsupervision.html HTTP/1.1" 200 11279 "-" "panscient.com"
173.70.141.147 - - [19/Aug/2013:20:54:02 -0400] "GET /ytopics/camp/training/admin/cdos.html HTTP/1.1" 200 10625 "-" "panscient.com"
173.70.141.147 - - [19/Aug/2013:20:54:03 -0400] "GET /ycamptraining.html HTTP/1.1" 200 16427 "-" "panscient.com"
173.70.141.147 - - [19/Aug/2013:20:54:04 -0400] "GET /ytopics/camp/conferences/manualdexterity.html HTTP/1.1" 200 10402 "-" "panscient.com"
173.70.141.147 - - [19/Aug/2013:20:54:05 -0400] "GET /ytopics/camp/training/staff/campgames.html HTTP/1.1" 200 10823 "-" "panscient.com"
173.70.141.147 - - [19/Aug/2013:20:54:06 -0400] "GET /ytopics/camp/conferences/superstaffsupervision.html HTTP/1.1" 200 10705 "-" "panscient.com"
173.70.141.147 - - [19/Aug/2013:20:54:07 -0400] "GET /ytopics/camp/conferences/tellmemore.html HTTP/1.1" 200 10751 "-" "panscient.com"
173.70.141.147 - - [19/Aug/2013:20:54:08 -0400] "GET /ytopics/camp/conferences/timemanagement.html HTTP/1.1" 200 10548 "-" "panscient.com"
173.70.141.147 - - [19/Aug/2013:20:54:09 -0400] "GET /ytopics/camp/training/staff/ysayings.txt HTTP/1.1" 200 6677 "-" "panscient.com"
173.70.141.147 - - [19/Aug/2013:20:54:10 -0400] "GET /ytopics/organizations/supervise/timemanagement.html HTTP/1.1" 200 11044 "-" "panscient.com"
173.70.141.147 - - [19/Aug/2013:20:54:12 -0400] "GET /ytopics/camp/training/session/stafftraining.html HTTP/1.1" 200 10559 "-" "panscient.com"
173.70.141.147 - - [19/Aug/2013:20:54:13 -0400] "GET /ytopics/camp/training/admin/theresaspecialist.html HTTP/1.1" 200 10905 "-" "panscient.com"
173.70.141.147 - - [19/Aug/2013:20:54:14 -0400] "GET /ytopics/camp/conferences/howtoteachresponsibility.html HTTP/1.1" 200 11074 "-" "panscient.com"
173.70.141.147 - - [19/Aug/2013:20:54:15 -0400] "GET /youth.html HTTP/1.1" 200 14317 "-" "panscient.com"
173.70.141.147 - - [19/Aug/2013:20:54:16 -0400] "GET /atopics/superstaffsupervision.html HTTP/1.1" 200 8972 "-" "panscient.com"
173.70.141.147 - - [19/Aug/2013:20:54:17 -0400] "GET /ytopics/schools/staffdev/helpingyoungpeople.html HTTP/1.1" 200 11282 "-" "panscient.com"
173.70.141.147 - - [19/Aug/2013:20:54:18 -0400] "GET /yorganizations.html HTTP/1.1" 200 19737 "-" "panscient.com"
173.70.141.147 - - [19/Aug/2013:20:54:19 -0400] "GET /atopics/supervisingservicesuccess.html HTTP/1.1" 200 8886 "-" "panscient.com"
173.70.141.147 - - [19/Aug/2013:20:54:20 -0400] "GET /ytopics/camp/training/staff/talkingitout.html HTTP/1.1" 200 11583 "-" "panscient.com"
173.70.141.147 - - [19/Aug/2013:20:54:21 -0400] "GET /ytopics/camp/training/staff/largegroupleadership.html HTTP/1.1" 200 10745 "-" "panscient.com"
173.70.141.147 - - [19/Aug/2013:20:54:23 -0400] "GET /ytopics/organizations/keynotes/leadingsecrets.html HTTP/1.1" 200 11257 "-" "panscient.com"
173.70.141.147 - - [19/Aug/2013:20:54:24 -0400] "GET /ytopics/leadership/bornleader.html HTTP/1.1" 200 11122 "-" "panscient.com"
173.70.141.147 - - [19/Aug/2013:20:54:25 -0400] "GET /atopics/managingvolunteers.html HTTP/1.1" 200 8896 "-" "panscient.com"
173.70.141.147 - - [19/Aug/2013:20:54:26 -0400] "GET /ytopics/camp/conferences/solidsolutions.html HTTP/1.1" 404 575 "-" "panscient.com"
173.16.234.228 - - [19/Aug/2013:23:12:10 -0400] "GET /graphics/bodya.gif HTTP/1.1" 200 131 "http://www.michaelbrandwein.com/" "Mozilla/5.0 (Windows NT 6.1; WOW64; rv:23.0) Gecko/20100101 Firefox/23.0"
173.16.234.228 - - [19/Aug/2013:23:12:12 -0400] "GET /images/youthhome.jpg HTTP/1.1" 200 15371 "http://www.michaelbrandwein.com/youth.html" "Mozilla/5.0 (Windows NT 6.1; WOW64; rv:23.0) Gecko/20100101 Firefox/23.0"
208.115.113.88 - - [19/Aug/2013:07:53:49 -0400] "GET /ytopics/camp/conferences/campsight.html HTTP/1.1" 200 10641 "-" "Mozilla/5.0 (compatible; Ezooms/1.0; ezooms.bot@gmail.com)"
66.249.75.94 - - [19/Aug/2013:08:53:21 -0400] "GET / HTTP/1.1" 200 5960 "-" "SAMSUNG-SGH-E250/1.0 Profile/MIDP-2.0 Configuration/CLDC-1.1 UP.Browser/6.2.3.3.c.1.101 (GUI) MMP/2.0 (compatible; Googlebot-Mobile/2.1; +http://www.google.com/bot.html)"
99.25.32.96 - - [19/Aug/2013:01:19:55 -0400] "GET /products/learningleadership_clip_image002.jpg HTTP/1.1" 200 10525 "http://thecampdirector.com/" "Mozilla/5.0 (Macintosh; Intel Mac OS X 10_8_4) AppleWebKit/537.36 (KHTML, like Gecko) Chrome/28.0.1500.95 Safari/537.36"
69.156.50.80 - - [19/Aug/2013:13:17:47 -0400] "GET /graphics/homeyouth.jpg HTTP/1.1" 200 17174 "http://www.michaelbrandwein.com/" "Mozilla/5.0 (Macintosh; Intel Mac OS X 10_8_2) AppleWebKit/536.26.14 (KHTML, like Gecko) Version/6.0.1 Safari/536.26.14"
66.249.75.170 - - [19/Aug/2013:14:23:02 -0400] "GET /presentations.html HTTP/1.1" 200 12384 "-" "Mozilla/5.0 (compatible; Googlebot/2.1; +http://www.google.com/bot.html)"
66.249.75.170 - - [19/Aug/2013:03:53:38 -0400] "GET /ytopics/camp/conferences/learningleadership.html HTTP/1.1" 304 - "-" "Mozilla/5.0 (iPhone; U; CPU iPhone OS 4_1 like Mac OS X; en-us) AppleWebKit/532.9 (KHTML, like Gecko) Version/4.0.5 Mobile/8B117 Safari/6531.22.7 (compatible; Googlebot-Mobile/2.1; +http://www.google.com/bot.html)"
178.154.162.29 - - [19/Aug/2013:05:36:40 -0400] "GET / HTTP/1.1" 200 5960 "-" "Mozilla/5.0 (compatible; YandexBot/3.0; +http://yandex.com/bots)"
170.185.172.19 - - [19/Aug/2013:08:44:02 -0400] "GET /products/learningleadership_clip_image002.jpg HTTP/1.1" 200 10525 "http://thecampdirector.com/" "Mozilla/5.0 (compatible; MSIE 9.0; Windows NT 6.1; WOW64; Trident/5.0)"
66.249.75.170 - - [19/Aug/2013:10:15:44 -0400] "GET / HTTP/1.1" 200 5960 "-" "Mozilla/5.0 (iPhone; U; CPU iPhone OS 4_1 like Mac OS X; en-us) AppleWebKit/532.9 (KHTML, like Gecko) Version/4.0.5 Mobile/8B117 Safari/6531.22.7 (compatible; Googlebot-Mobile/2.1; +http://www.google.com/bot.html)"
63.199.45.242 - - [19/Aug/2013:15:03:25 -0400] "GET /graphics/bodya.gif HTTP/1.1" 200 131 "http://michaelbrandwein.com/" "Mozilla/5.0 (compatible; MSIE 10.0; Windows NT 6.1; Trident/6.0)"
75.184.18.222 - - [19/Aug/2013:16:26:59 -0400] "GET /graphics/logoin.jpg HTTP/1.1" 304 - "http://www.michaelbrandwein.com/atopics/workingsmarter.html" "Mozilla/5.0 (compatible; MSIE 9.0; Windows NT 6.0; Trident/5.0)"
70.34.144.114 - - [19/Aug/2013:16:44:41 -0400] "GET /yorganizations.html HTTP/1.1" 200 19737 "http://www.michaelbrandwein.com/youth.html" "Mozilla/5.0 (Windows NT 6.1; WOW64) AppleWebKit/537.36 (KHTML, like Gecko) Chrome/28.0.1500.95 Safari/537.36"
180.76.5.21 - - [19/Aug/2013:18:00:33 -0400] "GET /ytopics/schools/admin/cdos.html HTTP/1.1" 200 11132 "-" "Mozilla/5.0 (compatible; Baiduspider/2.0; +http://www.baidu.com/search/spider.html)"
125.18.12.86 - - [19/Aug/2013:01:58:20 -0400] "GET /images/banner2.jpg HTTP/1.1" 200 5488 "http://www.michaelbrandwein.com/presentations.html" "Mozilla/5.0 (Windows NT 6.1) AppleWebKit/537.35 (KHTML, like Gecko) Chrome/27.0.1444.3 Safari/537.35"
125.18.12.86 - - [19/Aug/2013:01:58:22 -0400] "GET /graphics/hr2a.jpg HTTP/1.1" 200 8132 "http://www.michaelbrandwein.com/presentations.html" "Mozilla/5.0 (Windows NT 6.1) AppleWebKit/537.35 (KHTML, like Gecko) Chrome/27.0.1444.3 Safari/537.35"
125.18.12.86 - - [19/Aug/2013:01:58:22 -0400] "GET /graphics/arrowup.gif HTTP/1.1" 200 84 "http://www.michaelbrandwein.com/presentations.html" "Mozilla/5.0 (Windows NT 6.1) AppleWebKit/537.35 (KHTML, like Gecko) Chrome/27.0.1444.3 Safari/537.35"
125.18.12.86 - - [19/Aug/2013:01:58:22 -0400] "GET /sayings.txt HTTP/1.1" 200 6460 "http://www.michaelbrandwein.com/presentations.html" "Mozilla/5.0 (Windows NT 6.1) AppleWebKit/537.35 (KHTML, like Gecko) Chrome/27.0.1444.3 Safari/537.35"
125.18.12.86 - - [19/Aug/2013:01:58:24 -0400] "GET /favicon.ico HTTP/1.1" 404 575 "-" "Mozilla/5.0 (Windows NT 6.1) AppleWebKit/537.35 (KHTML, like Gecko) Chrome/27.0.1444.3 Safari/537.35"
92.249.127.111 - - [19/Aug/2013:04:46:07 -0400] "GET /atopics/conflictcommunication.html HTTP/1.1" 200 8923 "http://www.bravica.mobi/ru/" "Mozilla/5.0 (compatible; news bot /2.1)"
95.24.161.46 - - [19/Aug/2013:05:40:27 -0400] "GET /images/banner2.jpg HTTP/1.1" 200 5488 "http://www.michaelbrandwein.com/ytopics/schools/staffdev/helpingyoungpeople.html" "Mozilla/4.0 (compatible; MSIE 6.0; Windows NT 5.1; SV1)"
88.190.57.92 - - [19/Aug/2013:06:28:03 -0400] "GET / HTTP/1.1" 200 5960 "-" "Mozilla/5.0 (X11; Linux x86_64) AppleWebKit/534.34 (KHTML, like Gecko) Qt/4.8.1 Safari/534.34"
193.106.136.50 - - [19/Aug/2013:07:35:36 -0400] "GET /atopics/conflictcommunication.html HTTP/1.1" 200 8923 "http://aztraf.pw/?az54461" "Mozilla/4.0 (compatible; MSIE 6.0; Windows NT 5.1; FREE; .NET CLR 1.1.4322)"
211.30.235.6 - - [19/Aug/2013:08:05:53 -0400] "GET /images/banner2.jpg HTTP/1.1" 200 5488 "http://www.michaelbrandwein.com/atopics/realtruth.html" "Mozilla/5.0 (iPhone; CPU iPhone OS 5_1_1 like Mac OS X) AppleWebKit/534.46 (KHTML, like Gecko) Version/5.1 Mobile/9B206 Safari/7534.48.3"
