157.55.35.79 - - [19/Aug/2013:14:47:30 -0400] "GET /robots.txt HTTP/1.1" 404 575 "-" "Mozilla/5.0 (compatible; bingbot/2.0; +http://www.bing.com/bingbot.htm)"
91.207.9.226 - - [19/Aug/2013:06:05:41 -0400] "GET /atopics/conflictcommunication.html HTTP/1.1" 200 8923 "http://www.lifeazart.com/" "Mozilla/4.0 (compatible; MSIE 6.0; Windows NT 5.1; Maxthon; .NET CLR 1.1.4322)"
99.55.241.226 - - [19/Aug/2013:07:28:53 -0400] "GET /graphics/homeyouth.jpg HTTP/1.1" 200 17174 "http://www.michaelbrandwein.com/" "Mozilla/5.0 (iPad; CPU OS 6_0_1 like Mac OS X) AppleWebKit/536.26 (KHTML, like Gecko) Version/6.0 Mobile/10A523 Safari/8536.25"
99.55.241.226 - - [19/Aug/2013:07:28:53 -0400] "GET /graphics/homeyouth2.jpg HTTP/1.1" 200 18018 "http://www.michaelbrandwein.com/" "Mozilla/5.0 (iPad; CPU OS 6_0_1 like Mac OS X) AppleWebKit/536.26 (KHTML, like Gecko) Version/6.0 Mobile/10A523 Safari/8536.25"
66.249.75.170 - - [19/Aug/2013:08:01:02 -0400] "GET /ytopics/leadership/bornleader.html HTTP/1.1" 304 - "-" "Mozilla/5.0 (iPhone; U; CPU iPhone OS 4_1 like Mac OS X; en-us) AppleWebKit/532.9 (KHTML, like Gecko) Version/4.0.5 Mobile/8B117 Safari/6531.22.7 (compatible; Googlebot-Mobile/2.1; +http://www.google.com/bot.html)"
64.125.175.43 - - [19/Aug/2013:11:04:02 -0400] "GET /yleadership.html HTTP/1.1" 200 12401 "http://www.google.com/url?sa=t&rct=j&q=leadership%20for%20young%20adults&source=web&cd=4&ved=0CE8QFjAD&url=http%3A%2F%2Fwww.michaelbrandwein.com%2Fyleadership.html&ei=bS8SUoTgPMrTrQeZvIDwCg&usg=AFQjCNEdM-ZoNRmjSpnSnkoD5VYOGFPrIA" "Mozilla/5.0 (compatible; MSIE 9.0; Windows NT 6.1; WOW64; Trident/5.0)"
64.125.175.43 - - [19/Aug/2013:11:04:02 -0400] "GET /graphics/logoin.jpg HTTP/1.1" 200 14869 "http://www.michaelbrandwein.com/yleadership.html" "Mozilla/5.0 (compatible; MSIE 9.0; Windows NT 6.1; WOW64; Trident/5.0)"
64.125.175.43 - - [19/Aug/2013:11:04:02 -0400] "GET /graphics/dot.gif HTTP/1.1" 200 114 "http://www.michaelbrandwein.com/yleadership.html" "Mozilla/5.0 (compatible; MSIE 9.0; Windows NT 6.1; WOW64; Trident/5.0)"
103.22.172.14 - - [19/Aug/2013:11:38:53 -0400] "GET /pdf/Business-Organizations%20Topics.pdf HTTP/1.1" 206 97613 "http://www.michaelbrandwein.com/pdf/Business-Organizations%20Topics.pdf" "Mozilla/5.0 (Windows NT 5.1) AppleWebKit/537.36 (KHTML, like Gecko) Chrome/28.0.1500.95 Safari/537.36"
63.199.45.242 - - [19/Aug/2013:15:03:25 -0400] "GET /graphics/homeadult.jpg HTTP/1.1" 200 18635 "http://michaelbrandwein.com/" "Mozilla/5.0 (compatible; MSIE 10.0; Windows NT 6.1; Trident/6.0)"
63.199.45.242 - - [19/Aug/2013:15:03:25 -0400] "GET /graphics/homeyouth2.jpg HTTP/1.1" 200 18018 "http://michaelbrandwein.com/" "Mozilla/5.0 (compatible; MSIE 10.0; Windows NT 6.1; Trident/6.0)"
63.199.45.242 - - [19/Aug/2013:15:05:36 -0400] "GET /yvideopreviews.html HTTP/1.1" 200 17732 "http://michaelbrandwein.com/yschools.html" "Mozilla/5.0 (compatible; MSIE 10.0; Windows NT 6.1; Trident/6.0)"
63.199.45.242 - - [19/Aug/2013:15:05:37 -0400] "GET /css/youth.css HTTP/1.1" 304 - "http://michaelbrandwein.com/yvideopreviews.html" "Mozilla/5.0 (compatible; MSIE 10.0; Windows NT 6.1; Trident/6.0)"
63.199.45.242 - - [19/Aug/2013:15:05:37 -0400] "GET /images/Key-note-excerpt-1100.jpg HTTP/1.1" 200 6430 "http://michaelbrandwein.com/yvideopreviews.html" "Mozilla/5.0 (compatible; MSIE 10.0; Windows NT 6.1; Trident/6.0)"
63.199.45.242 - - [19/Aug/2013:15:05:37 -0400] "GET /graphics/logo_real.gif HTTP/1.1" 200 575 "http://michaelbrandwein.com/yvideopreviews.html" "Mozilla/5.0 (compatible; MSIE 10.0; Windows NT 6.1; Trident/6.0)"
63.199.45.242 - - [19/Aug/2013:15:05:37 -0400] "GET /graphics/dot.gif HTTP/1.1" 304 - "http://michaelbrandwein.com/yvideopreviews.html" "Mozilla/5.0 (compatible; MSIE 10.0; Windows NT 6.1; Trident/6.0)"
208.115.113.88 - - [19/Aug/2013:15:48:06 -0400] "GET /ytopics/organizations/workdirectly/magicoffamilycommunication.html HTTP/1.1" 200 11004 "-" "Mozilla/5.0 (compatible; Ezooms/1.0; ezooms.bot@gmail.com)"
70.34.144.114 - - [19/Aug/2013:16:44:53 -0400] "GET /pdf/Youth%20Organization%20Topics.pdf HTTP/1.1" 200 175425 "http://www.michaelbrandwein.com/yorganizations.html" "Mozilla/5.0 (Windows NT 6.1; WOW64) AppleWebKit/537.36 (KHTML, like Gecko) Chrome/28.0.1500.95 Safari/537.36"
173.70.141.147 - - [19/Aug/2013:20:52:13 -0400] "GET /video/?MM_ComponentVersion=1&skinName=Halo_Skin_1&streamName=LLsegment2&autoPlay=true&autoRewind=false HTTP/1.1" 403 660 "-" "panscient.com"
173.70.141.147 - - [19/Aug/2013:20:52:20 -0400] "GET /video/?MM_ComponentVersion=1&skinName=Halo_Skin_1&streamName=keynotesegment5&autoPlay=true&autoRewind=false HTTP/1.1" 403 660 "-" "panscient.com"
78.169.224.205 - - [19/Aug/2013:04:48:45 -0400] "GET / HTTP/1.1" 200 5960 "-" "Mozilla/5.0 (compatible; Googlebot/2.1; +http://www.google.com/bot.html)"
66.249.75.94 - - [19/Aug/2013:05:58:20 -0400] "GET /index.html HTTP/1.1" 200 5960 "-" "DoCoMo/2.0 N905i(c100;TB;W24H16) (compatible; Googlebot-Mobile/2.1; +http://www.google.com/bot.html)"
208.115.113.88 - - [19/Aug/2013:15:48:07 -0400] "GET /ytopics/organizations/workdirectly/howtograbandkeepattention.html?e12bede0 HTTP/1.1" 200 11981 "-" "Mozilla/5.0 (compatible; Ezooms/1.0; ezooms.bot@gmail.com)"
72.30.198.51 - - [19/Aug/2013:18:26:16 -0400] "GET /graphics/homeadult.jpg HTTP/1.1" 200 18635 "http://michaelbrandwein.com/" "Mozilla/5.0 (compatible; Yahoo! Slurp/3.0; http://help.yahoo.com/help/us/ysearch/slurp) NOT Firefox/3.5"
72.30.198.51 - - [19/Aug/2013:18:26:16 -0400] "GET /graphics/homeadult2.jpg HTTP/1.1" 200 19380 "http://michaelbrandwein.com/" "Mozilla/5.0 (compatible; Yahoo! Slurp/3.0; http://help.yahoo.com/help/us/ysearch/slurp) NOT Firefox/3.5"
173.70.141.147 - - [19/Aug/2013:20:52:00 -0400] "GET /video/k2.html HTTP/1.1" 200 4026 "-" "panscient.com"
173.70.141.147 - - [19/Aug/2013:20:52:07 -0400] "GET /ytopics/camp/training/staff/buildingbetterchildren.html HTTP/1.1" 200 11593 "-" "panscient.com"
173.70.141.147 - - [19/Aug/2013:20:52:16 -0400] "GET /video/?MM_ComponentVersion=1&skinName=Halo_Skin_1&streamName=keynotesegment1&autoPlay=true&autoRewind=false HTTP/1.1" 403 660 "-" "panscient.com"
173.70.141.147 - - [19/Aug/2013:20:52:22 -0400] "GET /ytopics/organizations/workdirectly/campgames.html HTTP/1.1" 200 10834 "-" "panscient.com"
173.70.141.147 - - [19/Aug/2013:20:52:23 -0400] "GET /ytopics/schools/students/uploadingourbrain.html HTTP/1.1" 200 11683 "-" "panscient.com"
115.78.237.95 - - [19/Aug/2013:06:21:58 -0400] "GET /graphics/arrowup.gif HTTP/1.1" 200 84 "http://www.michaelbrandwein.com/presentations.html" "Mozilla/5.0 (Windows NT 5.1) AppleWebKit/535.2 (KHTML, like Gecko) Chrome/15.0.874.121 Safari/535.2"
208.115.111.72 - - [19/Aug/2013:08:46:17 -0400] "GET /robots.txt HTTP/1.1" 404 575 "-" "Mozilla/5.0 (compatible; Ezooms/1.0; ezooms.bot@gmail.com)"
99.25.32.96 - - [19/Aug/2013:22:31:31 -0400] "GET /products/superstaffsupervision_clip_image002.jpg HTTP/1.1" 200 9705 "http://thecampdirector.com/" "Mozilla/5.0 (Macintosh; Intel Mac OS X 10_8_4) AppleWebKit/537.36 (KHTML, like Gecko) Chrome/28.0.1500.95 Safari/537.36"
208.115.111.72 - - [19/Aug/2013:09:48:41 -0400] "GET /yvideopreviews.html HTTP/1.1" 200 17732 "-" "Mozilla/5.0 (compatible; Ezooms/1.0; ezooms.bot@gmail.com)"
199.21.99.123 - - [19/Aug/2013:13:04:59 -0400] "GET /robots.txt HTTP/1.1" 404 575 "-" "Mozilla/5.0 (compatible; YandexBot/3.0; +http://yandex.com/bots)"
122.172.241.210 - - [19/Aug/2013:10:32:27 -0400] "GET /presentations.html HTTP/1.1" 200 12384 "https://www.google.co.in/" "Mozilla/5.0 (Windows NT 5.1) AppleWebKit/537.36 (KHTML, like Gecko) Chrome/29.0.1547.57 Safari/537.36"
122.172.241.210 - - [19/Aug/2013:10:32:28 -0400] "GET /css/adult.css HTTP/1.1" 200 6290 "http://www.michaelbrandwein.com/presentations.html" "Mozilla/5.0 (Windows NT 5.1) AppleWebKit/537.36 (KHTML, like Gecko) Chrome/29.0.1547.57 Safari/537.36"
122.172.241.210 - - [19/Aug/2013:10:32:28 -0400] "GET /graphics/logoin.jpg HTTP/1.1" 200 14869 "http://www.michaelbrandwein.com/presentations.html" "Mozilla/5.0 (Windows NT 5.1) AppleWebKit/537.36 (KHTML, like Gecko) Chrome/29.0.1547.57 Safari/537.36"
122.172.241.210 - - [19/Aug/2013:10:32:29 -0400] "GET /graphics/dot.gif HTTP/1.1" 200 114 "http://www.michaelbrandwein.com/presentations.html" "Mozilla/5.0 (Windows NT 5.1) AppleWebKit/537.36 (KHTML, like Gecko) Chrome/29.0.1547.57 Safari/537.36"
103.22.172.14 - - [19/Aug/2013:11:37:33 -0400] "GET /css/adult.css HTTP/1.1" 200 6290 "http://www.michaelbrandwein.com/presentations.html" "Mozilla/5.0 (Windows NT 5.1) AppleWebKit/537.36 (KHTML, like Gecko) Chrome/28.0.1500.95 Safari/537.36"
103.22.172.14 - - [19/Aug/2013:11:37:34 -0400] "GET /graphics/logoin.jpg HTTP/1.1" 200 14869 "http://www.michaelbrandwein.com/presentations.html" "Mozilla/5.0 (Windows NT 5.1) AppleWebKit/537.36 (KHTML, like Gecko) Chrome/28.0.1500.95 Safari/537.36"
195.242.218.133 - - [19/Aug/2013:18:10:20 -0400] "GET /atopics/conflictcommunication.html HTTP/1.1" 200 8923 "http://en.winpm.ws/" "Mozilla/4.0 (compatible; MSIE 6.0; Windows NT 5.1; SV1; FunWebProducts; MRA 4.6 (build 01425); .NET CLR 1.1.4322; .NET CLR 2.0.50727)"
118.149.245.60 - - [19/Aug/2013:19:06:42 -0400] "GET /products/trainingterrificstaff_clip_image002.jpg HTTP/1.1" 200 10083 "http://thecampdirector.com/2011/12/19/summer-camp-jobs-from-the-american-camp-association-job-list-for-december-15-2011/" "Mozilla/4.0 (compatible; MSIE 7.0; Windows NT 6.0; GTB7.5; SLCC1; .NET CLR 2.0.50727; Media Center PC 5.0; .NET CLR 3.0.30618; .NET CLR 3.5.30729)"
173.70.141.147 - - [19/Aug/2013:20:50:14 -0400] "GET /robots.txt HTTP/1.1" 404 575 "-" "panscient.com"
173.70.141.147 - - [19/Aug/2013:20:51:51 -0400] "GET /products/trainingterrificstaff.html HTTP/1.1" 200 14344 "-" "panscient.com"
173.70.141.147 - - [19/Aug/2013:20:51:53 -0400] "GET /clientcomments.html HTTP/1.1" 200 29967 "-" "panscient.com"
173.70.141.147 - - [19/Aug/2013:20:51:54 -0400] "GET /ytopics/camp/training/session/clinic.html HTTP/1.1" 200 10834 "-" "panscient.com"
173.70.141.147 - - [19/Aug/2013:20:52:34 -0400] "GET /ytopics/parents/ysayings.txt HTTP/1.1" 200 6677 "-" "panscient.com"
173.70.141.147 - - [19/Aug/2013:20:52:35 -0400] "GET /sayings.txt HTTP/1.1" 200 6460 "-" "panscient.com"
173.70.141.147 - - [19/Aug/2013:20:52:36 -0400] "GET /ytopics/organizations/workdirectly/magicofmightyminds.html HTTP/1.1" 200 11438 "-" "panscient.com"
173.70.141.147 - - [19/Aug/2013:20:52:37 -0400] "GET /products/learningleadership.html HTTP/1.1" 200 14996 "-" "panscient.com"
173.70.141.147 - - [19/Aug/2013:20:52:38 -0400] "GET /ytopics/organizations/keynotes/realtruth.html HTTP/1.1" 200 11367 "-" "panscient.com"
173.70.141.147 - - [19/Aug/2013:20:52:39 -0400] "GET /ytopics/camp/conferences/ysayings.txt HTTP/1.1" 200 6677 "-" "panscient.com"
173.70.141.147 - - [19/Aug/2013:20:52:41 -0400] "GET /ytopics/schools/staffdev/ysayings.txt HTTP/1.1" 200 6677 "-" "panscient.com"
173.70.141.147 - - [19/Aug/2013:20:52:42 -0400] "GET /ytopics/schools/parents/ysayings.txt HTTP/1.1" 200 6677 "-" "panscient.com"
173.70.141.147 - - [19/Aug/2013:20:52:43 -0400] "GET /ytopics/schools/keynotes/ysayings.txt HTTP/1.1" 200 6677 "-" "panscient.com"
173.70.141.147 - - [19/Aug/2013:20:52:44 -0400] "GET /ytopics/organizations/supervise/ysayings.txt HTTP/1.1" 200 6677 "-" "panscient.com"
173.70.141.147 - - [19/Aug/2013:20:52:45 -0400] "GET /ytopics/organizations/keynotes/ysayings.txt HTTP/1.1" 200 6677 "-" "panscient.com"
173.70.141.147 - - [19/Aug/2013:20:52:46 -0400] "GET /ytopics/organizations/workdirectly/ysayings.txt HTTP/1.1" 200 6677 "-" "panscient.com"
173.70.141.147 - - [19/Aug/2013:20:52:48 -0400] "GET /ytopics/organizations/supervise/deathofmeaninglessmeetings.html HTTP/1.1" 200 11542 "-" "panscient.com"
92.249.127.111 - - [19/Aug/2013:04:46:09 -0400] "GET /atopics/conflictcommunication.html HTTP/1.1" 200 8923 "http://www.bravica.mobi/ru/" "Mozilla/5.0 (compatible; news bot /2.1)"
128.68.19.57 - - [19/Aug/2013:05:57:44 -0400] "GET /ytopics/camp/conferences/campgames.html HTTP/1.1" 200 10752 "http://yandex.ru/yandsearch?text=www.michaelbrandwein.com&lr=213" "Mozilla/5.0 (Windows; U; Windows NT 5.1; ru; rv:1.9.2.12) Gecko/20101026 Firefox/3.6.12 YB/5.1.3"
63.199.45.242 - - [19/Aug/2013:15:03:39 -0400] "GET /graphics/logoin.jpg HTTP/1.1" 304 - "http://michaelbrandwein.com/youth.html" "Mozilla/5.0 (compatible; MSIE 10.0; Windows NT 6.1; Trident/6.0)"
63.199.45.242 - - [19/Aug/2013:15:03:39 -0400] "GET /graphics/oval6.jpg HTTP/1.1" 200 3369 "http://michaelbrandwein.com/youth.html" "Mozilla/5.0 (compatible; MSIE 10.0; Windows NT 6.1; Trident/6.0)"
63.199.45.242 - - [19/Aug/2013:15:03:39 -0400] "GET /graphics/oval4.jpg HTTP/1.1" 200 13531 "http://michaelbrandwein.com/youth.html" "Mozilla/5.0 (compatible; MSIE 10.0; Windows NT 6.1; Trident/6.0)"
63.199.45.242 - - [19/Aug/2013:15:05:48 -0400] "GET /graphics/hry2.jpg HTTP/1.1" 304 - "http://michaelbrandwein.com/yclientlist.html" "Mozilla/5.0 (compatible; MSIE 10.0; Windows NT 6.1; Trident/6.0)"
70.167.19.146 - - [19/Aug/2013:15:37:10 -0400] "GET /ytopics/camp/training/staff/howtoteachresponsibility.html HTTP/1.1" 200 11163 "http://www.michaelbrandwein.com/ycamptraining.html" "Mozilla/4.0 (compatible; MSIE 8.0; Windows NT 6.1; WOW64; Trident/4.0; SLCC2; .NET CLR 2.0.50727)"
75.184.18.222 - - [19/Aug/2013:16:26:16 -0400] "GET /graphics/hr2a.jpg HTTP/1.1" 200 8132 "http://www.michaelbrandwein.com/presentations.html" "Mozilla/5.0 (compatible; MSIE 9.0; Windows NT 6.0; Trident/5.0)"
65.55.215.248 - - [19/Aug/2013:16:27:21 -0400] "GET /bionormal.html HTTP/1.1" 200 10798 "-" "Mozilla/4.0 (compatible; MSIE 7.0; Windows NT 5.2; SV1; .NET CLR 1.1.4325; .NET CLR 2.0.50727; .NET CLR 3.0.04506.648)"
65.55.215.248 - - [19/Aug/2013:16:27:22 -0400] "GET /css/adult.css HTTP/1.1" 200 6290 "http://www.michaelbrandwein.com/bionormal.html" "Mozilla/4.0 (compatible; MSIE 7.0; Windows NT 5.2; SV1; .NET CLR 1.1.4325; .NET CLR 2.0.50727; .NET CLR 3.0.04506.648)"
65.55.215.248 - - [19/Aug/2013:16:27:25 -0400] "GET /sayings.txt HTTP/1.1" 200 6460 "http://www.michaelbrandwein.com/bionormal.html" "Mozilla/4.0 (compatible; MSIE 7.0; Windows NT 5.2; SV1; .NET CLR 1.1.4325; .NET CLR 2.0.50727; .NET CLR 3.0.04506.648)"
70.34.144.114 - - [19/Aug/2013:16:44:25 -0400] "GET /youth.html HTTP/1.1" 200 14317 "http://www.michaelbrandwein.com/" "Mozilla/5.0 (Windows NT 6.1; WOW64) AppleWebKit/537.36 (KHTML, like Gecko) Chrome/28.0.1500.95 Safari/537.36"
70.34.144.114 - - [19/Aug/2013:16:44:25 -0400] "GET /graphics/hry2.jpg HTTP/1.1" 200 305 "http://www.michaelbrandwein.com/youth.html" "Mozilla/5.0 (Windows NT 6.1; WOW64) AppleWebKit/537.36 (KHTML, like Gecko) Chrome/28.0.1500.95 Safari/537.36"
70.34.144.114 - - [19/Aug/2013:16:44:25 -0400] "GET /graphics/oval1.jpg HTTP/1.1" 200 14070 "http://www.michaelbrandwein.com/youth.html" "Mozilla/5.0 (Windows NT 6.1; WOW64) AppleWebKit/537.36 (KHTML, like Gecko) Chrome/28.0.1500.95 Safari/537.36"
70.34.144.114 - - [19/Aug/2013:16:44:26 -0400] "GET /graphics/oval2.jpg HTTP/1.1" 200 14082 "http://www.michaelbrandwein.com/youth.html" "Mozilla/5.0 (Windows NT 6.1; WOW64) AppleWebKit/537.36 (KHTML, like Gecko) Chrome/28.0.1500.95 Safari/537.36"
99.226.79.243 - - [19/Aug/2013:17:38:23 -0400] "GET /graphics/homeyouth.jpg HTTP/1.1" 200 17174 "http://www.michaelbrandwein.com/" "Mozilla/5.0 (Windows NT 6.1; WOW64) AppleWebKit/537.36 (KHTML, like Gecko) Chrome/28.0.1500.95 Safari/537.36"
99.226.79.243 - - [19/Aug/2013:17:38:23 -0400] "GET /graphics/homeadult2.jpg HTTP/1.1" 200 19380 "http://www.michaelbrandwein.com/" "Mozilla/5.0 (Windows NT 6.1; WOW64) AppleWebKit/537.36 (KHTML, like Gecko) Chrome/28.0.1500.95 Safari/537.36"
99.226.79.243 - - [19/Aug/2013:17:38:23 -0400] "GET /favicon.ico HTTP/1.1" 404 575 "-" "Mozilla/5.0 (Windows NT 6.1; WOW64) AppleWebKit/537.36 (KHTML, like Gecko) Chrome/28.0.1500.95 Safari/537.36"
99.55.241.226 - - [19/Aug/2013:07:29:21 -0400] "GET /images/youthhome.jpg HTTP/1.1" 200 15371 "http://www.michaelbrandwein.com/youth.html" "Mozilla/5.0 (iPad; CPU OS 6_0_1 like Mac OS X) AppleWebKit/536.26 (KHTML, like Gecko) Version/6.0 Mobile/10A523 Safari/8536.25"
99.55.241.226 - - [19/Aug/2013:07:29:21 -0400] "GET /graphics/oval2.jpg HTTP/1.1" 200 14082 "http://www.michaelbrandwein.com/youth.html" "Mozilla/5.0 (iPad; CPU OS 6_0_1 like Mac OS X) AppleWebKit/536.26 (KHTML, like Gecko) Version/6.0 Mobile/10A523 Safari/8536.25"
173.61.133.136 - - [19/Aug/2013:08:20:37 -0400] "GET /products/trainingterrificstaff_clip_image002.jpg HTTP/1.1" 200 10083 "http://thecampdirector.com/" "Mozilla/5.0 (Macintosh; Intel Mac OS X 10_6_8) AppleWebKit/534.59.8 (KHTML, like Gecko) Version/5.1.9 Safari/534.59.8"
180.76.5.158 - - [19/Aug/2013:01:08:28 -0400] "GET /ytopics/schools/staffdev/dumpingtheds.html HTTP/1.1" 200 11304 "-" "Mozilla/5.0 (compatible; Baiduspider/2.0; +http://www.baidu.com/search/spider.html)"
208.115.113.88 - - [19/Aug/2013:07:54:13 -0400] "GET /ytopics/organizations/workdirectly/magicoffamilycommunication.html HTTP/1.1" 200 11004 "-" "Mozilla/5.0 (compatible; Ezooms/1.0; ezooms.bot@gmail.com)"
63.199.45.242 - - [19/Aug/2013:15:03:48 -0400] "GET /graphics/arrowup.gif HTTP/1.1" 200 84 "http://michaelbrandwein.com/yschools.html" "Mozilla/5.0 (compatible; MSIE 10.0; Windows NT 6.1; Trident/6.0)"
208.115.113.88 - - [19/Aug/2013:15:48:05 -0400] "GET /acomments/nyassochomesservaging.html HTTP/1.1" 200 8934 "-" "Mozilla/5.0 (compatible; Ezooms/1.0; ezooms.bot@gmail.com)"
70.34.144.114 - - [19/Aug/2013:16:44:19 -0400] "GET /graphics/homeyouth.jpg HTTP/1.1" 200 17174 "http://www.michaelbrandwein.com/" "Mozilla/5.0 (Windows NT 6.1; WOW64) AppleWebKit/537.36 (KHTML, like Gecko) Chrome/28.0.1500.95 Safari/537.36"
70.34.144.114 - - [19/Aug/2013:16:44:20 -0400] "GET /graphics/bhomeenter3.jpg HTTP/1.1" 404 575 "http://www.michaelbrandwein.com/" "Mozilla/5.0 (Windows NT 6.1; WOW64) AppleWebKit/537.36 (KHTML, like Gecko) Chrome/28.0.1500.95 Safari/537.36"
24.16.244.129 - - [19/Aug/2013:21:13:32 -0400] "GET /products/learningleadership_clip_image002.jpg HTTP/1.1" 200 10525 "http://thecampdirector.com/2011/08/31/summer-camp-jobs-from-the-american-camp-association-job-list-for-september-1-2011/" "Mozilla/5.0 (Windows NT 6.1; WOW64; rv:23.0) Gecko/20100101 Firefox/23.0"
173.16.234.228 - - [19/Aug/2013:23:12:10 -0400] "GET /graphics/homeyouth.jpg HTTP/1.1" 200 17174 "http://www.michaelbrandwein.com/" "Mozilla/5.0 (Windows NT 6.1; WOW64; rv:23.0) Gecko/20100101 Firefox/23.0"
173.16.234.228 - - [19/Aug/2013:23:12:12 -0400] "GET /images/facebook.jpg HTTP/1.1" 200 19424 "http://www.michaelbrandwein.com/youth.html" "Mozilla/5.0 (Windows NT 6.1; WOW64; rv:23.0) Gecko/20100101 Firefox/23.0"
173.16.234.228 - - [19/Aug/2013:23:12:12 -0400] "GET /graphics/oval6.jpg HTTP/1.1" 200 3369 "http://www.michaelbrandwein.com/youth.html" "Mozilla/5.0 (Windows NT 6.1; WOW64; rv:23.0) Gecko/20100101 Firefox/23.0"
173.16.234.228 - - [19/Aug/2013:23:12:18 -0400] "GET /images/yorganizations.jpg HTTP/1.1" 200 51509 "http://www.michaelbrandwein.com/yorganizations.html" "Mozilla/5.0 (Windows NT 6.1; WOW64; rv:23.0) Gecko/20100101 Firefox/23.0"
91.103.66.203 - - [19/Aug/2013:04:40:47 -0400] "GET /products/learningleadership_clip_image002.jpg%20 HTTP/1.1" 404 575 "http://thecampdirector.com/" "Mozilla/5.0 (Linux; U; Android 2.2; nl-nl; Desire_A8181 Build/FRF91) AppleWebKit/533.1 (KHTML, like Gecko) Version/4.0 Mobile Safari/533.1"
103.22.172.14 - - [19/Aug/2013:11:39:44 -0400] "GET /favicon.ico HTTP/1.1" 404 575 "-" "Mozilla/5.0 (Windows NT 5.1) AppleWebKit/537.36 (KHTML, like Gecko) Chrome/28.0.1500.95 Safari/537.36"
103.22.172.14 - - [19/Aug/2013:11:37:59 -0400] "GET /favicon.ico HTTP/1.1" 404 575 "-" "Mozilla/5.0 (Windows NT 5.1) AppleWebKit/537.36 (KHTML, like Gecko) Chrome/28.0.1500.95 Safari/537.36"
99.55.241.226 - - [19/Aug/2013:07:29:21 -0400] "GET /images/facebook.jpg HTTP/1.1" 200 19424 "http://www.michaelbrandwein.com/youth.html" "Mozilla/5.0 (iPad; CPU OS 6_0_1 like Mac OS X) AppleWebKit/536.26 (KHTML, like Gecko) Version/6.0 Mobile/10A523 Safari/8536.25"
99.55.241.226 - - [19/Aug/2013:07:29:21 -0400] "GET /graphics/oval6.jpg HTTP/1.1" 200 3369 "http://www.michaelbrandwein.com/youth.html" "Mozilla/5.0 (iPad; CPU OS 6_0_1 like Mac OS X) AppleWebKit/536.26 (KHTML, like Gecko) Version/6.0 Mobile/10A523 Safari/8536.25"
99.55.241.226 - - [19/Aug/2013:07:32:43 -0400] "GET /pdf/School%20Topics.pdf HTTP/1.1" 200 184939 "http://www.michaelbrandwein.com/yschools.html" "Mozilla/5.0 (iPad; CPU OS 6_0_1 like Mac OS X) AppleWebKit/536.26 (KHTML, like Gecko) Version/6.0 Mobile/10A523 Safari/8536.25"
66.249.75.170 - - [19/Aug/2013:19:56:44 -0400] "GET /ytopics/schools/admin/howtospeak.html HTTP/1.1" 304 - "-" "Mozilla/5.0 (iPhone; U; CPU iPhone OS 4_1 like Mac OS X; en-us) AppleWebKit/532.9 (KHTML, like Gecko) Version/4.0.5 Mobile/8B117 Safari/6531.22.7 (compatible; Googlebot-Mobile/2.1; +http://www.google.com/bot.html)"
173.70.141.147 - - [19/Aug/2013:20:54:27 -0400] "GET /ytopics/camp/conferences/theresaspecialist.html HTTP/1.1" 200 10775 "-" "panscient.com"
173.70.141.147 - - [19/Aug/2013:20:54:28 -0400] "GET /ytopics/parents/seeingisbelieving.html HTTP/1.1" 200 10757 "-" "panscient.com"
173.70.141.147 - - [19/Aug/2013:20:54:29 -0400] "GET /ysayings.txt HTTP/1.1" 200 6677 "-" "panscient.com"
173.70.141.147 - - [19/Aug/2013:20:54:30 -0400] "GET /ycampconferences.html HTTP/1.1" 200 16464 "-" "panscient.com"
173.70.141.147 - - [19/Aug/2013:20:54:31 -0400] "GET /ytopics/camp/conferences/intentionalcamppresenting.html HTTP/1.1" 200 10728 "-" "panscient.com"
173.70.141.147 - - [19/Aug/2013:20:54:32 -0400] "GET /ytopics/camp/training/staff/improvtoimprove.html HTTP/1.1" 200 10722 "-" "panscient.com"
173.70.141.147 - - [19/Aug/2013:20:54:33 -0400] "GET /ytopics/schools/admin/timemanagement.html HTTP/1.1" 200 10989 "-" "panscient.com"
173.70.141.147 - - [19/Aug/2013:20:54:34 -0400] "GET /ytopics/camp/conferences/expresstrain.html HTTP/1.1" 200 10495 "-" "panscient.com"
173.70.141.147 - - [19/Aug/2013:20:54:36 -0400] "GET /ytopics/schools/keynotes/invisiblehandcuffs.html HTTP/1.1" 200 11150 "-" "panscient.com"
173.70.141.147 - - [19/Aug/2013:20:54:37 -0400] "GET /ytopics/schools/staffdev/laserbeam.html HTTP/1.1" 200 12535 "-" "panscient.com"
173.70.141.147 - - [19/Aug/2013:20:54:38 -0400] "GET /ytopics/camp/training/admin/superstaffsupervision.html HTTP/1.1" 200 10851 "-" "panscient.com"
173.70.141.147 - - [19/Aug/2013:20:54:39 -0400] "GET /ytopics/schools/staffdev/magicofmightyminds.html HTTP/1.1" 200 11422 "-" "panscient.com"
173.70.141.147 - - [19/Aug/2013:20:54:40 -0400] "GET /ytopics/camp/training/staff/buildingbetterchildren.html HTTP/1.1" 200 11593 "-" "panscient.com"
173.70.141.147 - - [19/Aug/2013:20:54:41 -0400] "GET /ytopics/organizations/supervise/conflictcommunication.html HTTP/1.1" 200 11173 "-" "panscient.com"
173.70.141.147 - - [19/Aug/2013:20:54:42 -0400] "GET /ytopics/organizations/supervise/customerisalwaysbright.html HTTP/1.1" 200 11621 "-" "panscient.com"
173.70.141.147 - - [19/Aug/2013:20:54:43 -0400] "GET /ytopics/camp/training/staff/topteaching.html HTTP/1.1" 200 11015 "-" "panscient.com"
173.70.141.147 - - [19/Aug/2013:20:54:44 -0400] "GET /yleadership.html HTTP/1.1" 200 12401 "-" "panscient.com"
173.70.141.147 - - [19/Aug/2013:20:54:46 -0400] "GET /ytopics/schools/keynotes/ysayings.txt HTTP/1.1" 200 6677 "-" "panscient.com"
173.70.141.147 - - [19/Aug/2013:20:54:47 -0400] "GET /ytopics/camp/training/staff/yesitsfunbut.html HTTP/1.1" 200 11328 "-" "panscient.com"
173.70.141.147 - - [19/Aug/2013:20:54:48 -0400] "GET /ytopics/organizations/workdirectly/dumpingtheds.html HTTP/1.1" 200 11382 "-" "panscient.com"
173.70.141.147 - - [19/Aug/2013:20:54:49 -0400] "GET /atopics/realtruth.html HTTP/1.1" 200 9124 "-" "panscient.com"
173.70.141.147 - - [19/Aug/2013:20:54:50 -0400] "GET /ytopics/camp/training/staff/dumpingtheds.html HTTP/1.1" 200 11388 "-" "panscient.com"
173.70.141.147 - - [19/Aug/2013:20:54:51 -0400] "GET /ytopics/leadership/sportsmanshipleadership.html HTTP/1.1" 200 11050 "-" "panscient.com"
173.70.141.147 - - [19/Aug/2013:20:54:52 -0400] "GET /ytopics/organizations/keynotes/invisiblehandcuffs.html HTTP/1.1" 200 11074 "-" "panscient.com"
173.70.141.147 - - [19/Aug/2013:20:54:53 -0400] "GET /ytopics/schools/admin/superstaffsupervision.html HTTP/1.1" 200 11190 "-" "panscient.com"
173.70.141.147 - - [19/Aug/2013:20:54:54 -0400] "GET /ytopics/schools/parents/seeingisbelieving.html HTTP/1.1" 200 10900 "-" "panscient.com"
173.70.141.147 - - [19/Aug/2013:20:54:55 -0400] "GET /ytopics/camp/training/staff/whydontyoubehave.html HTTP/1.1" 200 12386 "-" "panscient.com"
173.70.141.147 - - [19/Aug/2013:20:54:56 -0400] "GET /ytopics/organizations/workdirectly/whydontyoubehave.html HTTP/1.1" 200 12397 "-" "panscient.com"
173.70.141.147 - - [19/Aug/2013:20:54:58 -0400] "GET /yproductsnew.html HTTP/1.1" 200 21235 "-" "panscient.com"
173.70.141.147 - - [19/Aug/2013:20:54:59 -0400] "GET /ytopics/camp/conferences/improvtoimprove.html HTTP/1.1" 200 10674 "-" "panscient.com"
173.70.141.147 - - [19/Aug/2013:20:55:00 -0400] "GET /ytopics/camp/conferences/terrifictrainingtechniques.html HTTP/1.1" 200 10814 "-" "panscient.com"
173.70.141.147 - - [19/Aug/2013:20:55:01 -0400] "GET /yschools.html HTTP/1.1" 200 20251 "-" "panscient.com"
173.70.141.147 - - [19/Aug/2013:20:55:02 -0400] "GET /ytopics/leadership/houdinisgreatestsecrets.html HTTP/1.1" 200 11371 "-" "panscient.com"
173.70.141.147 - - [19/Aug/2013:20:55:03 -0400] "GET /yparents.html HTTP/1.1" 200 11989 "-" "panscient.com"
173.70.141.147 - - [19/Aug/2013:20:55:04 -0400] "GET /ytopics/camp/conferences/campsight.html HTTP/1.1" 200 10641 "-" "panscient.com"
173.70.141.147 - - [19/Aug/2013:20:55:05 -0400] "GET /ytopics/camp/conferences/supervisingstaff.html HTTP/1.1" 200 10552 "-" "panscient.com"
173.70.141.147 - - [19/Aug/2013:20:55:06 -0400] "GET /bionormal.html HTTP/1.1" 200 10798 "-" "panscient.com"
173.70.141.147 - - [19/Aug/2013:20:55:07 -0400] "GET /ybionormal.html HTTP/1.1" 200 12648 "-" "panscient.com"
173.70.141.147 - - [19/Aug/2013:20:55:09 -0400] "GET /ytopics/schools/admin/howtospeak.html HTTP/1.1" 200 12290 "-" "panscient.com"
173.70.141.147 - - [19/Aug/2013:20:55:10 -0400] "GET /yclientcomments.html HTTP/1.1" 200 30240 "-" "panscient.com"
173.70.141.147 - - [19/Aug/2013:20:55:11 -0400] "GET /ycomments/natlsmartstartearlychildhood.html HTTP/1.1" 200 11171 "-" "panscient.com"
173.70.141.147 - - [19/Aug/2013:20:55:12 -0400] "GET /ycomments/headstartmwconf.html HTTP/1.1" 200 10714 "-" "panscient.com"
173.70.141.147 - - [19/Aug/2013:20:55:13 -0400] "GET /ytopics/organizations/supervise/managingvolunteers.html HTTP/1.1" 200 11165 "-" "panscient.com"
173.70.141.147 - - [19/Aug/2013:20:55:14 -0400] "GET /clientcomments.html HTTP/1.1" 200 29967 "-" "panscient.com"
98.221.104.83 - - [19/Aug/2013:13:10:52 -0400] "GET /graphics/hry2.jpg HTTP/1.1" 200 305 "http://michaelbrandwein.com/yresources.html" "Mozilla/5.0 (compatible; MSIE 10.0; Windows NT 6.1; Trident/6.0; EIE10;ENUSWOL)"
98.221.104.83 - - [19/Aug/2013:13:10:52 -0400] "GET /images/LL-excerpt-3-pics100.jpg HTTP/1.1" 200 7366 "http://michaelbrandwein.com/yresources.html" "Mozilla/5.0 (compatible; MSIE 10.0; Windows NT 6.1; Trident/6.0; EIE10;ENUSWOL)"
98.221.104.83 - - [19/Aug/2013:13:10:52 -0400] "GET /images/campcomp3.jpg HTTP/1.1" 200 50912 "http://michaelbrandwein.com/yresources.html" "Mozilla/5.0 (compatible; MSIE 10.0; Windows NT 6.1; Trident/6.0; EIE10;ENUSWOL)"
98.221.104.83 - - [19/Aug/2013:13:10:53 -0400] "GET /ysayings.txt HTTP/1.1" 200 6677 "http://michaelbrandwein.com/yresources.html" "Mozilla/5.0 (compatible; MSIE 10.0; Windows NT 6.1; Trident/6.0; EIE10;ENUSWOL)"
208.115.111.72 - - [19/Aug/2013:13:47:37 -0400] "GET /acomments/socap.html HTTP/1.1" 200 9000 "-" "Mozilla/5.0 (compatible; Ezooms/1.0; ezooms.bot@gmail.com)"
66.249.75.170 - - [19/Aug/2013:14:33:37 -0400] "GET /css/adult.css HTTP/1.1" 200 6290 "-" "Mozilla/5.0 (compatible; Googlebot/2.1; +http://www.google.com/bot.html)"
157.55.36.49 - - [19/Aug/2013:00:23:49 -0400] "GET /youth.html HTTP/1.1" 200 14317 "-" "Mozilla/5.0 (compatible; bingbot/2.0; +http://www.bing.com/bingbot.htm)"
67.173.6.55 - - [19/Aug/2013:15:02:26 -0400] "GET /products/trainingterrificstaff_clip_image002.jpg HTTP/1.1" 200 10083 "http://thecampdirector.com/" "Mozilla/5.0 (Macintosh; Intel Mac OS X 10_6_8) AppleWebKit/537.36 (KHTML, like Gecko) Chrome/28.0.1500.95 Safari/537.36"
67.173.6.55 - - [19/Aug/2013:15:02:26 -0400] "GET /products/learningleadership_clip_image002.jpg HTTP/1.1" 200 10525 "http://thecampdirector.com/" "Mozilla/5.0 (Macintosh; Intel Mac OS X 10_6_8) AppleWebKit/537.36 (KHTML, like Gecko) Chrome/28.0.1500.95 Safari/537.36"
157.55.35.79 - - [19/Aug/2013:03:14:13 -0400] "GET /ytopics/organizations/keynotes/ysayings.txt HTTP/1.1" 200 6677 "-" "Mozilla/5.0 (compatible; bingbot/2.0; +http://www.bing.com/bingbot.htm)"
115.254.79.227 - - [19/Aug/2013:04:48:17 -0400] "GET /graphics/hr2a.jpg HTTP/1.1" 200 8132 "http://www.michaelbrandwein.com/presentations.html" "Mozilla/4.0 (compatible; MSIE 8.0; Windows NT 5.1; Trident/4.0; InfoPath.3; .NET CLR 2.0.50727)"
115.254.79.227 - - [19/Aug/2013:04:48:18 -0400] "GET /favicon.ico HTTP/1.1" 404 575 "-" "Mozilla/4.0 (compatible; MSIE 8.0; Windows NT 5.1; Trident/4.0; InfoPath.3; .NET CLR 2.0.50727)"
27.55.220.29 - - [19/Aug/2013:04:55:28 -0400] "GET /css/adult.css HTTP/1.1" 200 6290 "http://www.michaelbrandwein.com/presentations.html" "Mozilla/5.0 (iPad; CPU OS 6_0_1 like Mac OS X) AppleWebKit/536.26 (KHTML, like Gecko) Version/6.0 Mobile/10A523 Safari/8536.25"
27.55.220.29 - - [19/Aug/2013:04:55:30 -0400] "GET /images/banner2.jpg HTTP/1.1" 200 5488 "http://www.michaelbrandwein.com/presentations.html" "Mozilla/5.0 (iPad; CPU OS 6_0_1 like Mac OS X) AppleWebKit/536.26 (KHTML, like Gecko) Version/6.0 Mobile/10A523 Safari/8536.25"
27.55.220.29 - - [19/Aug/2013:04:55:32 -0400] "GET /sayings.txt HTTP/1.1" 200 6460 "http://www.michaelbrandwein.com/presentations.html" "Mozilla/5.0 (iPad; CPU OS 6_0_1 like Mac OS X) AppleWebKit/536.26 (KHTML, like Gecko) Version/6.0 Mobile/10A523 Safari/8536.25"
66.249.75.170 - - [19/Aug/2013:05:36:51 -0400] "GET /ytopics/organizations/supervise/laserbeam.html HTTP/1.1" 200 11827 "-" "SAMSUNG-SGH-E250/1.0 Profile/MIDP-2.0 Configuration/CLDC-1.1 UP.Browser/6.2.3.3.c.1.101 (GUI) MMP/2.0 (compatible; Googlebot-Mobile/2.1; +http://www.google.com/bot.html)"
157.55.32.114 - - [19/Aug/2013:21:38:37 -0400] "GET /ytopics/leadership/sportsmanshipleadership.html HTTP/1.1" 200 11050 "-" "Mozilla/5.0 (compatible; bingbot/2.0; +http://www.bing.com/bingbot.htm)"
99.25.32.96 - - [19/Aug/2013:22:31:31 -0400] "GET /products/trainingterrificstaff_clip_image002.jpg HTTP/1.1" 200 10083 "http://thecampdirector.com/" "Mozilla/5.0 (Macintosh; Intel Mac OS X 10_8_4) AppleWebKit/537.36 (KHTML, like Gecko) Chrome/28.0.1500.95 Safari/537.36"
50.17.98.87 - - [19/Aug/2013:22:37:44 -0400] "GET /robots.txt HTTP/1.1" 404 575 "-" "Python-urllib/2.6"
71.201.142.59 - - [19/Aug/2013:13:40:26 -0400] "GET /ycamptraining.html HTTP/1.1" 200 16427 "http://www.michaelbrandwein.com/youth.html" "Mozilla/5.0 (Windows NT 6.0; rv:23.0) Gecko/20100101 Firefox/23.0"
71.201.142.59 - - [19/Aug/2013:13:40:26 -0400] "GET /images/ycamptraining.jpg HTTP/1.1" 200 50346 "http://www.michaelbrandwein.com/ycamptraining.html" "Mozilla/5.0 (Windows NT 6.0; rv:23.0) Gecko/20100101 Firefox/23.0"
99.55.241.226 - - [19/Aug/2013:07:28:53 -0400] "GET /graphics/bgwh.gif HTTP/1.1" 200 49 "http://www.michaelbrandwein.com/" "Mozilla/5.0 (iPad; CPU OS 6_0_1 like Mac OS X) AppleWebKit/536.26 (KHTML, like Gecko) Version/6.0 Mobile/10A523 Safari/8536.25"
66.249.75.170 - - [19/Aug/2013:05:36:51 -0400] "GET /robots.txt HTTP/1.1" 404 575 "-" "Mozilla/5.0 (compatible; Googlebot/2.1; +http://www.google.com/bot.html)"
95.24.161.46 - - [19/Aug/2013:05:40:27 -0400] "GET /graphics/hry2.jpg HTTP/1.1" 200 305 "http://www.michaelbrandwein.com/ytopics/schools/staffdev/helpingyoungpeople.html" "Mozilla/4.0 (compatible; MSIE 6.0; Windows NT 5.1; SV1)"
95.24.161.46 - - [19/Aug/2013:05:40:28 -0400] "GET /ytopics/schools/staffdev/ysayings.txt HTTP/1.1" 200 6677 "http://www.michaelbrandwein.com/ytopics/schools/staffdev/helpingyoungpeople.html" "Mozilla/4.0 (compatible; MSIE 6.0; Windows NT 5.1; SV1)"
63.199.45.242 - - [19/Aug/2013:15:03:39 -0400] "GET /graphics/arrow.gif HTTP/1.1" 200 942 "http://michaelbrandwein.com/youth.html" "Mozilla/5.0 (compatible; MSIE 10.0; Windows NT 6.1; Trident/6.0)"
180.206.205.145 - - [19/Aug/2013:15:14:12 -0400] "GET /products/learningleadership_clip_image002.jpg HTTP/1.1" 200 10525 "http://thecampdirector.com/2009/09/20/what-do-you-teach-at-summer-camp/" "Mozilla/5.0 (iPad; CPU OS 5_1_1 like Mac OS X) AppleWebKit/534.46 (KHTML, like Gecko) Version/5.1 Mobile/9B206 Safari/7534.48.3"
67.164.92.36 - - [19/Aug/2013:16:30:07 -0400] "GET /products/learningleadership_clip_image002.jpg HTTP/1.1" 200 10525 "http://thecampdirector.com/" "Mozilla/5.0 (Macintosh; Intel Mac OS X 10.6; rv:23.0) Gecko/20100101 Firefox/23.0"
173.236.21.106 - - [19/Aug/2013:09:08:56 -0400] "GET / HTTP/1.0" 200 5960 "-" "Mozilla/5.0 (compatible; MJ12bot/v1.4.3; http://www.majestic12.co.uk/bot.php?+)"
75.82.134.6 - - [19/Aug/2013:00:42:02 -0400] "GET /graphics/bgwh.gif HTTP/1.1" 200 49 "http://www.michaelbrandwein.com/" "Mozilla/5.0 (Windows NT 6.1; WOW64; rv:23.0) Gecko/20100101 Firefox/23.0"
75.82.134.6 - - [19/Aug/2013:00:42:02 -0400] "GET /graphics/bodyy.gif HTTP/1.1" 200 124 "http://www.michaelbrandwein.com/" "Mozilla/5.0 (Windows NT 6.1; WOW64; rv:23.0) Gecko/20100101 Firefox/23.0"
157.55.35.79 - - [19/Aug/2013:07:52:07 -0400] "GET /robots.txt HTTP/1.1" 404 575 "-" "Mozilla/5.0 (compatible; bingbot/2.0; +http://www.bing.com/bingbot.htm)"
65.51.179.190 - - [19/Aug/2013:08:37:32 -0400] "GET /products/learningleadership_clip_image002.jpg HTTP/1.1" 200 10525 "http://thecampdirector.com/2012/04/22/summer-camp-jobs-from-the-american-camp-association-job-list-for-april-15-2012/" "Mozilla/5.0 (Windows NT 5.1; rv:15.0) Gecko/20100101 Firefox/15.0"
63.199.45.242 - - [19/Aug/2013:15:03:25 -0400] "GET /graphics/bgwh.gif HTTP/1.1" 200 49 "http://michaelbrandwein.com/" "Mozilla/5.0 (compatible; MSIE 10.0; Windows NT 6.1; Trident/6.0)"
63.199.45.242 - - [19/Aug/2013:15:03:25 -0400] "GET /graphics/bodym.jpg HTTP/1.1" 200 28996 "http://michaelbrandwein.com/" "Mozilla/5.0 (compatible; MSIE 10.0; Windows NT 6.1; Trident/6.0)"
63.199.45.242 - - [19/Aug/2013:15:03:25 -0400] "GET /favicon.ico HTTP/1.1" 404 575 "-" "Mozilla/5.0 (compatible; MSIE 10.0; Windows NT 6.1; Trident/6.0)"
63.199.45.242 - - [19/Aug/2013:15:03:31 -0400] "GET /graphics/homeadult.jpg HTTP/1.1" 304 - "http://michaelbrandwein.com/" "Mozilla/5.0 (compatible; MSIE 10.0; Windows NT 6.1; Trident/6.0)"
63.199.45.242 - - [19/Aug/2013:15:03:39 -0400] "GET /graphics/hry2.jpg HTTP/1.1" 200 305 "http://michaelbrandwein.com/youth.html" "Mozilla/5.0 (compatible; MSIE 10.0; Windows NT 6.1; Trident/6.0)"
63.199.45.242 - - [19/Aug/2013:15:03:39 -0400] "GET /graphics/dot.gif HTTP/1.1" 200 114 "http://michaelbrandwein.com/youth.html" "Mozilla/5.0 (compatible; MSIE 10.0; Windows NT 6.1; Trident/6.0)"
63.199.45.242 - - [19/Aug/2013:15:03:39 -0400] "GET /graphics/oval3.jpg HTTP/1.1" 200 14255 "http://michaelbrandwein.com/youth.html" "Mozilla/5.0 (compatible; MSIE 10.0; Windows NT 6.1; Trident/6.0)"
63.199.45.242 - - [19/Aug/2013:15:03:39 -0400] "GET /favicon.ico HTTP/1.1" 404 575 "-" "Mozilla/5.0 (compatible; MSIE 10.0; Windows NT 6.1; Trident/6.0)"
157.55.32.109 - - [19/Aug/2013:15:52:41 -0400] "GET /ytopics/organizations/workdirectly/ysayings.txt HTTP/1.1" 200 6677 "-" "Mozilla/5.0 (compatible; bingbot/2.0; +http://www.bing.com/bingbot.htm)"
65.55.213.34 - - [19/Aug/2013:16:24:47 -0400] "GET /ytopics/camp/training/staff/howtoteachresponsibility.html HTTP/1.1" 200 11163 "-" "Mozilla/4.0 (compatible; MSIE 7.0; Windows NT 5.2; SV1; .NET CLR 1.1.4325; .NET CLR 2.0.40607; .NET CLR 3.0.30729; .NET CLR 3.5.30707; InfoPath.2)"
65.55.213.34 - - [19/Aug/2013:16:24:47 -0400] "GET /css/youth.css HTTP/1.1" 200 8470 "http://www.michaelbrandwein.com/ytopics/camp/training/staff/howtoteachresponsibility.html" "Mozilla/4.0 (compatible; MSIE 7.0; Windows NT 5.2; SV1; .NET CLR 1.1.4325; .NET CLR 2.0.40607; .NET CLR 3.0.30729; .NET CLR 3.5.30707; InfoPath.2)"
65.55.213.34 - - [19/Aug/2013:16:24:49 -0400] "GET /ytopics/camp/training/staff/ysayings.txt HTTP/1.1" 200 6677 "http://www.michaelbrandwein.com/ytopics/camp/training/staff/howtoteachresponsibility.html" "Mozilla/4.0 (compatible; MSIE 7.0; Windows NT 5.2; SV1; .NET CLR 1.1.4325; .NET CLR 2.0.40607; .NET CLR 3.0.30729; .NET CLR 3.5.30707; InfoPath.2)"
75.184.18.222 - - [19/Aug/2013:16:26:16 -0400] "GET /graphics/arrowup.gif HTTP/1.1" 200 84 "http://www.michaelbrandwein.com/presentations.html" "Mozilla/5.0 (compatible; MSIE 9.0; Windows NT 6.0; Trident/5.0)"
54.221.39.43 - - [19/Aug/2013:00:16:37 -0400] "GET / HTTP/1.1" 200 5960 "-" "Mozilla/5.0 (Windows; U; Windows NT 6.0; en-US; rv:1.9.2.3) Gecko/20100401 Firefox/3.6.3 GTB6 (.NET CLR 3.5.30729)"
208.115.113.88 - - [19/Aug/2013:23:59:30 -0400] "GET /ytopics/parents/whydontyoubehave.html HTTP/1.1" 200 12173 "-" "Mozilla/5.0 (compatible; Ezooms/1.0; ezooms.bot@gmail.com)"
27.55.220.29 - - [19/Aug/2013:04:55:30 -0400] "GET /graphics/arrowup.gif HTTP/1.1" 200 84 "http://www.michaelbrandwein.com/presentations.html" "Mozilla/5.0 (iPad; CPU OS 6_0_1 like Mac OS X) AppleWebKit/536.26 (KHTML, like Gecko) Version/6.0 Mobile/10A523 Safari/8536.25"
70.167.19.146 - - [19/Aug/2013:15:36:43 -0400] "GET /graphics/arrowup.gif HTTP/1.1" 200 84 "http://www.michaelbrandwein.com/ycamptraining.html" "Mozilla/4.0 (compatible; MSIE 8.0; Windows NT 6.1; WOW64; Trident/4.0; SLCC2; .NET CLR 2.0.50727)"
70.167.19.146 - - [19/Aug/2013:15:36:43 -0400] "GET /ysayings.txt HTTP/1.1" 200 6677 "http://www.michaelbrandwein.com/ycamptraining.html" "Mozilla/4.0 (compatible; MSIE 8.0; Windows NT 6.1; WOW64; Trident/4.0; SLCC2; .NET CLR 2.0.50727)"
70.34.144.114 - - [19/Aug/2013:16:44:25 -0400] "GET /images/youthhome.jpg HTTP/1.1" 200 15371 "http://www.michaelbrandwein.com/youth.html" "Mozilla/5.0 (Windows NT 6.1; WOW64) AppleWebKit/537.36 (KHTML, like Gecko) Chrome/28.0.1500.95 Safari/537.36"
70.34.144.114 - - [19/Aug/2013:16:44:53 -0400] "GET /pdf/Youth%20Organization%20Topics.pdf HTTP/1.1" 206 142657 "http://www.michaelbrandwein.com/pdf/Youth%20Organization%20Topics.pdf" "Mozilla/5.0 (Windows NT 6.1; WOW64) AppleWebKit/537.36 (KHTML, like Gecko) Chrome/28.0.1500.95 Safari/537.36"
70.34.144.114 - - [19/Aug/2013:16:44:53 -0400] "GET /favicon.ico HTTP/1.1" 404 575 "-" "Mozilla/5.0 (Windows NT 6.1; WOW64) AppleWebKit/537.36 (KHTML, like Gecko) Chrome/28.0.1500.95 Safari/537.36"
70.34.144.114 - - [19/Aug/2013:16:45:04 -0400] "GET /ycontact.html HTTP/1.1" 200 16303 "http://www.michaelbrandwein.com/yorganizations.html" "Mozilla/5.0 (Windows NT 6.1; WOW64) AppleWebKit/537.36 (KHTML, like Gecko) Chrome/28.0.1500.95 Safari/537.36"
70.34.144.114 - - [19/Aug/2013:16:45:04 -0400] "GET /ycontact.css HTTP/1.1" 200 133 "http://www.michaelbrandwein.com/ycontact.html" "Mozilla/5.0 (Windows NT 6.1; WOW64) AppleWebKit/537.36 (KHTML, like Gecko) Chrome/28.0.1500.95 Safari/537.36"
70.34.144.114 - - [19/Aug/2013:16:45:04 -0400] "GET /images/ycontact.jpg HTTP/1.1" 200 25687 "http://www.michaelbrandwein.com/ycontact.html" "Mozilla/5.0 (Windows NT 6.1; WOW64) AppleWebKit/537.36 (KHTML, like Gecko) Chrome/28.0.1500.95 Safari/537.36"
70.34.144.114 - - [19/Aug/2013:16:45:04 -0400] "GET /favicon.ico HTTP/1.1" 404 575 "-" "Mozilla/5.0 (Windows NT 6.1; WOW64) AppleWebKit/537.36 (KHTML, like Gecko) Chrome/28.0.1500.95 Safari/537.36"
198.228.200.166 - - [19/Aug/2013:17:49:19 -0400] "GET / HTTP/1.1" 200 5960 "-" "Mozilla/5.0 (iPhone; CPU iPhone OS 7_0 like Mac OS X) AppleWebKit/537.51.1 (KHTML, like Gecko) Version/7.0 Mobile/11A4449d Safari/9537.53"
198.228.200.166 - - [19/Aug/2013:17:49:19 -0400] "GET /css/brandwein.css HTTP/1.1" 200 2167 "http://michaelbrandwein.com/" "Mozilla/5.0 (iPhone; CPU iPhone OS 7_0 like Mac OS X) AppleWebKit/537.51.1 (KHTML, like Gecko) Version/7.0 Mobile/11A4449d Safari/9537.53"
101.174.188.52 - - [19/Aug/2013:00:18:05 -0400] "GET /images/banner2.jpg HTTP/1.1" 200 5488 "http://www.michaelbrandwein.com/presentations.html" "Mozilla/5.0 (Macintosh; Intel Mac OS X 10.8; rv:23.0) Gecko/20100101 Firefox/23.0"
157.55.35.79 - - [19/Aug/2013:14:50:48 -0400] "GET /ytopics/organizations/workdirectly/ivetoldyouathousandtimes.html HTTP/1.1" 200 11385 "-" "Mozilla/5.0 (compatible; bingbot/2.0; +http://www.bing.com/bingbot.htm)"
193.106.136.50 - - [19/Aug/2013:07:35:35 -0400] "GET /atopics/conflictcommunication.html HTTP/1.1" 200 8923 "http://aztraf.pw/?az54461" "Mozilla/4.0 (compatible; MSIE 6.0; Windows NT 5.1; FREE; .NET CLR 1.1.4322)"
66.249.75.170 - - [19/Aug/2013:11:39:27 -0400] "GET /products/trainingterrificstaff2.html HTTP/1.1" 200 14182 "-" "Mozilla/5.0 (compatible; Googlebot/2.1; +http://www.google.com/bot.html)"
71.193.4.31 - - [19/Aug/2013:04:09:59 -0400] "GET /products/trainingterrificstaff_clip_image002.jpg HTTP/1.1" 200 10083 "http://thecampdirector.com/2012/04/02/summer-camp-jobs-from-the-american-camp-association-job-list-for-april-1-2012/" "Mozilla/5.0 (Macintosh; Intel Mac OS X 10_5_8) AppleWebKit/534.50.2 (KHTML, like Gecko) Version/5.0.6 Safari/533.22.3"
66.249.75.94 - - [19/Aug/2013:05:58:20 -0400] "GET /robots.txt HTTP/1.1" 404 575 "-" "Mozilla/5.0 (compatible; Googlebot/2.1; +http://www.google.com/bot.html)"
63.199.45.242 - - [19/Aug/2013:15:03:25 -0400] "GET /graphics/logoin.jpg HTTP/1.1" 200 14869 "http://michaelbrandwein.com/" "Mozilla/5.0 (compatible; MSIE 10.0; Windows NT 6.1; Trident/6.0)"
63.199.45.242 - - [19/Aug/2013:15:03:25 -0400] "GET /graphics/bhomeenter3.jpg HTTP/1.1" 404 575 "http://michaelbrandwein.com/" "Mozilla/5.0 (compatible; MSIE 10.0; Windows NT 6.1; Trident/6.0)"
63.199.45.242 - - [19/Aug/2013:15:05:37 -0400] "GET /graphics/logoin.jpg HTTP/1.1" 304 - "http://michaelbrandwein.com/yvideopreviews.html" "Mozilla/5.0 (compatible; MSIE 10.0; Windows NT 6.1; Trident/6.0)"
63.199.45.242 - - [19/Aug/2013:15:05:37 -0400] "GET /images/Key-note-excerpt-4100.jpg HTTP/1.1" 200 6298 "http://michaelbrandwein.com/yvideopreviews.html" "Mozilla/5.0 (compatible; MSIE 10.0; Windows NT 6.1; Trident/6.0)"
63.199.45.242 - - [19/Aug/2013:15:05:48 -0400] "GET /images/banner2.jpg HTTP/1.1" 304 - "http://michaelbrandwein.com/yclientlist.html" "Mozilla/5.0 (compatible; MSIE 10.0; Windows NT 6.1; Trident/6.0)"
173.61.133.136 - - [19/Aug/2013:08:20:38 -0400] "GET /products/learningleadership_clip_image002.jpg HTTP/1.1" 200 10525 "http://thecampdirector.com/" "Mozilla/5.0 (Macintosh; Intel Mac OS X 10_6_8) AppleWebKit/534.59.8 (KHTML, like Gecko) Version/5.1.9 Safari/534.59.8"
208.115.111.72 - - [19/Aug/2013:08:46:17 -0400] "GET /robots.txt HTTP/1.1" 404 575 "-" "Mozilla/5.0 (compatible; Ezooms/1.0; ezooms.bot@gmail.com)"
66.249.75.170 - - [19/Aug/2013:08:59:58 -0400] "GET /css/brandwein.css HTTP/1.1" 200 2167 "-" "Mozilla/5.0 (compatible; Googlebot/2.1; +http://www.google.com/bot.html)"
98.221.104.83 - - [19/Aug/2013:13:10:52 -0400] "GET /yresources.html HTTP/1.1" 200 31536 "http://www.google.com/url?sa=t&rct=j&q=cwa%2C%20ibew%20%26%20at%26t%20joint%20family%20care%20development%20fund&source=web&cd=17&ved=0CEkQFjAGOAo&url=http%3A%2F%2Fmichaelbrandwein.com%2Fyresources.html&ei=01ASUrS1OvH64AP4s4DQCw&usg=AFQjCNEy2MpAicoQ6PdRyb9Iyob510i0iw" "Mozilla/5.0 (compatible; MSIE 10.0; Windows NT 6.1; Trident/6.0; EIE10;ENUSWOL)"
98.221.104.83 - - [19/Aug/2013:13:10:52 -0400] "GET /images/banner2.jpg HTTP/1.1" 200 5488 "http://michaelbrandwein.com/yresources.html" "Mozilla/5.0 (compatible; MSIE 10.0; Windows NT 6.1; Trident/6.0; EIE10;ENUSWOL)"
98.221.104.83 - - [19/Aug/2013:13:10:52 -0400] "GET /images/LL-excerpt-2-pics100.jpg HTTP/1.1" 200 7557 "http://michaelbrandwein.com/yresources.html" "Mozilla/5.0 (compatible; MSIE 10.0; Windows NT 6.1; Trident/6.0; EIE10;ENUSWOL)"
98.221.104.83 - - [19/Aug/2013:13:10:52 -0400] "GET /images/elena.jpg HTTP/1.1" 200 6823 "http://michaelbrandwein.com/yresources.html" "Mozilla/5.0 (compatible; MSIE 10.0; Windows NT 6.1; Trident/6.0; EIE10;ENUSWOL)"
98.221.104.83 - - [19/Aug/2013:13:10:52 -0400] "GET /images/yresources_clip_image008.jpg HTTP/1.1" 200 6040 "http://michaelbrandwein.com/yresources.html" "Mozilla/5.0 (compatible; MSIE 10.0; Windows NT 6.1; Trident/6.0; EIE10;ENUSWOL)"
98.221.104.83 - - [19/Aug/2013:13:10:53 -0400] "GET /graphics/logo_real.gif HTTP/1.1" 200 575 "http://michaelbrandwein.com/yresources.html" "Mozilla/5.0 (compatible; MSIE 10.0; Windows NT 6.1; Trident/6.0; EIE10;ENUSWOL)"
101.226.166.226 - - [19/Aug/2013:19:34:50 -0400] "GET /robots.txt HTTP/1.1" 404 575 "http://www.michaelbrandwein.com/robots.txt" "Mozilla/4.0 (compatible; MSIE 8.0; Windows NT 6.1; Trident/4.0; SLCC2; .NET CLR 2.0.50727; .NET CLR 3.5.30729; .NET CLR 3.0.30729; Media Center PC 6.0; MDDR; .NET4.0C; .NET4.0E; .NET CLR 1.1.4322; Tablet PC 2.0); 360Spider"
180.76.5.176 - - [19/Aug/2013:22:46:22 -0400] "GET /ytopics/organizations/workdirectly/talkingitout.html HTTP/1.1" 200 12125 "-" "Mozilla/5.0 (compatible; Baiduspider/2.0; +http://www.baidu.com/search/spider.html)"
208.115.113.88 - - [19/Aug/2013:10:51:04 -0400] "GET /robots.txt HTTP/1.1" 404 575 "-" "Mozilla/5.0 (compatible; Ezooms/1.0; ezooms.bot@gmail.com)"
103.22.172.14 - - [19/Aug/2013:11:38:46 -0400] "GET /favicon.ico HTTP/1.1" 404 575 "-" "Mozilla/5.0 (Windows NT 5.1) AppleWebKit/537.36 (KHTML, like Gecko) Chrome/28.0.1500.95 Safari/537.36"
14.99.54.87 - - [19/Aug/2013:03:29:40 -0400] "GET /presentations.html HTTP/1.1" 200 12384 "https://www.google.co.in/" "Mozilla/5.0 (Windows NT 6.1) AppleWebKit/537.36 (KHTML, like Gecko) Chrome/28.0.1500.95 Safari/537.36"
14.99.54.87 - - [19/Aug/2013:03:29:42 -0400] "GET /images/banner2.jpg HTTP/1.1" 200 5488 "http://www.michaelbrandwein.com/presentations.html" "Mozilla/5.0 (Windows NT 6.1) AppleWebKit/537.36 (KHTML, like Gecko) Chrome/28.0.1500.95 Safari/537.36"
173.70.141.147 - - [19/Aug/2013:20:52:17 -0400] "GET /video/k4.html HTTP/1.1" 200 4026 "-" "panscient.com"
173.70.141.147 - - [19/Aug/2013:20:52:18 -0400] "GET /video/?MM_ComponentVersion=1&skinName=Halo_Skin_1&streamName=keynotesegment4&autoPlay=true&autoRewind=false HTTP/1.1" 403 660 "-" "panscient.com"
67.164.92.36 - - [19/Aug/2013:16:30:04 -0400] "GET /products/trainingterrificstaff_clip_image002.jpg HTTP/1.1" 200 10083 "http://thecampdirector.com/" "Mozilla/5.0 (Macintosh; Intel Mac OS X 10.6; rv:23.0) Gecko/20100101 Firefox/23.0"
67.164.92.36 - - [19/Aug/2013:16:30:04 -0400] "GET /products/superstaffsupervision_clip_image002.jpg HTTP/1.1" 200 9705 "http://thecampdirector.com/" "Mozilla/5.0 (Macintosh; Intel Mac OS X 10.6; rv:23.0) Gecko/20100101 Firefox/23.0"
173.16.234.228 - - [19/Aug/2013:23:12:18 -0400] "GET /graphics/arrowup.gif HTTP/1.1" 200 84 "http://www.michaelbrandwein.com/yorganizations.html" "Mozilla/5.0 (Windows NT 6.1; WOW64; rv:23.0) Gecko/20100101 Firefox/23.0"
208.115.113.88 - - [19/Aug/2013:23:59:27 -0400] "GET /ycomments/assocforsupandcurriicdev.html HTTP/1.1" 200 10930 "-" "Mozilla/5.0 (compatible; Ezooms/1.0; ezooms.bot@gmail.com)"
208.115.113.88 - - [19/Aug/2013:10:51:04 -0400] "GET /robots.txt HTTP/1.1" 404 575 "-" "Mozilla/5.0 (compatible; Ezooms/1.0; ezooms.bot@gmail.com)"
208.115.113.88 - - [19/Aug/2013:03:57:26 -0400] "GET /ytopics/camp/training/staff/topteaching.html HTTP/1.1" 200 11015 "-" "Mozilla/5.0 (compatible; Ezooms/1.0; ezooms.bot@gmail.com)"
71.193.4.31 - - [19/Aug/2013:04:09:59 -0400] "GET /products/learningleadership_clip_image002.jpg HTTP/1.1" 200 10525 "http://thecampdirector.com/2012/04/02/summer-camp-jobs-from-the-american-camp-association-job-list-for-april-1-2012/" "Mozilla/5.0 (Macintosh; Intel Mac OS X 10_5_8) AppleWebKit/534.50.2 (KHTML, like Gecko) Version/5.0.6 Safari/533.22.3"
115.254.79.227 - - [19/Aug/2013:04:48:16 -0400] "GET /presentations.html HTTP/1.1" 200 12384 "http://www.google.co.in/url?sa=t&rct=j&q=topics%20for%20presentation%20on%20business&source=web&cd=3&ved=0CDgQFjAC&url=http%3A%2F%2Fwww.michaelbrandwein.com%2Fpresentations.html&ei=y9sRUu7eA8OzrgfFkIDoBg&usg=AFQjCNE8ZOJzjyds3xDmTTzj43s7X6aVRg" "Mozilla/4.0 (compatible; MSIE 8.0; Windows NT 5.1; Trident/4.0; InfoPath.3; .NET CLR 2.0.50727)"
115.254.79.227 - - [19/Aug/2013:04:48:16 -0400] "GET /css/adult.css HTTP/1.1" 200 6290 "http://www.michaelbrandwein.com/presentations.html" "Mozilla/4.0 (compatible; MSIE 8.0; Windows NT 5.1; Trident/4.0; InfoPath.3; .NET CLR 2.0.50727)"
115.254.79.227 - - [19/Aug/2013:04:48:17 -0400] "GET /graphics/logoin.jpg HTTP/1.1" 200 14869 "http://www.michaelbrandwein.com/presentations.html" "Mozilla/4.0 (compatible; MSIE 8.0; Windows NT 5.1; Trident/4.0; InfoPath.3; .NET CLR 2.0.50727)"
115.254.79.227 - - [19/Aug/2013:04:48:17 -0400] "GET /graphics/arrowup.gif HTTP/1.1" 200 84 "http://www.michaelbrandwein.com/presentations.html" "Mozilla/4.0 (compatible; MSIE 8.0; Windows NT 5.1; Trident/4.0; InfoPath.3; .NET CLR 2.0.50727)"
220.181.51.155 - - [19/Aug/2013:15:05:53 -0400] "GET /video/keynotesegment1.ram HTTP/1.0" 200 52 "-" "Mozilla/4.0 (compatible; MSIE 6.0; Windows NT 5.1; SV1)"
157.55.32.109 - - [19/Aug/2013:15:52:40 -0400] "GET /ytopics/organizations/workdirectly/ysayings.txt HTTP/1.1" 200 6677 "-" "Mozilla/5.0 (compatible; bingbot/2.0; +http://www.bing.com/bingbot.htm)"
99.226.79.243 - - [19/Aug/2013:17:38:23 -0400] "GET /graphics/bodya.gif HTTP/1.1" 200 131 "http://www.michaelbrandwein.com/" "Mozilla/5.0 (Windows NT 6.1; WOW64) AppleWebKit/537.36 (KHTML, like Gecko) Chrome/28.0.1500.95 Safari/537.36"
