0byt3m1n1
Path:
/
data
/
0
/
0
/
64
/
125
/
64940
/
meta
/
66151
/
logs
/
[
Home
]
File: x-access_log.2013-08-19
75.82.134.6 - - [19/Aug/2013:00:42:02 -0400] "GET /graphics/homeadult.jpg HTTP/1.1" 200 18635 "http://www.michaelbrandwein.com/" "Mozilla/5.0 (Windows NT 6.1; WOW64; rv:23.0) Gecko/20100101 Firefox/23.0"
75.82.134.6 - - [19/Aug/2013:00:42:02 -0400] "GET /graphics/homeadult2.jpg HTTP/1.1" 200 19380 "http://www.michaelbrandwein.com/" "Mozilla/5.0 (Windows NT 6.1; WOW64; rv:23.0) Gecko/20100101 Firefox/23.0"
69.156.50.80 - - [19/Aug/2013:13:17:47 -0400] "GET /graphics/homeadult.jpg HTTP/1.1" 200 18635 "http://www.michaelbrandwein.com/" "Mozilla/5.0 (Macintosh; Intel Mac OS X 10_8_2) AppleWebKit/536.26.14 (KHTML, like Gecko) Version/6.0.1 Safari/536.26.14"
208.115.113.88 - - [19/Aug/2013:14:52:17 -0400] "GET /robots.txt HTTP/1.1" 404 575 "-" "Mozilla/5.0 (compatible; Ezooms/1.0; ezooms.bot@gmail.com)"
157.55.32.114 - - [19/Aug/2013:19:32:31 -0400] "GET /css/adult.css HTTP/1.1" 200 6290 "-" "Mozilla/5.0 (compatible; bingbot/2.0; +http://www.bing.com/bingbot.htm)"
95.24.161.46 - - [19/Aug/2013:05:40:27 -0400] "GET /graphics/dot.gif HTTP/1.1" 200 114 "http://www.michaelbrandwein.com/ytopics/schools/staffdev/helpingyoungpeople.html" "Mozilla/4.0 (compatible; MSIE 6.0; Windows NT 5.1; SV1)"
99.25.32.96 - - [19/Aug/2013:22:31:31 -0400] "GET /products/learningleadership_clip_image002.jpg HTTP/1.1" 200 10525 "http://thecampdirector.com/" "Mozilla/5.0 (Macintosh; Intel Mac OS X 10_8_4) AppleWebKit/537.36 (KHTML, like Gecko) Chrome/28.0.1500.95 Safari/537.36"
46.119.118.152 - - [19/Aug/2013:23:50:42 -0400] "GET /atopics/conflictcommunication.html HTTP/1.1" 200 8923 "http://master-muznachas.ru/" "Mozilla/4.0 (compatible; MSIE 6.0; Windows NT 5.1; .NET CLR 1.1.4322; Alexa Toolbar; (R1 1.5))"
208.115.113.88 - - [19/Aug/2013:07:54:14 -0400] "GET /ytopics/camp/training/session/trainingbydemonstration.html HTTP/1.1" 200 10769 "-" "Mozilla/5.0 (compatible; Ezooms/1.0; ezooms.bot@gmail.com)"
178.255.215.71 - - [19/Aug/2013:09:45:53 -0400] "GET /robots.txt HTTP/1.1" 404 575 "-" "Mozilla/5.0 (compatible; Exabot/3.0; +http://www.exabot.com/go/robot)"
69.171.234.114 - - [19/Aug/2013:11:16:09 -0400] "GET /graphics/logoin.jpg HTTP/1.1" 206 14869 "-" "facebookexternalhit/1.1 (+http://www.facebook.com/externalhit_uatext.php)"
103.22.172.14 - - [19/Aug/2013:11:37:35 -0400] "GET /graphics/hr2a.jpg HTTP/1.1" 200 8132 "http://www.michaelbrandwein.com/presentations.html" "Mozilla/5.0 (Windows NT 5.1) AppleWebKit/537.36 (KHTML, like Gecko) Chrome/28.0.1500.95 Safari/537.36"
103.22.172.14 - - [19/Aug/2013:11:37:36 -0400] "GET /sayings.txt HTTP/1.1" 200 6460 "http://www.michaelbrandwein.com/presentations.html" "Mozilla/5.0 (Windows NT 5.1) AppleWebKit/537.36 (KHTML, like Gecko) Chrome/28.0.1500.95 Safari/537.36"
70.34.144.114 - - [19/Aug/2013:16:44:41 -0400] "GET /graphics/arrowup.gif HTTP/1.1" 200 84 "http://www.michaelbrandwein.com/yorganizations.html" "Mozilla/5.0 (Windows NT 6.1; WOW64) AppleWebKit/537.36 (KHTML, like Gecko) Chrome/28.0.1500.95 Safari/537.36"
66.249.75.170 - - [19/Aug/2013:17:20:18 -0400] "GET /approach.html HTTP/1.1" 200 11194 "-" "Mozilla/5.0 (compatible; Googlebot/2.1; +http://www.google.com/bot.html)"
195.242.218.133 - - [19/Aug/2013:18:10:16 -0400] "GET /atopics/conflictcommunication.html HTTP/1.1" 200 8923 "http://en.winpm.ws/" "Mozilla/4.0 (compatible; MSIE 6.0; Windows NT 5.1; SV1; FunWebProducts; MRA 4.6 (build 01425); .NET CLR 1.1.4322; .NET CLR 2.0.50727)"
178.154.172.29 - - [19/Aug/2013:19:27:34 -0400] "GET / HTTP/1.1" 200 5960 "-" "Mozilla/5.0 (compatible; YandexBot/3.0; +http://yandex.com/bots)"
71.201.142.59 - - [19/Aug/2013:13:39:47 -0400] "GET /graphics/oval3.jpg HTTP/1.1" 200 14255 "http://www.michaelbrandwein.com/youth.html" "Mozilla/5.0 (Windows NT 6.0; rv:23.0) Gecko/20100101 Firefox/23.0"
63.199.45.242 - - [19/Aug/2013:15:03:48 -0400] "GET /graphics/hry2.jpg HTTP/1.1" 304 - "http://michaelbrandwein.com/yschools.html" "Mozilla/5.0 (compatible; MSIE 10.0; Windows NT 6.1; Trident/6.0)"
211.30.235.6 - - [19/Aug/2013:08:05:53 -0400] "GET /graphics/hr2a.jpg HTTP/1.1" 200 8132 "http://www.michaelbrandwein.com/atopics/realtruth.html" "Mozilla/5.0 (iPhone; CPU iPhone OS 5_1_1 like Mac OS X) AppleWebKit/534.46 (KHTML, like Gecko) Version/5.1 Mobile/9B206 Safari/7534.48.3"
173.61.133.136 - - [19/Aug/2013:08:20:38 -0400] "GET /products/superstaffsupervision_clip_image002.jpg HTTP/1.1" 200 9705 "http://thecampdirector.com/" "Mozilla/5.0 (Macintosh; Intel Mac OS X 10_6_8) AppleWebKit/534.59.8 (KHTML, like Gecko) Version/5.1.9 Safari/534.59.8"
123.125.71.34 - - [19/Aug/2013:22:59:29 -0400] "GET /robots.txt HTTP/1.1" 404 575 "-" "Mozilla/5.0 (compatible; Baiduspider/2.0; +http://www.baidu.com/search/spider.html)"
157.55.35.79 - - [19/Aug/2013:03:12:01 -0400] "GET /robots.txt HTTP/1.1" 404 575 "-" "Mozilla/5.0 (compatible; bingbot/2.0; +http://www.bing.com/bingbot.htm)"
208.115.113.88 - - [19/Aug/2013:03:57:24 -0400] "GET /ycomments/natlsmartstartearlychildhood.html HTTP/1.1" 200 11171 "-" "Mozilla/5.0 (compatible; Ezooms/1.0; ezooms.bot@gmail.com)"
66.249.82.94 - - [19/Aug/2013:12:56:24 -0400] "GET / HTTP/1.1" 200 5960 "-" "Mozilla/5.0 (Windows NT 6.1; rv:6.0) Gecko/20110814 Firefox/6.0 Google (+https://developers.google.com/+/web/snippet/)"
66.249.82.94 - - [19/Aug/2013:12:56:24 -0400] "GET /favicon.ico HTTP/1.1" 404 575 "-" "Mozilla/5.0 (Windows NT 6.1; rv:6.0) Gecko/20110814 Firefox/6.0 Google (+https://developers.google.com/+/web/snippet/)"
101.174.188.52 - - [19/Aug/2013:00:18:05 -0400] "GET /graphics/dot.gif HTTP/1.1" 200 114 "http://www.michaelbrandwein.com/presentations.html" "Mozilla/5.0 (Macintosh; Intel Mac OS X 10.8; rv:23.0) Gecko/20100101 Firefox/23.0"
208.115.111.72 - - [19/Aug/2013:01:06:57 -0400] "GET /robots.txt HTTP/1.1" 404 575 "-" "Mozilla/5.0 (compatible; Ezooms/1.0; ezooms.bot@gmail.com)"
157.55.35.79 - - [19/Aug/2013:02:50:00 -0400] "GET / HTTP/1.1" 200 5960 "-" "Mozilla/5.0 (compatible; bingbot/2.0; +http://www.bing.com/bingbot.htm)"
63.199.45.242 - - [19/Aug/2013:15:03:39 -0400] "GET /youth.html HTTP/1.1" 200 14317 "http://michaelbrandwein.com/" "Mozilla/5.0 (compatible; MSIE 10.0; Windows NT 6.1; Trident/6.0)"
63.199.45.242 - - [19/Aug/2013:15:03:39 -0400] "GET /css/youth.css HTTP/1.1" 200 8470 "http://michaelbrandwein.com/youth.html" "Mozilla/5.0 (compatible; MSIE 10.0; Windows NT 6.1; Trident/6.0)"
63.199.45.242 - - [19/Aug/2013:15:03:39 -0400] "GET /graphics/oval1.jpg HTTP/1.1" 200 14070 "http://michaelbrandwein.com/youth.html" "Mozilla/5.0 (compatible; MSIE 10.0; Windows NT 6.1; Trident/6.0)"
63.199.45.242 - - [19/Aug/2013:15:03:39 -0400] "GET /graphics/oval2.jpg HTTP/1.1" 200 14082 "http://michaelbrandwein.com/youth.html" "Mozilla/5.0 (compatible; MSIE 10.0; Windows NT 6.1; Trident/6.0)"
63.199.45.242 - - [19/Aug/2013:15:05:47 -0400] "GET /yclientlist.html HTTP/1.1" 200 14192 "http://michaelbrandwein.com/yvideopreviews.html" "Mozilla/5.0 (compatible; MSIE 10.0; Windows NT 6.1; Trident/6.0)"
63.199.45.242 - - [19/Aug/2013:15:05:48 -0400] "GET /css/youth.css HTTP/1.1" 304 - "http://michaelbrandwein.com/yclientlist.html" "Mozilla/5.0 (compatible; MSIE 10.0; Windows NT 6.1; Trident/6.0)"
63.199.45.242 - - [19/Aug/2013:15:05:48 -0400] "GET /graphics/dot.gif HTTP/1.1" 304 - "http://michaelbrandwein.com/yclientlist.html" "Mozilla/5.0 (compatible; MSIE 10.0; Windows NT 6.1; Trident/6.0)"
63.199.45.242 - - [19/Aug/2013:15:05:48 -0400] "GET /ysayings.txt HTTP/1.1" 304 - "http://michaelbrandwein.com/yclientlist.html" "Mozilla/5.0 (compatible; MSIE 10.0; Windows NT 6.1; Trident/6.0)"
75.184.18.222 - - [19/Aug/2013:16:26:19 -0400] "GET /graphics/dot.gif HTTP/1.1" 200 114 "http://www.michaelbrandwein.com/presentations.html" "Mozilla/5.0 (compatible; MSIE 9.0; Windows NT 6.0; Trident/5.0)"
99.226.79.243 - - [19/Aug/2013:17:38:21 -0400] "GET / HTTP/1.1" 200 5960 "http://www.google.ca/url?sa=f&rct=j&url=http://www.michaelbrandwein.com/&q=brandwein&ei=P5ASUvfNA5TCyAGZ3oA4&usg=AFQjCNFTwVm3qBkSq1j4TSCIRR0Oos1Aig" "Mozilla/5.0 (Windows NT 6.1; WOW64) AppleWebKit/537.36 (KHTML, like Gecko) Chrome/28.0.1500.95 Safari/537.36"
99.226.79.243 - - [19/Aug/2013:17:38:23 -0400] "GET /css/brandwein.css HTTP/1.1" 200 2167 "http://www.michaelbrandwein.com/" "Mozilla/5.0 (Windows NT 6.1; WOW64) AppleWebKit/537.36 (KHTML, like Gecko) Chrome/28.0.1500.95 Safari/537.36"
99.226.79.243 - - [19/Aug/2013:17:38:23 -0400] "GET /graphics/logoin.jpg HTTP/1.1" 200 14869 "http://www.michaelbrandwein.com/" "Mozilla/5.0 (Windows NT 6.1; WOW64) AppleWebKit/537.36 (KHTML, like Gecko) Chrome/28.0.1500.95 Safari/537.36"
173.70.141.147 - - [19/Aug/2013:20:50:45 -0400] "GET /ytopics/camp/training/staff/howtoteachresponsibility.html HTTP/1.1" 200 11163 "-" "panscient.com"
173.70.141.147 - - [19/Aug/2013:20:50:46 -0400] "GET /ytopics/camp/conferences/teachingstuffthatsticks.html HTTP/1.1" 200 10600 "-" "panscient.com"
173.70.141.147 - - [19/Aug/2013:20:52:05 -0400] "GET /video/k5.html HTTP/1.1" 200 4026 "-" "panscient.com"
173.70.141.147 - - [19/Aug/2013:20:52:55 -0400] "GET /ytopics/camp/training/staff/ivetoldyouathousandtimes.html HTTP/1.1" 200 11478 "-" "panscient.com"
173.70.141.147 - - [19/Aug/2013:20:52:57 -0400] "GET /acomments/natleastersealsoc.html HTTP/1.1" 200 10175 "-" "panscient.com"
173.70.141.147 - - [19/Aug/2013:20:52:59 -0400] "GET /acomments/amnursery.html HTTP/1.1" 200 9363 "-" "panscient.com"
173.70.141.147 - - [19/Aug/2013:20:53:00 -0400] "GET /ycomments/nhschools.html HTTP/1.1" 200 11989 "-" "panscient.com"
173.70.141.147 - - [19/Aug/2013:20:53:02 -0400] "GET /acomments/mpi.html HTTP/1.1" 200 11376 "-" "panscient.com"
173.70.141.147 - - [19/Aug/2013:20:53:03 -0400] "GET /acomments/nyassochomesservaging.html HTTP/1.1" 200 8934 "-" "panscient.com"
173.70.141.147 - - [19/Aug/2013:20:53:04 -0400] "GET /acomments/mercedes.html HTTP/1.1" 200 11725 "-" "panscient.com"
173.70.141.147 - - [19/Aug/2013:20:53:05 -0400] "GET /acomments/austnatlaffilvolcareassoc.html HTTP/1.1" 200 11376 "-" "panscient.com"
173.70.141.147 - - [19/Aug/2013:20:53:06 -0400] "GET /acomments/socap.html HTTP/1.1" 200 9000 "-" "panscient.com"
173.70.141.147 - - [19/Aug/2013:20:53:08 -0400] "GET /acomments/amsochealthsyspharm.html HTTP/1.1" 200 9048 "-" "panscient.com"
173.70.141.147 - - [19/Aug/2013:20:53:09 -0400] "GET /acomments/sdmnagruralleadership.html HTTP/1.1" 200 9744 "-" "panscient.com"
173.70.141.147 - - [19/Aug/2013:20:53:10 -0400] "GET /acomments/socmundirontcanada.html HTTP/1.1" 200 10413 "-" "panscient.com"
173.70.141.147 - - [19/Aug/2013:20:53:11 -0400] "GET /acomments/councilonfound.html HTTP/1.1" 200 8582 "-" "panscient.com"
173.70.141.147 - - [19/Aug/2013:20:53:12 -0400] "GET /acomments/nasa.html HTTP/1.1" 200 9809 "-" "panscient.com"
173.70.141.147 - - [19/Aug/2013:20:53:14 -0400] "GET /acomments/intlfoundemplbenplans.html HTTP/1.1" 200 11713 "-" "panscient.com"
173.70.141.147 - - [19/Aug/2013:20:53:15 -0400] "GET /acomments/amhonda.html HTTP/1.1" 200 9680 "-" "panscient.com"
99.55.241.226 - - [19/Aug/2013:07:29:57 -0400] "GET /graphics/arrowup.gif HTTP/1.1" 200 84 "http://www.michaelbrandwein.com/yschools.html" "Mozilla/5.0 (iPad; CPU OS 6_0_1 like Mac OS X) AppleWebKit/536.26 (KHTML, like Gecko) Version/6.0 Mobile/10A523 Safari/8536.25"
208.115.113.88 - - [19/Aug/2013:07:53:41 -0400] "GET /ytopics/organizations/supervise/workingsmarter.html HTTP/1.1" 200 10785 "-" "Mozilla/5.0 (compatible; Ezooms/1.0; ezooms.bot@gmail.com)"
46.119.118.152 - - [19/Aug/2013:23:50:41 -0400] "GET /atopics/conflictcommunication.html HTTP/1.1" 200 8923 "http://master-muznachas.ru/" "Mozilla/4.0 (compatible; MSIE 6.0; Windows NT 5.1; .NET CLR 1.1.4322; Alexa Toolbar; (R1 1.5))"
208.115.111.72 - - [19/Aug/2013:09:24:37 -0400] "GET /bionormal.html HTTP/1.1" 200 10798 "-" "Mozilla/5.0 (compatible; Ezooms/1.0; ezooms.bot@gmail.com)"
178.255.215.71 - - [19/Aug/2013:09:45:53 -0400] "GET / HTTP/1.1" 304 - "-" "Mozilla/5.0 (compatible; Exabot/3.0; +http://www.exabot.com/go/robot)"
208.115.113.88 - - [19/Aug/2013:11:50:20 -0400] "GET /ytopics/organizations/workdirectly/buildingbetterchildren.html HTTP/1.1" 200 11606 "-" "Mozilla/5.0 (compatible; Ezooms/1.0; ezooms.bot@gmail.com)"
95.24.161.46 - - [19/Aug/2013:05:40:27 -0400] "GET /css/youth.css HTTP/1.1" 200 8470 "http://www.michaelbrandwein.com/ytopics/schools/staffdev/helpingyoungpeople.html" "Mozilla/4.0 (compatible; MSIE 6.0; Windows NT 5.1; SV1)"
115.78.237.95 - - [19/Aug/2013:06:21:56 -0400] "GET /presentations.html HTTP/1.1" 200 12384 "http://www.google.com.vn/url?sa=t&rct=j&q=presentation%20about%20business%20topic&source=web&cd=8&ved=0CG8QFjAH&url=http%3A%2F%2Fwww.michaelbrandwein.com%2Fpresentations.html&ei=G_ARUvuQNa2uiQeCpICwBw&usg=AFQjCNE8ZOJzjyds3xDmTTzj43s7X6aVRg" "Mozilla/5.0 (Windows NT 5.1) AppleWebKit/535.2 (KHTML, like Gecko) Chrome/15.0.874.121 Safari/535.2"
115.78.237.95 - - [19/Aug/2013:06:21:57 -0400] "GET /images/banner2.jpg HTTP/1.1" 200 5488 "http://www.michaelbrandwein.com/presentations.html" "Mozilla/5.0 (Windows NT 5.1) AppleWebKit/535.2 (KHTML, like Gecko) Chrome/15.0.874.121 Safari/535.2"
208.115.113.88 - - [19/Aug/2013:07:27:56 -0400] "GET /products/trainingterrificstaff.html HTTP/1.1" 200 14344 "-" "Mozilla/5.0 (compatible; Ezooms/1.0; ezooms.bot@gmail.com)"
66.249.75.170 - - [19/Aug/2013:08:58:22 -0400] "GET / HTTP/1.1" 200 5960 "-" "Mozilla/5.0 (compatible; Googlebot/2.1; +http://www.google.com/bot.html)"
71.201.142.59 - - [19/Aug/2013:13:39:33 -0400] "GET /graphics/bgwh.gif HTTP/1.1" 200 49 "http://www.michaelbrandwein.com/" "Mozilla/5.0 (Windows NT 6.0; rv:23.0) Gecko/20100101 Firefox/23.0"
71.201.142.59 - - [19/Aug/2013:13:39:33 -0400] "GET /graphics/bodyy.gif HTTP/1.1" 200 124 "http://www.michaelbrandwein.com/" "Mozilla/5.0 (Windows NT 6.0; rv:23.0) Gecko/20100101 Firefox/23.0"
63.199.45.242 - - [19/Aug/2013:15:03:39 -0400] "GET /images/banner2.jpg HTTP/1.1" 200 5488 "http://michaelbrandwein.com/youth.html" "Mozilla/5.0 (compatible; MSIE 10.0; Windows NT 6.1; Trident/6.0)"
63.199.45.242 - - [19/Aug/2013:15:03:39 -0400] "GET /graphics/oval5.jpg HTTP/1.1" 200 14409 "http://michaelbrandwein.com/youth.html" "Mozilla/5.0 (compatible; MSIE 10.0; Windows NT 6.1; Trident/6.0)"
63.199.45.242 - - [19/Aug/2013:15:03:39 -0400] "GET /ysayings.txt HTTP/1.1" 200 6677 "http://michaelbrandwein.com/youth.html" "Mozilla/5.0 (compatible; MSIE 10.0; Windows NT 6.1; Trident/6.0)"
108.34.165.139 - - [19/Aug/2013:15:36:32 -0400] "GET /css/youth.css HTTP/1.1" 200 8470 "http://www.michaelbrandwein.com/ytopics/camp/training/staff/campgames.html" "Mozilla/4.0 (compatible; MSIE 8.0; Windows NT 6.1; WOW64; Trident/4.0; SLCC2; .NET CLR 2.0.50727)"
108.34.165.139 - - [19/Aug/2013:15:36:32 -0400] "GET /graphics/logoin.jpg HTTP/1.1" 200 14869 "http://www.michaelbrandwein.com/ytopics/camp/training/staff/campgames.html" "Mozilla/4.0 (compatible; MSIE 8.0; Windows NT 6.1; WOW64; Trident/4.0; SLCC2; .NET CLR 2.0.50727)"
108.34.165.139 - - [19/Aug/2013:15:36:32 -0400] "GET /images/banner2.jpg HTTP/1.1" 200 5488 "http://www.michaelbrandwein.com/ytopics/camp/training/staff/campgames.html" "Mozilla/4.0 (compatible; MSIE 8.0; Windows NT 6.1; WOW64; Trident/4.0; SLCC2; .NET CLR 2.0.50727)"
108.34.165.139 - - [19/Aug/2013:15:36:32 -0400] "GET /favicon.ico HTTP/1.1" 404 575 "-" "Mozilla/4.0 (compatible; MSIE 8.0; Windows NT 6.1; WOW64; Trident/4.0; SLCC2; .NET CLR 2.0.50727)"
66.249.75.170 - - [19/Aug/2013:16:01:09 -0400] "GET /adult.html HTTP/1.1" 304 - "-" "Mozilla/5.0 (compatible; Googlebot/2.1; +http://www.google.com/bot.html)"
199.30.16.42 - - [19/Aug/2013:16:21:34 -0400] "GET /images/Key-note-excerpt-1100.jpg HTTP/1.1" 200 6430 "-" "msnbot-media/1.1 (+http://search.msn.com/msnbot.htm)"
150.70.97.116 - - [19/Aug/2013:16:28:19 -0400] "GET /atopics/sayings.txt HTTP/1.1" 200 6460 "-" "Mozilla/4.0 (compatible; MSIE 8.0; Windows NT 5.1; Trident/4.0)"
180.76.5.11 - - [19/Aug/2013:16:32:33 -0400] "GET /yproducts.html HTTP/1.1" 200 21362 "-" "Mozilla/5.0 (compatible; Baiduspider/2.0; +http://www.baidu.com/search/spider.html)"
66.249.75.170 - - [19/Aug/2013:16:35:37 -0400] "GET /yresources.html HTTP/1.1" 200 31536 "-" "Mozilla/5.0 (compatible; Googlebot/2.1; +http://www.google.com/bot.html)"
208.115.111.72 - - [19/Aug/2013:17:44:18 -0400] "GET /atopics/laserbeam.html HTTP/1.1" 200 9569 "-" "Mozilla/5.0 (compatible; Ezooms/1.0; ezooms.bot@gmail.com)"
122.172.241.210 - - [19/Aug/2013:10:32:29 -0400] "GET /graphics/hr2a.jpg HTTP/1.1" 200 8132 "http://www.michaelbrandwein.com/presentations.html" "Mozilla/5.0 (Windows NT 5.1) AppleWebKit/537.36 (KHTML, like Gecko) Chrome/29.0.1547.57 Safari/537.36"
122.172.241.210 - - [19/Aug/2013:10:32:29 -0400] "GET /sayings.txt HTTP/1.1" 200 6460 "http://www.michaelbrandwein.com/presentations.html" "Mozilla/5.0 (Windows NT 5.1) AppleWebKit/537.36 (KHTML, like Gecko) Chrome/29.0.1547.57 Safari/537.36"
103.22.172.14 - - [19/Aug/2013:11:37:35 -0400] "GET /graphics/arrowup.gif HTTP/1.1" 200 84 "http://www.michaelbrandwein.com/presentations.html" "Mozilla/5.0 (Windows NT 5.1) AppleWebKit/537.36 (KHTML, like Gecko) Chrome/28.0.1500.95 Safari/537.36"
103.22.172.14 - - [19/Aug/2013:11:37:36 -0400] "GET /favicon.ico HTTP/1.1" 404 575 "-" "Mozilla/5.0 (Windows NT 5.1) AppleWebKit/537.36 (KHTML, like Gecko) Chrome/28.0.1500.95 Safari/537.36"
103.22.172.14 - - [19/Aug/2013:11:38:50 -0400] "GET /pdf/Business-Organizations%20Topics.pdf HTTP/1.1" 200 130381 "http://www.michaelbrandwein.com/presentations.html" "Mozilla/5.0 (Windows NT 5.1) AppleWebKit/537.36 (KHTML, like Gecko) Chrome/28.0.1500.95 Safari/537.36"
66.249.75.170 - - [19/Aug/2013:11:53:12 -0400] "GET /youth.html HTTP/1.1" 304 - "-" "Mozilla/5.0 (iPhone; U; CPU iPhone OS 4_1 like Mac OS X; en-us) AppleWebKit/532.9 (KHTML, like Gecko) Version/4.0.5 Mobile/8B117 Safari/6531.22.7 (compatible; Googlebot-Mobile/2.1; +http://www.google.com/bot.html)"
157.55.35.79 - - [19/Aug/2013:02:48:32 -0400] "GET /robots.txt HTTP/1.1" 404 575 "-" "Mozilla/5.0 (compatible; bingbot/2.0; +http://www.bing.com/bingbot.htm)"
208.115.113.88 - - [19/Aug/2013:02:49:33 -0400] "GET /robots.txt HTTP/1.1" 404 575 "-" "Mozilla/5.0 (compatible; Ezooms/1.0; ezooms.bot@gmail.com)"
72.30.198.51 - - [19/Aug/2013:18:26:16 -0400] "GET /graphics/bodym.jpg HTTP/1.1" 200 28996 "http://michaelbrandwein.com/" "Mozilla/5.0 (compatible; Yahoo! Slurp/3.0; http://help.yahoo.com/help/us/ysearch/slurp) NOT Firefox/3.5"
72.30.198.51 - - [19/Aug/2013:18:26:16 -0400] "GET /graphics/bhomeenter3.jpg HTTP/1.1" 404 575 "http://michaelbrandwein.com/" "Mozilla/5.0 (compatible; Yahoo! Slurp/3.0; http://help.yahoo.com/help/us/ysearch/slurp) NOT Firefox/3.5"
115.254.79.227 - - [19/Aug/2013:04:48:17 -0400] "GET /graphics/dot.gif HTTP/1.1" 200 114 "http://www.michaelbrandwein.com/presentations.html" "Mozilla/4.0 (compatible; MSIE 8.0; Windows NT 5.1; Trident/4.0; InfoPath.3; .NET CLR 2.0.50727)"
218.30.103.136 - - [19/Aug/2013:05:16:53 -0400] "GET / HTTP/1.1" 304 - "-" "Sogou web spider/4.0(+http://www.sogou.com/docs/help/webmasters.htm#07)"
46.30.55.65 - - [19/Aug/2013:15:45:05 -0400] "GET /pdf/brandwein%20letter%20to%20staff%20person1.pdf HTTP/1.1" 200 103828 "http://www.google.co.uk/url?sa=t&rct=j&q=letter%20to%20your%20staff&source=web&cd=2&ved=0CDIQFjAB&url=http%3A%2F%2Fwww.michaelbrandwein.com%2Fpdf%2Fbrandwein%2520letter%2520to%2520staff%2520person1.pdf&ei=o3QSUpqeD4uI7AbV_YDwAw&usg=AFQjCNG0uisSjbIDwxs_ulkOnHx1qV2wdg" "Mozilla/4.0 (compatible; MSIE 8.0; Windows NT 6.1; Trident/4.0; SLCC2; .NET CLR 2.0.50727; .NET CLR 3.5.30729; .NET CLR 3.0.30729; .NET4.0C; .NET4.0E)"
208.115.111.72 - - [19/Aug/2013:17:44:17 -0400] "GET /ytopics/camp/conferences/dumpingtheds.html HTTP/1.1" 200 11288 "-" "Mozilla/5.0 (compatible; Ezooms/1.0; ezooms.bot@gmail.com)"
69.156.50.80 - - [19/Aug/2013:13:21:49 -0400] "GET /graphics/arrow.gif HTTP/1.1" 200 942 "http://www.michaelbrandwein.com/youth.html" "Mozilla/5.0 (Macintosh; Intel Mac OS X 10_8_2) AppleWebKit/536.26.14 (KHTML, like Gecko) Version/6.0.1 Safari/536.26.14"
69.156.50.80 - - [19/Aug/2013:13:21:49 -0400] "GET /graphics/oval4.jpg HTTP/1.1" 200 13531 "http://www.michaelbrandwein.com/youth.html" "Mozilla/5.0 (Macintosh; Intel Mac OS X 10_8_2) AppleWebKit/536.26.14 (KHTML, like Gecko) Version/6.0.1 Safari/536.26.14"
99.55.241.226 - - [19/Aug/2013:07:29:21 -0400] "GET /css/youth.css HTTP/1.1" 200 8470 "http://www.michaelbrandwein.com/youth.html" "Mozilla/5.0 (iPad; CPU OS 6_0_1 like Mac OS X) AppleWebKit/536.26 (KHTML, like Gecko) Version/6.0 Mobile/10A523 Safari/8536.25"
99.55.241.226 - - [19/Aug/2013:07:29:21 -0400] "GET /images/banner2.jpg HTTP/1.1" 200 5488 "http://www.michaelbrandwein.com/youth.html" "Mozilla/5.0 (iPad; CPU OS 6_0_1 like Mac OS X) AppleWebKit/536.26 (KHTML, like Gecko) Version/6.0 Mobile/10A523 Safari/8536.25"
99.55.241.226 - - [19/Aug/2013:07:29:21 -0400] "GET /graphics/oval1.jpg HTTP/1.1" 200 14070 "http://www.michaelbrandwein.com/youth.html" "Mozilla/5.0 (iPad; CPU OS 6_0_1 like Mac OS X) AppleWebKit/536.26 (KHTML, like Gecko) Version/6.0 Mobile/10A523 Safari/8536.25"
99.55.241.226 - - [19/Aug/2013:07:29:21 -0400] "GET /graphics/oval5.jpg HTTP/1.1" 200 14409 "http://www.michaelbrandwein.com/youth.html" "Mozilla/5.0 (iPad; CPU OS 6_0_1 like Mac OS X) AppleWebKit/536.26 (KHTML, like Gecko) Version/6.0 Mobile/10A523 Safari/8536.25"
157.55.32.109 - - [19/Aug/2013:19:28:57 -0400] "GET /atopics/motivatingcommunication.html HTTP/1.1" 200 8994 "-" "Mozilla/5.0 (compatible; bingbot/2.0; +http://www.bing.com/bingbot.htm)"
66.249.75.170 - - [19/Aug/2013:19:29:52 -0400] "GET /ycamptraining.html HTTP/1.1" 304 - "-" "Mozilla/5.0 (compatible; Googlebot/2.1; +http://www.google.com/bot.html)"
66.249.75.170 - - [19/Aug/2013:20:47:00 -0400] "GET /ytopics/camp/conferences/intentionalcampmagical.html HTTP/1.1" 304 - "-" "Mozilla/5.0 (iPhone; U; CPU iPhone OS 4_1 like Mac OS X; en-us) AppleWebKit/532.9 (KHTML, like Gecko) Version/4.0.5 Mobile/8B117 Safari/6531.22.7 (compatible; Googlebot-Mobile/2.1; +http://www.google.com/bot.html)"
173.70.141.147 - - [19/Aug/2013:20:50:32 -0400] "GET /yvideopreviews.html HTTP/1.1" 200 17732 "-" "panscient.com"
173.70.141.147 - - [19/Aug/2013:20:50:33 -0400] "GET /yparents.html HTTP/1.1" 200 11989 "-" "panscient.com"
173.70.141.147 - - [19/Aug/2013:20:50:35 -0400] "GET /yapproach.html HTTP/1.1" 200 13087 "-" "panscient.com"
173.70.141.147 - - [19/Aug/2013:20:50:36 -0400] "GET /yclientlist.html HTTP/1.1" 200 14192 "-" "panscient.com"
173.70.141.147 - - [19/Aug/2013:20:50:37 -0400] "GET /ycamptraining.html HTTP/1.1" 200 16427 "-" "panscient.com"
173.70.141.147 - - [19/Aug/2013:20:50:38 -0400] "GET /ysayings.txt HTTP/1.1" 200 6677 "-" "panscient.com"
173.70.141.147 - - [19/Aug/2013:20:50:39 -0400] "GET /ybioabnormal.html HTTP/1.1" 200 15709 "-" "panscient.com"
173.70.141.147 - - [19/Aug/2013:20:50:41 -0400] "GET /yorganizations.html HTTP/1.1" 200 19737 "-" "panscient.com"
173.70.141.147 - - [19/Aug/2013:20:50:43 -0400] "GET /ytopics/camp/conferences/supersolutionseminar.html HTTP/1.1" 200 10596 "-" "panscient.com"
173.70.141.147 - - [19/Aug/2013:20:50:44 -0400] "GET /ytopics/camp/training/staff/laserbeam.html HTTP/1.1" 200 12448 "-" "panscient.com"
122.172.241.210 - - [19/Aug/2013:10:32:28 -0400] "GET /images/banner2.jpg HTTP/1.1" 200 5488 "http://www.michaelbrandwein.com/presentations.html" "Mozilla/5.0 (Windows NT 5.1) AppleWebKit/537.36 (KHTML, like Gecko) Chrome/29.0.1547.57 Safari/537.36"
122.172.241.210 - - [19/Aug/2013:10:32:29 -0400] "GET /graphics/arrowup.gif HTTP/1.1" 200 84 "http://www.michaelbrandwein.com/presentations.html" "Mozilla/5.0 (Windows NT 5.1) AppleWebKit/537.36 (KHTML, like Gecko) Chrome/29.0.1547.57 Safari/537.36"
122.172.241.210 - - [19/Aug/2013:10:32:29 -0400] "GET /favicon.ico HTTP/1.1" 404 575 "-" "Mozilla/5.0 (Windows NT 5.1) AppleWebKit/537.36 (KHTML, like Gecko) Chrome/29.0.1547.57 Safari/537.36"
66.249.75.170 - - [19/Aug/2013:10:53:17 -0400] "GET /pdf/brandwein%20letter%20to%20staff%20person1.pdf HTTP/1.1" 304 - "-" "Mozilla/5.0 (compatible; Googlebot/2.1; +http://www.google.com/bot.html)"
103.22.172.14 - - [19/Aug/2013:11:37:32 -0400] "GET /presentations.html HTTP/1.1" 200 12384 "http://www.google.co.in/url?sa=t&rct=j&q=list%20of%20topics%20for%20presentation%20in%20business&source=web&cd=4&ved=0CFkQFjAD&url=http%3A%2F%2Fwww.michaelbrandwein.com%2Fpresentations.html&ei=tDsSUtT0JoTNrQfChYHwCQ&usg=AFQjCNE8ZOJzjyds3xDmTTzj43s7X6aVRg" "Mozilla/5.0 (Windows NT 5.1) AppleWebKit/537.36 (KHTML, like Gecko) Chrome/28.0.1500.95 Safari/537.36"
103.22.172.14 - - [19/Aug/2013:11:37:34 -0400] "GET /images/banner2.jpg HTTP/1.1" 200 5488 "http://www.michaelbrandwein.com/presentations.html" "Mozilla/5.0 (Windows NT 5.1) AppleWebKit/537.36 (KHTML, like Gecko) Chrome/28.0.1500.95 Safari/537.36"
24.16.244.129 - - [19/Aug/2013:21:13:32 -0400] "GET /products/trainingterrificstaff_clip_image002.jpg HTTP/1.1" 200 10083 "http://thecampdirector.com/2011/08/31/summer-camp-jobs-from-the-american-camp-association-job-list-for-september-1-2011/" "Mozilla/5.0 (Windows NT 6.1; WOW64; rv:23.0) Gecko/20100101 Firefox/23.0"
208.115.113.88 - - [19/Aug/2013:23:59:28 -0400] "GET /presentations.html HTTP/1.1" 200 12384 "-" "Mozilla/5.0 (compatible; Ezooms/1.0; ezooms.bot@gmail.com)"
211.30.235.6 - - [19/Aug/2013:08:05:46 -0400] "GET /atopics/realtruth.html HTTP/1.1" 200 9124 "http://www.google.com.au/search?q=the+real+sticks+and+stones&ie=UTF-8&oe=UTF-8&hl=en&client=safari" "Mozilla/5.0 (iPhone; CPU iPhone OS 5_1_1 like Mac OS X) AppleWebKit/534.46 (KHTML, like Gecko) Version/5.1 Mobile/9B206 Safari/7534.48.3"
103.22.172.14 - - [19/Aug/2013:11:38:50 -0400] "GET /pdf/Business-Organizations%20Topics.pdf HTTP/1.1" 206 32768 "http://www.michaelbrandwein.com/pdf/Business-Organizations%20Topics.pdf" "Mozilla/5.0 (Windows NT 5.1) AppleWebKit/537.36 (KHTML, like Gecko) Chrome/28.0.1500.95 Safari/537.36"
103.22.172.14 - - [19/Aug/2013:11:38:52 -0400] "GET /favicon.ico HTTP/1.1" 404 575 "-" "Mozilla/5.0 (Windows NT 5.1) AppleWebKit/537.36 (KHTML, like Gecko) Chrome/28.0.1500.95 Safari/537.36"
65.55.213.42 - - [19/Aug/2013:01:26:34 -0400] "GET /ytopics/schools/keynotes/showvstell.html HTTP/1.1" 200 10958 "-" "Mozilla/4.0 (compatible; MSIE 7.0; Windows NT 5.2; SLCC1; .NET CLR 1.1.4325; .NET CLR 2.0.40607; .NET CLR 3.0.30729)"
65.55.213.42 - - [19/Aug/2013:01:26:35 -0400] "GET /css/youth.css HTTP/1.1" 200 8470 "http://www.michaelbrandwein.com/ytopics/schools/keynotes/showvstell.html" "Mozilla/4.0 (compatible; MSIE 7.0; Windows NT 5.2; SLCC1; .NET CLR 1.1.4325; .NET CLR 2.0.40607; .NET CLR 3.0.30729)"
124.115.2.193 - - [19/Aug/2013:01:32:44 -0400] "GET /robots.txt HTTP/1.1" 404 575 "http://www.michaelbrandwein.com/" "Mozilla/5.0 (compatible; MSIE 8.0; Windows NT 6.1)"
208.115.113.88 - - [19/Aug/2013:02:49:33 -0400] "GET /robots.txt HTTP/1.1" 404 575 "-" "Mozilla/5.0 (compatible; Ezooms/1.0; ezooms.bot@gmail.com)"
66.249.75.94 - - [19/Aug/2013:20:47:35 -0400] "GET /robots.txt HTTP/1.1" 404 575 "-" "Mozilla/5.0 (compatible; Googlebot/2.1; +http://www.google.com/bot.html)"
173.70.141.147 - - [19/Aug/2013:20:50:22 -0400] "GET /video/LL2.html HTTP/1.1" 200 4018 "-" "panscient.com"
208.115.111.72 - - [19/Aug/2013:12:47:19 -0400] "GET /robots.txt HTTP/1.1" 404 575 "-" "Mozilla/5.0 (compatible; Ezooms/1.0; ezooms.bot@gmail.com)"
69.156.50.80 - - [19/Aug/2013:13:21:49 -0400] "GET /images/banner2.jpg HTTP/1.1" 200 5488 "http://www.michaelbrandwein.com/youth.html" "Mozilla/5.0 (Macintosh; Intel Mac OS X 10_8_2) AppleWebKit/536.26.14 (KHTML, like Gecko) Version/6.0.1 Safari/536.26.14"
69.156.50.80 - - [19/Aug/2013:13:21:49 -0400] "GET /graphics/oval5.jpg HTTP/1.1" 200 14409 "http://www.michaelbrandwein.com/youth.html" "Mozilla/5.0 (Macintosh; Intel Mac OS X 10_8_2) AppleWebKit/536.26.14 (KHTML, like Gecko) Version/6.0.1 Safari/536.26.14"
71.201.142.59 - - [19/Aug/2013:13:56:46 -0400] "GET /graphics/homeadult.jpg HTTP/1.1" 200 18635 "http://www.michaelbrandwein.com/" "Mozilla/5.0 (Windows NT 6.0; rv:23.0) Gecko/20100101 Firefox/23.0"
71.201.142.59 - - [19/Aug/2013:13:56:46 -0400] "GET /graphics/homeadult2.jpg HTTP/1.1" 200 19380 "http://www.michaelbrandwein.com/" "Mozilla/5.0 (Windows NT 6.0; rv:23.0) Gecko/20100101 Firefox/23.0"
157.55.32.39 - - [19/Aug/2013:23:32:52 -0400] "GET /ytopics/organizations/workdirectly/howtograbandkeepattention.html HTTP/1.1" 304 - "-" "Mozilla/5.0 (compatible; bingbot/2.0; +http://www.bing.com/bingbot.htm)"
63.199.45.242 - - [19/Aug/2013:15:05:37 -0400] "GET /Scripts/AC_RunActiveContent.js HTTP/1.1" 200 3233 "http://michaelbrandwein.com/yvideopreviews.html" "Mozilla/5.0 (compatible; MSIE 10.0; Windows NT 6.1; Trident/6.0)"
63.199.45.242 - - [19/Aug/2013:15:05:37 -0400] "GET /graphics/get_flash_player.gif HTTP/1.1" 200 1066 "http://michaelbrandwein.com/yvideopreviews.html" "Mozilla/5.0 (compatible; MSIE 10.0; Windows NT 6.1; Trident/6.0)"
63.199.45.242 - - [19/Aug/2013:15:05:37 -0400] "GET /graphics/windowsmedia_masthead_ltr.gif HTTP/1.1" 200 3184 "http://michaelbrandwein.com/yvideopreviews.html" "Mozilla/5.0 (compatible; MSIE 10.0; Windows NT 6.1; Trident/6.0)"
199.21.99.123 - - [19/Aug/2013:16:09:40 -0400] "GET / HTTP/1.1" 200 5960 "-" "Mozilla/5.0 (compatible; YandexBot/3.0; +http://yandex.com/bots)"
66.249.75.170 - - [19/Aug/2013:16:56:45 -0400] "GET /products/learningleadership.html HTTP/1.1" 304 - "-" "Mozilla/5.0 (compatible; Googlebot/2.1; +http://www.google.com/bot.html)"
65.55.213.42 - - [19/Aug/2013:01:26:38 -0400] "GET /ytopics/schools/keynotes/ysayings.txt HTTP/1.1" 200 6677 "http://www.michaelbrandwein.com/ytopics/schools/keynotes/showvstell.html" "Mozilla/4.0 (compatible; MSIE 7.0; Windows NT 5.2; SLCC1; .NET CLR 1.1.4325; .NET CLR 2.0.40607; .NET CLR 3.0.30729)"
115.78.237.95 - - [19/Aug/2013:06:21:58 -0400] "GET /graphics/hr2a.jpg HTTP/1.1" 200 8132 "http://www.michaelbrandwein.com/presentations.html" "Mozilla/5.0 (Windows NT 5.1) AppleWebKit/535.2 (KHTML, like Gecko) Chrome/15.0.874.121 Safari/535.2"
115.78.237.95 - - [19/Aug/2013:06:21:58 -0400] "GET /sayings.txt HTTP/1.1" 200 6460 "http://www.michaelbrandwein.com/presentations.html" "Mozilla/5.0 (Windows NT 5.1) AppleWebKit/535.2 (KHTML, like Gecko) Chrome/15.0.874.121 Safari/535.2"
208.115.111.72 - - [19/Aug/2013:09:48:40 -0400] "GET /ytopics/organizations/supervise/howtospeak.html HTTP/1.1" 200 12405 "-" "Mozilla/5.0 (compatible; Ezooms/1.0; ezooms.bot@gmail.com)"
64.125.175.43 - - [19/Aug/2013:11:04:02 -0400] "GET /graphics/hry2.jpg HTTP/1.1" 200 305 "http://www.michaelbrandwein.com/yleadership.html" "Mozilla/5.0 (compatible; MSIE 9.0; Windows NT 6.1; WOW64; Trident/5.0)"
64.125.175.43 - - [19/Aug/2013:11:04:02 -0400] "GET /favicon.ico HTTP/1.1" 404 575 "-" "Mozilla/5.0 (compatible; MSIE 9.0; Windows NT 6.1; WOW64; Trident/5.0)"
71.201.142.59 - - [19/Aug/2013:13:40:42 -0400] "GET /ytopics/camp/training/staff/ysayings.txt HTTP/1.1" 200 6677 "http://www.michaelbrandwein.com/ytopics/camp/training/staff/laserbeam.html" "Mozilla/5.0 (Windows NT 6.0; rv:23.0) Gecko/20100101 Firefox/23.0"
71.201.142.59 - - [19/Aug/2013:13:57:11 -0400] "GET /ytopics/camp/training/session/pulsetaking.html HTTP/1.1" 200 10744 "http://www.michaelbrandwein.com/ycamptraining.html" "Mozilla/5.0 (Windows NT 6.0; rv:23.0) Gecko/20100101 Firefox/23.0"
71.201.142.59 - - [19/Aug/2013:13:57:12 -0400] "GET /ytopics/camp/training/session/ysayings.txt HTTP/1.1" 200 6677 "http://www.michaelbrandwein.com/ytopics/camp/training/session/pulsetaking.html" "Mozilla/5.0 (Windows NT 6.0; rv:23.0) Gecko/20100101 Firefox/23.0"
75.184.18.222 - - [19/Aug/2013:16:27:00 -0400] "GET /favicon.ico HTTP/1.1" 404 575 "-" "Mozilla/5.0 (compatible; MSIE 9.0; Windows NT 6.0; Trident/5.0)"
99.226.79.243 - - [19/Aug/2013:17:38:23 -0400] "GET /graphics/bodym.jpg HTTP/1.1" 200 28996 "http://www.michaelbrandwein.com/" "Mozilla/5.0 (Windows NT 6.1; WOW64) AppleWebKit/537.36 (KHTML, like Gecko) Chrome/28.0.1500.95 Safari/537.36"
99.226.79.243 - - [19/Aug/2013:17:38:23 -0400] "GET /graphics/bhomeenter3.jpg HTTP/1.1" 404 575 "http://www.michaelbrandwein.com/" "Mozilla/5.0 (Windows NT 6.1; WOW64) AppleWebKit/537.36 (KHTML, like Gecko) Chrome/28.0.1500.95 Safari/537.36"
27.55.220.29 - - [19/Aug/2013:04:55:26 -0400] "GET /presentations.html HTTP/1.1" 200 12384 "-" "Mozilla/5.0 (iPad; CPU OS 6_0_1 like Mac OS X) AppleWebKit/536.26 (KHTML, like Gecko) Version/6.0 Mobile/10A523 Safari/8536.25"
157.55.32.149 - - [19/Aug/2013:05:18:17 -0400] "GET /robots.txt HTTP/1.1" 404 575 "-" "Mozilla/5.0 (compatible; bingbot/2.0; +http://www.bing.com/bingbot.htm)"
173.70.141.147 - - [19/Aug/2013:20:53:16 -0400] "GET /acomments/assoclegaladmin.html HTTP/1.1" 200 9357 "-" "panscient.com"
173.70.141.147 - - [19/Aug/2013:20:53:18 -0400] "GET /acomments/profconvmgrsassoc.html HTTP/1.1" 200 11097 "-" "panscient.com"
173.70.141.147 - - [19/Aug/2013:20:53:19 -0400] "GET /acomments/eastmankodak.html HTTP/1.1" 200 8802 "-" "panscient.com"
173.70.141.147 - - [19/Aug/2013:20:53:21 -0400] "GET /ytopics/schools/students/ysayings.txt HTTP/1.1" 200 6677 "-" "panscient.com"
173.70.141.147 - - [19/Aug/2013:20:53:22 -0400] "GET /ytopics/camp/training/session/ysayings.txt HTTP/1.1" 200 6677 "-" "panscient.com"
173.70.141.147 - - [19/Aug/2013:20:53:23 -0400] "GET /ytopics/organizations/workdirectly/talkingitout.html HTTP/1.1" 200 12125 "-" "panscient.com"
173.70.141.147 - - [19/Aug/2013:20:53:25 -0400] "GET /ytopics/organizations/keynotes/houdinisgreatestsecrets.html HTTP/1.1" 200 11566 "-" "panscient.com"
173.70.141.147 - - [19/Aug/2013:20:53:26 -0400] "GET /presentations.html HTTP/1.1" 200 12384 "-" "panscient.com"
208.115.111.72 - - [19/Aug/2013:21:47:55 -0400] "GET /ytopics/camp/conferences/teachingstuffthatsticks.html HTTP/1.1" 200 10600 "-" "Mozilla/5.0 (compatible; Ezooms/1.0; ezooms.bot@gmail.com)"
199.21.99.123 - - [19/Aug/2013:00:31:48 -0400] "GET /robots.txt HTTP/1.1" 404 575 "-" "Mozilla/5.0 (compatible; YandexBot/3.0; +http://yandex.com/bots)"
178.154.243.82 - - [19/Aug/2013:01:05:57 -0400] "GET /images/youthhome.jpg HTTP/1.1" 304 - "-" "Mozilla/5.0 (compatible; YandexImages/3.0; +http://yandex.com/bots)"
178.154.243.94 - - [19/Aug/2013:01:42:25 -0400] "GET / HTTP/1.1" 200 5960 "-" "Mozilla/5.0 (compatible; YandexBot/3.0; +http://yandex.com/bots)"
208.115.111.72 - - [19/Aug/2013:02:00:42 -0400] "GET /ytopics/camp/training/session/programboosters.html HTTP/1.1" 200 10775 "-" "Mozilla/5.0 (compatible; Ezooms/1.0; ezooms.bot@gmail.com)"
24.107.68.203 - - [19/Aug/2013:22:37:39 -0400] "GET /graphics/hry2.jpg HTTP/1.1" 200 305 "http://www.michaelbrandwein.com/ycamptraining.html" "Mozilla/5.0 (iPad; CPU OS 6_1_3 like Mac OS X) AppleWebKit/536.26 (KHTML, like Gecko) Version/6.0 Mobile/10B329 Safari/8536.25"
173.16.234.228 - - [19/Aug/2013:23:12:18 -0400] "GET /yorganizations.html HTTP/1.1" 200 19737 "http://www.michaelbrandwein.com/youth.html" "Mozilla/5.0 (Windows NT 6.1; WOW64; rv:23.0) Gecko/20100101 Firefox/23.0"
131.253.24.73 - - [19/Aug/2013:12:26:59 -0400] "GET /ytopics/leadership/sportsmanshipleadership.html HTTP/1.1" 200 11050 "-" "Mozilla/4.0 (compatible; MSIE 7.0; Windows NT 5.2; SLCC1; .NET CLR 1.1.4322; .NET CLR 2.0.50727; .NET CLR 3.0.30729; .NET CLR 3.5.30729; MS-RTC LM 8)"
131.253.24.73 - - [19/Aug/2013:12:27:00 -0400] "GET /css/youth.css HTTP/1.1" 200 8470 "http://www.michaelbrandwein.com/ytopics/leadership/sportsmanshipleadership.html" "Mozilla/4.0 (compatible; MSIE 7.0; Windows NT 5.2; SLCC1; .NET CLR 1.1.4322; .NET CLR 2.0.50727; .NET CLR 3.0.30729; .NET CLR 3.5.30729; MS-RTC LM 8)"
131.253.24.73 - - [19/Aug/2013:12:27:01 -0400] "GET /ytopics/leadership/ysayings.txt HTTP/1.1" 200 6677 "http://www.michaelbrandwein.com/ytopics/leadership/sportsmanshipleadership.html" "Mozilla/4.0 (compatible; MSIE 7.0; Windows NT 5.2; SLCC1; .NET CLR 1.1.4322; .NET CLR 2.0.50727; .NET CLR 3.0.30729; .NET CLR 3.5.30729; MS-RTC LM 8)"
210.19.133.227 - - [19/Aug/2013:03:31:33 -0400] "GET /images/sotd_frontcover275.jpg HTTP/1.1" 200 90363 "http://www.google.com/search?q=best+selling+books&source=lnms&tbm=isch&sa=X&ei=nckRUrfaHoayrAeWzIDQBQ&ved=0CAgQ_AUoAA&biw=320&bih=356" "Mozilla/5.0 (iPhone; CPU iPhone OS 6_1_3 like Mac OS X) AppleWebKit/536.26 (KHTML, like Gecko) Version/6.0 Mobile/10B329 Safari/8536.25"
63.199.45.242 - - [19/Aug/2013:15:05:37 -0400] "GET /graphics/hry2.jpg HTTP/1.1" 304 - "http://michaelbrandwein.com/yvideopreviews.html" "Mozilla/5.0 (compatible; MSIE 10.0; Windows NT 6.1; Trident/6.0)"
63.199.45.242 - - [19/Aug/2013:15:05:37 -0400] "GET /images/Key-note-excerpt-5100.jpg HTTP/1.1" 200 8646 "http://michaelbrandwein.com/yvideopreviews.html" "Mozilla/5.0 (compatible; MSIE 10.0; Windows NT 6.1; Trident/6.0)"
75.184.18.222 - - [19/Aug/2013:16:26:59 -0400] "GET /atopics/workingsmarter.html HTTP/1.1" 200 8512 "http://www.michaelbrandwein.com/presentations.html" "Mozilla/5.0 (compatible; MSIE 9.0; Windows NT 6.0; Trident/5.0)"
75.184.18.222 - - [19/Aug/2013:16:27:00 -0400] "GET /images/banner2.jpg HTTP/1.1" 304 - "http://www.michaelbrandwein.com/atopics/workingsmarter.html" "Mozilla/5.0 (compatible; MSIE 9.0; Windows NT 6.0; Trident/5.0)"
157.55.32.149 - - [19/Aug/2013:18:29:30 -0400] "GET /ytopics/camp/training/staff/buildingbetterchildren.html HTTP/1.1" 200 11593 "-" "Mozilla/5.0 (compatible; bingbot/2.0; +http://www.bing.com/bingbot.htm)"
208.115.111.72 - - [19/Aug/2013:20:47:56 -0400] "GET /robots.txt HTTP/1.1" 404 575 "-" "Mozilla/5.0 (compatible; Ezooms/1.0; ezooms.bot@gmail.com)"
173.70.141.147 - - [19/Aug/2013:20:51:49 -0400] "GET /video/k1.html HTTP/1.1" 200 4024 "-" "panscient.com"
92.249.127.111 - - [19/Aug/2013:04:46:08 -0400] "GET /atopics/conflictcommunication.html HTTP/1.1" 200 8923 "http://www.bravica.mobi/ru/" "Mozilla/5.0 (compatible; news bot /2.1)"
92.226.224.67 - - [19/Aug/2013:07:54:07 -0400] "GET /participantcomments.html HTTP/1.1" 200 37033 "http://www.google.com" "Mozilla/5.0 (Windows; U; Windows NT 5.1; en-US; rv:1.9.0.14) Gecko/2009082707 Firefox/3.0.14 (.NET CLR 3.5.30729)"
208.115.113.88 - - [19/Aug/2013:07:54:13 -0400] "GET /ytopics/schools/keynotes/showvstell.html HTTP/1.1" 200 10958 "-" "Mozilla/5.0 (compatible; Ezooms/1.0; ezooms.bot@gmail.com)"
65.51.179.190 - - [19/Aug/2013:08:37:32 -0400] "GET /products/trainingterrificstaff_clip_image002.jpg HTTP/1.1" 200 10083 "http://thecampdirector.com/2012/04/22/summer-camp-jobs-from-the-american-camp-association-job-list-for-april-15-2012/" "Mozilla/5.0 (Windows NT 5.1; rv:15.0) Gecko/20100101 Firefox/15.0"
157.55.32.149 - - [19/Aug/2013:18:28:54 -0400] "GET /robots.txt HTTP/1.1" 404 575 "-" "Mozilla/5.0 (compatible; bingbot/2.0; +http://www.bing.com/bingbot.htm)"
69.156.50.80 - - [19/Aug/2013:13:17:47 -0400] "GET /graphics/bodyy.gif HTTP/1.1" 200 124 "http://www.michaelbrandwein.com/" "Mozilla/5.0 (Macintosh; Intel Mac OS X 10_8_2) AppleWebKit/536.26.14 (KHTML, like Gecko) Version/6.0.1 Safari/536.26.14"
50.17.98.87 - - [19/Aug/2013:21:11:11 -0400] "GET /robots.txt HTTP/1.1" 404 575 "-" "Python-urllib/2.6"
208.115.113.88 - - [19/Aug/2013:22:51:46 -0400] "GET /robots.txt HTTP/1.1" 404 575 "-" "Mozilla/5.0 (compatible; Ezooms/1.0; ezooms.bot@gmail.com)"
75.82.134.6 - - [19/Aug/2013:00:42:02 -0400] "GET /graphics/bodym.jpg HTTP/1.1" 200 28996 "http://www.michaelbrandwein.com/" "Mozilla/5.0 (Windows NT 6.1; WOW64; rv:23.0) Gecko/20100101 Firefox/23.0"
75.82.134.6 - - [19/Aug/2013:00:42:02 -0400] "GET /graphics/bhomeenter3.jpg HTTP/1.1" 404 575 "http://www.michaelbrandwein.com/" "Mozilla/5.0 (Windows NT 6.1; WOW64; rv:23.0) Gecko/20100101 Firefox/23.0"
75.82.134.6 - - [19/Aug/2013:00:42:02 -0400] "GET /favicon.ico HTTP/1.1" 404 575 "-" "Mozilla/5.0 (Windows NT 6.1; WOW64; rv:23.0) Gecko/20100101 Firefox/23.0"
70.34.144.114 - - [19/Aug/2013:16:49:29 -0400] "POST /cgi-bin/FormMail.ycontact.pl HTTP/1.1" 302 - "http://www.michaelbrandwein.com/ycontact.html" "Mozilla/5.0 (Windows NT 6.1; WOW64) AppleWebKit/537.36 (KHTML, like Gecko) Chrome/28.0.1500.95 Safari/537.36"
70.34.144.114 - - [19/Aug/2013:16:49:29 -0400] "GET /ythankyoucontact.html HTTP/1.1" 200 9647 "http://www.michaelbrandwein.com/ycontact.html" "Mozilla/5.0 (Windows NT 6.1; WOW64) AppleWebKit/537.36 (KHTML, like Gecko) Chrome/28.0.1500.95 Safari/537.36"
70.34.144.114 - - [19/Aug/2013:16:49:30 -0400] "GET /favicon.ico HTTP/1.1" 404 575 "-" "Mozilla/5.0 (Windows NT 6.1; WOW64) AppleWebKit/537.36 (KHTML, like Gecko) Chrome/28.0.1500.95 Safari/537.36"
208.115.113.88 - - [19/Aug/2013:18:50:14 -0400] "GET /robots.txt HTTP/1.1" 404 575 "-" "Mozilla/5.0 (compatible; Ezooms/1.0; ezooms.bot@gmail.com)"
24.107.68.203 - - [19/Aug/2013:22:37:38 -0400] "GET /css/youth.css HTTP/1.1" 200 8470 "http://www.michaelbrandwein.com/ycamptraining.html" "Mozilla/5.0 (iPad; CPU OS 6_1_3 like Mac OS X) AppleWebKit/536.26 (KHTML, like Gecko) Version/6.0 Mobile/10B329 Safari/8536.25"
24.107.68.203 - - [19/Aug/2013:22:37:39 -0400] "GET /graphics/logoin.jpg HTTP/1.1" 200 14869 "http://www.michaelbrandwein.com/ycamptraining.html" "Mozilla/5.0 (iPad; CPU OS 6_1_3 like Mac OS X) AppleWebKit/536.26 (KHTML, like Gecko) Version/6.0 Mobile/10B329 Safari/8536.25"
66.249.75.94 - - [19/Aug/2013:07:00:15 -0400] "GET / HTTP/1.1" 200 5960 "-" "Mozilla/5.0 (compatible; Googlebot/2.1; +http://www.google.com/bot.html)"
170.185.172.19 - - [19/Aug/2013:08:44:02 -0400] "GET /products/trainingterrificstaff_clip_image002.jpg HTTP/1.1" 200 10083 "http://thecampdirector.com/" "Mozilla/5.0 (compatible; MSIE 9.0; Windows NT 6.1; WOW64; Trident/5.0)"
98.221.104.83 - - [19/Aug/2013:13:10:52 -0400] "GET /images/yresources.jpg HTTP/1.1" 200 43351 "http://michaelbrandwein.com/yresources.html" "Mozilla/5.0 (compatible; MSIE 10.0; Windows NT 6.1; Trident/6.0; EIE10;ENUSWOL)"
98.221.104.83 - - [19/Aug/2013:13:10:52 -0400] "GET /images/learningleadershipdvd118.jpg HTTP/1.1" 200 13789 "http://michaelbrandwein.com/yresources.html" "Mozilla/5.0 (compatible; MSIE 10.0; Windows NT 6.1; Trident/6.0; EIE10;ENUSWOL)"
98.221.104.83 - - [19/Aug/2013:13:10:53 -0400] "GET /graphics/get_flash_player.gif HTTP/1.1" 200 1066 "http://michaelbrandwein.com/yresources.html" "Mozilla/5.0 (compatible; MSIE 10.0; Windows NT 6.1; Trident/6.0; EIE10;ENUSWOL)"
69.156.50.80 - - [19/Aug/2013:13:17:47 -0400] "GET /favicon.ico HTTP/1.1" 404 575 "http://www.michaelbrandwein.com/" "Mozilla/5.0 (Macintosh; Intel Mac OS X 10_8_2) AppleWebKit/536.26.14 (KHTML, like Gecko) Version/6.0.1 Safari/536.26.14"
64.125.175.43 - - [19/Aug/2013:11:04:02 -0400] "GET /images/banner2.jpg HTTP/1.1" 200 5488 "http://www.michaelbrandwein.com/yleadership.html" "Mozilla/5.0 (compatible; MSIE 9.0; Windows NT 6.1; WOW64; Trident/5.0)"
173.61.133.136 - - [19/Aug/2013:11:47:15 -0400] "GET /products/learningleadership_clip_image002.jpg HTTP/1.1" 200 10525 "http://thecampdirector.com/" "Mozilla/5.0 (Macintosh; Intel Mac OS X 10_6_8) AppleWebKit/534.59.8 (KHTML, like Gecko) Version/5.1.9 Safari/534.59.8"
71.201.142.59 - - [19/Aug/2013:13:39:43 -0400] "GET /css/youth.css HTTP/1.1" 200 8470 "http://www.michaelbrandwein.com/youth.html" "Mozilla/5.0 (Windows NT 6.0; rv:23.0) Gecko/20100101 Firefox/23.0"
71.201.142.59 - - [19/Aug/2013:13:39:44 -0400] "GET /graphics/oval6.jpg HTTP/1.1" 200 3369 "http://www.michaelbrandwein.com/youth.html" "Mozilla/5.0 (Windows NT 6.0; rv:23.0) Gecko/20100101 Firefox/23.0"
69.156.50.80 - - [19/Aug/2013:17:10:47 -0400] "GET /graphics/homeadult.jpg HTTP/1.1" 200 18635 "http://www.michaelbrandwein.com/index.html" "Mozilla/5.0 (Macintosh; Intel Mac OS X 10_8_2) AppleWebKit/536.26.14 (KHTML, like Gecko) Version/6.0.1 Safari/536.26.14"
115.78.237.95 - - [19/Aug/2013:06:21:57 -0400] "GET /css/adult.css HTTP/1.1" 200 6290 "http://www.michaelbrandwein.com/presentations.html" "Mozilla/5.0 (Windows NT 5.1) AppleWebKit/535.2 (KHTML, like Gecko) Chrome/15.0.874.121 Safari/535.2"
115.78.237.95 - - [19/Aug/2013:06:21:57 -0400] "GET /graphics/logoin.jpg HTTP/1.1" 200 14869 "http://www.michaelbrandwein.com/presentations.html" "Mozilla/5.0 (Windows NT 5.1) AppleWebKit/535.2 (KHTML, like Gecko) Chrome/15.0.874.121 Safari/535.2"
37.59.54.136 - - [19/Aug/2013:19:15:05 -0400] "GET /participantcomments.html HTTP/1.0" 200 37033 "http://www.michaelbrandwein.com/participantcomments.html" "Mozilla/5.0 (Windows; U; Windows NT 5.1; en-US) AppleWebKit/534.16 (KHTML, like Gecko) Chrome/10.0.648.204 Safari/534.16"
218.93.127.107 - - [19/Aug/2013:16:11:24 -0400] "GET /ytopics/camp/conferences/nomeansknow.html HTTP/1.0" 200 10569 "http://www.michaelbrandwein.com/ytopics/camp/conferences/nomeansknow.html" "Opera/9.80 (Windows NT 6.1; WOW64) Presto/2.12.388 Version/12.10"
195.242.218.133 - - [19/Aug/2013:18:10:21 -0400] "GET /atopics/conflictcommunication.html HTTP/1.1" 200 8923 "http://en.winpm.ws/" "Mozilla/4.0 (compatible; MSIE 6.0; Windows NT 5.1; SV1; FunWebProducts; MRA 4.6 (build 01425); .NET CLR 1.1.4322; .NET CLR 2.0.50727)"
157.55.35.79 - - [19/Aug/2013:10:37:10 -0400] "GET /robots.txt HTTP/1.1" 404 575 "-" "Mozilla/5.0 (compatible; bingbot/2.0; +http://www.bing.com/bingbot.htm)"
66.249.75.170 - - [19/Aug/2013:12:08:09 -0400] "GET /yproducts.html HTTP/1.1" 304 - "-" "DoCoMo/2.0 N905i(c100;TB;W24H16) (compatible; Googlebot-Mobile/2.1; +http://www.google.com/bot.html)"
69.30.238.162 - - [19/Aug/2013:22:04:49 -0400] "GET /robots.txt HTTP/1.0" 404 575 "-" "Mozilla/5.0 (compatible; MJ12bot/v1.4.3; http://www.majestic12.co.uk/bot.php?+)"
75.82.134.6 - - [19/Aug/2013:00:42:02 -0400] "GET /graphics/logoin.jpg HTTP/1.1" 200 14869 "http://www.michaelbrandwein.com/" "Mozilla/5.0 (Windows NT 6.1; WOW64; rv:23.0) Gecko/20100101 Firefox/23.0"
75.82.134.6 - - [19/Aug/2013:00:42:02 -0400] "GET /favicon.ico HTTP/1.1" 404 575 "-" "Mozilla/5.0 (Windows NT 6.1; WOW64; rv:23.0) Gecko/20100101 Firefox/23.0"
125.18.12.86 - - [19/Aug/2013:01:58:10 -0400] "GET /presentations.html HTTP/1.1" 200 12384 "http://www.google.co.in/url?sa=t&rct=j&q=business%20topics%20for%20presentation&source=web&cd=3&cad=rja&ved=0CFAQFjAC&url=http%3A%2F%2Fwww.michaelbrandwein.com%2Fpresentations.html&ei=4bMRUoWkF87rrAeF3YDIBw&usg=AFQjCNE8ZOJzjyds3xDmTTzj43s7X6aVRg&bvm=bv.50768961,d.bmk" "Mozilla/5.0 (Windows NT 6.1) AppleWebKit/537.35 (KHTML, like Gecko) Chrome/27.0.1444.3 Safari/537.35"
125.18.12.86 - - [19/Aug/2013:01:58:11 -0400] "GET /css/adult.css HTTP/1.1" 200 6290 "http://www.michaelbrandwein.com/presentations.html" "Mozilla/5.0 (Windows NT 6.1) AppleWebKit/537.35 (KHTML, like Gecko) Chrome/27.0.1444.3 Safari/537.35"
125.18.12.86 - - [19/Aug/2013:01:58:14 -0400] "GET /graphics/dot.gif HTTP/1.1" 200 114 "http://www.michaelbrandwein.com/presentations.html" "Mozilla/5.0 (Windows NT 6.1) AppleWebKit/537.35 (KHTML, like Gecko) Chrome/27.0.1444.3 Safari/537.35"
125.18.12.86 - - [19/Aug/2013:01:58:15 -0400] "GET /graphics/logoin.jpg HTTP/1.1" 200 14869 "http://www.michaelbrandwein.com/presentations.html" "Mozilla/5.0 (Windows NT 6.1) AppleWebKit/537.35 (KHTML, like Gecko) Chrome/27.0.1444.3 Safari/537.35"
70.34.144.114 - - [19/Aug/2013:16:44:25 -0400] "GET /css/youth.css HTTP/1.1" 200 8470 "http://www.michaelbrandwein.com/youth.html" "Mozilla/5.0 (Windows NT 6.1; WOW64) AppleWebKit/537.36 (KHTML, like Gecko) Chrome/28.0.1500.95 Safari/537.36"
70.34.144.114 - - [19/Aug/2013:16:44:25 -0400] "GET /images/banner2.jpg HTTP/1.1" 200 5488 "http://www.michaelbrandwein.com/youth.html" "Mozilla/5.0 (Windows NT 6.1; WOW64) AppleWebKit/537.36 (KHTML, like Gecko) Chrome/28.0.1500.95 Safari/537.36"
70.34.144.114 - - [19/Aug/2013:16:44:25 -0400] "GET /graphics/oval6.jpg HTTP/1.1" 200 3369 "http://www.michaelbrandwein.com/youth.html" "Mozilla/5.0 (Windows NT 6.1; WOW64) AppleWebKit/537.36 (KHTML, like Gecko) Chrome/28.0.1500.95 Safari/537.36"
70.34.144.114 - - [19/Aug/2013:16:44:26 -0400] "GET /graphics/oval5.jpg HTTP/1.1" 200 14409 "http://www.michaelbrandwein.com/youth.html" "Mozilla/5.0 (Windows NT 6.1; WOW64) AppleWebKit/537.36 (KHTML, like Gecko) Chrome/28.0.1500.95 Safari/537.36"
210.19.133.227 - - [19/Aug/2013:04:02:50 -0400] "GET /images/sotd_frontcover275.jpg HTTP/1.1" 200 90363 "http://www.google.com/search?q=best+selling+books&source=lnms&tbm=isch&sa=X&ei=nckRUrfaHoayrAeWzIDQBQ&ved=0CAgQ_AUoAA&biw=320&bih=356" "Mozilla/5.0 (iPhone; CPU iPhone OS 6_1_3 like Mac OS X) AppleWebKit/536.26 (KHTML, like Gecko) Version/6.0 Mobile/10B329 Safari/8536.25"
27.55.220.29 - - [19/Aug/2013:04:55:30 -0400] "GET /graphics/logoin.jpg HTTP/1.1" 200 14869 "http://www.michaelbrandwein.com/presentations.html" "Mozilla/5.0 (iPad; CPU OS 6_0_1 like Mac OS X) AppleWebKit/536.26 (KHTML, like Gecko) Version/6.0 Mobile/10A523 Safari/8536.25"
157.55.32.149 - - [19/Aug/2013:05:18:54 -0400] "GET /contact.html HTTP/1.1" 200 14317 "-" "Mozilla/5.0 (compatible; bingbot/2.0; +http://www.bing.com/bingbot.htm)"
66.249.82.170 - - [19/Aug/2013:12:56:24 -0400] "GET / HTTP/1.1" 200 5960 "-" "Mozilla/5.0 (Windows NT 6.1; rv:6.0) Gecko/20110814 Firefox/6.0 Google (+https://developers.google.com/+/web/snippet/)"
66.249.82.170 - - [19/Aug/2013:12:56:25 -0400] "GET /favicon.ico HTTP/1.1" 404 575 "-" "Mozilla/5.0 (Windows NT 6.1; rv:6.0) Gecko/20110814 Firefox/6.0 Google (+https://developers.google.com/+/web/snippet/)"
69.156.50.80 - - [19/Aug/2013:13:21:55 -0400] "GET /index.html HTTP/1.1" 200 5960 "http://www.michaelbrandwein.com/youth.html" "Mozilla/5.0 (Macintosh; Intel Mac OS X 10_8_2) AppleWebKit/536.26.14 (KHTML, like Gecko) Version/6.0.1 Safari/536.26.14"
208.115.113.88 - - [19/Aug/2013:19:53:22 -0400] "GET /ytopics/leadership/uploadingourbrain.html HTTP/1.1" 200 11503 "-" "Mozilla/5.0 (compatible; Ezooms/1.0; ezooms.bot@gmail.com)"
157.55.32.114 - - [19/Aug/2013:21:33:49 -0400] "GET /robots.txt HTTP/1.1" 404 575 "-" "Mozilla/5.0 (compatible; bingbot/2.0; +http://www.bing.com/bingbot.htm)"
