0byt3m1n1
Path:
/
data
/
0
/
0
/
64
/
26
/
64026
/
meta
/
65233
/
logs
/
[
Home
]
File: access_log
67.80.85.51 - - [02/Jan/2006:08:40:22 -0500] "GET / HTTP/1.1" 200 1869 "http://www.tropicanadiner.com" "Mozilla/4.0 (compatible; MSIE 6.0; Windows NT 5.0; FunWebProducts; .NET CLR 1.1.4322)"
67.80.85.51 - - [02/Jan/2006:08:40:22 -0500] "GET /_vti_bin/owssvr.dll?UL=1&ACT=4&BUILD=6254&STRMVER=4&CAPREQ=0 HTTP/1.1" 404 225 "-" "Mozilla/4.0 (compatible; MSIE 6.0; Windows NT 5.0; FunWebProducts; .NET CLR 1.1.4322)"
67.80.85.51 - - [02/Jan/2006:08:40:22 -0500] "GET /MSOffice/cltreq.asp?UL=1&ACT=4&BUILD=6254&STRMVER=4&CAPREQ=0 HTTP/1.1" 404 225 "-" "Mozilla/4.0 (compatible; MSIE 6.0; Windows NT 5.0; FunWebProducts; .NET CLR 1.1.4322)"
67.80.85.51 - - [02/Jan/2006:08:40:22 -0500] "GET /_borders/logo104808_lg.gif HTTP/1.1" 200 8699 "http://www.restechservices.com/" "Mozilla/4.0 (compatible; MSIE 6.0; Windows NT 5.0; FunWebProducts; .NET CLR 1.1.4322)"
66.249.66.74 - - [02/Jan/2006:11:33:47 -0500] "GET /robots.txt HTTP/1.1" 404 216 "-" "Mozilla/5.0 (compatible; Googlebot/2.1; +http://www.google.com/bot.html)"
66.249.66.74 - - [02/Jan/2006:11:33:47 -0500] "GET / HTTP/1.1" 200 1869 "-" "Mozilla/5.0 (compatible; Googlebot/2.1; +http://www.google.com/bot.html)"
68.142.250.44 - - [02/Jan/2006:12:19:49 -0500] "GET /robots.txt HTTP/1.0" 404 204 "-" "Mozilla/5.0 (compatible; Yahoo! Slurp; http://help.yahoo.com/help/us/ysearch/slurp)"
68.142.251.176 - - [02/Jan/2006:12:20:07 -0500] "GET / HTTP/1.0" 304 - "-" "Mozilla/5.0 (compatible; Yahoo! Slurp; http://help.yahoo.com/help/us/ysearch/slurp)"
221.128.138.180 - - [04/Jan/2006:07:28:06 -0500] "GET / HTTP/1.1" 200 1869 "-" "Mozilla/4.0 (compatible; MSIE 6.0; Windows NT 5.1; SV1)"
221.128.138.180 - - [04/Jan/2006:07:28:11 -0500] "GET /_borders/logo104808_lg.gif HTTP/1.1" 200 8699 "http://www.restechservices.com/" "Mozilla/4.0 (compatible; MSIE 6.0; Windows NT 5.1; SV1)"
68.142.249.113 - - [05/Jan/2006:21:37:33 -0500] "GET /robots.txt HTTP/1.0" 404 204 "-" "Mozilla/5.0 (compatible; Yahoo! Slurp; http://help.yahoo.com/help/us/ysearch/slurp)"
67.80.85.51 - - [05/Jan/2006:22:54:44 -0500] "GET / HTTP/1.1" 200 1869 "http://www.tropicanadiner.com" "Mozilla/4.0 (compatible; MSIE 6.0; Windows NT 5.1; SV1; .NET CLR 1.1.4322)"
67.80.85.51 - - [05/Jan/2006:22:54:45 -0500] "GET /_borders/logo104808_lg.gif HTTP/1.1" 200 8699 "http://www.restechservices.com/" "Mozilla/4.0 (compatible; MSIE 6.0; Windows NT 5.1; SV1; .NET CLR 1.1.4322)"
221.128.138.100 - - [06/Jan/2006:02:26:44 -0500] "GET / HTTP/1.1" 304 - "-" "Mozilla/4.0 (compatible; MSIE 6.0; Windows NT 5.1; SV1)"
221.128.138.100 - - [06/Jan/2006:02:26:50 -0500] "GET /_borders/logo104808_lg.gif HTTP/1.1" 304 - "http://www.restechservices.com/" "Mozilla/4.0 (compatible; MSIE 6.0; Windows NT 5.1; SV1)"
68.142.249.113 - - [06/Jan/2006:09:53:51 -0500] "GET /robots.txt HTTP/1.0" 404 204 "-" "Mozilla/5.0 (compatible; Yahoo! Slurp; http://help.yahoo.com/help/us/ysearch/slurp)"
209.191.65.111 - - [06/Jan/2006:23:55:26 -0500] "GET /robots.txt HTTP/1.0" 404 204 "-" "Yahoo-MMCrawler/3.x (mms dash mmcrawler dash support at yahoo dash inc dot com)"
209.191.65.111 - - [06/Jan/2006:23:55:47 -0500] "GET /_borders/logo104808_lg.gif HTTP/1.0" 304 - "-" "Yahoo-MMCrawler/3.x (mms dash mmcrawler dash support at yahoo dash inc dot com)"
67.80.85.51 - - [07/Jan/2006:11:39:21 -0500] "GET /_borders/logo104808_lg.gif HTTP/1.1" 304 - "http://www.restechservices.com" "Mozilla/4.0 (compatible; MSIE 6.0; Windows NT 5.1; SV1; .NET CLR 1.1.4322)"
67.80.85.51 - - [07/Jan/2006:11:39:21 -0500] "GET / HTTP/1.1" 304 - "-" "Mozilla/4.0 (compatible; MSIE 6.0; Windows NT 5.1; SV1; .NET CLR 1.1.4322)"
66.207.118.206 - - [07/Jan/2006:20:38:42 -0500] "GET / HTTP/1.1" 200 1869 "-" "Mozilla/4.0 (compatible; MSIE 5.0; Windows XP) Opera 6.05 [en]"
82.165.183.186 - - [10/Jan/2006:06:51:21 -0500] "GET / HTTP/1.0" 200 1869 "-" "Mozilla/4.0 (compatible; MSIE 5.0; Windows 98; DigExt)"
85.152.82.66 - - [12/Jan/2006:18:48:27 -0500] "GET / HTTP/1.1" 200 1869 "-" "Mozilla/5.0 (Windows; U; Windows NT 5.1; es-ES; rv:1.0.1) Gecko/20020823 Netscape/7.0"
85.152.82.66 - - [12/Jan/2006:18:48:28 -0500] "GET /favicon.ico HTTP/1.1" 404 217 "-" "Mozilla/5.0 (Windows; U; Windows NT 5.1; es-ES; rv:1.0.1) Gecko/20020823 Netscape/7.0"
85.152.82.66 - - [12/Jan/2006:18:48:32 -0500] "GET /_borders/logo104808_lg.gif HTTP/1.1" 200 8699 "http://www.restechservices.com/" "Mozilla/5.0 (Windows; U; Windows NT 5.1; es-ES; rv:1.0.1) Gecko/20020823 Netscape/7.0"
205.236.189.222 - - [14/Jan/2006:13:58:27 -0500] "HEAD / HTTP/1.1" 200 0 "http://www.spidervisit.com" "Mozilla/4.0 (compatible; MSIE 6.0; Windows NT 5.1)"
69.215.155.12 - - [16/Jan/2006:23:27:14 -0500] "GET /_borders/logo104808_lg.gif HTTP/1.1" 200 8699 "http://www.restechservices.com/" "Mozilla/4.0 (compatible; MSIE 6.0; Windows NT 5.0; AT&T CSM6.0; YPC 3.2.0; yplus 5.1.02b)"
69.215.155.12 - - [16/Jan/2006:23:27:14 -0500] "GET / HTTP/1.1" 200 1869 "-" "Mozilla/4.0 (compatible; MSIE 6.0; Windows NT 5.0; AT&T CSM6.0; YPC 3.2.0; yplus 5.1.02b)"
69.215.155.12 - - [16/Jan/2006:23:27:14 -0500] "GET /favicon.ico HTTP/1.1" 404 217 "-" "Mozilla/4.0 (compatible; MSIE 6.0; Windows NT 5.0; AT&T CSM6.0; YPC 3.2.0)"
66.249.66.74 - - [16/Jan/2006:23:38:57 -0500] "GET /robots.txt HTTP/1.1" 404 216 "-" "Mozilla/5.0 (compatible; Googlebot/2.1; +http://www.google.com/bot.html)"
66.249.66.74 - - [16/Jan/2006:23:38:57 -0500] "GET / HTTP/1.1" 200 1869 "-" "Mozilla/5.0 (compatible; Googlebot/2.1; +http://www.google.com/bot.html)"
66.155.235.154 - - [17/Jan/2006:17:54:37 -0500] "GET / HTTP/1.0" 200 1869 "http://www.google.com/search?hl=en&q=restechservices" "Mozilla/4.0 (compatible; MSIE 6.0; Windows NT 5.1; SV1; .NET CLR 1.1.4322)"
66.155.235.154 - - [17/Jan/2006:17:54:38 -0500] "GET /_borders/logo104808_lg.gif HTTP/1.0" 200 8699 "http://restechservices.com/" "Mozilla/4.0 (compatible; MSIE 6.0; Windows NT 5.1; SV1; .NET CLR 1.1.4322)"
66.155.235.154 - - [17/Jan/2006:17:55:59 -0500] "GET /favicon.ico HTTP/1.0" 404 205 "-" "Mozilla/4.0 (compatible; MSIE 6.0; Windows NT 5.1; SV1; .NET CLR 1.1.4322)"
85.152.81.67 - - [18/Jan/2006:16:07:57 -0500] "GET / HTTP/1.1" 200 1869 "-" "Mozilla/5.0 (Windows; U; Windows NT 5.1; es-ES; rv:1.0.1) Gecko/20020823 Netscape/7.0"
85.152.81.67 - - [18/Jan/2006:16:07:57 -0500] "GET /favicon.ico HTTP/1.1" 404 217 "-" "Mozilla/5.0 (Windows; U; Windows NT 5.1; es-ES; rv:1.0.1) Gecko/20020823 Netscape/7.0"
85.152.81.67 - - [18/Jan/2006:16:08:02 -0500] "GET /_borders/logo104808_lg.gif HTTP/1.1" 200 8699 "http://www.restechservices.com/" "Mozilla/5.0 (Windows; U; Windows NT 5.1; es-ES; rv:1.0.1) Gecko/20020823 Netscape/7.0"
67.80.85.51 - - [18/Jan/2006:19:16:59 -0500] "GET / HTTP/1.1" 304 - "-" "Mozilla/4.0 (compatible; MSIE 6.0; Windows NT 5.1; SV1; .NET CLR 1.1.4322)"
67.80.85.51 - - [18/Jan/2006:19:17:00 -0500] "GET /_borders/logo104808_lg.gif HTTP/1.1" 304 - "http://www.restechservices.com" "Mozilla/4.0 (compatible; MSIE 6.0; Windows NT 5.1; SV1; .NET CLR 1.1.4322)"
67.80.85.51 - - [19/Jan/2006:08:01:46 -0500] "GET / HTTP/1.1" 304 - "-" "Mozilla/4.0 (compatible; MSIE 6.0; Windows NT 5.1; SV1; .NET CLR 1.1.4322)"
67.80.85.51 - - [19/Jan/2006:08:01:46 -0500] "GET /_borders/logo104808_lg.gif HTTP/1.1" 304 - "http://www.restechservices.com/" "Mozilla/4.0 (compatible; MSIE 6.0; Windows NT 5.1; SV1; .NET CLR 1.1.4322)"
216.165.139.174 - - [19/Jan/2006:17:37:58 -0500] "GET /_borders/logo104808_lg.gif HTTP/1.1" 200 8699 "http://www.restechservices.com/" "Mozilla/4.0 (compatible; MSIE 6.0; Windows NT 5.1; SV1; .NET CLR 1.1.4322; .NET CLR 2.0.50727)"
216.165.139.174 - - [19/Jan/2006:17:37:58 -0500] "GET / HTTP/1.1" 200 1869 "-" "Mozilla/4.0 (compatible; MSIE 6.0; Windows NT 5.1; SV1; .NET CLR 1.1.4322; .NET CLR 2.0.50727)"
216.165.139.174 - - [19/Jan/2006:17:37:59 -0500] "GET /favicon.ico HTTP/1.1" 404 217 "-" "-"
66.249.66.74 - - [21/Jan/2006:05:35:14 -0500] "GET /_borders/logo104808_lg.gif HTTP/1.1" 200 8699 "-" "Googlebot-Image/1.0"
66.249.66.74 - - [21/Jan/2006:05:35:14 -0500] "GET /robots.txt HTTP/1.1" 404 216 "-" "Googlebot-Image/1.0"
209.191.65.111 - - [22/Jan/2006:09:52:10 -0500] "GET /robots.txt HTTP/1.0" 404 204 "-" "Yahoo-MMCrawler/3.x (mms dash mmcrawler dash support at yahoo dash inc dot com)"
209.191.65.111 - - [22/Jan/2006:09:52:19 -0500] "GET /_borders/logo104808_lg.gif HTTP/1.0" 304 - "-" "Yahoo-MMCrawler/3.x (mms dash mmcrawler dash support at yahoo dash inc dot com)"
67.80.85.51 - - [22/Jan/2006:10:31:08 -0500] "GET / HTTP/1.1" 304 - "-" "Mozilla/4.0 (compatible; MSIE 6.0; Windows NT 5.1; SV1; .NET CLR 1.1.4322)"
67.80.85.51 - - [22/Jan/2006:10:31:08 -0500] "GET /_borders/logo104808_lg.gif HTTP/1.1" 304 - "http://www.restechservices.com" "Mozilla/4.0 (compatible; MSIE 6.0; Windows NT 5.1; SV1; .NET CLR 1.1.4322)"
38.118.42.38 - - [24/Jan/2006:14:56:18 -0500] "GET / HTTP/1.1" 200 1869 "-" "Mozilla/4.0 (compatible; MSIE 6.0; Windows XP)"
67.80.85.51 - - [28/Jan/2006:17:44:33 -0500] "GET / HTTP/1.1" 200 1869 "-" "Mozilla/4.0 (compatible; MSIE 6.0; Windows NT 5.1; SV1; .NET CLR 1.1.4322)"
67.80.85.51 - - [28/Jan/2006:17:44:34 -0500] "GET /_borders/logo104808_lg.gif HTTP/1.1" 200 8699 "http://www.restechservices.com" "Mozilla/4.0 (compatible; MSIE 6.0; Windows NT 5.1; SV1; .NET CLR 1.1.4322)"
67.80.85.51 - - [28/Jan/2006:19:10:54 -0500] "GET / HTTP/1.1" 200 1869 "http://www.google.com/search?hl=en&lr=&q=Restechservices" "Mozilla/4.0 (compatible; MSIE 6.0; Windows NT 5.1; SV1; .NET CLR 1.1.4322)"
67.80.85.51 - - [28/Jan/2006:19:10:55 -0500] "GET /_borders/logo104808_lg.gif HTTP/1.1" 304 - "http://restechservices.com/" "Mozilla/4.0 (compatible; MSIE 6.0; Windows NT 5.1; SV1; .NET CLR 1.1.4322)"
67.80.85.51 - - [28/Jan/2006:17:44:33 -0500] "GET / HTTP/1.1" 200 1869 "-" "Mozilla/4.0 (compatible; MSIE 6.0; Windows NT 5.1; SV1; .NET CLR 1.1.4322)"
67.80.85.51 - - [28/Jan/2006:17:44:34 -0500] "GET /_borders/logo104808_lg.gif HTTP/1.1" 200 8699 "http://www.restechservices.com" "Mozilla/4.0 (compatible; MSIE 6.0; Windows NT 5.1; SV1; .NET CLR 1.1.4322)"
67.80.85.51 - - [28/Jan/2006:17:44:33 -0500] "GET / HTTP/1.1" 200 1869 "-" "Mozilla/4.0 (compatible; MSIE 6.0; Windows NT 5.1; SV1; .NET CLR 1.1.4322)"
67.80.85.51 - - [28/Jan/2006:17:44:34 -0500] "GET /_borders/logo104808_lg.gif HTTP/1.1" 200 8699 "http://www.restechservices.com" "Mozilla/4.0 (compatible; MSIE 6.0; Windows NT 5.1; SV1; .NET CLR 1.1.4322)"
67.80.85.51 - - [28/Jan/2006:19:10:54 -0500] "GET / HTTP/1.1" 200 1869 "http://www.google.com/search?hl=en&lr=&q=Restechservices" "Mozilla/4.0 (compatible; MSIE 6.0; Windows NT 5.1; SV1; .NET CLR 1.1.4322)"
67.80.85.51 - - [28/Jan/2006:19:10:55 -0500] "GET /_borders/logo104808_lg.gif HTTP/1.1" 304 - "http://restechservices.com/" "Mozilla/4.0 (compatible; MSIE 6.0; Windows NT 5.1; SV1; .NET CLR 1.1.4322)"
70.226.168.72 - - [07/Feb/2006:17:14:21 -0500] "GET /Mullins/ HTTP/1.1" 404 214 "-" "Mozilla/4.0 (compatible; MSIE 6.0; Windows NT 5.1; FunWebProducts; SV1)"
70.226.168.72 - - [07/Feb/2006:17:14:28 -0500] "GET /Mullins/ HTTP/1.1" 404 214 "-" "Mozilla/4.0 (compatible; MSIE 6.0; Windows NT 5.1; FunWebProducts; SV1)"
67.80.85.51 - - [08/Feb/2006:11:50:06 -0500] "GET / HTTP/1.1" 304 - "http://www.google.com/search?hl=en&lr=&q=ResTechServices.com" "Mozilla/4.0 (compatible; MSIE 6.0; Windows NT 5.1; SV1; .NET CLR 1.1.4322)"
67.80.85.51 - - [08/Feb/2006:11:50:06 -0500] "GET /_borders/logo104808_lg.gif HTTP/1.1" 304 - "http://restechservices.com/" "Mozilla/4.0 (compatible; MSIE 6.0; Windows NT 5.1; SV1; .NET CLR 1.1.4322)"
144.92.184.71 - - [09/Feb/2006:22:16:04 -0500] "GET /mullins/ HTTP/1.1" 404 214 "-" "Mozilla/4.0 (compatible; MSIE 6.0; Windows NT 5.1; SV1; .NET CLR 1.1.4322; .NET CLR 2.0.50727)"
144.92.184.71 - - [09/Feb/2006:22:20:12 -0500] "GET / HTTP/1.1" 200 1912 "-" "Mozilla/4.0 (compatible; MSIE 6.0; Windows NT 5.1; SV1; .NET CLR 1.1.4322; .NET CLR 2.0.50727)"
144.92.184.71 - - [09/Feb/2006:22:20:12 -0500] "GET /_borders/logo104808_lg.gif HTTP/1.1" 200 8699 "http://www.restechservices.com/" "Mozilla/4.0 (compatible; MSIE 6.0; Windows NT 5.1; SV1; .NET CLR 1.1.4322; .NET CLR 2.0.50727)"
68.142.250.47 - - [12/Feb/2006:23:22:16 -0500] "GET /robots.txt HTTP/1.0" 404 204 "-" "Mozilla/5.0 (compatible; Yahoo! Slurp; http://help.yahoo.com/help/us/ysearch/slurp)"
68.142.251.176 - - [12/Feb/2006:23:22:24 -0500] "GET / HTTP/1.0" 304 - "-" "Mozilla/5.0 (compatible; Yahoo! Slurp; http://help.yahoo.com/help/us/ysearch/slurp)"
69.125.19.239 - - [15/Feb/2006:09:12:37 -0500] "GET /_borders/logo104808_lg.gif HTTP/1.1" 200 8699 "http://www.restechservices.com/" "Mozilla/4.0 (compatible; MSIE 6.0; Windows NT 5.1; SV1; .NET CLR 1.1.4322)"
69.125.19.239 - - [15/Feb/2006:09:12:37 -0500] "GET / HTTP/1.1" 200 1912 "-" "Mozilla/4.0 (compatible; MSIE 6.0; Windows NT 5.1; SV1; .NET CLR 1.1.4322)"
69.125.19.239 - - [15/Feb/2006:09:13:02 -0500] "GET / HTTP/1.1" 304 - "-" "Mozilla/4.0 (compatible; MSIE 6.0; Windows NT 5.1; SV1; .NET CLR 1.1.4322)"
69.125.19.239 - - [15/Feb/2006:09:13:02 -0500] "GET /_borders/logo104808_lg.gif HTTP/1.1" 304 - "http://www.restechservices.com/" "Mozilla/4.0 (compatible; MSIE 6.0; Windows NT 5.1; SV1; .NET CLR 1.1.4322)"
68.161.51.147 - - [15/Feb/2006:14:17:02 -0500] "GET / HTTP/1.1" 200 1912 "-" "Mozilla/4.0 (compatible; MSIE 6.0; Windows NT 5.1; SV1; (R1 1.3); .NET CLR 1.0.3705; .NET CLR 1.1.4322)"
68.161.51.147 - - [15/Feb/2006:14:17:02 -0500] "GET /_borders/logo104808_lg.gif HTTP/1.1" 200 8699 "http://www.restechservices.com" "Mozilla/4.0 (compatible; MSIE 6.0; Windows NT 5.1; SV1; (R1 1.3); .NET CLR 1.0.3705; .NET CLR 1.1.4322)"
209.191.65.111 - - [15/Feb/2006:15:31:33 -0500] "GET /robots.txt HTTP/1.0" 404 204 "-" "Yahoo-MMCrawler/3.x (mms dash mmcrawler dash support at yahoo dash inc dot com)"
209.191.65.111 - - [15/Feb/2006:15:31:58 -0500] "GET /_borders/logo104808_lg.gif HTTP/1.0" 304 - "-" "Yahoo-MMCrawler/3.x (mms dash mmcrawler dash support at yahoo dash inc dot com)"
69.125.19.239 - - [15/Feb/2006:22:08:10 -0500] "GET /_borders/logo104808_lg.gif HTTP/1.1" 200 8699 "http://www.restechservices.com/" "Mozilla/4.0 (compatible; MSIE 6.0; Windows NT 5.1; SV1; .NET CLR 1.1.4322)"
69.125.19.239 - - [15/Feb/2006:22:08:10 -0500] "GET / HTTP/1.1" 200 1912 "-" "Mozilla/4.0 (compatible; MSIE 6.0; Windows NT 5.1; SV1; .NET CLR 1.1.4322)"
69.125.19.239 - - [15/Feb/2006:22:33:16 -0500] "GET /_borders/logo104808_lg.gif HTTP/1.1" 304 - "http://restechservices.com/" "Mozilla/4.0 (compatible; MSIE 6.0; Windows NT 5.1; SV1; .NET CLR 1.1.4322)"
69.125.19.239 - - [15/Feb/2006:22:33:16 -0500] "GET / HTTP/1.1" 200 1912 "-" "Mozilla/4.0 (compatible; MSIE 6.0; Windows NT 5.1; SV1; .NET CLR 1.1.4322)"
69.125.19.239 - - [15/Feb/2006:22:59:43 -0500] "GET / HTTP/1.1" 304 - "-" "Mozilla/4.0 (compatible; MSIE 6.0; Windows NT 5.1; SV1; .NET CLR 1.1.4322)"
69.125.19.239 - - [15/Feb/2006:22:59:43 -0500] "GET /_borders/logo104808_lg.gif HTTP/1.1" 304 - "http://www.restechservices.com/" "Mozilla/4.0 (compatible; MSIE 6.0; Windows NT 5.1; SV1; .NET CLR 1.1.4322)"
69.125.19.239 - - [15/Feb/2006:23:00:21 -0500] "GET / HTTP/1.1" 304 - "-" "Mozilla/4.0 (compatible; MSIE 6.0; Windows NT 5.1; SV1; .NET CLR 1.1.4322)"
69.125.19.239 - - [15/Feb/2006:23:00:21 -0500] "GET /_borders/logo104808_lg.gif HTTP/1.1" 304 - "http://www.restechservices.com/" "Mozilla/4.0 (compatible; MSIE 6.0; Windows NT 5.1; SV1; .NET CLR 1.1.4322)"
216.168.237.71 - - [16/Feb/2006:01:21:49 -0500] "GET / HTTP/1.1" 200 1912 "-" "Java1.3.1_07"
221.128.138.243 - - [16/Feb/2006:14:26:15 -0500] "GET / HTTP/1.1" 200 1912 "-" "Mozilla/4.0 (compatible; MSIE 6.0; Windows NT 5.1; SV1)"
221.128.138.243 - - [16/Feb/2006:14:26:16 -0500] "GET /_borders/logo104808_lg.gif HTTP/1.1" 200 8699 "http://www.restechservices.com/" "Mozilla/4.0 (compatible; MSIE 6.0; Windows NT 5.1; SV1)"
69.125.19.239 - - [16/Feb/2006:18:58:18 -0500] "GET / HTTP/1.1" 200 1912 "http://www.tomsawyerdiner.com/direction.html" "Mozilla/4.0 (compatible; MSIE 6.0; Windows NT 5.1; SV1; .NET CLR 1.1.4322)"
69.125.19.239 - - [16/Feb/2006:18:58:19 -0500] "GET /_borders/logo104808_lg.gif HTTP/1.1" 200 8699 "http://www.restechservices.com/" "Mozilla/4.0 (compatible; MSIE 6.0; Windows NT 5.1; SV1; .NET CLR 1.1.4322)"
69.125.19.239 - - [18/Feb/2006:10:09:59 -0500] "GET / HTTP/1.1" 200 1912 "-" "Mozilla/4.0 (compatible; MSIE 6.0; Windows NT 5.1; SV1; .NET CLR 1.1.4322)"
69.125.19.239 - - [18/Feb/2006:10:09:59 -0500] "GET /_borders/logo104808_lg.gif HTTP/1.1" 200 8699 "http://www.restechservices.com/" "Mozilla/4.0 (compatible; MSIE 6.0; Windows NT 5.1; SV1; .NET CLR 1.1.4322)"
66.178.190.231 - - [18/Feb/2006:20:06:19 -0500] "HEAD / HTTP/1.1" 200 0 "http://www.spidervisit.com" "Mozilla/4.0 (compatible; MSIE 6.0; Windows NT 5.1)"