66.249.75.194 - - [17/Aug/2013:01:27:21 -0400] "POST /ArtIsEverywhere/wp-content/plugins/sociable/includes/async_request.php HTTP/1.1" 200 2429 "http://www.ashley-spencer.com/ArtIsEverywhere/category/business/" "Mozilla/5.0 (compatible; Googlebot/2.1; +http://www.google.com/bot.html)"
66.249.75.194 - - [17/Aug/2013:01:38:23 -0400] "GET /ArtIsEverywhere/2011/02/ HTTP/1.1" 200 24326 "-" "Mozilla/5.0 (compatible; Googlebot/2.1; +http://www.google.com/bot.html)"
199.30.16.24 - - [17/Aug/2013:01:49:02 -0400] "GET /ArtIsEverywhere/wp-content/uploads/2008/06/new-front-yard5977b.jpg HTTP/1.1" 200 170788 "-" "msnbot-media/1.1 (+http://search.msn.com/msnbot.htm)"
69.163.160.190 - - [17/Aug/2013:01:52:25 -0400] "POST /ArtIsEverywhere/wp-login.php HTTP/1.1" 403 230 "http://www.ashley-spencer.com/ArtIsEverywhere/wp-login.php" "Mozilla/5.0 (Windows NT 6.1; WOW64; rv:18.0) Gecko/20100101 Firefox/18.0"
50.0.163.148 - - [17/Aug/2013:01:52:41 -0400] "GET /ArtIsEverywhere/wp-content/plugins/sociable/js/async_call.js?ver=3.5.2 HTTP/1.1" 200 206 "http://www.ashley-spencer.com/ArtIsEverywhere/2013/07/artful-abundance-of-summer-produce/" "Mozilla/5.0 (Windows NT 6.0; rv:23.0) Gecko/20100101 Firefox/23.0"
50.0.163.148 - - [17/Aug/2013:01:52:41 -0400] "GET /ArtIsEverywhere/wp-content/plugins/sexycycle-for-wordpress/inc/sexyCycle.css HTTP/1.1" 200 510 "http://www.ashley-spencer.com/ArtIsEverywhere/2013/07/artful-abundance-of-summer-produce/" "Mozilla/5.0 (Windows NT 6.0; rv:23.0) Gecko/20100101 Firefox/23.0"
50.0.163.148 - - [17/Aug/2013:01:52:42 -0400] "GET /ArtIsEverywhere/wp-content/uploads/2013/07/Israeli-supermarket-4_AIE.jpg HTTP/1.1" 200 261868 "http://www.ashley-spencer.com/ArtIsEverywhere/2013/07/artful-abundance-of-summer-produce/" "Mozilla/5.0 (Windows NT 6.0; rv:23.0) Gecko/20100101 Firefox/23.0"
157.56.92.176 - - [17/Aug/2013:01:52:42 -0400] "GET /ArtIsEverywhere/2010/05/oil-spill/trackback/ HTTP/1.1" 302 20 "-" "Mozilla/5.0 (compatible; bingbot/2.0; +http://www.bing.com/bingbot.htm)"
50.0.163.148 - - [17/Aug/2013:01:52:44 -0400] "GET /ArtIsEverywhere/wp-content/uploads/2013/07/Israeli-supermarket-9_AIE.jpg HTTP/1.1" 200 267713 "http://www.ashley-spencer.com/ArtIsEverywhere/2013/07/artful-abundance-of-summer-produce/" "Mozilla/5.0 (Windows NT 6.0; rv:23.0) Gecko/20100101 Firefox/23.0"
50.0.163.148 - - [17/Aug/2013:01:52:45 -0400] "GET /ArtIsEverywhere/wp-content/plugins/sociable/images/more.png HTTP/1.1" 200 1005 "http://www.ashley-spencer.com/ArtIsEverywhere/2013/07/artful-abundance-of-summer-produce/" "Mozilla/5.0 (Windows NT 6.0; rv:23.0) Gecko/20100101 Firefox/23.0"
50.0.163.148 - - [17/Aug/2013:01:52:45 -0400] "GET /ArtIsEverywhere/wp-content/plugins/sociable/images/closelabel.png HTTP/1.1" 200 168 "http://www.ashley-spencer.com/ArtIsEverywhere/2013/07/artful-abundance-of-summer-produce/" "Mozilla/5.0 (Windows NT 6.0; rv:23.0) Gecko/20100101 Firefox/23.0"
50.0.163.148 - - [17/Aug/2013:01:52:45 -0400] "GET /ArtIsEverywhere/wp-content/plugins/si-captcha-for-wordpress/captcha/securimage_show.php?si_form_id=com&prefix=BtAKTVvSxWDCKe1T HTTP/1.1" 200 5706 "http://www.ashley-spencer.com/ArtIsEverywhere/2013/07/artful-abundance-of-summer-produce/" "Mozilla/5.0 (Windows NT 6.0; rv:23.0) Gecko/20100101 Firefox/23.0"
50.0.163.148 - - [17/Aug/2013:01:52:46 -0400] "GET /ArtIsEverywhere/wp-content/plugins/si-captcha-for-wordpress/captcha/images/refresh.png HTTP/1.1" 200 1106 "http://www.ashley-spencer.com/ArtIsEverywhere/2013/07/artful-abundance-of-summer-produce/" "Mozilla/5.0 (Windows NT 6.0; rv:23.0) Gecko/20100101 Firefox/23.0"
50.0.163.148 - - [17/Aug/2013:01:52:46 -0400] "GET /ArtIsEverywhere/wp-content/themes/default/images/kubrickbgcolor.jpg HTTP/1.1" 200 556 "http://www.ashley-spencer.com/ArtIsEverywhere/wp-content/themes/default/style.css" "Mozilla/5.0 (Windows NT 6.0; rv:23.0) Gecko/20100101 Firefox/23.0"
50.0.163.148 - - [17/Aug/2013:01:52:46 -0400] "GET /ArtIsEverywhere/wp-content/themes/default/images/kubrickheader.jpg HTTP/1.1" 200 7868 "http://www.ashley-spencer.com/ArtIsEverywhere/wp-content/themes/default/style.css" "Mozilla/5.0 (Windows NT 6.0; rv:23.0) Gecko/20100101 Firefox/23.0"
71.197.139.172 - - [17/Aug/2013:02:02:02 -0400] "GET /ArtIsEverywhere/wp-content/uploads/2010/10/2architectural-art-murals.jpg HTTP/1.1" 200 93728 "-" "Mozilla/5.0 (iPad; CPU OS 6_1_3 like Mac OS X) AppleWebKit/536.26 (KHTML, like Gecko) Version/6.0 Mobile/10B329 Safari/8536.25"
66.249.80.205 - - [17/Aug/2013:02:09:44 -0400] "GET /ArtIsEverywhere/wp-content/themes/default/images/kubrickfooter.jpg HTTP/1.1" 200 2443 "http://www.ashley-spencer.com/ArtIsEverywhere/2008/08/italian-latte-paper/" "Mozilla/5.0 (X11; Linux x86_64) AppleWebKit/537.4 (KHTML, like Gecko; Google Web Preview) Chrome/22.0.1229 Safari/537.4"
198.143.162.26 - - [17/Aug/2013:02:11:16 -0400] "POST /ArtIsEverywhere/wp-comments-post.php HTTP/1.1" 302 20 "http://www.ashley-spencer.com/ArtIsEverywhere/2009/10/red-bull-the-art-of-can/" "Mozilla/5.0 (iPhone; CPU iPhone OS 6_1_4 like Mac OS X) AppleWebKit/536.26 (KHTML, like Gecko) Version/6.0 Mobile/10B350 Safari/8536.25"
198.143.162.26 - - [17/Aug/2013:02:11:24 -0400] "GET /ArtIsEverywhere/2009/10/red-bull-the-art-of-can/ HTTP/1.1" 200 7376 "http://www.ashley-spencer.com/ArtIsEverywhere/2009/10/red-bull-the-art-of-can/" "Mozilla/5.0 (iPhone; CPU iPhone OS 6_1_4 like Mac OS X) AppleWebKit/536.26 (KHTML, like Gecko) Version/6.0 Mobile/10B350 Safari/8536.25"
66.249.80.205 - - [17/Aug/2013:02:30:20 -0400] "GET /ArtIsEverywhere/wp-content/plugins/sexycycle-for-wordpress/inc/sexyCycle.css HTTP/1.1" 200 510 "http://www.ashley-spencer.com/ArtIsEverywhere/tag/spacesaving-parking/" "Mozilla/5.0 (X11; Linux x86_64) AppleWebKit/537.4 (KHTML, like Gecko; Google Web Preview) Chrome/22.0.1229 Safari/537.4"
66.249.80.205 - - [17/Aug/2013:02:30:20 -0400] "GET /ArtIsEverywhere/wp-content/plugins/sexycycle-for-wordpress/inc/jquery.sexyCycle-packed.js?ver=0.3 HTTP/1.1" 200 1297 "http://www.ashley-spencer.com/ArtIsEverywhere/tag/spacesaving-parking/" "Mozilla/5.0 (X11; Linux x86_64) AppleWebKit/537.4 (KHTML, like Gecko; Google Web Preview) Chrome/22.0.1229 Safari/537.4"
66.249.80.205 - - [17/Aug/2013:02:30:21 -0400] "GET /ArtIsEverywhere/wp-content/themes/default/images/kubrickheader.jpg HTTP/1.1" 200 7868 "http://www.ashley-spencer.com/ArtIsEverywhere/tag/spacesaving-parking/" "Mozilla/5.0 (X11; Linux x86_64) AppleWebKit/537.4 (KHTML, like Gecko; Google Web Preview) Chrome/22.0.1229 Safari/537.4"
66.249.80.205 - - [17/Aug/2013:02:30:21 -0400] "GET /ArtIsEverywhere/wp-content/uploads/2010/07/Wohr1.png HTTP/1.1" 200 369144 "http://www.ashley-spencer.com/ArtIsEverywhere/tag/spacesaving-parking/" "Mozilla/5.0 (X11; Linux x86_64) AppleWebKit/537.4 (KHTML, like Gecko; Google Web Preview) Chrome/22.0.1229 Safari/537.4"
23.29.58.46 - - [17/Aug/2013:02:32:45 -0400] "POST /ArtIsEverywhere/tag/trackback/ HTTP/1.0" 200 20211 "http://dennyfred2013.beep.com/youtubeviews.htm" "PHP/5.2.10"
69.163.169.143 - - [17/Aug/2013:02:48:25 -0400] "POST /ArtIsEverywhere/wp-login.php HTTP/1.1" 403 230 "http://www.ashley-spencer.com/ArtIsEverywhere/wp-login.php" "Mozilla/5.0 (Windows NT 6.1; WOW64; rv:18.0) Gecko/20100101 Firefox/18.0"
121.96.50.185 - - [17/Aug/2013:02:54:23 -0400] "GET /ArtIsEverywhere/wp-content/uploads/2011/04/MO-high-school-mural2_AIE.jpg HTTP/1.1" 200 96793 "-" "Mozilla/5.0 (Windows NT 6.1; rv:22.0) Gecko/20100101 Firefox/22.0"
79.177.224.115 - - [17/Aug/2013:15:00:24 -0400] "GET /ArtIsEverywhere/wp-content/uploads//2008/12/9german-tree.jpg HTTP/1.1" 200 204687 "http://www.ashley-spencer.com/ArtIsEverywhere/2008/12/christmas-trees/" "Mozilla/5.0 (Windows NT 6.2; WOW64) AppleWebKit/537.36 (KHTML, like Gecko) Chrome/28.0.1500.95 Safari/537.36"
184.154.54.219 - - [17/Aug/2013:15:03:17 -0400] "GET /ArtIsEverywhere/2012/02/tropical-getaway/ HTTP/1.1" 200 9179 "http://www.ashley-spencer.com/" "Mozilla/5.0 (compatible; MSIE 10.0; Windows NT 6.2; WOW64; Trident/6.0)"
199.30.24.165 - - [17/Aug/2013:15:11:15 -0400] "GET /ArtIsEverywhere/wp-content/themes/default/images/kubrickheader.jpg HTTP/1.1" 200 7868 "http://www.ashley-spencer.com/ArtIsEverywhere/tag/wish-magazine/" "Mozilla/5.0 (Windows NT 6.1; WOW64) AppleWebKit/534+ (KHTML, like Gecko) BingPreview/1.0b"
24.131.184.36 - - [17/Aug/2013:15:13:23 -0400] "GET /ArtIsEverywhere/wp-content/plugins/sociable/css/sociable.css?ver=3.5.2 HTTP/1.1" 200 1147 "http://www.ashley-spencer.com/ArtIsEverywhere/tag/salt-maze/" "Mozilla/5.0 (Macintosh; Intel Mac OS X 10_8_3) AppleWebKit/536.28.10 (KHTML, like Gecko) Version/6.0.3 Safari/536.28.10"
24.131.184.36 - - [17/Aug/2013:15:13:23 -0400] "GET /ArtIsEverywhere/wp-content/plugins/sociable/js/oPlugin.js?ver=3.5.2 HTTP/1.1" 200 4673 "http://www.ashley-spencer.com/ArtIsEverywhere/tag/salt-maze/" "Mozilla/5.0 (Macintosh; Intel Mac OS X 10_8_3) AppleWebKit/536.28.10 (KHTML, like Gecko) Version/6.0.3 Safari/536.28.10"
24.131.184.36 - - [17/Aug/2013:15:13:23 -0400] "GET /ArtIsEverywhere/wp-content/themes/default/images/kubrickheader.jpg HTTP/1.1" 200 7868 "http://www.ashley-spencer.com/ArtIsEverywhere/tag/salt-maze/" "Mozilla/5.0 (Macintosh; Intel Mac OS X 10_8_3) AppleWebKit/536.28.10 (KHTML, like Gecko) Version/6.0.3 Safari/536.28.10"
24.131.184.36 - - [17/Aug/2013:15:13:24 -0400] "GET /ArtIsEverywhere/wp-content/uploads/2011/07/painted-crab-shell.jpg HTTP/1.1" 200 131501 "http://www.ashley-spencer.com/ArtIsEverywhere/tag/salt-maze/" "Mozilla/5.0 (Macintosh; Intel Mac OS X 10_8_3) AppleWebKit/536.28.10 (KHTML, like Gecko) Version/6.0.3 Safari/536.28.10"
24.131.184.36 - - [17/Aug/2013:15:13:24 -0400] "GET /ArtIsEverywhere/wp-content/uploads//2009/05/winners-emblem.gif HTTP/1.1" 200 10045 "http://www.ashley-spencer.com/ArtIsEverywhere/tag/salt-maze/" "Mozilla/5.0 (Macintosh; Intel Mac OS X 10_8_3) AppleWebKit/536.28.10 (KHTML, like Gecko) Version/6.0.3 Safari/536.28.10"
198.50.174.236 - - [17/Aug/2013:15:26:31 -0400] "GET /?q=user/register HTTP/1.1" 200 4236 "http://www.ashley-spencer.com/ArtIsEverywhere/" "Mozilla/5.0 (X11; Linux x86_64) AppleWebKit/537.36 (KHTML, like Gecko) Chrome/27.0.1453.110 Safari/537.36"
198.50.174.236 - - [17/Aug/2013:15:26:37 -0400] "GET /?q=user HTTP/1.1" 200 4236 "http://www.ashley-spencer.com/" "Mozilla/5.0 (X11; Linux x86_64) AppleWebKit/537.36 (KHTML, like Gecko) Chrome/27.0.1453.110 Safari/537.36"
98.219.21.71 - - [17/Aug/2013:15:38:39 -0400] "GET /ArtIsEverywhere/wp-content/uploads/2012/07/travel-spot-for-work.jpg HTTP/1.1" 200 28132 "https://www.google.com/" "Mozilla/5.0 (iPhone; CPU iPhone OS 6_0_2 like Mac OS X) AppleWebKit/536.26 (KHTML, like Gecko) Version/6.0 Mobile/10A551 Safari/8536.25"
10.30.72.4 - - [17/Aug/2013:15:43:46 -0400] "POST /ArtIsEverywhere/wp-cron.php?doing_wp_cron=1376768626.2722659111022949218750 HTTP/1.0" 200 - "-" "WordPress/3.5.2; http://www.ashley-spencer.com/ArtIsEverywhere"
72.14.199.194 - - [17/Aug/2013:15:44:08 -0400] "GET /ArtIsEverywhere/?feed=rss2 HTTP/1.1" 301 20 "-" "Feedfetcher-Google; (+http://www.google.com/feedfetcher.html; 5 subscribers; feed-id=6163850636247023011)"
66.249.75.194 - - [17/Aug/2013:15:44:34 -0400] "GET /ArtIsEverywhere/wp-content/plugins/si-captcha-for-wordpress/captcha/securimage_show.php?si_form_id=com&prefix=Pz1zTdmBPmAELQAw HTTP/1.1" 200 3592 "-" "Googlebot-Image/1.0"
72.14.199.194 - - [17/Aug/2013:16:14:24 -0400] "GET /ArtIsEverywhere/feed/ HTTP/1.1" 304 - "-" "Feedfetcher-Google; (+http://www.google.com/feedfetcher.html; 12 subscribers; feed-id=8680852512127984400)"
198.50.176.71 - - [17/Aug/2013:16:15:29 -0400] "GET /ArtIsEverywhere/2013/01/boutique-birthday-getaway/ HTTP/1.1" 200 9020 "-" "Mozilla/5.0 (X11; Ubuntu; Linux x86_64; rv:20.0) Gecko/20100101 Firefox/20.0"
66.249.75.194 - - [17/Aug/2013:16:16:38 -0400] "GET /ArtIsEverywhere/tag/artistic-contests/ HTTP/1.1" 200 11622 "-" "Mozilla/5.0 (compatible; Googlebot/2.1; +http://www.google.com/bot.html)"
82.246.32.120 - - [17/Aug/2013:16:20:43 -0400] "GET /ArtIsEverywhere/wp-content/uploads/2010/05/HyperbolicCube_TomHull.png HTTP/1.1" 200 374541 "http://www.google.fr/search?tbm=isch&sa=1&ei=xdoPUvOxC-Wa0AXMuIGABw&q=origami+geometry&oq=origami+eometry&gs_l=mobile-gws-serp.1.0.0i19.67026.68621.0.70709.8.8.0.0.0.2.193.1114.2j6.8.0....0...1c.1.25.mobile-gws-serp..4.4.656.BZDSlYZOplk&biw=320&bih=460&sei=DtsPUrK9GYrG0QWDoIGACg" "Mozilla/5.0 (Linux; U; Android 4.1.2; fr-fr; SAMSUNG GT-I9100P/I9100PXXLSQ Build/JZO54K) AppleWebKit/534.30 (KHTML, like Gecko) Version/4.0 Mobile Safari/534.30"
98.204.160.139 - - [17/Aug/2013:16:22:30 -0400] "GET /ArtIsEverywhere/wp-includes/js/tinymce/themes/advanced/img/trans.gif HTTP/1.1" 200 43 "http://www.ashley-spencer.com/ArtIsEverywhere/wp-admin/post-new.php" "Mozilla/5.0 (Macintosh; Intel Mac OS X 10.7; rv:23.0) Gecko/20100101 Firefox/23.0 AlexaToolbar/pEJVBAuf-2.2 AlexaToolbar/alxf-2.18"
66.249.75.194 - - [17/Aug/2013:16:23:04 -0400] "GET /ArtIsEverywhere/category/casartcoverings-com/slipcovers-for-your-walls-casart-blog/page/2/ HTTP/1.1" 200 35584 "-" "Mozilla/5.0 (iPhone; U; CPU iPhone OS 4_1 like Mac OS X; en-us) AppleWebKit/532.9 (KHTML, like Gecko) Version/4.0.5 Mobile/8B117 Safari/6531.22.7 (compatible; Googlebot-Mobile/2.1; +http://www.google.com/bot.html)"
98.204.160.139 - - [17/Aug/2013:16:29:49 -0400] "POST /ArtIsEverywhere/wp-admin/admin-ajax.php HTTP/1.1" 200 223 "http://www.ashley-spencer.com/ArtIsEverywhere/wp-admin/post-new.php" "Mozilla/5.0 (Macintosh; Intel Mac OS X 10.7; rv:23.0) Gecko/20100101 Firefox/23.0 AlexaToolbar/pEJVBAuf-2.2 AlexaToolbar/alxf-2.18"
66.249.75.194 - - [17/Aug/2013:16:34:18 -0400] "GET /ArtIsEverywhere/category/casartcoverings-com/page/2/ HTTP/1.1" 200 35588 "-" "Mozilla/5.0 (iPhone; U; CPU iPhone OS 4_1 like Mac OS X; en-us) AppleWebKit/532.9 (KHTML, like Gecko) Version/4.0.5 Mobile/8B117 Safari/6531.22.7 (compatible; Googlebot-Mobile/2.1; +http://www.google.com/bot.html)"
199.21.99.103 - - [17/Aug/2013:16:37:50 -0400] "GET /ArtIsEverywhere/tag/cooper-hewitt-exhibition/feed/ HTTP/1.1" 200 3307 "-" "Mozilla/5.0 (compatible; YandexBot/3.0; +http://yandex.com/bots)"
210.188.201.143 - - [17/Aug/2013:16:40:13 -0400] "POST /ArtIsEverywhere/wp-login.php HTTP/1.1" 403 230 "http://www.ashley-spencer.com/ArtIsEverywhere/wp-login.php" "Mozilla/5.0 (Windows NT 6.1; WOW64; rv:18.0) Gecko/20100101 Firefox/18.0"
98.204.160.139 - - [17/Aug/2013:16:46:51 -0400] "GET /ArtIsEverywhere/wp-admin/post.php?post=6115&action=edit HTTP/1.1" 200 26521 "http://www.ashley-spencer.com/ArtIsEverywhere/wp-admin/edit.php" "Mozilla/5.0 (Macintosh; Intel Mac OS X 10.7; rv:23.0) Gecko/20100101 Firefox/23.0 AlexaToolbar/pEJVBAuf-2.2 AlexaToolbar/alxf-2.18"
98.204.160.139 - - [17/Aug/2013:16:46:54 -0400] "GET /ArtIsEverywhere/wp-admin/load-styles.php?c=0&dir=ltr&load=admin-bar,buttons,media-views,wp-admin&ver=3.5.2 HTTP/1.1" 200 30876 "http://www.ashley-spencer.com/ArtIsEverywhere/wp-admin/post.php?post=6115&action=edit" "Mozilla/5.0 (Macintosh; Intel Mac OS X 10.7; rv:23.0) Gecko/20100101 Firefox/23.0 AlexaToolbar/pEJVBAuf-2.2 AlexaToolbar/alxf-2.18"
98.204.160.139 - - [17/Aug/2013:16:46:54 -0400] "GET /ArtIsEverywhere/wp-content/plugins/jetpack/_inc/gallery-settings.js?ver=20121225 HTTP/1.1" 200 479 "http://www.ashley-spencer.com/ArtIsEverywhere/wp-admin/post.php?post=6115&action=edit" "Mozilla/5.0 (Macintosh; Intel Mac OS X 10.7; rv:23.0) Gecko/20100101 Firefox/23.0 AlexaToolbar/pEJVBAuf-2.2 AlexaToolbar/alxf-2.18"
98.204.160.139 - - [17/Aug/2013:16:46:54 -0400] "GET /ArtIsEverywhere/wp-admin/admin-ajax.php?action=atd_settings&ver=20120221 HTTP/1.1" 200 230 "http://www.ashley-spencer.com/ArtIsEverywhere/wp-admin/post.php?post=6115&action=edit" "Mozilla/5.0 (Macintosh; Intel Mac OS X 10.7; rv:23.0) Gecko/20100101 Firefox/23.0 AlexaToolbar/pEJVBAuf-2.2 AlexaToolbar/alxf-2.18"
98.204.160.139 - - [17/Aug/2013:16:46:56 -0400] "GET /ArtIsEverywhere/wp-includes/js/tinymce/wp-tinymce-schema.js?ver=358-24486 HTTP/1.1" 200 8810 "http://www.ashley-spencer.com/ArtIsEverywhere/wp-admin/post.php?post=6115&action=edit" "Mozilla/5.0 (Macintosh; Intel Mac OS X 10.7; rv:23.0) Gecko/20100101 Firefox/23.0 AlexaToolbar/pEJVBAuf-2.2 AlexaToolbar/alxf-2.18"
98.204.160.139 - - [17/Aug/2013:16:46:57 -0400] "GET /ArtIsEverywhere/wp-content/plugins/jetpack/modules/contact-form/images/grunion-menu.png HTTP/1.1" 200 268 "http://www.ashley-spencer.com/ArtIsEverywhere/wp-content/plugins/jetpack/modules/contact-form/css/menu-alter.css?ver=3.5.2" "Mozilla/5.0 (Macintosh; Intel Mac OS X 10.7; rv:23.0) Gecko/20100101 Firefox/23.0 AlexaToolbar/pEJVBAuf-2.2 AlexaToolbar/alxf-2.18"
98.204.160.139 - - [17/Aug/2013:16:46:57 -0400] "GET /ArtIsEverywhere/wp-includes/js/tinymce/plugins/inlinepopups/editor_plugin.js?ver=358-24486 HTTP/1.1" 200 4042 "http://www.ashley-spencer.com/ArtIsEverywhere/wp-admin/post.php?post=6115&action=edit" "Mozilla/5.0 (Macintosh; Intel Mac OS X 10.7; rv:23.0) Gecko/20100101 Firefox/23.0 AlexaToolbar/pEJVBAuf-2.2 AlexaToolbar/alxf-2.18"
98.204.160.139 - - [17/Aug/2013:16:46:57 -0400] "GET /ArtIsEverywhere/wp-includes/js/tinymce/plugins/wpeditimage/editor_plugin.js?ver=358-24486 HTTP/1.1" 200 2327 "http://www.ashley-spencer.com/ArtIsEverywhere/wp-admin/post.php?post=6115&action=edit" "Mozilla/5.0 (Macintosh; Intel Mac OS X 10.7; rv:23.0) Gecko/20100101 Firefox/23.0 AlexaToolbar/pEJVBAuf-2.2 AlexaToolbar/alxf-2.18"
98.204.160.139 - - [17/Aug/2013:16:46:57 -0400] "GET /ArtIsEverywhere/wp-includes/js/tinymce/plugins/wpfullscreen/editor_plugin.js?ver=358-24486 HTTP/1.1" 200 1231 "http://www.ashley-spencer.com/ArtIsEverywhere/wp-admin/post.php?post=6115&action=edit" "Mozilla/5.0 (Macintosh; Intel Mac OS X 10.7; rv:23.0) Gecko/20100101 Firefox/23.0 AlexaToolbar/pEJVBAuf-2.2 AlexaToolbar/alxf-2.18"
98.204.160.139 - - [17/Aug/2013:16:46:57 -0400] "GET /ArtIsEverywhere/wp-includes/js/tinymce/plugins/wpgallery/img/delete-2x.png HTTP/1.1" 200 5064 "http://www.ashley-spencer.com/ArtIsEverywhere/wp-admin/post.php?post=6115&action=edit" "Mozilla/5.0 (Macintosh; Intel Mac OS X 10.7; rv:23.0) Gecko/20100101 Firefox/23.0 AlexaToolbar/pEJVBAuf-2.2 AlexaToolbar/alxf-2.18"
98.204.160.139 - - [17/Aug/2013:16:46:57 -0400] "GET /ArtIsEverywhere/wp-includes/images/down_arrow.gif HTTP/1.1" 200 60 "http://www.ashley-spencer.com/ArtIsEverywhere/wp-includes/css/editor.min.css?ver=3.5.2" "Mozilla/5.0 (Macintosh; Intel Mac OS X 10.7; rv:23.0) Gecko/20100101 Firefox/23.0 AlexaToolbar/pEJVBAuf-2.2 AlexaToolbar/alxf-2.18"
79.136.73.64 - - [17/Aug/2013:16:48:33 -0400] "GET /ArtIsEverywhere/2013/03/art-islip/ HTTP/1.1" 200 7663 "http://www.ashley-spencer.com/" "Mozilla/5.0 (Macintosh; Intel Mac OS X 10.8; rv:21.0) Gecko/20100101 Firefox/21.0"
98.204.160.139 - - [17/Aug/2013:16:53:25 -0400] "POST /ArtIsEverywhere/wp-admin/admin-ajax.php?action=proxy_atd&url=/checkDocument HTTP/1.1" 200 1169 "http://www.ashley-spencer.com/ArtIsEverywhere/wp-admin/post.php?post=6115&action=edit" "Mozilla/5.0 (Macintosh; Intel Mac OS X 10.7; rv:23.0) Gecko/20100101 Firefox/23.0 AlexaToolbar/pEJVBAuf-2.2 AlexaToolbar/alxf-2.18"
5.10.83.10 - - [17/Aug/2013:16:53:44 -0400] "GET /ArtIsEverywhere/2010/05/mothers-day-tribute/comment-page-1/ HTTP/1.1" 200 8563 "-" "Mozilla/5.0 (compatible; AhrefsBot/5.0; +http://ahrefs.com/robot/)"
66.249.81.146 - - [17/Aug/2013:16:58:26 -0400] "GET /ArtIsEverywhere/wp-content/plugins/sociable/js/addtofavorites.js?ver=3.5.2 HTTP/1.1" 200 298 "http://www.ashley-spencer.com/ArtIsEverywhere/2010/10/effen/" "Mozilla/5.0 (X11; Linux x86_64) AppleWebKit/537.4 (KHTML, like Gecko; Google Web Preview) Chrome/22.0.1229 Safari/537.4"
94.242.237.154 - - [17/Aug/2013:17:01:46 -0400] "GET /ArtIsEverywhere/2010/02/shazam-snow-snow-more-snow/ HTTP/1.1" 200 7688 "-" "Mozilla/5.0 (X11; Linux x86_64) AppleWebKit/537.22 (KHTML, like Gecko) Ubuntu Chromium/25.0.1364.160 Chrome/25.0.1364.160 Safari/537.22"
98.204.160.139 - - [17/Aug/2013:17:17:19 -0400] "POST /ArtIsEverywhere/wp-admin/admin-ajax.php HTTP/1.1" 200 201 "http://www.ashley-spencer.com/ArtIsEverywhere/wp-admin/post.php?post=6115&action=edit&message=10" "Mozilla/5.0 (Macintosh; Intel Mac OS X 10.7; rv:23.0) Gecko/20100101 Firefox/23.0 AlexaToolbar/pEJVBAuf-2.2 AlexaToolbar/alxf-2.18"
98.204.160.139 - - [17/Aug/2013:17:19:12 -0400] "GET /ArtIsEverywhere/wp-content/uploads/2013/08/Starry-night_AIE_via-Wikipedia-242x300.png HTTP/1.1" 200 136156 "http://www.ashley-spencer.com/ArtIsEverywhere/wp-admin/post.php?post=6115&action=edit&message=10" "Mozilla/5.0 (Macintosh; Intel Mac OS X 10.7; rv:23.0) Gecko/20100101 Firefox/23.0 AlexaToolbar/pEJVBAuf-2.2 AlexaToolbar/alxf-2.18"
98.204.160.139 - - [17/Aug/2013:17:19:13 -0400] "GET /ArtIsEverywhere/wp-content/uploads/2013/06/gw-1-219x300.png HTTP/1.1" 200 91623 "http://www.ashley-spencer.com/ArtIsEverywhere/wp-admin/post.php?post=6115&action=edit&message=10" "Mozilla/5.0 (Macintosh; Intel Mac OS X 10.7; rv:23.0) Gecko/20100101 Firefox/23.0 AlexaToolbar/pEJVBAuf-2.2 AlexaToolbar/alxf-2.18"
98.204.160.139 - - [17/Aug/2013:17:19:13 -0400] "GET /ArtIsEverywhere/wp-content/uploads/2013/06/Auckland_Otahuhu-railway-station-circa-1909-mural-300x174.jpg HTTP/1.1" 200 21682 "http://www.ashley-spencer.com/ArtIsEverywhere/wp-admin/post.php?post=6115&action=edit&message=10" "Mozilla/5.0 (Macintosh; Intel Mac OS X 10.7; rv:23.0) Gecko/20100101 Firefox/23.0 AlexaToolbar/pEJVBAuf-2.2 AlexaToolbar/alxf-2.18"
98.204.160.139 - - [17/Aug/2013:17:19:13 -0400] "GET /ArtIsEverywhere/wp-content/uploads/2013/06/gI_0_Flatracingondisplay.jpg HTTP/1.1" 200 51796 "http://www.ashley-spencer.com/ArtIsEverywhere/wp-admin/post.php?post=6115&action=edit&message=10" "Mozilla/5.0 (Macintosh; Intel Mac OS X 10.7; rv:23.0) Gecko/20100101 Firefox/23.0 AlexaToolbar/pEJVBAuf-2.2 AlexaToolbar/alxf-2.18"
98.204.160.139 - - [17/Aug/2013:17:19:14 -0400] "GET /ArtIsEverywhere/wp-content/uploads/2013/06/Murals-and-more_camping_Lake-Kalamalka-300x224.jpg HTTP/1.1" 200 24215 "http://www.ashley-spencer.com/ArtIsEverywhere/wp-admin/post.php?post=6115&action=edit&message=10" "Mozilla/5.0 (Macintosh; Intel Mac OS X 10.7; rv:23.0) Gecko/20100101 Firefox/23.0 AlexaToolbar/pEJVBAuf-2.2 AlexaToolbar/alxf-2.18"
66.249.75.194 - - [17/Aug/2013:17:19:50 -0400] "GET /ArtIsEverywhere/tag/won-park/ HTTP/1.1" 200 12544 "-" "Mozilla/5.0 (iPhone; U; CPU iPhone OS 4_1 like Mac OS X; en-us) AppleWebKit/532.9 (KHTML, like Gecko) Version/4.0.5 Mobile/8B117 Safari/6531.22.7 (compatible; Googlebot-Mobile/2.1; +http://www.google.com/bot.html)"
98.243.214.204 - - [17/Aug/2013:17:22:33 -0400] "GET /ArtIsEverywhere/wp-content/uploads//2009/06/ky-hexsign0007b.jpg HTTP/1.1" 200 174485 "-" "Mozilla/5.0 (iPad; CPU OS 6_1_3 like Mac OS X) AppleWebKit/536.26 (KHTML, like Gecko) Version/6.0 Mobile/10B329 Safari/8536.25"
173.194.99.83 - - [17/Aug/2013:17:29:19 -0400] "GET /ArtIsEverywhere/?feed=rss2 HTTP/1.1" 304 - "-" "FeedBurner/1.0 (http://www.FeedBurner.com)"
98.204.160.139 - - [17/Aug/2013:17:37:23 -0400] "GET /ArtIsEverywhere/wp-content/plugins/sociable/js/addtofavorites.js?ver=3.5.2 HTTP/1.1" 304 - "http://www.ashley-spencer.com/ArtIsEverywhere/wp-admin/post.php?post=6115&action=edit&message=10" "Mozilla/5.0 (Macintosh; Intel Mac OS X 10.7; rv:23.0) Gecko/20100101 Firefox/23.0 AlexaToolbar/pEJVBAuf-2.2 AlexaToolbar/alxf-2.18"
98.204.160.139 - - [17/Aug/2013:17:37:23 -0400] "GET /ArtIsEverywhere/wp-content/plugins/jetpack/modules/after-the-deadline/atd-autoproofread.js?ver=20120221 HTTP/1.1" 304 - "http://www.ashley-spencer.com/ArtIsEverywhere/wp-admin/post.php?post=6115&action=edit&message=10" "Mozilla/5.0 (Macintosh; Intel Mac OS X 10.7; rv:23.0) Gecko/20100101 Firefox/23.0 AlexaToolbar/pEJVBAuf-2.2 AlexaToolbar/alxf-2.18"
98.204.160.139 - - [17/Aug/2013:17:37:25 -0400] "GET /ArtIsEverywhere/wp-content/plugins/jetpack/_inc/spin.js?ver=1.3 HTTP/1.1" 304 - "http://www.ashley-spencer.com/ArtIsEverywhere/wp-admin/post.php?post=6115&action=edit&message=10" "Mozilla/5.0 (Macintosh; Intel Mac OS X 10.7; rv:23.0) Gecko/20100101 Firefox/23.0 AlexaToolbar/pEJVBAuf-2.2 AlexaToolbar/alxf-2.18"
67.205.52.55 - - [17/Aug/2013:17:42:19 -0400] "POST /ArtIsEverywhere/wp-login.php HTTP/1.1" 403 230 "http://www.ashley-spencer.com/ArtIsEverywhere/wp-login.php" "Mozilla/5.0 (Windows NT 6.1; WOW64; rv:18.0) Gecko/20100101 Firefox/18.0"
24.1.238.36 - - [17/Aug/2013:17:44:30 -0400] "GET /ArtIsEverywhere/wp-content/plugins/sociable/css/sociable.css?ver=3.5.2 HTTP/1.1" 200 1147 "http://www.ashley-spencer.com/ArtIsEverywhere/2009/04/home-decor-salon/" "Mozilla/5.0 (iPad; CPU OS 5_1 like Mac OS X) AppleWebKit/534.46 (KHTML, like Gecko) Version/5.1 Mobile/9B176 Safari/7534.48.3"
24.1.238.36 - - [17/Aug/2013:17:44:30 -0400] "GET /ArtIsEverywhere/wp-content/plugins/sociable/js/oPlugin.js?ver=3.5.2 HTTP/1.1" 200 4673 "http://www.ashley-spencer.com/ArtIsEverywhere/2009/04/home-decor-salon/" "Mozilla/5.0 (iPad; CPU OS 5_1 like Mac OS X) AppleWebKit/534.46 (KHTML, like Gecko) Version/5.1 Mobile/9B176 Safari/7534.48.3"
24.1.238.36 - - [17/Aug/2013:17:44:31 -0400] "GET /ArtIsEverywhere/wp-content/uploads//2009/04/chets-too0055.jpg HTTP/1.1" 200 193591 "http://www.ashley-spencer.com/ArtIsEverywhere/2009/04/home-decor-salon/" "Mozilla/5.0 (iPad; CPU OS 5_1 like Mac OS X) AppleWebKit/534.46 (KHTML, like Gecko) Version/5.1 Mobile/9B176 Safari/7534.48.3"
24.1.238.36 - - [17/Aug/2013:17:44:33 -0400] "GET /ArtIsEverywhere/wp-content/uploads//2009/04/hg-room-left-full.jpg HTTP/1.1" 200 302476 "http://www.ashley-spencer.com/ArtIsEverywhere/2009/04/home-decor-salon/" "Mozilla/5.0 (iPad; CPU OS 5_1 like Mac OS X) AppleWebKit/534.46 (KHTML, like Gecko) Version/5.1 Mobile/9B176 Safari/7534.48.3"
24.1.238.36 - - [17/Aug/2013:17:44:35 -0400] "GET /ArtIsEverywhere/wp-content/uploads//2009/04/silk-road-ancient-chinese-furniture-accessories.jpg HTTP/1.1" 200 116671 "http://www.ashley-spencer.com/ArtIsEverywhere/2009/04/home-decor-salon/" "Mozilla/5.0 (iPad; CPU OS 5_1 like Mac OS X) AppleWebKit/534.46 (KHTML, like Gecko) Version/5.1 Mobile/9B176 Safari/7534.48.3"
24.1.238.36 - - [17/Aug/2013:17:44:36 -0400] "GET /ArtIsEverywhere/wp-content/uploads//2009/04/young-professional-by-maria-barcelona-interiors.jpg HTTP/1.1" 200 45969 "http://www.ashley-spencer.com/ArtIsEverywhere/2009/04/home-decor-salon/" "Mozilla/5.0 (iPad; CPU OS 5_1 like Mac OS X) AppleWebKit/534.46 (KHTML, like Gecko) Version/5.1 Mobile/9B176 Safari/7534.48.3"
66.249.85.156 - - [17/Aug/2013:17:43:58 -0400] "GET /ArtIsEverywhere/tag/portsmouth-abbey-school/ HTTP/1.1" 200 12220 "http://www.google.com/search" "Mozilla/5.0 (X11; Linux x86_64) AppleWebKit/537.4 (KHTML, like Gecko; Google Web Preview) Chrome/22.0.1229 Safari/537.4"
24.1.238.36 - - [17/Aug/2013:17:44:10 -0400] "GET /ArtIsEverywhere/2009/04/home-decor-salon/ HTTP/1.1" 200 10659 "http://www.google.com/search?q=horse+triptych&client=safari&hl=en&tbm=isch&tbo=u&source=univ&sa=X&ei=PO4PUqWkJOTA2AXbt4HIBQ&ved=0CDkQsAQ&biw=1024&bih=672#biv=i%7C5%3Bd%7CEH5yLZY8J7jS1M%3A" "Mozilla/5.0 (iPad; CPU OS 5_1 like Mac OS X) AppleWebKit/534.46 (KHTML, like Gecko) Version/5.1 Mobile/9B176 Safari/7534.48.3"
75.64.146.188 - - [17/Aug/2013:18:04:09 -0400] "GET /ArtIsEverywhere/wp-content/uploads/2008/03/ph2008030202494.jpg HTTP/1.1" 200 16657 "-" "Mozilla/5.0 (Macintosh; Intel Mac OS X 10_7_5) AppleWebKit/535.7 (KHTML, like Gecko) Chrome/16.0.912.75 Safari/535.7"
94.124.105.226 - - [17/Aug/2013:18:04:17 -0400] "GET /ArtIsEverywhere/wp-content/uploads//2009/06/vitra-2ch.jpg HTTP/1.1" 200 117767 "http://www.google.cz/blank.html" "Mozilla/5.0 (Windows NT 6.1; WOW64) AppleWebKit/537.36 (KHTML, like Gecko) Chrome/28.0.1500.95 Safari/537.36"
173.241.28.220 - - [17/Aug/2013:18:07:48 -0400] "GET /ArtIsEverywhere/wp-content/uploads/2010/08/ConcreteCloth_trndhunter.png HTTP/1.1" 200 374336 "https://www.google.com/" "Mozilla/5.0 (iPhone; CPU iPhone OS 6_1_3 like Mac OS X) AppleWebKit/536.26 (KHTML, like Gecko) Version/6.0 Mobile/10B329 Safari/8536.25"
98.204.160.139 - - [17/Aug/2013:18:11:31 -0400] "GET /ArtIsEverywhere/wp-content/uploads/2013/06/Sheffield-mural-0%255B6%255D-300x225.jpg HTTP/1.1" 404 10418 "http://www.ashley-spencer.com/ArtIsEverywhere/wp-admin/post-new.php" "Mozilla/5.0 (Macintosh; Intel Mac OS X 10.7; rv:23.0) Gecko/20100101 Firefox/23.0 AlexaToolbar/pEJVBAuf-2.2 AlexaToolbar/alxf-2.18"
98.204.160.139 - - [17/Aug/2013:18:13:44 -0400] "GET /ArtIsEverywhere/wp-content/plugins/sociable/js/addtofavorites.js?ver=3.5.2 HTTP/1.1" 304 - "http://www.ashley-spencer.com/ArtIsEverywhere/wp-admin/edit.php" "Mozilla/5.0 (Macintosh; Intel Mac OS X 10.7; rv:23.0) Gecko/20100101 Firefox/23.0 AlexaToolbar/pEJVBAuf-2.2 AlexaToolbar/alxf-2.18"
98.204.160.139 - - [17/Aug/2013:18:13:45 -0400] "GET /ArtIsEverywhere/wp-includes/images/blank.gif HTTP/1.1" 200 43 "http://www.ashley-spencer.com/ArtIsEverywhere/wp-admin/edit.php" "Mozilla/5.0 (Macintosh; Intel Mac OS X 10.7; rv:23.0) Gecko/20100101 Firefox/23.0 AlexaToolbar/pEJVBAuf-2.2 AlexaToolbar/alxf-2.18"
98.204.160.139 - - [17/Aug/2013:18:13:46 -0400] "GET /ArtIsEverywhere/wp-admin/images/bubble_bg.gif HTTP/1.1" 200 395 "http://www.ashley-spencer.com/ArtIsEverywhere/wp-admin/load-styles.php?c=0&dir=ltr&load=admin-bar,wp-admin,buttons&ver=3.5.2" "Mozilla/5.0 (Macintosh; Intel Mac OS X 10.7; rv:23.0) Gecko/20100101 Firefox/23.0 AlexaToolbar/pEJVBAuf-2.2 AlexaToolbar/alxf-2.18"
70.171.84.185 - - [17/Aug/2013:18:20:04 -0400] "GET /ArtIsEverywhere/wp-content/uploads//2009/04/stained-concrete-samplesfbm0029b.jpg HTTP/1.1" 200 226541 "https://www.google.com/" "Mozilla/5.0 (iPhone; CPU iPhone OS 6_1_3 like Mac OS X) AppleWebKit/536.26 (KHTML, like Gecko) Version/6.0 Mobile/10B329 Safari/8536.25"
66.249.75.194 - - [17/Aug/2013:18:24:21 -0400] "GET /ArtIsEverywhere/tag/barnes-foundation/ HTTP/1.1" 200 13969 "-" "Mozilla/5.0 (iPhone; U; CPU iPhone OS 4_1 like Mac OS X; en-us) AppleWebKit/532.9 (KHTML, like Gecko) Version/4.0.5 Mobile/8B117 Safari/6531.22.7 (compatible; Googlebot-Mobile/2.1; +http://www.google.com/bot.html)"
67.182.117.51 - - [17/Aug/2013:18:33:27 -0400] "GET /ArtIsEverywhere/wp-content/uploads//2010/01/foster23_missioninn_400.jpg HTTP/1.1" 200 60770 "-" "Mozilla/5.0 (Windows NT 6.1; WOW64) AppleWebKit/537.36 (KHTML, like Gecko) Chrome/28.0.1500.95 Safari/537.36"
61.14.146.228 - - [17/Aug/2013:18:37:20 -0400] "GET /ArtIsEverywhere/wp-content/uploads//2008/08/gd8260693a-painter-decorates-a-4095.jpg HTTP/1.1" 200 70466 "http://www.ashley-spencer.com/ArtIsEverywhere/2008/08/" "Mozilla/5.0 (iPhone; CPU iPhone OS 6_1_4 like Mac OS X) AppleWebKit/536.26 (KHTML, like Gecko) Version/6.0 Mobile/10B350 Safari/8536.25"
66.249.75.194 - - [17/Aug/2013:19:02:07 -0400] "GET /ArtIsEverywhere/tag/water-mall-fountain/feed/ HTTP/1.1" 200 3534 "-" "Mozilla/5.0 (iPhone; U; CPU iPhone OS 4_1 like Mac OS X; en-us) AppleWebKit/532.9 (KHTML, like Gecko) Version/4.0.5 Mobile/8B117 Safari/6531.22.7 (compatible; Googlebot-Mobile/2.1; +http://www.google.com/bot.html)"
66.249.82.194 - - [17/Aug/2013:19:11:24 -0400] "GET /ArtIsEverywhere/wp-content/uploads/2011/07/Marty-Kittrell.png HTTP/1.1" 200 264494 "http://www.ashley-spencer.com/ArtIsEverywhere/tag/woodland-and-winter-murals/" "Mozilla/5.0 (X11; Linux x86_64) AppleWebKit/537.4 (KHTML, like Gecko; Google Web Preview) Chrome/22.0.1229 Safari/537.4"
198.228.228.155 - - [17/Aug/2013:19:19:39 -0400] "GET /ArtIsEverywhere/wp-content/uploads//2009/06/vitra-2ch.jpg HTTP/1.1" 200 117767 "https://www.google.com/" "Mozilla/5.0 (iPhone; CPU iPhone OS 6_1_3 like Mac OS X) AppleWebKit/536.26 (KHTML, like Gecko) Version/6.0 Mobile/10B329 Safari/8536.25"
66.249.75.194 - - [17/Aug/2013:19:24:16 -0400] "POST /ArtIsEverywhere/wp-content/plugins/sociable/includes/async_request.php HTTP/1.1" 200 2443 "http://www.ashley-spencer.com/ArtIsEverywhere/tag/charmaine-neville/" "Mozilla/5.0 (compatible; Googlebot/2.1; +http://www.google.com/bot.html)"
157.56.92.176 - - [17/Aug/2013:19:29:02 -0400] "GET /ArtIsEverywhere/2010/12/guedelon/feed/ HTTP/1.1" 200 578 "-" "Mozilla/5.0 (compatible; bingbot/2.0; +http://www.bing.com/bingbot.htm)"
108.75.188.133 - - [17/Aug/2013:19:35:52 -0400] "GET /ArtIsEverywhere/wp-content/uploads/2011/04/6_Heaven-at-devils-gate-dam-La-Canada-painting-m.jpg HTTP/1.1" 200 51983 "http://search.yahoo.com/search;_ylt=A0oGkkUK.Q9SSDIA0_dXNyoA;_ylc=X1MDMjc2NjY3OQRfcgMyBGNzcmNwdmlkA3I2RktGRW9HZEVmUGRwcVpVZXI1blF1UWJFdThoVklQLlV3QUNjTksEZnIDeWZwLXQtOTAwLXMEZnIyA3NnLWdhYwRncHJpZANWNkJJUElfdVQ5bTd1Ukd1b2pGSzdBBGl0A2dwBG5fZ3BzAzEwBG9yaWdpbgNzcnAEcG9zAzIEcHFzdHIDaGVhdmVucwRxdWVyeQNoZWF2ZW5zBHNhYwMxBHNhbwMyBHNlYwNyZWwtc2EEc2xrA3RleHQEdG9TdHJpbmcDW29iamVjdCBPYmplY3Rd?p=heavens&fr2=sg-gac&fr=yfp-t-900-s&pqstr=heavens" "Mozilla/5.0 (compatible; MSIE 10.0; Windows NT 6.1; WOW64; Trident/6.0; yie9)"
157.56.92.176 - - [17/Aug/2013:19:42:04 -0400] "GET /ArtIsEverywhere/2010/04/art-in-bloom/ HTTP/1.1" 200 7262 "-" "Mozilla/5.0 (compatible; bingbot/2.0; +http://www.bing.com/bingbot.htm)"
206.29.182.200 - - [17/Aug/2013:19:42:07 -0400] "GET /ArtIsEverywhere/wp-content/uploads//2009/12/falling-water_blog1.jpg HTTP/1.1" 200 170050 "-" "Mozilla/5.0 (Linux; U; Android 4.1.2; en-us; SGH-T889 Build/JZO54K) AppleWebKit/534.30 (KHTML, like Gecko) Version/4.0 Mobile Safari/534.30"
79.136.73.64 - - [17/Aug/2013:19:51:57 -0400] "GET /ArtIsEverywhere/2013/03/art-islip/ HTTP/1.1" 200 7661 "http://www.ashley-spencer.com/" "Mozilla/5.0 (X11; Linux x86_64; rv:22.0) Gecko/20100101 Firefox/22.0"
157.56.92.164 - - [17/Aug/2013:19:56:53 -0400] "GET /ArtIsEverywhere/tag/indianapolis-public-murals/ HTTP/1.1" 200 11095 "-" "Mozilla/5.0 (compatible; bingbot/2.0; +http://www.bing.com/bingbot.htm)"
66.249.75.194 - - [17/Aug/2013:19:57:07 -0400] "POST /ArtIsEverywhere/wp-content/plugins/sociable/includes/async_request.php HTTP/1.1" 200 2450 "http://www.ashley-spencer.com/ArtIsEverywhere/tag/white-house-florist/" "Mozilla/5.0 (compatible; Googlebot/2.1; +http://www.google.com/bot.html)"
5.10.83.10 - - [17/Aug/2013:20:31:12 -0400] "GET /ArtIsEverywhere/tag/arnhem-murals/ HTTP/1.1" 200 11661 "-" "Mozilla/5.0 (compatible; AhrefsBot/5.0; +http://ahrefs.com/robot/)"
65.55.217.249 - - [17/Aug/2013:20:32:09 -0400] "GET /ArtIsEverywhere/wp-content/uploads/2013/08/Living-Mural_plymough-Canton-Patch.png HTTP/1.1" 200 147743 "http://www.ashley-spencer.com/ArtIsEverywhere/category/murals/" "Mozilla/5.0 (Windows NT 6.1; WOW64) AppleWebKit/534+ (KHTML, like Gecko) BingPreview/1.0b"
96.225.84.161 - - [17/Aug/2013:20:34:12 -0400] "GET /ArtIsEverywhere/wp-content/plugins/sociable/css/toolbar.css?ver=3.5.2 HTTP/1.1" 200 873 "http://www.ashley-spencer.com/ArtIsEverywhere/2008/08/" "Mozilla/5.0 (Windows NT 6.1; WOW64) AppleWebKit/537.36 (KHTML, like Gecko) Chrome/28.0.1500.95 Safari/537.36"
96.225.84.161 - - [17/Aug/2013:20:34:12 -0400] "GET /ArtIsEverywhere/wp-content/plugins/sociable/js/oPlugin.js?ver=3.5.2 HTTP/1.1" 200 4673 "http://www.ashley-spencer.com/ArtIsEverywhere/2008/08/" "Mozilla/5.0 (Windows NT 6.1; WOW64) AppleWebKit/537.36 (KHTML, like Gecko) Chrome/28.0.1500.95 Safari/537.36"
96.225.84.161 - - [17/Aug/2013:20:34:12 -0400] "GET /ArtIsEverywhere/wp-content/themes/default/images/kubrickbgcolor.jpg HTTP/1.1" 200 556 "http://www.ashley-spencer.com/ArtIsEverywhere/2008/08/" "Mozilla/5.0 (Windows NT 6.1; WOW64) AppleWebKit/537.36 (KHTML, like Gecko) Chrome/28.0.1500.95 Safari/537.36"
96.225.84.161 - - [17/Aug/2013:20:34:12 -0400] "GET /ArtIsEverywhere/wp-content/themes/default/images/kubrickheader.jpg HTTP/1.1" 200 7868 "http://www.ashley-spencer.com/ArtIsEverywhere/2008/08/" "Mozilla/5.0 (Windows NT 6.1; WOW64) AppleWebKit/537.36 (KHTML, like Gecko) Chrome/28.0.1500.95 Safari/537.36"
96.225.84.161 - - [17/Aug/2013:20:34:13 -0400] "GET /ArtIsEverywhere/wp-content/plugins/sociable/images/closelabel.png HTTP/1.1" 200 168 "http://www.ashley-spencer.com/ArtIsEverywhere/2008/08/" "Mozilla/5.0 (Windows NT 6.1; WOW64) AppleWebKit/537.36 (KHTML, like Gecko) Chrome/28.0.1500.95 Safari/537.36"
96.225.84.161 - - [17/Aug/2013:20:34:13 -0400] "GET /ArtIsEverywhere/wp-content/uploads//2008/08/gallego_samaritan_underdraw.jpg HTTP/1.1" 200 78682 "http://www.ashley-spencer.com/ArtIsEverywhere/2008/08/" "Mozilla/5.0 (Windows NT 6.1; WOW64) AppleWebKit/537.36 (KHTML, like Gecko) Chrome/28.0.1500.95 Safari/537.36"
96.225.84.161 - - [17/Aug/2013:20:34:13 -0400] "GET /ArtIsEverywhere/wp-content/uploads//2008/08/draw-obama-by-steve-breen.jpg HTTP/1.1" 200 118027 "http://www.ashley-spencer.com/ArtIsEverywhere/2008/08/" "Mozilla/5.0 (Windows NT 6.1; WOW64) AppleWebKit/537.36 (KHTML, like Gecko) Chrome/28.0.1500.95 Safari/537.36"
96.225.84.161 - - [17/Aug/2013:20:34:14 -0400] "GET /ArtIsEverywhere/wp-includes/images/smilies/icon_smile.gif HTTP/1.1" 200 174 "http://www.ashley-spencer.com/ArtIsEverywhere/2008/08/" "Mozilla/5.0 (Windows NT 6.1; WOW64) AppleWebKit/537.36 (KHTML, like Gecko) Chrome/28.0.1500.95 Safari/537.36"
96.225.84.161 - - [17/Aug/2013:20:34:14 -0400] "GET /ArtIsEverywhere/wp-content/uploads//2008/08/ph2008073101083.jpg HTTP/1.1" 200 38268 "http://www.ashley-spencer.com/ArtIsEverywhere/2008/08/" "Mozilla/5.0 (Windows NT 6.1; WOW64) AppleWebKit/537.36 (KHTML, like Gecko) Chrome/28.0.1500.95 Safari/537.36"
96.225.84.161 - - [17/Aug/2013:20:34:14 -0400] "GET /ArtIsEverywhere/wp-content/uploads//2008/08/chinas-olympians.png HTTP/1.1" 200 90486 "http://www.ashley-spencer.com/ArtIsEverywhere/2008/08/" "Mozilla/5.0 (Windows NT 6.1; WOW64) AppleWebKit/537.36 (KHTML, like Gecko) Chrome/28.0.1500.95 Safari/537.36"
157.56.92.164 - - [17/Aug/2013:20:36:23 -0400] "GET /ArtIsEverywhere/2010/10/mural-monday-discoveries/feed/ HTTP/1.1" 200 590 "-" "Mozilla/5.0 (compatible; bingbot/2.0; +http://www.bing.com/bingbot.htm)"
172.248.219.1 - - [17/Aug/2013:20:37:26 -0400] "GET /ArtIsEverywhere/wp-content/uploads/2013/04/travelizmo.com_.png HTTP/1.1" 200 342221 "http://www.ashley-spencer.com/ArtIsEverywhere/tag/art-is-everywhere/page/2/" "Mozilla/5.0 (Windows NT 6.0) AppleWebKit/537.36 (KHTML, like Gecko) Chrome/28.0.1500.95 Safari/537.36"
66.249.82.194 - - [17/Aug/2013:20:45:18 -0400] "GET /ArtIsEverywhere/category/culture/page/2/ HTTP/1.1" 200 31393 "http://www.google.com/search" "Mozilla/5.0 (X11; Linux x86_64) AppleWebKit/537.4 (KHTML, like Gecko; Google Web Preview) Chrome/22.0.1229 Safari/537.4"
66.249.82.194 - - [17/Aug/2013:20:45:23 -0400] "GET /ArtIsEverywhere/wp-content/plugins/sociable/css/shape.css?ver=3.5.2 HTTP/1.1" 200 281 "http://www.ashley-spencer.com/ArtIsEverywhere/category/culture/page/2/" "Mozilla/5.0 (X11; Linux x86_64) AppleWebKit/537.4 (KHTML, like Gecko; Google Web Preview) Chrome/22.0.1229 Safari/537.4"
66.249.82.194 - - [17/Aug/2013:20:45:23 -0400] "GET /ArtIsEverywhere/wp-content/plugins/sociable/js/addtofavorites.js?ver=3.5.2 HTTP/1.1" 200 298 "http://www.ashley-spencer.com/ArtIsEverywhere/category/culture/page/2/" "Mozilla/5.0 (X11; Linux x86_64) AppleWebKit/537.4 (KHTML, like Gecko; Google Web Preview) Chrome/22.0.1229 Safari/537.4"
66.249.82.194 - - [17/Aug/2013:20:45:23 -0400] "GET /ArtIsEverywhere/wp-content/plugins/jetpack/modules/wpgroho.js?ver=3.5.2 HTTP/1.1" 200 445 "http://www.ashley-spencer.com/ArtIsEverywhere/category/culture/page/2/" "Mozilla/5.0 (X11; Linux x86_64) AppleWebKit/537.4 (KHTML, like Gecko; Google Web Preview) Chrome/22.0.1229 Safari/537.4"
66.249.82.194 - - [17/Aug/2013:20:45:23 -0400] "GET /ArtIsEverywhere/wp-content/plugins/sexycycle-for-wordpress/inc/sexyCycle.css HTTP/1.1" 200 510 "http://www.ashley-spencer.com/ArtIsEverywhere/category/culture/page/2/" "Mozilla/5.0 (X11; Linux x86_64) AppleWebKit/537.4 (KHTML, like Gecko; Google Web Preview) Chrome/22.0.1229 Safari/537.4"
66.249.82.194 - - [17/Aug/2013:20:45:23 -0400] "GET /ArtIsEverywhere/wp-content/themes/default/images/kubrickbgcolor.jpg HTTP/1.1" 200 556 "http://www.ashley-spencer.com/ArtIsEverywhere/category/culture/page/2/" "Mozilla/5.0 (X11; Linux x86_64) AppleWebKit/537.4 (KHTML, like Gecko; Google Web Preview) Chrome/22.0.1229 Safari/537.4"
66.249.82.194 - - [17/Aug/2013:20:45:23 -0400] "GET /ArtIsEverywhere/wp-content/plugins/sociable/images/sprites/option1_32.png HTTP/1.1" 200 29079 "http://www.ashley-spencer.com/ArtIsEverywhere/category/culture/page/2/" "Mozilla/5.0 (X11; Linux x86_64) AppleWebKit/537.4 (KHTML, like Gecko; Google Web Preview) Chrome/22.0.1229 Safari/537.4"
66.249.82.194 - - [17/Aug/2013:20:45:23 -0400] "GET /ArtIsEverywhere/wp-content/uploads/2011/07/Miniature-World_Battle-of-Manassas-1024x439.jpg HTTP/1.1" 200 152354 "http://www.ashley-spencer.com/ArtIsEverywhere/category/culture/page/2/" "Mozilla/5.0 (X11; Linux x86_64) AppleWebKit/537.4 (KHTML, like Gecko; Google Web Preview) Chrome/22.0.1229 Safari/537.4"
66.249.82.194 - - [17/Aug/2013:20:45:23 -0400] "GET /ArtIsEverywhere/wp-content/uploads/2011/05/MWM_X_LERK_Shawnee_2.jpg HTTP/1.1" 200 41176 "http://www.ashley-spencer.com/ArtIsEverywhere/category/culture/page/2/" "Mozilla/5.0 (X11; Linux x86_64) AppleWebKit/537.4 (KHTML, like Gecko; Google Web Preview) Chrome/22.0.1229 Safari/537.4"
66.249.82.194 - - [17/Aug/2013:20:45:23 -0400] "GET /ArtIsEverywhere/wp-content/uploads/2011/05/MWM_X_LERK_Shawnee_1.jpg HTTP/1.1" 200 31865 "http://www.ashley-spencer.com/ArtIsEverywhere/category/culture/page/2/" "Mozilla/5.0 (X11; Linux x86_64) AppleWebKit/537.4 (KHTML, like Gecko; Google Web Preview) Chrome/22.0.1229 Safari/537.4"
66.249.82.194 - - [17/Aug/2013:20:45:23 -0400] "GET /ArtIsEverywhere/wp-content/uploads/2010/12/2Morman-Murals_AIE.jpg HTTP/1.1" 200 18963 "http://www.ashley-spencer.com/ArtIsEverywhere/category/culture/page/2/" "Mozilla/5.0 (X11; Linux x86_64) AppleWebKit/537.4 (KHTML, like Gecko; Google Web Preview) Chrome/22.0.1229 Safari/537.4"
66.249.82.194 - - [17/Aug/2013:20:45:23 -0400] "GET /ArtIsEverywhere/wp-content/uploads/2011/03/indian.jpg HTTP/1.1" 200 136841 "http://www.ashley-spencer.com/ArtIsEverywhere/category/culture/page/2/" "Mozilla/5.0 (X11; Linux x86_64) AppleWebKit/537.4 (KHTML, like Gecko; Google Web Preview) Chrome/22.0.1229 Safari/537.4"
66.249.82.194 - - [17/Aug/2013:20:45:23 -0400] "GET /ArtIsEverywhere/wp-content/uploads/2010/12/MormanMural4_AIE.jpg HTTP/1.1" 200 18448 "http://www.ashley-spencer.com/ArtIsEverywhere/category/culture/page/2/" "Mozilla/5.0 (X11; Linux x86_64) AppleWebKit/537.4 (KHTML, like Gecko; Google Web Preview) Chrome/22.0.1229 Safari/537.4"
66.249.82.194 - - [17/Aug/2013:20:45:23 -0400] "GET /ArtIsEverywhere/wp-content/uploads/2010/12/MormanMural3_AIE.jpg HTTP/1.1" 200 21052 "http://www.ashley-spencer.com/ArtIsEverywhere/category/culture/page/2/" "Mozilla/5.0 (X11; Linux x86_64) AppleWebKit/537.4 (KHTML, like Gecko; Google Web Preview) Chrome/22.0.1229 Safari/537.4"
66.249.82.194 - - [17/Aug/2013:20:45:23 -0400] "GET /ArtIsEverywhere/wp-content/uploads/2010/12/6Krakow_Poland_Kupa_Synagogue_photo_S_Gruber_2008-36-1024x768.jpg HTTP/1.1" 200 195564 "http://www.ashley-spencer.com/ArtIsEverywhere/category/culture/page/2/" "Mozilla/5.0 (X11; Linux x86_64) AppleWebKit/537.4 (KHTML, like Gecko; Google Web Preview) Chrome/22.0.1229 Safari/537.4"
66.249.82.194 - - [17/Aug/2013:20:45:23 -0400] "GET /ArtIsEverywhere/wp-content/uploads/2011/03/Casart_Trompe_loeil_Mural_AIE.jpg HTTP/1.1" 200 34006 "http://www.ashley-spencer.com/ArtIsEverywhere/category/culture/page/2/" "Mozilla/5.0 (X11; Linux x86_64) AppleWebKit/537.4 (KHTML, like Gecko; Google Web Preview) Chrome/22.0.1229 Safari/537.4"
66.249.82.194 - - [17/Aug/2013:20:45:23 -0400] "GET /ArtIsEverywhere/wp-content/uploads//2009/05/winners-emblem.gif HTTP/1.1" 200 10045 "http://www.ashley-spencer.com/ArtIsEverywhere/category/culture/page/2/" "Mozilla/5.0 (X11; Linux x86_64) AppleWebKit/537.4 (KHTML, like Gecko; Google Web Preview) Chrome/22.0.1229 Safari/537.4"
66.249.82.194 - - [17/Aug/2013:20:45:23 -0400] "GET /ArtIsEverywhere/wp-content/themes/default/images/kubrickfooter.jpg HTTP/1.1" 200 2443 "http://www.ashley-spencer.com/ArtIsEverywhere/category/culture/page/2/" "Mozilla/5.0 (X11; Linux x86_64) AppleWebKit/537.4 (KHTML, like Gecko; Google Web Preview) Chrome/22.0.1229 Safari/537.4"
66.249.82.194 - - [17/Aug/2013:20:45:23 -0400] "POST /ArtIsEverywhere/wp-content/plugins/sociable/includes/async_request.php HTTP/1.1" 200 2435 "http://www.ashley-spencer.com/ArtIsEverywhere/category/culture/page/2/" "Mozilla/5.0 (X11; Linux x86_64) AppleWebKit/537.4 (KHTML, like Gecko; Google Web Preview) Chrome/22.0.1229 Safari/537.4"
174.103.130.144 - - [17/Aug/2013:21:04:58 -0400] "GET /ArtIsEverywhere/wp-content/plugins/sociable/css/sociable.css?ver=3.5.2 HTTP/1.1" 200 1147 "http://www.ashley-spencer.com/ArtIsEverywhere/tag/murals-increase-property-value/" "Mozilla/5.0 (Windows NT 6.1; WOW64) AppleWebKit/537.36 (KHTML, like Gecko) Chrome/28.0.1500.95 Safari/537.36"
174.103.130.144 - - [17/Aug/2013:21:04:58 -0400] "GET /ArtIsEverywhere/wp-content/plugins/jetpack/modules/widgets/widgets.css?ver=20121003 HTTP/1.1" 200 144 "http://www.ashley-spencer.com/ArtIsEverywhere/tag/murals-increase-property-value/" "Mozilla/5.0 (Windows NT 6.1; WOW64) AppleWebKit/537.36 (KHTML, like Gecko) Chrome/28.0.1500.95 Safari/537.36"
174.103.130.144 - - [17/Aug/2013:21:04:58 -0400] "GET /ArtIsEverywhere/wp-content/plugins/sociable/js/sociable.js?ver=3.5.2 HTTP/1.1" 200 748 "http://www.ashley-spencer.com/ArtIsEverywhere/tag/murals-increase-property-value/" "Mozilla/5.0 (Windows NT 6.1; WOW64) AppleWebKit/537.36 (KHTML, like Gecko) Chrome/28.0.1500.95 Safari/537.36"
174.103.130.144 - - [17/Aug/2013:21:04:58 -0400] "GET /ArtIsEverywhere/wp-content/plugins/sociable/js/vuible.js?ver=3.5.2 HTTP/1.1" 200 214 "http://www.ashley-spencer.com/ArtIsEverywhere/tag/murals-increase-property-value/" "Mozilla/5.0 (Windows NT 6.1; WOW64) AppleWebKit/537.36 (KHTML, like Gecko) Chrome/28.0.1500.95 Safari/537.36"
174.103.130.144 - - [17/Aug/2013:21:04:59 -0400] "GET /ArtIsEverywhere/wp-content/uploads/2010/07/mural-house.jpg HTTP/1.1" 200 11176 "http://www.ashley-spencer.com/ArtIsEverywhere/tag/murals-increase-property-value/" "Mozilla/5.0 (Windows NT 6.1; WOW64) AppleWebKit/537.36 (KHTML, like Gecko) Chrome/28.0.1500.95 Safari/537.36"
174.103.130.144 - - [17/Aug/2013:21:04:59 -0400] "GET /ArtIsEverywhere/wp-content/themes/default/images/kubrickbgcolor.jpg HTTP/1.1" 200 556 "http://www.ashley-spencer.com/ArtIsEverywhere/tag/murals-increase-property-value/" "Mozilla/5.0 (Windows NT 6.1; WOW64) AppleWebKit/537.36 (KHTML, like Gecko) Chrome/28.0.1500.95 Safari/537.36"
174.103.130.144 - - [17/Aug/2013:21:04:59 -0400] "GET /ArtIsEverywhere/wp-content/plugins/sociable/images/more.png HTTP/1.1" 200 1005 "http://www.ashley-spencer.com/ArtIsEverywhere/tag/murals-increase-property-value/" "Mozilla/5.0 (Windows NT 6.1; WOW64) AppleWebKit/537.36 (KHTML, like Gecko) Chrome/28.0.1500.95 Safari/537.36"
174.103.130.144 - - [17/Aug/2013:21:04:59 -0400] "GET /ArtIsEverywhere/wp-content/plugins/sociable/images/closelabel.png HTTP/1.1" 200 168 "http://www.ashley-spencer.com/ArtIsEverywhere/tag/murals-increase-property-value/" "Mozilla/5.0 (Windows NT 6.1; WOW64) AppleWebKit/537.36 (KHTML, like Gecko) Chrome/28.0.1500.95 Safari/537.36"
174.103.130.144 - - [17/Aug/2013:21:04:59 -0400] "GET /ArtIsEverywhere/wp-content/uploads//2009/05/winners-emblem.gif HTTP/1.1" 200 10045 "http://www.ashley-spencer.com/ArtIsEverywhere/tag/murals-increase-property-value/" "Mozilla/5.0 (Windows NT 6.1; WOW64) AppleWebKit/537.36 (KHTML, like Gecko) Chrome/28.0.1500.95 Safari/537.36"
174.103.130.144 - - [17/Aug/2013:21:04:59 -0400] "GET /ArtIsEverywhere/wp-content/plugins/sociable/images/sprites/option1_32.png HTTP/1.1" 200 29079 "http://www.ashley-spencer.com/ArtIsEverywhere/tag/murals-increase-property-value/" "Mozilla/5.0 (Windows NT 6.1; WOW64) AppleWebKit/537.36 (KHTML, like Gecko) Chrome/28.0.1500.95 Safari/537.36"
174.103.130.144 - - [17/Aug/2013:21:04:59 -0400] "GET /ArtIsEverywhere/wp-content/plugins/jetpack/modules/wpgroho.js?ver=3.5.2 HTTP/1.1" 200 445 "http://www.ashley-spencer.com/ArtIsEverywhere/tag/murals-increase-property-value/" "Mozilla/5.0 (Windows NT 6.1; WOW64) AppleWebKit/537.36 (KHTML, like Gecko) Chrome/28.0.1500.95 Safari/537.36"
174.103.130.144 - - [17/Aug/2013:21:04:59 -0400] "GET /ArtIsEverywhere/wp-content/themes/default/images/kubrickfooter.jpg HTTP/1.1" 200 2443 "http://www.ashley-spencer.com/ArtIsEverywhere/tag/murals-increase-property-value/" "Mozilla/5.0 (Windows NT 6.1; WOW64) AppleWebKit/537.36 (KHTML, like Gecko) Chrome/28.0.1500.95 Safari/537.36"
174.103.130.144 - - [17/Aug/2013:21:04:59 -0400] "POST /ArtIsEverywhere/wp-content/plugins/sociable/includes/async_request.php HTTP/1.1" 200 2463 "http://www.ashley-spencer.com/ArtIsEverywhere/tag/murals-increase-property-value/" "Mozilla/5.0 (Windows NT 6.1; WOW64) AppleWebKit/537.36 (KHTML, like Gecko) Chrome/28.0.1500.95 Safari/537.36"
174.103.130.144 - - [17/Aug/2013:21:05:03 -0400] "GET /favicon.ico HTTP/1.1" 404 575 "-" "Mozilla/5.0 (Windows NT 6.1; WOW64) AppleWebKit/537.36 (KHTML, like Gecko) Chrome/28.0.1500.95 Safari/537.36"
174.103.130.144 - - [17/Aug/2013:21:05:03 -0400] "GET /favicon.ico HTTP/1.1" 404 575 "-" "Mozilla/5.0 (Windows NT 6.1; WOW64) AppleWebKit/537.36 (KHTML, like Gecko) Chrome/28.0.1500.95 Safari/537.36"
166.137.191.31 - - [17/Aug/2013:21:23:51 -0400] "GET /ArtIsEverywhere/wp-content/uploads/2011/09/04-waves-o-fire-firebowl.jpg HTTP/1.1" 200 14344 "https://www.google.com/" "Mozilla/5.0 (iPhone; CPU iPhone OS 6_1_4 like Mac OS X) AppleWebKit/536.26 (KHTML, like Gecko) Version/6.0 Mobile/10B350 Safari/8536.25"
198.2.192.185 - - [17/Aug/2013:21:25:04 -0400] "GET /artiseverywhere/2008/09/hex-signs/ HTTP/1.0" 404 575 "http://www.ashley-spencer.com/artiseverywhere/2008/09/hex-signs/" "Opera/9.80 (Windows NT 6.1; U; YB/3.5.1; ru) Presto/2.6.30 Version/10.63"
