0byt3m1n1
Path:
/
data
/
0
/
0
/
68
/
101
/
68753
/
meta
/
69985
/
logs
/
[
Home
]
File: x-access_log.2013-08-12
24.175.241.121 - - [12/Aug/2013:22:12:52 -0400] "GET /pages/1/index.htm HTTP/1.1" 304 - "-" "Mozilla/4.0 (compatible; MSIE 8.0; Windows NT 5.1; Trident/4.0; .NET CLR 2.0.50727; .NET CLR 3.0.4506.2152; .NET CLR 3.5.30729)"
24.175.241.121 - - [12/Aug/2013:22:12:52 -0400] "GET /favicon.ico HTTP/1.1" 404 575 "-" "Mozilla/4.0 (compatible; MSIE 8.0; Windows NT 5.1; Trident/4.0; .NET CLR 2.0.50727; .NET CLR 3.0.4506.2152; .NET CLR 3.5.30729)"
24.175.241.121 - - [12/Aug/2013:22:12:52 -0400] "GET /index.html HTTP/1.1" 304 - "-" "Mozilla/4.0 (compatible; MSIE 8.0; Windows NT 5.1; Trident/4.0; .NET CLR 2.0.50727; .NET CLR 3.0.4506.2152; .NET CLR 3.5.30729)"
24.175.241.121 - - [12/Aug/2013:22:12:52 -0400] "GET /23/scripts/master.css HTTP/1.1" 304 - "http://www.craigfarms.com/index.html" "Mozilla/4.0 (compatible; MSIE 8.0; Windows NT 5.1; Trident/4.0; .NET CLR 2.0.50727; .NET CLR 3.0.4506.2152; .NET CLR 3.5.30729)"
24.175.241.121 - - [12/Aug/2013:22:12:52 -0400] "GET /scripts/ic_globals_published.js HTTP/1.1" 304 - "http://www.craigfarms.com/index.html" "Mozilla/4.0 (compatible; MSIE 8.0; Windows NT 5.1; Trident/4.0; .NET CLR 2.0.50727; .NET CLR 3.0.4506.2152; .NET CLR 3.5.30729)"
24.175.241.121 - - [12/Aug/2013:22:12:52 -0400] "GET /scripts/photoalbum.js HTTP/1.1" 304 - "http://www.craigfarms.com/index.html" "Mozilla/4.0 (compatible; MSIE 8.0; Windows NT 5.1; Trident/4.0; .NET CLR 2.0.50727; .NET CLR 3.0.4506.2152; .NET CLR 3.5.30729)"
24.175.241.121 - - [12/Aug/2013:22:12:52 -0400] "GET /Frame-1-homepage1.html?refresh=1374681743953 HTTP/1.1" 304 - "http://www.craigfarms.com/index.html" "Mozilla/4.0 (compatible; MSIE 8.0; Windows NT 5.1; Trident/4.0; .NET CLR 2.0.50727; .NET CLR 3.0.4506.2152; .NET CLR 3.5.30729)"
24.175.241.121 - - [12/Aug/2013:22:12:53 -0400] "GET /scripts/ic_globals_published.js HTTP/1.1" 304 - "http://www.craigfarms.com/Frame-1-hometop.htm" "Mozilla/4.0 (compatible; MSIE 8.0; Windows NT 5.1; Trident/4.0; .NET CLR 2.0.50727; .NET CLR 3.0.4506.2152; .NET CLR 3.5.30729)"
24.175.241.121 - - [12/Aug/2013:22:12:53 -0400] "GET /23/images/top-01.gif HTTP/1.1" 304 - "http://www.craigfarms.com/Frame-1-hometop.htm" "Mozilla/4.0 (compatible; MSIE 8.0; Windows NT 5.1; Trident/4.0; .NET CLR 2.0.50727; .NET CLR 3.0.4506.2152; .NET CLR 3.5.30729)"
24.175.241.121 - - [12/Aug/2013:22:12:53 -0400] "GET /23/images/bg_left.jpg HTTP/1.1" 304 - "http://www.craigfarms.com/Frame-1-homeleft.htm" "Mozilla/4.0 (compatible; MSIE 8.0; Windows NT 5.1; Trident/4.0; .NET CLR 2.0.50727; .NET CLR 3.0.4506.2152; .NET CLR 3.5.30729)"
24.175.241.121 - - [12/Aug/2013:22:12:53 -0400] "GET /23/images/left-05_over.gif HTTP/1.1" 304 - "http://www.craigfarms.com/Frame-1-homeleft.htm" "Mozilla/4.0 (compatible; MSIE 8.0; Windows NT 5.1; Trident/4.0; .NET CLR 2.0.50727; .NET CLR 3.0.4506.2152; .NET CLR 3.5.30729)"
24.175.241.121 - - [12/Aug/2013:22:12:53 -0400] "GET /23/images/01a.gif HTTP/1.1" 304 - "http://www.craigfarms.com/Frame-1-homeleft.htm" "Mozilla/4.0 (compatible; MSIE 8.0; Windows NT 5.1; Trident/4.0; .NET CLR 2.0.50727; .NET CLR 3.0.4506.2152; .NET CLR 3.5.30729)"
24.175.241.121 - - [12/Aug/2013:22:12:53 -0400] "GET /23/images/left-07.gif HTTP/1.1" 304 - "http://www.craigfarms.com/Frame-1-homeleft.htm" "Mozilla/4.0 (compatible; MSIE 8.0; Windows NT 5.1; Trident/4.0; .NET CLR 2.0.50727; .NET CLR 3.0.4506.2152; .NET CLR 3.5.30729)"
62.219.8.226 - - [12/Aug/2013:23:21:41 -0400] "GET /Frame-6-mappageleft.htm HTTP/1.1" 200 3957 "http://www.craigfarms.net/mappage.html" "Mozilla/5.0 (compatible)"
62.219.8.226 - - [12/Aug/2013:23:21:41 -0400] "GET /Frame-7-manurespreadersleft.htm HTTP/1.1" 200 3957 "http://www.craigfarms.net/manurespreaders.html" "Mozilla/5.0 (compatible)"
82.80.234.138 - - [12/Aug/2013:23:27:44 -0400] "GET /manurespreaders/consoles/11/images/cn_left_back.gif HTTP/1.1" 404 575 "-" "-"
82.80.244.57 - - [12/Aug/2013:23:27:48 -0400] "GET /images/spacer.gif HTTP/1.1" 200 43 "-" "-"
82.80.244.53 - - [12/Aug/2013:23:27:52 -0400] "GET /23/images/spacer.gif HTTP/1.1" 200 43 "-" "-"
82.80.244.53 - - [12/Aug/2013:23:27:58 -0400] "GET /23/images/motif03.jpg HTTP/1.1" 200 6849 "-" "-"
157.55.32.233 - - [12/Aug/2013:07:11:51 -0400] "GET /Frame-1-homeleft.htm HTTP/1.1" 200 3957 "-" "Mozilla/5.0 (compatible; bingbot/2.0; +http://www.bing.com/bingbot.htm)"
157.55.33.29 - - [12/Aug/2013:12:34:46 -0400] "GET /robots.txt HTTP/1.1" 200 25 "-" "Mozilla/5.0 (compatible; bingbot/2.0; +http://www.bing.com/bingbot.htm)"
170.142.177.53 - - [12/Aug/2013:14:42:19 -0400] "GET /23/images/01b.gif HTTP/1.1" 200 419 "http://www.craigfarms.com/Frame-1-homeleft.htm" "Mozilla/4.0 (compatible; MSIE 8.0; Windows NT 5.1; Trident/4.0; .NET CLR 2.0.50727; .NET CLR 1.1.4322; .NET CLR 3.0.4506.2152; .NET CLR 3.5.30729; .NET4.0C; InfoPath.3; .NET4.0E)"
170.142.177.53 - - [12/Aug/2013:14:42:20 -0400] "GET /Frame-2-mulesforsaleleft.htm HTTP/1.1" 200 3957 "http://www.craigfarms.com/mulesforsale.html" "Mozilla/4.0 (compatible; MSIE 8.0; Windows NT 5.1; Trident/4.0; .NET CLR 2.0.50727; .NET CLR 1.1.4322; .NET CLR 3.0.4506.2152; .NET CLR 3.5.30729; .NET4.0C; InfoPath.3; .NET4.0E)"
62.212.73.211 - - [12/Aug/2013:00:11:06 -0400] "GET /robots.txt HTTP/1.0" 200 25 "-" "Mozilla/5.0 (compatible; MJ12bot/v1.4.3; http://www.majestic12.co.uk/bot.php?+)"
157.55.32.49 - - [12/Aug/2013:02:37:29 -0400] "GET /scripts/ic_globals_published.js HTTP/1.1" 200 566 "-" "Mozilla/5.0 (compatible; bingbot/2.0; +http://www.bing.com/bingbot.htm)"
108.161.10.253 - - [12/Aug/2013:11:03:41 -0400] "GET /favicon.ico HTTP/1.1" 404 575 "-" "Mozilla/5.0 (compatible; MSIE 10.0; Windows NT 6.1; Win64; x64; Trident/6.0)"
108.161.10.253 - - [12/Aug/2013:11:03:43 -0400] "GET /favicon.ico HTTP/1.1" 404 575 "-" "Mozilla/5.0 (compatible; MSIE 10.0; Windows NT 6.1; Win64; x64; Trident/6.0)"
157.55.35.117 - - [12/Aug/2013:11:06:46 -0400] "GET /robots.txt HTTP/1.1" 200 25 "-" "Mozilla/5.0 (compatible; bingbot/2.0; +http://www.bing.com/bingbot.htm)"
157.56.93.39 - - [12/Aug/2013:11:34:10 -0400] "GET /scripts/photoalbum.js HTTP/1.1" 200 62481 "-" "Mozilla/5.0 (compatible; bingbot/2.0; +http://www.bing.com/bingbot.htm)"
157.55.36.36 - - [12/Aug/2013:19:03:41 -0400] "GET /23/scripts/icwebsiteelement.css HTTP/1.1" 200 8132 "-" "Mozilla/5.0 (compatible; bingbot/2.0; +http://www.bing.com/bingbot.htm)"
123.125.71.55 - - [12/Aug/2013:16:10:42 -0400] "GET /Frame-7-manurespreadersleft.htm HTTP/1.1" 200 3957 "-" "Mozilla/5.0 (compatible; Baiduspider/2.0; +http://www.baidu.com/search/spider.html)"
170.142.177.53 - - [12/Aug/2013:14:41:46 -0400] "GET /scripts/photoalbum.js HTTP/1.1" 200 62481 "http://www.craigfarms.com/" "Mozilla/4.0 (compatible; MSIE 8.0; Windows NT 5.1; Trident/4.0; .NET CLR 2.0.50727; .NET CLR 1.1.4322; .NET CLR 3.0.4506.2152; .NET CLR 3.5.30729; .NET4.0C; InfoPath.3; .NET4.0E)"
170.142.177.53 - - [12/Aug/2013:14:41:46 -0400] "GET /23/images/bg_left.jpg HTTP/1.1" 200 952 "http://www.craigfarms.com/Frame-1-homeleft.htm" "Mozilla/4.0 (compatible; MSIE 8.0; Windows NT 5.1; Trident/4.0; .NET CLR 2.0.50727; .NET CLR 1.1.4322; .NET CLR 3.0.4506.2152; .NET CLR 3.5.30729; .NET4.0C; InfoPath.3; .NET4.0E)"
170.142.177.53 - - [12/Aug/2013:14:41:47 -0400] "GET /23/images/motif03.jpg HTTP/1.1" 200 6849 "http://www.craigfarms.com/Frame-1-homeleft.htm" "Mozilla/4.0 (compatible; MSIE 8.0; Windows NT 5.1; Trident/4.0; .NET CLR 2.0.50727; .NET CLR 1.1.4322; .NET CLR 3.0.4506.2152; .NET CLR 3.5.30729; .NET4.0C; InfoPath.3; .NET4.0E)"
170.142.177.53 - - [12/Aug/2013:14:41:49 -0400] "GET /23/images/top-06.gif HTTP/1.1" 200 135 "http://www.craigfarms.com/Frame-1-hometop.htm" "Mozilla/4.0 (compatible; MSIE 8.0; Windows NT 5.1; Trident/4.0; .NET CLR 2.0.50727; .NET CLR 1.1.4322; .NET CLR 3.0.4506.2152; .NET CLR 3.5.30729; .NET4.0C; InfoPath.3; .NET4.0E)"
178.154.243.81 - - [12/Aug/2013:23:02:43 -0400] "GET /images/193_jody.1.jpg HTTP/1.1" 304 - "-" "Mozilla/5.0 (compatible; YandexImages/3.0; +http://yandex.com/bots)"
62.219.8.226 - - [12/Aug/2013:23:21:41 -0400] "GET /Frame-2-mulesforsalepage2.html?refresh=1374681744111 HTTP/1.1" 200 8812 "http://www.craigfarms.net/mulesforsale.html" "Mozilla/4.0 (compatible; MSIE 7.0; Windows NT 5.1)"
62.219.8.226 - - [12/Aug/2013:23:22:07 -0400] "GET /manurespreaders/Frame-8-spingroomerstop.htm HTTP/1.1" 200 1427 "http://www.craigfarms.net/manurespreaders/spingroomers.html" "Mozilla/5.0 (compatible)"
62.219.8.226 - - [12/Aug/2013:23:22:07 -0400] "GET /manurespreaders/Frame-8-spingroomersleft.htm HTTP/1.1" 200 4053 "http://www.craigfarms.net/manurespreaders/spingroomers.html" "Mozilla/5.0 (Windows NT 6.0; WOW64) AppleWebKit/534.30 (KHTML, like Gecko) Chrome/12.0.742.91 Safari/534.30"
66.249.75.97 - - [12/Aug/2013:12:20:16 -0400] "GET /robots.txt HTTP/1.1" 200 25 "-" "Mozilla/5.0 (compatible; Googlebot/2.1; +http://www.google.com/bot.html)"
157.56.93.39 - - [12/Aug/2013:12:34:46 -0400] "GET /robots.txt HTTP/1.1" 200 25 "-" "Mozilla/5.0 (compatible; bingbot/2.0; +http://www.bing.com/bingbot.htm)"
180.76.5.192 - - [12/Aug/2013:12:45:06 -0400] "GET /Frame-2-mulesforsalepage2.html?refresh=1374681744111 HTTP/1.1" 200 8812 "-" "Mozilla/5.0 (compatible; Baiduspider/2.0; +http://www.baidu.com/search/spider.html)"
170.142.177.53 - - [12/Aug/2013:14:42:20 -0400] "GET /mulesforsale.html HTTP/1.1" 200 1548 "http://www.craigfarms.com/Frame-1-homeleft.htm" "Mozilla/4.0 (compatible; MSIE 8.0; Windows NT 5.1; Trident/4.0; .NET CLR 2.0.50727; .NET CLR 1.1.4322; .NET CLR 3.0.4506.2152; .NET CLR 3.5.30729; .NET4.0C; InfoPath.3; .NET4.0E)"
170.142.177.53 - - [12/Aug/2013:14:42:21 -0400] "GET /23/images/motif01.jpg HTTP/1.1" 200 6534 "http://www.craigfarms.com/Frame-2-mulesforsaletop.htm" "Mozilla/4.0 (compatible; MSIE 8.0; Windows NT 5.1; Trident/4.0; .NET CLR 2.0.50727; .NET CLR 1.1.4322; .NET CLR 3.0.4506.2152; .NET CLR 3.5.30729; .NET4.0C; InfoPath.3; .NET4.0E)"
70.193.141.105 - - [12/Aug/2013:16:29:32 -0400] "GET /23/scripts/icwebsiteelement.css HTTP/1.1" 304 - "http://www.craigfarms.com/" "Mozilla/5.0 (compatible; MSIE 10.0; Windows NT 6.1; WOW64; Trident/6.0)"
70.193.141.105 - - [12/Aug/2013:16:29:33 -0400] "GET /Frame-1-homepage1.html?refresh=1374681743953 HTTP/1.1" 304 - "http://www.craigfarms.com/" "Mozilla/5.0 (compatible; MSIE 10.0; Windows NT 6.1; WOW64; Trident/6.0)"
70.193.141.105 - - [12/Aug/2013:16:29:33 -0400] "GET /23/images/1/motif02.jpg HTTP/1.1" 200 1836 "http://www.craigfarms.com/Frame-1-hometop.htm" "Mozilla/5.0 (compatible; MSIE 10.0; Windows NT 6.1; WOW64; Trident/6.0)"
70.193.141.105 - - [12/Aug/2013:16:29:33 -0400] "GET /23/images/bg_top.jpg HTTP/1.1" 200 793 "http://www.craigfarms.com/Frame-1-hometop.htm" "Mozilla/5.0 (compatible; MSIE 10.0; Windows NT 6.1; WOW64; Trident/6.0)"
70.193.141.105 - - [12/Aug/2013:16:29:33 -0400] "GET /23/images/left-05.gif HTTP/1.1" 200 638 "http://www.craigfarms.com/Frame-1-homeleft.htm" "Mozilla/5.0 (compatible; MSIE 10.0; Windows NT 6.1; WOW64; Trident/6.0)"
70.193.141.105 - - [12/Aug/2013:16:29:34 -0400] "GET /23/images/left-02_over.gif HTTP/1.1" 200 373 "http://www.craigfarms.com/Frame-1-homeleft.htm" "Mozilla/5.0 (compatible; MSIE 10.0; Windows NT 6.1; WOW64; Trident/6.0)"
70.193.141.105 - - [12/Aug/2013:16:29:34 -0400] "GET /23/images/left-06_over.gif HTTP/1.1" 200 535 "http://www.craigfarms.com/Frame-1-homeleft.htm" "Mozilla/5.0 (compatible; MSIE 10.0; Windows NT 6.1; WOW64; Trident/6.0)"
70.193.141.105 - - [12/Aug/2013:16:29:34 -0400] "GET /images/100_facebook.jpg HTTP/1.1" 200 1592 "http://www.craigfarms.com/Frame-1-homepage1.html?refresh=1374681743953" "Mozilla/5.0 (compatible; MSIE 10.0; Windows NT 6.1; WOW64; Trident/6.0)"
157.55.32.233 - - [12/Aug/2013:07:31:53 -0400] "GET /Frame-1-hometop.htm HTTP/1.1" 200 1389 "-" "Mozilla/5.0 (compatible; bingbot/2.0; +http://www.bing.com/bingbot.htm)"
66.87.103.19 - - [12/Aug/2013:21:32:55 -0400] "GET /23/images/01a.gif HTTP/1.1" 200 327 "http://craigfarms.com/Frame-1-homeleft.htm" "Mozilla/5.0 (Linux; U; Android 4.1.1; en-us; EVO Build/JRO03C) AppleWebKit/534.30 (KHTML, like Gecko) Version/4.0 Mobile Safari/534.30"
66.87.103.19 - - [12/Aug/2013:21:32:57 -0400] "GET /23/images/1/motif01.jpg HTTP/1.1" 200 6534 "http://craigfarms.com/Frame-1-hometop.htm" "Mozilla/5.0 (Linux; U; Android 4.1.1; en-us; EVO Build/JRO03C) AppleWebKit/534.30 (KHTML, like Gecko) Version/4.0 Mobile Safari/534.30"
62.219.8.226 - - [12/Aug/2013:23:21:41 -0400] "GET /Frame-2-mulesforsaletop.htm HTTP/1.1" 200 1385 "http://www.craigfarms.net/mulesforsale.html" "Mozilla/5.0 (Windows NT 6.0; WOW64) AppleWebKit/534.30 (KHTML, like Gecko) Chrome/12.0.742.91 Safari/534.30"
62.219.8.226 - - [12/Aug/2013:23:21:42 -0400] "GET /Frame-5-linkstop.htm HTTP/1.1" 200 1385 "http://www.craigfarms.net/links.html" "Mozilla/5.0 (Windows NT 6.0; WOW64) AppleWebKit/534.30 (KHTML, like Gecko) Chrome/12.0.742.91 Safari/534.30"
82.80.244.58 - - [12/Aug/2013:23:27:40 -0400] "GET /23/images/left-05.gif HTTP/1.1" 200 638 "-" "-"
82.80.234.140 - - [12/Aug/2013:23:27:54 -0400] "GET /23/images/left-07.gif HTTP/1.1" 200 319 "-" "-"
76.112.115.89 - - [12/Aug/2013:10:04:06 -0400] "GET /23/scripts/icwebsiteelement.css HTTP/1.1" 200 8132 "http://www.craigfarms.com/" "Mozilla/5.0 (Windows NT 6.1; WOW64; rv:23.0) Gecko/20100101 Firefox/23.0"
76.112.115.89 - - [12/Aug/2013:10:04:08 -0400] "GET /Frame-1-homepage1.html?refresh=1374681743953 HTTP/1.1" 200 6162 "http://www.craigfarms.com/" "Mozilla/5.0 (Windows NT 6.1; WOW64; rv:23.0) Gecko/20100101 Firefox/23.0"
76.112.115.89 - - [12/Aug/2013:10:04:09 -0400] "GET /23/images/1/motif01.jpg HTTP/1.1" 200 6534 "http://www.craigfarms.com/Frame-1-hometop.htm" "Mozilla/5.0 (Windows NT 6.1; WOW64; rv:23.0) Gecko/20100101 Firefox/23.0"
76.112.115.89 - - [12/Aug/2013:10:04:09 -0400] "GET /23/images/left-03.gif HTTP/1.1" 200 540 "http://www.craigfarms.com/Frame-1-homeleft.htm" "Mozilla/5.0 (Windows NT 6.1; WOW64; rv:23.0) Gecko/20100101 Firefox/23.0"
76.112.115.89 - - [12/Aug/2013:10:04:09 -0400] "GET /images/100_facebook.jpg HTTP/1.1" 200 1592 "http://www.craigfarms.com/Frame-1-homepage1.html?refresh=1374681743953" "Mozilla/5.0 (Windows NT 6.1; WOW64; rv:23.0) Gecko/20100101 Firefox/23.0"
76.112.115.89 - - [12/Aug/2013:10:04:09 -0400] "GET /23/images/left-04_over.gif HTTP/1.1" 200 563 "http://www.craigfarms.com/Frame-1-homeleft.htm" "Mozilla/5.0 (Windows NT 6.1; WOW64; rv:23.0) Gecko/20100101 Firefox/23.0"
108.161.10.253 - - [12/Aug/2013:11:03:36 -0400] "GET /23/scripts/icwebsiteelement.css HTTP/1.1" 304 - "http://www.craigfarms.com/home.html" "Mozilla/5.0 (compatible; MSIE 10.0; Windows NT 6.1; WOW64; Trident/6.0)"
108.161.10.253 - - [12/Aug/2013:11:03:54 -0400] "GET /Frame-5-linksleft.htm HTTP/1.1" 304 - "http://www.craigfarms.com/links.html" "Mozilla/5.0 (compatible; MSIE 10.0; Windows NT 6.1; WOW64; Trident/6.0)"
157.56.229.246 - - [12/Aug/2013:05:15:29 -0400] "GET /Frame-2-mulesforsalepage2.html?refresh=1290543101583 HTTP/1.1" 304 - "-" "Mozilla/5.0 (compatible; bingbot/2.0; +http://www.bing.com/bingbot.htm)"
157.55.32.233 - - [12/Aug/2013:07:11:52 -0400] "GET /Frame-1-homeleft.htm HTTP/1.1" 200 3957 "-" "Mozilla/5.0 (compatible; bingbot/2.0; +http://www.bing.com/bingbot.htm)"
199.223.220.29 - - [12/Aug/2013:07:47:40 -0400] "GET /23/images/1/motif02.jpg HTTP/1.1" 200 1836 "http://www.craigfarms.com/Frame-1-hometop.htm" "Mozilla/5.0 (Windows NT 6.1; WOW64) AppleWebKit/537.36 (KHTML, like Gecko) Chrome/28.0.1500.95 Safari/537.36"
199.223.220.29 - - [12/Aug/2013:07:47:41 -0400] "GET /23/images/left-06_over.gif HTTP/1.1" 200 535 "http://www.craigfarms.com/Frame-1-homeleft.htm" "Mozilla/5.0 (Windows NT 6.1; WOW64) AppleWebKit/537.36 (KHTML, like Gecko) Chrome/28.0.1500.95 Safari/537.36"
199.223.220.29 - - [12/Aug/2013:07:47:41 -0400] "GET /23/images/left-05.gif HTTP/1.1" 200 638 "http://www.craigfarms.com/Frame-1-homeleft.htm" "Mozilla/5.0 (Windows NT 6.1; WOW64) AppleWebKit/537.36 (KHTML, like Gecko) Chrome/28.0.1500.95 Safari/537.36"
199.223.220.29 - - [12/Aug/2013:07:47:41 -0400] "GET /images/350_Both_Donkeys.2.jpg HTTP/1.1" 200 19018 "http://www.craigfarms.com/Frame-1-homepage1.html?refresh=1374681743953" "Mozilla/5.0 (Windows NT 6.1; WOW64) AppleWebKit/537.36 (KHTML, like Gecko) Chrome/28.0.1500.95 Safari/537.36"
178.154.243.81 - - [12/Aug/2013:20:29:41 -0400] "GET /images/200_Mahlon_Gray.4.jpg HTTP/1.1" 304 - "-" "Mozilla/5.0 (compatible; YandexImages/3.0; +http://yandex.com/bots)"
82.80.244.59 - - [12/Aug/2013:23:27:47 -0400] "GET /images/250_Doodlebug.1.jpg HTTP/1.1" 200 9769 "-" "-"
82.80.244.53 - - [12/Aug/2013:23:27:58 -0400] "GET /23/images/motif02.jpg HTTP/1.1" 200 1836 "-" "-"
74.75.203.217 - - [12/Aug/2013:13:31:42 -0400] "GET /favicon.ico HTTP/1.1" 404 575 "-" "Mozilla/5.0 (Windows NT 6.1; WOW64) AppleWebKit/537.36 (KHTML, like Gecko) Chrome/28.0.1500.95 Safari/537.36"
74.75.203.217 - - [12/Aug/2013:13:31:42 -0400] "GET /23/scripts/master.css HTTP/1.1" 304 - "http://www.craigfarms.com/index.html" "Mozilla/5.0 (Windows NT 6.1; WOW64) AppleWebKit/537.36 (KHTML, like Gecko) Chrome/28.0.1500.95 Safari/537.36"
74.75.203.217 - - [12/Aug/2013:13:31:43 -0400] "GET /23/images/top-01.gif HTTP/1.1" 304 - "http://www.craigfarms.com/Frame-1-hometop.htm" "Mozilla/5.0 (Windows NT 6.1; WOW64) AppleWebKit/537.36 (KHTML, like Gecko) Chrome/28.0.1500.95 Safari/537.36"
74.75.203.217 - - [12/Aug/2013:13:31:43 -0400] "GET /23/images/top-06.gif HTTP/1.1" 304 - "http://www.craigfarms.com/Frame-1-hometop.htm" "Mozilla/5.0 (Windows NT 6.1; WOW64) AppleWebKit/537.36 (KHTML, like Gecko) Chrome/28.0.1500.95 Safari/537.36"
74.75.203.217 - - [12/Aug/2013:13:31:43 -0400] "GET /23/images/left-04_over.gif HTTP/1.1" 304 - "http://www.craigfarms.com/Frame-1-homeleft.htm" "Mozilla/5.0 (Windows NT 6.1; WOW64) AppleWebKit/537.36 (KHTML, like Gecko) Chrome/28.0.1500.95 Safari/537.36"
74.75.203.217 - - [12/Aug/2013:13:31:43 -0400] "GET /23/images/01a.gif HTTP/1.1" 304 - "http://www.craigfarms.com/Frame-1-homeleft.htm" "Mozilla/5.0 (Windows NT 6.1; WOW64) AppleWebKit/537.36 (KHTML, like Gecko) Chrome/28.0.1500.95 Safari/537.36"
74.75.203.217 - - [12/Aug/2013:13:31:43 -0400] "GET /23/images/motif03.jpg HTTP/1.1" 304 - "http://www.craigfarms.com/Frame-1-homeleft.htm" "Mozilla/5.0 (Windows NT 6.1; WOW64) AppleWebKit/537.36 (KHTML, like Gecko) Chrome/28.0.1500.95 Safari/537.36"
74.75.203.217 - - [12/Aug/2013:13:31:45 -0400] "GET /Frame-2-mulesforsalepage2.html?refresh=1374681744111 HTTP/1.1" 200 8812 "http://www.craigfarms.com/mulesforsale.html" "Mozilla/5.0 (Windows NT 6.1; WOW64) AppleWebKit/537.36 (KHTML, like Gecko) Chrome/28.0.1500.95 Safari/537.36"
74.75.203.217 - - [12/Aug/2013:13:31:46 -0400] "GET /images/250_Doodlebug.1.jpg HTTP/1.1" 200 9769 "http://www.craigfarms.com/Frame-2-mulesforsalepage2.html?refresh=1374681744111" "Mozilla/5.0 (Windows NT 6.1; WOW64) AppleWebKit/537.36 (KHTML, like Gecko) Chrome/28.0.1500.95 Safari/537.36"
157.55.33.29 - - [12/Aug/2013:03:37:22 -0400] "GET /robots.txt HTTP/1.1" 200 25 "-" "Mozilla/5.0 (compatible; bingbot/2.0; +http://www.bing.com/bingbot.htm)"
12.1.219.177 - - [12/Aug/2013:03:54:16 -0400] "GET /scripts/ic_globals_published.js HTTP/1.1" 304 - "-" "Mozilla/4.0 (compatible;)"
157.55.33.21 - - [12/Aug/2013:17:55:57 -0400] "GET /Frame-2-mulesforsaleleft.htm HTTP/1.1" 200 3957 "-" "Mozilla/5.0 (compatible; bingbot/2.0; +http://www.bing.com/bingbot.htm)"
174.237.224.217 - - [12/Aug/2013:17:56:45 -0400] "GET /apple-touch-icon-114x114-precomposed.png HTTP/1.1" 404 575 "-" "MobileSafari/8536.25 CFNetwork/609.1.4 Darwin/13.0.0"
174.237.224.217 - - [12/Aug/2013:17:56:45 -0400] "GET /apple-touch-icon-114x114.png HTTP/1.1" 404 575 "-" "MobileSafari/8536.25 CFNetwork/609.1.4 Darwin/13.0.0"
174.237.224.217 - - [12/Aug/2013:17:56:46 -0400] "GET /apple-touch-icon-precomposed.png HTTP/1.1" 404 575 "-" "MobileSafari/8536.25 CFNetwork/609.1.4 Darwin/13.0.0"
174.237.224.217 - - [12/Aug/2013:17:56:46 -0400] "GET /apple-touch-icon.png HTTP/1.1" 404 575 "-" "MobileSafari/8536.25 CFNetwork/609.1.4 Darwin/13.0.0"
12.1.219.177 - - [12/Aug/2013:21:54:02 -0400] "GET /23/images/1/motif02.jpg HTTP/1.1" 304 - "-" "Mozilla/4.0 (compatible;)"
62.219.8.226 - - [12/Aug/2013:23:22:07 -0400] "GET /manurespreaders/Frame-4-farmequipmenttop.htm HTTP/1.1" 200 1427 "http://www.craigfarms.net/manurespreaders/farmequipment.html" "Mozilla/5.0 (Windows NT 6.0; WOW64) AppleWebKit/534.30 (KHTML, like Gecko) Chrome/12.0.742.91 Safari/534.30"
82.80.244.54 - - [12/Aug/2013:23:27:50 -0400] "GET /23/images/left-06.gif HTTP/1.1" 200 457 "-" "-"
157.55.35.117 - - [12/Aug/2013:06:44:03 -0400] "GET /Frame-1-homeleft.htm HTTP/1.1" 200 3957 "-" "Mozilla/5.0 (compatible; bingbot/2.0; +http://www.bing.com/bingbot.htm)"
157.55.32.100 - - [12/Aug/2013:08:26:49 -0400] "GET /robots.txt HTTP/1.1" 200 25 "-" "Mozilla/5.0 (compatible; bingbot/2.0; +http://www.bing.com/bingbot.htm)"
54.211.54.45 - - [12/Aug/2013:10:37:45 -0400] "HEAD / HTTP/1.1" 200 - "-" "python-requests/1.1.0 CPython/2.7.4 Linux/3.8.0-19-generic"
12.1.219.177 - - [12/Aug/2013:05:06:49 -0400] "GET /23/images/left-02_over.gif HTTP/1.1" 304 - "-" "Mozilla/4.0 (compatible;)"
76.112.115.89 - - [12/Aug/2013:10:04:29 -0400] "GET /links.html HTTP/1.1" 200 1527 "http://www.craigfarms.com/Frame-1-homeleft.htm" "Mozilla/5.0 (Windows NT 6.1; WOW64; rv:23.0) Gecko/20100101 Firefox/23.0"
76.112.115.89 - - [12/Aug/2013:10:04:29 -0400] "GET /Frame-5-linkstop.htm HTTP/1.1" 200 1385 "http://www.craigfarms.com/links.html" "Mozilla/5.0 (Windows NT 6.1; WOW64; rv:23.0) Gecko/20100101 Firefox/23.0"
76.112.115.89 - - [12/Aug/2013:10:04:29 -0400] "GET /23/images/motif01.jpg HTTP/1.1" 200 6534 "http://www.craigfarms.com/Frame-5-linkstop.htm" "Mozilla/5.0 (Windows NT 6.1; WOW64; rv:23.0) Gecko/20100101 Firefox/23.0"
76.112.115.89 - - [12/Aug/2013:10:04:29 -0400] "GET /23/images/motif02.jpg HTTP/1.1" 200 1836 "http://www.craigfarms.com/Frame-5-linkstop.htm" "Mozilla/5.0 (Windows NT 6.1; WOW64; rv:23.0) Gecko/20100101 Firefox/23.0"
12.1.219.177 - - [12/Aug/2013:11:05:19 -0400] "GET /23/scripts/master.css HTTP/1.1" 304 - "-" "Mozilla/4.0 (compatible;)"
12.1.219.177 - - [12/Aug/2013:15:17:21 -0400] "GET /Frame-1-homepage1.html?refresh=1374681743953 HTTP/1.1" 304 - "-" "Mozilla/4.0 (compatible;)"
72.172.22.169 - - [12/Aug/2013:16:05:13 -0400] "GET / HTTP/1.1" 200 1524 "http://www.mulerights.net/page05.html" "Mozilla/5.0 (Windows NT 5.1; rv:22.0) Gecko/20100101 Firefox/22.0"
72.172.22.169 - - [12/Aug/2013:16:05:13 -0400] "GET /23/scripts/master.css HTTP/1.1" 200 1951 "http://www.craigfarms.com/" "Mozilla/5.0 (Windows NT 5.1; rv:22.0) Gecko/20100101 Firefox/22.0"
72.172.22.169 - - [12/Aug/2013:16:05:14 -0400] "GET /scripts/photoalbum.js HTTP/1.1" 200 62481 "http://www.craigfarms.com/" "Mozilla/5.0 (Windows NT 5.1; rv:22.0) Gecko/20100101 Firefox/22.0"
72.172.22.169 - - [12/Aug/2013:16:05:15 -0400] "GET /Frame-1-hometop.htm HTTP/1.1" 200 1389 "http://www.craigfarms.com/" "Mozilla/5.0 (Windows NT 5.1; rv:22.0) Gecko/20100101 Firefox/22.0"
72.172.22.169 - - [12/Aug/2013:16:05:15 -0400] "GET /23/images/left-01.gif HTTP/1.1" 200 87 "http://www.craigfarms.com/Frame-1-homeleft.htm" "Mozilla/5.0 (Windows NT 5.1; rv:22.0) Gecko/20100101 Firefox/22.0"
72.172.22.169 - - [12/Aug/2013:16:05:15 -0400] "GET /23/images/motif03.jpg HTTP/1.1" 200 6849 "http://www.craigfarms.com/Frame-1-homeleft.htm" "Mozilla/5.0 (Windows NT 5.1; rv:22.0) Gecko/20100101 Firefox/22.0"
72.172.22.169 - - [12/Aug/2013:16:05:15 -0400] "GET /23/images/top-01.gif HTTP/1.1" 200 263 "http://www.craigfarms.com/Frame-1-hometop.htm" "Mozilla/5.0 (Windows NT 5.1; rv:22.0) Gecko/20100101 Firefox/22.0"
72.172.22.169 - - [12/Aug/2013:16:05:15 -0400] "GET /23/images/slogan.jpg HTTP/1.1" 200 4733 "http://www.craigfarms.com/Frame-1-hometop.htm" "Mozilla/5.0 (Windows NT 5.1; rv:22.0) Gecko/20100101 Firefox/22.0"
72.172.22.169 - - [12/Aug/2013:16:05:16 -0400] "GET /23/images/left-02_over.gif HTTP/1.1" 200 373 "http://www.craigfarms.com/Frame-1-homeleft.htm" "Mozilla/5.0 (Windows NT 5.1; rv:22.0) Gecko/20100101 Firefox/22.0"
72.172.22.169 - - [12/Aug/2013:16:05:16 -0400] "GET /23/images/left-06_over.gif HTTP/1.1" 200 535 "http://www.craigfarms.com/Frame-1-homeleft.htm" "Mozilla/5.0 (Windows NT 5.1; rv:22.0) Gecko/20100101 Firefox/22.0"
72.172.22.169 - - [12/Aug/2013:16:05:17 -0400] "GET /favicon.ico HTTP/1.1" 404 575 "-" "Mozilla/5.0 (Windows NT 5.1; rv:22.0) Gecko/20100101 Firefox/22.0"
72.172.22.169 - - [12/Aug/2013:16:05:17 -0400] "GET /favicon.ico HTTP/1.1" 404 575 "-" "Mozilla/5.0 (Windows NT 5.1; rv:22.0) Gecko/20100101 Firefox/22.0"
72.172.22.169 - - [12/Aug/2013:16:05:18 -0400] "GET /23/images/01b.gif HTTP/1.1" 200 419 "http://www.craigfarms.com/Frame-1-homeleft.htm" "Mozilla/5.0 (Windows NT 5.1; rv:22.0) Gecko/20100101 Firefox/22.0"
199.223.220.29 - - [12/Aug/2013:07:47:40 -0400] "GET /23/images/1/motif01.jpg HTTP/1.1" 200 6534 "http://www.craigfarms.com/Frame-1-hometop.htm" "Mozilla/5.0 (Windows NT 6.1; WOW64) AppleWebKit/537.36 (KHTML, like Gecko) Chrome/28.0.1500.95 Safari/537.36"
199.223.220.29 - - [12/Aug/2013:07:47:41 -0400] "GET /23/images/left-05_over.gif HTTP/1.1" 200 711 "http://www.craigfarms.com/Frame-1-homeleft.htm" "Mozilla/5.0 (Windows NT 6.1; WOW64) AppleWebKit/537.36 (KHTML, like Gecko) Chrome/28.0.1500.95 Safari/537.36"
199.223.220.29 - - [12/Aug/2013:07:47:41 -0400] "GET /23/images/left-04.gif HTTP/1.1" 200 475 "http://www.craigfarms.com/Frame-1-homeleft.htm" "Mozilla/5.0 (Windows NT 6.1; WOW64) AppleWebKit/537.36 (KHTML, like Gecko) Chrome/28.0.1500.95 Safari/537.36"
199.223.220.29 - - [12/Aug/2013:07:47:41 -0400] "GET /images/100_facebook.jpg HTTP/1.1" 200 1592 "http://www.craigfarms.com/Frame-1-homepage1.html?refresh=1374681743953" "Mozilla/5.0 (Windows NT 6.1; WOW64) AppleWebKit/537.36 (KHTML, like Gecko) Chrome/28.0.1500.95 Safari/537.36"
157.55.32.100 - - [12/Aug/2013:08:27:42 -0400] "GET /Frame-1-homeleft.htm HTTP/1.1" 304 - "-" "Mozilla/5.0 (compatible; bingbot/2.0; +http://www.bing.com/bingbot.htm)"
24.175.241.121 - - [12/Aug/2013:22:12:52 -0400] "GET /scripts/user.js HTTP/1.1" 304 - "http://www.craigfarms.com/index.html" "Mozilla/4.0 (compatible; MSIE 8.0; Windows NT 5.1; Trident/4.0; .NET CLR 2.0.50727; .NET CLR 3.0.4506.2152; .NET CLR 3.5.30729)"
24.175.241.121 - - [12/Aug/2013:22:12:52 -0400] "GET /Frame-1-homeleft.htm HTTP/1.1" 304 - "http://www.craigfarms.com/index.html" "Mozilla/4.0 (compatible; MSIE 8.0; Windows NT 5.1; Trident/4.0; .NET CLR 2.0.50727; .NET CLR 3.0.4506.2152; .NET CLR 3.5.30729)"
24.175.241.121 - - [12/Aug/2013:22:12:52 -0400] "GET /23/scripts/icwebsiteelement.css HTTP/1.1" 304 - "http://www.craigfarms.com/Frame-1-hometop.htm" "Mozilla/4.0 (compatible; MSIE 8.0; Windows NT 5.1; Trident/4.0; .NET CLR 2.0.50727; .NET CLR 3.0.4506.2152; .NET CLR 3.5.30729)"
24.175.241.121 - - [12/Aug/2013:22:12:53 -0400] "GET /23/images/spacer.gif HTTP/1.1" 304 - "http://www.craigfarms.com/Frame-1-hometop.htm" "Mozilla/4.0 (compatible; MSIE 8.0; Windows NT 5.1; Trident/4.0; .NET CLR 2.0.50727; .NET CLR 3.0.4506.2152; .NET CLR 3.5.30729)"
24.175.241.121 - - [12/Aug/2013:22:12:53 -0400] "GET /23/images/top-06.gif HTTP/1.1" 304 - "http://www.craigfarms.com/Frame-1-hometop.htm" "Mozilla/4.0 (compatible; MSIE 8.0; Windows NT 5.1; Trident/4.0; .NET CLR 2.0.50727; .NET CLR 3.0.4506.2152; .NET CLR 3.5.30729)"
24.175.241.121 - - [12/Aug/2013:22:12:53 -0400] "GET /23/images/left-04_over.gif HTTP/1.1" 304 - "http://www.craigfarms.com/Frame-1-homeleft.htm" "Mozilla/4.0 (compatible; MSIE 8.0; Windows NT 5.1; Trident/4.0; .NET CLR 2.0.50727; .NET CLR 3.0.4506.2152; .NET CLR 3.5.30729)"
24.175.241.121 - - [12/Aug/2013:22:12:53 -0400] "GET /23/images/left-01.gif HTTP/1.1" 304 - "http://www.craigfarms.com/Frame-1-homeleft.htm" "Mozilla/4.0 (compatible; MSIE 8.0; Windows NT 5.1; Trident/4.0; .NET CLR 2.0.50727; .NET CLR 3.0.4506.2152; .NET CLR 3.5.30729)"
24.175.241.121 - - [12/Aug/2013:22:12:53 -0400] "GET /23/images/left-06.gif HTTP/1.1" 304 - "http://www.craigfarms.com/Frame-1-homeleft.htm" "Mozilla/4.0 (compatible; MSIE 8.0; Windows NT 5.1; Trident/4.0; .NET CLR 2.0.50727; .NET CLR 3.0.4506.2152; .NET CLR 3.5.30729)"
74.75.203.217 - - [12/Aug/2013:13:32:01 -0400] "GET /moremules.html HTTP/1.1" 200 1539 "http://www.craigfarms.com/Frame-2-mulesforsaleleft.htm" "Mozilla/5.0 (Windows NT 6.1; WOW64) AppleWebKit/537.36 (KHTML, like Gecko) Chrome/28.0.1500.95 Safari/537.36"
74.75.203.217 - - [12/Aug/2013:13:32:01 -0400] "GET /Frame-3-moremulestop.htm HTTP/1.1" 200 1385 "http://www.craigfarms.com/moremules.html" "Mozilla/5.0 (Windows NT 6.1; WOW64) AppleWebKit/537.36 (KHTML, like Gecko) Chrome/28.0.1500.95 Safari/537.36"
74.75.203.217 - - [12/Aug/2013:13:32:01 -0400] "GET /images/200_Mahlon_Gray.4.jpg HTTP/1.1" 200 4570 "http://www.craigfarms.com/Frame-3-moremulespage3.html?refresh=1374681744177" "Mozilla/5.0 (Windows NT 6.1; WOW64) AppleWebKit/537.36 (KHTML, like Gecko) Chrome/28.0.1500.95 Safari/537.36"
74.75.203.217 - - [12/Aug/2013:13:32:01 -0400] "GET /images/200_J.K._Star.1.jpg HTTP/1.1" 200 7732 "http://www.craigfarms.com/Frame-3-moremulespage3.html?refresh=1374681744177" "Mozilla/5.0 (Windows NT 6.1; WOW64) AppleWebKit/537.36 (KHTML, like Gecko) Chrome/28.0.1500.95 Safari/537.36"
157.55.33.29 - - [12/Aug/2013:03:38:31 -0400] "GET /Frame-1-homepage1.html?refresh=1337613204659 HTTP/1.1" 200 6162 "-" "Mozilla/5.0 (compatible; bingbot/2.0; +http://www.bing.com/bingbot.htm)"
66.249.75.97 - - [12/Aug/2013:05:31:34 -0400] "GET /images/100_facebook.jpg HTTP/1.1" 304 - "-" "Googlebot-Image/1.0"
178.154.243.81 - - [12/Aug/2013:21:20:22 -0400] "GET /23/images/1/motif02.jpg HTTP/1.1" 200 1836 "-" "Mozilla/5.0 (compatible; YandexImages/3.0; +http://yandex.com/bots)"
66.87.103.19 - - [12/Aug/2013:21:32:50 -0400] "GET /23/scripts/icwebsiteelement.css HTTP/1.1" 200 8132 "http://craigfarms.com/" "Mozilla/5.0 (Linux; U; Android 4.1.1; en-us; EVO Build/JRO03C) AppleWebKit/534.30 (KHTML, like Gecko) Version/4.0 Mobile Safari/534.30"
62.219.8.226 - - [12/Aug/2013:23:21:29 -0400] "GET /moremules.html HTTP/1.1" 200 1539 "http://www.craigfarms.net/Frame-1-homeleft.htm" "Mozilla/4.0 (compatible; MSIE 7.0; Windows NT 5.1)"
62.219.8.226 - - [12/Aug/2013:23:21:41 -0400] "GET /Frame-2-mulesforsaleleft.htm HTTP/1.1" 200 3957 "http://www.craigfarms.net/mulesforsale.html" "Mozilla/5.0 (Windows NT 6.0; WOW64) AppleWebKit/534.30 (KHTML, like Gecko) Chrome/12.0.742.91 Safari/534.30"
62.219.8.226 - - [12/Aug/2013:23:21:42 -0400] "GET /Frame-5-linkspage5.html?refresh=1374681744428 HTTP/1.1" 200 4846 "http://www.craigfarms.net/links.html" "Mozilla/6.0 (compatible)"
82.80.234.138 - - [12/Aug/2013:23:27:48 -0400] "GET /consoles/11/images/cn_top_back.gif HTTP/1.1" 200 1717 "-" "-"
82.80.244.59 - - [12/Aug/2013:23:27:50 -0400] "GET /manurespreaders/consoles/11/images/cn_right_back.gif HTTP/1.1" 404 575 "-" "-"
82.80.234.142 - - [12/Aug/2013:23:27:54 -0400] "GET /consoles/11/images/cn_corner03.gif HTTP/1.1" 200 281 "-" "-"
74.75.203.217 - - [12/Aug/2013:13:31:42 -0400] "GET /scripts/photoalbum.js HTTP/1.1" 304 - "http://www.craigfarms.com/index.html" "Mozilla/5.0 (Windows NT 6.1; WOW64) AppleWebKit/537.36 (KHTML, like Gecko) Chrome/28.0.1500.95 Safari/537.36"
74.75.203.217 - - [12/Aug/2013:13:31:43 -0400] "GET /Frame-1-homepage1.html?refresh=1374681743953 HTTP/1.1" 200 6162 "http://www.craigfarms.com/index.html" "Mozilla/5.0 (Windows NT 6.1; WOW64) AppleWebKit/537.36 (KHTML, like Gecko) Chrome/28.0.1500.95 Safari/537.36"
74.75.203.217 - - [12/Aug/2013:13:31:43 -0400] "GET /23/images/company.jpg HTTP/1.1" 304 - "http://www.craigfarms.com/Frame-1-hometop.htm" "Mozilla/5.0 (Windows NT 6.1; WOW64) AppleWebKit/537.36 (KHTML, like Gecko) Chrome/28.0.1500.95 Safari/537.36"
74.75.203.217 - - [12/Aug/2013:13:31:43 -0400] "GET /23/images/left-03_over.gif HTTP/1.1" 304 - "http://www.craigfarms.com/Frame-1-homeleft.htm" "Mozilla/5.0 (Windows NT 6.1; WOW64) AppleWebKit/537.36 (KHTML, like Gecko) Chrome/28.0.1500.95 Safari/537.36"
74.75.203.217 - - [12/Aug/2013:13:31:43 -0400] "GET /23/images/left-03.gif HTTP/1.1" 304 - "http://www.craigfarms.com/Frame-1-homeleft.htm" "Mozilla/5.0 (Windows NT 6.1; WOW64) AppleWebKit/537.36 (KHTML, like Gecko) Chrome/28.0.1500.95 Safari/537.36"
74.75.203.217 - - [12/Aug/2013:13:31:46 -0400] "GET /images/193_Murray_Team.1.jpg HTTP/1.1" 304 - "http://www.craigfarms.com/Frame-2-mulesforsalepage2.html?refresh=1374681744111" "Mozilla/5.0 (Windows NT 6.1; WOW64) AppleWebKit/537.36 (KHTML, like Gecko) Chrome/28.0.1500.95 Safari/537.36"
42.156.136.14 - - [12/Aug/2013:01:13:56 -0400] "GET /Frame-1-hometop.htm HTTP/1.1" 200 1389 "-" "YisouSpider"
157.55.32.49 - - [12/Aug/2013:01:56:01 -0400] "GET /scripts/photoalbum.js HTTP/1.1" 200 62481 "-" "Mozilla/5.0 (compatible; bingbot/2.0; +http://www.bing.com/bingbot.htm)"
199.30.24.133 - - [12/Aug/2013:02:32:52 -0400] "GET /Frame-5-linkspage5.html?refresh=1374681744428 HTTP/1.1" 200 4846 "http://www.craigfarms.com/links.html" "Mozilla/5.0 (Windows NT 6.1; WOW64) AppleWebKit/534+ (KHTML, like Gecko) BingPreview/1.0b"
78.101.182.35 - - [12/Aug/2013:16:54:18 -0400] "GET /admin.php HTTP/1.0" 403 211 "-" "Mozilla/5.0 (Windows NT 6.1; rv:19.0) Gecko/20100101 Firefox/19.0"
12.1.219.177 - - [12/Aug/2013:21:10:55 -0400] "GET /23/images/left-07_over.gif HTTP/1.1" 304 - "-" "Mozilla/4.0 (compatible;)"
62.219.8.226 - - [12/Aug/2013:23:21:41 -0400] "GET /Frame-6-mappagepage6.html?refresh=1374681744362 HTTP/1.1" 200 3797 "http://www.craigfarms.net/mappage.html" "Mozilla/5.0 (Windows NT 6.0; WOW64) AppleWebKit/534.30 (KHTML, like Gecko) Chrome/12.0.742.91 Safari/534.30"
66.249.75.28 - - [12/Aug/2013:13:13:54 -0400] "GET / HTTP/1.1" 200 1524 "-" "Mozilla/5.0 (iPhone; U; CPU iPhone OS 4_1 like Mac OS X; en-us) AppleWebKit/532.9 (KHTML, like Gecko) Version/4.0.5 Mobile/8B117 Safari/6531.22.7 (compatible; Googlebot-Mobile/2.1; +http://www.google.com/bot.html)"
170.142.177.53 - - [12/Aug/2013:14:43:18 -0400] "GET /images/200_Mahlon_Gray.4.jpg HTTP/1.1" 200 4570 "http://www.craigfarms.com/Frame-3-moremulespage3.html?refresh=1374681744177" "Mozilla/4.0 (compatible; MSIE 8.0; Windows NT 5.1; Trident/4.0; .NET CLR 2.0.50727; .NET CLR 1.1.4322; .NET CLR 3.0.4506.2152; .NET CLR 3.5.30729; .NET4.0C; InfoPath.3; .NET4.0E)"
157.55.32.49 - - [12/Aug/2013:00:46:55 -0400] "GET /Frame-1-homepage1.html?refresh=1295896359288 HTTP/1.1" 200 6162 "-" "Mozilla/5.0 (compatible; bingbot/2.0; +http://www.bing.com/bingbot.htm)"
157.55.35.117 - - [12/Aug/2013:11:36:40 -0400] "GET /Frame-1-hometop.htm HTTP/1.1" 200 1389 "-" "Mozilla/5.0 (compatible; bingbot/2.0; +http://www.bing.com/bingbot.htm)"
62.219.8.226 - - [12/Aug/2013:23:21:51 -0400] "GET /manurespreaders/spingroomers.html HTTP/1.1" 200 1560 "http://www.craigfarms.net/Frame-7-manurespreaderspage7.html?refresh=1374681744310" "Mozilla/5.0 (compatible)"
82.80.234.140 - - [12/Aug/2013:23:27:49 -0400] "GET /23/images/slogan.jpg HTTP/1.1" 200 4733 "-" "-"
82.80.234.138 - - [12/Aug/2013:23:27:55 -0400] "GET /images/250_Red_White_Face_N.O.3.jpg HTTP/1.1" 200 10477 "-" "-"
82.80.244.52 - - [12/Aug/2013:23:27:58 -0400] "GET /23//images/spacer.gif HTTP/1.1" 200 43 "-" "-"
12.1.219.177 - - [12/Aug/2013:15:23:13 -0400] "GET /23/images/top-01.gif HTTP/1.1" 304 - "-" "Mozilla/4.0 (compatible;)"
70.193.141.105 - - [12/Aug/2013:16:29:33 -0400] "GET /23/images/1/motif01.jpg HTTP/1.1" 200 6534 "http://www.craigfarms.com/Frame-1-hometop.htm" "Mozilla/5.0 (compatible; MSIE 10.0; Windows NT 6.1; WOW64; Trident/6.0)"
70.193.141.105 - - [12/Aug/2013:16:29:33 -0400] "GET /23/images/left-06.gif HTTP/1.1" 200 457 "http://www.craigfarms.com/Frame-1-homeleft.htm" "Mozilla/5.0 (compatible; MSIE 10.0; Windows NT 6.1; WOW64; Trident/6.0)"
70.193.141.105 - - [12/Aug/2013:16:29:34 -0400] "GET /23/images/left-03_over.gif HTTP/1.1" 200 616 "http://www.craigfarms.com/Frame-1-homeleft.htm" "Mozilla/5.0 (compatible; MSIE 10.0; Windows NT 6.1; WOW64; Trident/6.0)"
70.193.141.105 - - [12/Aug/2013:16:29:34 -0400] "GET /23/images/left-07_over.gif HTTP/1.1" 200 416 "http://www.craigfarms.com/Frame-1-homeleft.htm" "Mozilla/5.0 (compatible; MSIE 10.0; Windows NT 6.1; WOW64; Trident/6.0)"
70.193.141.105 - - [12/Aug/2013:16:29:34 -0400] "GET /images/350_Both_Donkeys.2.jpg HTTP/1.1" 200 19018 "http://www.craigfarms.com/Frame-1-homepage1.html?refresh=1374681743953" "Mozilla/5.0 (compatible; MSIE 10.0; Windows NT 6.1; WOW64; Trident/6.0)"
12.1.219.177 - - [12/Aug/2013:17:33:25 -0400] "GET /23/images/slogan.jpg HTTP/1.1" 304 - "-" "Mozilla/4.0 (compatible;)"
174.237.224.217 - - [12/Aug/2013:17:56:41 -0400] "GET /23/images/top-01.gif HTTP/1.1" 200 263 "http://www.craigfarms.com/Frame-1-hometop.htm" "Mozilla/5.0 (iPhone; CPU iPhone OS 6_1_3 like Mac OS X) AppleWebKit/536.26 (KHTML, like Gecko) Version/6.0 Mobile/10B329 Safari/8536.25"
174.237.224.217 - - [12/Aug/2013:17:56:42 -0400] "GET /23/images/bg_left.jpg HTTP/1.1" 200 952 "http://www.craigfarms.com/Frame-1-homeleft.htm" "Mozilla/5.0 (iPhone; CPU iPhone OS 6_1_3 like Mac OS X) AppleWebKit/536.26 (KHTML, like Gecko) Version/6.0 Mobile/10B329 Safari/8536.25"
174.237.224.217 - - [12/Aug/2013:17:56:43 -0400] "GET /23/images/left-06_over.gif HTTP/1.1" 200 535 "http://www.craigfarms.com/Frame-1-homeleft.htm" "Mozilla/5.0 (iPhone; CPU iPhone OS 6_1_3 like Mac OS X) AppleWebKit/536.26 (KHTML, like Gecko) Version/6.0 Mobile/10B329 Safari/8536.25"
174.237.224.217 - - [12/Aug/2013:17:56:43 -0400] "GET /23/images/left-04.gif HTTP/1.1" 200 475 "http://www.craigfarms.com/Frame-1-homeleft.htm" "Mozilla/5.0 (iPhone; CPU iPhone OS 6_1_3 like Mac OS X) AppleWebKit/536.26 (KHTML, like Gecko) Version/6.0 Mobile/10B329 Safari/8536.25"
66.249.75.97 - - [12/Aug/2013:21:23:04 -0400] "GET /Frame-1-homepage1.html?refresh=1374681743000 HTTP/1.1" 200 6162 "-" "Mozilla/5.0 (compatible; Googlebot/2.1; +http://www.google.com/bot.html)"
62.219.8.226 - - [12/Aug/2013:23:21:18 -0400] "GET /23/scripts/icwebsiteelement.css HTTP/1.1" 200 8132 "http://www.craigfarms.net/" "Mozilla/4.0 (compatible; MSIE 7.0; Windows NT 5.1)"
62.219.8.226 - - [12/Aug/2013:23:21:29 -0400] "GET /mulesforsale.html HTTP/1.1" 200 1548 "http://www.craigfarms.net/Frame-1-homeleft.htm" "Mozilla/5.0 (Windows NT 6.0; WOW64) AppleWebKit/534.30 (KHTML, like Gecko) Chrome/12.0.742.91 Safari/534.30"
82.80.234.141 - - [12/Aug/2013:23:27:41 -0400] "GET /23/images/left-03.gif HTTP/1.1" 200 540 "-" "-"
82.80.244.54 - - [12/Aug/2013:23:27:44 -0400] "GET /consoles/11/images/cn_left_back.gif HTTP/1.1" 200 954 "-" "-"
66.249.75.28 - - [12/Aug/2013:13:13:54 -0400] "GET /robots.txt HTTP/1.1" 200 25 "-" "Mozilla/5.0 (compatible; Googlebot/2.1; +http://www.google.com/bot.html)"
74.75.203.217 - - [12/Aug/2013:13:32:01 -0400] "GET /Frame-3-moremulespage3.html?refresh=1374681744177 HTTP/1.1" 200 6684 "http://www.craigfarms.com/moremules.html" "Mozilla/5.0 (Windows NT 6.1; WOW64) AppleWebKit/537.36 (KHTML, like Gecko) Chrome/28.0.1500.95 Safari/537.36"
74.75.203.217 - - [12/Aug/2013:13:32:01 -0400] "GET /images/250_Red_White_Face_N.O.3.jpg HTTP/1.1" 200 10477 "http://www.craigfarms.com/Frame-3-moremulespage3.html?refresh=1374681744177" "Mozilla/5.0 (Windows NT 6.1; WOW64) AppleWebKit/537.36 (KHTML, like Gecko) Chrome/28.0.1500.95 Safari/537.36"
130.185.109.243 - - [12/Aug/2013:14:23:35 -0400] "GET /23/scripts/icwebsiteelement.css HTTP/1.1" 200 8132 "-" "PagesInventory (robot http://www.pagesinventory.com)"
76.112.115.89 - - [12/Aug/2013:10:04:07 -0400] "GET /scripts/photoalbum.js HTTP/1.1" 200 62481 "http://www.craigfarms.com/" "Mozilla/5.0 (Windows NT 6.1; WOW64; rv:23.0) Gecko/20100101 Firefox/23.0"
76.112.115.89 - - [12/Aug/2013:10:04:08 -0400] "GET /Frame-1-hometop.htm HTTP/1.1" 200 1389 "http://www.craigfarms.com/" "Mozilla/5.0 (Windows NT 6.1; WOW64; rv:23.0) Gecko/20100101 Firefox/23.0"
76.112.115.89 - - [12/Aug/2013:10:04:09 -0400] "GET /23/images/spacer.gif HTTP/1.1" 200 43 "http://www.craigfarms.com/Frame-1-hometop.htm" "Mozilla/5.0 (Windows NT 6.1; WOW64; rv:23.0) Gecko/20100101 Firefox/23.0"
76.112.115.89 - - [12/Aug/2013:10:04:09 -0400] "GET /23/images/slogan.jpg HTTP/1.1" 200 4733 "http://www.craigfarms.com/Frame-1-hometop.htm" "Mozilla/5.0 (Windows NT 6.1; WOW64; rv:23.0) Gecko/20100101 Firefox/23.0"
76.112.115.89 - - [12/Aug/2013:10:04:09 -0400] "GET /23/images/left-05.gif HTTP/1.1" 200 638 "http://www.craigfarms.com/Frame-1-homeleft.htm" "Mozilla/5.0 (Windows NT 6.1; WOW64; rv:23.0) Gecko/20100101 Firefox/23.0"
76.112.115.89 - - [12/Aug/2013:10:04:09 -0400] "GET /23/images/bg_top.jpg HTTP/1.1" 200 793 "http://www.craigfarms.com/Frame-1-hometop.htm" "Mozilla/5.0 (Windows NT 6.1; WOW64; rv:23.0) Gecko/20100101 Firefox/23.0"
76.112.115.89 - - [12/Aug/2013:10:04:09 -0400] "GET /23/images/left-05_over.gif HTTP/1.1" 200 711 "http://www.craigfarms.com/Frame-1-homeleft.htm" "Mozilla/5.0 (Windows NT 6.1; WOW64; rv:23.0) Gecko/20100101 Firefox/23.0"
76.112.115.89 - - [12/Aug/2013:10:04:09 -0400] "GET /favicon.ico HTTP/1.1" 404 575 "-" "Mozilla/5.0 (Windows NT 6.1; WOW64; rv:23.0) Gecko/20100101 Firefox/23.0"
71.166.111.240 - - [12/Aug/2013:10:09:49 -0400] "GET /23/images/01a.gif HTTP/1.1" 200 327 "http://www.craigfarms.com/Frame-1-homeleft.htm" "Mozilla/5.0 (compatible; MSIE 10.0; Windows NT 6.1; WOW64; Trident/6.0)"
71.166.111.240 - - [12/Aug/2013:10:09:49 -0400] "GET /23/images/left-07.gif HTTP/1.1" 200 319 "http://www.craigfarms.com/Frame-1-homeleft.htm" "Mozilla/5.0 (compatible; MSIE 10.0; Windows NT 6.1; WOW64; Trident/6.0)"
71.166.111.240 - - [12/Aug/2013:10:09:49 -0400] "GET /23/images/left-02_over.gif HTTP/1.1" 200 373 "http://www.craigfarms.com/Frame-1-homeleft.htm" "Mozilla/5.0 (compatible; MSIE 10.0; Windows NT 6.1; WOW64; Trident/6.0)"
71.166.111.240 - - [12/Aug/2013:10:09:49 -0400] "GET /23/images/left-04_over.gif HTTP/1.1" 200 563 "http://www.craigfarms.com/Frame-1-homeleft.htm" "Mozilla/5.0 (compatible; MSIE 10.0; Windows NT 6.1; WOW64; Trident/6.0)"
71.166.111.240 - - [12/Aug/2013:10:09:49 -0400] "GET /23/images/left-07_over.gif HTTP/1.1" 200 416 "http://www.craigfarms.com/Frame-1-homeleft.htm" "Mozilla/5.0 (compatible; MSIE 10.0; Windows NT 6.1; WOW64; Trident/6.0)"
71.166.111.240 - - [12/Aug/2013:10:09:50 -0400] "GET /23/images/company.jpg HTTP/1.1" 200 5899 "http://www.craigfarms.com/Frame-1-hometop.htm" "Mozilla/5.0 (compatible; MSIE 10.0; Windows NT 6.1; WOW64; Trident/6.0)"
71.166.111.240 - - [12/Aug/2013:10:09:50 -0400] "GET /23/images/bg_top.jpg HTTP/1.1" 200 793 "http://www.craigfarms.com/Frame-1-hometop.htm" "Mozilla/5.0 (compatible; MSIE 10.0; Windows NT 6.1; WOW64; Trident/6.0)"
54.211.54.45 - - [12/Aug/2013:10:37:45 -0400] "HEAD / HTTP/1.1" 200 - "-" "python-requests/1.1.0 CPython/2.7.4 Linux/3.8.0-19-generic"
62.219.8.226 - - [12/Aug/2013:23:21:29 -0400] "GET /mappage.html HTTP/1.1" 200 1533 "http://www.craigfarms.net/Frame-1-homeleft.htm" "Mozilla/5.0 (compatible)"
82.80.244.57 - - [12/Aug/2013:23:27:45 -0400] "GET /23/images/1/motif01.jpg HTTP/1.1" 200 6534 "-" "-"
5.10.83.48 - - [12/Aug/2013:08:09:47 -0400] "GET /robots.txt HTTP/1.1" 200 25 "-" "Mozilla/5.0 (compatible; AhrefsBot/5.0; +http://ahrefs.com/robot/)"
157.55.32.233 - - [12/Aug/2013:17:21:24 -0400] "GET /mulesforsale.html HTTP/1.1" 200 1548 "-" "Mozilla/5.0 (compatible; bingbot/2.0; +http://www.bing.com/bingbot.htm)"
174.237.224.217 - - [12/Aug/2013:17:56:41 -0400] "GET /23/images/1/motif01.jpg HTTP/1.1" 200 6534 "http://www.craigfarms.com/Frame-1-hometop.htm" "Mozilla/5.0 (iPhone; CPU iPhone OS 6_1_3 like Mac OS X) AppleWebKit/536.26 (KHTML, like Gecko) Version/6.0 Mobile/10B329 Safari/8536.25"
174.237.224.217 - - [12/Aug/2013:17:56:43 -0400] "GET /23/images/left-02_over.gif HTTP/1.1" 200 373 "http://www.craigfarms.com/Frame-1-homeleft.htm" "Mozilla/5.0 (iPhone; CPU iPhone OS 6_1_3 like Mac OS X) AppleWebKit/536.26 (KHTML, like Gecko) Version/6.0 Mobile/10B329 Safari/8536.25"
174.237.224.217 - - [12/Aug/2013:17:56:43 -0400] "GET /23/images/left-07_over.gif HTTP/1.1" 200 416 "http://www.craigfarms.com/Frame-1-homeleft.htm" "Mozilla/5.0 (iPhone; CPU iPhone OS 6_1_3 like Mac OS X) AppleWebKit/536.26 (KHTML, like Gecko) Version/6.0 Mobile/10B329 Safari/8536.25"
174.237.224.217 - - [12/Aug/2013:17:56:44 -0400] "GET /23/images/left-05.gif HTTP/1.1" 200 638 "http://www.craigfarms.com/Frame-1-homeleft.htm" "Mozilla/5.0 (iPhone; CPU iPhone OS 6_1_3 like Mac OS X) AppleWebKit/536.26 (KHTML, like Gecko) Version/6.0 Mobile/10B329 Safari/8536.25"
157.56.229.246 - - [12/Aug/2013:05:12:27 -0400] "GET /robots.txt HTTP/1.1" 200 25 "-" "Mozilla/5.0 (compatible; bingbot/2.0; +http://www.bing.com/bingbot.htm)"
71.166.111.240 - - [12/Aug/2013:10:09:49 -0400] "GET /Frame-1-homepage1.html?refresh=1374681743953 HTTP/1.1" 200 6162 "http://www.craigfarms.com/" "Mozilla/5.0 (compatible; MSIE 10.0; Windows NT 6.1; WOW64; Trident/6.0)"
71.166.111.240 - - [12/Aug/2013:10:09:49 -0400] "GET /23/images/left-01.gif HTTP/1.1" 200 87 "http://www.craigfarms.com/Frame-1-homeleft.htm" "Mozilla/5.0 (compatible; MSIE 10.0; Windows NT 6.1; WOW64; Trident/6.0)"
71.166.111.240 - - [12/Aug/2013:10:09:49 -0400] "GET /23/images/left-06.gif HTTP/1.1" 200 457 "http://www.craigfarms.com/Frame-1-homeleft.htm" "Mozilla/5.0 (compatible; MSIE 10.0; Windows NT 6.1; WOW64; Trident/6.0)"
71.166.111.240 - - [12/Aug/2013:10:09:49 -0400] "GET /images/100_facebook.jpg HTTP/1.1" 200 1592 "http://www.craigfarms.com/Frame-1-homepage1.html?refresh=1374681743953" "Mozilla/5.0 (compatible; MSIE 10.0; Windows NT 6.1; WOW64; Trident/6.0)"
71.166.111.240 - - [12/Aug/2013:10:09:49 -0400] "GET /23/images/left-03_over.gif HTTP/1.1" 200 616 "http://www.craigfarms.com/Frame-1-homeleft.htm" "Mozilla/5.0 (compatible; MSIE 10.0; Windows NT 6.1; WOW64; Trident/6.0)"
71.166.111.240 - - [12/Aug/2013:10:09:49 -0400] "GET /23/images/left-06_over.gif HTTP/1.1" 200 535 "http://www.craigfarms.com/Frame-1-homeleft.htm" "Mozilla/5.0 (compatible; MSIE 10.0; Windows NT 6.1; WOW64; Trident/6.0)"
71.166.111.240 - - [12/Aug/2013:10:09:49 -0400] "GET /23/images/spacer.gif HTTP/1.1" 200 43 "http://www.craigfarms.com/Frame-1-homepage1.html?refresh=1374681743953" "Mozilla/5.0 (compatible; MSIE 10.0; Windows NT 6.1; WOW64; Trident/6.0)"
71.166.111.240 - - [12/Aug/2013:10:09:50 -0400] "GET /23/images/top-01.gif HTTP/1.1" 200 263 "http://www.craigfarms.com/Frame-1-hometop.htm" "Mozilla/5.0 (compatible; MSIE 10.0; Windows NT 6.1; WOW64; Trident/6.0)"
71.166.111.240 - - [12/Aug/2013:10:09:50 -0400] "GET /23/images/slogan.jpg HTTP/1.1" 200 4733 "http://www.craigfarms.com/Frame-1-hometop.htm" "Mozilla/5.0 (compatible; MSIE 10.0; Windows NT 6.1; WOW64; Trident/6.0)"
108.161.10.253 - - [12/Aug/2013:11:03:40 -0400] "GET /scripts/photoalbum.js HTTP/1.1" 304 - "http://www.craigfarms.com/home.html" "Mozilla/5.0 (compatible; MSIE 10.0; Windows NT 6.1; WOW64; Trident/6.0)"
108.161.10.253 - - [12/Aug/2013:11:03:41 -0400] "GET /Frame-1-hometop.htm HTTP/1.1" 304 - "http://www.craigfarms.com/home.html" "Mozilla/5.0 (compatible; MSIE 10.0; Windows NT 6.1; WOW64; Trident/6.0)"
108.161.10.253 - - [12/Aug/2013:11:03:41 -0400] "GET /Frame-1-homepage1.html?refresh=1374681743953 HTTP/1.1" 304 - "http://www.craigfarms.com/home.html" "Mozilla/5.0 (compatible; MSIE 10.0; Windows NT 6.1; WOW64; Trident/6.0)"
108.161.10.253 - - [12/Aug/2013:11:03:41 -0400] "GET /23/images/top-01.gif HTTP/1.1" 304 - "http://www.craigfarms.com/Frame-1-hometop.htm" "Mozilla/5.0 (compatible; MSIE 10.0; Windows NT 6.1; WOW64; Trident/6.0)"
108.161.10.253 - - [12/Aug/2013:11:03:41 -0400] "GET /23/images/bg_top.jpg HTTP/1.1" 304 - "http://www.craigfarms.com/Frame-1-hometop.htm" "Mozilla/5.0 (compatible; MSIE 10.0; Windows NT 6.1; WOW64; Trident/6.0)"
108.161.10.253 - - [12/Aug/2013:11:03:41 -0400] "GET /23/images/left-05.gif HTTP/1.1" 304 - "http://www.craigfarms.com/Frame-1-homeleft.htm" "Mozilla/5.0 (compatible; MSIE 10.0; Windows NT 6.1; WOW64; Trident/6.0)"
108.161.10.253 - - [12/Aug/2013:11:03:41 -0400] "GET /23/images/left-04_over.gif HTTP/1.1" 304 - "http://www.craigfarms.com/Frame-1-homeleft.htm" "Mozilla/5.0 (compatible; MSIE 10.0; Windows NT 6.1; WOW64; Trident/6.0)"
108.161.10.253 - - [12/Aug/2013:11:03:41 -0400] "GET /23/images/spacer.gif HTTP/1.1" 304 - "http://www.craigfarms.com/Frame-1-homepage1.html?refresh=1374681743953" "Mozilla/5.0 (compatible; MSIE 10.0; Windows NT 6.1; WOW64; Trident/6.0)"
108.161.10.253 - - [12/Aug/2013:11:03:43 -0400] "GET /mulesforsale.html HTTP/1.1" 304 - "http://www.craigfarms.com/Frame-1-homeleft.htm" "Mozilla/5.0 (compatible; MSIE 10.0; Windows NT 6.1; WOW64; Trident/6.0)"
108.161.10.253 - - [12/Aug/2013:11:03:43 -0400] "GET /Frame-2-mulesforsaletop.htm HTTP/1.1" 304 - "http://www.craigfarms.com/mulesforsale.html" "Mozilla/5.0 (compatible; MSIE 10.0; Windows NT 6.1; WOW64; Trident/6.0)"
108.161.10.253 - - [12/Aug/2013:11:03:43 -0400] "GET /23/images/motif01.jpg HTTP/1.1" 200 6534 "http://www.craigfarms.com/Frame-2-mulesforsaletop.htm" "Mozilla/5.0 (compatible; MSIE 10.0; Windows NT 6.1; WOW64; Trident/6.0)"
66.87.103.19 - - [12/Aug/2013:21:32:59 -0400] "GET /23/images/left-04_over.gif HTTP/1.1" 200 563 "http://craigfarms.com/Frame-1-homeleft.htm" "Mozilla/5.0 (Linux; U; Android 4.1.1; en-us; EVO Build/JRO03C) AppleWebKit/534.30 (KHTML, like Gecko) Version/4.0 Mobile Safari/534.30"
66.87.103.19 - - [12/Aug/2013:21:33:00 -0400] "GET /favicon.ico HTTP/1.1" 404 575 "http://craigfarms.com/" "Mozilla/5.0 (Linux; U; Android 4.1.1; en-us; EVO Build/JRO03C) AppleWebKit/534.30 (KHTML, like Gecko) Version/4.0 Mobile Safari/534.30"
62.219.8.226 - - [12/Aug/2013:23:21:30 -0400] "GET /home.html HTTP/1.1" 200 1524 "http://www.craigfarms.net/Frame-1-homeleft.htm" "Mozilla/5.0 (Windows NT 6.0; WOW64) AppleWebKit/534.30 (KHTML, like Gecko) Chrome/12.0.742.91 Safari/534.30"
62.212.73.211 - - [12/Aug/2013:00:11:08 -0400] "GET / HTTP/1.0" 200 1524 "-" "Mozilla/5.0 (compatible; MJ12bot/v1.4.3; http://www.majestic12.co.uk/bot.php?+)"
