108.161.10.253 - - [12/Aug/2013:11:03:47 -0400] "GET /Frame-3-moremulesleft.htm HTTP/1.1" 304 - "http://www.craigfarms.com/moremules.html" "Mozilla/5.0 (compatible; MSIE 10.0; Windows NT 6.1; WOW64; Trident/6.0)"
108.161.10.253 - - [12/Aug/2013:11:03:48 -0400] "GET /images/200_Mahlon_Gray.4.jpg HTTP/1.1" 200 4570 "http://www.craigfarms.com/Frame-3-moremulespage3.html?refresh=1374681744177" "Mozilla/5.0 (compatible; MSIE 10.0; Windows NT 6.1; WOW64; Trident/6.0)"
72.172.22.169 - - [12/Aug/2013:16:05:14 -0400] "GET /scripts/ic_globals_published.js HTTP/1.1" 200 566 "http://www.craigfarms.com/" "Mozilla/5.0 (Windows NT 5.1; rv:22.0) Gecko/20100101 Firefox/22.0"
72.172.22.169 - - [12/Aug/2013:16:05:15 -0400] "GET /23/images/left-04.gif HTTP/1.1" 200 475 "http://www.craigfarms.com/Frame-1-homeleft.htm" "Mozilla/5.0 (Windows NT 5.1; rv:22.0) Gecko/20100101 Firefox/22.0"
72.172.22.169 - - [12/Aug/2013:16:05:15 -0400] "GET /images/100_facebook.jpg HTTP/1.1" 200 1592 "http://www.craigfarms.com/Frame-1-homepage1.html?refresh=1374681743953" "Mozilla/5.0 (Windows NT 5.1; rv:22.0) Gecko/20100101 Firefox/22.0"
72.172.22.169 - - [12/Aug/2013:16:05:15 -0400] "GET /23/images/company.jpg HTTP/1.1" 200 5899 "http://www.craigfarms.com/Frame-1-hometop.htm" "Mozilla/5.0 (Windows NT 5.1; rv:22.0) Gecko/20100101 Firefox/22.0"
72.172.22.169 - - [12/Aug/2013:16:05:15 -0400] "GET /23/images/top-06.gif HTTP/1.1" 200 135 "http://www.craigfarms.com/Frame-1-hometop.htm" "Mozilla/5.0 (Windows NT 5.1; rv:22.0) Gecko/20100101 Firefox/22.0"
72.172.22.169 - - [12/Aug/2013:16:05:16 -0400] "GET /23/images/left-04_over.gif HTTP/1.1" 200 563 "http://www.craigfarms.com/Frame-1-homeleft.htm" "Mozilla/5.0 (Windows NT 5.1; rv:22.0) Gecko/20100101 Firefox/22.0"
72.172.22.169 - - [12/Aug/2013:16:05:16 -0400] "GET /23/images/bg_top.jpg HTTP/1.1" 200 793 "http://www.craigfarms.com/Frame-1-hometop.htm" "Mozilla/5.0 (Windows NT 5.1; rv:22.0) Gecko/20100101 Firefox/22.0"
50.57.190.90 - - [12/Aug/2013:16:54:16 -0400] "GET /wp-login.php HTTP/1.0" 404 575 "-" "Mozilla/5.0 (Windows NT 6.1; WOW64; rv:14.0) Gecko/20100101 Firefox/14.0.1"
66.87.103.19 - - [12/Aug/2013:21:32:53 -0400] "GET /Frame-1-homepage1.html?refresh=1374681743953 HTTP/1.1" 200 6162 "http://craigfarms.com/" "Mozilla/5.0 (Linux; U; Android 4.1.1; en-us; EVO Build/JRO03C) AppleWebKit/534.30 (KHTML, like Gecko) Version/4.0 Mobile Safari/534.30"
66.87.103.19 - - [12/Aug/2013:21:32:54 -0400] "GET /images/100_facebook.jpg HTTP/1.1" 200 1592 "http://craigfarms.com/Frame-1-homepage1.html?refresh=1374681743953" "Mozilla/5.0 (Linux; U; Android 4.1.1; en-us; EVO Build/JRO03C) AppleWebKit/534.30 (KHTML, like Gecko) Version/4.0 Mobile Safari/534.30"
66.87.103.19 - - [12/Aug/2013:21:32:54 -0400] "GET /23/images/spacer.gif HTTP/1.1" 200 43 "http://craigfarms.com/Frame-1-homepage1.html?refresh=1374681743953" "Mozilla/5.0 (Linux; U; Android 4.1.1; en-us; EVO Build/JRO03C) AppleWebKit/534.30 (KHTML, like Gecko) Version/4.0 Mobile Safari/534.30"
66.87.103.19 - - [12/Aug/2013:21:32:55 -0400] "GET /23/images/left-03_over.gif HTTP/1.1" 200 616 "http://craigfarms.com/Frame-1-homeleft.htm" "Mozilla/5.0 (Linux; U; Android 4.1.1; en-us; EVO Build/JRO03C) AppleWebKit/534.30 (KHTML, like Gecko) Version/4.0 Mobile Safari/534.30"
66.87.103.19 - - [12/Aug/2013:21:32:55 -0400] "GET /23/images/left-06_over.gif HTTP/1.1" 200 535 "http://craigfarms.com/Frame-1-homeleft.htm" "Mozilla/5.0 (Linux; U; Android 4.1.1; en-us; EVO Build/JRO03C) AppleWebKit/534.30 (KHTML, like Gecko) Version/4.0 Mobile Safari/534.30"
62.219.8.226 - - [12/Aug/2013:23:21:18 -0400] "GET /23/scripts/master.css HTTP/1.1" 200 1951 "http://www.craigfarms.net/" "Mozilla/5.0 (compatible)"
82.80.244.53 - - [12/Aug/2013:23:27:42 -0400] "GET /images/photoalbum/photo_controlBG.jpg HTTP/1.1" 200 336 "-" "-"
180.76.6.223 - - [12/Aug/2013:00:38:56 -0400] "GET /Frame-1-homepage1.html?refresh=1374681743953 HTTP/1.1" 200 6162 "-" "Mozilla/5.0 (compatible; Baiduspider/2.0; +http://www.baidu.com/search/spider.html)"
76.112.115.89 - - [12/Aug/2013:10:04:07 -0400] "GET /scripts/user.js HTTP/1.1" 200 23762 "http://www.craigfarms.com/" "Mozilla/5.0 (Windows NT 6.1; WOW64; rv:23.0) Gecko/20100101 Firefox/23.0"
76.112.115.89 - - [12/Aug/2013:10:04:08 -0400] "GET /Frame-1-homeleft.htm HTTP/1.1" 200 3957 "http://www.craigfarms.com/" "Mozilla/5.0 (Windows NT 6.1; WOW64; rv:23.0) Gecko/20100101 Firefox/23.0"
76.112.115.89 - - [12/Aug/2013:10:04:09 -0400] "GET /23/images/top-01.gif HTTP/1.1" 200 263 "http://www.craigfarms.com/Frame-1-hometop.htm" "Mozilla/5.0 (Windows NT 6.1; WOW64; rv:23.0) Gecko/20100101 Firefox/23.0"
76.112.115.89 - - [12/Aug/2013:10:04:09 -0400] "GET /23/images/01a.gif HTTP/1.1" 200 327 "http://www.craigfarms.com/Frame-1-homeleft.htm" "Mozilla/5.0 (Windows NT 6.1; WOW64; rv:23.0) Gecko/20100101 Firefox/23.0"
76.112.115.89 - - [12/Aug/2013:10:04:09 -0400] "GET /23/images/motif03.jpg HTTP/1.1" 200 6849 "http://www.craigfarms.com/Frame-1-homeleft.htm" "Mozilla/5.0 (Windows NT 6.1; WOW64; rv:23.0) Gecko/20100101 Firefox/23.0"
76.112.115.89 - - [12/Aug/2013:10:04:09 -0400] "GET /23/images/left-03_over.gif HTTP/1.1" 200 616 "http://www.craigfarms.com/Frame-1-homeleft.htm" "Mozilla/5.0 (Windows NT 6.1; WOW64; rv:23.0) Gecko/20100101 Firefox/23.0"
170.142.177.53 - - [12/Aug/2013:14:42:24 -0400] "GET /images/250_Little_Stewy.6.jpg HTTP/1.1" 200 12294 "http://www.craigfarms.com/Frame-2-mulesforsalepage2.html?refresh=1374681744111" "Mozilla/4.0 (compatible; MSIE 8.0; Windows NT 5.1; Trident/4.0; .NET CLR 2.0.50727; .NET CLR 1.1.4322; .NET CLR 3.0.4506.2152; .NET CLR 3.5.30729; .NET4.0C; InfoPath.3; .NET4.0E)"
170.142.177.53 - - [12/Aug/2013:14:42:24 -0400] "GET /images/250_Big_N.O._2.jpg HTTP/1.1" 200 10050 "http://www.craigfarms.com/Frame-2-mulesforsalepage2.html?refresh=1374681744111" "Mozilla/4.0 (compatible; MSIE 8.0; Windows NT 5.1; Trident/4.0; .NET CLR 2.0.50727; .NET CLR 1.1.4322; .NET CLR 3.0.4506.2152; .NET CLR 3.5.30729; .NET4.0C; InfoPath.3; .NET4.0E)"
170.142.177.53 - - [12/Aug/2013:14:42:24 -0400] "GET /images/250_Lucky.2.jpg HTTP/1.1" 200 11524 "http://www.craigfarms.com/Frame-2-mulesforsalepage2.html?refresh=1374681744111" "Mozilla/4.0 (compatible; MSIE 8.0; Windows NT 5.1; Trident/4.0; .NET CLR 2.0.50727; .NET CLR 1.1.4322; .NET CLR 3.0.4506.2152; .NET CLR 3.5.30729; .NET4.0C; InfoPath.3; .NET4.0E)"
66.249.75.97 - - [12/Aug/2013:03:57:21 -0400] "GET /23/images/1/motif01.jpg HTTP/1.1" 200 6534 "-" "Googlebot-Image/1.0"
128.190.125.2 - - [12/Aug/2013:07:44:51 -0400] "GET /23/scripts/icwebsiteelement.css HTTP/1.1" 304 - "-" "Mozilla/4.0 (compatible;)"
74.75.203.217 - - [12/Aug/2013:13:31:42 -0400] "GET /index.html HTTP/1.1" 304 - "http://www.craigfarms.com/pages/1/index.htm" "Mozilla/5.0 (Windows NT 6.1; WOW64) AppleWebKit/537.36 (KHTML, like Gecko) Chrome/28.0.1500.95 Safari/537.36"
74.75.203.217 - - [12/Aug/2013:13:31:42 -0400] "GET /23/scripts/icwebsiteelement.css HTTP/1.1" 304 - "http://www.craigfarms.com/index.html" "Mozilla/5.0 (Windows NT 6.1; WOW64) AppleWebKit/537.36 (KHTML, like Gecko) Chrome/28.0.1500.95 Safari/537.36"
74.75.203.217 - - [12/Aug/2013:13:31:43 -0400] "GET /23/images/1/motif01.jpg HTTP/1.1" 304 - "http://www.craigfarms.com/Frame-1-hometop.htm" "Mozilla/5.0 (Windows NT 6.1; WOW64) AppleWebKit/537.36 (KHTML, like Gecko) Chrome/28.0.1500.95 Safari/537.36"
74.75.203.217 - - [12/Aug/2013:13:31:43 -0400] "GET /23/images/bg_left.jpg HTTP/1.1" 304 - "http://www.craigfarms.com/Frame-1-homeleft.htm" "Mozilla/5.0 (Windows NT 6.1; WOW64) AppleWebKit/537.36 (KHTML, like Gecko) Chrome/28.0.1500.95 Safari/537.36"
74.75.203.217 - - [12/Aug/2013:13:31:43 -0400] "GET /23/images/left-06_over.gif HTTP/1.1" 304 - "http://www.craigfarms.com/Frame-1-homeleft.htm" "Mozilla/5.0 (Windows NT 6.1; WOW64) AppleWebKit/537.36 (KHTML, like Gecko) Chrome/28.0.1500.95 Safari/537.36"
74.75.203.217 - - [12/Aug/2013:13:31:43 -0400] "GET /23/images/left-05.gif HTTP/1.1" 304 - "http://www.craigfarms.com/Frame-1-homeleft.htm" "Mozilla/5.0 (Windows NT 6.1; WOW64) AppleWebKit/537.36 (KHTML, like Gecko) Chrome/28.0.1500.95 Safari/537.36"
74.75.203.217 - - [12/Aug/2013:13:31:46 -0400] "GET /images/spacer.gif HTTP/1.1" 200 43 "http://www.craigfarms.com/Frame-2-mulesforsalepage2.html?refresh=1374681744111" "Mozilla/5.0 (Windows NT 6.1; WOW64) AppleWebKit/537.36 (KHTML, like Gecko) Chrome/28.0.1500.95 Safari/537.36"
72.172.22.169 - - [12/Aug/2013:16:05:14 -0400] "GET /scripts/user.js HTTP/1.1" 200 23762 "http://www.craigfarms.com/" "Mozilla/5.0 (Windows NT 5.1; rv:22.0) Gecko/20100101 Firefox/22.0"
72.172.22.169 - - [12/Aug/2013:16:05:15 -0400] "GET /Frame-1-homeleft.htm HTTP/1.1" 200 3957 "http://www.craigfarms.com/" "Mozilla/5.0 (Windows NT 5.1; rv:22.0) Gecko/20100101 Firefox/22.0"
72.172.22.169 - - [12/Aug/2013:16:05:15 -0400] "GET /23/images/01a.gif HTTP/1.1" 200 327 "http://www.craigfarms.com/Frame-1-homeleft.htm" "Mozilla/5.0 (Windows NT 5.1; rv:22.0) Gecko/20100101 Firefox/22.0"
72.172.22.169 - - [12/Aug/2013:16:05:15 -0400] "GET /23/images/left-07.gif HTTP/1.1" 200 319 "http://www.craigfarms.com/Frame-1-homeleft.htm" "Mozilla/5.0 (Windows NT 5.1; rv:22.0) Gecko/20100101 Firefox/22.0"
72.172.22.169 - - [12/Aug/2013:16:05:15 -0400] "GET /23/images/spacer.gif HTTP/1.1" 200 43 "http://www.craigfarms.com/Frame-1-homepage1.html?refresh=1374681743953" "Mozilla/5.0 (Windows NT 5.1; rv:22.0) Gecko/20100101 Firefox/22.0"
72.172.22.169 - - [12/Aug/2013:16:05:15 -0400] "GET /23/images/1/motif02.jpg HTTP/1.1" 200 1836 "http://www.craigfarms.com/Frame-1-hometop.htm" "Mozilla/5.0 (Windows NT 5.1; rv:22.0) Gecko/20100101 Firefox/22.0"
72.172.22.169 - - [12/Aug/2013:16:05:15 -0400] "GET /23/images/bg_left.jpg HTTP/1.1" 200 952 "http://www.craigfarms.com/Frame-1-homeleft.htm" "Mozilla/5.0 (Windows NT 5.1; rv:22.0) Gecko/20100101 Firefox/22.0"
72.172.22.169 - - [12/Aug/2013:16:05:16 -0400] "GET /23/images/left-05_over.gif HTTP/1.1" 200 711 "http://www.craigfarms.com/Frame-1-homeleft.htm" "Mozilla/5.0 (Windows NT 5.1; rv:22.0) Gecko/20100101 Firefox/22.0"
78.101.182.35 - - [12/Aug/2013:16:54:17 -0400] "GET /administrator/index.php HTTP/1.0" 403 225 "-" "Mozilla/5.0 (Windows NT 6.1; rv:19.0) Gecko/20100101 Firefox/19.0"
123.125.71.52 - - [12/Aug/2013:17:18:20 -0400] "GET /scripts/ic_globals_published.js HTTP/1.1" 200 566 "http://www.craigfarms.com/" "Mozilla/5.0 (X11; U; Linux x86_64; en-US; rv:1.9) Gecko Minefield/3.0"
66.87.103.19 - - [12/Aug/2013:21:32:50 -0400] "GET / HTTP/1.1" 200 1524 "http://m.facebook.com/l.php?u=http%3A%2F%2FCraigfarms.com%2F&h=EAQF8r8Is&s=1" "Mozilla/5.0 (Linux; U; Android 4.1.1; en-us; EVO Build/JRO03C) AppleWebKit/534.30 (KHTML, like Gecko) Version/4.0 Mobile Safari/534.30"
66.87.103.19 - - [12/Aug/2013:21:32:50 -0400] "GET /23/scripts/master.css HTTP/1.1" 200 1951 "http://craigfarms.com/" "Mozilla/5.0 (Linux; U; Android 4.1.1; en-us; EVO Build/JRO03C) AppleWebKit/534.30 (KHTML, like Gecko) Version/4.0 Mobile Safari/534.30"
66.87.103.19 - - [12/Aug/2013:21:32:50 -0400] "GET /scripts/ic_globals_published.js HTTP/1.1" 200 566 "http://craigfarms.com/" "Mozilla/5.0 (Linux; U; Android 4.1.1; en-us; EVO Build/JRO03C) AppleWebKit/534.30 (KHTML, like Gecko) Version/4.0 Mobile Safari/534.30"
82.80.244.56 - - [12/Aug/2013:23:27:40 -0400] "GET /images/100_facebook.jpg HTTP/1.1" 200 1592 "-" "-"
178.154.243.81 - - [12/Aug/2013:23:34:12 -0400] "GET /images/200_J.K._Star.1.jpg HTTP/1.1" 304 - "-" "Mozilla/5.0 (compatible; YandexImages/3.0; +http://yandex.com/bots)"
71.166.111.240 - - [12/Aug/2013:10:09:46 -0400] "GET /scripts/photoalbum.js HTTP/1.1" 200 62481 "http://www.craigfarms.com/" "Mozilla/5.0 (compatible; MSIE 10.0; Windows NT 6.1; WOW64; Trident/6.0)"
157.56.229.246 - - [12/Aug/2013:18:22:51 -0400] "GET /23/scripts/master.css HTTP/1.1" 200 1951 "-" "Mozilla/5.0 (compatible; bingbot/2.0; +http://www.bing.com/bingbot.htm)"
12.1.219.177 - - [12/Aug/2013:20:39:01 -0400] "GET /23/images/company.jpg HTTP/1.1" 304 - "-" "Mozilla/4.0 (compatible;)"
157.55.32.49 - - [12/Aug/2013:01:56:00 -0400] "GET /Frame-5-linkstop.htm HTTP/1.1" 200 1385 "-" "Mozilla/5.0 (compatible; bingbot/2.0; +http://www.bing.com/bingbot.htm)"
76.112.115.89 - - [12/Aug/2013:10:04:29 -0400] "GET /Frame-5-linkspage5.html?refresh=1374681744428 HTTP/1.1" 200 4846 "http://www.craigfarms.com/links.html" "Mozilla/5.0 (Windows NT 6.1; WOW64; rv:23.0) Gecko/20100101 Firefox/23.0"
71.166.111.240 - - [12/Aug/2013:10:09:45 -0400] "GET / HTTP/1.1" 200 1524 "http://us.yhs4.search.yahoo.com/yhs/search;_ylt=A0oG7qZ57AhSSBkA7CEPxQt.?p=mules+for+sale&type=W3i_SP%2C204%2C0_0%2CStartPage%2C20121249%2C19631%2C0%2C18%2C6477&fr=sfp&fr2=sg-gac&hsimp=yhs-syctransfer&hspart=w3i&pstart=1&b=17" "Mozilla/5.0 (compatible; MSIE 10.0; Windows NT 6.1; WOW64; Trident/6.0)"
71.166.111.240 - - [12/Aug/2013:10:09:45 -0400] "GET /23/scripts/master.css HTTP/1.1" 200 1951 "http://www.craigfarms.com/" "Mozilla/5.0 (compatible; MSIE 10.0; Windows NT 6.1; WOW64; Trident/6.0)"
71.166.111.240 - - [12/Aug/2013:10:09:46 -0400] "GET /scripts/user.js HTTP/1.1" 200 23762 "http://www.craigfarms.com/" "Mozilla/5.0 (compatible; MSIE 10.0; Windows NT 6.1; WOW64; Trident/6.0)"
66.87.103.19 - - [12/Aug/2013:21:32:53 -0400] "GET /scripts/photoalbum.js HTTP/1.1" 200 62481 "http://craigfarms.com/Frame-1-homeleft.htm" "Mozilla/5.0 (Linux; U; Android 4.1.1; en-us; EVO Build/JRO03C) AppleWebKit/534.30 (KHTML, like Gecko) Version/4.0 Mobile Safari/534.30"
66.87.103.19 - - [12/Aug/2013:21:32:55 -0400] "GET /23/images/left-06.gif HTTP/1.1" 200 457 "http://craigfarms.com/Frame-1-homeleft.htm" "Mozilla/5.0 (Linux; U; Android 4.1.1; en-us; EVO Build/JRO03C) AppleWebKit/534.30 (KHTML, like Gecko) Version/4.0 Mobile Safari/534.30"
82.80.244.57 - - [12/Aug/2013:23:27:45 -0400] "GET /images/435_Groomer.1.jpg HTTP/1.1" 200 44718 "-" "-"
157.55.32.187 - - [12/Aug/2013:12:35:41 -0400] "GET /23/images/left-05_over.gif HTTP/1.1" 200 711 "-" "Mozilla/5.0 (compatible; bingbot/2.0; +http://www.bing.com/bingbot.htm)"
170.142.177.53 - - [12/Aug/2013:14:43:17 -0400] "GET /moremules.html HTTP/1.1" 200 1539 "http://www.craigfarms.com/Frame-2-mulesforsaleleft.htm" "Mozilla/4.0 (compatible; MSIE 8.0; Windows NT 5.1; Trident/4.0; .NET CLR 2.0.50727; .NET CLR 1.1.4322; .NET CLR 3.0.4506.2152; .NET CLR 3.5.30729; .NET4.0C; InfoPath.3; .NET4.0E)"
170.142.177.53 - - [12/Aug/2013:14:43:18 -0400] "GET /images/250_Red_N.O.3.jpg HTTP/1.1" 200 10492 "http://www.craigfarms.com/Frame-3-moremulespage3.html?refresh=1374681744177" "Mozilla/4.0 (compatible; MSIE 8.0; Windows NT 5.1; Trident/4.0; .NET CLR 2.0.50727; .NET CLR 1.1.4322; .NET CLR 3.0.4506.2152; .NET CLR 3.5.30729; .NET4.0C; InfoPath.3; .NET4.0E)"
70.193.141.105 - - [12/Aug/2013:16:29:32 -0400] "GET / HTTP/1.1" 304 - "-" "Mozilla/5.0 (compatible; MSIE 10.0; Windows NT 6.1; WOW64; Trident/6.0)"
70.193.141.105 - - [12/Aug/2013:16:29:32 -0400] "GET /23/scripts/master.css HTTP/1.1" 304 - "http://www.craigfarms.com/" "Mozilla/5.0 (compatible; MSIE 10.0; Windows NT 6.1; WOW64; Trident/6.0)"
70.193.141.105 - - [12/Aug/2013:16:29:33 -0400] "GET /23/images/bg_top.jpg HTTP/1.1" 200 793 "http://www.craigfarms.com/Frame-1-hometop.htm" "Mozilla/5.0 (compatible; MSIE 10.0; Windows NT 6.1; WOW64; Trident/6.0)"
123.125.71.41 - - [12/Aug/2013:17:18:21 -0400] "GET /scripts/user.js HTTP/1.1" 200 23762 "http://www.craigfarms.com/" "Mozilla/5.0 (X11; U; Linux x86_64; en-US; rv:1.9) Gecko Minefield/3.0"
157.55.35.117 - - [12/Aug/2013:07:23:27 -0400] "GET / HTTP/1.1" 200 1524 "-" "Mozilla/5.0 (compatible; bingbot/2.0; +http://www.bing.com/bingbot.htm)"
72.172.22.169 - - [12/Aug/2013:16:05:14 -0400] "GET /23/scripts/icwebsiteelement.css HTTP/1.1" 200 8132 "http://www.craigfarms.com/" "Mozilla/5.0 (Windows NT 5.1; rv:22.0) Gecko/20100101 Firefox/22.0"
72.172.22.169 - - [12/Aug/2013:16:05:15 -0400] "GET /Frame-1-homepage1.html?refresh=1374681743953 HTTP/1.1" 200 6162 "http://www.craigfarms.com/" "Mozilla/5.0 (Windows NT 5.1; rv:22.0) Gecko/20100101 Firefox/22.0"
72.172.22.169 - - [12/Aug/2013:16:05:15 -0400] "GET /23/images/left-03.gif HTTP/1.1" 200 540 "http://www.craigfarms.com/Frame-1-homeleft.htm" "Mozilla/5.0 (Windows NT 5.1; rv:22.0) Gecko/20100101 Firefox/22.0"
12.1.219.177 - - [12/Aug/2013:05:08:08 -0400] "GET /23/images/left-04.gif HTTP/1.1" 304 - "-" "Mozilla/4.0 (compatible;)"
66.249.75.97 - - [12/Aug/2013:12:27:58 -0400] "GET /23/scripts/master.css HTTP/1.1" 200 1951 "http://www.craigfarms.com/" "Mozilla/5.0 (compatible; Googlebot/2.1; +http://www.google.com/bot.html)"
178.154.243.81 - - [12/Aug/2013:22:05:53 -0400] "GET /consoles/11/images/cn_corner03.gif HTTP/1.1" 304 - "-" "Mozilla/5.0 (compatible; YandexImages/3.0; +http://yandex.com/bots)"
157.55.36.36 - - [12/Aug/2013:20:17:17 -0400] "GET /Frame-3-moremulestop.htm HTTP/1.1" 200 1385 "-" "Mozilla/5.0 (compatible; bingbot/2.0; +http://www.bing.com/bingbot.htm)"
199.21.99.102 - - [12/Aug/2013:00:48:46 -0400] "GET /robots.txt HTTP/1.1" 200 25 "-" "Mozilla/5.0 (compatible; YandexBot/3.0; +http://yandex.com/bots)"
199.21.99.102 - - [12/Aug/2013:00:48:48 -0400] "GET /Frame-1-homepage1.html?refresh=1359488955412 HTTP/1.1" 200 6162 "-" "Mozilla/5.0 (compatible; YandexBot/3.0; +http://yandex.com/bots)"
157.55.32.49 - - [12/Aug/2013:01:32:32 -0400] "GET /Frame-5-linksleft.htm HTTP/1.1" 200 3957 "-" "Mozilla/5.0 (compatible; bingbot/2.0; +http://www.bing.com/bingbot.htm)"
54.211.54.45 - - [12/Aug/2013:10:37:45 -0400] "HEAD / HTTP/1.1" 200 - "-" "python-requests/1.1.0 CPython/2.7.4 Linux/3.8.0-19-generic"
108.161.10.253 - - [12/Aug/2013:11:03:41 -0400] "GET /23/images/1/motif01.jpg HTTP/1.1" 200 6534 "http://www.craigfarms.com/Frame-1-hometop.htm" "Mozilla/5.0 (compatible; MSIE 10.0; Windows NT 6.1; WOW64; Trident/6.0)"
108.161.10.253 - - [12/Aug/2013:11:03:41 -0400] "GET /23/images/left-06.gif HTTP/1.1" 304 - "http://www.craigfarms.com/Frame-1-homeleft.htm" "Mozilla/5.0 (compatible; MSIE 10.0; Windows NT 6.1; WOW64; Trident/6.0)"
108.161.10.253 - - [12/Aug/2013:11:03:41 -0400] "GET /23/images/left-05_over.gif HTTP/1.1" 304 - "http://www.craigfarms.com/Frame-1-homeleft.htm" "Mozilla/5.0 (compatible; MSIE 10.0; Windows NT 6.1; WOW64; Trident/6.0)"
82.80.244.55 - - [12/Aug/2013:23:27:47 -0400] "GET /images/250_Lucky.2.jpg HTTP/1.1" 200 11524 "-" "-"
82.80.234.134 - - [12/Aug/2013:23:27:59 -0400] "GET /23/images/top-01.gif HTTP/1.1" 200 263 "-" "-"
128.190.125.2 - - [12/Aug/2013:12:10:28 -0400] "GET /Frame-1-homepage1.html?refresh=1374681743953 HTTP/1.1" 304 - "-" "Mozilla/4.0 (compatible;)"
157.55.32.187 - - [12/Aug/2013:12:35:42 -0400] "GET /23/images/left-02_over.gif HTTP/1.1" 200 373 "-" "Mozilla/5.0 (compatible; bingbot/2.0; +http://www.bing.com/bingbot.htm)"
66.87.103.19 - - [12/Aug/2013:21:32:51 -0400] "GET /scripts/user.js HTTP/1.1" 200 23762 "http://craigfarms.com/" "Mozilla/5.0 (Linux; U; Android 4.1.1; en-us; EVO Build/JRO03C) AppleWebKit/534.30 (KHTML, like Gecko) Version/4.0 Mobile Safari/534.30"
66.87.103.19 - - [12/Aug/2013:21:32:53 -0400] "GET /Frame-1-homeleft.htm HTTP/1.1" 200 3957 "http://craigfarms.com/" "Mozilla/5.0 (Linux; U; Android 4.1.1; en-us; EVO Build/JRO03C) AppleWebKit/534.30 (KHTML, like Gecko) Version/4.0 Mobile Safari/534.30"
66.87.103.19 - - [12/Aug/2013:21:32:53 -0400] "GET /scripts/user.js HTTP/1.1" 200 23762 "http://craigfarms.com/Frame-1-homeleft.htm" "Mozilla/5.0 (Linux; U; Android 4.1.1; en-us; EVO Build/JRO03C) AppleWebKit/534.30 (KHTML, like Gecko) Version/4.0 Mobile Safari/534.30"
66.87.103.19 - - [12/Aug/2013:21:32:55 -0400] "GET /23/images/bg_left.jpg HTTP/1.1" 200 952 "http://craigfarms.com/Frame-1-homeleft.htm" "Mozilla/5.0 (Linux; U; Android 4.1.1; en-us; EVO Build/JRO03C) AppleWebKit/534.30 (KHTML, like Gecko) Version/4.0 Mobile Safari/534.30"
66.87.103.19 - - [12/Aug/2013:21:32:57 -0400] "GET /23/images/top-01.gif HTTP/1.1" 200 263 "http://craigfarms.com/Frame-1-hometop.htm" "Mozilla/5.0 (Linux; U; Android 4.1.1; en-us; EVO Build/JRO03C) AppleWebKit/534.30 (KHTML, like Gecko) Version/4.0 Mobile Safari/534.30"
82.80.234.141 - - [12/Aug/2013:23:27:43 -0400] "GET /images/200_Mahlon_Gray.4.jpg HTTP/1.1" 200 4570 "-" "-"
82.80.234.140 - - [12/Aug/2013:23:27:52 -0400] "GET /23/images/motif01.jpg HTTP/1.1" 200 6534 "-" "-"
82.80.234.142 - - [12/Aug/2013:23:27:55 -0400] "GET /consoles/11/images/cn_back03.jpg HTTP/1.1" 200 10126 "-" "-"
82.80.244.52 - - [12/Aug/2013:23:28:00 -0400] "GET /images/400_2812L1.jpg HTTP/1.1" 200 23845 "-" "-"
12.1.219.177 - - [12/Aug/2013:13:58:51 -0400] "GET /scripts/photoalbum.js HTTP/1.1" 304 - "-" "Mozilla/4.0 (compatible;)"
170.142.177.53 - - [12/Aug/2013:14:42:20 -0400] "GET /Frame-2-mulesforsaletop.htm HTTP/1.1" 200 1385 "http://www.craigfarms.com/mulesforsale.html" "Mozilla/4.0 (compatible; MSIE 8.0; Windows NT 5.1; Trident/4.0; .NET CLR 2.0.50727; .NET CLR 1.1.4322; .NET CLR 3.0.4506.2152; .NET CLR 3.5.30729; .NET4.0C; InfoPath.3; .NET4.0E)"
170.142.177.53 - - [12/Aug/2013:14:42:21 -0400] "GET /23/images/motif02.jpg HTTP/1.1" 200 1836 "http://www.craigfarms.com/Frame-2-mulesforsaletop.htm" "Mozilla/4.0 (compatible; MSIE 8.0; Windows NT 5.1; Trident/4.0; .NET CLR 2.0.50727; .NET CLR 1.1.4322; .NET CLR 3.0.4506.2152; .NET CLR 3.5.30729; .NET4.0C; InfoPath.3; .NET4.0E)"
178.154.243.81 - - [12/Aug/2013:20:17:52 -0400] "GET /images/250_Little_Stewy.6.jpg HTTP/1.1" 304 - "-" "Mozilla/5.0 (compatible; YandexImages/3.0; +http://yandex.com/bots)"
178.154.243.81 - - [12/Aug/2013:20:52:12 -0400] "GET /images/350_Both_Donkeys.2.jpg HTTP/1.1" 304 - "-" "Mozilla/5.0 (compatible; YandexImages/3.0; +http://yandex.com/bots)"
157.55.32.100 - - [12/Aug/2013:18:28:22 -0400] "GET /Frame-1-homeleft.htm HTTP/1.1" 200 3957 "-" "Mozilla/5.0 (compatible; bingbot/2.0; +http://www.bing.com/bingbot.htm)"
199.30.24.133 - - [12/Aug/2013:02:32:37 -0400] "GET /scripts/user.js HTTP/1.1" 200 23762 "http://www.craigfarms.com/links.html" "Mozilla/5.0 (Windows NT 6.1; WOW64) AppleWebKit/534+ (KHTML, like Gecko) BingPreview/1.0b"
199.30.24.133 - - [12/Aug/2013:02:32:39 -0400] "GET /23/images/spacer.gif HTTP/1.1" 200 43 "http://www.craigfarms.com/Frame-5-linkstop.htm" "Mozilla/5.0 (Windows NT 6.1; WOW64) AppleWebKit/534+ (KHTML, like Gecko) BingPreview/1.0b"
199.30.24.133 - - [12/Aug/2013:02:32:39 -0400] "GET /23/images/company.jpg HTTP/1.1" 200 5899 "http://www.craigfarms.com/Frame-5-linkstop.htm" "Mozilla/5.0 (Windows NT 6.1; WOW64) AppleWebKit/534+ (KHTML, like Gecko) BingPreview/1.0b"
199.30.24.133 - - [12/Aug/2013:02:32:39 -0400] "GET /23/images/motif02.jpg HTTP/1.1" 200 1836 "http://www.craigfarms.com/Frame-5-linkstop.htm" "Mozilla/5.0 (Windows NT 6.1; WOW64) AppleWebKit/534+ (KHTML, like Gecko) BingPreview/1.0b"
199.30.24.133 - - [12/Aug/2013:02:32:40 -0400] "GET /23/images/bg_left.jpg HTTP/1.1" 200 952 "http://www.craigfarms.com/Frame-5-linksleft.htm" "Mozilla/5.0 (Windows NT 6.1; WOW64) AppleWebKit/534+ (KHTML, like Gecko) BingPreview/1.0b"
199.30.24.133 - - [12/Aug/2013:02:32:40 -0400] "GET /23/images/left-02_over.gif HTTP/1.1" 200 373 "http://www.craigfarms.com/Frame-5-linksleft.htm" "Mozilla/5.0 (Windows NT 6.1; WOW64) AppleWebKit/534+ (KHTML, like Gecko) BingPreview/1.0b"
199.30.24.133 - - [12/Aug/2013:02:32:40 -0400] "GET /23/images/left-04_over.gif HTTP/1.1" 200 563 "http://www.craigfarms.com/Frame-5-linksleft.htm" "Mozilla/5.0 (Windows NT 6.1; WOW64) AppleWebKit/534+ (KHTML, like Gecko) BingPreview/1.0b"
199.30.24.133 - - [12/Aug/2013:02:32:40 -0400] "GET /23/images/left-05_over.gif HTTP/1.1" 200 711 "http://www.craigfarms.com/Frame-5-linksleft.htm" "Mozilla/5.0 (Windows NT 6.1; WOW64) AppleWebKit/534+ (KHTML, like Gecko) BingPreview/1.0b"
199.30.24.133 - - [12/Aug/2013:02:32:40 -0400] "GET /23/images/left-06_over.gif HTTP/1.1" 200 535 "http://www.craigfarms.com/Frame-5-linksleft.htm" "Mozilla/5.0 (Windows NT 6.1; WOW64) AppleWebKit/534+ (KHTML, like Gecko) BingPreview/1.0b"
199.30.24.133 - - [12/Aug/2013:02:32:40 -0400] "GET /23/images/left-01.gif HTTP/1.1" 200 87 "http://www.craigfarms.com/Frame-5-linksleft.htm" "Mozilla/5.0 (Windows NT 6.1; WOW64) AppleWebKit/534+ (KHTML, like Gecko) BingPreview/1.0b"
199.30.24.133 - - [12/Aug/2013:02:32:40 -0400] "GET /23/images/left-03.gif HTTP/1.1" 200 540 "http://www.craigfarms.com/Frame-5-linksleft.htm" "Mozilla/5.0 (Windows NT 6.1; WOW64) AppleWebKit/534+ (KHTML, like Gecko) BingPreview/1.0b"
199.30.24.133 - - [12/Aug/2013:02:32:41 -0400] "GET /23/images/left-04.gif HTTP/1.1" 200 475 "http://www.craigfarms.com/Frame-5-linksleft.htm" "Mozilla/5.0 (Windows NT 6.1; WOW64) AppleWebKit/534+ (KHTML, like Gecko) BingPreview/1.0b"
199.30.24.133 - - [12/Aug/2013:02:32:41 -0400] "GET /23/images/left-05.gif HTTP/1.1" 200 638 "http://www.craigfarms.com/Frame-5-linksleft.htm" "Mozilla/5.0 (Windows NT 6.1; WOW64) AppleWebKit/534+ (KHTML, like Gecko) BingPreview/1.0b"
199.30.24.133 - - [12/Aug/2013:02:32:41 -0400] "GET /23/images/left-07.gif HTTP/1.1" 200 319 "http://www.craigfarms.com/Frame-5-linksleft.htm" "Mozilla/5.0 (Windows NT 6.1; WOW64) AppleWebKit/534+ (KHTML, like Gecko) BingPreview/1.0b"
76.112.115.89 - - [12/Aug/2013:10:04:29 -0400] "GET /Frame-5-linksleft.htm HTTP/1.1" 200 3957 "http://www.craigfarms.com/links.html" "Mozilla/5.0 (Windows NT 6.1; WOW64; rv:23.0) Gecko/20100101 Firefox/23.0"
108.161.10.253 - - [12/Aug/2013:11:03:51 -0400] "GET /moremules.html HTTP/1.1" 304 - "http://www.craigfarms.com/Frame-3-moremulesleft.htm" "Mozilla/5.0 (compatible; MSIE 10.0; Windows NT 6.1; WOW64; Trident/6.0)"
108.161.10.253 - - [12/Aug/2013:11:03:54 -0400] "GET /links.html HTTP/1.1" 304 - "http://www.craigfarms.com/Frame-3-moremulesleft.htm" "Mozilla/5.0 (compatible; MSIE 10.0; Windows NT 6.1; WOW64; Trident/6.0)"
108.161.10.253 - - [12/Aug/2013:11:03:54 -0400] "GET /Frame-5-linkstop.htm HTTP/1.1" 304 - "http://www.craigfarms.com/links.html" "Mozilla/5.0 (compatible; MSIE 10.0; Windows NT 6.1; WOW64; Trident/6.0)"
108.161.10.253 - - [12/Aug/2013:11:03:54 -0400] "GET /Frame-5-linkspage5.html?refresh=1374681744428 HTTP/1.1" 304 - "http://www.craigfarms.com/links.html" "Mozilla/5.0 (compatible; MSIE 10.0; Windows NT 6.1; WOW64; Trident/6.0)"
24.175.241.121 - - [12/Aug/2013:22:12:53 -0400] "GET /scripts/photoalbum.js HTTP/1.1" 304 - "http://www.craigfarms.com/Frame-1-hometop.htm" "Mozilla/4.0 (compatible; MSIE 8.0; Windows NT 5.1; Trident/4.0; .NET CLR 2.0.50727; .NET CLR 3.0.4506.2152; .NET CLR 3.5.30729)"
24.175.241.121 - - [12/Aug/2013:22:12:53 -0400] "GET /23/images/1/motif01.jpg HTTP/1.1" 304 - "http://www.craigfarms.com/Frame-1-hometop.htm" "Mozilla/4.0 (compatible; MSIE 8.0; Windows NT 5.1; Trident/4.0; .NET CLR 2.0.50727; .NET CLR 3.0.4506.2152; .NET CLR 3.5.30729)"
24.175.241.121 - - [12/Aug/2013:22:12:53 -0400] "GET /23/images/left-02_over.gif HTTP/1.1" 304 - "http://www.craigfarms.com/Frame-1-homeleft.htm" "Mozilla/4.0 (compatible; MSIE 8.0; Windows NT 5.1; Trident/4.0; .NET CLR 2.0.50727; .NET CLR 3.0.4506.2152; .NET CLR 3.5.30729)"
24.175.241.121 - - [12/Aug/2013:22:12:53 -0400] "GET /images/350_Both_Donkeys.2.jpg HTTP/1.1" 304 - "http://www.craigfarms.com/Frame-1-homepage1.html?refresh=1374681743953" "Mozilla/4.0 (compatible; MSIE 8.0; Windows NT 5.1; Trident/4.0; .NET CLR 2.0.50727; .NET CLR 3.0.4506.2152; .NET CLR 3.5.30729)"
24.175.241.121 - - [12/Aug/2013:22:12:53 -0400] "GET /23/images/left-03.gif HTTP/1.1" 304 - "http://www.craigfarms.com/Frame-1-homeleft.htm" "Mozilla/4.0 (compatible; MSIE 8.0; Windows NT 5.1; Trident/4.0; .NET CLR 2.0.50727; .NET CLR 3.0.4506.2152; .NET CLR 3.5.30729)"
24.175.241.121 - - [12/Aug/2013:22:12:53 -0400] "GET /23/images/motif03.jpg HTTP/1.1" 304 - "http://www.craigfarms.com/Frame-1-homeleft.htm" "Mozilla/4.0 (compatible; MSIE 8.0; Windows NT 5.1; Trident/4.0; .NET CLR 2.0.50727; .NET CLR 3.0.4506.2152; .NET CLR 3.5.30729)"
62.219.8.226 - - [12/Aug/2013:23:21:29 -0400] "GET /links.html HTTP/1.1" 200 1527 "http://www.craigfarms.net/Frame-1-homeleft.htm" "Mozilla/6.0 (compatible)"
62.219.8.226 - - [12/Aug/2013:23:22:07 -0400] "GET /manurespreaders/Frame-4-farmequipmentpage4.html?refresh=1374681744546 HTTP/1.1" 200 5664 "http://www.craigfarms.net/manurespreaders/farmequipment.html" "Mozilla/5.0 (Windows NT 6.0; WOW64) AppleWebKit/534.30 (KHTML, like Gecko) Chrome/12.0.742.91 Safari/534.30"
37.59.50.71 - - [12/Aug/2013:06:53:23 -0400] "GET / HTTP/1.1" 200 1524 "-" "Mozilla/5.0 (Windows NT 6.1; WOW64; en-US;) AppleWebKit/537.36 (KHTML, like Gecko) Chrome/28.0.1500.95 Safari/537.36"
170.142.177.53 - - [12/Aug/2013:14:41:47 -0400] "GET /23/images/left-04_over.gif HTTP/1.1" 200 563 "http://www.craigfarms.com/Frame-1-homeleft.htm" "Mozilla/4.0 (compatible; MSIE 8.0; Windows NT 5.1; Trident/4.0; .NET CLR 2.0.50727; .NET CLR 1.1.4322; .NET CLR 3.0.4506.2152; .NET CLR 3.5.30729; .NET4.0C; InfoPath.3; .NET4.0E)"
170.142.177.53 - - [12/Aug/2013:14:41:47 -0400] "GET /23/images/bg_top.jpg HTTP/1.1" 200 793 "http://www.craigfarms.com/Frame-1-hometop.htm" "Mozilla/4.0 (compatible; MSIE 8.0; Windows NT 5.1; Trident/4.0; .NET CLR 2.0.50727; .NET CLR 1.1.4322; .NET CLR 3.0.4506.2152; .NET CLR 3.5.30729; .NET4.0C; InfoPath.3; .NET4.0E)"
170.142.177.53 - - [12/Aug/2013:14:41:48 -0400] "GET /23/images/1/motif02.jpg HTTP/1.1" 200 1836 "http://www.craigfarms.com/Frame-1-hometop.htm" "Mozilla/4.0 (compatible; MSIE 8.0; Windows NT 5.1; Trident/4.0; .NET CLR 2.0.50727; .NET CLR 1.1.4322; .NET CLR 3.0.4506.2152; .NET CLR 3.5.30729; .NET4.0C; InfoPath.3; .NET4.0E)"
170.142.177.53 - - [12/Aug/2013:14:41:50 -0400] "GET /favicon.ico HTTP/1.1" 404 575 "-" "Mozilla/4.0 (compatible; MSIE 8.0; Windows NT 5.1; Trident/4.0; .NET CLR 2.0.50727; .NET CLR 1.1.4322; .NET CLR 3.0.4506.2152; .NET CLR 3.5.30729; .NET4.0C; InfoPath.3; .NET4.0E)"