174.237.224.217 - - [12/Aug/2013:17:56:43 -0400] "GET /23/images/left-01.gif HTTP/1.1" 200 87 "http://www.craigfarms.com/Frame-1-homeleft.htm" "Mozilla/5.0 (iPhone; CPU iPhone OS 6_1_3 like Mac OS X) AppleWebKit/536.26 (KHTML, like Gecko) Version/6.0 Mobile/10B329 Safari/8536.25"
174.237.224.217 - - [12/Aug/2013:17:56:43 -0400] "GET /23/images/motif03.jpg HTTP/1.1" 200 6849 "http://www.craigfarms.com/Frame-1-homeleft.htm" "Mozilla/5.0 (iPhone; CPU iPhone OS 6_1_3 like Mac OS X) AppleWebKit/536.26 (KHTML, like Gecko) Version/6.0 Mobile/10B329 Safari/8536.25"
174.237.224.217 - - [12/Aug/2013:17:56:44 -0400] "GET /images/100_facebook.jpg HTTP/1.1" 200 1592 "http://www.craigfarms.com/Frame-1-homepage1.html?refresh=1374681743953" "Mozilla/5.0 (iPhone; CPU iPhone OS 6_1_3 like Mac OS X) AppleWebKit/536.26 (KHTML, like Gecko) Version/6.0 Mobile/10B329 Safari/8536.25"
42.156.136.80 - - [12/Aug/2013:01:12:01 -0400] "GET / HTTP/1.1" 200 1524 "-" "YisouSpider"
12.1.219.177 - - [12/Aug/2013:04:09:56 -0400] "GET /23/images/1/motif01.jpg HTTP/1.1" 304 - "-" "Mozilla/4.0 (compatible;)"
178.154.243.81 - - [12/Aug/2013:21:01:10 -0400] "GET /23/images/motif01.jpg HTTP/1.1" 200 6534 "-" "Mozilla/5.0 (compatible; YandexImages/3.0; +http://yandex.com/bots)"
12.1.219.177 - - [12/Aug/2013:04:49:05 -0400] "GET /23/images/left-03.gif HTTP/1.1" 304 - "-" "Mozilla/4.0 (compatible;)"
71.166.111.240 - - [12/Aug/2013:10:10:01 -0400] "GET /images/250_Red_White_Face_N.O.3.jpg HTTP/1.1" 200 10477 "http://www.craigfarms.com/Frame-3-moremulespage3.html?refresh=1374681744177" "Mozilla/5.0 (compatible; MSIE 10.0; Windows NT 6.1; WOW64; Trident/6.0)"
66.87.103.19 - - [12/Aug/2013:21:32:50 -0400] "GET /scripts/photoalbum.js HTTP/1.1" 200 62481 "http://craigfarms.com/" "Mozilla/5.0 (Linux; U; Android 4.1.1; en-us; EVO Build/JRO03C) AppleWebKit/534.30 (KHTML, like Gecko) Version/4.0 Mobile Safari/534.30"
66.87.103.19 - - [12/Aug/2013:21:32:53 -0400] "GET /Frame-1-hometop.htm HTTP/1.1" 200 1389 "http://craigfarms.com/" "Mozilla/5.0 (Linux; U; Android 4.1.1; en-us; EVO Build/JRO03C) AppleWebKit/534.30 (KHTML, like Gecko) Version/4.0 Mobile Safari/534.30"
66.87.103.19 - - [12/Aug/2013:21:32:53 -0400] "GET /scripts/user.js HTTP/1.1" 200 23762 "http://craigfarms.com/Frame-1-hometop.htm" "Mozilla/5.0 (Linux; U; Android 4.1.1; en-us; EVO Build/JRO03C) AppleWebKit/534.30 (KHTML, like Gecko) Version/4.0 Mobile Safari/534.30"
66.87.103.19 - - [12/Aug/2013:21:32:55 -0400] "GET /23/images/left-07_over.gif HTTP/1.1" 200 416 "http://craigfarms.com/Frame-1-homeleft.htm" "Mozilla/5.0 (Linux; U; Android 4.1.1; en-us; EVO Build/JRO03C) AppleWebKit/534.30 (KHTML, like Gecko) Version/4.0 Mobile Safari/534.30"
66.87.103.19 - - [12/Aug/2013:21:32:55 -0400] "GET /23/images/left-03.gif HTTP/1.1" 200 540 "http://craigfarms.com/Frame-1-homeleft.htm" "Mozilla/5.0 (Linux; U; Android 4.1.1; en-us; EVO Build/JRO03C) AppleWebKit/534.30 (KHTML, like Gecko) Version/4.0 Mobile Safari/534.30"
66.87.103.19 - - [12/Aug/2013:21:32:55 -0400] "GET /23/images/left-07.gif HTTP/1.1" 200 319 "http://craigfarms.com/Frame-1-homeleft.htm" "Mozilla/5.0 (Linux; U; Android 4.1.1; en-us; EVO Build/JRO03C) AppleWebKit/534.30 (KHTML, like Gecko) Version/4.0 Mobile Safari/534.30"
66.87.103.19 - - [12/Aug/2013:21:32:57 -0400] "GET /23/images/company.jpg HTTP/1.1" 200 5899 "http://craigfarms.com/Frame-1-hometop.htm" "Mozilla/5.0 (Linux; U; Android 4.1.1; en-us; EVO Build/JRO03C) AppleWebKit/534.30 (KHTML, like Gecko) Version/4.0 Mobile Safari/534.30"
66.249.75.169 - - [12/Aug/2013:23:27:13 -0400] "GET /Frame-3-moremulestop.htm HTTP/1.1" 200 1385 "-" "Mozilla/5.0 (compatible; Googlebot/2.1; +http://www.google.com/bot.html)"
82.80.234.134 - - [12/Aug/2013:23:27:59 -0400] "GET /images/250_Red_N.O.3.jpg HTTP/1.1" 200 10492 "-" "-"
199.30.24.133 - - [12/Aug/2013:02:32:39 -0400] "GET /23/images/top-01.gif HTTP/1.1" 200 263 "http://www.craigfarms.com/Frame-5-linkstop.htm" "Mozilla/5.0 (Windows NT 6.1; WOW64) AppleWebKit/534+ (KHTML, like Gecko) BingPreview/1.0b"
199.30.24.133 - - [12/Aug/2013:02:32:40 -0400] "GET /23/images/left-03_over.gif HTTP/1.1" 200 616 "http://www.craigfarms.com/Frame-5-linksleft.htm" "Mozilla/5.0 (Windows NT 6.1; WOW64) AppleWebKit/534+ (KHTML, like Gecko) BingPreview/1.0b"
199.30.24.133 - - [12/Aug/2013:02:32:40 -0400] "GET /23/images/left-07_over.gif HTTP/1.1" 200 416 "http://www.craigfarms.com/Frame-5-linksleft.htm" "Mozilla/5.0 (Windows NT 6.1; WOW64) AppleWebKit/534+ (KHTML, like Gecko) BingPreview/1.0b"
199.30.24.133 - - [12/Aug/2013:02:32:40 -0400] "GET /23/images/01a.gif HTTP/1.1" 200 327 "http://www.craigfarms.com/Frame-5-linksleft.htm" "Mozilla/5.0 (Windows NT 6.1; WOW64) AppleWebKit/534+ (KHTML, like Gecko) BingPreview/1.0b"
199.30.24.133 - - [12/Aug/2013:02:32:41 -0400] "GET /23/images/left-06.gif HTTP/1.1" 200 457 "http://www.craigfarms.com/Frame-5-linksleft.htm" "Mozilla/5.0 (Windows NT 6.1; WOW64) AppleWebKit/534+ (KHTML, like Gecko) BingPreview/1.0b"
199.30.24.133 - - [12/Aug/2013:02:32:41 -0400] "GET /23/images/motif03.jpg HTTP/1.1" 200 6849 "http://www.craigfarms.com/Frame-5-linksleft.htm" "Mozilla/5.0 (Windows NT 6.1; WOW64) AppleWebKit/534+ (KHTML, like Gecko) BingPreview/1.0b"
70.193.141.105 - - [12/Aug/2013:16:29:32 -0400] "GET /scripts/ic_globals_published.js HTTP/1.1" 304 - "http://www.craigfarms.com/" "Mozilla/5.0 (compatible; MSIE 10.0; Windows NT 6.1; WOW64; Trident/6.0)"
70.193.141.105 - - [12/Aug/2013:16:29:33 -0400] "GET /Frame-1-homeleft.htm HTTP/1.1" 304 - "http://www.craigfarms.com/" "Mozilla/5.0 (compatible; MSIE 10.0; Windows NT 6.1; WOW64; Trident/6.0)"
70.193.141.105 - - [12/Aug/2013:16:29:33 -0400] "GET /23/images/top-01.gif HTTP/1.1" 200 263 "http://www.craigfarms.com/Frame-1-hometop.htm" "Mozilla/5.0 (compatible; MSIE 10.0; Windows NT 6.1; WOW64; Trident/6.0)"
70.193.141.105 - - [12/Aug/2013:16:29:33 -0400] "GET /23/images/left-01.gif HTTP/1.1" 200 87 "http://www.craigfarms.com/Frame-1-homeleft.htm" "Mozilla/5.0 (compatible; MSIE 10.0; Windows NT 6.1; WOW64; Trident/6.0)"
70.193.141.105 - - [12/Aug/2013:16:29:33 -0400] "GET /23/images/left-04.gif HTTP/1.1" 200 475 "http://www.craigfarms.com/Frame-1-homeleft.htm" "Mozilla/5.0 (compatible; MSIE 10.0; Windows NT 6.1; WOW64; Trident/6.0)"
70.193.141.105 - - [12/Aug/2013:16:29:33 -0400] "GET /23/images/left-07.gif HTTP/1.1" 200 319 "http://www.craigfarms.com/Frame-1-homeleft.htm" "Mozilla/5.0 (compatible; MSIE 10.0; Windows NT 6.1; WOW64; Trident/6.0)"
70.193.141.105 - - [12/Aug/2013:16:29:34 -0400] "GET /23/images/left-04_over.gif HTTP/1.1" 200 563 "http://www.craigfarms.com/Frame-1-homeleft.htm" "Mozilla/5.0 (compatible; MSIE 10.0; Windows NT 6.1; WOW64; Trident/6.0)"
70.193.141.105 - - [12/Aug/2013:16:29:34 -0400] "GET /23/images/bg_left.jpg HTTP/1.1" 200 952 "http://www.craigfarms.com/Frame-1-homeleft.htm" "Mozilla/5.0 (compatible; MSIE 10.0; Windows NT 6.1; WOW64; Trident/6.0)"
70.193.141.105 - - [12/Aug/2013:16:29:34 -0400] "GET /23/images/spacer.gif HTTP/1.1" 200 43 "http://www.craigfarms.com/Frame-1-homepage1.html?refresh=1374681743953" "Mozilla/5.0 (compatible; MSIE 10.0; Windows NT 6.1; WOW64; Trident/6.0)"
180.76.5.107 - - [12/Aug/2013:17:17:55 -0400] "GET /robots.txt HTTP/1.1" 200 25 "-" "Mozilla/5.0 (Windows NT 5.1; rv:6.0.2) Gecko/20100101 Firefox/6.0.2"
157.56.229.246 - - [12/Aug/2013:17:56:51 -0400] "GET /23/scripts/icwebsiteelement.css HTTP/1.1" 200 8132 "-" "Mozilla/5.0 (compatible; bingbot/2.0; +http://www.bing.com/bingbot.htm)"
82.80.244.55 - - [12/Aug/2013:23:27:54 -0400] "GET /images/435_farm_map.gif HTTP/1.1" 200 29585 "-" "-"
82.80.244.55 - - [12/Aug/2013:23:27:54 -0400] "GET /consoles/11/images/cn_bot_back.gif HTTP/1.1" 200 1706 "-" "-"
178.154.243.81 - - [12/Aug/2013:23:51:35 -0400] "GET /images/300_Pa._Red_Team.3.jpg HTTP/1.1" 304 - "-" "Mozilla/5.0 (compatible; YandexImages/3.0; +http://yandex.com/bots)"
74.75.203.217 - - [12/Aug/2013:13:31:42 -0400] "GET /scripts/ic_globals_published.js HTTP/1.1" 304 - "http://www.craigfarms.com/index.html" "Mozilla/5.0 (Windows NT 6.1; WOW64) AppleWebKit/537.36 (KHTML, like Gecko) Chrome/28.0.1500.95 Safari/537.36"
74.75.203.217 - - [12/Aug/2013:13:31:43 -0400] "GET /Frame-1-homeleft.htm HTTP/1.1" 304 - "http://www.craigfarms.com/index.html" "Mozilla/5.0 (Windows NT 6.1; WOW64) AppleWebKit/537.36 (KHTML, like Gecko) Chrome/28.0.1500.95 Safari/537.36"
74.75.203.217 - - [12/Aug/2013:13:31:43 -0400] "GET /23/images/bg_top.jpg HTTP/1.1" 304 - "http://www.craigfarms.com/Frame-1-hometop.htm" "Mozilla/5.0 (Windows NT 6.1; WOW64) AppleWebKit/537.36 (KHTML, like Gecko) Chrome/28.0.1500.95 Safari/537.36"
74.75.203.217 - - [12/Aug/2013:13:31:43 -0400] "GET /23/images/slogan.jpg HTTP/1.1" 304 - "http://www.craigfarms.com/Frame-1-hometop.htm" "Mozilla/5.0 (Windows NT 6.1; WOW64) AppleWebKit/537.36 (KHTML, like Gecko) Chrome/28.0.1500.95 Safari/537.36"
74.75.203.217 - - [12/Aug/2013:13:31:43 -0400] "GET /23/images/left-07_over.gif HTTP/1.1" 304 - "http://www.craigfarms.com/Frame-1-homeleft.htm" "Mozilla/5.0 (Windows NT 6.1; WOW64) AppleWebKit/537.36 (KHTML, like Gecko) Chrome/28.0.1500.95 Safari/537.36"
74.75.203.217 - - [12/Aug/2013:13:31:43 -0400] "GET /23/images/left-06.gif HTTP/1.1" 304 - "http://www.craigfarms.com/Frame-1-homeleft.htm" "Mozilla/5.0 (Windows NT 6.1; WOW64) AppleWebKit/537.36 (KHTML, like Gecko) Chrome/28.0.1500.95 Safari/537.36"
74.75.203.217 - - [12/Aug/2013:13:31:46 -0400] "GET /images/193_Murray_Team.6.jpg HTTP/1.1" 304 - "http://www.craigfarms.com/Frame-2-mulesforsalepage2.html?refresh=1374681744111" "Mozilla/5.0 (Windows NT 6.1; WOW64) AppleWebKit/537.36 (KHTML, like Gecko) Chrome/28.0.1500.95 Safari/537.36"
71.166.111.240 - - [12/Aug/2013:10:09:49 -0400] "GET /23/images/left-04.gif HTTP/1.1" 200 475 "http://www.craigfarms.com/Frame-1-homeleft.htm" "Mozilla/5.0 (compatible; MSIE 10.0; Windows NT 6.1; WOW64; Trident/6.0)"
71.166.111.240 - - [12/Aug/2013:10:09:49 -0400] "GET /23/images/motif03.jpg HTTP/1.1" 200 6849 "http://www.craigfarms.com/Frame-1-homeleft.htm" "Mozilla/5.0 (compatible; MSIE 10.0; Windows NT 6.1; WOW64; Trident/6.0)"
71.166.111.240 - - [12/Aug/2013:10:09:49 -0400] "GET /23/images/left-05_over.gif HTTP/1.1" 200 711 "http://www.craigfarms.com/Frame-1-homeleft.htm" "Mozilla/5.0 (compatible; MSIE 10.0; Windows NT 6.1; WOW64; Trident/6.0)"
71.166.111.240 - - [12/Aug/2013:10:09:49 -0400] "GET /23/images/bg_left.jpg HTTP/1.1" 200 952 "http://www.craigfarms.com/Frame-1-homeleft.htm" "Mozilla/5.0 (compatible; MSIE 10.0; Windows NT 6.1; WOW64; Trident/6.0)"
71.166.111.240 - - [12/Aug/2013:10:09:50 -0400] "GET /23/images/1/motif01.jpg HTTP/1.1" 200 6534 "http://www.craigfarms.com/Frame-1-hometop.htm" "Mozilla/5.0 (compatible; MSIE 10.0; Windows NT 6.1; WOW64; Trident/6.0)"
71.166.111.240 - - [12/Aug/2013:10:09:50 -0400] "GET /23/images/top-06.gif HTTP/1.1" 200 135 "http://www.craigfarms.com/Frame-1-hometop.htm" "Mozilla/5.0 (compatible; MSIE 10.0; Windows NT 6.1; WOW64; Trident/6.0)"
71.166.111.240 - - [12/Aug/2013:10:10:01 -0400] "GET /Frame-3-moremulespage3.html?refresh=1374681744177 HTTP/1.1" 200 6684 "http://www.craigfarms.com/moremules.html" "Mozilla/5.0 (compatible; MSIE 10.0; Windows NT 6.1; WOW64; Trident/6.0)"
71.166.111.240 - - [12/Aug/2013:10:10:01 -0400] "GET /Frame-3-moremulesleft.htm HTTP/1.1" 200 3957 "http://www.craigfarms.com/moremules.html" "Mozilla/5.0 (compatible; MSIE 10.0; Windows NT 6.1; WOW64; Trident/6.0)"
71.166.111.240 - - [12/Aug/2013:10:10:02 -0400] "GET /23/images/left-03.gif HTTP/1.1" 200 540 "http://www.craigfarms.com/Frame-3-moremulesleft.htm" "Mozilla/5.0 (compatible; MSIE 10.0; Windows NT 6.1; WOW64; Trident/6.0)"
123.125.71.21 - - [12/Aug/2013:17:18:13 -0400] "GET /Frame-1-homepage1.html?refresh=1374681743953 HTTP/1.1" 200 6162 "-" "Mozilla/5.0 (Linux;u;Android 2.3.7;zh-cn;) AppleWebKit/533.1 (KHTML,like Gecko) Version/4.0 Mobile Safari/533.1 (compatible; +http://www.baidu.com/search/spider.html)"
157.56.229.246 - - [12/Aug/2013:06:27:56 -0400] "GET /Frame-1-homepage1.html?refresh=1325523429591 HTTP/1.1" 200 6162 "-" "Mozilla/5.0 (compatible; bingbot/2.0; +http://www.bing.com/bingbot.htm)"
157.55.35.117 - - [12/Aug/2013:07:23:27 -0400] "GET /Frame-1-homeleft.htm HTTP/1.1" 200 3957 "-" "Mozilla/5.0 (compatible; bingbot/2.0; +http://www.bing.com/bingbot.htm)"
157.55.32.49 - - [12/Aug/2013:00:34:29 -0400] "GET /robots.txt HTTP/1.1" 200 25 "-" "Mozilla/5.0 (compatible; bingbot/2.0; +http://www.bing.com/bingbot.htm)"
157.55.32.49 - - [12/Aug/2013:01:32:30 -0400] "GET /scripts/photoalbum.js HTTP/1.1" 200 62481 "-" "Mozilla/5.0 (compatible; bingbot/2.0; +http://www.bing.com/bingbot.htm)"
72.172.22.169 - - [12/Aug/2013:16:05:15 -0400] "GET /23/images/left-05.gif HTTP/1.1" 200 638 "http://www.craigfarms.com/Frame-1-homeleft.htm" "Mozilla/5.0 (Windows NT 5.1; rv:22.0) Gecko/20100101 Firefox/22.0"
72.172.22.169 - - [12/Aug/2013:16:05:15 -0400] "GET /images/350_Both_Donkeys.2.jpg HTTP/1.1" 200 19018 "http://www.craigfarms.com/Frame-1-homepage1.html?refresh=1374681743953" "Mozilla/5.0 (Windows NT 5.1; rv:22.0) Gecko/20100101 Firefox/22.0"
72.172.22.169 - - [12/Aug/2013:16:05:16 -0400] "GET /23/images/left-03_over.gif HTTP/1.1" 200 616 "http://www.craigfarms.com/Frame-1-homeleft.htm" "Mozilla/5.0 (Windows NT 5.1; rv:22.0) Gecko/20100101 Firefox/22.0"
72.172.22.169 - - [12/Aug/2013:16:05:16 -0400] "GET /23/images/left-07_over.gif HTTP/1.1" 200 416 "http://www.craigfarms.com/Frame-1-homeleft.htm" "Mozilla/5.0 (Windows NT 5.1; rv:22.0) Gecko/20100101 Firefox/22.0"
70.193.141.105 - - [12/Aug/2013:16:29:33 -0400] "GET /23/images/slogan.jpg HTTP/1.1" 200 4733 "http://www.craigfarms.com/Frame-1-hometop.htm" "Mozilla/5.0 (compatible; MSIE 10.0; Windows NT 6.1; WOW64; Trident/6.0)"
70.193.141.105 - - [12/Aug/2013:16:29:33 -0400] "GET /23/images/left-03.gif HTTP/1.1" 200 540 "http://www.craigfarms.com/Frame-1-homeleft.htm" "Mozilla/5.0 (compatible; MSIE 10.0; Windows NT 6.1; WOW64; Trident/6.0)"
70.193.141.105 - - [12/Aug/2013:16:29:33 -0400] "GET /23/images/motif03.jpg HTTP/1.1" 200 6849 "http://www.craigfarms.com/Frame-1-homeleft.htm" "Mozilla/5.0 (compatible; MSIE 10.0; Windows NT 6.1; WOW64; Trident/6.0)"
70.193.141.105 - - [12/Aug/2013:16:29:34 -0400] "GET /23/images/left-05_over.gif HTTP/1.1" 200 711 "http://www.craigfarms.com/Frame-1-homeleft.htm" "Mozilla/5.0 (compatible; MSIE 10.0; Windows NT 6.1; WOW64; Trident/6.0)"
70.193.141.105 - - [12/Aug/2013:16:29:34 -0400] "GET /23/images/spacer.gif HTTP/1.1" 200 43 "http://www.craigfarms.com/Frame-1-homeleft.htm" "Mozilla/5.0 (compatible; MSIE 10.0; Windows NT 6.1; WOW64; Trident/6.0)"
157.55.33.21 - - [12/Aug/2013:17:19:09 -0400] "GET /robots.txt HTTP/1.1" 200 25 "-" "Mozilla/5.0 (compatible; bingbot/2.0; +http://www.bing.com/bingbot.htm)"
74.75.203.217 - - [12/Aug/2013:13:31:42 -0400] "GET /scripts/user.js HTTP/1.1" 304 - "http://www.craigfarms.com/index.html" "Mozilla/5.0 (Windows NT 6.1; WOW64) AppleWebKit/537.36 (KHTML, like Gecko) Chrome/28.0.1500.95 Safari/537.36"
74.75.203.217 - - [12/Aug/2013:13:31:43 -0400] "GET /Frame-1-hometop.htm HTTP/1.1" 304 - "http://www.craigfarms.com/index.html" "Mozilla/5.0 (Windows NT 6.1; WOW64) AppleWebKit/537.36 (KHTML, like Gecko) Chrome/28.0.1500.95 Safari/537.36"
74.75.203.217 - - [12/Aug/2013:13:31:43 -0400] "GET /23/images/spacer.gif HTTP/1.1" 304 - "http://www.craigfarms.com/Frame-1-hometop.htm" "Mozilla/5.0 (Windows NT 6.1; WOW64) AppleWebKit/537.36 (KHTML, like Gecko) Chrome/28.0.1500.95 Safari/537.36"
74.75.203.217 - - [12/Aug/2013:13:31:43 -0400] "GET /23/images/left-02_over.gif HTTP/1.1" 304 - "http://www.craigfarms.com/Frame-1-homeleft.htm" "Mozilla/5.0 (Windows NT 6.1; WOW64) AppleWebKit/537.36 (KHTML, like Gecko) Chrome/28.0.1500.95 Safari/537.36"
74.75.203.217 - - [12/Aug/2013:13:31:43 -0400] "GET /23/images/left-01.gif HTTP/1.1" 304 - "http://www.craigfarms.com/Frame-1-homeleft.htm" "Mozilla/5.0 (Windows NT 6.1; WOW64) AppleWebKit/537.36 (KHTML, like Gecko) Chrome/28.0.1500.95 Safari/537.36"
74.75.203.217 - - [12/Aug/2013:13:31:43 -0400] "GET /23/images/left-07.gif HTTP/1.1" 304 - "http://www.craigfarms.com/Frame-1-homeleft.htm" "Mozilla/5.0 (Windows NT 6.1; WOW64) AppleWebKit/537.36 (KHTML, like Gecko) Chrome/28.0.1500.95 Safari/537.36"
74.75.203.217 - - [12/Aug/2013:13:31:45 -0400] "GET /Frame-2-mulesforsaleleft.htm HTTP/1.1" 304 - "http://www.craigfarms.com/mulesforsale.html" "Mozilla/5.0 (Windows NT 6.1; WOW64) AppleWebKit/537.36 (KHTML, like Gecko) Chrome/28.0.1500.95 Safari/537.36"
74.75.203.217 - - [12/Aug/2013:13:31:46 -0400] "GET /23/images/motif01.jpg HTTP/1.1" 304 - "http://www.craigfarms.com/Frame-2-mulesforsaletop.htm" "Mozilla/5.0 (Windows NT 6.1; WOW64) AppleWebKit/537.36 (KHTML, like Gecko) Chrome/28.0.1500.95 Safari/537.36"
74.75.203.217 - - [12/Aug/2013:13:32:01 -0400] "GET /images/250_Red_N.O.3.jpg HTTP/1.1" 200 10492 "http://www.craigfarms.com/Frame-3-moremulespage3.html?refresh=1374681744177" "Mozilla/5.0 (Windows NT 6.1; WOW64) AppleWebKit/537.36 (KHTML, like Gecko) Chrome/28.0.1500.95 Safari/537.36"
74.75.203.217 - - [12/Aug/2013:13:32:01 -0400] "GET /favicon.ico HTTP/1.1" 404 575 "-" "Mozilla/5.0 (Windows NT 6.1; WOW64) AppleWebKit/537.36 (KHTML, like Gecko) Chrome/28.0.1500.95 Safari/537.36"
74.75.203.217 - - [12/Aug/2013:13:32:04 -0400] "GET /favicon.ico HTTP/1.1" 404 575 "-" "Mozilla/5.0 (Windows NT 6.1; WOW64) AppleWebKit/537.36 (KHTML, like Gecko) Chrome/28.0.1500.95 Safari/537.36"
74.75.203.217 - - [12/Aug/2013:13:32:04 -0400] "GET /23/images/01b.gif HTTP/1.1" 200 419 "http://www.craigfarms.com/Frame-3-moremulesleft.htm" "Mozilla/5.0 (Windows NT 6.1; WOW64) AppleWebKit/537.36 (KHTML, like Gecko) Chrome/28.0.1500.95 Safari/537.36"
170.142.177.53 - - [12/Aug/2013:14:42:24 -0400] "GET /images/193_Murray_Team.6.jpg HTTP/1.1" 200 5502 "http://www.craigfarms.com/Frame-2-mulesforsalepage2.html?refresh=1374681744111" "Mozilla/4.0 (compatible; MSIE 8.0; Windows NT 5.1; Trident/4.0; .NET CLR 2.0.50727; .NET CLR 1.1.4322; .NET CLR 3.0.4506.2152; .NET CLR 3.5.30729; .NET4.0C; InfoPath.3; .NET4.0E)"
108.161.10.253 - - [12/Aug/2013:11:03:41 -0400] "GET /23/images/top-06.gif HTTP/1.1" 304 - "http://www.craigfarms.com/Frame-1-hometop.htm" "Mozilla/5.0 (compatible; MSIE 10.0; Windows NT 6.1; WOW64; Trident/6.0)"
108.161.10.253 - - [12/Aug/2013:11:03:41 -0400] "GET /23/images/left-03.gif HTTP/1.1" 304 - "http://www.craigfarms.com/Frame-1-homeleft.htm" "Mozilla/5.0 (compatible; MSIE 10.0; Windows NT 6.1; WOW64; Trident/6.0)"
108.161.10.253 - - [12/Aug/2013:11:03:41 -0400] "GET /23/images/left-02_over.gif HTTP/1.1" 304 - "http://www.craigfarms.com/Frame-1-homeleft.htm" "Mozilla/5.0 (compatible; MSIE 10.0; Windows NT 6.1; WOW64; Trident/6.0)"
108.161.10.253 - - [12/Aug/2013:11:03:41 -0400] "GET /23/images/spacer.gif HTTP/1.1" 304 - "http://www.craigfarms.com/Frame-1-homeleft.htm" "Mozilla/5.0 (compatible; MSIE 10.0; Windows NT 6.1; WOW64; Trident/6.0)"
108.161.10.253 - - [12/Aug/2013:11:03:43 -0400] "GET /Frame-2-mulesforsalepage2.html?refresh=1374681744111 HTTP/1.1" 304 - "http://www.craigfarms.com/mulesforsale.html" "Mozilla/5.0 (compatible; MSIE 10.0; Windows NT 6.1; WOW64; Trident/6.0)"
108.161.10.253 - - [12/Aug/2013:11:03:43 -0400] "GET /images/250_Doodlebug.1.jpg HTTP/1.1" 200 9769 "http://www.craigfarms.com/Frame-2-mulesforsalepage2.html?refresh=1374681744111" "Mozilla/5.0 (compatible; MSIE 10.0; Windows NT 6.1; WOW64; Trident/6.0)"
180.76.5.61 - - [12/Aug/2013:18:45:09 -0400] "GET /manurespreaders/Frame-4-farmequipmentpage4.html?refresh=1354825160268 HTTP/1.1" 200 5664 "-" "Mozilla/5.0 (compatible; Baiduspider/2.0; +http://www.baidu.com/search/spider.html)"
157.55.35.117 - - [12/Aug/2013:06:43:57 -0400] "GET / HTTP/1.1" 200 1524 "-" "Mozilla/5.0 (compatible; bingbot/2.0; +http://www.bing.com/bingbot.htm)"
157.55.35.102 - - [12/Aug/2013:07:09:39 -0400] "GET / HTTP/1.1" 200 1524 "-" "Mozilla/5.0 (compatible; bingbot/2.0; +http://www.bing.com/bingbot.htm)"
66.87.103.19 - - [12/Aug/2013:21:32:54 -0400] "GET /images/350_Both_Donkeys.2.jpg HTTP/1.1" 200 19018 "http://craigfarms.com/Frame-1-homepage1.html?refresh=1374681743953" "Mozilla/5.0 (Linux; U; Android 4.1.1; en-us; EVO Build/JRO03C) AppleWebKit/534.30 (KHTML, like Gecko) Version/4.0 Mobile Safari/534.30"
66.87.103.19 - - [12/Aug/2013:21:32:55 -0400] "GET /23/images/left-02_over.gif HTTP/1.1" 200 373 "http://craigfarms.com/Frame-1-homeleft.htm" "Mozilla/5.0 (Linux; U; Android 4.1.1; en-us; EVO Build/JRO03C) AppleWebKit/534.30 (KHTML, like Gecko) Version/4.0 Mobile Safari/534.30"
66.87.103.19 - - [12/Aug/2013:21:32:55 -0400] "GET /23/images/left-05_over.gif HTTP/1.1" 200 711 "http://craigfarms.com/Frame-1-homeleft.htm" "Mozilla/5.0 (Linux; U; Android 4.1.1; en-us; EVO Build/JRO03C) AppleWebKit/534.30 (KHTML, like Gecko) Version/4.0 Mobile Safari/534.30"
62.219.8.226 - - [12/Aug/2013:23:21:41 -0400] "GET /Frame-3-moremulesleft.htm HTTP/1.1" 200 3957 "http://www.craigfarms.net/moremules.html" "Mozilla/4.0 (compatible; MSIE 7.0; Windows NT 5.1)"
82.80.244.57 - - [12/Aug/2013:23:27:41 -0400] "GET /consoles/11/images/cn_right_back.gif HTTP/1.1" 200 958 "-" "-"
82.80.234.142 - - [12/Aug/2013:23:27:42 -0400] "GET /images/350_Both_Donkeys.2.jpg HTTP/1.1" 200 19018 "-" "-"
82.80.234.139 - - [12/Aug/2013:23:27:43 -0400] "GET /23/images/01a.gif HTTP/1.1" 200 327 "-" "-"
82.80.244.53 - - [12/Aug/2013:23:27:50 -0400] "GET /images/250_Little_Stewy.6.jpg HTTP/1.1" 200 12294 "-" "-"
82.80.234.138 - - [12/Aug/2013:23:27:58 -0400] "GET /23/images/left-01.gif HTTP/1.1" 200 87 "-" "-"
71.166.111.240 - - [12/Aug/2013:10:09:49 -0400] "GET /Frame-1-homeleft.htm HTTP/1.1" 200 3957 "http://www.craigfarms.com/" "Mozilla/5.0 (compatible; MSIE 10.0; Windows NT 6.1; WOW64; Trident/6.0)"
71.166.111.240 - - [12/Aug/2013:10:09:49 -0400] "GET /23/images/bg_left.jpg HTTP/1.1" 200 952 "http://www.craigfarms.com/Frame-1-homeleft.htm" "Mozilla/5.0 (compatible; MSIE 10.0; Windows NT 6.1; WOW64; Trident/6.0)"
108.161.10.253 - - [12/Aug/2013:11:03:47 -0400] "GET /moremules.html HTTP/1.1" 304 - "http://www.craigfarms.com/Frame-2-mulesforsaleleft.htm" "Mozilla/5.0 (compatible; MSIE 10.0; Windows NT 6.1; WOW64; Trident/6.0)"
108.161.10.253 - - [12/Aug/2013:11:03:47 -0400] "GET /Frame-3-moremulestop.htm HTTP/1.1" 304 - "http://www.craigfarms.com/moremules.html" "Mozilla/5.0 (compatible; MSIE 10.0; Windows NT 6.1; WOW64; Trident/6.0)"
108.161.10.253 - - [12/Aug/2013:11:03:48 -0400] "GET /Frame-3-moremulespage3.html?refresh=1374681744177 HTTP/1.1" 304 - "http://www.craigfarms.com/moremules.html" "Mozilla/5.0 (compatible; MSIE 10.0; Windows NT 6.1; WOW64; Trident/6.0)"
108.161.10.253 - - [12/Aug/2013:11:03:48 -0400] "GET /images/350_Big_Johnny.1.jpg HTTP/1.1" 304 - "http://www.craigfarms.com/Frame-3-moremulespage3.html?refresh=1374681744177" "Mozilla/5.0 (compatible; MSIE 10.0; Windows NT 6.1; WOW64; Trident/6.0)"
157.55.32.233 - - [12/Aug/2013:17:54:53 -0400] "GET /Frame-1-homeleft.htm HTTP/1.1" 200 3957 "-" "Mozilla/5.0 (compatible; bingbot/2.0; +http://www.bing.com/bingbot.htm)"
12.1.219.177 - - [12/Aug/2013:07:23:55 -0400] "GET /23/images/bg_left.jpg HTTP/1.1" 304 - "-" "Mozilla/4.0 (compatible;)"
199.223.220.29 - - [12/Aug/2013:07:47:40 -0400] "GET /scripts/ic_globals_published.js HTTP/1.1" 200 566 "http://www.craigfarms.com/index.html" "Mozilla/5.0 (Windows NT 6.1; WOW64) AppleWebKit/537.36 (KHTML, like Gecko) Chrome/28.0.1500.95 Safari/537.36"
199.223.220.29 - - [12/Aug/2013:07:47:40 -0400] "GET /23/images/top-01.gif HTTP/1.1" 200 263 "http://www.craigfarms.com/Frame-1-hometop.htm" "Mozilla/5.0 (Windows NT 6.1; WOW64) AppleWebKit/537.36 (KHTML, like Gecko) Chrome/28.0.1500.95 Safari/537.36"
199.223.220.29 - - [12/Aug/2013:07:47:40 -0400] "GET /23/images/top-06.gif HTTP/1.1" 200 135 "http://www.craigfarms.com/Frame-1-hometop.htm" "Mozilla/5.0 (Windows NT 6.1; WOW64) AppleWebKit/537.36 (KHTML, like Gecko) Chrome/28.0.1500.95 Safari/537.36"
199.223.220.29 - - [12/Aug/2013:07:47:41 -0400] "GET /23/images/left-04_over.gif HTTP/1.1" 200 563 "http://www.craigfarms.com/Frame-1-homeleft.htm" "Mozilla/5.0 (Windows NT 6.1; WOW64) AppleWebKit/537.36 (KHTML, like Gecko) Chrome/28.0.1500.95 Safari/537.36"
199.223.220.29 - - [12/Aug/2013:07:47:41 -0400] "GET /23/images/left-03.gif HTTP/1.1" 200 540 "http://www.craigfarms.com/Frame-1-homeleft.htm" "Mozilla/5.0 (Windows NT 6.1; WOW64) AppleWebKit/537.36 (KHTML, like Gecko) Chrome/28.0.1500.95 Safari/537.36"
199.223.220.29 - - [12/Aug/2013:07:47:41 -0400] "GET /23/images/motif03.jpg HTTP/1.1" 200 6849 "http://www.craigfarms.com/Frame-1-homeleft.htm" "Mozilla/5.0 (Windows NT 6.1; WOW64) AppleWebKit/537.36 (KHTML, like Gecko) Chrome/28.0.1500.95 Safari/537.36"
180.76.5.144 - - [12/Aug/2013:00:38:55 -0400] "GET / HTTP/1.1" 200 1524 "-" "Mozilla/5.0 (compatible; Baiduspider/2.0; +http://www.baidu.com/search/spider.html)"
180.76.5.10 - - [12/Aug/2013:00:38:55 -0400] "GET /Frame-1-hometop.htm HTTP/1.1" 200 1389 "-" "Mozilla/5.0 (compatible; Baiduspider/2.0; +http://www.baidu.com/search/spider.html)"
157.55.32.100 - - [12/Aug/2013:18:27:43 -0400] "GET /robots.txt HTTP/1.1" 200 25 "-" "Mozilla/5.0 (compatible; bingbot/2.0; +http://www.bing.com/bingbot.htm)"
12.1.219.177 - - [12/Aug/2013:20:51:21 -0400] "GET /23/images/left-06_over.gif HTTP/1.1" 304 - "-" "Mozilla/4.0 (compatible;)"
74.75.203.217 - - [12/Aug/2013:13:31:43 -0400] "GET /23/images/1/motif02.jpg HTTP/1.1" 304 - "http://www.craigfarms.com/Frame-1-hometop.htm" "Mozilla/5.0 (Windows NT 6.1; WOW64) AppleWebKit/537.36 (KHTML, like Gecko) Chrome/28.0.1500.95 Safari/537.36"
74.75.203.217 - - [12/Aug/2013:13:31:43 -0400] "GET /23/images/left-05_over.gif HTTP/1.1" 304 - "http://www.craigfarms.com/Frame-1-homeleft.htm" "Mozilla/5.0 (Windows NT 6.1; WOW64) AppleWebKit/537.36 (KHTML, like Gecko) Chrome/28.0.1500.95 Safari/537.36"
74.75.203.217 - - [12/Aug/2013:13:31:43 -0400] "GET /23/images/left-04.gif HTTP/1.1" 304 - "http://www.craigfarms.com/Frame-1-homeleft.htm" "Mozilla/5.0 (Windows NT 6.1; WOW64) AppleWebKit/537.36 (KHTML, like Gecko) Chrome/28.0.1500.95 Safari/537.36"
74.75.203.217 - - [12/Aug/2013:13:31:43 -0400] "GET /images/350_Both_Donkeys.2.jpg HTTP/1.1" 304 - "http://www.craigfarms.com/Frame-1-homepage1.html?refresh=1374681743953" "Mozilla/5.0 (Windows NT 6.1; WOW64) AppleWebKit/537.36 (KHTML, like Gecko) Chrome/28.0.1500.95 Safari/537.36"
74.75.203.217 - - [12/Aug/2013:13:31:43 -0400] "GET /favicon.ico HTTP/1.1" 404 575 "-" "Mozilla/5.0 (Windows NT 6.1; WOW64) AppleWebKit/537.36 (KHTML, like Gecko) Chrome/28.0.1500.95 Safari/537.36"
74.75.203.217 - - [12/Aug/2013:13:31:45 -0400] "GET /mulesforsale.html HTTP/1.1" 304 - "http://www.craigfarms.com/Frame-1-homeleft.htm" "Mozilla/5.0 (Windows NT 6.1; WOW64) AppleWebKit/537.36 (KHTML, like Gecko) Chrome/28.0.1500.95 Safari/537.36"
74.75.203.217 - - [12/Aug/2013:13:31:45 -0400] "GET /Frame-2-mulesforsaletop.htm HTTP/1.1" 304 - "http://www.craigfarms.com/mulesforsale.html" "Mozilla/5.0 (Windows NT 6.1; WOW64) AppleWebKit/537.36 (KHTML, like Gecko) Chrome/28.0.1500.95 Safari/537.36"
74.75.203.217 - - [12/Aug/2013:13:31:46 -0400] "GET /23/images/motif02.jpg HTTP/1.1" 304 - "http://www.craigfarms.com/Frame-2-mulesforsaletop.htm" "Mozilla/5.0 (Windows NT 6.1; WOW64) AppleWebKit/537.36 (KHTML, like Gecko) Chrome/28.0.1500.95 Safari/537.36"
74.75.203.217 - - [12/Aug/2013:13:31:46 -0400] "GET /images/250_Lucky.2.jpg HTTP/1.1" 200 11524 "http://www.craigfarms.com/Frame-2-mulesforsalepage2.html?refresh=1374681744111" "Mozilla/5.0 (Windows NT 6.1; WOW64) AppleWebKit/537.36 (KHTML, like Gecko) Chrome/28.0.1500.95 Safari/537.36"
74.75.203.217 - - [12/Aug/2013:13:31:46 -0400] "GET /favicon.ico HTTP/1.1" 404 575 "-" "Mozilla/5.0 (Windows NT 6.1; WOW64) AppleWebKit/537.36 (KHTML, like Gecko) Chrome/28.0.1500.95 Safari/537.36"
74.75.203.217 - - [12/Aug/2013:13:32:01 -0400] "GET /Frame-3-moremulesleft.htm HTTP/1.1" 200 3957 "http://www.craigfarms.com/moremules.html" "Mozilla/5.0 (Windows NT 6.1; WOW64) AppleWebKit/537.36 (KHTML, like Gecko) Chrome/28.0.1500.95 Safari/537.36"
74.75.203.217 - - [12/Aug/2013:13:32:01 -0400] "GET /images/350_Big_Johnny.1.jpg HTTP/1.1" 200 15903 "http://www.craigfarms.com/Frame-3-moremulespage3.html?refresh=1374681744177" "Mozilla/5.0 (Windows NT 6.1; WOW64) AppleWebKit/537.36 (KHTML, like Gecko) Chrome/28.0.1500.95 Safari/537.36"
66.249.75.97 - - [12/Aug/2013:12:27:56 -0400] "GET /23/scripts/icwebsiteelement.css HTTP/1.1" 200 8132 "http://www.craigfarms.com/" "Mozilla/5.0 (compatible; Googlebot/2.1; +http://www.google.com/bot.html)"
130.185.109.243 - - [12/Aug/2013:14:24:22 -0400] "GET /23/scripts/master.css HTTP/1.1" 200 1951 "-" "PagesInventory (robot http://www.pagesinventory.com)"
180.76.5.144 - - [12/Aug/2013:00:38:56 -0400] "GET /Frame-1-homeleft.htm HTTP/1.1" 200 3957 "-" "Mozilla/5.0 (compatible; Baiduspider/2.0; +http://www.baidu.com/search/spider.html)"
123.125.71.55 - - [12/Aug/2013:17:18:12 -0400] "GET /Frame-1-hometop.htm HTTP/1.1" 200 1389 "-" "Mozilla/5.0 (Linux;u;Android 2.3.7;zh-cn;) AppleWebKit/533.1 (KHTML,like Gecko) Version/4.0 Mobile Safari/533.1 (compatible; +http://www.baidu.com/search/spider.html)"
62.219.8.226 - - [12/Aug/2013:23:21:29 -0400] "GET /manurespreaders.html HTTP/1.1" 200 1557 "http://www.craigfarms.net/Frame-1-homeleft.htm" "Mozilla/4.0 (compatible; MSIE 7.0; Windows NT 5.1)"
62.219.8.226 - - [12/Aug/2013:23:21:41 -0400] "GET /Frame-7-manurespreaderstop.htm HTTP/1.1" 200 1385 "http://www.craigfarms.net/manurespreaders.html" "Mozilla/6.0 (compatible)"
82.80.234.138 - - [12/Aug/2013:23:27:40 -0400] "GET /23/images/company.jpg HTTP/1.1" 200 5899 "-" "-"
82.80.234.141 - - [12/Aug/2013:23:27:51 -0400] "GET /images/193_Murray_Team.1.jpg HTTP/1.1" 200 5941 "-" "-"
71.166.111.240 - - [12/Aug/2013:10:10:01 -0400] "GET /23/images/motif01.jpg HTTP/1.1" 200 6534 "http://www.craigfarms.com/Frame-3-moremulestop.htm" "Mozilla/5.0 (compatible; MSIE 10.0; Windows NT 6.1; WOW64; Trident/6.0)"
157.55.32.49 - - [12/Aug/2013:01:32:38 -0400] "GET /Frame-5-linkstop.htm HTTP/1.1" 200 1385 "-" "Mozilla/5.0 (compatible; bingbot/2.0; +http://www.bing.com/bingbot.htm)"
199.30.25.47 - - [12/Aug/2013:13:35:54 -0400] "GET /23/images/company.jpg HTTP/1.1" 200 5899 "http://craigfarms.net/Frame-1-hometop.htm" "Mozilla/5.0 (Windows NT 6.1; WOW64) AppleWebKit/534+ (KHTML, like Gecko) BingPreview/1.0b"
199.30.25.47 - - [12/Aug/2013:13:35:55 -0400] "GET /23/images/left-03.gif HTTP/1.1" 200 540 "http://craigfarms.net/Frame-1-homeleft.htm" "Mozilla/5.0 (Windows NT 6.1; WOW64) AppleWebKit/534+ (KHTML, like Gecko) BingPreview/1.0b"
12.1.219.177 - - [12/Aug/2013:15:53:18 -0400] "GET /Frame-1-hometop.htm HTTP/1.1" 304 - "-" "Mozilla/4.0 (compatible;)"
50.56.58.47 - - [12/Aug/2013:16:54:19 -0400] "GET /admin.php HTTP/1.0" 404 575 "-" "Mozilla/5.0 (Windows NT 6.1; WOW64; rv:14.0) Gecko/20100101 Firefox/14.0.1"
12.1.219.177 - - [12/Aug/2013:16:46:20 -0400] "GET /23/images/top-06.gif HTTP/1.1" 304 - "-" "Mozilla/4.0 (compatible;)"
66.249.75.169 - - [12/Aug/2013:23:35:01 -0400] "GET /23/scripts/icwebsiteelement.css HTTP/1.1" 200 8132 "-" "Mozilla/5.0 (compatible; Googlebot/2.1; +http://www.google.com/bot.html)"
12.1.219.177 - - [12/Aug/2013:01:00:47 -0400] "GET /23/images/left-03_over.gif HTTP/1.1" 304 - "-" "Mozilla/4.0 (compatible;)"
108.161.10.253 - - [12/Aug/2013:11:03:41 -0400] "GET /Frame-1-homeleft.htm HTTP/1.1" 304 - "http://www.craigfarms.com/home.html" "Mozilla/5.0 (compatible; MSIE 10.0; Windows NT 6.1; WOW64; Trident/6.0)"
108.161.10.253 - - [12/Aug/2013:11:03:41 -0400] "GET /23/images/spacer.gif HTTP/1.1" 304 - "http://www.craigfarms.com/Frame-1-hometop.htm" "Mozilla/5.0 (compatible; MSIE 10.0; Windows NT 6.1; WOW64; Trident/6.0)"
108.161.10.253 - - [12/Aug/2013:11:03:41 -0400] "GET /23/images/slogan.jpg HTTP/1.1" 304 - "http://www.craigfarms.com/Frame-1-hometop.htm" "Mozilla/5.0 (compatible; MSIE 10.0; Windows NT 6.1; WOW64; Trident/6.0)"
108.161.10.253 - - [12/Aug/2013:11:03:41 -0400] "GET /23/images/company.jpg HTTP/1.1" 304 - "http://www.craigfarms.com/Frame-1-hometop.htm" "Mozilla/5.0 (compatible; MSIE 10.0; Windows NT 6.1; WOW64; Trident/6.0)"
108.161.10.253 - - [12/Aug/2013:11:03:41 -0400] "GET /23/images/left-01.gif HTTP/1.1" 304 - "http://www.craigfarms.com/Frame-1-homeleft.htm" "Mozilla/5.0 (compatible; MSIE 10.0; Windows NT 6.1; WOW64; Trident/6.0)"
108.161.10.253 - - [12/Aug/2013:11:03:41 -0400] "GET /23/images/01a.gif HTTP/1.1" 304 - "http://www.craigfarms.com/Frame-1-homeleft.htm" "Mozilla/5.0 (compatible; MSIE 10.0; Windows NT 6.1; WOW64; Trident/6.0)"
108.161.10.253 - - [12/Aug/2013:11:03:41 -0400] "GET /23/images/left-07.gif HTTP/1.1" 304 - "http://www.craigfarms.com/Frame-1-homeleft.htm" "Mozilla/5.0 (compatible; MSIE 10.0; Windows NT 6.1; WOW64; Trident/6.0)"
108.161.10.253 - - [12/Aug/2013:11:03:41 -0400] "GET /23/images/motif03.jpg HTTP/1.1" 304 - "http://www.craigfarms.com/Frame-1-homeleft.htm" "Mozilla/5.0 (compatible; MSIE 10.0; Windows NT 6.1; WOW64; Trident/6.0)"
108.161.10.253 - - [12/Aug/2013:11:03:41 -0400] "GET /23/images/left-06_over.gif HTTP/1.1" 304 - "http://www.craigfarms.com/Frame-1-homeleft.htm" "Mozilla/5.0 (compatible; MSIE 10.0; Windows NT 6.1; WOW64; Trident/6.0)"
108.161.10.253 - - [12/Aug/2013:11:03:41 -0400] "GET /23/images/left-07_over.gif HTTP/1.1" 304 - "http://www.craigfarms.com/Frame-1-homeleft.htm" "Mozilla/5.0 (compatible; MSIE 10.0; Windows NT 6.1; WOW64; Trident/6.0)"
108.161.10.253 - - [12/Aug/2013:11:03:43 -0400] "GET /23/images/motif02.jpg HTTP/1.1" 200 1836 "http://www.craigfarms.com/Frame-2-mulesforsaletop.htm" "Mozilla/5.0 (compatible; MSIE 10.0; Windows NT 6.1; WOW64; Trident/6.0)"
108.161.10.253 - - [12/Aug/2013:11:03:43 -0400] "GET /images/250_Lucky.2.jpg HTTP/1.1" 200 11524 "http://www.craigfarms.com/Frame-2-mulesforsalepage2.html?refresh=1374681744111" "Mozilla/5.0 (compatible; MSIE 10.0; Windows NT 6.1; WOW64; Trident/6.0)"
108.161.10.253 - - [12/Aug/2013:11:03:48 -0400] "GET /images/250_Red_White_Face_N.O.3.jpg HTTP/1.1" 200 10477 "http://www.craigfarms.com/Frame-3-moremulespage3.html?refresh=1374681744177" "Mozilla/5.0 (compatible; MSIE 10.0; Windows NT 6.1; WOW64; Trident/6.0)"
72.172.22.169 - - [12/Aug/2013:16:05:15 -0400] "GET /23/images/left-06.gif HTTP/1.1" 200 457 "http://www.craigfarms.com/Frame-1-homeleft.htm" "Mozilla/5.0 (Windows NT 5.1; rv:22.0) Gecko/20100101 Firefox/22.0"
72.172.22.169 - - [12/Aug/2013:16:05:15 -0400] "GET /23/images/1/motif01.jpg HTTP/1.1" 200 6534 "http://www.craigfarms.com/Frame-1-hometop.htm" "Mozilla/5.0 (Windows NT 5.1; rv:22.0) Gecko/20100101 Firefox/22.0"
78.101.182.35 - - [12/Aug/2013:16:54:16 -0400] "GET /wp-login.php HTTP/1.0" 403 214 "-" "Mozilla/5.0 (Windows NT 6.1; rv:19.0) Gecko/20100101 Firefox/19.0"
66.87.103.19 - - [12/Aug/2013:21:32:53 -0400] "GET /scripts/photoalbum.js HTTP/1.1" 200 62481 "http://craigfarms.com/Frame-1-hometop.htm" "Mozilla/5.0 (Linux; U; Android 4.1.1; en-us; EVO Build/JRO03C) AppleWebKit/534.30 (KHTML, like Gecko) Version/4.0 Mobile Safari/534.30"
24.175.241.121 - - [12/Aug/2013:22:12:58 -0400] "GET /favicon.ico HTTP/1.1" 404 575 "-" "Mozilla/4.0 (compatible; MSIE 8.0; Windows NT 5.1; Trident/4.0; .NET CLR 2.0.50727; .NET CLR 3.0.4506.2152; .NET CLR 3.5.30729)"
62.219.8.226 - - [12/Aug/2013:23:21:18 -0400] "GET /Frame-1-homepage1.html?refresh=1374681743953 HTTP/1.1" 200 6162 "http://www.craigfarms.net/" "Mozilla/6.0 (compatible)"
62.219.8.226 - - [12/Aug/2013:23:21:41 -0400] "GET /Frame-7-manurespreaderspage7.html?refresh=1374681744310 HTTP/1.1" 200 5406 "http://www.craigfarms.net/manurespreaders.html" "Mozilla/6.0 (compatible)"
82.80.244.58 - - [12/Aug/2013:23:27:53 -0400] "GET /23/images/1/motif02.jpg HTTP/1.1" 200 1836 "-" "-"
12.1.219.177 - - [12/Aug/2013:01:20:01 -0400] "GET /23/images/left-06.gif HTTP/1.1" 304 - "-" "Mozilla/4.0 (compatible;)"
170.142.177.53 - - [12/Aug/2013:14:42:24 -0400] "GET /images/193_Murray_Team.1.jpg HTTP/1.1" 200 5941 "http://www.craigfarms.com/Frame-2-mulesforsalepage2.html?refresh=1374681744111" "Mozilla/4.0 (compatible; MSIE 8.0; Windows NT 5.1; Trident/4.0; .NET CLR 2.0.50727; .NET CLR 1.1.4322; .NET CLR 3.0.4506.2152; .NET CLR 3.5.30729; .NET4.0C; InfoPath.3; .NET4.0E)"
170.142.177.53 - - [12/Aug/2013:14:42:24 -0400] "GET /images/spacer.gif HTTP/1.1" 200 43 "http://www.craigfarms.com/Frame-2-mulesforsalepage2.html?refresh=1374681744111" "Mozilla/4.0 (compatible; MSIE 8.0; Windows NT 5.1; Trident/4.0; .NET CLR 2.0.50727; .NET CLR 1.1.4322; .NET CLR 3.0.4506.2152; .NET CLR 3.5.30729; .NET4.0C; InfoPath.3; .NET4.0E)"
170.142.177.53 - - [12/Aug/2013:14:42:25 -0400] "GET /favicon.ico HTTP/1.1" 404 575 "-" "Mozilla/4.0 (compatible; MSIE 8.0; Windows NT 5.1; Trident/4.0; .NET CLR 2.0.50727; .NET CLR 1.1.4322; .NET CLR 3.0.4506.2152; .NET CLR 3.5.30729; .NET4.0C; InfoPath.3; .NET4.0E)"
71.166.111.240 - - [12/Aug/2013:10:09:50 -0400] "GET /Frame-1-hometop.htm HTTP/1.1" 200 1389 "http://www.craigfarms.com/" "Mozilla/5.0 (compatible; MSIE 10.0; Windows NT 6.1; WOW64; Trident/6.0)"
71.166.111.240 - - [12/Aug/2013:10:09:50 -0400] "GET /23/images/bg_top.jpg HTTP/1.1" 200 793 "http://www.craigfarms.com/Frame-1-hometop.htm" "Mozilla/5.0 (compatible; MSIE 10.0; Windows NT 6.1; WOW64; Trident/6.0)"
180.76.5.52 - - [12/Aug/2013:11:37:44 -0400] "GET /Frame-6-mappagepage6.html?refresh=1344103054237 HTTP/1.1" 200 3797 "-" "Mozilla/5.0 (compatible; Baiduspider/2.0; +http://www.baidu.com/search/spider.html)"
180.76.5.25 - - [12/Aug/2013:06:06:56 -0400] "GET /Frame-3-moremulespage3.html?refresh=1344103054152 HTTP/1.1" 200 6684 "-" "Mozilla/5.0 (compatible; Baiduspider/2.0; +http://www.baidu.com/search/spider.html)"
128.190.125.2 - - [12/Aug/2013:07:42:59 -0400] "GET /23/scripts/master.css HTTP/1.1" 304 - "-" "Mozilla/4.0 (compatible;)"
78.101.182.35 - - [12/Aug/2013:16:54:16 -0400] "GET /wp-login.php HTTP/1.0" 403 214 "-" "Mozilla/5.0 (Windows NT 6.1; rv:19.0) Gecko/20100101 Firefox/19.0"
199.30.25.47 - - [12/Aug/2013:13:35:59 -0400] "GET /23/images/left-06.gif HTTP/1.1" 200 457 "http://craigfarms.net/Frame-1-homeleft.htm" "Mozilla/5.0 (Windows NT 6.1; WOW64) AppleWebKit/534+ (KHTML, like Gecko) BingPreview/1.0b"
130.185.109.243 - - [12/Aug/2013:14:08:06 -0400] "GET /robots.txt HTTP/1.1" 200 25 "-" "PagesInventory (robot http://www.pagesinvenotry.com)"
170.142.177.53 - - [12/Aug/2013:14:42:24 -0400] "GET /images/300_Pa._Red_Team.3.jpg HTTP/1.1" 200 19162 "http://www.craigfarms.com/Frame-2-mulesforsalepage2.html?refresh=1374681744111" "Mozilla/4.0 (compatible; MSIE 8.0; Windows NT 5.1; Trident/4.0; .NET CLR 2.0.50727; .NET CLR 1.1.4322; .NET CLR 3.0.4506.2152; .NET CLR 3.5.30729; .NET4.0C; InfoPath.3; .NET4.0E)"
108.161.10.253 - - [12/Aug/2013:11:03:48 -0400] "GET /images/200_J.K._Star.1.jpg HTTP/1.1" 200 7732 "http://www.craigfarms.com/Frame-3-moremulespage3.html?refresh=1374681744177" "Mozilla/5.0 (compatible; MSIE 10.0; Windows NT 6.1; WOW64; Trident/6.0)"
157.55.33.29 - - [12/Aug/2013:11:35:10 -0400] "GET /scripts/ic_globals_published.js HTTP/1.1" 200 566 "-" "Mozilla/5.0 (compatible; bingbot/2.0; +http://www.bing.com/bingbot.htm)"
66.87.103.19 - - [12/Aug/2013:21:32:53 -0400] "GET /23/scripts/icwebsiteelement.css HTTP/1.1" 200 8132 "http://craigfarms.com/Frame-1-homeleft.htm" "Mozilla/5.0 (Linux; U; Android 4.1.1; en-us; EVO Build/JRO03C) AppleWebKit/534.30 (KHTML, like Gecko) Version/4.0 Mobile Safari/534.30"
66.87.103.19 - - [12/Aug/2013:21:32:55 -0400] "GET /23/images/left-05.gif HTTP/1.1" 200 638 "http://craigfarms.com/Frame-1-homeleft.htm" "Mozilla/5.0 (Linux; U; Android 4.1.1; en-us; EVO Build/JRO03C) AppleWebKit/534.30 (KHTML, like Gecko) Version/4.0 Mobile Safari/534.30"
66.87.103.19 - - [12/Aug/2013:21:32:57 -0400] "GET /23/images/slogan.jpg HTTP/1.1" 200 4733 "http://craigfarms.com/Frame-1-hometop.htm" "Mozilla/5.0 (Linux; U; Android 4.1.1; en-us; EVO Build/JRO03C) AppleWebKit/534.30 (KHTML, like Gecko) Version/4.0 Mobile Safari/534.30"
178.154.243.81 - - [12/Aug/2013:22:28:27 -0400] "GET /images/193_Murray_Team.1.jpg HTTP/1.1" 304 - "-" "Mozilla/5.0 (compatible; YandexImages/3.0; +http://yandex.com/bots)"
202.46.56.162 - - [12/Aug/2013:20:25:49 -0400] "GET /Frame-2-mulesforsaleleft.htm HTTP/1.1" 200 3957 "-" "Mozilla/5.0 (Windows; U; Windows NT 5.1; zh-CN; rv:1.9.1.2) Firefox/3.5.2"
71.166.111.240 - - [12/Aug/2013:10:10:22 -0400] "GET /favicon.ico HTTP/1.1" 404 575 "-" "Mozilla/5.0 (compatible; MSIE 10.0; Windows NT 6.1; Win64; x64; Trident/6.0)"
66.249.75.169 - - [12/Aug/2013:23:27:13 -0400] "GET /robots.txt HTTP/1.1" 200 25 "-" "Mozilla/5.0 (compatible; Googlebot/2.1; +http://www.google.com/bot.html)"
82.80.234.134 - - [12/Aug/2013:23:27:42 -0400] "GET /23/images/bg_top.jpg HTTP/1.1" 200 793 "-" "-"
82.80.234.134 - - [12/Aug/2013:23:27:51 -0400] "GET /images/350_Big_Johnny.1.jpg HTTP/1.1" 200 15903 "-" "-"
82.80.244.54 - - [12/Aug/2013:23:27:53 -0400] "GET /images/300_Pa._Red_Team.3.jpg HTTP/1.1" 200 19162 "-" "-"
82.80.234.138 - - [12/Aug/2013:23:27:55 -0400] "GET /consoles/11/images/cn_corner02.gif HTTP/1.1" 200 281 "-" "-"
66.249.75.97 - - [12/Aug/2013:12:27:39 -0400] "GET /scripts/user.js HTTP/1.1" 200 23762 "-" "Mozilla/5.0 (compatible; Googlebot/2.1; +http://www.google.com/bot.html)"
66.249.75.97 - - [12/Aug/2013:12:27:55 -0400] "GET /scripts/ic_globals_published.js HTTP/1.1" 200 566 "http://www.craigfarms.com/" "Mozilla/5.0 (compatible; Googlebot/2.1; +http://www.google.com/bot.html)"
157.55.32.187 - - [12/Aug/2013:12:34:46 -0400] "GET /robots.txt HTTP/1.1" 200 25 "-" "Mozilla/5.0 (compatible; bingbot/2.0; +http://www.bing.com/bingbot.htm)"
157.55.32.187 - - [12/Aug/2013:12:47:11 -0400] "GET /23/images/top-06.gif HTTP/1.1" 200 135 "-" "Mozilla/5.0 (compatible; bingbot/2.0; +http://www.bing.com/bingbot.htm)"
170.142.177.53 - - [12/Aug/2013:14:41:45 -0400] "GET / HTTP/1.1" 200 1524 "http://www.bing.com/search?q=mules+for+sale+in+tennessee&form=MSNH14&pq=mules+for+sale&sc=8-14&sp=4&qs=LC&sk=AS3&ghc=1&adlt=strict" "Mozilla/4.0 (compatible; MSIE 8.0; Windows NT 5.1; Trident/4.0; .NET CLR 2.0.50727; .NET CLR 1.1.4322; .NET CLR 3.0.4506.2152; .NET CLR 3.5.30729; .NET4.0C; InfoPath.3; .NET4.0E)"
170.142.177.53 - - [12/Aug/2013:14:41:45 -0400] "GET /23/scripts/master.css HTTP/1.1" 200 1951 "http://www.craigfarms.com/" "Mozilla/4.0 (compatible; MSIE 8.0; Windows NT 5.1; Trident/4.0; .NET CLR 2.0.50727; .NET CLR 1.1.4322; .NET CLR 3.0.4506.2152; .NET CLR 3.5.30729; .NET4.0C; InfoPath.3; .NET4.0E)"
170.142.177.53 - - [12/Aug/2013:14:41:46 -0400] "GET /scripts/user.js HTTP/1.1" 200 23762 "http://www.craigfarms.com/" "Mozilla/4.0 (compatible; MSIE 8.0; Windows NT 5.1; Trident/4.0; .NET CLR 2.0.50727; .NET CLR 1.1.4322; .NET CLR 3.0.4506.2152; .NET CLR 3.5.30729; .NET4.0C; InfoPath.3; .NET4.0E)"
170.142.177.53 - - [12/Aug/2013:14:41:46 -0400] "GET /Frame-1-homepage1.html?refresh=1374681743953 HTTP/1.1" 200 6162 "http://www.craigfarms.com/" "Mozilla/4.0 (compatible; MSIE 8.0; Windows NT 5.1; Trident/4.0; .NET CLR 2.0.50727; .NET CLR 1.1.4322; .NET CLR 3.0.4506.2152; .NET CLR 3.5.30729; .NET4.0C; InfoPath.3; .NET4.0E)"
170.142.177.53 - - [12/Aug/2013:14:41:47 -0400] "GET /23/images/left-05_over.gif HTTP/1.1" 200 711 "http://www.craigfarms.com/Frame-1-homeleft.htm" "Mozilla/4.0 (compatible; MSIE 8.0; Windows NT 5.1; Trident/4.0; .NET CLR 2.0.50727; .NET CLR 1.1.4322; .NET CLR 3.0.4506.2152; .NET CLR 3.5.30729; .NET4.0C; InfoPath.3; .NET4.0E)"
170.142.177.53 - - [12/Aug/2013:14:41:47 -0400] "GET /23/images/left-02_over.gif HTTP/1.1" 200 373 "http://www.craigfarms.com/Frame-1-homeleft.htm" "Mozilla/4.0 (compatible; MSIE 8.0; Windows NT 5.1; Trident/4.0; .NET CLR 2.0.50727; .NET CLR 1.1.4322; .NET CLR 3.0.4506.2152; .NET CLR 3.5.30729; .NET4.0C; InfoPath.3; .NET4.0E)"
170.142.177.53 - - [12/Aug/2013:14:41:47 -0400] "GET /23/images/spacer.gif HTTP/1.1" 200 43 "http://www.craigfarms.com/Frame-1-homeleft.htm" "Mozilla/4.0 (compatible; MSIE 8.0; Windows NT 5.1; Trident/4.0; .NET CLR 2.0.50727; .NET CLR 1.1.4322; .NET CLR 3.0.4506.2152; .NET CLR 3.5.30729; .NET4.0C; InfoPath.3; .NET4.0E)"
170.142.177.53 - - [12/Aug/2013:14:41:47 -0400] "GET /23/images/left-03.gif HTTP/1.1" 200 540 "http://www.craigfarms.com/Frame-1-homeleft.htm" "Mozilla/4.0 (compatible; MSIE 8.0; Windows NT 5.1; Trident/4.0; .NET CLR 2.0.50727; .NET CLR 1.1.4322; .NET CLR 3.0.4506.2152; .NET CLR 3.5.30729; .NET4.0C; InfoPath.3; .NET4.0E)"
170.142.177.53 - - [12/Aug/2013:14:41:47 -0400] "GET /images/100_facebook.jpg HTTP/1.1" 200 1592 "http://www.craigfarms.com/Frame-1-homepage1.html?refresh=1374681743953" "Mozilla/4.0 (compatible; MSIE 8.0; Windows NT 5.1; Trident/4.0; .NET CLR 2.0.50727; .NET CLR 1.1.4322; .NET CLR 3.0.4506.2152; .NET CLR 3.5.30729; .NET4.0C; InfoPath.3; .NET4.0E)"
170.142.177.53 - - [12/Aug/2013:14:41:47 -0400] "GET /23/images/left-05.gif HTTP/1.1" 200 638 "http://www.craigfarms.com/Frame-1-homeleft.htm" "Mozilla/4.0 (compatible; MSIE 8.0; Windows NT 5.1; Trident/4.0; .NET CLR 2.0.50727; .NET CLR 1.1.4322; .NET CLR 3.0.4506.2152; .NET CLR 3.5.30729; .NET4.0C; InfoPath.3; .NET4.0E)"
170.142.177.53 - - [12/Aug/2013:14:41:47 -0400] "GET /23/images/left-07.gif HTTP/1.1" 200 319 "http://www.craigfarms.com/Frame-1-homeleft.htm" "Mozilla/4.0 (compatible; MSIE 8.0; Windows NT 5.1; Trident/4.0; .NET CLR 2.0.50727; .NET CLR 1.1.4322; .NET CLR 3.0.4506.2152; .NET CLR 3.5.30729; .NET4.0C; InfoPath.3; .NET4.0E)"
170.142.177.53 - - [12/Aug/2013:14:41:48 -0400] "GET /23/images/top-01.gif HTTP/1.1" 200 263 "http://www.craigfarms.com/Frame-1-hometop.htm" "Mozilla/4.0 (compatible; MSIE 8.0; Windows NT 5.1; Trident/4.0; .NET CLR 2.0.50727; .NET CLR 1.1.4322; .NET CLR 3.0.4506.2152; .NET CLR 3.5.30729; .NET4.0C; InfoPath.3; .NET4.0E)"
170.142.177.53 - - [12/Aug/2013:14:41:48 -0400] "GET /23/images/1/motif01.jpg HTTP/1.1" 200 6534 "http://www.craigfarms.com/Frame-1-hometop.htm" "Mozilla/4.0 (compatible; MSIE 8.0; Windows NT 5.1; Trident/4.0; .NET CLR 2.0.50727; .NET CLR 1.1.4322; .NET CLR 3.0.4506.2152; .NET CLR 3.5.30729; .NET4.0C; InfoPath.3; .NET4.0E)"
170.142.177.53 - - [12/Aug/2013:14:41:49 -0400] "GET /23/images/slogan.jpg HTTP/1.1" 200 4733 "http://www.craigfarms.com/Frame-1-hometop.htm" "Mozilla/4.0 (compatible; MSIE 8.0; Windows NT 5.1; Trident/4.0; .NET CLR 2.0.50727; .NET CLR 1.1.4322; .NET CLR 3.0.4506.2152; .NET CLR 3.5.30729; .NET4.0C; InfoPath.3; .NET4.0E)"
170.142.177.53 - - [12/Aug/2013:14:43:18 -0400] "GET /Frame-3-moremulespage3.html?refresh=1374681744177 HTTP/1.1" 200 6684 "http://www.craigfarms.com/moremules.html" "Mozilla/4.0 (compatible; MSIE 8.0; Windows NT 5.1; Trident/4.0; .NET CLR 2.0.50727; .NET CLR 1.1.4322; .NET CLR 3.0.4506.2152; .NET CLR 3.5.30729; .NET4.0C; InfoPath.3; .NET4.0E)"
170.142.177.53 - - [12/Aug/2013:14:43:18 -0400] "GET /Frame-3-moremulestop.htm HTTP/1.1" 200 1385 "http://www.craigfarms.com/moremules.html" "Mozilla/4.0 (compatible; MSIE 8.0; Windows NT 5.1; Trident/4.0; .NET CLR 2.0.50727; .NET CLR 1.1.4322; .NET CLR 3.0.4506.2152; .NET CLR 3.5.30729; .NET4.0C; InfoPath.3; .NET4.0E)"
170.142.177.53 - - [12/Aug/2013:14:43:18 -0400] "GET /images/200_J.K._Star.1.jpg HTTP/1.1" 200 7732 "http://www.craigfarms.com/Frame-3-moremulespage3.html?refresh=1374681744177" "Mozilla/4.0 (compatible; MSIE 8.0; Windows NT 5.1; Trident/4.0; .NET CLR 2.0.50727; .NET CLR 1.1.4322; .NET CLR 3.0.4506.2152; .NET CLR 3.5.30729; .NET4.0C; InfoPath.3; .NET4.0E)"
157.55.32.49 - - [12/Aug/2013:15:19:53 -0400] "GET /Frame-1-homepage1.html?refresh=1266174201502 HTTP/1.1" 200 6162 "-" "Mozilla/5.0 (compatible; bingbot/2.0; +http://www.bing.com/bingbot.htm)"
66.87.103.19 - - [12/Aug/2013:21:33:30 -0400] "GET /23/images/01b.gif HTTP/1.1" 200 419 "http://craigfarms.com/Frame-1-homeleft.htm" "Mozilla/5.0 (Linux; U; Android 4.1.1; en-us; EVO Build/JRO03C) AppleWebKit/534.30 (KHTML, like Gecko) Version/4.0 Mobile Safari/534.30"
66.87.103.19 - - [12/Aug/2013:21:33:31 -0400] "GET /home.html HTTP/1.1" 200 1524 "http://craigfarms.com/Frame-1-homeleft.htm" "Mozilla/5.0 (Linux; U; Android 4.1.1; en-us; EVO Build/JRO03C) AppleWebKit/534.30 (KHTML, like Gecko) Version/4.0 Mobile Safari/534.30"
82.80.234.141 - - [12/Aug/2013:23:27:41 -0400] "GET /images/250_Big_N.O._2.jpg HTTP/1.1" 200 10050 "-" "-"
157.55.32.100 - - [12/Aug/2013:07:26:04 -0400] "GET /robots.txt HTTP/1.1" 200 25 "-" "Mozilla/5.0 (compatible; bingbot/2.0; +http://www.bing.com/bingbot.htm)"
199.223.220.29 - - [12/Aug/2013:07:47:40 -0400] "GET /23/scripts/icwebsiteelement.css HTTP/1.1" 200 8132 "http://www.craigfarms.com/index.html" "Mozilla/5.0 (Windows NT 6.1; WOW64) AppleWebKit/537.36 (KHTML, like Gecko) Chrome/28.0.1500.95 Safari/537.36"
199.223.220.29 - - [12/Aug/2013:07:47:40 -0400] "GET /Frame-1-homepage1.html?refresh=1374681743953 HTTP/1.1" 200 6162 "http://www.craigfarms.com/index.html" "Mozilla/5.0 (Windows NT 6.1; WOW64) AppleWebKit/537.36 (KHTML, like Gecko) Chrome/28.0.1500.95 Safari/537.36"
199.223.220.29 - - [12/Aug/2013:07:47:41 -0400] "GET /23/images/bg_left.jpg HTTP/1.1" 200 952 "http://www.craigfarms.com/Frame-1-homeleft.htm" "Mozilla/5.0 (Windows NT 6.1; WOW64) AppleWebKit/537.36 (KHTML, like Gecko) Chrome/28.0.1500.95 Safari/537.36"
199.223.220.29 - - [12/Aug/2013:07:47:41 -0400] "GET /23/images/left-07_over.gif HTTP/1.1" 200 416 "http://www.craigfarms.com/Frame-1-homeleft.htm" "Mozilla/5.0 (Windows NT 6.1; WOW64) AppleWebKit/537.36 (KHTML, like Gecko) Chrome/28.0.1500.95 Safari/537.36"
199.223.220.29 - - [12/Aug/2013:07:47:42 -0400] "GET /favicon.ico HTTP/1.1" 404 575 "-" "Mozilla/5.0 (Windows NT 6.1; WOW64) AppleWebKit/537.36 (KHTML, like Gecko) Chrome/28.0.1500.95 Safari/537.36"
12.1.219.177 - - [12/Aug/2013:08:36:04 -0400] "GET /23/images/left-01.gif HTTP/1.1" 304 - "-" "Mozilla/4.0 (compatible;)"
108.161.10.253 - - [12/Aug/2013:11:03:36 -0400] "GET /scripts/ic_globals_published.js HTTP/1.1" 304 - "http://www.craigfarms.com/home.html" "Mozilla/5.0 (compatible; MSIE 10.0; Windows NT 6.1; WOW64; Trident/6.0)"
