162.40.212.84 - - [18/Aug/2013:11:22:24 -0400] "GET /Frame-1-homepage1.html?refresh=1374681743953 HTTP/1.1" 200 6162 "http://www.craigfarms.com/" "Mozilla/5.0 (compatible; MSIE 10.0; Windows NT 6.1; WOW64; Trident/6.0)"
162.40.212.84 - - [18/Aug/2013:11:22:24 -0400] "GET /23/images/bg_top.jpg HTTP/1.1" 200 793 "http://www.craigfarms.com/Frame-1-hometop.htm" "Mozilla/5.0 (compatible; MSIE 10.0; Windows NT 6.1; WOW64; Trident/6.0)"
162.40.212.84 - - [18/Aug/2013:11:22:25 -0400] "GET /favicon.ico HTTP/1.1" 404 575 "-" "Mozilla/5.0 (compatible; MSIE 10.0; Windows NT 6.1; Win64; x64; Trident/6.0)"
97.66.210.115 - - [18/Aug/2013:18:18:18 -0400] "GET /23/images/motif02.jpg HTTP/1.1" 200 1836 "http://www.craigfarms.com/Frame-2-mulesforsaletop.htm" "Mozilla/5.0 (compatible; MSIE 10.0; Windows NT 6.1; Win64; x64; Trident/6.0)"
97.66.210.115 - - [18/Aug/2013:18:18:18 -0400] "GET /images/193_Murray_Team.6.jpg HTTP/1.1" 200 5502 "http://www.craigfarms.com/Frame-2-mulesforsalepage2.html?refresh=1374681744111" "Mozilla/5.0 (compatible; MSIE 10.0; Windows NT 6.1; Win64; x64; Trident/6.0)"
97.66.210.115 - - [18/Aug/2013:18:18:18 -0400] "GET /images/250_Big_N.O._2.jpg HTTP/1.1" 200 10050 "http://www.craigfarms.com/Frame-2-mulesforsalepage2.html?refresh=1374681744111" "Mozilla/5.0 (compatible; MSIE 10.0; Windows NT 6.1; Win64; x64; Trident/6.0)"
97.66.210.115 - - [18/Aug/2013:18:18:53 -0400] "GET /images/250_Red_N.O.3.jpg HTTP/1.1" 200 10492 "http://www.craigfarms.com/Frame-3-moremulespage3.html?refresh=1374681744177" "Mozilla/5.0 (compatible; MSIE 10.0; Windows NT 6.1; Win64; x64; Trident/6.0)"
65.55.52.96 - - [18/Aug/2013:18:24:22 -0400] "GET /robots.txt HTTP/1.1" 200 25 "-" "Mozilla/5.0 (compatible; bingbot/2.0; +http://www.bing.com/bingbot.htm)"
98.86.115.175 - - [18/Aug/2013:19:20:50 -0400] "GET /images/250_Little_Stewy.6.jpg HTTP/1.1" 200 12294 "http://www.craigfarms.com/Frame-2-mulesforsalepage2.html?refresh=1374681744111" "Mozilla/5.0 (compatible; MSIE 10.0; Windows NT 6.1; WOW64; Trident/6.0)"
98.86.115.175 - - [18/Aug/2013:19:23:34 -0400] "GET /links.html HTTP/1.1" 200 1527 "http://www.craigfarms.com/Frame-3-moremulesleft.htm" "Mozilla/5.0 (compatible; MSIE 10.0; Windows NT 6.1; WOW64; Trident/6.0)"
98.86.115.175 - - [18/Aug/2013:19:23:34 -0400] "GET /Frame-5-linkstop.htm HTTP/1.1" 200 1385 "http://www.craigfarms.com/links.html" "Mozilla/5.0 (compatible; MSIE 10.0; Windows NT 6.1; WOW64; Trident/6.0)"
98.86.115.175 - - [18/Aug/2013:19:23:34 -0400] "GET /Frame-5-linksleft.htm HTTP/1.1" 200 3957 "http://www.craigfarms.com/links.html" "Mozilla/5.0 (compatible; MSIE 10.0; Windows NT 6.1; WOW64; Trident/6.0)"
12.1.219.177 - - [18/Aug/2013:07:03:08 -0400] "GET /23/scripts/master.css HTTP/1.1" 304 - "-" "Mozilla/4.0 (compatible;)"
205.178.190.237 - - [18/Aug/2013:08:03:32 -0400] "GET /home.html HTTP/1.1" 200 1524 "-" "Mozilla/4.0 (compatible; MSIE 7.0; Windows NT 5.2; Trident/4.0; .NET CLR 1.1.4322; .NET CLR 2.0.50727; .NET CLR 3.0.4506.2152; .NET CLR 3.5.30729; .NET4.0C; .NET4.0E)"
205.178.190.237 - - [18/Aug/2013:08:03:32 -0400] "GET /23/scripts/master.css HTTP/1.1" 200 1951 "http://www.craigfarms.net/home.html" "Mozilla/4.0 (compatible; MSIE 7.0; Windows NT 5.2; Trident/4.0; .NET CLR 1.1.4322; .NET CLR 2.0.50727; .NET CLR 3.0.4506.2152; .NET CLR 3.5.30729; .NET4.0C; .NET4.0E)"
205.178.190.237 - - [18/Aug/2013:08:03:32 -0400] "GET /scripts/ic_globals_published.js HTTP/1.1" 200 566 "http://www.craigfarms.net/home.html" "Mozilla/4.0 (compatible; MSIE 7.0; Windows NT 5.2; Trident/4.0; .NET CLR 1.1.4322; .NET CLR 2.0.50727; .NET CLR 3.0.4506.2152; .NET CLR 3.5.30729; .NET4.0C; .NET4.0E)"
205.178.190.237 - - [18/Aug/2013:08:03:32 -0400] "GET /scripts/user.js HTTP/1.1" 200 23762 "http://www.craigfarms.net/home.html" "Mozilla/4.0 (compatible; MSIE 7.0; Windows NT 5.2; Trident/4.0; .NET CLR 1.1.4322; .NET CLR 2.0.50727; .NET CLR 3.0.4506.2152; .NET CLR 3.5.30729; .NET4.0C; .NET4.0E)"
205.178.190.237 - - [18/Aug/2013:08:03:33 -0400] "GET /Frame-1-homeleft.htm HTTP/1.1" 200 3957 "http://www.craigfarms.net/home.html" "Mozilla/4.0 (compatible; MSIE 7.0; Windows NT 5.2; Trident/4.0; .NET CLR 1.1.4322; .NET CLR 2.0.50727; .NET CLR 3.0.4506.2152; .NET CLR 3.5.30729; .NET4.0C; .NET4.0E)"
205.178.190.237 - - [18/Aug/2013:08:03:34 -0400] "GET /Frame-1-homepage1.html?refresh=1374681743953 HTTP/1.1" 200 6162 "http://www.craigfarms.net/home.html" "Mozilla/4.0 (compatible; MSIE 7.0; Windows NT 5.2; Trident/4.0; .NET CLR 1.1.4322; .NET CLR 2.0.50727; .NET CLR 3.0.4506.2152; .NET CLR 3.5.30729; .NET4.0C; .NET4.0E)"
205.178.190.237 - - [18/Aug/2013:08:03:34 -0400] "GET /23/images/bg_left.jpg HTTP/1.1" 200 952 "http://www.craigfarms.net/Frame-1-homeleft.htm" "Mozilla/4.0 (compatible; MSIE 7.0; Windows NT 5.2; Trident/4.0; .NET CLR 1.1.4322; .NET CLR 2.0.50727; .NET CLR 3.0.4506.2152; .NET CLR 3.5.30729; .NET4.0C; .NET4.0E)"
205.178.190.237 - - [18/Aug/2013:08:03:34 -0400] "GET /23/images/left-04_over.gif HTTP/1.1" 200 563 "http://www.craigfarms.net/Frame-1-homeleft.htm" "Mozilla/4.0 (compatible; MSIE 7.0; Windows NT 5.2; Trident/4.0; .NET CLR 1.1.4322; .NET CLR 2.0.50727; .NET CLR 3.0.4506.2152; .NET CLR 3.5.30729; .NET4.0C; .NET4.0E)"
205.178.190.237 - - [18/Aug/2013:08:03:34 -0400] "GET /23/images/left-06_over.gif HTTP/1.1" 200 535 "http://www.craigfarms.net/Frame-1-homeleft.htm" "Mozilla/4.0 (compatible; MSIE 7.0; Windows NT 5.2; Trident/4.0; .NET CLR 1.1.4322; .NET CLR 2.0.50727; .NET CLR 3.0.4506.2152; .NET CLR 3.5.30729; .NET4.0C; .NET4.0E)"
205.178.190.237 - - [18/Aug/2013:08:03:34 -0400] "GET /23/images/left-03.gif HTTP/1.1" 200 540 "http://www.craigfarms.net/Frame-1-homeleft.htm" "Mozilla/4.0 (compatible; MSIE 7.0; Windows NT 5.2; Trident/4.0; .NET CLR 1.1.4322; .NET CLR 2.0.50727; .NET CLR 3.0.4506.2152; .NET CLR 3.5.30729; .NET4.0C; .NET4.0E)"
205.178.190.237 - - [18/Aug/2013:08:03:34 -0400] "GET /23/images/left-06.gif HTTP/1.1" 200 457 "http://www.craigfarms.net/Frame-1-homeleft.htm" "Mozilla/4.0 (compatible; MSIE 7.0; Windows NT 5.2; Trident/4.0; .NET CLR 1.1.4322; .NET CLR 2.0.50727; .NET CLR 3.0.4506.2152; .NET CLR 3.5.30729; .NET4.0C; .NET4.0E)"
205.178.190.237 - - [18/Aug/2013:08:03:34 -0400] "GET /23/images/01a.gif HTTP/1.1" 200 327 "http://www.craigfarms.net/Frame-1-homeleft.htm" "Mozilla/4.0 (compatible; MSIE 7.0; Windows NT 5.2; Trident/4.0; .NET CLR 1.1.4322; .NET CLR 2.0.50727; .NET CLR 3.0.4506.2152; .NET CLR 3.5.30729; .NET4.0C; .NET4.0E)"
205.178.190.237 - - [18/Aug/2013:08:03:34 -0400] "GET /23/images/motif03.jpg HTTP/1.1" 200 6849 "http://www.craigfarms.net/Frame-1-homeleft.htm" "Mozilla/4.0 (compatible; MSIE 7.0; Windows NT 5.2; Trident/4.0; .NET CLR 1.1.4322; .NET CLR 2.0.50727; .NET CLR 3.0.4506.2152; .NET CLR 3.5.30729; .NET4.0C; .NET4.0E)"
205.178.190.237 - - [18/Aug/2013:08:03:35 -0400] "GET /23/scripts/master.css HTTP/1.1" 200 1951 "http://www.craigfarms.net/Frame-1-homepage1.html?refresh=1374681743953" "Mozilla/4.0 (compatible; MSIE 7.0; Windows NT 5.2; Trident/4.0; .NET CLR 1.1.4322; .NET CLR 2.0.50727; .NET CLR 3.0.4506.2152; .NET CLR 3.5.30729; .NET4.0C; .NET4.0E)"
205.178.190.237 - - [18/Aug/2013:08:03:35 -0400] "GET /scripts/user.js HTTP/1.1" 200 23762 "http://www.craigfarms.net/Frame-1-homepage1.html?refresh=1374681743953" "Mozilla/4.0 (compatible; MSIE 7.0; Windows NT 5.2; Trident/4.0; .NET CLR 1.1.4322; .NET CLR 2.0.50727; .NET CLR 3.0.4506.2152; .NET CLR 3.5.30729; .NET4.0C; .NET4.0E)"
205.178.190.237 - - [18/Aug/2013:08:03:35 -0400] "GET /images/100_facebook.jpg HTTP/1.1" 200 1592 "http://www.craigfarms.net/Frame-1-homepage1.html?refresh=1374681743953" "Mozilla/4.0 (compatible; MSIE 7.0; Windows NT 5.2; Trident/4.0; .NET CLR 1.1.4322; .NET CLR 2.0.50727; .NET CLR 3.0.4506.2152; .NET CLR 3.5.30729; .NET4.0C; .NET4.0E)"
184.39.176.150 - - [18/Aug/2013:21:14:26 -0400] "GET /Frame-7-manurespreaderspage7.html?refresh=1374681744310 HTTP/1.1" 200 5406 "http://www.craigfarms.com/manurespreaders.html" "Mozilla/5.0 (Windows NT 5.1) AppleWebKit/537.36 (KHTML, like Gecko) Chrome/28.0.1500.95 Safari/537.36"
97.66.210.115 - - [18/Aug/2013:18:18:02 -0400] "GET /favicon.ico HTTP/1.1" 404 575 "-" "Mozilla/5.0 (compatible; MSIE 10.0; Windows NT 6.1; Win64; x64; Trident/6.0)"
157.55.32.49 - - [18/Aug/2013:18:55:35 -0400] "GET /Frame-3-moremulespage3.html?refresh=1305051010627 HTTP/1.1" 200 6684 "-" "Mozilla/5.0 (compatible; bingbot/2.0; +http://www.bing.com/bingbot.htm)"
178.154.243.81 - - [18/Aug/2013:20:15:01 -0400] "GET /23/images/1/motif02.jpg HTTP/1.1" 200 1836 "-" "Mozilla/5.0 (compatible; YandexImages/3.0; +http://yandex.com/bots)"
69.35.210.122 - - [18/Aug/2013:21:54:22 -0400] "GET /23/images/01b.gif HTTP/1.1" 200 419 "http://www.craigfarms.com/Frame-1-homeleft.htm" "Mozilla/5.0 (compatible; MSIE 10.0; Windows NT 6.1; WOW64; Trident/6.0)"
69.35.210.122 - - [18/Aug/2013:21:54:23 -0400] "GET /mulesforsale.html HTTP/1.1" 200 1548 "http://www.craigfarms.com/Frame-1-homeleft.htm" "Mozilla/5.0 (compatible; MSIE 10.0; Windows NT 6.1; WOW64; Trident/6.0)"
69.35.210.122 - - [18/Aug/2013:21:54:23 -0400] "GET /Frame-2-mulesforsaletop.htm HTTP/1.1" 200 1385 "http://www.craigfarms.com/mulesforsale.html" "Mozilla/5.0 (compatible; MSIE 10.0; Windows NT 6.1; WOW64; Trident/6.0)"
69.35.210.122 - - [18/Aug/2013:21:54:23 -0400] "GET /23/images/bg_top.jpg HTTP/1.1" 200 793 "http://www.craigfarms.com/Frame-2-mulesforsaletop.htm" "Mozilla/5.0 (compatible; MSIE 10.0; Windows NT 6.1; WOW64; Trident/6.0)"
69.35.210.122 - - [18/Aug/2013:21:54:24 -0400] "GET /23/images/motif02.jpg HTTP/1.1" 200 1836 "http://www.craigfarms.com/Frame-2-mulesforsaletop.htm" "Mozilla/5.0 (compatible; MSIE 10.0; Windows NT 6.1; WOW64; Trident/6.0)"
69.35.210.122 - - [18/Aug/2013:21:54:24 -0400] "GET /23/images/left-04_over.gif HTTP/1.1" 200 563 "http://www.craigfarms.com/Frame-2-mulesforsaleleft.htm" "Mozilla/5.0 (compatible; MSIE 10.0; Windows NT 6.1; WOW64; Trident/6.0)"
69.35.210.122 - - [18/Aug/2013:21:54:24 -0400] "GET /23/images/01a.gif HTTP/1.1" 200 327 "http://www.craigfarms.com/Frame-2-mulesforsaleleft.htm" "Mozilla/5.0 (compatible; MSIE 10.0; Windows NT 6.1; WOW64; Trident/6.0)"
69.35.210.122 - - [18/Aug/2013:21:54:24 -0400] "GET /23/images/motif03.jpg HTTP/1.1" 200 6849 "http://www.craigfarms.com/Frame-2-mulesforsaleleft.htm" "Mozilla/5.0 (compatible; MSIE 10.0; Windows NT 6.1; WOW64; Trident/6.0)"
69.35.210.122 - - [18/Aug/2013:21:54:24 -0400] "GET /images/250_Little_Stewy.6.jpg HTTP/1.1" 200 12294 "http://www.craigfarms.com/Frame-2-mulesforsalepage2.html?refresh=1374681744111" "Mozilla/5.0 (compatible; MSIE 10.0; Windows NT 6.1; WOW64; Trident/6.0)"
178.154.243.81 - - [18/Aug/2013:22:17:41 -0400] "GET /images/193_Murray_Team.1.jpg HTTP/1.1" 304 - "-" "Mozilla/5.0 (compatible; YandexImages/3.0; +http://yandex.com/bots)"
70.128.114.46 - - [18/Aug/2013:00:47:14 -0400] "GET /consoles/11/images/cn_left_back.gif HTTP/1.1" 200 954 "http://www.craigfarms.com/Frame-7-manurespreaderspage7.html?refresh=1374681744310" "Mozilla/5.0 (compatible; MSIE 10.0; Windows NT 6.1; WOW64; Trident/6.0)"
70.128.114.46 - - [18/Aug/2013:00:47:14 -0400] "GET /consoles/11/images/cn_bot_back.gif HTTP/1.1" 200 1706 "http://www.craigfarms.com/Frame-7-manurespreaderspage7.html?refresh=1374681744310" "Mozilla/5.0 (compatible; MSIE 10.0; Windows NT 6.1; WOW64; Trident/6.0)"
68.103.68.97 - - [18/Aug/2013:15:47:49 -0400] "GET /mulesforsale.html HTTP/1.1" 200 1548 "http://www.craigfarms.com/Frame-1-homeleft.htm" "Mozilla/4.0 (compatible; MSIE 8.0; Windows NT 5.1; Trident/4.0; Union Pacific Corporate Image; .NET CLR 2.0.50727; .NET CLR 3.0.04506.648; .NET CLR 3.5.21022; .NET CLR 3.0.4506.2152; .NET CLR 3.5.30729; .NET CLR 1.1.4322; .NET4.0C; .NET4.0E)"
68.103.68.97 - - [18/Aug/2013:15:47:49 -0400] "GET /Frame-2-mulesforsaletop.htm HTTP/1.1" 200 1385 "http://www.craigfarms.com/mulesforsale.html" "Mozilla/4.0 (compatible; MSIE 8.0; Windows NT 5.1; Trident/4.0; Union Pacific Corporate Image; .NET CLR 2.0.50727; .NET CLR 3.0.04506.648; .NET CLR 3.5.21022; .NET CLR 3.0.4506.2152; .NET CLR 3.5.30729; .NET CLR 1.1.4322; .NET4.0C; .NET4.0E)"
68.103.68.97 - - [18/Aug/2013:15:47:49 -0400] "GET /Frame-2-mulesforsaleleft.htm HTTP/1.1" 200 3957 "http://www.craigfarms.com/mulesforsale.html" "Mozilla/4.0 (compatible; MSIE 8.0; Windows NT 5.1; Trident/4.0; Union Pacific Corporate Image; .NET CLR 2.0.50727; .NET CLR 3.0.04506.648; .NET CLR 3.5.21022; .NET CLR 3.0.4506.2152; .NET CLR 3.5.30729; .NET CLR 1.1.4322; .NET4.0C; .NET4.0E)"
68.103.68.97 - - [18/Aug/2013:15:47:49 -0400] "GET /23/images/motif01.jpg HTTP/1.1" 200 6534 "http://www.craigfarms.com/Frame-2-mulesforsaletop.htm" "Mozilla/4.0 (compatible; MSIE 8.0; Windows NT 5.1; Trident/4.0; Union Pacific Corporate Image; .NET CLR 2.0.50727; .NET CLR 3.0.04506.648; .NET CLR 3.5.21022; .NET CLR 3.0.4506.2152; .NET CLR 3.5.30729; .NET CLR 1.1.4322; .NET4.0C; .NET4.0E)"
68.103.68.97 - - [18/Aug/2013:15:47:49 -0400] "GET /images/193_Murray_Team.6.jpg HTTP/1.1" 200 5502 "http://www.craigfarms.com/Frame-2-mulesforsalepage2.html?refresh=1374681744111" "Mozilla/4.0 (compatible; MSIE 8.0; Windows NT 5.1; Trident/4.0; Union Pacific Corporate Image; .NET CLR 2.0.50727; .NET CLR 3.0.04506.648; .NET CLR 3.5.21022; .NET CLR 3.0.4506.2152; .NET CLR 3.5.30729; .NET CLR 1.1.4322; .NET4.0C; .NET4.0E)"
68.103.68.97 - - [18/Aug/2013:15:47:49 -0400] "GET /images/300_Pa._Red_Team.3.jpg HTTP/1.1" 200 19162 "http://www.craigfarms.com/Frame-2-mulesforsalepage2.html?refresh=1374681744111" "Mozilla/4.0 (compatible; MSIE 8.0; Windows NT 5.1; Trident/4.0; Union Pacific Corporate Image; .NET CLR 2.0.50727; .NET CLR 3.0.04506.648; .NET CLR 3.5.21022; .NET CLR 3.0.4506.2152; .NET CLR 3.5.30729; .NET CLR 1.1.4322; .NET4.0C; .NET4.0E)"
68.103.68.97 - - [18/Aug/2013:15:47:50 -0400] "GET /images/250_Lucky.2.jpg HTTP/1.1" 200 11524 "http://www.craigfarms.com/Frame-2-mulesforsalepage2.html?refresh=1374681744111" "Mozilla/4.0 (compatible; MSIE 8.0; Windows NT 5.1; Trident/4.0; Union Pacific Corporate Image; .NET CLR 2.0.50727; .NET CLR 3.0.04506.648; .NET CLR 3.5.21022; .NET CLR 3.0.4506.2152; .NET CLR 3.5.30729; .NET CLR 1.1.4322; .NET4.0C; .NET4.0E)"
68.103.68.97 - - [18/Aug/2013:15:47:50 -0400] "GET /images/spacer.gif HTTP/1.1" 200 43 "http://www.craigfarms.com/Frame-2-mulesforsalepage2.html?refresh=1374681744111" "Mozilla/4.0 (compatible; MSIE 8.0; Windows NT 5.1; Trident/4.0; Union Pacific Corporate Image; .NET CLR 2.0.50727; .NET CLR 3.0.04506.648; .NET CLR 3.5.21022; .NET CLR 3.0.4506.2152; .NET CLR 3.5.30729; .NET CLR 1.1.4322; .NET4.0C; .NET4.0E)"
68.103.68.97 - - [18/Aug/2013:15:47:50 -0400] "GET /favicon.ico HTTP/1.1" 404 575 "-" "Mozilla/4.0 (compatible; MSIE 8.0; Windows NT 5.1; Trident/4.0; Union Pacific Corporate Image; .NET CLR 2.0.50727; .NET CLR 3.0.04506.648; .NET CLR 3.5.21022; .NET CLR 3.0.4506.2152; .NET CLR 3.5.30729; .NET CLR 1.1.4322; .NET4.0C; .NET4.0E)"
74.33.98.195 - - [18/Aug/2013:16:13:29 -0400] "GET /Frame-2-mulesforsaleleft.htm HTTP/1.1" 200 3957 "http://www.craigfarms.com/mulesforsale.html" "Mozilla/5.0 (iPad; CPU OS 6_1_3 like Mac OS X) AppleWebKit/536.26 (KHTML, like Gecko) Version/6.0 Mobile/10B329 Safari/8536.25"
74.33.98.195 - - [18/Aug/2013:16:13:30 -0400] "GET /images/300_Pa._Red_Team.3.jpg HTTP/1.1" 200 19162 "http://www.craigfarms.com/Frame-2-mulesforsalepage2.html?refresh=1374681744111" "Mozilla/5.0 (iPad; CPU OS 6_1_3 like Mac OS X) AppleWebKit/536.26 (KHTML, like Gecko) Version/6.0 Mobile/10B329 Safari/8536.25"
74.33.98.195 - - [18/Aug/2013:16:13:30 -0400] "GET /images/250_Lucky.2.jpg HTTP/1.1" 200 11524 "http://www.craigfarms.com/Frame-2-mulesforsalepage2.html?refresh=1374681744111" "Mozilla/5.0 (iPad; CPU OS 6_1_3 like Mac OS X) AppleWebKit/536.26 (KHTML, like Gecko) Version/6.0 Mobile/10B329 Safari/8536.25"
166.181.83.78 - - [18/Aug/2013:17:13:36 -0400] "GET / HTTP/1.1" 200 1524 "http://search.yahoo.com/search;_ylt=AvDe0UKhC8bFLc2Hfnu9IZebvZx4?fr=yfp-t-900-s&toggle=1&cop=mss&ei=UTF-8&p=mules%20for%20sale" "Mozilla/4.0 (compatible; MSIE 7.0; Windows NT 6.2; WOW64; Trident/6.0; .NET4.0E; .NET4.0C; .NET CLR 3.5.30729; .NET CLR 2.0.50727; .NET CLR 3.0.30729; HPNTDFJS)"
166.181.83.78 - - [18/Aug/2013:17:13:37 -0400] "GET /23/scripts/master.css HTTP/1.1" 200 1951 "http://www.craigfarms.com/" "Mozilla/5.0 (compatible; MSIE 10.0; Windows NT 6.2; WOW64; Trident/6.0)"
68.103.68.97 - - [18/Aug/2013:15:47:49 -0400] "GET /Frame-2-mulesforsalepage2.html?refresh=1374681744111 HTTP/1.1" 200 8812 "http://www.craigfarms.com/mulesforsale.html" "Mozilla/4.0 (compatible; MSIE 8.0; Windows NT 5.1; Trident/4.0; Union Pacific Corporate Image; .NET CLR 2.0.50727; .NET CLR 3.0.04506.648; .NET CLR 3.5.21022; .NET CLR 3.0.4506.2152; .NET CLR 3.5.30729; .NET CLR 1.1.4322; .NET4.0C; .NET4.0E)"
68.103.68.97 - - [18/Aug/2013:15:47:50 -0400] "GET /images/250_Big_N.O._2.jpg HTTP/1.1" 200 10050 "http://www.craigfarms.com/Frame-2-mulesforsalepage2.html?refresh=1374681744111" "Mozilla/4.0 (compatible; MSIE 8.0; Windows NT 5.1; Trident/4.0; Union Pacific Corporate Image; .NET CLR 2.0.50727; .NET CLR 3.0.04506.648; .NET CLR 3.5.21022; .NET CLR 3.0.4506.2152; .NET CLR 3.5.30729; .NET CLR 1.1.4322; .NET4.0C; .NET4.0E)"
98.86.115.175 - - [18/Aug/2013:19:20:42 -0400] "GET /favicon.ico HTTP/1.1" 404 575 "-" "Mozilla/5.0 (compatible; MSIE 10.0; Windows NT 6.1; Win64; x64; Trident/6.0)"
71.28.146.151 - - [18/Aug/2013:19:46:40 -0400] "GET /images/193_Murray_Team.6.jpg HTTP/1.1" 200 5502 "http://www.craigfarms.com/Frame-2-mulesforsalepage2.html?refresh=1374681744111" "Mozilla/5.0 (Windows NT 6.1; rv:23.0) Gecko/20100101 Firefox/23.0"
71.28.146.151 - - [18/Aug/2013:19:46:40 -0400] "GET /images/250_Lucky.2.jpg HTTP/1.1" 200 11524 "http://www.craigfarms.com/Frame-2-mulesforsalepage2.html?refresh=1374681744111" "Mozilla/5.0 (Windows NT 6.1; rv:23.0) Gecko/20100101 Firefox/23.0"
178.154.243.81 - - [18/Aug/2013:14:47:23 -0400] "GET /images/435_farm_map.gif HTTP/1.1" 304 - "-" "Mozilla/5.0 (compatible; YandexImages/3.0; +http://yandex.com/bots)"
184.39.176.150 - - [18/Aug/2013:21:14:01 -0400] "GET /images/250_Red_White_Face_N.O.3.jpg HTTP/1.1" 200 10477 "http://www.craigfarms.com/Frame-3-moremulespage3.html?refresh=1374681744177" "Mozilla/5.0 (Windows NT 5.1) AppleWebKit/537.36 (KHTML, like Gecko) Chrome/28.0.1500.95 Safari/537.36"
70.193.129.135 - - [18/Aug/2013:22:13:12 -0400] "GET /23/images/slogan.jpg HTTP/1.1" 200 4733 "http://www.craigfarms.com/Frame-1-hometop.htm" "Mozilla/5.0 (compatible; MSIE 10.0; Windows NT 6.1; WOW64; Trident/6.0)"
70.193.129.135 - - [18/Aug/2013:22:13:13 -0400] "GET /23/images/left-06.gif HTTP/1.1" 200 457 "http://www.craigfarms.com/Frame-1-homeleft.htm" "Mozilla/5.0 (compatible; MSIE 10.0; Windows NT 6.1; WOW64; Trident/6.0)"
70.193.129.135 - - [18/Aug/2013:22:13:13 -0400] "GET /23/images/left-02_over.gif HTTP/1.1" 200 373 "http://www.craigfarms.com/Frame-1-homeleft.htm" "Mozilla/5.0 (compatible; MSIE 10.0; Windows NT 6.1; WOW64; Trident/6.0)"
70.193.129.135 - - [18/Aug/2013:22:13:13 -0400] "GET /23/images/left-06_over.gif HTTP/1.1" 200 535 "http://www.craigfarms.com/Frame-1-homeleft.htm" "Mozilla/5.0 (compatible; MSIE 10.0; Windows NT 6.1; WOW64; Trident/6.0)"
101.226.169.216 - - [18/Aug/2013:23:54:43 -0400] "GET /robots.txt HTTP/1.1" 200 25 "http://craigfarms.org/robots.txt" "Mozilla/4.0 (compatible; MSIE 8.0; Windows NT 6.1; Trident/4.0; SLCC2; .NET CLR 2.0.50727; .NET CLR 3.5.30729; .NET CLR 3.0.30729; Media Center PC 6.0; MDDR; .NET4.0C; .NET4.0E; .NET CLR 1.1.4322; Tablet PC 2.0); 360Spider"
97.66.210.115 - - [18/Aug/2013:18:18:18 -0400] "GET /images/250_Lucky.2.jpg HTTP/1.1" 200 11524 "http://www.craigfarms.com/Frame-2-mulesforsalepage2.html?refresh=1374681744111" "Mozilla/5.0 (compatible; MSIE 10.0; Windows NT 6.1; Win64; x64; Trident/6.0)"
178.154.243.81 - - [18/Aug/2013:19:21:36 -0400] "GET /images/200_J.K._Star.1.jpg HTTP/1.1" 304 - "-" "Mozilla/5.0 (compatible; YandexImages/3.0; +http://yandex.com/bots)"
71.28.146.151 - - [18/Aug/2013:19:46:34 -0400] "GET /scripts/ic_globals_published.js HTTP/1.1" 200 566 "http://www.craigfarms.com/" "Mozilla/5.0 (Windows NT 6.1; rv:23.0) Gecko/20100101 Firefox/23.0"
71.28.146.151 - - [18/Aug/2013:19:46:36 -0400] "GET /23/images/company.jpg HTTP/1.1" 200 5899 "http://www.craigfarms.com/Frame-1-hometop.htm" "Mozilla/5.0 (Windows NT 6.1; rv:23.0) Gecko/20100101 Firefox/23.0"
71.28.146.151 - - [18/Aug/2013:19:46:36 -0400] "GET /23/images/01a.gif HTTP/1.1" 200 327 "http://www.craigfarms.com/Frame-1-homeleft.htm" "Mozilla/5.0 (Windows NT 6.1; rv:23.0) Gecko/20100101 Firefox/23.0"
71.28.146.151 - - [18/Aug/2013:19:46:37 -0400] "GET /23/images/left-05.gif HTTP/1.1" 200 638 "http://www.craigfarms.com/Frame-1-homeleft.htm" "Mozilla/5.0 (Windows NT 6.1; rv:23.0) Gecko/20100101 Firefox/23.0"
71.28.146.151 - - [18/Aug/2013:19:46:37 -0400] "GET /23/images/motif03.jpg HTTP/1.1" 200 6849 "http://www.craigfarms.com/Frame-1-homeleft.htm" "Mozilla/5.0 (Windows NT 6.1; rv:23.0) Gecko/20100101 Firefox/23.0"
71.28.146.151 - - [18/Aug/2013:19:46:37 -0400] "GET /23/images/bg_top.jpg HTTP/1.1" 200 793 "http://www.craigfarms.com/Frame-1-hometop.htm" "Mozilla/5.0 (Windows NT 6.1; rv:23.0) Gecko/20100101 Firefox/23.0"
71.28.146.151 - - [18/Aug/2013:19:46:37 -0400] "GET /23/images/left-07_over.gif HTTP/1.1" 200 416 "http://www.craigfarms.com/Frame-1-homeleft.htm" "Mozilla/5.0 (Windows NT 6.1; rv:23.0) Gecko/20100101 Firefox/23.0"
184.154.48.82 - - [18/Aug/2013:03:45:16 -0400] "GET / HTTP/1.0" 200 1524 "-" "Mozilla/5.0 (compatible; MJ12bot/v1.4.3; http://www.majestic12.co.uk/bot.php?+)"
69.35.210.122 - - [18/Aug/2013:21:55:03 -0400] "GET /23/images/motif02.jpg HTTP/1.1" 200 1836 "http://www.craigfarms.com/Frame-3-moremulestop.htm" "Mozilla/5.0 (compatible; MSIE 10.0; Windows NT 6.1; WOW64; Trident/6.0)"
69.35.210.122 - - [18/Aug/2013:21:55:03 -0400] "GET /images/250_Red_White_Face_N.O.3.jpg HTTP/1.1" 200 10477 "http://www.craigfarms.com/Frame-3-moremulespage3.html?refresh=1374681744177" "Mozilla/5.0 (compatible; MSIE 10.0; Windows NT 6.1; WOW64; Trident/6.0)"
69.35.210.122 - - [18/Aug/2013:21:55:04 -0400] "GET /23/images/left-05_over.gif HTTP/1.1" 200 711 "http://www.craigfarms.com/Frame-3-moremulesleft.htm" "Mozilla/5.0 (compatible; MSIE 10.0; Windows NT 6.1; WOW64; Trident/6.0)"
69.35.210.122 - - [18/Aug/2013:21:55:04 -0400] "GET /23/images/left-04.gif HTTP/1.1" 200 475 "http://www.craigfarms.com/Frame-3-moremulesleft.htm" "Mozilla/5.0 (compatible; MSIE 10.0; Windows NT 6.1; WOW64; Trident/6.0)"
69.35.210.122 - - [18/Aug/2013:21:55:06 -0400] "GET /Frame-3-moremulestop.htm HTTP/1.1" 200 1385 "http://www.craigfarms.com/moremules.html" "Mozilla/5.0 (compatible; MSIE 10.0; Windows NT 6.1; WOW64; Trident/6.0)"
69.35.210.122 - - [18/Aug/2013:21:55:06 -0400] "GET /images/200_J.K._Star.1.jpg HTTP/1.1" 200 7732 "http://www.craigfarms.com/Frame-3-moremulespage3.html?refresh=1374681744177" "Mozilla/5.0 (compatible; MSIE 10.0; Windows NT 6.1; WOW64; Trident/6.0)"
69.35.210.122 - - [18/Aug/2013:21:55:07 -0400] "GET /23/images/company.jpg HTTP/1.1" 200 5899 "http://www.craigfarms.com/Frame-3-moremulestop.htm" "Mozilla/5.0 (compatible; MSIE 10.0; Windows NT 6.1; WOW64; Trident/6.0)"
69.35.210.122 - - [18/Aug/2013:21:55:07 -0400] "GET /23/images/left-03_over.gif HTTP/1.1" 200 616 "http://www.craigfarms.com/Frame-3-moremulesleft.htm" "Mozilla/5.0 (compatible; MSIE 10.0; Windows NT 6.1; WOW64; Trident/6.0)"
69.35.210.122 - - [18/Aug/2013:21:55:07 -0400] "GET /23/images/left-01.gif HTTP/1.1" 200 87 "http://www.craigfarms.com/Frame-3-moremulesleft.htm" "Mozilla/5.0 (compatible; MSIE 10.0; Windows NT 6.1; WOW64; Trident/6.0)"
69.35.210.122 - - [18/Aug/2013:21:55:07 -0400] "GET /23/images/left-06.gif HTTP/1.1" 200 457 "http://www.craigfarms.com/Frame-3-moremulesleft.htm" "Mozilla/5.0 (compatible; MSIE 10.0; Windows NT 6.1; WOW64; Trident/6.0)"
205.178.190.237 - - [18/Aug/2013:08:02:33 -0400] "GET /scripts/user.js HTTP/1.1" 200 23762 "http://craigfarms.net/moremules.html" "Mozilla/4.0 (compatible; MSIE 7.0; Windows NT 5.2; Trident/4.0; .NET CLR 1.1.4322; .NET CLR 2.0.50727; .NET CLR 3.0.4506.2152; .NET CLR 3.5.30729; .NET4.0C; .NET4.0E)"
205.178.190.237 - - [18/Aug/2013:08:02:33 -0400] "GET /23/scripts/master.css HTTP/1.1" 200 1951 "http://craigfarms.net/moremules.html" "Mozilla/4.0 (compatible; MSIE 7.0; Windows NT 5.2; Trident/4.0; .NET CLR 1.1.4322; .NET CLR 2.0.50727; .NET CLR 3.0.4506.2152; .NET CLR 3.5.30729; .NET4.0C; .NET4.0E)"
205.178.190.237 - - [18/Aug/2013:08:02:34 -0400] "GET /Frame-3-moremulesleft.htm HTTP/1.1" 200 3957 "http://craigfarms.net/moremules.html" "Mozilla/4.0 (compatible; MSIE 7.0; Windows NT 5.2; Trident/4.0; .NET CLR 1.1.4322; .NET CLR 2.0.50727; .NET CLR 3.0.4506.2152; .NET CLR 3.5.30729; .NET4.0C; .NET4.0E)"
205.178.190.237 - - [18/Aug/2013:08:02:35 -0400] "GET /23/scripts/master.css HTTP/1.1" 200 1951 "http://craigfarms.net/Frame-3-moremulestop.htm" "Mozilla/4.0 (compatible; MSIE 7.0; Windows NT 5.2; Trident/4.0; .NET CLR 1.1.4322; .NET CLR 2.0.50727; .NET CLR 3.0.4506.2152; .NET CLR 3.5.30729; .NET4.0C; .NET4.0E)"
205.178.190.237 - - [18/Aug/2013:08:02:35 -0400] "GET /23/scripts/icwebsiteelement.css HTTP/1.1" 200 8132 "http://craigfarms.net/Frame-3-moremulestop.htm" "Mozilla/4.0 (compatible; MSIE 7.0; Windows NT 5.2; Trident/4.0; .NET CLR 1.1.4322; .NET CLR 2.0.50727; .NET CLR 3.0.4506.2152; .NET CLR 3.5.30729; .NET4.0C; .NET4.0E)"
205.178.190.237 - - [18/Aug/2013:08:02:35 -0400] "GET /scripts/ic_globals_published.js HTTP/1.1" 200 566 "http://craigfarms.net/Frame-3-moremulestop.htm" "Mozilla/4.0 (compatible; MSIE 7.0; Windows NT 5.2; Trident/4.0; .NET CLR 1.1.4322; .NET CLR 2.0.50727; .NET CLR 3.0.4506.2152; .NET CLR 3.5.30729; .NET4.0C; .NET4.0E)"
205.178.190.237 - - [18/Aug/2013:08:02:36 -0400] "GET /scripts/user.js HTTP/1.1" 200 23762 "http://craigfarms.net/Frame-3-moremulestop.htm" "Mozilla/4.0 (compatible; MSIE 7.0; Windows NT 5.2; Trident/4.0; .NET CLR 1.1.4322; .NET CLR 2.0.50727; .NET CLR 3.0.4506.2152; .NET CLR 3.5.30729; .NET4.0C; .NET4.0E)"
205.178.190.237 - - [18/Aug/2013:08:02:36 -0400] "GET /scripts/photoalbum.js HTTP/1.1" 200 62481 "http://craigfarms.net/Frame-3-moremulestop.htm" "Mozilla/4.0 (compatible; MSIE 7.0; Windows NT 5.2; Trident/4.0; .NET CLR 1.1.4322; .NET CLR 2.0.50727; .NET CLR 3.0.4506.2152; .NET CLR 3.5.30729; .NET4.0C; .NET4.0E)"
205.178.190.237 - - [18/Aug/2013:08:02:36 -0400] "GET /23/images/top-01.gif HTTP/1.1" 200 263 "http://craigfarms.net/Frame-3-moremulestop.htm" "Mozilla/4.0 (compatible; MSIE 7.0; Windows NT 5.2; Trident/4.0; .NET CLR 1.1.4322; .NET CLR 2.0.50727; .NET CLR 3.0.4506.2152; .NET CLR 3.5.30729; .NET4.0C; .NET4.0E)"
205.178.190.237 - - [18/Aug/2013:08:02:36 -0400] "GET /23/images/spacer.gif HTTP/1.1" 200 43 "http://craigfarms.net/Frame-3-moremulestop.htm" "Mozilla/4.0 (compatible; MSIE 7.0; Windows NT 5.2; Trident/4.0; .NET CLR 1.1.4322; .NET CLR 2.0.50727; .NET CLR 3.0.4506.2152; .NET CLR 3.5.30729; .NET4.0C; .NET4.0E)"
205.178.190.237 - - [18/Aug/2013:08:02:36 -0400] "GET /23/images/bg_top.jpg HTTP/1.1" 200 793 "http://craigfarms.net/Frame-3-moremulestop.htm" "Mozilla/4.0 (compatible; MSIE 7.0; Windows NT 5.2; Trident/4.0; .NET CLR 1.1.4322; .NET CLR 2.0.50727; .NET CLR 3.0.4506.2152; .NET CLR 3.5.30729; .NET4.0C; .NET4.0E)"
205.178.190.237 - - [18/Aug/2013:08:02:36 -0400] "GET /23/images/motif01.jpg HTTP/1.1" 200 6534 "http://craigfarms.net/Frame-3-moremulestop.htm" "Mozilla/4.0 (compatible; MSIE 7.0; Windows NT 5.2; Trident/4.0; .NET CLR 1.1.4322; .NET CLR 2.0.50727; .NET CLR 3.0.4506.2152; .NET CLR 3.5.30729; .NET4.0C; .NET4.0E)"
205.178.190.237 - - [18/Aug/2013:08:02:36 -0400] "GET /23/images/company.jpg HTTP/1.1" 200 5899 "http://craigfarms.net/Frame-3-moremulestop.htm" "Mozilla/4.0 (compatible; MSIE 7.0; Windows NT 5.2; Trident/4.0; .NET CLR 1.1.4322; .NET CLR 2.0.50727; .NET CLR 3.0.4506.2152; .NET CLR 3.5.30729; .NET4.0C; .NET4.0E)"
205.178.190.237 - - [18/Aug/2013:08:02:36 -0400] "GET /23/images/motif02.jpg HTTP/1.1" 200 1836 "http://craigfarms.net/Frame-3-moremulestop.htm" "Mozilla/4.0 (compatible; MSIE 7.0; Windows NT 5.2; Trident/4.0; .NET CLR 1.1.4322; .NET CLR 2.0.50727; .NET CLR 3.0.4506.2152; .NET CLR 3.5.30729; .NET4.0C; .NET4.0E)"
205.178.190.237 - - [18/Aug/2013:08:02:36 -0400] "GET /23/images/slogan.jpg HTTP/1.1" 200 4733 "http://craigfarms.net/Frame-3-moremulestop.htm" "Mozilla/4.0 (compatible; MSIE 7.0; Windows NT 5.2; Trident/4.0; .NET CLR 1.1.4322; .NET CLR 2.0.50727; .NET CLR 3.0.4506.2152; .NET CLR 3.5.30729; .NET4.0C; .NET4.0E)"
205.178.190.237 - - [18/Aug/2013:08:02:36 -0400] "GET /23/images/top-06.gif HTTP/1.1" 200 135 "http://craigfarms.net/Frame-3-moremulestop.htm" "Mozilla/4.0 (compatible; MSIE 7.0; Windows NT 5.2; Trident/4.0; .NET CLR 1.1.4322; .NET CLR 2.0.50727; .NET CLR 3.0.4506.2152; .NET CLR 3.5.30729; .NET4.0C; .NET4.0E)"
205.178.190.237 - - [18/Aug/2013:08:02:36 -0400] "GET /23/images/bg_left.jpg HTTP/1.1" 200 952 "http://craigfarms.net/Frame-3-moremulesleft.htm" "Mozilla/4.0 (compatible; MSIE 7.0; Windows NT 5.2; Trident/4.0; .NET CLR 1.1.4322; .NET CLR 2.0.50727; .NET CLR 3.0.4506.2152; .NET CLR 3.5.30729; .NET4.0C; .NET4.0E)"
205.178.190.237 - - [18/Aug/2013:08:02:36 -0400] "GET /23/images/left-04_over.gif HTTP/1.1" 200 563 "http://craigfarms.net/Frame-3-moremulesleft.htm" "Mozilla/4.0 (compatible; MSIE 7.0; Windows NT 5.2; Trident/4.0; .NET CLR 1.1.4322; .NET CLR 2.0.50727; .NET CLR 3.0.4506.2152; .NET CLR 3.5.30729; .NET4.0C; .NET4.0E)"
205.178.190.237 - - [18/Aug/2013:08:02:36 -0400] "GET /23/images/left-02_over.gif HTTP/1.1" 200 373 "http://craigfarms.net/Frame-3-moremulesleft.htm" "Mozilla/4.0 (compatible; MSIE 7.0; Windows NT 5.2; Trident/4.0; .NET CLR 1.1.4322; .NET CLR 2.0.50727; .NET CLR 3.0.4506.2152; .NET CLR 3.5.30729; .NET4.0C; .NET4.0E)"
205.178.190.237 - - [18/Aug/2013:08:02:36 -0400] "GET /23/images/left-03_over.gif HTTP/1.1" 200 616 "http://craigfarms.net/Frame-3-moremulesleft.htm" "Mozilla/4.0 (compatible; MSIE 7.0; Windows NT 5.2; Trident/4.0; .NET CLR 1.1.4322; .NET CLR 2.0.50727; .NET CLR 3.0.4506.2152; .NET CLR 3.5.30729; .NET4.0C; .NET4.0E)"
205.178.190.237 - - [18/Aug/2013:08:02:36 -0400] "GET /23/images/left-05_over.gif HTTP/1.1" 200 711 "http://craigfarms.net/Frame-3-moremulesleft.htm" "Mozilla/4.0 (compatible; MSIE 7.0; Windows NT 5.2; Trident/4.0; .NET CLR 1.1.4322; .NET CLR 2.0.50727; .NET CLR 3.0.4506.2152; .NET CLR 3.5.30729; .NET4.0C; .NET4.0E)"
205.178.190.237 - - [18/Aug/2013:08:02:36 -0400] "GET /23/images/left-06_over.gif HTTP/1.1" 200 535 "http://craigfarms.net/Frame-3-moremulesleft.htm" "Mozilla/4.0 (compatible; MSIE 7.0; Windows NT 5.2; Trident/4.0; .NET CLR 1.1.4322; .NET CLR 2.0.50727; .NET CLR 3.0.4506.2152; .NET CLR 3.5.30729; .NET4.0C; .NET4.0E)"
205.178.190.237 - - [18/Aug/2013:08:02:36 -0400] "GET /23/images/left-07_over.gif HTTP/1.1" 200 416 "http://craigfarms.net/Frame-3-moremulesleft.htm" "Mozilla/4.0 (compatible; MSIE 7.0; Windows NT 5.2; Trident/4.0; .NET CLR 1.1.4322; .NET CLR 2.0.50727; .NET CLR 3.0.4506.2152; .NET CLR 3.5.30729; .NET4.0C; .NET4.0E)"
205.178.190.237 - - [18/Aug/2013:08:02:36 -0400] "GET /23/images/left-01.gif HTTP/1.1" 200 87 "http://craigfarms.net/Frame-3-moremulesleft.htm" "Mozilla/4.0 (compatible; MSIE 7.0; Windows NT 5.2; Trident/4.0; .NET CLR 1.1.4322; .NET CLR 2.0.50727; .NET CLR 3.0.4506.2152; .NET CLR 3.5.30729; .NET4.0C; .NET4.0E)"
205.178.190.237 - - [18/Aug/2013:08:02:36 -0400] "GET /23/images/01a.gif HTTP/1.1" 200 327 "http://craigfarms.net/Frame-3-moremulesleft.htm" "Mozilla/4.0 (compatible; MSIE 7.0; Windows NT 5.2; Trident/4.0; .NET CLR 1.1.4322; .NET CLR 2.0.50727; .NET CLR 3.0.4506.2152; .NET CLR 3.5.30729; .NET4.0C; .NET4.0E)"
205.178.190.237 - - [18/Aug/2013:08:02:36 -0400] "GET /23/images/left-03.gif HTTP/1.1" 200 540 "http://craigfarms.net/Frame-3-moremulesleft.htm" "Mozilla/4.0 (compatible; MSIE 7.0; Windows NT 5.2; Trident/4.0; .NET CLR 1.1.4322; .NET CLR 2.0.50727; .NET CLR 3.0.4506.2152; .NET CLR 3.5.30729; .NET4.0C; .NET4.0E)"
205.178.190.237 - - [18/Aug/2013:08:02:36 -0400] "GET /23/images/left-04.gif HTTP/1.1" 200 475 "http://craigfarms.net/Frame-3-moremulesleft.htm" "Mozilla/4.0 (compatible; MSIE 7.0; Windows NT 5.2; Trident/4.0; .NET CLR 1.1.4322; .NET CLR 2.0.50727; .NET CLR 3.0.4506.2152; .NET CLR 3.5.30729; .NET4.0C; .NET4.0E)"
205.178.190.237 - - [18/Aug/2013:08:02:37 -0400] "GET /23/images/left-05.gif HTTP/1.1" 200 638 "http://craigfarms.net/Frame-3-moremulesleft.htm" "Mozilla/4.0 (compatible; MSIE 7.0; Windows NT 5.2; Trident/4.0; .NET CLR 1.1.4322; .NET CLR 2.0.50727; .NET CLR 3.0.4506.2152; .NET CLR 3.5.30729; .NET4.0C; .NET4.0E)"
205.178.190.237 - - [18/Aug/2013:08:02:37 -0400] "GET /23/images/left-06.gif HTTP/1.1" 200 457 "http://craigfarms.net/Frame-3-moremulesleft.htm" "Mozilla/4.0 (compatible; MSIE 7.0; Windows NT 5.2; Trident/4.0; .NET CLR 1.1.4322; .NET CLR 2.0.50727; .NET CLR 3.0.4506.2152; .NET CLR 3.5.30729; .NET4.0C; .NET4.0E)"
205.178.190.237 - - [18/Aug/2013:08:02:37 -0400] "GET /23/images/left-07.gif HTTP/1.1" 200 319 "http://craigfarms.net/Frame-3-moremulesleft.htm" "Mozilla/4.0 (compatible; MSIE 7.0; Windows NT 5.2; Trident/4.0; .NET CLR 1.1.4322; .NET CLR 2.0.50727; .NET CLR 3.0.4506.2152; .NET CLR 3.5.30729; .NET4.0C; .NET4.0E)"
205.178.190.237 - - [18/Aug/2013:08:02:37 -0400] "GET /23/images/motif03.jpg HTTP/1.1" 200 6849 "http://craigfarms.net/Frame-3-moremulesleft.htm" "Mozilla/4.0 (compatible; MSIE 7.0; Windows NT 5.2; Trident/4.0; .NET CLR 1.1.4322; .NET CLR 2.0.50727; .NET CLR 3.0.4506.2152; .NET CLR 3.5.30729; .NET4.0C; .NET4.0E)"
205.178.190.237 - - [18/Aug/2013:08:02:37 -0400] "GET /Frame-3-moremulespage3.html?refresh=1374681744177 HTTP/1.1" 200 6684 "http://craigfarms.net/moremules.html" "Mozilla/4.0 (compatible; MSIE 7.0; Windows NT 5.2; Trident/4.0; .NET CLR 1.1.4322; .NET CLR 2.0.50727; .NET CLR 3.0.4506.2152; .NET CLR 3.5.30729; .NET4.0C; .NET4.0E)"
205.178.190.237 - - [18/Aug/2013:08:02:37 -0400] "GET /scripts/user.js HTTP/1.1" 200 23762 "http://craigfarms.net/Frame-3-moremulespage3.html?refresh=1374681744177" "Mozilla/4.0 (compatible; MSIE 7.0; Windows NT 5.2; Trident/4.0; .NET CLR 1.1.4322; .NET CLR 2.0.50727; .NET CLR 3.0.4506.2152; .NET CLR 3.5.30729; .NET4.0C; .NET4.0E)"
205.178.190.237 - - [18/Aug/2013:08:02:37 -0400] "GET /23/scripts/master.css HTTP/1.1" 200 1951 "http://craigfarms.net/Frame-3-moremulespage3.html?refresh=1374681744177" "Mozilla/4.0 (compatible; MSIE 7.0; Windows NT 5.2; Trident/4.0; .NET CLR 1.1.4322; .NET CLR 2.0.50727; .NET CLR 3.0.4506.2152; .NET CLR 3.5.30729; .NET4.0C; .NET4.0E)"
205.178.190.237 - - [18/Aug/2013:08:02:37 -0400] "GET /scripts/ic_globals_published.js HTTP/1.1" 200 566 "http://craigfarms.net/Frame-3-moremulespage3.html?refresh=1374681744177" "Mozilla/4.0 (compatible; MSIE 7.0; Windows NT 5.2; Trident/4.0; .NET CLR 1.1.4322; .NET CLR 2.0.50727; .NET CLR 3.0.4506.2152; .NET CLR 3.5.30729; .NET4.0C; .NET4.0E)"
205.178.190.237 - - [18/Aug/2013:08:02:37 -0400] "GET /23/scripts/icwebsiteelement.css HTTP/1.1" 200 8132 "http://craigfarms.net/Frame-3-moremulespage3.html?refresh=1374681744177" "Mozilla/4.0 (compatible; MSIE 7.0; Windows NT 5.2; Trident/4.0; .NET CLR 1.1.4322; .NET CLR 2.0.50727; .NET CLR 3.0.4506.2152; .NET CLR 3.5.30729; .NET4.0C; .NET4.0E)"
205.178.190.237 - - [18/Aug/2013:08:02:38 -0400] "GET /images/200_Mahlon_Gray.4.jpg HTTP/1.1" 200 4570 "http://craigfarms.net/Frame-3-moremulespage3.html?refresh=1374681744177" "Mozilla/4.0 (compatible; MSIE 7.0; Windows NT 5.2; Trident/4.0; .NET CLR 1.1.4322; .NET CLR 2.0.50727; .NET CLR 3.0.4506.2152; .NET CLR 3.5.30729; .NET4.0C; .NET4.0E)"
205.178.190.237 - - [18/Aug/2013:08:02:38 -0400] "GET /images/350_Big_Johnny.1.jpg HTTP/1.1" 200 15903 "http://craigfarms.net/Frame-3-moremulespage3.html?refresh=1374681744177" "Mozilla/4.0 (compatible; MSIE 7.0; Windows NT 5.2; Trident/4.0; .NET CLR 1.1.4322; .NET CLR 2.0.50727; .NET CLR 3.0.4506.2152; .NET CLR 3.5.30729; .NET4.0C; .NET4.0E)"
205.178.190.237 - - [18/Aug/2013:08:02:38 -0400] "GET /images/200_J.K._Star.1.jpg HTTP/1.1" 200 7732 "http://craigfarms.net/Frame-3-moremulespage3.html?refresh=1374681744177" "Mozilla/4.0 (compatible; MSIE 7.0; Windows NT 5.2; Trident/4.0; .NET CLR 1.1.4322; .NET CLR 2.0.50727; .NET CLR 3.0.4506.2152; .NET CLR 3.5.30729; .NET4.0C; .NET4.0E)"
68.103.68.97 - - [18/Aug/2013:15:47:40 -0400] "GET /23/scripts/icwebsiteelement.css HTTP/1.1" 200 8132 "http://www.craigfarms.com/" "Mozilla/4.0 (compatible; MSIE 8.0; Windows NT 5.1; Trident/4.0; Union Pacific Corporate Image; .NET CLR 2.0.50727; .NET CLR 3.0.04506.648; .NET CLR 3.5.21022; .NET CLR 3.0.4506.2152; .NET CLR 3.5.30729; .NET CLR 1.1.4322; .NET4.0C; .NET4.0E)"
68.103.68.97 - - [18/Aug/2013:15:47:41 -0400] "GET /Frame-1-homeleft.htm HTTP/1.1" 200 3957 "http://www.craigfarms.com/" "Mozilla/4.0 (compatible; MSIE 8.0; Windows NT 5.1; Trident/4.0; Union Pacific Corporate Image; .NET CLR 2.0.50727; .NET CLR 3.0.04506.648; .NET CLR 3.5.21022; .NET CLR 3.0.4506.2152; .NET CLR 3.5.30729; .NET CLR 1.1.4322; .NET4.0C; .NET4.0E)"
68.103.68.97 - - [18/Aug/2013:15:47:41 -0400] "GET /23/images/top-06.gif HTTP/1.1" 200 135 "http://www.craigfarms.com/Frame-1-hometop.htm" "Mozilla/4.0 (compatible; MSIE 8.0; Windows NT 5.1; Trident/4.0; Union Pacific Corporate Image; .NET CLR 2.0.50727; .NET CLR 3.0.04506.648; .NET CLR 3.5.21022; .NET CLR 3.0.4506.2152; .NET CLR 3.5.30729; .NET CLR 1.1.4322; .NET4.0C; .NET4.0E)"
68.103.68.97 - - [18/Aug/2013:15:47:41 -0400] "GET /23/images/bg_left.jpg HTTP/1.1" 200 952 "http://www.craigfarms.com/Frame-1-homeleft.htm" "Mozilla/4.0 (compatible; MSIE 8.0; Windows NT 5.1; Trident/4.0; Union Pacific Corporate Image; .NET CLR 2.0.50727; .NET CLR 3.0.04506.648; .NET CLR 3.5.21022; .NET CLR 3.0.4506.2152; .NET CLR 3.5.30729; .NET CLR 1.1.4322; .NET4.0C; .NET4.0E)"
68.103.68.97 - - [18/Aug/2013:15:47:41 -0400] "GET /23/images/left-06_over.gif HTTP/1.1" 200 535 "http://www.craigfarms.com/Frame-1-homeleft.htm" "Mozilla/4.0 (compatible; MSIE 8.0; Windows NT 5.1; Trident/4.0; Union Pacific Corporate Image; .NET CLR 2.0.50727; .NET CLR 3.0.04506.648; .NET CLR 3.5.21022; .NET CLR 3.0.4506.2152; .NET CLR 3.5.30729; .NET CLR 1.1.4322; .NET4.0C; .NET4.0E)"
68.103.68.97 - - [18/Aug/2013:15:47:41 -0400] "GET /23/images/left-06.gif HTTP/1.1" 200 457 "http://www.craigfarms.com/Frame-1-homeleft.htm" "Mozilla/4.0 (compatible; MSIE 8.0; Windows NT 5.1; Trident/4.0; Union Pacific Corporate Image; .NET CLR 2.0.50727; .NET CLR 3.0.04506.648; .NET CLR 3.5.21022; .NET CLR 3.0.4506.2152; .NET CLR 3.5.30729; .NET CLR 1.1.4322; .NET4.0C; .NET4.0E)"
68.103.68.97 - - [18/Aug/2013:15:47:41 -0400] "GET /images/350_Both_Donkeys.2.jpg HTTP/1.1" 200 19018 "http://www.craigfarms.com/Frame-1-homepage1.html?refresh=1374681743953" "Mozilla/4.0 (compatible; MSIE 8.0; Windows NT 5.1; Trident/4.0; Union Pacific Corporate Image; .NET CLR 2.0.50727; .NET CLR 3.0.04506.648; .NET CLR 3.5.21022; .NET CLR 3.0.4506.2152; .NET CLR 3.5.30729; .NET CLR 1.1.4322; .NET4.0C; .NET4.0E)"
98.86.213.54 - - [18/Aug/2013:16:14:33 -0400] "GET / HTTP/1.1" 200 1524 "http://www.google.com/url?sa=t&rct=j&q=mules%20for%20sale&source=web&cd=23&ved=0CDUQFjACOBQ&url=http%3A%2F%2Fwww.craigfarms.com%2F&ei=ICsRUvK7J6K-2gXUq4GgAQ&usg=AFQjCNEANj9-LAUPBUPev4TClAVJbrbOZw&bvm=bv.50768961,d.aWc" "Mozilla/5.0 (Windows NT 6.0) AppleWebKit/537.36 (KHTML, like Gecko) Chrome/28.0.1500.95 Safari/537.36"
98.86.213.54 - - [18/Aug/2013:16:14:34 -0400] "GET /23/scripts/master.css HTTP/1.1" 200 1951 "http://www.craigfarms.com/" "Mozilla/5.0 (Windows NT 6.0) AppleWebKit/537.36 (KHTML, like Gecko) Chrome/28.0.1500.95 Safari/537.36"
98.86.213.54 - - [18/Aug/2013:16:14:34 -0400] "GET /scripts/ic_globals_published.js HTTP/1.1" 200 566 "http://www.craigfarms.com/" "Mozilla/5.0 (Windows NT 6.0) AppleWebKit/537.36 (KHTML, like Gecko) Chrome/28.0.1500.95 Safari/537.36"
98.86.213.54 - - [18/Aug/2013:16:14:49 -0400] "GET /images/250_Little_Stewy.6.jpg HTTP/1.1" 200 12294 "http://www.craigfarms.com/Frame-2-mulesforsalepage2.html?refresh=1374681744111" "Mozilla/5.0 (Windows NT 6.0) AppleWebKit/537.36 (KHTML, like Gecko) Chrome/28.0.1500.95 Safari/537.36"
98.86.213.54 - - [18/Aug/2013:16:14:50 -0400] "GET /favicon.ico HTTP/1.1" 404 575 "-" "Mozilla/5.0 (Windows NT 6.0) AppleWebKit/537.36 (KHTML, like Gecko) Chrome/28.0.1500.95 Safari/537.36"
178.154.243.81 - - [18/Aug/2013:17:35:12 -0400] "GET /23/images/motif01.jpg HTTP/1.1" 200 6534 "-" "Mozilla/5.0 (compatible; YandexImages/3.0; +http://yandex.com/bots)"
97.66.210.115 - - [18/Aug/2013:18:18:53 -0400] "GET /images/200_J.K._Star.1.jpg HTTP/1.1" 200 7732 "http://www.craigfarms.com/Frame-3-moremulespage3.html?refresh=1374681744177" "Mozilla/5.0 (compatible; MSIE 10.0; Windows NT 6.1; Win64; x64; Trident/6.0)"
97.66.210.115 - - [18/Aug/2013:18:18:54 -0400] "GET /23/images/01b.gif HTTP/1.1" 200 419 "http://www.craigfarms.com/Frame-3-moremulesleft.htm" "Mozilla/5.0 (compatible; MSIE 10.0; Windows NT 6.1; Win64; x64; Trident/6.0)"
65.55.52.96 - - [18/Aug/2013:18:26:18 -0400] "GET /Frame-1-homepage1.html?refresh=1365544055125 HTTP/1.1" 200 6162 "-" "Mozilla/5.0 (compatible; bingbot/2.0; +http://www.bing.com/bingbot.htm)"
12.1.219.177 - - [18/Aug/2013:20:14:21 -0400] "GET /23/images/01a.gif HTTP/1.1" 304 - "-" "Mozilla/4.0 (compatible;)"
184.39.176.150 - - [18/Aug/2013:21:14:01 -0400] "GET /23/images/motif02.jpg HTTP/1.1" 200 1836 "http://www.craigfarms.com/Frame-3-moremulestop.htm" "Mozilla/5.0 (Windows NT 5.1) AppleWebKit/537.36 (KHTML, like Gecko) Chrome/28.0.1500.95 Safari/537.36"
184.39.176.150 - - [18/Aug/2013:21:14:01 -0400] "GET /images/200_J.K._Star.1.jpg HTTP/1.1" 200 7732 "http://www.craigfarms.com/Frame-3-moremulespage3.html?refresh=1374681744177" "Mozilla/5.0 (Windows NT 5.1) AppleWebKit/537.36 (KHTML, like Gecko) Chrome/28.0.1500.95 Safari/537.36"
184.39.176.150 - - [18/Aug/2013:21:14:26 -0400] "GET /manurespreaders.html HTTP/1.1" 200 1557 "http://www.craigfarms.com/Frame-3-moremulesleft.htm" "Mozilla/5.0 (Windows NT 5.1) AppleWebKit/537.36 (KHTML, like Gecko) Chrome/28.0.1500.95 Safari/537.36"
184.39.176.150 - - [18/Aug/2013:21:14:26 -0400] "GET /Frame-7-manurespreaderstop.htm HTTP/1.1" 200 1385 "http://www.craigfarms.com/manurespreaders.html" "Mozilla/5.0 (Windows NT 5.1) AppleWebKit/537.36 (KHTML, like Gecko) Chrome/28.0.1500.95 Safari/537.36"
184.39.176.150 - - [18/Aug/2013:21:14:27 -0400] "GET /23//images/spacer.gif HTTP/1.1" 200 43 "http://www.craigfarms.com/Frame-7-manurespreaderspage7.html?refresh=1374681744310" "Mozilla/5.0 (Windows NT 5.1) AppleWebKit/537.36 (KHTML, like Gecko) Chrome/28.0.1500.95 Safari/537.36"
184.39.176.150 - - [18/Aug/2013:21:14:27 -0400] "GET /consoles/11/images/cn_left_back.gif HTTP/1.1" 200 954 "http://www.craigfarms.com/Frame-7-manurespreaderspage7.html?refresh=1374681744310" "Mozilla/5.0 (Windows NT 5.1) AppleWebKit/537.36 (KHTML, like Gecko) Chrome/28.0.1500.95 Safari/537.36"
184.39.176.150 - - [18/Aug/2013:21:14:27 -0400] "GET /consoles/11/images/cn_corner03.gif HTTP/1.1" 200 281 "http://www.craigfarms.com/Frame-7-manurespreaderspage7.html?refresh=1374681744310" "Mozilla/5.0 (Windows NT 5.1) AppleWebKit/537.36 (KHTML, like Gecko) Chrome/28.0.1500.95 Safari/537.36"
184.39.176.150 - - [18/Aug/2013:21:14:28 -0400] "GET /images/435_M._Spreader.2.jpg HTTP/1.1" 200 30574 "http://www.craigfarms.com/Frame-7-manurespreaderspage7.html?refresh=1374681744310" "Mozilla/5.0 (Windows NT 5.1) AppleWebKit/537.36 (KHTML, like Gecko) Chrome/28.0.1500.95 Safari/537.36"
184.39.176.150 - - [18/Aug/2013:21:14:28 -0400] "GET /favicon.ico HTTP/1.1" 404 575 "-" "Mozilla/5.0 (Windows NT 5.1) AppleWebKit/537.36 (KHTML, like Gecko) Chrome/28.0.1500.95 Safari/537.36"
98.222.108.30 - - [18/Aug/2013:23:27:56 -0400] "GET /images/193_Murray_Team.1.jpg HTTP/1.1" 200 5941 "http://www.craigfarms.com/Frame-2-mulesforsalepage2.html?refresh=1374681744111" "Mozilla/4.0 (compatible; MSIE 8.0; Windows NT 6.1; WOW64; Trident/4.0; FunWebProducts; GTB7.5; .NET4.0C; FunWebProducts; McAfee; AskTbFWV5/5.15.25.44892; BRI/2)"
119.63.196.114 - - [18/Aug/2013:12:13:55 -0400] "GET / HTTP/1.1" 200 1524 "-" "Mozilla/5.0 (compatible; Baiduspider/2.0; +http://www.baidu.com/search/spider.html)"
12.1.219.177 - - [18/Aug/2013:13:20:02 -0400] "GET /23/images/slogan.jpg HTTP/1.1" 304 - "-" "Mozilla/4.0 (compatible;)"
188.165.220.191 - - [18/Aug/2013:13:42:06 -0400] "GET / HTTP/1.1" 200 1524 "-" "Internet Explorer"
178.154.243.81 - - [18/Aug/2013:14:12:29 -0400] "GET /robots.txt HTTP/1.1" 200 25 "-" "Mozilla/5.0 (compatible; YandexImages/3.0; +http://yandex.com/bots)"
70.128.114.46 - - [18/Aug/2013:00:45:00 -0400] "GET / HTTP/1.1" 200 1524 "http://www.google.com/url?sa=t&rct=j&q=&esrc=s&frm=1&source=web&cd=1&ved=0CC8QFjAA&url=http%3A%2F%2Fwww.craigfarms.com%2F&ei=P1EQUvHGFabM2QXJw4DICA&usg=AFQjCNEANj9-LAUPBUPev4TClAVJbrbOZw&sig2=WyNb98iM4fdKWeTcRmYSSA&bvm=bv.50768961,d.b2I" "Mozilla/5.0 (compatible; MSIE 10.0; Windows NT 6.1; WOW64; Trident/6.0)"
70.128.114.46 - - [18/Aug/2013:00:45:00 -0400] "GET /23/scripts/master.css HTTP/1.1" 200 1951 "http://www.craigfarms.com/" "Mozilla/5.0 (compatible; MSIE 10.0; Windows NT 6.1; WOW64; Trident/6.0)"
70.128.114.46 - - [18/Aug/2013:00:45:00 -0400] "GET /scripts/ic_globals_published.js HTTP/1.1" 200 566 "http://www.craigfarms.com/" "Mozilla/5.0 (compatible; MSIE 10.0; Windows NT 6.1; WOW64; Trident/6.0)"
70.128.114.46 - - [18/Aug/2013:00:45:03 -0400] "GET /23/images/spacer.gif HTTP/1.1" 200 43 "http://www.craigfarms.com/Frame-1-hometop.htm" "Mozilla/5.0 (compatible; MSIE 10.0; Windows NT 6.1; WOW64; Trident/6.0)"
70.128.114.46 - - [18/Aug/2013:00:45:03 -0400] "GET /23/images/1/motif02.jpg HTTP/1.1" 200 1836 "http://www.craigfarms.com/Frame-1-hometop.htm" "Mozilla/5.0 (compatible; MSIE 10.0; Windows NT 6.1; WOW64; Trident/6.0)"
70.128.114.46 - - [18/Aug/2013:00:45:03 -0400] "GET /23/images/left-03.gif HTTP/1.1" 200 540 "http://www.craigfarms.com/Frame-1-homeleft.htm" "Mozilla/5.0 (compatible; MSIE 10.0; Windows NT 6.1; WOW64; Trident/6.0)"
70.128.114.46 - - [18/Aug/2013:00:45:03 -0400] "GET /23/images/motif03.jpg HTTP/1.1" 200 6849 "http://www.craigfarms.com/Frame-1-homeleft.htm" "Mozilla/5.0 (compatible; MSIE 10.0; Windows NT 6.1; WOW64; Trident/6.0)"
70.128.114.46 - - [18/Aug/2013:00:45:03 -0400] "GET /23/images/left-07_over.gif HTTP/1.1" 200 416 "http://www.craigfarms.com/Frame-1-homeleft.htm" "Mozilla/5.0 (compatible; MSIE 10.0; Windows NT 6.1; WOW64; Trident/6.0)"
68.103.68.97 - - [18/Aug/2013:15:47:49 -0400] "GET /23/images/motif02.jpg HTTP/1.1" 200 1836 "http://www.craigfarms.com/Frame-2-mulesforsaletop.htm" "Mozilla/4.0 (compatible; MSIE 8.0; Windows NT 5.1; Trident/4.0; Union Pacific Corporate Image; .NET CLR 2.0.50727; .NET CLR 3.0.04506.648; .NET CLR 3.5.21022; .NET CLR 3.0.4506.2152; .NET CLR 3.5.30729; .NET CLR 1.1.4322; .NET4.0C; .NET4.0E)"
68.103.68.97 - - [18/Aug/2013:15:47:50 -0400] "GET /images/250_Little_Stewy.6.jpg HTTP/1.1" 200 12294 "http://www.craigfarms.com/Frame-2-mulesforsalepage2.html?refresh=1374681744111" "Mozilla/4.0 (compatible; MSIE 8.0; Windows NT 5.1; Trident/4.0; Union Pacific Corporate Image; .NET CLR 2.0.50727; .NET CLR 3.0.04506.648; .NET CLR 3.5.21022; .NET CLR 3.0.4506.2152; .NET CLR 3.5.30729; .NET CLR 1.1.4322; .NET4.0C; .NET4.0E)"
74.33.98.195 - - [18/Aug/2013:16:13:29 -0400] "GET /Frame-2-mulesforsalepage2.html?refresh=1374681744111 HTTP/1.1" 200 8812 "http://www.craigfarms.com/mulesforsale.html" "Mozilla/5.0 (iPad; CPU OS 6_1_3 like Mac OS X) AppleWebKit/536.26 (KHTML, like Gecko) Version/6.0 Mobile/10B329 Safari/8536.25"
74.33.98.195 - - [18/Aug/2013:16:13:30 -0400] "GET /images/250_Little_Stewy.6.jpg HTTP/1.1" 200 12294 "http://www.craigfarms.com/Frame-2-mulesforsalepage2.html?refresh=1374681744111" "Mozilla/5.0 (iPad; CPU OS 6_1_3 like Mac OS X) AppleWebKit/536.26 (KHTML, like Gecko) Version/6.0 Mobile/10B329 Safari/8536.25"
74.33.98.195 - - [18/Aug/2013:16:13:53 -0400] "GET /consoles/11/images/cn_corner01.gif HTTP/1.1" 200 281 "http://www.craigfarms.com/Frame-7-manurespreaderspage7.html?refresh=1374681744310" "Mozilla/5.0 (iPad; CPU OS 6_1_3 like Mac OS X) AppleWebKit/536.26 (KHTML, like Gecko) Version/6.0 Mobile/10B329 Safari/8536.25"
74.33.98.195 - - [18/Aug/2013:16:13:53 -0400] "GET /consoles/11/images/cn_corner04.gif HTTP/1.1" 200 281 "http://www.craigfarms.com/Frame-7-manurespreaderspage7.html?refresh=1374681744310" "Mozilla/5.0 (iPad; CPU OS 6_1_3 like Mac OS X) AppleWebKit/536.26 (KHTML, like Gecko) Version/6.0 Mobile/10B329 Safari/8536.25"
66.249.74.70 - - [18/Aug/2013:07:22:47 -0400] "GET /scripts/user.js HTTP/1.1" 200 23762 "-" "Mozilla/5.0 (compatible; Googlebot/2.1; +http://www.google.com/bot.html)"
184.39.176.150 - - [18/Aug/2013:21:13:45 -0400] "GET /scripts/photoalbum.js HTTP/1.1" 200 62481 "http://www.craigfarms.com/" "Mozilla/5.0 (Windows NT 5.1) AppleWebKit/537.36 (KHTML, like Gecko) Chrome/28.0.1500.95 Safari/537.36"
184.39.176.150 - - [18/Aug/2013:21:13:46 -0400] "GET /Frame-1-hometop.htm HTTP/1.1" 200 1389 "http://www.craigfarms.com/" "Mozilla/5.0 (Windows NT 5.1) AppleWebKit/537.36 (KHTML, like Gecko) Chrome/28.0.1500.95 Safari/537.36"
184.39.176.150 - - [18/Aug/2013:21:13:47 -0400] "GET /23/images/left-03.gif HTTP/1.1" 200 540 "http://www.craigfarms.com/Frame-1-homeleft.htm" "Mozilla/5.0 (Windows NT 5.1) AppleWebKit/537.36 (KHTML, like Gecko) Chrome/28.0.1500.95 Safari/537.36"
184.39.176.150 - - [18/Aug/2013:21:13:47 -0400] "GET /images/100_facebook.jpg HTTP/1.1" 200 1592 "http://www.craigfarms.com/Frame-1-homepage1.html?refresh=1374681743953" "Mozilla/5.0 (Windows NT 5.1) AppleWebKit/537.36 (KHTML, like Gecko) Chrome/28.0.1500.95 Safari/537.36"
184.39.176.150 - - [18/Aug/2013:21:13:47 -0400] "GET /23/images/1/motif02.jpg HTTP/1.1" 200 1836 "http://www.craigfarms.com/Frame-1-hometop.htm" "Mozilla/5.0 (Windows NT 5.1) AppleWebKit/537.36 (KHTML, like Gecko) Chrome/28.0.1500.95 Safari/537.36"
