70.193.129.135 - - [18/Aug/2013:22:13:11 -0400] "GET /scripts/user.js HTTP/1.1" 304 - "http://www.craigfarms.com/" "Mozilla/5.0 (compatible; MSIE 10.0; Windows NT 6.1; WOW64; Trident/6.0)"
70.193.129.135 - - [18/Aug/2013:22:13:11 -0400] "GET /Frame-1-homeleft.htm HTTP/1.1" 304 - "http://www.craigfarms.com/" "Mozilla/5.0 (compatible; MSIE 10.0; Windows NT 6.1; WOW64; Trident/6.0)"
70.193.129.135 - - [18/Aug/2013:22:13:12 -0400] "GET /23/images/spacer.gif HTTP/1.1" 200 43 "http://www.craigfarms.com/Frame-1-hometop.htm" "Mozilla/5.0 (compatible; MSIE 10.0; Windows NT 6.1; WOW64; Trident/6.0)"
70.193.129.135 - - [18/Aug/2013:22:13:12 -0400] "GET /23/images/left-01.gif HTTP/1.1" 200 87 "http://www.craigfarms.com/Frame-1-homeleft.htm" "Mozilla/5.0 (compatible; MSIE 10.0; Windows NT 6.1; WOW64; Trident/6.0)"
70.193.129.135 - - [18/Aug/2013:22:13:12 -0400] "GET /23/images/left-04.gif HTTP/1.1" 200 475 "http://www.craigfarms.com/Frame-1-homeleft.htm" "Mozilla/5.0 (compatible; MSIE 10.0; Windows NT 6.1; WOW64; Trident/6.0)"
70.193.129.135 - - [18/Aug/2013:22:13:13 -0400] "GET /images/100_facebook.jpg HTTP/1.1" 200 1592 "http://www.craigfarms.com/Frame-1-homepage1.html?refresh=1374681743953" "Mozilla/5.0 (compatible; MSIE 10.0; Windows NT 6.1; WOW64; Trident/6.0)"
70.193.129.135 - - [18/Aug/2013:22:13:13 -0400] "GET /23/images/left-04_over.gif HTTP/1.1" 200 563 "http://www.craigfarms.com/Frame-1-homeleft.htm" "Mozilla/5.0 (compatible; MSIE 10.0; Windows NT 6.1; WOW64; Trident/6.0)"
70.193.129.135 - - [18/Aug/2013:22:13:13 -0400] "GET /23/images/bg_left.jpg HTTP/1.1" 200 952 "http://www.craigfarms.com/Frame-1-homeleft.htm" "Mozilla/5.0 (compatible; MSIE 10.0; Windows NT 6.1; WOW64; Trident/6.0)"
70.193.129.135 - - [18/Aug/2013:22:13:46 -0400] "GET /consoles/11/images/cn_left_back.gif HTTP/1.1" 200 954 "http://www.craigfarms.com/Frame-7-manurespreaderspage7.html?refresh=1374681744310" "Mozilla/5.0 (compatible; MSIE 10.0; Windows NT 6.1; WOW64; Trident/6.0)"
209.182.125.199 - - [18/Aug/2013:15:37:37 -0400] "GET /favicon.ico HTTP/1.1" 404 575 "-" "Mozilla/5.0 (compatible; MSIE 10.0; Windows NT 6.1; Win64; x64; Trident/6.0)"
99.117.90.165 - - [18/Aug/2013:20:06:15 -0400] "GET / HTTP/1.1" 200 1524 "http://mulesandmore.com/cards.htm" "Mozilla/5.0 (compatible; MSIE 9.0; Windows NT 6.1; WOW64; Trident/5.0)"
70.128.114.46 - - [18/Aug/2013:00:45:03 -0400] "GET /favicon.ico HTTP/1.1" 404 575 "-" "Mozilla/5.0 (compatible; MSIE 10.0; Windows NT 6.1; Win64; x64; Trident/6.0)"
220.181.108.107 - - [18/Aug/2013:00:52:57 -0400] "GET /home.html HTTP/1.1" 200 1524 "-" "Mozilla/5.0 (compatible; Baiduspider/2.0; +http://www.baidu.com/search/spider.html)"
157.55.32.49 - - [18/Aug/2013:04:33:00 -0400] "GET /scripts/photoalbum.js HTTP/1.1" 200 62481 "-" "Mozilla/5.0 (compatible; bingbot/2.0; +http://www.bing.com/bingbot.htm)"
66.249.74.129 - - [18/Aug/2013:05:05:10 -0400] "GET /robots.txt HTTP/1.1" 200 25 "-" "Mozilla/5.0 (compatible; Googlebot/2.1; +http://www.google.com/bot.html)"
205.178.190.236 - - [18/Aug/2013:08:06:48 -0400] "GET /mulesforsale.html HTTP/1.1" 200 1548 "-" "Mozilla/4.0 (compatible; MSIE 7.0; Windows NT 5.2; Trident/4.0; .NET CLR 1.1.4322; .NET CLR 2.0.50727; .NET CLR 3.0.4506.2152; .NET CLR 3.5.30729; .NET4.0C; .NET4.0E)"
180.76.5.48 - - [18/Aug/2013:14:32:25 -0400] "GET /Frame-1-homeleft.htm HTTP/1.1" 200 3957 "-" "Mozilla/5.0 (compatible; Baiduspider/2.0; +http://www.baidu.com/search/spider.html)"
108.161.10.253 - - [18/Aug/2013:10:24:32 -0400] "GET /Frame-3-moremulesleft.htm HTTP/1.1" 304 - "http://www.craigfarms.com/moremules.html" "Mozilla/5.0 (compatible; MSIE 10.0; Windows NT 6.1; WOW64; Trident/6.0)"
209.182.125.199 - - [18/Aug/2013:15:37:34 -0400] "GET /favicon.ico HTTP/1.1" 404 575 "-" "Mozilla/5.0 (compatible; MSIE 10.0; Windows NT 6.1; Win64; x64; Trident/6.0)"
98.86.213.54 - - [18/Aug/2013:16:14:38 -0400] "GET /23/images/company.jpg HTTP/1.1" 200 5899 "http://www.craigfarms.com/Frame-1-hometop.htm" "Mozilla/5.0 (Windows NT 6.0) AppleWebKit/537.36 (KHTML, like Gecko) Chrome/28.0.1500.95 Safari/537.36"
98.86.213.54 - - [18/Aug/2013:16:14:38 -0400] "GET /23/images/left-06_over.gif HTTP/1.1" 200 535 "http://www.craigfarms.com/Frame-1-homeleft.htm" "Mozilla/5.0 (Windows NT 6.0) AppleWebKit/537.36 (KHTML, like Gecko) Chrome/28.0.1500.95 Safari/537.36"
98.86.213.54 - - [18/Aug/2013:16:14:39 -0400] "GET /23/images/left-04.gif HTTP/1.1" 200 475 "http://www.craigfarms.com/Frame-1-homeleft.htm" "Mozilla/5.0 (Windows NT 6.0) AppleWebKit/537.36 (KHTML, like Gecko) Chrome/28.0.1500.95 Safari/537.36"
98.86.213.54 - - [18/Aug/2013:16:14:39 -0400] "GET /images/350_Both_Donkeys.2.jpg HTTP/1.1" 200 19018 "http://www.craigfarms.com/Frame-1-homepage1.html?refresh=1374681743953" "Mozilla/5.0 (Windows NT 6.0) AppleWebKit/537.36 (KHTML, like Gecko) Chrome/28.0.1500.95 Safari/537.36"
98.86.213.54 - - [18/Aug/2013:16:14:39 -0400] "GET /favicon.ico HTTP/1.1" 404 575 "-" "Mozilla/5.0 (Windows NT 6.0) AppleWebKit/537.36 (KHTML, like Gecko) Chrome/28.0.1500.95 Safari/537.36"
12.1.219.177 - - [18/Aug/2013:16:36:51 -0400] "GET /23/images/company.jpg HTTP/1.1" 304 - "-" "Mozilla/4.0 (compatible;)"
166.181.83.78 - - [18/Aug/2013:17:14:07 -0400] "GET /23/images/left-03_over.gif HTTP/1.1" 200 616 "http://www.craigfarms.com/Frame-1-homeleft.htm" "Mozilla/5.0 (compatible; MSIE 10.0; Windows NT 6.2; WOW64; Trident/6.0)"
71.28.146.151 - - [18/Aug/2013:19:46:33 -0400] "GET / HTTP/1.1" 200 1524 "http://mulesandmore.com/links2.htm" "Mozilla/5.0 (Windows NT 6.1; rv:23.0) Gecko/20100101 Firefox/23.0"
71.28.146.151 - - [18/Aug/2013:19:46:34 -0400] "GET /23/scripts/master.css HTTP/1.1" 200 1951 "http://www.craigfarms.com/" "Mozilla/5.0 (Windows NT 6.1; rv:23.0) Gecko/20100101 Firefox/23.0"
71.28.146.151 - - [18/Aug/2013:19:46:34 -0400] "GET /23/scripts/icwebsiteelement.css HTTP/1.1" 200 8132 "http://www.craigfarms.com/" "Mozilla/5.0 (Windows NT 6.1; rv:23.0) Gecko/20100101 Firefox/23.0"
71.28.146.151 - - [18/Aug/2013:19:46:36 -0400] "GET /Frame-1-homepage1.html?refresh=1374681743953 HTTP/1.1" 200 6162 "http://www.craigfarms.com/" "Mozilla/5.0 (Windows NT 6.1; rv:23.0) Gecko/20100101 Firefox/23.0"
71.28.146.151 - - [18/Aug/2013:19:46:36 -0400] "GET /23/images/1/motif01.jpg HTTP/1.1" 200 6534 "http://www.craigfarms.com/Frame-1-hometop.htm" "Mozilla/5.0 (Windows NT 6.1; rv:23.0) Gecko/20100101 Firefox/23.0"
71.28.146.151 - - [18/Aug/2013:19:46:36 -0400] "GET /23/images/left-01.gif HTTP/1.1" 200 87 "http://www.craigfarms.com/Frame-1-homeleft.htm" "Mozilla/5.0 (Windows NT 6.1; rv:23.0) Gecko/20100101 Firefox/23.0"
71.28.146.151 - - [18/Aug/2013:19:46:37 -0400] "GET /23/images/left-06.gif HTTP/1.1" 200 457 "http://www.craigfarms.com/Frame-1-homeleft.htm" "Mozilla/5.0 (Windows NT 6.1; rv:23.0) Gecko/20100101 Firefox/23.0"
71.28.146.151 - - [18/Aug/2013:19:46:37 -0400] "GET /23/images/bg_left.jpg HTTP/1.1" 200 952 "http://www.craigfarms.com/Frame-1-homeleft.htm" "Mozilla/5.0 (Windows NT 6.1; rv:23.0) Gecko/20100101 Firefox/23.0"
71.28.146.151 - - [18/Aug/2013:19:46:37 -0400] "GET /23/images/left-05_over.gif HTTP/1.1" 200 711 "http://www.craigfarms.com/Frame-1-homeleft.htm" "Mozilla/5.0 (Windows NT 6.1; rv:23.0) Gecko/20100101 Firefox/23.0"
69.35.210.122 - - [18/Aug/2013:21:54:23 -0400] "GET /23/images/motif01.jpg HTTP/1.1" 200 6534 "http://www.craigfarms.com/Frame-2-mulesforsaletop.htm" "Mozilla/5.0 (compatible; MSIE 10.0; Windows NT 6.1; WOW64; Trident/6.0)"
69.35.210.122 - - [18/Aug/2013:21:54:24 -0400] "GET /23/images/left-02_over.gif HTTP/1.1" 200 373 "http://www.craigfarms.com/Frame-2-mulesforsaleleft.htm" "Mozilla/5.0 (compatible; MSIE 10.0; Windows NT 6.1; WOW64; Trident/6.0)"
69.35.210.122 - - [18/Aug/2013:21:54:24 -0400] "GET /23/images/left-06_over.gif HTTP/1.1" 200 535 "http://www.craigfarms.com/Frame-2-mulesforsaleleft.htm" "Mozilla/5.0 (compatible; MSIE 10.0; Windows NT 6.1; WOW64; Trident/6.0)"
69.35.210.122 - - [18/Aug/2013:21:54:24 -0400] "GET /23/images/left-05.gif HTTP/1.1" 200 638 "http://www.craigfarms.com/Frame-2-mulesforsaleleft.htm" "Mozilla/5.0 (compatible; MSIE 10.0; Windows NT 6.1; WOW64; Trident/6.0)"
69.35.210.122 - - [18/Aug/2013:21:54:24 -0400] "GET /images/193_Murray_Team.6.jpg HTTP/1.1" 200 5502 "http://www.craigfarms.com/Frame-2-mulesforsalepage2.html?refresh=1374681744111" "Mozilla/5.0 (compatible; MSIE 10.0; Windows NT 6.1; WOW64; Trident/6.0)"
69.35.210.122 - - [18/Aug/2013:21:54:24 -0400] "GET /images/250_Doodlebug.1.jpg HTTP/1.1" 200 9769 "http://www.craigfarms.com/Frame-2-mulesforsalepage2.html?refresh=1374681744111" "Mozilla/5.0 (compatible; MSIE 10.0; Windows NT 6.1; WOW64; Trident/6.0)"
178.154.243.81 - - [18/Aug/2013:22:35:21 -0400] "GET /consoles/11/images/cn_right_back.gif HTTP/1.1" 304 - "-" "Mozilla/5.0 (compatible; YandexImages/3.0; +http://yandex.com/bots)"
157.55.33.80 - - [18/Aug/2013:12:13:14 -0400] "GET /robots.txt HTTP/1.1" 200 25 "-" "Mozilla/5.0 (compatible; bingbot/2.0; +http://www.bing.com/bingbot.htm)"
123.125.71.42 - - [18/Aug/2013:13:41:54 -0400] "GET /robots.txt HTTP/1.1" 200 25 "-" "Mozilla/5.0 (compatible; Baiduspider/2.0; +http://www.baidu.com/search/spider.html)"
162.40.212.84 - - [18/Aug/2013:11:22:41 -0400] "GET /23/images/motif02.jpg HTTP/1.1" 200 1836 "http://www.craigfarms.com/Frame-2-mulesforsaletop.htm" "Mozilla/5.0 (compatible; MSIE 10.0; Windows NT 6.1; WOW64; Trident/6.0)"
162.40.212.84 - - [18/Aug/2013:11:22:57 -0400] "GET /23/images/01b.gif HTTP/1.1" 200 419 "http://www.craigfarms.com/Frame-2-mulesforsaleleft.htm" "Mozilla/5.0 (compatible; MSIE 10.0; Windows NT 6.1; WOW64; Trident/6.0)"
178.154.243.81 - - [18/Aug/2013:15:07:00 -0400] "GET /23/images/1/motif01.jpg HTTP/1.1" 200 6534 "-" "Mozilla/5.0 (compatible; YandexImages/3.0; +http://yandex.com/bots)"
209.182.125.199 - - [18/Aug/2013:15:37:31 -0400] "GET /scripts/user.js HTTP/1.1" 200 23762 "http://www.craigfarms.com/" "Mozilla/5.0 (compatible; MSIE 10.0; Windows NT 6.1; WOW64; Trident/6.0)"
209.182.125.199 - - [18/Aug/2013:15:37:32 -0400] "GET /Frame-1-homeleft.htm HTTP/1.1" 200 3957 "http://www.craigfarms.com/" "Mozilla/5.0 (compatible; MSIE 10.0; Windows NT 6.1; WOW64; Trident/6.0)"
209.182.125.199 - - [18/Aug/2013:15:37:32 -0400] "GET /23/images/bg_top.jpg HTTP/1.1" 200 793 "http://www.craigfarms.com/Frame-1-hometop.htm" "Mozilla/5.0 (compatible; MSIE 10.0; Windows NT 6.1; WOW64; Trident/6.0)"
5.135.125.178 - - [18/Aug/2013:15:54:43 -0400] "GET / HTTP/1.1" 200 1524 "-" "Mozilla/5.0 (X11; U; Linux amd64; rv:5.0) Gecko/20100101 Firefox/5.0 (Debian)"
12.1.219.177 - - [18/Aug/2013:17:09:12 -0400] "GET /23/images/left-07_over.gif HTTP/1.1" 304 - "-" "Mozilla/4.0 (compatible;)"
166.181.83.78 - - [18/Aug/2013:17:13:46 -0400] "GET /Frame-1-homepage1.html?refresh=1374681743953 HTTP/1.1" 200 6162 "http://www.craigfarms.com/" "Mozilla/5.0 (compatible; MSIE 10.0; Windows NT 6.2; WOW64; Trident/6.0)"
123.125.71.51 - - [18/Aug/2013:17:22:30 -0400] "GET /Frame-1-homepage1.html?refresh=1374681743953 HTTP/1.1" 200 6162 "-" "Mozilla/5.0 (compatible; Baiduspider/2.0; +http://www.baidu.com/search/spider.html)"
178.154.243.81 - - [18/Aug/2013:19:06:22 -0400] "GET /23/images/slogan.jpg HTTP/1.1" 200 4733 "-" "Mozilla/5.0 (compatible; YandexImages/3.0; +http://yandex.com/bots)"
184.39.176.150 - - [18/Aug/2013:21:13:45 -0400] "GET /scripts/user.js HTTP/1.1" 200 23762 "http://www.craigfarms.com/" "Mozilla/5.0 (Windows NT 5.1) AppleWebKit/537.36 (KHTML, like Gecko) Chrome/28.0.1500.95 Safari/537.36"
184.39.176.150 - - [18/Aug/2013:21:13:46 -0400] "GET /Frame-1-homeleft.htm HTTP/1.1" 200 3957 "http://www.craigfarms.com/" "Mozilla/5.0 (Windows NT 5.1) AppleWebKit/537.36 (KHTML, like Gecko) Chrome/28.0.1500.95 Safari/537.36"
184.39.176.150 - - [18/Aug/2013:21:13:47 -0400] "GET /23/images/left-04_over.gif HTTP/1.1" 200 563 "http://www.craigfarms.com/Frame-1-homeleft.htm" "Mozilla/5.0 (Windows NT 5.1) AppleWebKit/537.36 (KHTML, like Gecko) Chrome/28.0.1500.95 Safari/537.36"
184.39.176.150 - - [18/Aug/2013:21:13:47 -0400] "GET /23/images/left-01.gif HTTP/1.1" 200 87 "http://www.craigfarms.com/Frame-1-homeleft.htm" "Mozilla/5.0 (Windows NT 5.1) AppleWebKit/537.36 (KHTML, like Gecko) Chrome/28.0.1500.95 Safari/537.36"
184.39.176.150 - - [18/Aug/2013:21:13:47 -0400] "GET /23/images/left-06.gif HTTP/1.1" 200 457 "http://www.craigfarms.com/Frame-1-homeleft.htm" "Mozilla/5.0 (Windows NT 5.1) AppleWebKit/537.36 (KHTML, like Gecko) Chrome/28.0.1500.95 Safari/537.36"
184.39.176.150 - - [18/Aug/2013:21:13:47 -0400] "GET /23/images/top-01.gif HTTP/1.1" 200 263 "http://www.craigfarms.com/Frame-1-hometop.htm" "Mozilla/5.0 (Windows NT 5.1) AppleWebKit/537.36 (KHTML, like Gecko) Chrome/28.0.1500.95 Safari/537.36"
184.39.176.150 - - [18/Aug/2013:21:13:47 -0400] "GET /23/images/top-06.gif HTTP/1.1" 200 135 "http://www.craigfarms.com/Frame-1-hometop.htm" "Mozilla/5.0 (Windows NT 5.1) AppleWebKit/537.36 (KHTML, like Gecko) Chrome/28.0.1500.95 Safari/537.36"
69.35.210.122 - - [18/Aug/2013:21:54:44 -0400] "GET /Frame-3-moremulesleft.htm HTTP/1.1" 200 3957 "http://www.craigfarms.com/moremules.html" "Mozilla/5.0 (compatible; MSIE 10.0; Windows NT 6.1; WOW64; Trident/6.0)"
69.35.210.122 - - [18/Aug/2013:21:54:46 -0400] "GET /23/images/left-06_over.gif HTTP/1.1" 200 535 "http://www.craigfarms.com/Frame-3-moremulesleft.htm" "Mozilla/5.0 (compatible; MSIE 10.0; Windows NT 6.1; WOW64; Trident/6.0)"
69.35.210.122 - - [18/Aug/2013:21:54:46 -0400] "GET /23/images/left-05.gif HTTP/1.1" 200 638 "http://www.craigfarms.com/Frame-3-moremulesleft.htm" "Mozilla/5.0 (compatible; MSIE 10.0; Windows NT 6.1; WOW64; Trident/6.0)"
178.154.243.81 - - [18/Aug/2013:22:52:48 -0400] "GET /23/images/motif03.jpg HTTP/1.1" 200 6849 "-" "Mozilla/5.0 (compatible; YandexImages/3.0; +http://yandex.com/bots)"
97.66.210.115 - - [18/Aug/2013:18:18:18 -0400] "GET /images/spacer.gif HTTP/1.1" 200 43 "http://www.craigfarms.com/Frame-2-mulesforsalepage2.html?refresh=1374681744111" "Mozilla/5.0 (compatible; MSIE 10.0; Windows NT 6.1; Win64; x64; Trident/6.0)"
12.1.219.177 - - [18/Aug/2013:20:37:29 -0400] "GET /23/images/left-06.gif HTTP/1.1" 304 - "-" "Mozilla/4.0 (compatible;)"
174.250.112.221 - - [18/Aug/2013:21:03:24 -0400] "GET /23/images/spacer.gif HTTP/1.1" 304 - "http://www.craigfarms.com/Frame-3-moremulestop.htm" "Mozilla/5.0 (iPhone; CPU iPhone OS 6_1_3 like Mac OS X) AppleWebKit/536.26 (KHTML, like Gecko) Version/6.0 Mobile/10B329 Safari/8536.25"
174.250.112.221 - - [18/Aug/2013:21:03:24 -0400] "GET /23/images/left-02_over.gif HTTP/1.1" 304 - "http://www.craigfarms.com/Frame-3-moremulesleft.htm" "Mozilla/5.0 (iPhone; CPU iPhone OS 6_1_3 like Mac OS X) AppleWebKit/536.26 (KHTML, like Gecko) Version/6.0 Mobile/10B329 Safari/8536.25"
174.250.112.221 - - [18/Aug/2013:21:03:24 -0400] "GET /23/images/left-03.gif HTTP/1.1" 304 - "http://www.craigfarms.com/Frame-3-moremulesleft.htm" "Mozilla/5.0 (iPhone; CPU iPhone OS 6_1_3 like Mac OS X) AppleWebKit/536.26 (KHTML, like Gecko) Version/6.0 Mobile/10B329 Safari/8536.25"
174.250.112.221 - - [18/Aug/2013:21:03:24 -0400] "GET /23/images/left-07.gif HTTP/1.1" 304 - "http://www.craigfarms.com/Frame-3-moremulesleft.htm" "Mozilla/5.0 (iPhone; CPU iPhone OS 6_1_3 like Mac OS X) AppleWebKit/536.26 (KHTML, like Gecko) Version/6.0 Mobile/10B329 Safari/8536.25"
184.39.176.150 - - [18/Aug/2013:21:14:01 -0400] "GET /images/350_Big_Johnny.1.jpg HTTP/1.1" 200 15903 "http://www.craigfarms.com/Frame-3-moremulespage3.html?refresh=1374681744177" "Mozilla/5.0 (Windows NT 5.1) AppleWebKit/537.36 (KHTML, like Gecko) Chrome/28.0.1500.95 Safari/537.36"
184.39.176.150 - - [18/Aug/2013:21:14:04 -0400] "GET /favicon.ico HTTP/1.1" 404 575 "-" "Mozilla/5.0 (Windows NT 5.1) AppleWebKit/537.36 (KHTML, like Gecko) Chrome/28.0.1500.95 Safari/537.36"
184.39.176.150 - - [18/Aug/2013:21:14:32 -0400] "GET /Frame-2-mulesforsaleleft.htm HTTP/1.1" 200 3957 "http://www.craigfarms.com/mulesforsale.html" "Mozilla/5.0 (Windows NT 5.1) AppleWebKit/537.36 (KHTML, like Gecko) Chrome/28.0.1500.95 Safari/537.36"
184.39.176.150 - - [18/Aug/2013:21:14:32 -0400] "GET /images/300_Pa._Red_Team.3.jpg HTTP/1.1" 200 19162 "http://www.craigfarms.com/Frame-2-mulesforsalepage2.html?refresh=1374681744111" "Mozilla/5.0 (Windows NT 5.1) AppleWebKit/537.36 (KHTML, like Gecko) Chrome/28.0.1500.95 Safari/537.36"
184.39.176.150 - - [18/Aug/2013:21:14:33 -0400] "GET /favicon.ico HTTP/1.1" 404 575 "-" "Mozilla/5.0 (Windows NT 5.1) AppleWebKit/537.36 (KHTML, like Gecko) Chrome/28.0.1500.95 Safari/537.36"
69.35.210.122 - - [18/Aug/2013:21:54:45 -0400] "GET /23/images/top-01.gif HTTP/1.1" 200 263 "http://www.craigfarms.com/Frame-3-moremulestop.htm" "Mozilla/5.0 (compatible; MSIE 10.0; Windows NT 6.1; WOW64; Trident/6.0)"
69.35.210.122 - - [18/Aug/2013:21:54:45 -0400] "GET /23/images/top-06.gif HTTP/1.1" 200 135 "http://www.craigfarms.com/Frame-3-moremulestop.htm" "Mozilla/5.0 (compatible; MSIE 10.0; Windows NT 6.1; WOW64; Trident/6.0)"
69.35.210.122 - - [18/Aug/2013:21:54:45 -0400] "GET /images/250_Red_N.O.3.jpg HTTP/1.1" 200 10492 "http://www.craigfarms.com/Frame-3-moremulespage3.html?refresh=1374681744177" "Mozilla/5.0 (compatible; MSIE 10.0; Windows NT 6.1; WOW64; Trident/6.0)"
69.35.210.122 - - [18/Aug/2013:21:54:46 -0400] "GET /23/images/left-03_over.gif HTTP/1.1" 200 616 "http://www.craigfarms.com/Frame-3-moremulesleft.htm" "Mozilla/5.0 (compatible; MSIE 10.0; Windows NT 6.1; WOW64; Trident/6.0)"
69.35.210.122 - - [18/Aug/2013:21:54:46 -0400] "GET /23/images/spacer.gif HTTP/1.1" 200 43 "http://www.craigfarms.com/Frame-3-moremulesleft.htm" "Mozilla/5.0 (compatible; MSIE 10.0; Windows NT 6.1; WOW64; Trident/6.0)"
69.35.210.122 - - [18/Aug/2013:21:54:46 -0400] "GET /23/images/left-07.gif HTTP/1.1" 200 319 "http://www.craigfarms.com/Frame-3-moremulesleft.htm" "Mozilla/5.0 (compatible; MSIE 10.0; Windows NT 6.1; WOW64; Trident/6.0)"
98.222.108.30 - - [18/Aug/2013:23:27:55 -0400] "GET /mulesforsale.html HTTP/1.1" 200 1548 "http://www.craigfarms.com/Frame-1-homeleft.htm" "Mozilla/4.0 (compatible; MSIE 8.0; Windows NT 6.1; WOW64; Trident/4.0; FunWebProducts; GTB7.5; .NET4.0C; FunWebProducts; McAfee; AskTbFWV5/5.15.25.44892; BRI/2)"
98.222.108.30 - - [18/Aug/2013:23:27:55 -0400] "GET /Frame-2-mulesforsaletop.htm HTTP/1.1" 200 1385 "http://www.craigfarms.com/mulesforsale.html" "Mozilla/4.0 (compatible; MSIE 8.0; Windows NT 6.1; WOW64; Trident/4.0; FunWebProducts; GTB7.5; .NET4.0C; FunWebProducts; McAfee; AskTbFWV5/5.15.25.44892; BRI/2)"
98.222.108.30 - - [18/Aug/2013:23:27:56 -0400] "GET /23/images/motif01.jpg HTTP/1.1" 200 6534 "http://www.craigfarms.com/Frame-2-mulesforsaletop.htm" "Mozilla/4.0 (compatible; MSIE 8.0; Windows NT 6.1; WOW64; Trident/4.0; FunWebProducts; GTB7.5; .NET4.0C; FunWebProducts; McAfee; AskTbFWV5/5.15.25.44892; BRI/2)"
98.222.108.30 - - [18/Aug/2013:23:27:56 -0400] "GET /images/300_Pa._Red_Team.3.jpg HTTP/1.1" 200 19162 "http://www.craigfarms.com/Frame-2-mulesforsalepage2.html?refresh=1374681744111" "Mozilla/4.0 (compatible; MSIE 8.0; Windows NT 6.1; WOW64; Trident/4.0; FunWebProducts; GTB7.5; .NET4.0C; FunWebProducts; McAfee; AskTbFWV5/5.15.25.44892; BRI/2)"
98.222.108.30 - - [18/Aug/2013:23:27:56 -0400] "GET /favicon.ico HTTP/1.1" 404 575 "-" "Mozilla/4.0 (compatible; MSIE 8.0; Windows NT 6.1; WOW64; Trident/4.0; FunWebProducts; GTB7.5; .NET4.0C; FunWebProducts; McAfee; AskTbFWV5/5.15.25.44892; BRI/2)"
180.76.5.196 - - [18/Aug/2013:14:32:24 -0400] "GET /Frame-1-hometop.htm HTTP/1.1" 200 1389 "-" "Mozilla/5.0 (compatible; Baiduspider/2.0; +http://www.baidu.com/search/spider.html)"
123.125.71.34 - - [18/Aug/2013:06:35:08 -0400] "GET /scripts/photoalbum.js HTTP/1.1" 200 62481 "http://www.craigfarms.com/moremules.html" "Mozilla/5.0 (X11; U; Linux x86_64; en-US; rv:1.9) Gecko Minefield/3.0"
72.30.198.27 - - [18/Aug/2013:06:58:36 -0400] "GET /scripts/photoalbum.js HTTP/1.1" 200 62481 "http://www.craigfarms.com/mulesforsale.html" "Mozilla/5.0 (compatible; Yahoo! Slurp/3.0; http://help.yahoo.com/help/us/ysearch/slurp) NOT Firefox/3.5"
72.30.198.27 - - [18/Aug/2013:06:58:37 -0400] "GET /Frame-2-mulesforsaletop.htm HTTP/1.1" 200 1385 "http://www.craigfarms.com/mulesforsale.html" "Mozilla/5.0 (compatible; Yahoo! Slurp/3.0; http://help.yahoo.com/help/us/ysearch/slurp) NOT Firefox/3.5"
72.30.198.27 - - [18/Aug/2013:06:58:38 -0400] "GET /scripts/ic_globals_published.js HTTP/1.1" 200 566 "http://www.craigfarms.com/Frame-2-mulesforsalepage2.html?refresh=1374681744111" "Mozilla/5.0 (compatible; Yahoo! Slurp/3.0; http://help.yahoo.com/help/us/ysearch/slurp) NOT Firefox/3.5"
72.30.198.27 - - [18/Aug/2013:06:58:38 -0400] "GET /scripts/photoalbum.js HTTP/1.1" 200 62481 "http://www.craigfarms.com/Frame-2-mulesforsalepage2.html?refresh=1374681744111" "Mozilla/5.0 (compatible; Yahoo! Slurp/3.0; http://help.yahoo.com/help/us/ysearch/slurp) NOT Firefox/3.5"
209.182.125.199 - - [18/Aug/2013:15:37:32 -0400] "GET /23/images/1/motif02.jpg HTTP/1.1" 200 1836 "http://www.craigfarms.com/Frame-1-hometop.htm" "Mozilla/5.0 (compatible; MSIE 10.0; Windows NT 6.1; WOW64; Trident/6.0)"
209.182.125.199 - - [18/Aug/2013:15:37:32 -0400] "GET /23/images/01a.gif HTTP/1.1" 200 327 "http://www.craigfarms.com/Frame-1-homeleft.htm" "Mozilla/5.0 (compatible; MSIE 10.0; Windows NT 6.1; WOW64; Trident/6.0)"
209.182.125.199 - - [18/Aug/2013:15:37:32 -0400] "GET /23/images/left-05.gif HTTP/1.1" 200 638 "http://www.craigfarms.com/Frame-1-homeleft.htm" "Mozilla/5.0 (compatible; MSIE 10.0; Windows NT 6.1; WOW64; Trident/6.0)"
209.182.125.199 - - [18/Aug/2013:15:37:32 -0400] "GET /23/images/motif03.jpg HTTP/1.1" 200 6849 "http://www.craigfarms.com/Frame-1-homeleft.htm" "Mozilla/5.0 (compatible; MSIE 10.0; Windows NT 6.1; WOW64; Trident/6.0)"
209.182.125.199 - - [18/Aug/2013:15:37:32 -0400] "GET /23/images/left-04_over.gif HTTP/1.1" 200 563 "http://www.craigfarms.com/Frame-1-homeleft.htm" "Mozilla/5.0 (compatible; MSIE 10.0; Windows NT 6.1; WOW64; Trident/6.0)"
74.33.98.195 - - [18/Aug/2013:16:13:53 -0400] "GET /manurespreaders.html HTTP/1.1" 200 1557 "http://www.craigfarms.com/Frame-2-mulesforsaleleft.htm" "Mozilla/5.0 (iPad; CPU OS 6_1_3 like Mac OS X) AppleWebKit/536.26 (KHTML, like Gecko) Version/6.0 Mobile/10B329 Safari/8536.25"
74.33.98.195 - - [18/Aug/2013:16:13:53 -0400] "GET /Frame-7-manurespreaderstop.htm HTTP/1.1" 200 1385 "http://www.craigfarms.com/manurespreaders.html" "Mozilla/5.0 (iPad; CPU OS 6_1_3 like Mac OS X) AppleWebKit/536.26 (KHTML, like Gecko) Version/6.0 Mobile/10B329 Safari/8536.25"
74.33.98.195 - - [18/Aug/2013:16:13:53 -0400] "GET /consoles/11/images/cn_back03.jpg HTTP/1.1" 200 10126 "http://www.craigfarms.com/Frame-7-manurespreaderspage7.html?refresh=1374681744310" "Mozilla/5.0 (iPad; CPU OS 6_1_3 like Mac OS X) AppleWebKit/536.26 (KHTML, like Gecko) Version/6.0 Mobile/10B329 Safari/8536.25"
74.33.98.195 - - [18/Aug/2013:16:13:53 -0400] "GET /consoles/11/images/cn_corner02.gif HTTP/1.1" 200 281 "http://www.craigfarms.com/Frame-7-manurespreaderspage7.html?refresh=1374681744310" "Mozilla/5.0 (iPad; CPU OS 6_1_3 like Mac OS X) AppleWebKit/536.26 (KHTML, like Gecko) Version/6.0 Mobile/10B329 Safari/8536.25"
74.33.98.195 - - [18/Aug/2013:16:13:53 -0400] "GET /consoles/11/images/cn_corner03.gif HTTP/1.1" 200 281 "http://www.craigfarms.com/Frame-7-manurespreaderspage7.html?refresh=1374681744310" "Mozilla/5.0 (iPad; CPU OS 6_1_3 like Mac OS X) AppleWebKit/536.26 (KHTML, like Gecko) Version/6.0 Mobile/10B329 Safari/8536.25"
98.86.213.54 - - [18/Aug/2013:16:14:48 -0400] "GET /23/images/01b.gif HTTP/1.1" 200 419 "http://www.craigfarms.com/Frame-1-homeleft.htm" "Mozilla/5.0 (Windows NT 6.0) AppleWebKit/537.36 (KHTML, like Gecko) Chrome/28.0.1500.95 Safari/537.36"
98.86.213.54 - - [18/Aug/2013:16:14:48 -0400] "GET /mulesforsale.html HTTP/1.1" 200 1548 "http://www.craigfarms.com/Frame-1-homeleft.htm" "Mozilla/5.0 (Windows NT 6.0) AppleWebKit/537.36 (KHTML, like Gecko) Chrome/28.0.1500.95 Safari/537.36"
98.86.213.54 - - [18/Aug/2013:16:14:49 -0400] "GET /Frame-2-mulesforsaletop.htm HTTP/1.1" 200 1385 "http://www.craigfarms.com/mulesforsale.html" "Mozilla/5.0 (Windows NT 6.0) AppleWebKit/537.36 (KHTML, like Gecko) Chrome/28.0.1500.95 Safari/537.36"
98.86.213.54 - - [18/Aug/2013:16:14:49 -0400] "GET /Frame-2-mulesforsaleleft.htm HTTP/1.1" 200 3957 "http://www.craigfarms.com/mulesforsale.html" "Mozilla/5.0 (Windows NT 6.0) AppleWebKit/537.36 (KHTML, like Gecko) Chrome/28.0.1500.95 Safari/537.36"
98.86.213.54 - - [18/Aug/2013:16:14:49 -0400] "GET /23/images/motif02.jpg HTTP/1.1" 200 1836 "http://www.craigfarms.com/Frame-2-mulesforsaletop.htm" "Mozilla/5.0 (Windows NT 6.0) AppleWebKit/537.36 (KHTML, like Gecko) Chrome/28.0.1500.95 Safari/537.36"
98.86.213.54 - - [18/Aug/2013:16:14:49 -0400] "GET /images/193_Murray_Team.6.jpg HTTP/1.1" 200 5502 "http://www.craigfarms.com/Frame-2-mulesforsalepage2.html?refresh=1374681744111" "Mozilla/5.0 (Windows NT 6.0) AppleWebKit/537.36 (KHTML, like Gecko) Chrome/28.0.1500.95 Safari/537.36"
98.86.213.54 - - [18/Aug/2013:16:14:49 -0400] "GET /images/spacer.gif HTTP/1.1" 200 43 "http://www.craigfarms.com/Frame-2-mulesforsalepage2.html?refresh=1374681744111" "Mozilla/5.0 (Windows NT 6.0) AppleWebKit/537.36 (KHTML, like Gecko) Chrome/28.0.1500.95 Safari/537.36"
166.181.83.78 - - [18/Aug/2013:17:13:46 -0400] "GET /Frame-1-hometop.htm HTTP/1.1" 200 1389 "http://www.craigfarms.com/" "Mozilla/5.0 (compatible; MSIE 10.0; Windows NT 6.2; WOW64; Trident/6.0)"
166.181.83.78 - - [18/Aug/2013:17:13:47 -0400] "GET /23/images/bg_top.jpg HTTP/1.1" 200 793 "http://www.craigfarms.com/Frame-1-hometop.htm" "Mozilla/5.0 (compatible; MSIE 10.0; Windows NT 6.2; WOW64; Trident/6.0)"
166.181.83.78 - - [18/Aug/2013:17:13:47 -0400] "GET /23/images/company.jpg HTTP/1.1" 200 5899 "http://www.craigfarms.com/Frame-1-hometop.htm" "Mozilla/5.0 (compatible; MSIE 10.0; Windows NT 6.2; WOW64; Trident/6.0)"
123.125.71.54 - - [18/Aug/2013:17:22:29 -0400] "GET /Frame-1-hometop.htm HTTP/1.1" 200 1389 "-" "Mozilla/5.0 (compatible; Baiduspider/2.0; +http://www.baidu.com/search/spider.html)"
123.125.71.89 - - [18/Aug/2013:06:34:54 -0400] "GET /moremules.html HTTP/1.1" 200 1539 "-" "Mozilla/5.0 (compatible; Baiduspider/2.0; +http://www.baidu.com/search/spider.html)"
66.249.74.70 - - [18/Aug/2013:07:21:32 -0400] "GET /robots.txt HTTP/1.1" 200 25 "-" "Mozilla/5.0 (compatible; Googlebot/2.1; +http://www.google.com/bot.html)"
66.249.74.70 - - [18/Aug/2013:07:21:32 -0400] "GET / HTTP/1.1" 200 1524 "-" "Mozilla/5.0 (compatible; Googlebot/2.1; +http://www.google.com/bot.html)"
12.1.219.177 - - [18/Aug/2013:00:07:45 -0400] "GET /23/images/1/motif01.jpg HTTP/1.1" 304 - "-" "Mozilla/4.0 (compatible;)"
70.128.114.46 - - [18/Aug/2013:00:45:20 -0400] "GET /mulesforsale.html HTTP/1.1" 200 1548 "http://www.craigfarms.com/Frame-1-homeleft.htm" "Mozilla/5.0 (compatible; MSIE 10.0; Windows NT 6.1; WOW64; Trident/6.0)"
70.128.114.46 - - [18/Aug/2013:00:45:21 -0400] "GET /Frame-2-mulesforsaletop.htm HTTP/1.1" 200 1385 "http://www.craigfarms.com/mulesforsale.html" "Mozilla/5.0 (compatible; MSIE 10.0; Windows NT 6.1; WOW64; Trident/6.0)"
70.128.114.46 - - [18/Aug/2013:00:45:21 -0400] "GET /Frame-2-mulesforsaleleft.htm HTTP/1.1" 200 3957 "http://www.craigfarms.com/mulesforsale.html" "Mozilla/5.0 (compatible; MSIE 10.0; Windows NT 6.1; WOW64; Trident/6.0)"
70.128.114.46 - - [18/Aug/2013:00:45:21 -0400] "GET /images/300_Pa._Red_Team.3.jpg HTTP/1.1" 200 19162 "http://www.craigfarms.com/Frame-2-mulesforsalepage2.html?refresh=1374681744111" "Mozilla/5.0 (compatible; MSIE 10.0; Windows NT 6.1; WOW64; Trident/6.0)"
70.128.114.46 - - [18/Aug/2013:00:47:14 -0400] "GET /consoles/11/images/cn_right_back.gif HTTP/1.1" 200 958 "http://www.craigfarms.com/Frame-7-manurespreaderspage7.html?refresh=1374681744310" "Mozilla/5.0 (compatible; MSIE 10.0; Windows NT 6.1; WOW64; Trident/6.0)"
184.39.176.150 - - [18/Aug/2013:21:14:01 -0400] "GET /Frame-3-moremulesleft.htm HTTP/1.1" 200 3957 "http://www.craigfarms.com/moremules.html" "Mozilla/5.0 (Windows NT 5.1) AppleWebKit/537.36 (KHTML, like Gecko) Chrome/28.0.1500.95 Safari/537.36"
69.35.210.122 - - [18/Aug/2013:21:54:45 -0400] "GET /23/images/spacer.gif HTTP/1.1" 200 43 "http://www.craigfarms.com/Frame-3-moremulestop.htm" "Mozilla/5.0 (compatible; MSIE 10.0; Windows NT 6.1; WOW64; Trident/6.0)"
69.35.210.122 - - [18/Aug/2013:21:54:45 -0400] "GET /23/images/slogan.jpg HTTP/1.1" 200 4733 "http://www.craigfarms.com/Frame-3-moremulestop.htm" "Mozilla/5.0 (compatible; MSIE 10.0; Windows NT 6.1; WOW64; Trident/6.0)"
69.35.210.122 - - [18/Aug/2013:21:54:45 -0400] "GET /images/200_J.K._Star.1.jpg HTTP/1.1" 200 7732 "http://www.craigfarms.com/Frame-3-moremulespage3.html?refresh=1374681744177" "Mozilla/5.0 (compatible; MSIE 10.0; Windows NT 6.1; WOW64; Trident/6.0)"
69.35.210.122 - - [18/Aug/2013:21:54:46 -0400] "GET /23/images/left-04_over.gif HTTP/1.1" 200 563 "http://www.craigfarms.com/Frame-3-moremulesleft.htm" "Mozilla/5.0 (compatible; MSIE 10.0; Windows NT 6.1; WOW64; Trident/6.0)"
69.35.210.122 - - [18/Aug/2013:21:54:46 -0400] "GET /23/images/left-01.gif HTTP/1.1" 200 87 "http://www.craigfarms.com/Frame-3-moremulesleft.htm" "Mozilla/5.0 (compatible; MSIE 10.0; Windows NT 6.1; WOW64; Trident/6.0)"
69.35.210.122 - - [18/Aug/2013:21:54:46 -0400] "GET /23/images/left-06.gif HTTP/1.1" 200 457 "http://www.craigfarms.com/Frame-3-moremulesleft.htm" "Mozilla/5.0 (compatible; MSIE 10.0; Windows NT 6.1; WOW64; Trident/6.0)"
70.193.129.135 - - [18/Aug/2013:22:13:45 -0400] "GET /Frame-7-manurespreadersleft.htm HTTP/1.1" 200 3957 "http://www.craigfarms.com/manurespreaders.html" "Mozilla/5.0 (compatible; MSIE 10.0; Windows NT 6.1; WOW64; Trident/6.0)"
70.193.129.135 - - [18/Aug/2013:22:13:45 -0400] "GET /consoles/11/images/cn_back03.jpg HTTP/1.1" 200 10126 "http://www.craigfarms.com/Frame-7-manurespreaderspage7.html?refresh=1374681744310" "Mozilla/5.0 (compatible; MSIE 10.0; Windows NT 6.1; WOW64; Trident/6.0)"
70.193.129.135 - - [18/Aug/2013:22:13:46 -0400] "GET /images/435_M._Spreader.2.jpg HTTP/1.1" 200 30574 "http://www.craigfarms.com/Frame-7-manurespreaderspage7.html?refresh=1374681744310" "Mozilla/5.0 (compatible; MSIE 10.0; Windows NT 6.1; WOW64; Trident/6.0)"
178.154.243.81 - - [18/Aug/2013:23:04:45 -0400] "GET /consoles/11/images/cn_corner03.gif HTTP/1.1" 304 - "-" "Mozilla/5.0 (compatible; YandexImages/3.0; +http://yandex.com/bots)"
76.11.250.201 - - [18/Aug/2013:13:10:35 -0400] "GET /moremules.html HTTP/1.1" 200 1539 "http://www.craigfarms.com/Frame-2-mulesforsaleleft.htm" "Mozilla/4.0 (compatible; MSIE 7.0; Windows NT 6.0; SLCC1; .NET CLR 2.0.50727; Media Center PC 5.0; .NET CLR 3.5.30729; .NET CLR 3.0.30618; .NET4.0C)"
76.11.250.201 - - [18/Aug/2013:13:10:35 -0400] "GET /Frame-3-moremulestop.htm HTTP/1.1" 200 1385 "http://www.craigfarms.com/moremules.html" "Mozilla/4.0 (compatible; MSIE 7.0; Windows NT 6.0; SLCC1; .NET CLR 2.0.50727; Media Center PC 5.0; .NET CLR 3.5.30729; .NET CLR 3.0.30618; .NET4.0C)"
76.11.250.201 - - [18/Aug/2013:13:10:35 -0400] "GET /Frame-3-moremulespage3.html?refresh=1374681744177 HTTP/1.1" 200 6684 "http://www.craigfarms.com/moremules.html" "Mozilla/4.0 (compatible; MSIE 7.0; Windows NT 6.0; SLCC1; .NET CLR 2.0.50727; Media Center PC 5.0; .NET CLR 3.5.30729; .NET CLR 3.0.30618; .NET4.0C)"
76.11.250.201 - - [18/Aug/2013:13:10:35 -0400] "GET /images/350_Big_Johnny.1.jpg HTTP/1.1" 200 15903 "http://www.craigfarms.com/Frame-3-moremulespage3.html?refresh=1374681744177" "Mozilla/4.0 (compatible; MSIE 7.0; Windows NT 6.0; SLCC1; .NET CLR 2.0.50727; Media Center PC 5.0; .NET CLR 3.5.30729; .NET CLR 3.0.30618; .NET4.0C)"
76.11.250.201 - - [18/Aug/2013:13:10:35 -0400] "GET /images/250_Red_N.O.3.jpg HTTP/1.1" 200 10492 "http://www.craigfarms.com/Frame-3-moremulespage3.html?refresh=1374681744177" "Mozilla/4.0 (compatible; MSIE 7.0; Windows NT 6.0; SLCC1; .NET CLR 2.0.50727; Media Center PC 5.0; .NET CLR 3.5.30729; .NET CLR 3.0.30618; .NET4.0C)"
220.181.108.91 - - [18/Aug/2013:04:26:51 -0400] "GET /images/100_facebook.jpg HTTP/1.1" 200 1592 "-" "Baiduspider-image+(+http://www.baidu.com/search/spider.htm)"
66.249.74.129 - - [18/Aug/2013:05:12:45 -0400] "GET /23/scripts/icwebsiteelement.css HTTP/1.1" 200 8132 "http://www.craigfarms.net/" "Mozilla/5.0 (compatible; Googlebot/2.1; +http://www.google.com/bot.html)"
157.55.35.36 - - [18/Aug/2013:04:32:20 -0400] "GET / HTTP/1.1" 200 1524 "-" "Mozilla/5.0 (compatible; bingbot/2.0; +http://www.bing.com/bingbot.htm)"
123.125.71.109 - - [18/Aug/2013:06:34:55 -0400] "GET /Frame-3-moremulestop.htm HTTP/1.1" 200 1385 "-" "Mozilla/5.0 (compatible; Baiduspider/2.0; +http://www.baidu.com/search/spider.html)"
205.178.190.234 - - [18/Aug/2013:07:49:12 -0400] "GET /Frame-1-homepage1.html?refresh=1374681743953 HTTP/1.1" 200 6162 "http://craigfarms.net/" "Mozilla/4.0 (compatible; MSIE 7.0; Windows NT 5.2; Trident/4.0; .NET CLR 1.1.4322; .NET CLR 2.0.50727; .NET CLR 3.0.4506.2152; .NET CLR 3.5.30729)"
205.178.190.234 - - [18/Aug/2013:07:49:12 -0400] "GET /scripts/user.js HTTP/1.1" 200 23762 "http://craigfarms.net/Frame-1-hometop.htm" "Mozilla/4.0 (compatible; MSIE 7.0; Windows NT 5.2; Trident/4.0; .NET CLR 1.1.4322; .NET CLR 2.0.50727; .NET CLR 3.0.4506.2152; .NET CLR 3.5.30729)"
205.178.190.234 - - [18/Aug/2013:07:49:12 -0400] "GET /images/100_facebook.jpg HTTP/1.1" 200 1592 "http://craigfarms.net/Frame-1-homepage1.html?refresh=1374681743953" "Mozilla/4.0 (compatible; MSIE 7.0; Windows NT 5.2; Trident/4.0; .NET CLR 1.1.4322; .NET CLR 2.0.50727; .NET CLR 3.0.4506.2152; .NET CLR 3.5.30729)"
205.178.190.234 - - [18/Aug/2013:07:49:12 -0400] "GET /23/images/bg_top.jpg HTTP/1.1" 200 793 "http://craigfarms.net/Frame-1-hometop.htm" "Mozilla/4.0 (compatible; MSIE 7.0; Windows NT 5.2; Trident/4.0; .NET CLR 1.1.4322; .NET CLR 2.0.50727; .NET CLR 3.0.4506.2152; .NET CLR 3.5.30729)"
205.178.190.234 - - [18/Aug/2013:07:49:12 -0400] "GET /23/images/1/motif01.jpg HTTP/1.1" 200 6534 "http://craigfarms.net/Frame-1-hometop.htm" "Mozilla/4.0 (compatible; MSIE 7.0; Windows NT 5.2; Trident/4.0; .NET CLR 1.1.4322; .NET CLR 2.0.50727; .NET CLR 3.0.4506.2152; .NET CLR 3.5.30729)"
205.178.190.234 - - [18/Aug/2013:07:49:12 -0400] "GET /23/images/1/motif02.jpg HTTP/1.1" 200 1836 "http://craigfarms.net/Frame-1-hometop.htm" "Mozilla/4.0 (compatible; MSIE 7.0; Windows NT 5.2; Trident/4.0; .NET CLR 1.1.4322; .NET CLR 2.0.50727; .NET CLR 3.0.4506.2152; .NET CLR 3.5.30729)"
205.178.190.234 - - [18/Aug/2013:07:49:12 -0400] "GET /23/images/top-06.gif HTTP/1.1" 200 135 "http://craigfarms.net/Frame-1-hometop.htm" "Mozilla/4.0 (compatible; MSIE 7.0; Windows NT 5.2; Trident/4.0; .NET CLR 1.1.4322; .NET CLR 2.0.50727; .NET CLR 3.0.4506.2152; .NET CLR 3.5.30729)"
205.178.190.234 - - [18/Aug/2013:07:49:12 -0400] "GET /23/images/left-02_over.gif HTTP/1.1" 200 373 "http://craigfarms.net/Frame-1-homeleft.htm" "Mozilla/4.0 (compatible; MSIE 7.0; Windows NT 5.2; Trident/4.0; .NET CLR 1.1.4322; .NET CLR 2.0.50727; .NET CLR 3.0.4506.2152; .NET CLR 3.5.30729)"
205.178.190.234 - - [18/Aug/2013:07:49:12 -0400] "GET /23/images/left-05_over.gif HTTP/1.1" 200 711 "http://craigfarms.net/Frame-1-homeleft.htm" "Mozilla/4.0 (compatible; MSIE 7.0; Windows NT 5.2; Trident/4.0; .NET CLR 1.1.4322; .NET CLR 2.0.50727; .NET CLR 3.0.4506.2152; .NET CLR 3.5.30729)"
205.178.190.234 - - [18/Aug/2013:07:49:12 -0400] "GET /23/images/left-06_over.gif HTTP/1.1" 200 535 "http://craigfarms.net/Frame-1-homeleft.htm" "Mozilla/4.0 (compatible; MSIE 7.0; Windows NT 5.2; Trident/4.0; .NET CLR 1.1.4322; .NET CLR 2.0.50727; .NET CLR 3.0.4506.2152; .NET CLR 3.5.30729)"
205.178.190.234 - - [18/Aug/2013:07:49:12 -0400] "GET /23/images/left-04.gif HTTP/1.1" 200 475 "http://craigfarms.net/Frame-1-homeleft.htm" "Mozilla/4.0 (compatible; MSIE 7.0; Windows NT 5.2; Trident/4.0; .NET CLR 1.1.4322; .NET CLR 2.0.50727; .NET CLR 3.0.4506.2152; .NET CLR 3.5.30729)"
205.178.190.234 - - [18/Aug/2013:07:49:12 -0400] "GET /23/images/left-07.gif HTTP/1.1" 200 319 "http://craigfarms.net/Frame-1-homeleft.htm" "Mozilla/4.0 (compatible; MSIE 7.0; Windows NT 5.2; Trident/4.0; .NET CLR 1.1.4322; .NET CLR 2.0.50727; .NET CLR 3.0.4506.2152; .NET CLR 3.5.30729)"
205.178.190.234 - - [18/Aug/2013:07:49:12 -0400] "GET /23/images/left-06.gif HTTP/1.1" 200 457 "http://craigfarms.net/Frame-1-homeleft.htm" "Mozilla/4.0 (compatible; MSIE 7.0; Windows NT 5.2; Trident/4.0; .NET CLR 1.1.4322; .NET CLR 2.0.50727; .NET CLR 3.0.4506.2152; .NET CLR 3.5.30729)"
205.178.190.234 - - [18/Aug/2013:07:49:12 -0400] "GET /23/images/left-05.gif HTTP/1.1" 200 638 "http://craigfarms.net/Frame-1-homeleft.htm" "Mozilla/4.0 (compatible; MSIE 7.0; Windows NT 5.2; Trident/4.0; .NET CLR 1.1.4322; .NET CLR 2.0.50727; .NET CLR 3.0.4506.2152; .NET CLR 3.5.30729)"
178.154.243.81 - - [18/Aug/2013:15:23:40 -0400] "GET /images/250_dscf0157.jpg HTTP/1.1" 304 - "-" "Mozilla/5.0 (compatible; YandexImages/3.0; +http://yandex.com/bots)"
209.182.125.199 - - [18/Aug/2013:15:37:31 -0400] "GET /23/scripts/icwebsiteelement.css HTTP/1.1" 200 8132 "http://www.craigfarms.com/" "Mozilla/5.0 (compatible; MSIE 10.0; Windows NT 6.1; WOW64; Trident/6.0)"
209.182.125.199 - - [18/Aug/2013:15:37:32 -0400] "GET /Frame-1-homepage1.html?refresh=1374681743953 HTTP/1.1" 200 6162 "http://www.craigfarms.com/" "Mozilla/5.0 (compatible; MSIE 10.0; Windows NT 6.1; WOW64; Trident/6.0)"
209.182.125.199 - - [18/Aug/2013:15:37:33 -0400] "GET /images/100_facebook.jpg HTTP/1.1" 200 1592 "http://www.craigfarms.com/Frame-1-homepage1.html?refresh=1374681743953" "Mozilla/5.0 (compatible; MSIE 10.0; Windows NT 6.1; WOW64; Trident/6.0)"
209.182.125.199 - - [18/Aug/2013:15:37:36 -0400] "GET /Frame-2-mulesforsaleleft.htm HTTP/1.1" 200 3957 "http://www.craigfarms.com/mulesforsale.html" "Mozilla/5.0 (compatible; MSIE 10.0; Windows NT 6.1; WOW64; Trident/6.0)"
209.182.125.199 - - [18/Aug/2013:15:37:36 -0400] "GET /23/images/motif01.jpg HTTP/1.1" 200 6534 "http://www.craigfarms.com/Frame-2-mulesforsaletop.htm" "Mozilla/5.0 (compatible; MSIE 10.0; Windows NT 6.1; WOW64; Trident/6.0)"
209.182.125.199 - - [18/Aug/2013:15:37:37 -0400] "GET /images/193_Murray_Team.6.jpg HTTP/1.1" 200 5502 "http://www.craigfarms.com/Frame-2-mulesforsalepage2.html?refresh=1374681744111" "Mozilla/5.0 (compatible; MSIE 10.0; Windows NT 6.1; WOW64; Trident/6.0)"
209.182.125.199 - - [18/Aug/2013:15:37:37 -0400] "GET /images/spacer.gif HTTP/1.1" 200 43 "http://www.craigfarms.com/Frame-2-mulesforsalepage2.html?refresh=1374681744111" "Mozilla/5.0 (compatible; MSIE 10.0; Windows NT 6.1; WOW64; Trident/6.0)"
178.154.243.81 - - [18/Aug/2013:17:52:49 -0400] "GET /images/200_Mahlon_Gray.4.jpg HTTP/1.1" 304 - "-" "Mozilla/5.0 (compatible; YandexImages/3.0; +http://yandex.com/bots)"
178.154.243.81 - - [18/Aug/2013:21:58:45 -0400] "GET /images/193_Blk._Horse_Mule.1.jpg HTTP/1.1" 304 - "-" "Mozilla/5.0 (compatible; YandexImages/3.0; +http://yandex.com/bots)"
70.193.129.135 - - [18/Aug/2013:22:13:46 -0400] "GET /consoles/11/images/cn_corner02.gif HTTP/1.1" 200 281 "http://www.craigfarms.com/Frame-7-manurespreaderspage7.html?refresh=1374681744310" "Mozilla/5.0 (compatible; MSIE 10.0; Windows NT 6.1; WOW64; Trident/6.0)"
70.193.129.135 - - [18/Aug/2013:22:13:46 -0400] "GET /consoles/11/images/cn_top_back.gif HTTP/1.1" 200 1717 "http://www.craigfarms.com/Frame-7-manurespreaderspage7.html?refresh=1374681744310" "Mozilla/5.0 (compatible; MSIE 10.0; Windows NT 6.1; WOW64; Trident/6.0)"
178.154.243.81 - - [18/Aug/2013:23:46:27 -0400] "GET /consoles/11/images/cn_corner04.gif HTTP/1.1" 200 281 "-" "Mozilla/5.0 (compatible; YandexImages/3.0; +http://yandex.com/bots)"
70.128.114.46 - - [18/Aug/2013:00:46:25 -0400] "GET /moremules.html HTTP/1.1" 200 1539 "http://www.craigfarms.com/Frame-2-mulesforsaleleft.htm" "Mozilla/5.0 (compatible; MSIE 10.0; Windows NT 6.1; WOW64; Trident/6.0)"
70.128.114.46 - - [18/Aug/2013:00:46:25 -0400] "GET /Frame-3-moremulestop.htm HTTP/1.1" 200 1385 "http://www.craigfarms.com/moremules.html" "Mozilla/5.0 (compatible; MSIE 10.0; Windows NT 6.1; WOW64; Trident/6.0)"
70.128.114.46 - - [18/Aug/2013:00:46:25 -0400] "GET /Frame-3-moremulespage3.html?refresh=1374681744177 HTTP/1.1" 200 6684 "http://www.craigfarms.com/moremules.html" "Mozilla/5.0 (compatible; MSIE 10.0; Windows NT 6.1; WOW64; Trident/6.0)"
70.128.114.46 - - [18/Aug/2013:00:46:25 -0400] "GET /images/250_Red_White_Face_N.O.3.jpg HTTP/1.1" 200 10477 "http://www.craigfarms.com/Frame-3-moremulespage3.html?refresh=1374681744177" "Mozilla/5.0 (compatible; MSIE 10.0; Windows NT 6.1; WOW64; Trident/6.0)"
97.66.210.115 - - [18/Aug/2013:18:18:52 -0400] "GET /moremules.html HTTP/1.1" 200 1539 "http://www.craigfarms.com/Frame-2-mulesforsaleleft.htm" "Mozilla/5.0 (compatible; MSIE 10.0; Windows NT 6.1; Win64; x64; Trident/6.0)"
97.66.210.115 - - [18/Aug/2013:18:18:52 -0400] "GET /Frame-3-moremulestop.htm HTTP/1.1" 200 1385 "http://www.craigfarms.com/moremules.html" "Mozilla/5.0 (compatible; MSIE 10.0; Windows NT 6.1; Win64; x64; Trident/6.0)"
97.66.210.115 - - [18/Aug/2013:18:18:53 -0400] "GET /images/350_Big_Johnny.1.jpg HTTP/1.1" 200 15903 "http://www.craigfarms.com/Frame-3-moremulespage3.html?refresh=1374681744177" "Mozilla/5.0 (compatible; MSIE 10.0; Windows NT 6.1; Win64; x64; Trident/6.0)"
98.86.115.175 - - [18/Aug/2013:19:20:49 -0400] "GET /mulesforsale.html HTTP/1.1" 200 1548 "http://www.craigfarms.com/Frame-1-homeleft.htm" "Mozilla/5.0 (compatible; MSIE 10.0; Windows NT 6.1; WOW64; Trident/6.0)"
98.86.115.175 - - [18/Aug/2013:19:20:49 -0400] "GET /Frame-2-mulesforsaletop.htm HTTP/1.1" 200 1385 "http://www.craigfarms.com/mulesforsale.html" "Mozilla/5.0 (compatible; MSIE 10.0; Windows NT 6.1; WOW64; Trident/6.0)"
98.86.115.175 - - [18/Aug/2013:19:20:50 -0400] "GET /Frame-2-mulesforsalepage2.html?refresh=1374681744111 HTTP/1.1" 200 8812 "http://www.craigfarms.com/mulesforsale.html" "Mozilla/5.0 (compatible; MSIE 10.0; Windows NT 6.1; WOW64; Trident/6.0)"
98.86.115.175 - - [18/Aug/2013:19:20:50 -0400] "GET /23/images/motif01.jpg HTTP/1.1" 200 6534 "http://www.craigfarms.com/Frame-2-mulesforsaletop.htm" "Mozilla/5.0 (compatible; MSIE 10.0; Windows NT 6.1; WOW64; Trident/6.0)"
98.86.115.175 - - [18/Aug/2013:19:20:50 -0400] "GET /images/250_Big_N.O._2.jpg HTTP/1.1" 200 10050 "http://www.craigfarms.com/Frame-2-mulesforsalepage2.html?refresh=1374681744111" "Mozilla/5.0 (compatible; MSIE 10.0; Windows NT 6.1; WOW64; Trident/6.0)"
98.86.115.175 - - [18/Aug/2013:19:20:50 -0400] "GET /images/250_Doodlebug.1.jpg HTTP/1.1" 200 9769 "http://www.craigfarms.com/Frame-2-mulesforsalepage2.html?refresh=1374681744111" "Mozilla/5.0 (compatible; MSIE 10.0; Windows NT 6.1; WOW64; Trident/6.0)"
98.86.115.175 - - [18/Aug/2013:19:20:50 -0400] "GET /images/250_Lucky.2.jpg HTTP/1.1" 200 11524 "http://www.craigfarms.com/Frame-2-mulesforsalepage2.html?refresh=1374681744111" "Mozilla/5.0 (compatible; MSIE 10.0; Windows NT 6.1; WOW64; Trident/6.0)"
184.39.176.150 - - [18/Aug/2013:21:13:45 -0400] "GET /scripts/ic_globals_published.js HTTP/1.1" 200 566 "http://www.craigfarms.com/" "Mozilla/5.0 (Windows NT 5.1) AppleWebKit/537.36 (KHTML, like Gecko) Chrome/28.0.1500.95 Safari/537.36"
184.39.176.150 - - [18/Aug/2013:21:13:47 -0400] "GET /23/images/bg_left.jpg HTTP/1.1" 200 952 "http://www.craigfarms.com/Frame-1-homeleft.htm" "Mozilla/5.0 (Windows NT 5.1) AppleWebKit/537.36 (KHTML, like Gecko) Chrome/28.0.1500.95 Safari/537.36"
184.39.176.150 - - [18/Aug/2013:21:13:47 -0400] "GET /23/images/left-05_over.gif HTTP/1.1" 200 711 "http://www.craigfarms.com/Frame-1-homeleft.htm" "Mozilla/5.0 (Windows NT 5.1) AppleWebKit/537.36 (KHTML, like Gecko) Chrome/28.0.1500.95 Safari/537.36"
184.39.176.150 - - [18/Aug/2013:21:13:47 -0400] "GET /23/images/01a.gif HTTP/1.1" 200 327 "http://www.craigfarms.com/Frame-1-homeleft.htm" "Mozilla/5.0 (Windows NT 5.1) AppleWebKit/537.36 (KHTML, like Gecko) Chrome/28.0.1500.95 Safari/537.36"
184.39.176.150 - - [18/Aug/2013:21:13:47 -0400] "GET /23/images/motif03.jpg HTTP/1.1" 200 6849 "http://www.craigfarms.com/Frame-1-homeleft.htm" "Mozilla/5.0 (Windows NT 5.1) AppleWebKit/537.36 (KHTML, like Gecko) Chrome/28.0.1500.95 Safari/537.36"
184.39.176.150 - - [18/Aug/2013:21:13:47 -0400] "GET /23/images/company.jpg HTTP/1.1" 200 5899 "http://www.craigfarms.com/Frame-1-hometop.htm" "Mozilla/5.0 (Windows NT 5.1) AppleWebKit/537.36 (KHTML, like Gecko) Chrome/28.0.1500.95 Safari/537.36"
184.39.176.150 - - [18/Aug/2013:21:14:32 -0400] "GET /images/250_Big_N.O._2.jpg HTTP/1.1" 200 10050 "http://www.craigfarms.com/Frame-2-mulesforsalepage2.html?refresh=1374681744111" "Mozilla/5.0 (Windows NT 5.1) AppleWebKit/537.36 (KHTML, like Gecko) Chrome/28.0.1500.95 Safari/537.36"
69.35.210.122 - - [18/Aug/2013:21:55:03 -0400] "GET /23/images/company.jpg HTTP/1.1" 200 5899 "http://www.craigfarms.com/Frame-3-moremulestop.htm" "Mozilla/5.0 (compatible; MSIE 10.0; Windows NT 6.1; WOW64; Trident/6.0)"
69.35.210.122 - - [18/Aug/2013:21:55:03 -0400] "GET /images/200_J.K._Star.1.jpg HTTP/1.1" 200 7732 "http://www.craigfarms.com/Frame-3-moremulespage3.html?refresh=1374681744177" "Mozilla/5.0 (compatible; MSIE 10.0; Windows NT 6.1; WOW64; Trident/6.0)"
69.35.210.122 - - [18/Aug/2013:21:55:04 -0400] "GET /23/images/left-04_over.gif HTTP/1.1" 200 563 "http://www.craigfarms.com/Frame-3-moremulesleft.htm" "Mozilla/5.0 (compatible; MSIE 10.0; Windows NT 6.1; WOW64; Trident/6.0)"
69.35.210.122 - - [18/Aug/2013:21:55:04 -0400] "GET /23/images/left-03.gif HTTP/1.1" 200 540 "http://www.craigfarms.com/Frame-3-moremulesleft.htm" "Mozilla/5.0 (compatible; MSIE 10.0; Windows NT 6.1; WOW64; Trident/6.0)"
69.35.210.122 - - [18/Aug/2013:21:55:06 -0400] "GET /moremules.html HTTP/1.1" 200 1539 "http://www.craigfarms.com/Frame-3-moremulesleft.htm" "Mozilla/5.0 (compatible; MSIE 10.0; Windows NT 6.1; WOW64; Trident/6.0)"
69.35.210.122 - - [18/Aug/2013:21:55:06 -0400] "GET /images/250_Red_White_Face_N.O.3.jpg HTTP/1.1" 200 10477 "http://www.craigfarms.com/Frame-3-moremulespage3.html?refresh=1374681744177" "Mozilla/5.0 (compatible; MSIE 10.0; Windows NT 6.1; WOW64; Trident/6.0)"
69.35.210.122 - - [18/Aug/2013:21:55:07 -0400] "GET /23/images/motif02.jpg HTTP/1.1" 200 1836 "http://www.craigfarms.com/Frame-3-moremulestop.htm" "Mozilla/5.0 (compatible; MSIE 10.0; Windows NT 6.1; WOW64; Trident/6.0)"
70.193.129.135 - - [18/Aug/2013:22:13:46 -0400] "GET /consoles/11/images/cn_right_back.gif HTTP/1.1" 200 958 "http://www.craigfarms.com/Frame-7-manurespreaderspage7.html?refresh=1374681744310" "Mozilla/5.0 (compatible; MSIE 10.0; Windows NT 6.1; WOW64; Trident/6.0)"
98.222.108.30 - - [18/Aug/2013:23:27:51 -0400] "GET /scripts/user.js HTTP/1.1" 200 23762 "http://www.craigfarms.com/" "Mozilla/4.0 (compatible; MSIE 8.0; Windows NT 6.1; WOW64; Trident/4.0; FunWebProducts; GTB7.5; .NET4.0C; FunWebProducts; McAfee; AskTbFWV5/5.15.25.44892; BRI/2)"
98.222.108.30 - - [18/Aug/2013:23:27:51 -0400] "GET /Frame-1-homepage1.html?refresh=1374681743953 HTTP/1.1" 200 6162 "http://www.craigfarms.com/" "Mozilla/4.0 (compatible; MSIE 8.0; Windows NT 6.1; WOW64; Trident/4.0; FunWebProducts; GTB7.5; .NET4.0C; FunWebProducts; McAfee; AskTbFWV5/5.15.25.44892; BRI/2)"
98.222.108.30 - - [18/Aug/2013:23:27:51 -0400] "GET /23/images/1/motif01.jpg HTTP/1.1" 200 6534 "http://www.craigfarms.com/Frame-1-hometop.htm" "Mozilla/4.0 (compatible; MSIE 8.0; Windows NT 6.1; WOW64; Trident/4.0; FunWebProducts; GTB7.5; .NET4.0C; FunWebProducts; McAfee; AskTbFWV5/5.15.25.44892; BRI/2)"
98.222.108.30 - - [18/Aug/2013:23:27:51 -0400] "GET /23/images/bg_left.jpg HTTP/1.1" 200 952 "http://www.craigfarms.com/Frame-1-homeleft.htm" "Mozilla/4.0 (compatible; MSIE 8.0; Windows NT 6.1; WOW64; Trident/4.0; FunWebProducts; GTB7.5; .NET4.0C; FunWebProducts; McAfee; AskTbFWV5/5.15.25.44892; BRI/2)"
98.222.108.30 - - [18/Aug/2013:23:27:51 -0400] "GET /23/images/left-05_over.gif HTTP/1.1" 200 711 "http://www.craigfarms.com/Frame-1-homeleft.htm" "Mozilla/4.0 (compatible; MSIE 8.0; Windows NT 6.1; WOW64; Trident/4.0; FunWebProducts; GTB7.5; .NET4.0C; FunWebProducts; McAfee; AskTbFWV5/5.15.25.44892; BRI/2)"
98.222.108.30 - - [18/Aug/2013:23:27:51 -0400] "GET /23/images/left-04.gif HTTP/1.1" 200 475 "http://www.craigfarms.com/Frame-1-homeleft.htm" "Mozilla/4.0 (compatible; MSIE 8.0; Windows NT 6.1; WOW64; Trident/4.0; FunWebProducts; GTB7.5; .NET4.0C; FunWebProducts; McAfee; AskTbFWV5/5.15.25.44892; BRI/2)"
98.222.108.30 - - [18/Aug/2013:23:27:52 -0400] "GET /favicon.ico HTTP/1.1" 404 575 "-" "Mozilla/4.0 (compatible; MSIE 8.0; Windows NT 6.1; WOW64; Trident/4.0; FunWebProducts; GTB7.5; .NET4.0C; FunWebProducts; McAfee; AskTbFWV5/5.15.25.44892; BRI/2)"
178.154.243.81 - - [18/Aug/2013:16:13:23 -0400] "GET /images/250_Red_N.O.3.jpg HTTP/1.1" 304 - "-" "Mozilla/5.0 (compatible; YandexImages/3.0; +http://yandex.com/bots)"
74.33.98.195 - - [18/Aug/2013:16:13:53 -0400] "GET /Frame-7-manurespreaderspage7.html?refresh=1374681744310 HTTP/1.1" 200 5406 "http://www.craigfarms.com/manurespreaders.html" "Mozilla/5.0 (iPad; CPU OS 6_1_3 like Mac OS X) AppleWebKit/536.26 (KHTML, like Gecko) Version/6.0 Mobile/10B329 Safari/8536.25"
74.33.98.195 - - [18/Aug/2013:16:13:53 -0400] "GET /consoles/11/images/cn_right_back.gif HTTP/1.1" 200 958 "http://www.craigfarms.com/Frame-7-manurespreaderspage7.html?refresh=1374681744310" "Mozilla/5.0 (iPad; CPU OS 6_1_3 like Mac OS X) AppleWebKit/536.26 (KHTML, like Gecko) Version/6.0 Mobile/10B329 Safari/8536.25"
12.1.219.177 - - [18/Aug/2013:11:08:04 -0400] "GET /23/images/top-01.gif HTTP/1.1" 304 - "-" "Mozilla/4.0 (compatible;)"
66.249.74.129 - - [18/Aug/2013:11:21:27 -0400] "GET /robots.txt HTTP/1.1" 200 25 "-" "Mozilla/5.0 (compatible; Googlebot/2.1; +http://www.google.com/bot.html)"
76.11.250.201 - - [18/Aug/2013:13:10:14 -0400] "GET /mulesforsale.html HTTP/1.1" 200 1548 "http://www.craigfarms.com/Frame-1-homeleft.htm" "Mozilla/4.0 (compatible; MSIE 7.0; Windows NT 6.0; SLCC1; .NET CLR 2.0.50727; Media Center PC 5.0; .NET CLR 3.5.30729; .NET CLR 3.0.30618; .NET4.0C)"
