178.154.243.81 - - [19/Aug/2013:07:55:31 -0400] "GET /images/250_Little_Stewy.6.jpg HTTP/1.1" 304 - "-" "Mozilla/5.0 (compatible; YandexImages/3.0; +http://yandex.com/bots)"
178.154.243.81 - - [19/Aug/2013:19:36:18 -0400] "GET /consoles/11/images/cn_corner04.gif HTTP/1.1" 304 - "-" "Mozilla/5.0 (compatible; YandexImages/3.0; +http://yandex.com/bots)"
178.154.243.81 - - [19/Aug/2013:20:38:35 -0400] "GET /images/300_white_face_team.1.jpg HTTP/1.1" 304 - "-" "Mozilla/5.0 (compatible; YandexImages/3.0; +http://yandex.com/bots)"
209.169.103.10 - - [19/Aug/2013:15:37:31 -0400] "GET /23/scripts/icwebsiteelement.css HTTP/1.1" 200 8132 "http://www.craigfarms.com/" "Mozilla/5.0 (compatible; MSIE 10.0; Windows NT 6.2; WOW64; Trident/6.0; Touch; MASMJS)"
209.169.103.10 - - [19/Aug/2013:15:37:32 -0400] "GET /23/images/spacer.gif HTTP/1.1" 200 43 "http://www.craigfarms.com/Frame-1-hometop.htm" "Mozilla/5.0 (compatible; MSIE 10.0; Windows NT 6.2; WOW64; Trident/6.0; Touch; MASMJS)"
209.169.103.10 - - [19/Aug/2013:15:37:32 -0400] "GET /23/images/company.jpg HTTP/1.1" 200 5899 "http://www.craigfarms.com/Frame-1-hometop.htm" "Mozilla/5.0 (compatible; MSIE 10.0; Windows NT 6.2; WOW64; Trident/6.0; Touch; MASMJS)"
209.169.103.10 - - [19/Aug/2013:15:37:32 -0400] "GET /23/images/left-01.gif HTTP/1.1" 200 87 "http://www.craigfarms.com/Frame-1-homeleft.htm" "Mozilla/5.0 (compatible; MSIE 10.0; Windows NT 6.2; WOW64; Trident/6.0; Touch; MASMJS)"
209.169.103.10 - - [19/Aug/2013:15:37:32 -0400] "GET /23/images/left-03_over.gif HTTP/1.1" 200 616 "http://www.craigfarms.com/Frame-1-homeleft.htm" "Mozilla/5.0 (compatible; MSIE 10.0; Windows NT 6.2; WOW64; Trident/6.0; Touch; MASMJS)"
209.169.103.10 - - [19/Aug/2013:15:37:32 -0400] "GET /23/images/left-06.gif HTTP/1.1" 200 457 "http://www.craigfarms.com/Frame-1-homeleft.htm" "Mozilla/5.0 (compatible; MSIE 10.0; Windows NT 6.2; WOW64; Trident/6.0; Touch; MASMJS)"
205.188.117.70 - - [19/Aug/2013:16:07:14 -0400] "HEAD /23/images/motif02.jpg HTTP/1.1" 200 - "-" "-"
205.188.116.76 - - [19/Aug/2013:16:07:15 -0400] "HEAD /images/250_Lucky.2.jpg HTTP/1.1" 200 - "-" "-"
178.154.243.81 - - [19/Aug/2013:07:11:03 -0400] "GET /images/250_Red_White_Face_N.O.3.jpg HTTP/1.1" 304 - "-" "Mozilla/5.0 (compatible; YandexImages/3.0; +http://yandex.com/bots)"
8.28.16.254 - - [19/Aug/2013:09:13:12 -0400] "GET /Frame-2-mulesforsaleleft.htm HTTP/1.1" 304 - "-" "Mozilla/4.0 (compatible;)"
184.21.64.95 - - [19/Aug/2013:09:42:32 -0400] "GET /23/images/company.jpg HTTP/1.1" 200 5899 "http://www.craigfarms.com/Frame-1-hometop.htm" "Mozilla/5.0 (compatible; MSIE 10.0; Windows NT 6.1; WOW64; Trident/6.0)"
157.55.33.80 - - [19/Aug/2013:00:35:33 -0400] "GET /23/scripts/icwebsiteelement.css HTTP/1.1" 200 8132 "-" "Mozilla/5.0 (compatible; bingbot/2.0; +http://www.bing.com/bingbot.htm)"
65.55.55.231 - - [19/Aug/2013:02:49:22 -0400] "GET /manurespreaders/Frame-4-farmequipmentleft.htm HTTP/1.1" 200 4053 "-" "Mozilla/5.0 (compatible; bingbot/2.0; +http://www.bing.com/bingbot.htm)"
76.0.188.79 - - [19/Aug/2013:21:19:11 -0400] "GET /23/images/spacer.gif HTTP/1.1" 200 43 "http://www.craigfarms.com/Frame-1-hometop.htm" "Mozilla/5.0 (iPad; CPU OS 6_1_3 like Mac OS X) AppleWebKit/536.26 (KHTML, like Gecko) Version/6.0 Mobile/10B329 Safari/8536.25"
76.0.188.79 - - [19/Aug/2013:21:19:11 -0400] "GET /23/images/company.jpg HTTP/1.1" 200 5899 "http://www.craigfarms.com/Frame-1-hometop.htm" "Mozilla/5.0 (iPad; CPU OS 6_1_3 like Mac OS X) AppleWebKit/536.26 (KHTML, like Gecko) Version/6.0 Mobile/10B329 Safari/8536.25"
76.0.188.79 - - [19/Aug/2013:21:19:11 -0400] "GET /23/images/top-06.gif HTTP/1.1" 200 135 "http://www.craigfarms.com/Frame-1-hometop.htm" "Mozilla/5.0 (iPad; CPU OS 6_1_3 like Mac OS X) AppleWebKit/536.26 (KHTML, like Gecko) Version/6.0 Mobile/10B329 Safari/8536.25"
205.188.116.18 - - [19/Aug/2013:16:06:17 -0400] "HEAD /23/images/top-06.gif HTTP/1.1" 200 - "-" "-"
205.188.116.18 - - [19/Aug/2013:16:06:18 -0400] "GET /23/images/top-06.gif HTTP/1.1" 200 135 "http://craigfarms.com/Frame-1-hometop.htm" "Mozilla/4.0 (compatible; MSIE 7.0; AOL 9.0; Windows NT 5.1; .NET CLR 1.1.4322; PeoplePal 7.3)"
178.154.243.81 - - [19/Aug/2013:19:16:04 -0400] "GET /23/images/company.jpg HTTP/1.1" 200 5899 "-" "Mozilla/5.0 (compatible; YandexImages/3.0; +http://yandex.com/bots)"
125.209.208.3 - - [19/Aug/2013:03:10:10 -0400] "GET /robots.txt HTTP/1.1" 200 25 "-" "Yeti/1.0 (NHN Corp.; http://help.naver.com/robots/)"
178.154.243.81 - - [19/Aug/2013:05:57:44 -0400] "GET /images/300_white_face_team.1.jpg HTTP/1.1" 304 - "-" "Mozilla/5.0 (compatible; YandexImages/3.0; +http://yandex.com/bots)"
184.21.64.95 - - [19/Aug/2013:09:42:32 -0400] "GET /23/images/top-06.gif HTTP/1.1" 200 135 "http://www.craigfarms.com/Frame-1-hometop.htm" "Mozilla/5.0 (compatible; MSIE 10.0; Windows NT 6.1; WOW64; Trident/6.0)"
206.253.63.54 - - [19/Aug/2013:21:09:47 -0400] "GET /images/193_Murray_Team.1.jpg HTTP/1.1" 200 5941 "http://www.craigfarms.com/Frame-2-mulesforsalepage2.html?refresh=1374681744111" "Mozilla/5.0 (compatible; MSIE 10.0; Windows NT 6.2; Win64; x64; Trident/6.0; Touch; MALCJS)"
76.0.188.79 - - [19/Aug/2013:21:19:17 -0400] "GET /23/images/left-02_over.gif HTTP/1.1" 200 373 "http://www.craigfarms.com/Frame-1-homeleft.htm" "Mozilla/5.0 (iPad; CPU OS 6_1_3 like Mac OS X) AppleWebKit/536.26 (KHTML, like Gecko) Version/6.0 Mobile/10B329 Safari/8536.25"
76.0.188.79 - - [19/Aug/2013:21:19:18 -0400] "GET /23/images/left-06_over.gif HTTP/1.1" 200 535 "http://www.craigfarms.com/Frame-1-homeleft.htm" "Mozilla/5.0 (iPad; CPU OS 6_1_3 like Mac OS X) AppleWebKit/536.26 (KHTML, like Gecko) Version/6.0 Mobile/10B329 Safari/8536.25"
76.0.188.79 - - [19/Aug/2013:21:19:18 -0400] "GET /23/images/left-03.gif HTTP/1.1" 200 540 "http://www.craigfarms.com/Frame-1-homeleft.htm" "Mozilla/5.0 (iPad; CPU OS 6_1_3 like Mac OS X) AppleWebKit/536.26 (KHTML, like Gecko) Version/6.0 Mobile/10B329 Safari/8536.25"
76.0.188.79 - - [19/Aug/2013:21:19:18 -0400] "GET /23/images/left-07.gif HTTP/1.1" 200 319 "http://www.craigfarms.com/Frame-1-homeleft.htm" "Mozilla/5.0 (iPad; CPU OS 6_1_3 like Mac OS X) AppleWebKit/536.26 (KHTML, like Gecko) Version/6.0 Mobile/10B329 Safari/8536.25"
199.30.24.145 - - [19/Aug/2013:01:35:58 -0400] "GET /23/images/top-01.gif HTTP/1.1" 200 263 "http://www.craigfarms.com/Frame-7-manurespreaderstop.htm" "Mozilla/5.0 (Windows NT 6.1; WOW64) AppleWebKit/534+ (KHTML, like Gecko) BingPreview/1.0b"
184.21.64.95 - - [19/Aug/2013:09:42:32 -0400] "GET /Frame-1-homepage1.html?refresh=1374681743953 HTTP/1.1" 200 6162 "http://www.craigfarms.com/" "Mozilla/5.0 (compatible; MSIE 10.0; Windows NT 6.1; WOW64; Trident/6.0)"
184.21.64.95 - - [19/Aug/2013:09:42:32 -0400] "GET /23/images/01a.gif HTTP/1.1" 200 327 "http://www.craigfarms.com/Frame-1-homeleft.htm" "Mozilla/5.0 (compatible; MSIE 10.0; Windows NT 6.1; WOW64; Trident/6.0)"
205.188.116.19 - - [19/Aug/2013:16:05:11 -0400] "HEAD /Frame-1-hometop.htm HTTP/1.1" 200 - "-" "-"
70.208.2.40 - - [19/Aug/2013:16:45:47 -0400] "GET /scripts/ic_globals_published.js HTTP/1.1" 200 566 "http://www.craigfarms.com/" "Mozilla/5.0 (compatible; MSIE 10.0; Windows NT 6.1; WOW64; Trident/6.0)"
70.208.2.40 - - [19/Aug/2013:16:45:48 -0400] "GET /Frame-1-homepage1.html?refresh=1374681743953 HTTP/1.1" 200 6162 "http://www.craigfarms.com/" "Mozilla/5.0 (compatible; MSIE 10.0; Windows NT 6.1; WOW64; Trident/6.0)"
70.208.2.40 - - [19/Aug/2013:16:45:48 -0400] "GET /23/images/left-03.gif HTTP/1.1" 200 540 "http://www.craigfarms.com/Frame-1-homeleft.htm" "Mozilla/5.0 (compatible; MSIE 10.0; Windows NT 6.1; WOW64; Trident/6.0)"
70.208.2.40 - - [19/Aug/2013:16:45:48 -0400] "GET /23/images/1/motif01.jpg HTTP/1.1" 200 6534 "http://www.craigfarms.com/Frame-1-hometop.htm" "Mozilla/5.0 (compatible; MSIE 10.0; Windows NT 6.1; WOW64; Trident/6.0)"
70.208.2.40 - - [19/Aug/2013:16:45:48 -0400] "GET /images/350_Both_Donkeys.2.jpg HTTP/1.1" 200 19018 "http://www.craigfarms.com/Frame-1-homepage1.html?refresh=1374681743953" "Mozilla/5.0 (compatible; MSIE 10.0; Windows NT 6.1; WOW64; Trident/6.0)"
76.0.188.79 - - [19/Aug/2013:21:19:30 -0400] "GET /Frame-2-mulesforsalepage2.html?refresh=1374681744111 HTTP/1.1" 200 8812 "http://www.craigfarms.com/mulesforsale.html" "Mozilla/5.0 (iPad; CPU OS 6_1_3 like Mac OS X) AppleWebKit/536.26 (KHTML, like Gecko) Version/6.0 Mobile/10B329 Safari/8536.25"
76.0.188.79 - - [19/Aug/2013:21:19:30 -0400] "GET /images/250_Big_N.O._2.jpg HTTP/1.1" 200 10050 "http://www.craigfarms.com/Frame-2-mulesforsalepage2.html?refresh=1374681744111" "Mozilla/5.0 (iPad; CPU OS 6_1_3 like Mac OS X) AppleWebKit/536.26 (KHTML, like Gecko) Version/6.0 Mobile/10B329 Safari/8536.25"
76.0.188.79 - - [19/Aug/2013:21:19:30 -0400] "GET /images/250_Lucky.2.jpg HTTP/1.1" 200 11524 "http://www.craigfarms.com/Frame-2-mulesforsalepage2.html?refresh=1374681744111" "Mozilla/5.0 (iPad; CPU OS 6_1_3 like Mac OS X) AppleWebKit/536.26 (KHTML, like Gecko) Version/6.0 Mobile/10B329 Safari/8536.25"
180.76.5.163 - - [19/Aug/2013:22:52:58 -0400] "GET /Frame-1-homeleft.htm HTTP/1.1" 200 3957 "-" "Mozilla/5.0 (compatible; Baiduspider/2.0; +http://www.baidu.com/search/spider.html)"
167.239.222.239 - - [19/Aug/2013:13:36:55 -0400] "GET /images/spacer.gif HTTP/1.0" 200 43 "http://www.craigfarms.com/Frame-2-mulesforsalepage2.html?refresh=1374681744111" "Mozilla/4.0 (compatible; MSIE 8.0; Windows NT 6.1; WOW64; Trident/4.0; SLCC2; .NET CLR 2.0.50727; .NET CLR 3.5.30729; .NET CLR 3.0.30729; Media Center PC 6.0; .NET4.0C; .NET4.0E)"
24.175.241.121 - - [19/Aug/2013:20:17:06 -0400] "GET /scripts/ic_globals_published.js HTTP/1.1" 304 - "http://www.craigfarms.com/Frame-1-hometop.htm" "Mozilla/4.0 (compatible; MSIE 8.0; Windows NT 5.1; Trident/4.0; .NET CLR 2.0.50727; .NET CLR 3.0.4506.2152; .NET CLR 3.5.30729)"
24.175.241.121 - - [19/Aug/2013:20:17:06 -0400] "GET /23/images/1/motif01.jpg HTTP/1.1" 304 - "http://www.craigfarms.com/Frame-1-hometop.htm" "Mozilla/4.0 (compatible; MSIE 8.0; Windows NT 5.1; Trident/4.0; .NET CLR 2.0.50727; .NET CLR 3.0.4506.2152; .NET CLR 3.5.30729)"
24.175.241.121 - - [19/Aug/2013:20:17:06 -0400] "GET /23/images/left-02_over.gif HTTP/1.1" 304 - "http://www.craigfarms.com/Frame-1-homeleft.htm" "Mozilla/4.0 (compatible; MSIE 8.0; Windows NT 5.1; Trident/4.0; .NET CLR 2.0.50727; .NET CLR 3.0.4506.2152; .NET CLR 3.5.30729)"
24.175.241.121 - - [19/Aug/2013:20:17:06 -0400] "GET /23/images/left-07_over.gif HTTP/1.1" 304 - "http://www.craigfarms.com/Frame-1-homeleft.htm" "Mozilla/4.0 (compatible; MSIE 8.0; Windows NT 5.1; Trident/4.0; .NET CLR 2.0.50727; .NET CLR 3.0.4506.2152; .NET CLR 3.5.30729)"
24.175.241.121 - - [19/Aug/2013:20:17:06 -0400] "GET /23/images/left-07.gif HTTP/1.1" 304 - "http://www.craigfarms.com/Frame-1-homeleft.htm" "Mozilla/4.0 (compatible; MSIE 8.0; Windows NT 5.1; Trident/4.0; .NET CLR 2.0.50727; .NET CLR 3.0.4506.2152; .NET CLR 3.5.30729)"
64.12.116.69 - - [19/Aug/2013:08:29:02 -0400] "GET /23/images/bg_left.jpg HTTP/1.1" 200 952 "http://craigfarms.com/Frame-1-homeleft.htm" "Mozilla/4.0 (compatible; MSIE 7.0; AOL 9.0; Windows NT 5.1; .NET CLR 1.1.4322)"
64.12.116.69 - - [19/Aug/2013:08:29:03 -0400] "GET /23/images/left-07_over.gif HTTP/1.1" 200 416 "http://craigfarms.com/Frame-1-homeleft.htm" "Mozilla/4.0 (compatible; MSIE 7.0; AOL 9.0; Windows NT 5.1; .NET CLR 1.1.4322)"
64.12.116.134 - - [19/Aug/2013:08:29:58 -0400] "GET /Frame-3-moremulestop.htm HTTP/1.1" 200 1385 "http://craigfarms.com/moremules.html" "Mozilla/4.0 (compatible; MSIE 7.0; AOL 9.0; Windows NT 5.1; .NET CLR 1.1.4322)"
12.1.219.177 - - [19/Aug/2013:00:25:15 -0400] "GET /23/images/left-02_over.gif HTTP/1.1" 304 - "-" "Mozilla/4.0 (compatible;)"
178.154.243.81 - - [19/Aug/2013:01:22:39 -0400] "GET /images/200_J.K._Star.1.jpg HTTP/1.1" 304 - "-" "Mozilla/5.0 (compatible; YandexImages/3.0; +http://yandex.com/bots)"
64.12.116.17 - - [19/Aug/2013:08:29:01 -0400] "GET /Frame-1-homepage1.html?refresh=1374681743953 HTTP/1.1" 200 6162 "http://craigfarms.com/" "Mozilla/4.0 (compatible; MSIE 7.0; AOL 9.0; Windows NT 5.1; .NET CLR 1.1.4322)"
24.185.147.182 - - [19/Aug/2013:12:31:22 -0400] "GET /Frame-2-mulesforsalepage2.html?refresh=1374681744111 HTTP/1.1" 200 8812 "http://www.craigfarms.com/mulesforsale.html" "Mozilla/5.0 (iPad; CPU OS 6_1_3 like Mac OS X) AppleWebKit/536.26 (KHTML, like Gecko) Version/6.0 Mobile/10B329 Safari/8536.25"
24.185.147.182 - - [19/Aug/2013:12:31:23 -0400] "GET /images/250_Little_Stewy.6.jpg HTTP/1.1" 200 12294 "http://www.craigfarms.com/Frame-2-mulesforsalepage2.html?refresh=1374681744111" "Mozilla/5.0 (iPad; CPU OS 6_1_3 like Mac OS X) AppleWebKit/536.26 (KHTML, like Gecko) Version/6.0 Mobile/10B329 Safari/8536.25"
24.185.147.182 - - [19/Aug/2013:12:31:23 -0400] "GET /images/250_Lucky.2.jpg HTTP/1.1" 200 11524 "http://www.craigfarms.com/Frame-2-mulesforsalepage2.html?refresh=1374681744111" "Mozilla/5.0 (iPad; CPU OS 6_1_3 like Mac OS X) AppleWebKit/536.26 (KHTML, like Gecko) Version/6.0 Mobile/10B329 Safari/8536.25"
24.185.147.182 - - [19/Aug/2013:12:31:45 -0400] "GET /images/200_J.K._Star.1.jpg HTTP/1.1" 200 7732 "http://www.craigfarms.com/Frame-3-moremulespage3.html?refresh=1374681744177" "Mozilla/5.0 (iPad; CPU OS 6_1_3 like Mac OS X) AppleWebKit/536.26 (KHTML, like Gecko) Version/6.0 Mobile/10B329 Safari/8536.25"
178.154.243.81 - - [19/Aug/2013:14:14:20 -0400] "GET /images/193_jody.3.jpg HTTP/1.1" 304 - "-" "Mozilla/5.0 (compatible; YandexImages/3.0; +http://yandex.com/bots)"
220.181.108.88 - - [19/Aug/2013:16:40:57 -0400] "GET /Frame-1-homepage1.html?refresh=1374681743953 HTTP/1.1" 200 6162 "-" "Mozilla/5.0 (compatible; Baiduspider/2.0; +http://www.baidu.com/search/spider.html)"
12.1.219.177 - - [19/Aug/2013:17:11:33 -0400] "GET /23/images/1/motif02.jpg HTTP/1.1" 304 - "-" "Mozilla/4.0 (compatible;)"
184.21.64.95 - - [19/Aug/2013:09:42:32 -0400] "GET /23/scripts/master.css HTTP/1.1" 200 1951 "http://www.craigfarms.com/" "Mozilla/5.0 (compatible; MSIE 10.0; Windows NT 6.1; WOW64; Trident/6.0)"
178.154.243.81 - - [19/Aug/2013:02:01:46 -0400] "GET /images/435_farm_map.gif HTTP/1.1" 304 - "-" "Mozilla/5.0 (compatible; YandexImages/3.0; +http://yandex.com/bots)"
76.0.188.79 - - [19/Aug/2013:21:19:17 -0400] "GET /Frame-1-homeleft.htm HTTP/1.1" 200 3957 "http://www.craigfarms.com/" "Mozilla/5.0 (iPad; CPU OS 6_1_3 like Mac OS X) AppleWebKit/536.26 (KHTML, like Gecko) Version/6.0 Mobile/10B329 Safari/8536.25"
76.0.188.79 - - [19/Aug/2013:21:19:17 -0400] "GET /23/images/bg_left.jpg HTTP/1.1" 200 952 "http://www.craigfarms.com/Frame-1-homeleft.htm" "Mozilla/5.0 (iPad; CPU OS 6_1_3 like Mac OS X) AppleWebKit/536.26 (KHTML, like Gecko) Version/6.0 Mobile/10B329 Safari/8536.25"
209.169.103.10 - - [19/Aug/2013:15:37:32 -0400] "GET /favicon.ico HTTP/1.1" 404 575 "-" "Mozilla/5.0 (compatible; MSIE 10.0; Windows NT 6.2; Win64; x64; Trident/6.0; Touch; MASMJS)"
205.188.116.141 - - [19/Aug/2013:16:07:10 -0400] "GET /scripts/user.js HTTP/1.1" 200 23762 "http://craigfarms.com/mulesforsale.html" "Mozilla/4.0 (compatible; MSIE 7.0; AOL 9.0; Windows NT 5.1; .NET CLR 1.1.4322; PeoplePal 7.3)"
205.188.116.136 - - [19/Aug/2013:16:07:11 -0400] "GET /scripts/photoalbum.js HTTP/1.1" 200 62481 "http://craigfarms.com/mulesforsale.html" "Mozilla/4.0 (compatible; MSIE 7.0; AOL 9.0; Windows NT 5.1; .NET CLR 1.1.4322; PeoplePal 7.3)"
205.188.117.11 - - [19/Aug/2013:16:09:32 -0400] "GET /moremules.html HTTP/1.1" 200 1539 "http://craigfarms.com/Frame-2-mulesforsaleleft.htm" "Mozilla/4.0 (compatible; MSIE 7.0; AOL 9.0; Windows NT 5.1; .NET CLR 1.1.4322; PeoplePal 7.3)"
184.6.78.20 - - [19/Aug/2013:18:20:07 -0400] "GET /scripts/user.js HTTP/1.1" 200 23762 "http://www.craigfarms.com/" "Mozilla/5.0 (Windows NT 5.1; rv:22.0) Gecko/20100101 Firefox/22.0"
184.6.78.20 - - [19/Aug/2013:18:20:07 -0400] "GET /Frame-1-homeleft.htm HTTP/1.1" 200 3957 "http://www.craigfarms.com/" "Mozilla/5.0 (Windows NT 5.1; rv:22.0) Gecko/20100101 Firefox/22.0"
184.6.78.20 - - [19/Aug/2013:18:20:08 -0400] "GET /23/images/top-01.gif HTTP/1.1" 200 263 "http://www.craigfarms.com/Frame-1-hometop.htm" "Mozilla/5.0 (Windows NT 5.1; rv:22.0) Gecko/20100101 Firefox/22.0"
184.6.78.20 - - [19/Aug/2013:18:20:08 -0400] "GET /23/images/left-01.gif HTTP/1.1" 200 87 "http://www.craigfarms.com/Frame-1-homeleft.htm" "Mozilla/5.0 (Windows NT 5.1; rv:22.0) Gecko/20100101 Firefox/22.0"
184.6.78.20 - - [19/Aug/2013:18:20:08 -0400] "GET /23/images/left-05.gif HTTP/1.1" 200 638 "http://www.craigfarms.com/Frame-1-homeleft.htm" "Mozilla/5.0 (Windows NT 5.1; rv:22.0) Gecko/20100101 Firefox/22.0"
184.6.78.20 - - [19/Aug/2013:18:20:08 -0400] "GET /images/350_Both_Donkeys.2.jpg HTTP/1.1" 200 19018 "http://www.craigfarms.com/Frame-1-homepage1.html?refresh=1374681743953" "Mozilla/5.0 (Windows NT 5.1; rv:22.0) Gecko/20100101 Firefox/22.0"
184.6.78.20 - - [19/Aug/2013:18:20:08 -0400] "GET /23/images/left-05_over.gif HTTP/1.1" 200 711 "http://www.craigfarms.com/Frame-1-homeleft.htm" "Mozilla/5.0 (Windows NT 5.1; rv:22.0) Gecko/20100101 Firefox/22.0"
180.76.5.66 - - [19/Aug/2013:00:34:54 -0400] "GET /Frame-6-mappagetop.htm HTTP/1.1" 200 1385 "-" "Mozilla/5.0 (compatible; Baiduspider/2.0; +http://www.baidu.com/search/spider.html)"
199.30.24.145 - - [19/Aug/2013:01:35:57 -0400] "GET /23/scripts/master.css HTTP/1.1" 200 1951 "http://www.craigfarms.com/Frame-7-manurespreaderstop.htm" "Mozilla/5.0 (Windows NT 6.1; WOW64) AppleWebKit/534+ (KHTML, like Gecko) BingPreview/1.0b"
199.30.24.145 - - [19/Aug/2013:01:35:58 -0400] "GET /23/images/bg_top.jpg HTTP/1.1" 200 793 "http://www.craigfarms.com/Frame-7-manurespreaderstop.htm" "Mozilla/5.0 (Windows NT 6.1; WOW64) AppleWebKit/534+ (KHTML, like Gecko) BingPreview/1.0b"
192.95.47.180 - - [19/Aug/2013:04:02:53 -0400] "GET / HTTP/1.1" 200 1524 "-" "Mozilla/4.0 (compatible; MSIE 6.0; Windows NT 5.1; SV1; Mozilla/4.0 (compatible; MSIE 6.0; Windows NT 5.1; SV1) )"
180.76.5.151 - - [19/Aug/2013:04:25:29 -0400] "GET /Frame-7-manurespreaderspage7.html?refresh=1365544055413 HTTP/1.1" 200 5406 "-" "Mozilla/5.0 (compatible; Baiduspider/2.0; +http://www.baidu.com/search/spider.html)"
180.76.5.145 - - [19/Aug/2013:06:34:58 -0400] "GET /Frame-2-mulesforsalepage2.html?refresh=1356030610318 HTTP/1.1" 200 8812 "-" "Mozilla/5.0 (compatible; Baiduspider/2.0; +http://www.baidu.com/search/spider.html)"
64.12.117.14 - - [19/Aug/2013:08:28:59 -0400] "GET /scripts/ic_globals_published.js HTTP/1.1" 200 566 "http://craigfarms.com/" "Mozilla/4.0 (compatible; MSIE 7.0; AOL 9.0; Windows NT 5.1; .NET CLR 1.1.4322)"
64.12.116.17 - - [19/Aug/2013:08:29:23 -0400] "HEAD /Frame-2-mulesforsaletop.htm HTTP/1.1" 200 - "-" "-"
64.12.116.16 - - [19/Aug/2013:08:29:26 -0400] "HEAD /images/250_Lucky.2.jpg HTTP/1.1" 200 - "-" "-"
205.188.116.144 - - [19/Aug/2013:16:07:15 -0400] "HEAD /images/250_Doodlebug.1.jpg HTTP/1.1" 200 - "-" "-"
178.154.243.81 - - [19/Aug/2013:18:27:59 -0400] "GET /23/images/motif03.jpg HTTP/1.1" 200 6849 "-" "Mozilla/5.0 (compatible; YandexImages/3.0; +http://yandex.com/bots)"
220.181.108.116 - - [19/Aug/2013:01:23:52 -0400] "GET /Frame-1-homepage1.html?refresh=1374681743953 HTTP/1.1" 200 6162 "-" "Mozilla/5.0 (compatible; Baiduspider/2.0; +http://www.baidu.com/search/spider.html)"
184.21.64.95 - - [19/Aug/2013:09:42:32 -0400] "GET /23/images/left-06.gif HTTP/1.1" 200 457 "http://www.craigfarms.com/Frame-1-homeleft.htm" "Mozilla/5.0 (compatible; MSIE 10.0; Windows NT 6.1; WOW64; Trident/6.0)"
65.55.52.96 - - [19/Aug/2013:11:56:44 -0400] "GET /Frame-1-homeleft.htm HTTP/1.1" 200 3957 "-" "Mozilla/5.0 (compatible; bingbot/2.0; +http://www.bing.com/bingbot.htm)"
206.253.63.54 - - [19/Aug/2013:21:09:17 -0400] "GET / HTTP/1.1" 200 1524 "-" "Mozilla/5.0 (compatible; MSIE 10.0; Windows NT 6.2; Win64; x64; Trident/6.0; Touch; MALCJS)"
206.253.63.54 - - [19/Aug/2013:21:09:17 -0400] "GET /23/scripts/master.css HTTP/1.1" 200 1951 "http://www.craigfarms.com/" "Mozilla/5.0 (compatible; MSIE 10.0; Windows NT 6.2; Win64; x64; Trident/6.0; Touch; MALCJS)"
206.253.63.54 - - [19/Aug/2013:21:09:17 -0400] "GET /scripts/ic_globals_published.js HTTP/1.1" 200 566 "http://www.craigfarms.com/" "Mozilla/5.0 (compatible; MSIE 10.0; Windows NT 6.2; Win64; x64; Trident/6.0; Touch; MALCJS)"
206.253.63.54 - - [19/Aug/2013:21:09:20 -0400] "GET /23/images/spacer.gif HTTP/1.1" 200 43 "http://www.craigfarms.com/Frame-1-hometop.htm" "Mozilla/5.0 (compatible; MSIE 10.0; Windows NT 6.2; Win64; x64; Trident/6.0; Touch; MALCJS)"
206.253.63.54 - - [19/Aug/2013:21:09:20 -0400] "GET /23/images/1/motif02.jpg HTTP/1.1" 200 1836 "http://www.craigfarms.com/Frame-1-hometop.htm" "Mozilla/5.0 (compatible; MSIE 10.0; Windows NT 6.2; Win64; x64; Trident/6.0; Touch; MALCJS)"
206.253.63.54 - - [19/Aug/2013:21:09:20 -0400] "GET /23/images/left-03.gif HTTP/1.1" 200 540 "http://www.craigfarms.com/Frame-1-homeleft.htm" "Mozilla/5.0 (compatible; MSIE 10.0; Windows NT 6.2; Win64; x64; Trident/6.0; Touch; MALCJS)"
206.253.63.54 - - [19/Aug/2013:21:09:20 -0400] "GET /23/images/motif03.jpg HTTP/1.1" 200 6849 "http://www.craigfarms.com/Frame-1-homeleft.htm" "Mozilla/5.0 (compatible; MSIE 10.0; Windows NT 6.2; Win64; x64; Trident/6.0; Touch; MALCJS)"
206.253.63.54 - - [19/Aug/2013:21:09:20 -0400] "GET /23/images/left-07_over.gif HTTP/1.1" 200 416 "http://www.craigfarms.com/Frame-1-homeleft.htm" "Mozilla/5.0 (compatible; MSIE 10.0; Windows NT 6.2; Win64; x64; Trident/6.0; Touch; MALCJS)"
205.188.116.131 - - [19/Aug/2013:16:06:14 -0400] "HEAD /23/images/1/motif01.jpg HTTP/1.1" 200 - "-" "-"
205.188.116.69 - - [19/Aug/2013:16:06:15 -0400] "HEAD /23/images/bg_left.jpg HTTP/1.1" 200 - "-" "-"
178.154.243.81 - - [19/Aug/2013:23:40:59 -0400] "GET /consoles/11/images/cn_left_back.gif HTTP/1.1" 304 - "-" "Mozilla/5.0 (compatible; YandexImages/3.0; +http://yandex.com/bots)"
64.12.116.14 - - [19/Aug/2013:08:29:04 -0400] "GET /23/images/left-03.gif HTTP/1.1" 200 540 "http://craigfarms.com/Frame-1-homeleft.htm" "Mozilla/4.0 (compatible; MSIE 7.0; AOL 9.0; Windows NT 5.1; .NET CLR 1.1.4322)"
64.12.116.142 - - [19/Aug/2013:08:29:58 -0400] "GET /Frame-3-moremulesleft.htm HTTP/1.1" 200 3957 "http://craigfarms.com/moremules.html" "Mozilla/4.0 (compatible; MSIE 7.0; AOL 9.0; Windows NT 5.1; .NET CLR 1.1.4322)"
24.185.147.182 - - [19/Aug/2013:12:31:05 -0400] "GET /23/images/1/motif01.jpg HTTP/1.1" 200 6534 "http://www.craigfarms.com/Frame-1-hometop.htm" "Mozilla/5.0 (iPad; CPU OS 6_1_3 like Mac OS X) AppleWebKit/536.26 (KHTML, like Gecko) Version/6.0 Mobile/10B329 Safari/8536.25"
24.185.147.182 - - [19/Aug/2013:12:31:05 -0400] "GET /23/images/bg_left.jpg HTTP/1.1" 200 952 "http://www.craigfarms.com/Frame-1-homeleft.htm" "Mozilla/5.0 (iPad; CPU OS 6_1_3 like Mac OS X) AppleWebKit/536.26 (KHTML, like Gecko) Version/6.0 Mobile/10B329 Safari/8536.25"
24.185.147.182 - - [19/Aug/2013:12:31:05 -0400] "GET /23/images/left-06_over.gif HTTP/1.1" 200 535 "http://www.craigfarms.com/Frame-1-homeleft.htm" "Mozilla/5.0 (iPad; CPU OS 6_1_3 like Mac OS X) AppleWebKit/536.26 (KHTML, like Gecko) Version/6.0 Mobile/10B329 Safari/8536.25"
24.185.147.182 - - [19/Aug/2013:12:31:05 -0400] "GET /23/images/left-04.gif HTTP/1.1" 200 475 "http://www.craigfarms.com/Frame-1-homeleft.htm" "Mozilla/5.0 (iPad; CPU OS 6_1_3 like Mac OS X) AppleWebKit/536.26 (KHTML, like Gecko) Version/6.0 Mobile/10B329 Safari/8536.25"
178.154.243.81 - - [19/Aug/2013:04:37:51 -0400] "GET /images/250_dscf0157.jpg HTTP/1.1" 304 - "-" "Mozilla/5.0 (compatible; YandexImages/3.0; +http://yandex.com/bots)"
178.154.243.81 - - [19/Aug/2013:06:17:55 -0400] "GET /consoles/11/images/cn_corner02.gif HTTP/1.1" 304 - "-" "Mozilla/5.0 (compatible; YandexImages/3.0; +http://yandex.com/bots)"
64.12.116.141 - - [19/Aug/2013:08:28:59 -0400] "GET /scripts/user.js HTTP/1.1" 200 23762 "http://craigfarms.com/" "Mozilla/4.0 (compatible; MSIE 7.0; AOL 9.0; Windows NT 5.1; .NET CLR 1.1.4322)"
12.1.219.177 - - [19/Aug/2013:10:34:11 -0400] "GET /23/images/top-01.gif HTTP/1.1" 304 - "-" "Mozilla/4.0 (compatible;)"
70.208.2.40 - - [19/Aug/2013:16:46:10 -0400] "GET /23/images/motif01.jpg HTTP/1.1" 200 6534 "http://www.craigfarms.com/Frame-2-mulesforsaletop.htm" "Mozilla/5.0 (compatible; MSIE 10.0; Windows NT 6.1; WOW64; Trident/6.0)"
70.208.2.40 - - [19/Aug/2013:16:46:11 -0400] "GET /images/250_Big_N.O._2.jpg HTTP/1.1" 200 10050 "http://www.craigfarms.com/Frame-2-mulesforsalepage2.html?refresh=1374681744111" "Mozilla/5.0 (compatible; MSIE 10.0; Windows NT 6.1; WOW64; Trident/6.0)"
70.208.2.40 - - [19/Aug/2013:16:46:11 -0400] "GET /images/250_Lucky.2.jpg HTTP/1.1" 200 11524 "http://www.craigfarms.com/Frame-2-mulesforsalepage2.html?refresh=1374681744111" "Mozilla/5.0 (compatible; MSIE 10.0; Windows NT 6.1; WOW64; Trident/6.0)"
66.249.75.97 - - [19/Aug/2013:20:46:48 -0400] "GET / HTTP/1.1" 200 1524 "-" "Mozilla/5.0 (iPhone; U; CPU iPhone OS 4_1 like Mac OS X; en-us) AppleWebKit/532.9 (KHTML, like Gecko) Version/4.0.5 Mobile/8B117 Safari/6531.22.7 (compatible; Googlebot-Mobile/2.1; +http://www.google.com/bot.html)"
157.55.33.80 - - [19/Aug/2013:00:59:33 -0400] "GET /23/images/top-06.gif HTTP/1.1" 200 135 "-" "Mozilla/5.0 (compatible; bingbot/2.0; +http://www.bing.com/bingbot.htm)"
157.55.32.145 - - [19/Aug/2013:01:40:57 -0400] "GET /manurespreaders/farmequipment.html HTTP/1.1" 200 1563 "-" "Mozilla/5.0 (compatible; bingbot/2.0; +http://www.bing.com/bingbot.htm)"
206.253.63.54 - - [19/Aug/2013:21:09:25 -0400] "GET /favicon.ico HTTP/1.1" 404 575 "-" "Mozilla/5.0 (compatible; MSIE 10.0; Windows NT 6.2; Win64; x64; Trident/6.0; Touch; MALCJS)"
178.154.243.81 - - [19/Aug/2013:21:57:45 -0400] "GET /consoles/11/images/cn_corner02.gif HTTP/1.1" 304 - "-" "Mozilla/5.0 (compatible; YandexImages/3.0; +http://yandex.com/bots)"
205.188.116.144 - - [19/Aug/2013:16:06:15 -0400] "HEAD /mulesforsale.html HTTP/1.1" 200 - "-" "-"
205.188.117.7 - - [19/Aug/2013:16:06:18 -0400] "GET /23/images/left-01.gif HTTP/1.1" 200 87 "http://craigfarms.com/Frame-1-homeleft.htm" "Mozilla/4.0 (compatible; MSIE 7.0; AOL 9.0; Windows NT 5.1; .NET CLR 1.1.4322; PeoplePal 7.3)"
70.208.2.40 - - [19/Aug/2013:16:45:48 -0400] "GET /23/images/left-04.gif HTTP/1.1" 200 475 "http://www.craigfarms.com/Frame-1-homeleft.htm" "Mozilla/5.0 (compatible; MSIE 10.0; Windows NT 6.1; WOW64; Trident/6.0)"
70.208.2.40 - - [19/Aug/2013:16:45:48 -0400] "GET /23/images/top-06.gif HTTP/1.1" 200 135 "http://www.craigfarms.com/Frame-1-hometop.htm" "Mozilla/5.0 (compatible; MSIE 10.0; Windows NT 6.1; WOW64; Trident/6.0)"
70.208.2.40 - - [19/Aug/2013:16:45:48 -0400] "GET /23/images/left-04_over.gif HTTP/1.1" 200 563 "http://www.craigfarms.com/Frame-1-homeleft.htm" "Mozilla/5.0 (compatible; MSIE 10.0; Windows NT 6.1; WOW64; Trident/6.0)"
70.208.2.40 - - [19/Aug/2013:16:45:48 -0400] "GET /23/images/left-07_over.gif HTTP/1.1" 200 416 "http://www.craigfarms.com/Frame-1-homeleft.htm" "Mozilla/5.0 (compatible; MSIE 10.0; Windows NT 6.1; WOW64; Trident/6.0)"
180.76.5.65 - - [19/Aug/2013:17:21:38 -0400] "GET /Frame-2-mulesforsaleleft.htm HTTP/1.1" 200 3957 "-" "Mozilla/5.0 (compatible; Baiduspider/2.0; +http://www.baidu.com/search/spider.html)"
157.55.33.80 - - [19/Aug/2013:22:12:49 -0400] "GET /Frame-5-linkspage5.html?refresh=1334009998162 HTTP/1.1" 200 4846 "-" "Mozilla/5.0 (compatible; bingbot/2.0; +http://www.bing.com/bingbot.htm)"
12.1.219.177 - - [19/Aug/2013:00:24:43 -0400] "GET /23/scripts/icwebsiteelement.css HTTP/1.1" 304 - "-" "Mozilla/4.0 (compatible;)"
24.185.147.182 - - [19/Aug/2013:12:31:23 -0400] "GET /23/images/motif02.jpg HTTP/1.1" 200 1836 "http://www.craigfarms.com/Frame-2-mulesforsaletop.htm" "Mozilla/5.0 (iPad; CPU OS 6_1_3 like Mac OS X) AppleWebKit/536.26 (KHTML, like Gecko) Version/6.0 Mobile/10B329 Safari/8536.25"
24.185.147.182 - - [19/Aug/2013:12:31:23 -0400] "GET /images/250_Doodlebug.1.jpg HTTP/1.1" 200 9769 "http://www.craigfarms.com/Frame-2-mulesforsalepage2.html?refresh=1374681744111" "Mozilla/5.0 (iPad; CPU OS 6_1_3 like Mac OS X) AppleWebKit/536.26 (KHTML, like Gecko) Version/6.0 Mobile/10B329 Safari/8536.25"
174.250.112.221 - - [19/Aug/2013:03:17:12 -0400] "GET /moremules.html HTTP/1.1" 304 - "-" "Mozilla/5.0 (iPhone; CPU iPhone OS 6_1_3 like Mac OS X) AppleWebKit/536.26 (KHTML, like Gecko) Version/6.0 Mobile/10B329 Safari/8536.25"
174.250.112.221 - - [19/Aug/2013:03:17:13 -0400] "GET /23/scripts/master.css HTTP/1.1" 304 - "http://www.craigfarms.com/moremules.html" "Mozilla/5.0 (iPhone; CPU iPhone OS 6_1_3 like Mac OS X) AppleWebKit/536.26 (KHTML, like Gecko) Version/6.0 Mobile/10B329 Safari/8536.25"
174.250.112.221 - - [19/Aug/2013:03:17:13 -0400] "GET /scripts/user.js HTTP/1.1" 304 - "http://www.craigfarms.com/moremules.html" "Mozilla/5.0 (iPhone; CPU iPhone OS 6_1_3 like Mac OS X) AppleWebKit/536.26 (KHTML, like Gecko) Version/6.0 Mobile/10B329 Safari/8536.25"
174.250.112.221 - - [19/Aug/2013:03:17:13 -0400] "GET /Frame-3-moremulestop.htm HTTP/1.1" 304 - "http://www.craigfarms.com/moremules.html" "Mozilla/5.0 (iPhone; CPU iPhone OS 6_1_3 like Mac OS X) AppleWebKit/536.26 (KHTML, like Gecko) Version/6.0 Mobile/10B329 Safari/8536.25"
174.250.112.221 - - [19/Aug/2013:03:17:13 -0400] "GET /23/images/bg_top.jpg HTTP/1.1" 304 - "http://www.craigfarms.com/Frame-3-moremulestop.htm" "Mozilla/5.0 (iPhone; CPU iPhone OS 6_1_3 like Mac OS X) AppleWebKit/536.26 (KHTML, like Gecko) Version/6.0 Mobile/10B329 Safari/8536.25"
174.250.112.221 - - [19/Aug/2013:03:17:13 -0400] "GET /23/images/slogan.jpg HTTP/1.1" 304 - "http://www.craigfarms.com/Frame-3-moremulestop.htm" "Mozilla/5.0 (iPhone; CPU iPhone OS 6_1_3 like Mac OS X) AppleWebKit/536.26 (KHTML, like Gecko) Version/6.0 Mobile/10B329 Safari/8536.25"
174.250.112.221 - - [19/Aug/2013:03:17:13 -0400] "GET /23/images/left-03_over.gif HTTP/1.1" 304 - "http://www.craigfarms.com/Frame-3-moremulesleft.htm" "Mozilla/5.0 (iPhone; CPU iPhone OS 6_1_3 like Mac OS X) AppleWebKit/536.26 (KHTML, like Gecko) Version/6.0 Mobile/10B329 Safari/8536.25"
174.250.112.221 - - [19/Aug/2013:03:17:13 -0400] "GET /23/images/left-01.gif HTTP/1.1" 304 - "http://www.craigfarms.com/Frame-3-moremulesleft.htm" "Mozilla/5.0 (iPhone; CPU iPhone OS 6_1_3 like Mac OS X) AppleWebKit/536.26 (KHTML, like Gecko) Version/6.0 Mobile/10B329 Safari/8536.25"
174.250.112.221 - - [19/Aug/2013:03:17:13 -0400] "GET /23/images/left-05.gif HTTP/1.1" 304 - "http://www.craigfarms.com/Frame-3-moremulesleft.htm" "Mozilla/5.0 (iPhone; CPU iPhone OS 6_1_3 like Mac OS X) AppleWebKit/536.26 (KHTML, like Gecko) Version/6.0 Mobile/10B329 Safari/8536.25"
174.250.112.221 - - [19/Aug/2013:03:17:13 -0400] "GET /23/images/left-07.gif HTTP/1.1" 304 - "http://www.craigfarms.com/Frame-3-moremulesleft.htm" "Mozilla/5.0 (iPhone; CPU iPhone OS 6_1_3 like Mac OS X) AppleWebKit/536.26 (KHTML, like Gecko) Version/6.0 Mobile/10B329 Safari/8536.25"
174.250.112.221 - - [19/Aug/2013:03:17:14 -0400] "GET /23/images/motif03.jpg HTTP/1.1" 304 - "http://www.craigfarms.com/Frame-3-moremulesleft.htm" "Mozilla/5.0 (iPhone; CPU iPhone OS 6_1_3 like Mac OS X) AppleWebKit/536.26 (KHTML, like Gecko) Version/6.0 Mobile/10B329 Safari/8536.25"
178.154.243.81 - - [19/Aug/2013:06:48:26 -0400] "GET /23/images/slogan.jpg HTTP/1.1" 200 4733 "-" "Mozilla/5.0 (compatible; YandexImages/3.0; +http://yandex.com/bots)"
174.229.193.80 - - [19/Aug/2013:15:54:01 -0400] "GET /scripts/photoalbum.js HTTP/1.1" 304 - "http://www.craigfarms.com/" "Mozilla/5.0 (iPhone; CPU iPhone OS 6_1_3 like Mac OS X) AppleWebKit/536.26 (KHTML, like Gecko) Version/6.0 Mobile/10B329 Safari/8536.25"
174.229.193.80 - - [19/Aug/2013:15:54:01 -0400] "GET /Frame-1-homepage1.html?refresh=1374681743953 HTTP/1.1" 304 - "http://www.craigfarms.com/" "Mozilla/5.0 (iPhone; CPU iPhone OS 6_1_3 like Mac OS X) AppleWebKit/536.26 (KHTML, like Gecko) Version/6.0 Mobile/10B329 Safari/8536.25"
174.229.193.80 - - [19/Aug/2013:15:54:01 -0400] "GET /23/images/top-01.gif HTTP/1.1" 304 - "http://www.craigfarms.com/Frame-1-hometop.htm" "Mozilla/5.0 (iPhone; CPU iPhone OS 6_1_3 like Mac OS X) AppleWebKit/536.26 (KHTML, like Gecko) Version/6.0 Mobile/10B329 Safari/8536.25"
174.229.193.80 - - [19/Aug/2013:15:54:02 -0400] "GET /23/images/top-06.gif HTTP/1.1" 304 - "http://www.craigfarms.com/Frame-1-hometop.htm" "Mozilla/5.0 (iPhone; CPU iPhone OS 6_1_3 like Mac OS X) AppleWebKit/536.26 (KHTML, like Gecko) Version/6.0 Mobile/10B329 Safari/8536.25"
174.229.193.80 - - [19/Aug/2013:15:54:02 -0400] "GET /23/images/left-05_over.gif HTTP/1.1" 304 - "http://www.craigfarms.com/Frame-1-homeleft.htm" "Mozilla/5.0 (iPhone; CPU iPhone OS 6_1_3 like Mac OS X) AppleWebKit/536.26 (KHTML, like Gecko) Version/6.0 Mobile/10B329 Safari/8536.25"
174.229.193.80 - - [19/Aug/2013:15:54:02 -0400] "GET /23/images/left-04.gif HTTP/1.1" 304 - "http://www.craigfarms.com/Frame-1-homeleft.htm" "Mozilla/5.0 (iPhone; CPU iPhone OS 6_1_3 like Mac OS X) AppleWebKit/536.26 (KHTML, like Gecko) Version/6.0 Mobile/10B329 Safari/8536.25"
174.229.193.80 - - [19/Aug/2013:15:54:02 -0400] "GET /23/images/left-07.gif HTTP/1.1" 304 - "http://www.craigfarms.com/Frame-1-homeleft.htm" "Mozilla/5.0 (iPhone; CPU iPhone OS 6_1_3 like Mac OS X) AppleWebKit/536.26 (KHTML, like Gecko) Version/6.0 Mobile/10B329 Safari/8536.25"
205.188.117.75 - - [19/Aug/2013:16:06:16 -0400] "GET /Frame-1-homepage1.html?refresh=1374681743953 HTTP/1.1" 200 6162 "http://craigfarms.com/" "Mozilla/4.0 (compatible; MSIE 7.0; AOL 9.0; Windows NT 5.1; .NET CLR 1.1.4322; PeoplePal 7.3)"
70.208.2.40 - - [19/Aug/2013:16:45:47 -0400] "GET /23/scripts/icwebsiteelement.css HTTP/1.1" 200 8132 "http://www.craigfarms.com/" "Mozilla/5.0 (compatible; MSIE 10.0; Windows NT 6.1; WOW64; Trident/6.0)"
70.208.2.40 - - [19/Aug/2013:16:45:48 -0400] "GET /23/images/spacer.gif HTTP/1.1" 200 43 "http://www.craigfarms.com/Frame-1-homeleft.htm" "Mozilla/5.0 (compatible; MSIE 10.0; Windows NT 6.1; WOW64; Trident/6.0)"
70.208.2.40 - - [19/Aug/2013:16:45:48 -0400] "GET /23/images/left-05.gif HTTP/1.1" 200 638 "http://www.craigfarms.com/Frame-1-homeleft.htm" "Mozilla/5.0 (compatible; MSIE 10.0; Windows NT 6.1; WOW64; Trident/6.0)"
70.208.2.40 - - [19/Aug/2013:16:45:48 -0400] "GET /23/images/company.jpg HTTP/1.1" 200 5899 "http://www.craigfarms.com/Frame-1-hometop.htm" "Mozilla/5.0 (compatible; MSIE 10.0; Windows NT 6.1; WOW64; Trident/6.0)"
70.208.2.40 - - [19/Aug/2013:16:45:48 -0400] "GET /23/images/motif03.jpg HTTP/1.1" 200 6849 "http://www.craigfarms.com/Frame-1-homeleft.htm" "Mozilla/5.0 (compatible; MSIE 10.0; Windows NT 6.1; WOW64; Trident/6.0)"
70.208.2.40 - - [19/Aug/2013:16:45:48 -0400] "GET /23/images/left-06_over.gif HTTP/1.1" 200 535 "http://www.craigfarms.com/Frame-1-homeleft.htm" "Mozilla/5.0 (compatible; MSIE 10.0; Windows NT 6.1; WOW64; Trident/6.0)"
12.1.219.177 - - [19/Aug/2013:17:11:01 -0400] "GET /23/images/left-07_over.gif HTTP/1.1" 304 - "-" "Mozilla/4.0 (compatible;)"
206.253.63.54 - - [19/Aug/2013:21:09:17 -0400] "GET /scripts/user.js HTTP/1.1" 200 23762 "http://www.craigfarms.com/" "Mozilla/5.0 (compatible; MSIE 10.0; Windows NT 6.2; Win64; x64; Trident/6.0; Touch; MALCJS)"
206.253.63.54 - - [19/Aug/2013:21:09:19 -0400] "GET /Frame-1-homeleft.htm HTTP/1.1" 200 3957 "http://www.craigfarms.com/" "Mozilla/5.0 (compatible; MSIE 10.0; Windows NT 6.2; Win64; x64; Trident/6.0; Touch; MALCJS)"
206.253.63.54 - - [19/Aug/2013:21:09:20 -0400] "GET /23/images/top-01.gif HTTP/1.1" 200 263 "http://www.craigfarms.com/Frame-1-hometop.htm" "Mozilla/5.0 (compatible; MSIE 10.0; Windows NT 6.2; Win64; x64; Trident/6.0; Touch; MALCJS)"
206.253.63.54 - - [19/Aug/2013:21:09:20 -0400] "GET /23/images/top-06.gif HTTP/1.1" 200 135 "http://www.craigfarms.com/Frame-1-hometop.htm" "Mozilla/5.0 (compatible; MSIE 10.0; Windows NT 6.2; Win64; x64; Trident/6.0; Touch; MALCJS)"
206.253.63.54 - - [19/Aug/2013:21:09:20 -0400] "GET /23/images/left-05.gif HTTP/1.1" 200 638 "http://www.craigfarms.com/Frame-1-homeleft.htm" "Mozilla/5.0 (compatible; MSIE 10.0; Windows NT 6.2; Win64; x64; Trident/6.0; Touch; MALCJS)"
206.253.63.54 - - [19/Aug/2013:21:09:20 -0400] "GET /23/images/left-04_over.gif HTTP/1.1" 200 563 "http://www.craigfarms.com/Frame-1-homeleft.htm" "Mozilla/5.0 (compatible; MSIE 10.0; Windows NT 6.2; Win64; x64; Trident/6.0; Touch; MALCJS)"
206.253.63.54 - - [19/Aug/2013:21:09:20 -0400] "GET /23/images/bg_left.jpg HTTP/1.1" 200 952 "http://www.craigfarms.com/Frame-1-homeleft.htm" "Mozilla/5.0 (compatible; MSIE 10.0; Windows NT 6.2; Win64; x64; Trident/6.0; Touch; MALCJS)"
157.55.32.49 - - [19/Aug/2013:00:35:13 -0400] "GET /23/images/motif01.jpg HTTP/1.1" 200 6534 "-" "Mozilla/5.0 (compatible; bingbot/2.0; +http://www.bing.com/bingbot.htm)"
178.154.243.81 - - [19/Aug/2013:01:41:28 -0400] "GET /images/193_Blk._Horse_Mule_Riding.4.jpg HTTP/1.1" 304 - "-" "Mozilla/5.0 (compatible; YandexImages/3.0; +http://yandex.com/bots)"
167.239.222.239 - - [19/Aug/2013:13:36:55 -0400] "GET /images/250_Big_N.O._2.jpg HTTP/1.0" 200 10050 "http://www.craigfarms.com/Frame-2-mulesforsalepage2.html?refresh=1374681744111" "Mozilla/4.0 (compatible; MSIE 8.0; Windows NT 6.1; WOW64; Trident/4.0; SLCC2; .NET CLR 2.0.50727; .NET CLR 3.5.30729; .NET CLR 3.0.30729; Media Center PC 6.0; .NET4.0C; .NET4.0E)"
180.76.5.146 - - [19/Aug/2013:13:45:21 -0400] "GET / HTTP/1.1" 200 1524 "-" "Mozilla/5.0 (compatible; Baiduspider/2.0; +http://www.baidu.com/search/spider.html)"
178.255.215.79 - - [19/Aug/2013:17:10:26 -0400] "GET /robots.txt HTTP/1.1" 200 25 "-" "Mozilla/5.0 (compatible; Exabot/3.0; +http://www.exabot.com/go/robot)"
184.21.64.95 - - [19/Aug/2013:09:42:34 -0400] "GET /23/images/left-02_over.gif HTTP/1.1" 200 373 "http://www.craigfarms.com/Frame-1-homeleft.htm" "Mozilla/5.0 (compatible; MSIE 10.0; Windows NT 6.1; WOW64; Trident/6.0)"
24.185.147.182 - - [19/Aug/2013:12:31:23 -0400] "GET /images/193_Murray_Team.1.jpg HTTP/1.1" 200 5941 "http://www.craigfarms.com/Frame-2-mulesforsalepage2.html?refresh=1374681744111" "Mozilla/5.0 (iPad; CPU OS 6_1_3 like Mac OS X) AppleWebKit/536.26 (KHTML, like Gecko) Version/6.0 Mobile/10B329 Safari/8536.25"
24.185.147.182 - - [19/Aug/2013:12:31:44 -0400] "GET /Frame-3-moremulesleft.htm HTTP/1.1" 200 3957 "http://www.craigfarms.com/moremules.html" "Mozilla/5.0 (iPad; CPU OS 6_1_3 like Mac OS X) AppleWebKit/536.26 (KHTML, like Gecko) Version/6.0 Mobile/10B329 Safari/8536.25"
24.185.147.182 - - [19/Aug/2013:12:31:44 -0400] "GET /images/200_Mahlon_Gray.4.jpg HTTP/1.1" 200 4570 "http://www.craigfarms.com/Frame-3-moremulespage3.html?refresh=1374681744177" "Mozilla/5.0 (iPad; CPU OS 6_1_3 like Mac OS X) AppleWebKit/536.26 (KHTML, like Gecko) Version/6.0 Mobile/10B329 Safari/8536.25"
167.239.222.239 - - [19/Aug/2013:13:36:37 -0400] "GET /23/images/bg_left.jpg HTTP/1.0" 200 952 "http://www.craigfarms.com/Frame-1-homeleft.htm" "Mozilla/4.0 (compatible; MSIE 8.0; Windows NT 6.1; WOW64; Trident/4.0; SLCC2; .NET CLR 2.0.50727; .NET CLR 3.5.30729; .NET CLR 3.0.30729; Media Center PC 6.0; .NET4.0C; .NET4.0E)"
167.239.222.239 - - [19/Aug/2013:13:36:37 -0400] "GET /23/images/left-02_over.gif HTTP/1.0" 200 373 "http://www.craigfarms.com/Frame-1-homeleft.htm" "Mozilla/4.0 (compatible; MSIE 8.0; Windows NT 6.1; WOW64; Trident/4.0; SLCC2; .NET CLR 2.0.50727; .NET CLR 3.5.30729; .NET CLR 3.0.30729; Media Center PC 6.0; .NET4.0C; .NET4.0E)"
64.12.116.68 - - [19/Aug/2013:08:29:04 -0400] "GET /23/images/motif03.jpg HTTP/1.1" 200 6849 "http://craigfarms.com/Frame-1-homeleft.htm" "Mozilla/4.0 (compatible; MSIE 7.0; AOL 9.0; Windows NT 5.1; .NET CLR 1.1.4322)"
64.12.116.196 - - [19/Aug/2013:08:29:57 -0400] "GET /moremules.html HTTP/1.1" 200 1539 "http://craigfarms.com/Frame-2-mulesforsaleleft.htm" "Mozilla/4.0 (compatible; MSIE 7.0; AOL 9.0; Windows NT 5.1; .NET CLR 1.1.4322)"
178.154.243.81 - - [19/Aug/2013:02:44:51 -0400] "GET /23/images/1/motif01.jpg HTTP/1.1" 200 6534 "-" "Mozilla/5.0 (compatible; YandexImages/3.0; +http://yandex.com/bots)"
184.21.64.95 - - [19/Aug/2013:09:42:34 -0400] "GET /23/images/left-03_over.gif HTTP/1.1" 200 616 "http://www.craigfarms.com/Frame-1-homeleft.htm" "Mozilla/5.0 (compatible; MSIE 10.0; Windows NT 6.1; WOW64; Trident/6.0)"
157.56.92.151 - - [19/Aug/2013:11:59:45 -0400] "GET / HTTP/1.1" 200 1524 "-" "Mozilla/5.0 (compatible; bingbot/2.0; +http://www.bing.com/bingbot.htm)"
205.188.116.72 - - [19/Aug/2013:16:05:11 -0400] "HEAD /23/scripts/master.css HTTP/1.1" 200 - "-" "-"
66.249.75.221 - - [19/Aug/2013:14:16:00 -0400] "GET /robots.txt HTTP/1.1" 200 25 "-" "Mozilla/5.0 (compatible; Googlebot/2.1; +http://www.google.com/bot.html)"
157.55.33.18 - - [19/Aug/2013:00:41:34 -0400] "GET / HTTP/1.1" 200 1524 "-" "Mozilla/5.0 (compatible; bingbot/2.0; +http://www.bing.com/bingbot.htm)"
157.55.32.49 - - [19/Aug/2013:01:15:57 -0400] "GET /index.html HTTP/1.1" 200 1524 "-" "Mozilla/5.0 (compatible; bingbot/2.0; +http://www.bing.com/bingbot.htm)"
123.125.71.14 - - [19/Aug/2013:01:24:00 -0400] "GET /scripts/user.js HTTP/1.1" 200 23762 "http://www.craigfarms.com/home.html" "Mozilla/5.0 (X11; U; Linux x86_64; en-US; rv:1.9) Gecko Minefield/3.0"
178.154.243.81 - - [19/Aug/2013:04:14:02 -0400] "GET /images/193_Murray_Team.6.jpg HTTP/1.1" 304 - "-" "Mozilla/5.0 (compatible; YandexImages/3.0; +http://yandex.com/bots)"
178.154.243.81 - - [19/Aug/2013:15:52:18 -0400] "GET /images/250_Big_N.O._2.jpg HTTP/1.1" 304 - "-" "Mozilla/5.0 (compatible; YandexImages/3.0; +http://yandex.com/bots)"
205.188.117.71 - - [19/Aug/2013:16:06:14 -0400] "HEAD /23/images/top-01.gif HTTP/1.1" 200 - "-" "-"
205.188.117.9 - - [19/Aug/2013:16:06:15 -0400] "HEAD /23/images/left-07_over.gif HTTP/1.1" 200 - "-" "-"
205.188.117.78 - - [19/Aug/2013:16:06:19 -0400] "GET /images/350_Both_Donkeys.2.jpg HTTP/1.1" 200 19018 "http://craigfarms.com/Frame-1-homepage1.html?refresh=1374681743953" "Mozilla/4.0 (compatible; MSIE 7.0; AOL 9.0; Windows NT 5.1; .NET CLR 1.1.4322; PeoplePal 7.3)"
66.249.75.97 - - [19/Aug/2013:20:58:02 -0400] "GET /23/scripts/icwebsiteelement.css HTTP/1.1" 200 8132 "http://www.craigfarms.com/" "Mozilla/5.0 (compatible; Googlebot/2.1; +http://www.google.com/bot.html)"
24.185.147.182 - - [19/Aug/2013:12:31:44 -0400] "GET /moremules.html HTTP/1.1" 200 1539 "http://www.craigfarms.com/Frame-2-mulesforsaleleft.htm" "Mozilla/5.0 (iPad; CPU OS 6_1_3 like Mac OS X) AppleWebKit/536.26 (KHTML, like Gecko) Version/6.0 Mobile/10B329 Safari/8536.25"
24.185.147.182 - - [19/Aug/2013:12:31:44 -0400] "GET /Frame-3-moremulestop.htm HTTP/1.1" 200 1385 "http://www.craigfarms.com/moremules.html" "Mozilla/5.0 (iPad; CPU OS 6_1_3 like Mac OS X) AppleWebKit/536.26 (KHTML, like Gecko) Version/6.0 Mobile/10B329 Safari/8536.25"
24.185.147.182 - - [19/Aug/2013:12:31:44 -0400] "GET /images/350_Big_Johnny.1.jpg HTTP/1.1" 200 15903 "http://www.craigfarms.com/Frame-3-moremulespage3.html?refresh=1374681744177" "Mozilla/5.0 (iPad; CPU OS 6_1_3 like Mac OS X) AppleWebKit/536.26 (KHTML, like Gecko) Version/6.0 Mobile/10B329 Safari/8536.25"
75.83.148.1 - - [19/Aug/2013:13:01:35 -0400] "GET /23/scripts/icwebsiteelement.css HTTP/1.1" 200 8132 "http://www.craigfarms.com/Frame-5-linkspage5.html" "Mozilla/5.0 (Macintosh; Intel Mac OS X 10_8_4) AppleWebKit/536.30.1 (KHTML, like Gecko) Version/6.0.5 Safari/536.30.1"
167.239.222.239 - - [19/Aug/2013:13:36:32 -0400] "GET / HTTP/1.0" 200 1524 "http://www.bing.com/search?q=mules+for+sale&src=IE-SearchBox&FORM=IE8SRC" "Mozilla/4.0 (compatible; MSIE 8.0; Windows NT 6.1; WOW64; Trident/4.0; SLCC2; .NET CLR 2.0.50727; .NET CLR 3.5.30729; .NET CLR 3.0.30729; Media Center PC 6.0; .NET4.0C; .NET4.0E)"
167.239.222.239 - - [19/Aug/2013:13:36:32 -0400] "GET /23/scripts/icwebsiteelement.css HTTP/1.0" 200 8132 "http://www.craigfarms.com/" "Mozilla/4.0 (compatible; MSIE 8.0; Windows NT 6.1; WOW64; Trident/4.0; SLCC2; .NET CLR 2.0.50727; .NET CLR 3.5.30729; .NET CLR 3.0.30729; Media Center PC 6.0; .NET4.0C; .NET4.0E)"
167.239.222.239 - - [19/Aug/2013:13:36:33 -0400] "GET /23/scripts/master.css HTTP/1.0" 200 1951 "http://www.craigfarms.com/" "Mozilla/4.0 (compatible; MSIE 8.0; Windows NT 6.1; WOW64; Trident/4.0; SLCC2; .NET CLR 2.0.50727; .NET CLR 3.5.30729; .NET CLR 3.0.30729; Media Center PC 6.0; .NET4.0C; .NET4.0E)"
66.249.74.226 - - [19/Aug/2013:03:16:30 -0400] "GET /robots.txt HTTP/1.1" 200 25 "-" "Mozilla/5.0 (compatible; Googlebot/2.1; +http://www.google.com/bot.html)"
66.249.74.226 - - [19/Aug/2013:03:16:30 -0400] "GET /manurespreaders.html HTTP/1.1" 200 1557 "-" "Mozilla/5.0 (compatible; Googlebot/2.1; +http://www.google.com/bot.html)"
178.154.243.81 - - [19/Aug/2013:03:25:16 -0400] "GET /images/193_Murray_Team.1.jpg HTTP/1.1" 304 - "-" "Mozilla/5.0 (compatible; YandexImages/3.0; +http://yandex.com/bots)"
220.181.108.150 - - [19/Aug/2013:01:23:52 -0400] "GET /Frame-1-homeleft.htm HTTP/1.1" 200 3957 "-" "Mozilla/5.0 (compatible; Baiduspider/2.0; +http://www.baidu.com/search/spider.html)"
184.21.64.95 - - [19/Aug/2013:09:42:32 -0400] "GET /scripts/photoalbum.js HTTP/1.1" 200 62481 "http://www.craigfarms.com/" "Mozilla/5.0 (compatible; MSIE 10.0; Windows NT 6.1; WOW64; Trident/6.0)"
12.1.219.177 - - [19/Aug/2013:11:08:04 -0400] "GET /Frame-1-hometop.htm HTTP/1.1" 304 - "-" "Mozilla/4.0 (compatible;)"
180.76.5.56 - - [19/Aug/2013:13:45:23 -0400] "GET /Frame-1-homepage1.html?refresh=1374681743953 HTTP/1.1" 200 6162 "-" "Mozilla/5.0 (compatible; Baiduspider/2.0; +http://www.baidu.com/search/spider.html)"
209.169.103.10 - - [19/Aug/2013:15:37:31 -0400] "GET /scripts/photoalbum.js HTTP/1.1" 200 62481 "http://www.craigfarms.com/" "Mozilla/5.0 (compatible; MSIE 10.0; Windows NT 6.2; WOW64; Trident/6.0; Touch; MASMJS)"
209.169.103.10 - - [19/Aug/2013:15:37:31 -0400] "GET /Frame-1-hometop.htm HTTP/1.1" 200 1389 "http://www.craigfarms.com/" "Mozilla/5.0 (compatible; MSIE 10.0; Windows NT 6.2; WOW64; Trident/6.0; Touch; MASMJS)"
209.169.103.10 - - [19/Aug/2013:15:37:32 -0400] "GET /23/images/bg_top.jpg HTTP/1.1" 200 793 "http://www.craigfarms.com/Frame-1-hometop.htm" "Mozilla/5.0 (compatible; MSIE 10.0; Windows NT 6.2; WOW64; Trident/6.0; Touch; MASMJS)"
205.188.116.134 - - [19/Aug/2013:16:06:12 -0400] "GET /23/scripts/icwebsiteelement.css HTTP/1.1" 200 8132 "http://craigfarms.com/" "Mozilla/4.0 (compatible; MSIE 7.0; AOL 9.0; Windows NT 5.1; .NET CLR 1.1.4322; PeoplePal 7.3)"
12.1.219.177 - - [19/Aug/2013:19:37:54 -0400] "GET /23/images/left-03_over.gif HTTP/1.1" 304 - "-" "Mozilla/4.0 (compatible;)"
180.76.5.158 - - [19/Aug/2013:19:43:38 -0400] "GET /robots.txt HTTP/1.1" 200 25 "-" "Mozilla/5.0 (Windows NT 5.1; rv:6.0.2) Gecko/20100101 Firefox/6.0.2"
76.0.188.79 - - [19/Aug/2013:21:19:17 -0400] "GET /23/images/left-05_over.gif HTTP/1.1" 200 711 "http://www.craigfarms.com/Frame-1-homeleft.htm" "Mozilla/5.0 (iPad; CPU OS 6_1_3 like Mac OS X) AppleWebKit/536.26 (KHTML, like Gecko) Version/6.0 Mobile/10B329 Safari/8536.25"
76.0.188.79 - - [19/Aug/2013:21:19:18 -0400] "GET /23/images/01a.gif HTTP/1.1" 200 327 "http://www.craigfarms.com/Frame-1-homeleft.htm" "Mozilla/5.0 (iPad; CPU OS 6_1_3 like Mac OS X) AppleWebKit/536.26 (KHTML, like Gecko) Version/6.0 Mobile/10B329 Safari/8536.25"
76.0.188.79 - - [19/Aug/2013:21:19:18 -0400] "GET /23/images/left-06.gif HTTP/1.1" 200 457 "http://www.craigfarms.com/Frame-1-homeleft.htm" "Mozilla/5.0 (iPad; CPU OS 6_1_3 like Mac OS X) AppleWebKit/536.26 (KHTML, like Gecko) Version/6.0 Mobile/10B329 Safari/8536.25"
76.0.188.79 - - [19/Aug/2013:21:19:30 -0400] "GET /Frame-2-mulesforsaleleft.htm HTTP/1.1" 200 3957 "http://www.craigfarms.com/mulesforsale.html" "Mozilla/5.0 (iPad; CPU OS 6_1_3 like Mac OS X) AppleWebKit/536.26 (KHTML, like Gecko) Version/6.0 Mobile/10B329 Safari/8536.25"
76.0.188.79 - - [19/Aug/2013:21:19:30 -0400] "GET /images/193_Murray_Team.6.jpg HTTP/1.1" 200 5502 "http://www.craigfarms.com/Frame-2-mulesforsalepage2.html?refresh=1374681744111" "Mozilla/5.0 (iPad; CPU OS 6_1_3 like Mac OS X) AppleWebKit/536.26 (KHTML, like Gecko) Version/6.0 Mobile/10B329 Safari/8536.25"
76.0.188.79 - - [19/Aug/2013:21:19:30 -0400] "GET /images/spacer.gif HTTP/1.1" 200 43 "http://www.craigfarms.com/Frame-2-mulesforsalepage2.html?refresh=1374681744111" "Mozilla/5.0 (iPad; CPU OS 6_1_3 like Mac OS X) AppleWebKit/536.26 (KHTML, like Gecko) Version/6.0 Mobile/10B329 Safari/8536.25"
12.1.219.177 - - [19/Aug/2013:23:26:12 -0400] "GET /23/images/left-03.gif HTTP/1.1" 304 - "-" "Mozilla/4.0 (compatible;)"
65.55.52.96 - - [19/Aug/2013:00:33:56 -0400] "GET /robots.txt HTTP/1.1" 200 25 "-" "Mozilla/5.0 (compatible; bingbot/2.0; +http://www.bing.com/bingbot.htm)"
178.154.243.81 - - [19/Aug/2013:03:44:21 -0400] "GET /23/images/motif01.jpg HTTP/1.1" 200 6534 "-" "Mozilla/5.0 (compatible; YandexImages/3.0; +http://yandex.com/bots)"
178.154.243.81 - - [19/Aug/2013:05:32:42 -0400] "GET /images/250_Big_N.O._2.jpg HTTP/1.1" 304 - "-" "Mozilla/5.0 (compatible; YandexImages/3.0; +http://yandex.com/bots)"
66.249.74.226 - - [19/Aug/2013:05:42:25 -0400] "GET /manurespreaders.html HTTP/1.1" 200 1557 "-" "SAMSUNG-SGH-E250/1.0 Profile/MIDP-2.0 Configuration/CLDC-1.1 UP.Browser/6.2.3.3.c.1.101 (GUI) MMP/2.0 (compatible; Googlebot-Mobile/2.1; +http://www.google.com/bot.html)"
206.225.83.83 - - [19/Aug/2013:11:09:16 -0400] "GET / HTTP/1.1" 200 1524 "-" "Mozilla/4.0 (compatible; MSIE 8.0; Windows NT 6.1; WOW64; Trident/4.0; SLCC2; .NET CLR 2.0.50727; .NET CLR 3.5.30729; .NET CLR 3.0.30729; Media Center PC 6.0; InfoPath.2; MS-RTC LM 8)"
76.0.188.79 - - [19/Aug/2013:21:19:30 -0400] "GET /23/images/motif02.jpg HTTP/1.1" 200 1836 "http://www.craigfarms.com/Frame-2-mulesforsaletop.htm" "Mozilla/5.0 (iPad; CPU OS 6_1_3 like Mac OS X) AppleWebKit/536.26 (KHTML, like Gecko) Version/6.0 Mobile/10B329 Safari/8536.25"
76.0.188.79 - - [19/Aug/2013:21:19:30 -0400] "GET /images/250_Little_Stewy.6.jpg HTTP/1.1" 200 12294 "http://www.craigfarms.com/Frame-2-mulesforsalepage2.html?refresh=1374681744111" "Mozilla/5.0 (iPad; CPU OS 6_1_3 like Mac OS X) AppleWebKit/536.26 (KHTML, like Gecko) Version/6.0 Mobile/10B329 Safari/8536.25"
