0byt3m1n1
Path:
/
data
/
0
/
0
/
68
/
101
/
68753
/
meta
/
69985
/
logs
/
[
Home
]
File: x-access_log.2013-08-19
178.154.243.81 - - [19/Aug/2013:02:24:40 -0400] "GET /23/images/company.jpg HTTP/1.1" 200 5899 "-" "Mozilla/5.0 (compatible; YandexImages/3.0; +http://yandex.com/bots)"
12.1.219.177 - - [19/Aug/2013:13:00:12 -0400] "GET /23/images/slogan.jpg HTTP/1.1" 304 - "-" "Mozilla/4.0 (compatible;)"
167.239.222.239 - - [19/Aug/2013:13:36:55 -0400] "GET /Frame-2-mulesforsalepage2.html?refresh=1374681744111 HTTP/1.0" 200 8812 "http://www.craigfarms.com/mulesforsale.html" "Mozilla/4.0 (compatible; MSIE 8.0; Windows NT 6.1; WOW64; Trident/4.0; SLCC2; .NET CLR 2.0.50727; .NET CLR 3.5.30729; .NET CLR 3.0.30729; Media Center PC 6.0; .NET4.0C; .NET4.0E)"
167.239.222.239 - - [19/Aug/2013:13:36:55 -0400] "GET /23/images/motif01.jpg HTTP/1.0" 200 6534 "http://www.craigfarms.com/Frame-2-mulesforsaletop.htm" "Mozilla/4.0 (compatible; MSIE 8.0; Windows NT 6.1; WOW64; Trident/4.0; SLCC2; .NET CLR 2.0.50727; .NET CLR 3.5.30729; .NET CLR 3.0.30729; Media Center PC 6.0; .NET4.0C; .NET4.0E)"
167.239.222.239 - - [19/Aug/2013:13:36:55 -0400] "GET /images/193_Murray_Team.1.jpg HTTP/1.0" 200 5941 "http://www.craigfarms.com/Frame-2-mulesforsalepage2.html?refresh=1374681744111" "Mozilla/4.0 (compatible; MSIE 8.0; Windows NT 6.1; WOW64; Trident/4.0; SLCC2; .NET CLR 2.0.50727; .NET CLR 3.5.30729; .NET CLR 3.0.30729; Media Center PC 6.0; .NET4.0C; .NET4.0E)"
76.0.188.79 - - [19/Aug/2013:21:19:11 -0400] "GET /23/images/top-01.gif HTTP/1.1" 200 263 "http://www.craigfarms.com/Frame-1-hometop.htm" "Mozilla/5.0 (iPad; CPU OS 6_1_3 like Mac OS X) AppleWebKit/536.26 (KHTML, like Gecko) Version/6.0 Mobile/10B329 Safari/8536.25"
76.0.188.79 - - [19/Aug/2013:21:19:11 -0400] "GET /23/images/1/motif02.jpg HTTP/1.1" 200 1836 "http://www.craigfarms.com/Frame-1-hometop.htm" "Mozilla/5.0 (iPad; CPU OS 6_1_3 like Mac OS X) AppleWebKit/536.26 (KHTML, like Gecko) Version/6.0 Mobile/10B329 Safari/8536.25"
76.0.188.79 - - [19/Aug/2013:21:19:11 -0400] "GET /images/100_facebook.jpg HTTP/1.1" 200 1592 "http://www.craigfarms.com/Frame-1-homepage1.html?refresh=1374681743953" "Mozilla/5.0 (iPad; CPU OS 6_1_3 like Mac OS X) AppleWebKit/536.26 (KHTML, like Gecko) Version/6.0 Mobile/10B329 Safari/8536.25"
64.12.116.202 - - [19/Aug/2013:08:28:58 -0400] "GET /23/scripts/icwebsiteelement.css HTTP/1.1" 200 8132 "http://craigfarms.com/" "Mozilla/4.0 (compatible; MSIE 7.0; AOL 9.0; Windows NT 5.1; .NET CLR 1.1.4322)"
64.12.116.203 - - [19/Aug/2013:08:29:03 -0400] "GET /23/images/company.jpg HTTP/1.1" 200 5899 "http://craigfarms.com/Frame-1-hometop.htm" "Mozilla/4.0 (compatible; MSIE 7.0; AOL 9.0; Windows NT 5.1; .NET CLR 1.1.4322)"
184.21.64.95 - - [19/Aug/2013:09:42:32 -0400] "GET /23/images/left-05.gif HTTP/1.1" 200 638 "http://www.craigfarms.com/Frame-1-homeleft.htm" "Mozilla/5.0 (compatible; MSIE 10.0; Windows NT 6.1; WOW64; Trident/6.0)"
209.169.103.10 - - [19/Aug/2013:15:37:31 -0400] "GET /scripts/ic_globals_published.js HTTP/1.1" 200 566 "http://www.craigfarms.com/" "Mozilla/5.0 (compatible; MSIE 10.0; Windows NT 6.2; WOW64; Trident/6.0; Touch; MASMJS)"
209.169.103.10 - - [19/Aug/2013:15:37:31 -0400] "GET /Frame-1-homepage1.html?refresh=1374681743953 HTTP/1.1" 200 6162 "http://www.craigfarms.com/" "Mozilla/5.0 (compatible; MSIE 10.0; Windows NT 6.2; WOW64; Trident/6.0; Touch; MASMJS)"
209.169.103.10 - - [19/Aug/2013:15:37:32 -0400] "GET /23/images/bg_top.jpg HTTP/1.1" 200 793 "http://www.craigfarms.com/Frame-1-hometop.htm" "Mozilla/5.0 (compatible; MSIE 10.0; Windows NT 6.2; WOW64; Trident/6.0; Touch; MASMJS)"
209.169.103.10 - - [19/Aug/2013:15:37:32 -0400] "GET /23/images/left-02_over.gif HTTP/1.1" 200 373 "http://www.craigfarms.com/Frame-1-homeleft.htm" "Mozilla/5.0 (compatible; MSIE 10.0; Windows NT 6.2; WOW64; Trident/6.0; Touch; MASMJS)"
209.169.103.10 - - [19/Aug/2013:15:37:32 -0400] "GET /23/images/left-05.gif HTTP/1.1" 200 638 "http://www.craigfarms.com/Frame-1-homeleft.htm" "Mozilla/5.0 (compatible; MSIE 10.0; Windows NT 6.2; WOW64; Trident/6.0; Touch; MASMJS)"
178.154.243.81 - - [19/Aug/2013:16:05:30 -0400] "GET /23/images/slogan.jpg HTTP/1.1" 200 4733 "-" "Mozilla/5.0 (compatible; YandexImages/3.0; +http://yandex.com/bots)"
205.188.116.66 - - [19/Aug/2013:16:05:10 -0400] "GET / HTTP/1.1" 200 1524 "-" "Mozilla/4.0 (compatible; MSIE 7.0; AOL 9.0; Windows NT 5.1; .NET CLR 1.1.4322; PeoplePal 7.3)"
64.12.116.140 - - [19/Aug/2013:08:29:01 -0400] "GET /Frame-1-homeleft.htm HTTP/1.1" 200 3957 "http://craigfarms.com/" "Mozilla/4.0 (compatible; MSIE 7.0; AOL 9.0; Windows NT 5.1; .NET CLR 1.1.4322)"
64.12.116.131 - - [19/Aug/2013:08:29:02 -0400] "GET /23/images/1/motif01.jpg HTTP/1.1" 200 6534 "http://craigfarms.com/Frame-1-hometop.htm" "Mozilla/4.0 (compatible; MSIE 7.0; AOL 9.0; Windows NT 5.1; .NET CLR 1.1.4322)"
64.12.116.132 - - [19/Aug/2013:08:29:02 -0400] "GET /23/images/1/motif02.jpg HTTP/1.1" 200 1836 "http://craigfarms.com/Frame-1-hometop.htm" "Mozilla/4.0 (compatible; MSIE 7.0; AOL 9.0; Windows NT 5.1; .NET CLR 1.1.4322)"
180.76.5.170 - - [19/Aug/2013:22:53:02 -0400] "GET /Frame-1-homepage1.html?refresh=1374681743953 HTTP/1.1" 200 6162 "-" "Mozilla/5.0 (compatible; Baiduspider/2.0; +http://www.baidu.com/search/spider.html)"
178.154.243.81 - - [19/Aug/2013:16:48:16 -0400] "GET /23/images/1/motif01.jpg HTTP/1.1" 200 6534 "-" "Mozilla/5.0 (compatible; YandexImages/3.0; +http://yandex.com/bots)"
12.1.219.177 - - [19/Aug/2013:19:57:07 -0400] "GET /23/images/left-06.gif HTTP/1.1" 304 - "-" "Mozilla/4.0 (compatible;)"
178.154.243.81 - - [19/Aug/2013:06:32:37 -0400] "GET /images/350_Both_Donkeys.2.jpg HTTP/1.1" 304 - "-" "Mozilla/5.0 (compatible; YandexImages/3.0; +http://yandex.com/bots)"
184.21.64.95 - - [19/Aug/2013:09:42:32 -0400] "GET /23/images/1/motif02.jpg HTTP/1.1" 200 1836 "http://www.craigfarms.com/Frame-1-hometop.htm" "Mozilla/5.0 (compatible; MSIE 10.0; Windows NT 6.1; WOW64; Trident/6.0)"
157.55.33.80 - - [19/Aug/2013:06:27:14 -0400] "GET /Frame-5-linkspage5.html?refresh=1266174201983 HTTP/1.1" 200 4846 "-" "Mozilla/5.0 (compatible; bingbot/2.0; +http://www.bing.com/bingbot.htm)"
64.12.116.18 - - [19/Aug/2013:08:29:23 -0400] "HEAD /Frame-2-mulesforsaleleft.htm HTTP/1.1" 200 - "-" "-"
167.239.222.239 - - [19/Aug/2013:13:36:37 -0400] "GET /23/images/left-06_over.gif HTTP/1.0" 200 535 "http://www.craigfarms.com/Frame-1-homeleft.htm" "Mozilla/4.0 (compatible; MSIE 8.0; Windows NT 6.1; WOW64; Trident/4.0; SLCC2; .NET CLR 2.0.50727; .NET CLR 3.5.30729; .NET CLR 3.0.30729; Media Center PC 6.0; .NET4.0C; .NET4.0E)"
167.239.222.239 - - [19/Aug/2013:13:36:37 -0400] "GET /23/images/top-06.gif HTTP/1.0" 200 135 "http://www.craigfarms.com/Frame-1-hometop.htm" "Mozilla/4.0 (compatible; MSIE 8.0; Windows NT 6.1; WOW64; Trident/4.0; SLCC2; .NET CLR 2.0.50727; .NET CLR 3.5.30729; .NET CLR 3.0.30729; Media Center PC 6.0; .NET4.0C; .NET4.0E)"
178.154.243.81 - - [19/Aug/2013:15:20:49 -0400] "GET /23/images/motif01.jpg HTTP/1.1" 200 6534 "-" "Mozilla/5.0 (compatible; YandexImages/3.0; +http://yandex.com/bots)"
205.188.116.141 - - [19/Aug/2013:16:05:11 -0400] "HEAD /scripts/user.js HTTP/1.1" 200 - "-" "-"
205.188.116.6 - - [19/Aug/2013:16:06:15 -0400] "HEAD /23/images/left-07.gif HTTP/1.1" 200 - "-" "-"
205.188.116.77 - - [19/Aug/2013:16:07:12 -0400] "GET /Frame-2-mulesforsaletop.htm HTTP/1.1" 200 1385 "http://craigfarms.com/mulesforsale.html" "Mozilla/4.0 (compatible; MSIE 7.0; AOL 9.0; Windows NT 5.1; .NET CLR 1.1.4322; PeoplePal 7.3)"
220.181.108.160 - - [19/Aug/2013:16:40:56 -0400] "GET /Frame-1-hometop.htm HTTP/1.1" 200 1389 "-" "Mozilla/5.0 (compatible; Baiduspider/2.0; +http://www.baidu.com/search/spider.html)"
184.21.64.95 - - [19/Aug/2013:09:42:32 -0400] "GET /scripts/user.js HTTP/1.1" 200 23762 "http://www.craigfarms.com/" "Mozilla/5.0 (compatible; MSIE 10.0; Windows NT 6.1; WOW64; Trident/6.0)"
184.21.64.95 - - [19/Aug/2013:09:42:32 -0400] "GET /images/350_Both_Donkeys.2.jpg HTTP/1.1" 200 19018 "http://www.craigfarms.com/Frame-1-homepage1.html?refresh=1374681743953" "Mozilla/5.0 (compatible; MSIE 10.0; Windows NT 6.1; WOW64; Trident/6.0)"
184.21.64.95 - - [19/Aug/2013:09:42:34 -0400] "GET /23/images/left-04_over.gif HTTP/1.1" 200 563 "http://www.craigfarms.com/Frame-1-homeleft.htm" "Mozilla/5.0 (compatible; MSIE 10.0; Windows NT 6.1; WOW64; Trident/6.0)"
205.188.116.67 - - [19/Aug/2013:16:06:15 -0400] "HEAD /23/images/left-04.gif HTTP/1.1" 200 - "-" "-"
205.188.117.76 - - [19/Aug/2013:16:06:15 -0400] "HEAD /23/images/left-02_over.gif HTTP/1.1" 200 - "-" "-"
12.1.219.177 - - [19/Aug/2013:12:02:03 -0400] "GET /23/images/top-06.gif HTTP/1.1" 304 - "-" "Mozilla/4.0 (compatible;)"
64.12.116.207 - - [19/Aug/2013:08:29:25 -0400] "HEAD /23/images/motif02.jpg HTTP/1.1" 200 - "-" "-"
64.12.116.207 - - [19/Aug/2013:08:29:26 -0400] "GET /23/images/motif02.jpg HTTP/1.1" 200 1836 "http://craigfarms.com/Frame-2-mulesforsaletop.htm" "Mozilla/4.0 (compatible; MSIE 7.0; AOL 9.0; Windows NT 5.1; .NET CLR 1.1.4322)"
178.154.243.81 - - [19/Aug/2013:00:06:47 -0400] "GET /images/350_Big_Johnny.1.jpg HTTP/1.1" 304 - "-" "Mozilla/5.0 (compatible; YandexImages/3.0; +http://yandex.com/bots)"
157.55.32.145 - - [19/Aug/2013:01:40:29 -0400] "GET /robots.txt HTTP/1.1" 200 25 "-" "Mozilla/5.0 (compatible; bingbot/2.0; +http://www.bing.com/bingbot.htm)"
5.10.83.48 - - [19/Aug/2013:10:05:15 -0400] "GET /robots.txt HTTP/1.1" 200 25 "-" "Mozilla/5.0 (compatible; AhrefsBot/5.0; +http://ahrefs.com/robot/)"
81.144.138.34 - - [19/Aug/2013:10:26:58 -0400] "GET /robots.txt HTTP/1.1" 200 25 "-" "Wotbox/2.01 (+http://www.wotbox.com/bot/)"
206.253.63.54 - - [19/Aug/2013:21:09:43 -0400] "GET /Frame-2-mulesforsaleleft.htm HTTP/1.1" 200 3957 "http://www.craigfarms.com/mulesforsale.html" "Mozilla/5.0 (compatible; MSIE 10.0; Windows NT 6.2; Win64; x64; Trident/6.0; Touch; MALCJS)"
180.76.5.12 - - [19/Aug/2013:22:52:58 -0400] "GET /Frame-1-hometop.htm HTTP/1.1" 200 1389 "-" "Mozilla/5.0 (compatible; Baiduspider/2.0; +http://www.baidu.com/search/spider.html)"
64.12.116.10 - - [19/Aug/2013:08:29:26 -0400] "GET /Frame-2-mulesforsalepage2.html?refresh=1374681744111 HTTP/1.1" 200 8812 "http://craigfarms.com/mulesforsale.html" "Mozilla/4.0 (compatible; MSIE 7.0; AOL 9.0; Windows NT 5.1; .NET CLR 1.1.4322)"
184.21.64.95 - - [19/Aug/2013:09:42:32 -0400] "GET /23/images/left-07.gif HTTP/1.1" 200 319 "http://www.craigfarms.com/Frame-1-homeleft.htm" "Mozilla/5.0 (compatible; MSIE 10.0; Windows NT 6.1; WOW64; Trident/6.0)"
184.21.64.95 - - [19/Aug/2013:09:42:32 -0400] "GET /23/images/motif03.jpg HTTP/1.1" 200 6849 "http://www.craigfarms.com/Frame-1-homeleft.htm" "Mozilla/5.0 (compatible; MSIE 10.0; Windows NT 6.1; WOW64; Trident/6.0)"
184.21.64.95 - - [19/Aug/2013:09:42:35 -0400] "GET /23/images/bg_top.jpg HTTP/1.1" 200 793 "http://www.craigfarms.com/Frame-1-hometop.htm" "Mozilla/5.0 (compatible; MSIE 10.0; Windows NT 6.1; WOW64; Trident/6.0)"
184.21.64.95 - - [19/Aug/2013:09:42:36 -0400] "GET /23/images/bg_left.jpg HTTP/1.1" 200 952 "http://www.craigfarms.com/Frame-1-homeleft.htm" "Mozilla/5.0 (compatible; MSIE 10.0; Windows NT 6.1; WOW64; Trident/6.0)"
123.125.71.41 - - [19/Aug/2013:01:23:59 -0400] "GET /scripts/ic_globals_published.js HTTP/1.1" 200 566 "http://www.craigfarms.com/home.html" "Mozilla/5.0 (X11; U; Linux x86_64; en-US; rv:1.9) Gecko Minefield/3.0"
184.6.78.20 - - [19/Aug/2013:18:20:08 -0400] "GET /23/images/1/motif02.jpg HTTP/1.1" 200 1836 "http://www.craigfarms.com/Frame-1-hometop.htm" "Mozilla/5.0 (Windows NT 5.1; rv:22.0) Gecko/20100101 Firefox/22.0"
184.6.78.20 - - [19/Aug/2013:18:20:08 -0400] "GET /23/images/left-03.gif HTTP/1.1" 200 540 "http://www.craigfarms.com/Frame-1-homeleft.htm" "Mozilla/5.0 (Windows NT 5.1; rv:22.0) Gecko/20100101 Firefox/22.0"
184.6.78.20 - - [19/Aug/2013:18:20:08 -0400] "GET /23/images/motif03.jpg HTTP/1.1" 200 6849 "http://www.craigfarms.com/Frame-1-homeleft.htm" "Mozilla/5.0 (Windows NT 5.1; rv:22.0) Gecko/20100101 Firefox/22.0"
184.6.78.20 - - [19/Aug/2013:18:20:08 -0400] "GET /23/images/left-03_over.gif HTTP/1.1" 200 616 "http://www.craigfarms.com/Frame-1-homeleft.htm" "Mozilla/5.0 (Windows NT 5.1; rv:22.0) Gecko/20100101 Firefox/22.0"
24.185.147.182 - - [19/Aug/2013:12:31:22 -0400] "GET /Frame-2-mulesforsaleleft.htm HTTP/1.1" 200 3957 "http://www.craigfarms.com/mulesforsale.html" "Mozilla/5.0 (iPad; CPU OS 6_1_3 like Mac OS X) AppleWebKit/536.26 (KHTML, like Gecko) Version/6.0 Mobile/10B329 Safari/8536.25"
24.185.147.182 - - [19/Aug/2013:12:31:23 -0400] "GET /images/193_Murray_Team.6.jpg HTTP/1.1" 200 5502 "http://www.craigfarms.com/Frame-2-mulesforsalepage2.html?refresh=1374681744111" "Mozilla/5.0 (iPad; CPU OS 6_1_3 like Mac OS X) AppleWebKit/536.26 (KHTML, like Gecko) Version/6.0 Mobile/10B329 Safari/8536.25"
24.185.147.182 - - [19/Aug/2013:12:31:23 -0400] "GET /images/spacer.gif HTTP/1.1" 200 43 "http://www.craigfarms.com/Frame-2-mulesforsalepage2.html?refresh=1374681744111" "Mozilla/5.0 (iPad; CPU OS 6_1_3 like Mac OS X) AppleWebKit/536.26 (KHTML, like Gecko) Version/6.0 Mobile/10B329 Safari/8536.25"
157.55.32.49 - - [19/Aug/2013:21:11:52 -0400] "GET /Frame-6-mappagepage6.html?refresh=1337613204881 HTTP/1.1" 200 3797 "-" "Mozilla/5.0 (compatible; bingbot/2.0; +http://www.bing.com/bingbot.htm)"
76.0.188.79 - - [19/Aug/2013:21:19:30 -0400] "GET /images/193_Murray_Team.1.jpg HTTP/1.1" 200 5941 "http://www.craigfarms.com/Frame-2-mulesforsalepage2.html?refresh=1374681744111" "Mozilla/5.0 (iPad; CPU OS 6_1_3 like Mac OS X) AppleWebKit/536.26 (KHTML, like Gecko) Version/6.0 Mobile/10B329 Safari/8536.25"
70.208.2.40 - - [19/Aug/2013:16:46:11 -0400] "GET /images/250_Little_Stewy.6.jpg HTTP/1.1" 200 12294 "http://www.craigfarms.com/Frame-2-mulesforsalepage2.html?refresh=1374681744111" "Mozilla/5.0 (compatible; MSIE 10.0; Windows NT 6.1; WOW64; Trident/6.0)"
174.250.112.221 - - [19/Aug/2013:03:17:13 -0400] "GET /23/images/spacer.gif HTTP/1.1" 304 - "http://www.craigfarms.com/Frame-3-moremulestop.htm" "Mozilla/5.0 (iPhone; CPU iPhone OS 6_1_3 like Mac OS X) AppleWebKit/536.26 (KHTML, like Gecko) Version/6.0 Mobile/10B329 Safari/8536.25"
174.250.112.221 - - [19/Aug/2013:03:17:13 -0400] "GET /23/images/bg_left.jpg HTTP/1.1" 304 - "http://www.craigfarms.com/Frame-3-moremulesleft.htm" "Mozilla/5.0 (iPhone; CPU iPhone OS 6_1_3 like Mac OS X) AppleWebKit/536.26 (KHTML, like Gecko) Version/6.0 Mobile/10B329 Safari/8536.25"
174.250.112.221 - - [19/Aug/2013:03:17:13 -0400] "GET /23/images/left-06_over.gif HTTP/1.1" 304 - "http://www.craigfarms.com/Frame-3-moremulesleft.htm" "Mozilla/5.0 (iPhone; CPU iPhone OS 6_1_3 like Mac OS X) AppleWebKit/536.26 (KHTML, like Gecko) Version/6.0 Mobile/10B329 Safari/8536.25"
65.55.52.96 - - [19/Aug/2013:01:16:39 -0400] "GET /Frame-1-homeleft.htm HTTP/1.1" 200 3957 "-" "Mozilla/5.0 (compatible; bingbot/2.0; +http://www.bing.com/bingbot.htm)"
64.12.117.13 - - [19/Aug/2013:08:28:56 -0400] "GET / HTTP/1.1" 200 1524 "-" "Mozilla/4.0 (compatible; MSIE 7.0; AOL 9.0; Windows NT 5.1; .NET CLR 1.1.4322)"
184.21.64.95 - - [19/Aug/2013:09:42:32 -0400] "GET /23/images/slogan.jpg HTTP/1.1" 200 4733 "http://www.craigfarms.com/Frame-1-hometop.htm" "Mozilla/5.0 (compatible; MSIE 10.0; Windows NT 6.1; WOW64; Trident/6.0)"
184.21.64.95 - - [19/Aug/2013:09:42:34 -0400] "GET /23/images/left-07_over.gif HTTP/1.1" 200 416 "http://www.craigfarms.com/Frame-1-homeleft.htm" "Mozilla/5.0 (compatible; MSIE 10.0; Windows NT 6.1; WOW64; Trident/6.0)"
65.55.52.96 - - [19/Aug/2013:11:55:13 -0400] "GET /robots.txt HTTP/1.1" 200 25 "-" "Mozilla/5.0 (compatible; bingbot/2.0; +http://www.bing.com/bingbot.htm)"
24.185.147.182 - - [19/Aug/2013:12:31:22 -0400] "GET /mulesforsale.html HTTP/1.1" 200 1548 "http://www.craigfarms.com/Frame-1-homeleft.htm" "Mozilla/5.0 (iPad; CPU OS 6_1_3 like Mac OS X) AppleWebKit/536.26 (KHTML, like Gecko) Version/6.0 Mobile/10B329 Safari/8536.25"
24.185.147.182 - - [19/Aug/2013:12:31:22 -0400] "GET /Frame-2-mulesforsaletop.htm HTTP/1.1" 200 1385 "http://www.craigfarms.com/mulesforsale.html" "Mozilla/5.0 (iPad; CPU OS 6_1_3 like Mac OS X) AppleWebKit/536.26 (KHTML, like Gecko) Version/6.0 Mobile/10B329 Safari/8536.25"
24.185.147.182 - - [19/Aug/2013:12:31:22 -0400] "GET /23/images/motif01.jpg HTTP/1.1" 200 6534 "http://www.craigfarms.com/Frame-2-mulesforsaletop.htm" "Mozilla/5.0 (iPad; CPU OS 6_1_3 like Mac OS X) AppleWebKit/536.26 (KHTML, like Gecko) Version/6.0 Mobile/10B329 Safari/8536.25"
24.185.147.182 - - [19/Aug/2013:12:31:23 -0400] "GET /images/300_Pa._Red_Team.3.jpg HTTP/1.1" 200 19162 "http://www.craigfarms.com/Frame-2-mulesforsalepage2.html?refresh=1374681744111" "Mozilla/5.0 (iPad; CPU OS 6_1_3 like Mac OS X) AppleWebKit/536.26 (KHTML, like Gecko) Version/6.0 Mobile/10B329 Safari/8536.25"
24.185.147.182 - - [19/Aug/2013:12:31:23 -0400] "GET /images/250_Big_N.O._2.jpg HTTP/1.1" 200 10050 "http://www.craigfarms.com/Frame-2-mulesforsalepage2.html?refresh=1374681744111" "Mozilla/5.0 (iPad; CPU OS 6_1_3 like Mac OS X) AppleWebKit/536.26 (KHTML, like Gecko) Version/6.0 Mobile/10B329 Safari/8536.25"
24.185.147.182 - - [19/Aug/2013:12:31:44 -0400] "GET /images/250_Red_White_Face_N.O.3.jpg HTTP/1.1" 200 10477 "http://www.craigfarms.com/Frame-3-moremulespage3.html?refresh=1374681744177" "Mozilla/5.0 (iPad; CPU OS 6_1_3 like Mac OS X) AppleWebKit/536.26 (KHTML, like Gecko) Version/6.0 Mobile/10B329 Safari/8536.25"
167.239.222.239 - - [19/Aug/2013:13:36:54 -0400] "GET /mulesforsale.html HTTP/1.0" 200 1548 "http://www.craigfarms.com/Frame-1-homeleft.htm" "Mozilla/4.0 (compatible; MSIE 8.0; Windows NT 6.1; WOW64; Trident/4.0; SLCC2; .NET CLR 2.0.50727; .NET CLR 3.5.30729; .NET CLR 3.0.30729; Media Center PC 6.0; .NET4.0C; .NET4.0E)"
167.239.222.239 - - [19/Aug/2013:13:36:55 -0400] "GET /Frame-2-mulesforsaletop.htm HTTP/1.0" 200 1385 "http://www.craigfarms.com/mulesforsale.html" "Mozilla/4.0 (compatible; MSIE 8.0; Windows NT 6.1; WOW64; Trident/4.0; SLCC2; .NET CLR 2.0.50727; .NET CLR 3.5.30729; .NET CLR 3.0.30729; Media Center PC 6.0; .NET4.0C; .NET4.0E)"
167.239.222.239 - - [19/Aug/2013:13:36:55 -0400] "GET /images/250_Little_Stewy.6.jpg HTTP/1.0" 200 12294 "http://www.craigfarms.com/Frame-2-mulesforsalepage2.html?refresh=1374681744111" "Mozilla/4.0 (compatible; MSIE 8.0; Windows NT 6.1; WOW64; Trident/4.0; SLCC2; .NET CLR 2.0.50727; .NET CLR 3.5.30729; .NET CLR 3.0.30729; Media Center PC 6.0; .NET4.0C; .NET4.0E)"
174.229.193.80 - - [19/Aug/2013:15:53:59 -0400] "GET / HTTP/1.1" 304 - "-" "Mozilla/5.0 (iPhone; CPU iPhone OS 6_1_3 like Mac OS X) AppleWebKit/536.26 (KHTML, like Gecko) Version/6.0 Mobile/10B329 Safari/8536.25"
174.229.193.80 - - [19/Aug/2013:15:54:00 -0400] "GET /23/scripts/master.css HTTP/1.1" 304 - "http://www.craigfarms.com/" "Mozilla/5.0 (iPhone; CPU iPhone OS 6_1_3 like Mac OS X) AppleWebKit/536.26 (KHTML, like Gecko) Version/6.0 Mobile/10B329 Safari/8536.25"
174.229.193.80 - - [19/Aug/2013:15:54:01 -0400] "GET /scripts/user.js HTTP/1.1" 304 - "http://www.craigfarms.com/" "Mozilla/5.0 (iPhone; CPU iPhone OS 6_1_3 like Mac OS X) AppleWebKit/536.26 (KHTML, like Gecko) Version/6.0 Mobile/10B329 Safari/8536.25"
174.229.193.80 - - [19/Aug/2013:15:54:01 -0400] "GET /Frame-1-hometop.htm HTTP/1.1" 304 - "http://www.craigfarms.com/" "Mozilla/5.0 (iPhone; CPU iPhone OS 6_1_3 like Mac OS X) AppleWebKit/536.26 (KHTML, like Gecko) Version/6.0 Mobile/10B329 Safari/8536.25"
174.229.193.80 - - [19/Aug/2013:15:54:01 -0400] "GET /23/images/bg_top.jpg HTTP/1.1" 304 - "http://www.craigfarms.com/Frame-1-hometop.htm" "Mozilla/5.0 (iPhone; CPU iPhone OS 6_1_3 like Mac OS X) AppleWebKit/536.26 (KHTML, like Gecko) Version/6.0 Mobile/10B329 Safari/8536.25"
174.229.193.80 - - [19/Aug/2013:15:54:01 -0400] "GET /23/images/1/motif02.jpg HTTP/1.1" 304 - "http://www.craigfarms.com/Frame-1-hometop.htm" "Mozilla/5.0 (iPhone; CPU iPhone OS 6_1_3 like Mac OS X) AppleWebKit/536.26 (KHTML, like Gecko) Version/6.0 Mobile/10B329 Safari/8536.25"
174.229.193.80 - - [19/Aug/2013:15:54:01 -0400] "GET /23/images/left-03_over.gif HTTP/1.1" 304 - "http://www.craigfarms.com/Frame-1-homeleft.htm" "Mozilla/5.0 (iPhone; CPU iPhone OS 6_1_3 like Mac OS X) AppleWebKit/536.26 (KHTML, like Gecko) Version/6.0 Mobile/10B329 Safari/8536.25"
174.229.193.80 - - [19/Aug/2013:15:54:02 -0400] "GET /23/images/left-01.gif HTTP/1.1" 304 - "http://www.craigfarms.com/Frame-1-homeleft.htm" "Mozilla/5.0 (iPhone; CPU iPhone OS 6_1_3 like Mac OS X) AppleWebKit/536.26 (KHTML, like Gecko) Version/6.0 Mobile/10B329 Safari/8536.25"
174.229.193.80 - - [19/Aug/2013:15:54:02 -0400] "GET /23/images/motif03.jpg HTTP/1.1" 304 - "http://www.craigfarms.com/Frame-1-homeleft.htm" "Mozilla/5.0 (iPhone; CPU iPhone OS 6_1_3 like Mac OS X) AppleWebKit/536.26 (KHTML, like Gecko) Version/6.0 Mobile/10B329 Safari/8536.25"
178.154.243.81 - - [19/Aug/2013:17:49:56 -0400] "GET /images/435_farm_map.gif HTTP/1.1" 304 - "-" "Mozilla/5.0 (compatible; YandexImages/3.0; +http://yandex.com/bots)"
178.154.243.81 - - [19/Aug/2013:00:42:06 -0400] "GET /images/200_Murray_Blk.1.jpg HTTP/1.1" 304 - "-" "Mozilla/5.0 (compatible; YandexImages/3.0; +http://yandex.com/bots)"
24.185.147.182 - - [19/Aug/2013:12:31:44 -0400] "GET /Frame-3-moremulespage3.html?refresh=1374681744177 HTTP/1.1" 200 6684 "http://www.craigfarms.com/moremules.html" "Mozilla/5.0 (iPad; CPU OS 6_1_3 like Mac OS X) AppleWebKit/536.26 (KHTML, like Gecko) Version/6.0 Mobile/10B329 Safari/8536.25"
24.185.147.182 - - [19/Aug/2013:12:31:44 -0400] "GET /images/250_Red_N.O.3.jpg HTTP/1.1" 200 10492 "http://www.craigfarms.com/Frame-3-moremulespage3.html?refresh=1374681744177" "Mozilla/5.0 (iPad; CPU OS 6_1_3 like Mac OS X) AppleWebKit/536.26 (KHTML, like Gecko) Version/6.0 Mobile/10B329 Safari/8536.25"
167.239.222.239 - - [19/Aug/2013:13:36:55 -0400] "GET /images/250_Lucky.2.jpg HTTP/1.0" 200 11524 "http://www.craigfarms.com/Frame-2-mulesforsalepage2.html?refresh=1374681744111" "Mozilla/4.0 (compatible; MSIE 8.0; Windows NT 6.1; WOW64; Trident/4.0; SLCC2; .NET CLR 2.0.50727; .NET CLR 3.5.30729; .NET CLR 3.0.30729; Media Center PC 6.0; .NET4.0C; .NET4.0E)"
66.249.75.221 - - [19/Aug/2013:14:16:00 -0400] "GET / HTTP/1.1" 200 1524 "-" "Mozilla/5.0 (iPhone; U; CPU iPhone OS 4_1 like Mac OS X; en-us) AppleWebKit/532.9 (KHTML, like Gecko) Version/4.0.5 Mobile/8B117 Safari/6531.22.7 (compatible; Googlebot-Mobile/2.1; +http://www.google.com/bot.html)"
178.154.243.81 - - [19/Aug/2013:14:48:56 -0400] "GET /images/193_Murray_Team.6.jpg HTTP/1.1" 304 - "-" "Mozilla/5.0 (compatible; YandexImages/3.0; +http://yandex.com/bots)"
184.21.64.95 - - [19/Aug/2013:09:42:32 -0400] "GET /images/100_facebook.jpg HTTP/1.1" 200 1592 "http://www.craigfarms.com/Frame-1-homepage1.html?refresh=1374681743953" "Mozilla/5.0 (compatible; MSIE 10.0; Windows NT 6.1; WOW64; Trident/6.0)"
184.21.64.95 - - [19/Aug/2013:09:42:37 -0400] "GET /favicon.ico HTTP/1.1" 404 575 "-" "Mozilla/5.0 (compatible; MSIE 10.0; Windows NT 6.1; Win64; x64; Trident/6.0)"
174.250.112.221 - - [19/Aug/2013:03:17:13 -0400] "GET /23/images/top-01.gif HTTP/1.1" 304 - "http://www.craigfarms.com/Frame-3-moremulestop.htm" "Mozilla/5.0 (iPhone; CPU iPhone OS 6_1_3 like Mac OS X) AppleWebKit/536.26 (KHTML, like Gecko) Version/6.0 Mobile/10B329 Safari/8536.25"
174.250.112.221 - - [19/Aug/2013:03:17:14 -0400] "GET /23/images/left-02_over.gif HTTP/1.1" 304 - "http://www.craigfarms.com/Frame-3-moremulesleft.htm" "Mozilla/5.0 (iPhone; CPU iPhone OS 6_1_3 like Mac OS X) AppleWebKit/536.26 (KHTML, like Gecko) Version/6.0 Mobile/10B329 Safari/8536.25"
174.250.112.221 - - [19/Aug/2013:03:17:14 -0400] "GET /23/images/left-07_over.gif HTTP/1.1" 304 - "http://www.craigfarms.com/Frame-3-moremulesleft.htm" "Mozilla/5.0 (iPhone; CPU iPhone OS 6_1_3 like Mac OS X) AppleWebKit/536.26 (KHTML, like Gecko) Version/6.0 Mobile/10B329 Safari/8536.25"
157.55.33.80 - - [19/Aug/2013:06:26:33 -0400] "GET /robots.txt HTTP/1.1" 200 25 "-" "Mozilla/5.0 (compatible; bingbot/2.0; +http://www.bing.com/bingbot.htm)"
178.154.243.81 - - [19/Aug/2013:15:39:08 -0400] "GET /23/images/motif02.jpg HTTP/1.1" 200 1836 "-" "Mozilla/5.0 (compatible; YandexImages/3.0; +http://yandex.com/bots)"
205.188.116.14 - - [19/Aug/2013:16:05:11 -0400] "HEAD /scripts/ic_globals_published.js HTTP/1.1" 200 - "-" "-"
205.188.117.13 - - [19/Aug/2013:16:06:14 -0400] "HEAD /23/images/1/motif02.jpg HTTP/1.1" 200 - "-" "-"
205.188.116.130 - - [19/Aug/2013:16:06:15 -0400] "HEAD /23/images/left-06_over.gif HTTP/1.1" 200 - "-" "-"
12.1.219.177 - - [19/Aug/2013:19:50:20 -0400] "GET /23/images/01a.gif HTTP/1.1" 304 - "-" "Mozilla/4.0 (compatible;)"
24.175.241.121 - - [19/Aug/2013:20:17:05 -0400] "GET /index.html HTTP/1.1" 304 - "-" "Mozilla/4.0 (compatible; MSIE 8.0; Windows NT 5.1; Trident/4.0; .NET CLR 2.0.50727; .NET CLR 3.0.4506.2152; .NET CLR 3.5.30729)"
24.175.241.121 - - [19/Aug/2013:20:17:05 -0400] "GET /23/scripts/icwebsiteelement.css HTTP/1.1" 304 - "http://www.craigfarms.com/index.html" "Mozilla/4.0 (compatible; MSIE 8.0; Windows NT 5.1; Trident/4.0; .NET CLR 2.0.50727; .NET CLR 3.0.4506.2152; .NET CLR 3.5.30729)"
24.175.241.121 - - [19/Aug/2013:20:17:05 -0400] "GET /scripts/ic_globals_published.js HTTP/1.1" 304 - "http://www.craigfarms.com/index.html" "Mozilla/4.0 (compatible; MSIE 8.0; Windows NT 5.1; Trident/4.0; .NET CLR 2.0.50727; .NET CLR 3.0.4506.2152; .NET CLR 3.5.30729)"
24.175.241.121 - - [19/Aug/2013:20:17:05 -0400] "GET /scripts/photoalbum.js HTTP/1.1" 304 - "http://www.craigfarms.com/index.html" "Mozilla/4.0 (compatible; MSIE 8.0; Windows NT 5.1; Trident/4.0; .NET CLR 2.0.50727; .NET CLR 3.0.4506.2152; .NET CLR 3.5.30729)"
24.175.241.121 - - [19/Aug/2013:20:17:06 -0400] "GET /Frame-1-hometop.htm HTTP/1.1" 304 - "http://www.craigfarms.com/index.html" "Mozilla/4.0 (compatible; MSIE 8.0; Windows NT 5.1; Trident/4.0; .NET CLR 2.0.50727; .NET CLR 3.0.4506.2152; .NET CLR 3.5.30729)"
24.175.241.121 - - [19/Aug/2013:20:17:06 -0400] "GET /Frame-1-homepage1.html?refresh=1374681743953 HTTP/1.1" 304 - "http://www.craigfarms.com/index.html" "Mozilla/4.0 (compatible; MSIE 8.0; Windows NT 5.1; Trident/4.0; .NET CLR 2.0.50727; .NET CLR 3.0.4506.2152; .NET CLR 3.5.30729)"
24.175.241.121 - - [19/Aug/2013:20:17:06 -0400] "GET /23/scripts/master.css HTTP/1.1" 304 - "http://www.craigfarms.com/Frame-1-hometop.htm" "Mozilla/4.0 (compatible; MSIE 8.0; Windows NT 5.1; Trident/4.0; .NET CLR 2.0.50727; .NET CLR 3.0.4506.2152; .NET CLR 3.5.30729)"
24.175.241.121 - - [19/Aug/2013:20:17:06 -0400] "GET /23/images/bg_top.jpg HTTP/1.1" 304 - "http://www.craigfarms.com/Frame-1-hometop.htm" "Mozilla/4.0 (compatible; MSIE 8.0; Windows NT 5.1; Trident/4.0; .NET CLR 2.0.50727; .NET CLR 3.0.4506.2152; .NET CLR 3.5.30729)"
24.175.241.121 - - [19/Aug/2013:20:17:06 -0400] "GET /23/images/spacer.gif HTTP/1.1" 304 - "http://www.craigfarms.com/Frame-1-hometop.htm" "Mozilla/4.0 (compatible; MSIE 8.0; Windows NT 5.1; Trident/4.0; .NET CLR 2.0.50727; .NET CLR 3.0.4506.2152; .NET CLR 3.5.30729)"
24.175.241.121 - - [19/Aug/2013:20:17:06 -0400] "GET /23/images/slogan.jpg HTTP/1.1" 304 - "http://www.craigfarms.com/Frame-1-hometop.htm" "Mozilla/4.0 (compatible; MSIE 8.0; Windows NT 5.1; Trident/4.0; .NET CLR 2.0.50727; .NET CLR 3.0.4506.2152; .NET CLR 3.5.30729)"
24.175.241.121 - - [19/Aug/2013:20:17:06 -0400] "GET /23/images/top-06.gif HTTP/1.1" 304 - "http://www.craigfarms.com/Frame-1-hometop.htm" "Mozilla/4.0 (compatible; MSIE 8.0; Windows NT 5.1; Trident/4.0; .NET CLR 2.0.50727; .NET CLR 3.0.4506.2152; .NET CLR 3.5.30729)"
24.175.241.121 - - [19/Aug/2013:20:17:06 -0400] "GET /23/images/left-05_over.gif HTTP/1.1" 304 - "http://www.craigfarms.com/Frame-1-homeleft.htm" "Mozilla/4.0 (compatible; MSIE 8.0; Windows NT 5.1; Trident/4.0; .NET CLR 2.0.50727; .NET CLR 3.0.4506.2152; .NET CLR 3.5.30729)"
24.175.241.121 - - [19/Aug/2013:20:17:06 -0400] "GET /23/images/left-06_over.gif HTTP/1.1" 304 - "http://www.craigfarms.com/Frame-1-homeleft.htm" "Mozilla/4.0 (compatible; MSIE 8.0; Windows NT 5.1; Trident/4.0; .NET CLR 2.0.50727; .NET CLR 3.0.4506.2152; .NET CLR 3.5.30729)"
24.175.241.121 - - [19/Aug/2013:20:17:06 -0400] "GET /23/images/left-04.gif HTTP/1.1" 304 - "http://www.craigfarms.com/Frame-1-homeleft.htm" "Mozilla/4.0 (compatible; MSIE 8.0; Windows NT 5.1; Trident/4.0; .NET CLR 2.0.50727; .NET CLR 3.0.4506.2152; .NET CLR 3.5.30729)"
24.175.241.121 - - [19/Aug/2013:20:17:06 -0400] "GET /23/images/left-05.gif HTTP/1.1" 304 - "http://www.craigfarms.com/Frame-1-homeleft.htm" "Mozilla/4.0 (compatible; MSIE 8.0; Windows NT 5.1; Trident/4.0; .NET CLR 2.0.50727; .NET CLR 3.0.4506.2152; .NET CLR 3.5.30729)"
24.175.241.121 - - [19/Aug/2013:20:17:06 -0400] "GET /images/350_Both_Donkeys.2.jpg HTTP/1.1" 304 - "http://www.craigfarms.com/Frame-1-homepage1.html?refresh=1374681743953" "Mozilla/4.0 (compatible; MSIE 8.0; Windows NT 5.1; Trident/4.0; .NET CLR 2.0.50727; .NET CLR 3.0.4506.2152; .NET CLR 3.5.30729)"
24.175.241.121 - - [19/Aug/2013:20:17:07 -0400] "GET /favicon.ico HTTP/1.1" 404 575 "-" "Mozilla/4.0 (compatible; MSIE 8.0; Windows NT 5.1; Trident/4.0; .NET CLR 2.0.50727; .NET CLR 3.0.4506.2152; .NET CLR 3.5.30729)"
64.12.116.9 - - [19/Aug/2013:08:29:02 -0400] "GET /23/images/spacer.gif HTTP/1.1" 200 43 "http://craigfarms.com/Frame-1-hometop.htm" "Mozilla/4.0 (compatible; MSIE 7.0; AOL 9.0; Windows NT 5.1; .NET CLR 1.1.4322)"
64.12.116.9 - - [19/Aug/2013:08:29:02 -0400] "GET /23/images/top-01.gif HTTP/1.1" 200 263 "http://craigfarms.com/Frame-1-hometop.htm" "Mozilla/4.0 (compatible; MSIE 7.0; AOL 9.0; Windows NT 5.1; .NET CLR 1.1.4322)"
64.12.117.14 - - [19/Aug/2013:08:29:04 -0400] "GET /23/images/left-05.gif HTTP/1.1" 200 638 "http://craigfarms.com/Frame-1-homeleft.htm" "Mozilla/4.0 (compatible; MSIE 7.0; AOL 9.0; Windows NT 5.1; .NET CLR 1.1.4322)"
205.188.116.137 - - [19/Aug/2013:16:06:15 -0400] "HEAD /23/images/motif03.jpg HTTP/1.1" 200 - "-" "-"
178.154.243.81 - - [19/Aug/2013:17:12:03 -0400] "GET /images/100_facebook.jpg HTTP/1.1" 304 - "-" "Mozilla/5.0 (compatible; YandexImages/3.0; +http://yandex.com/bots)"
24.175.241.121 - - [19/Aug/2013:20:17:06 -0400] "GET /scripts/user.js HTTP/1.1" 304 - "http://www.craigfarms.com/Frame-1-hometop.htm" "Mozilla/4.0 (compatible; MSIE 8.0; Windows NT 5.1; Trident/4.0; .NET CLR 2.0.50727; .NET CLR 3.0.4506.2152; .NET CLR 3.5.30729)"
24.175.241.121 - - [19/Aug/2013:20:17:06 -0400] "GET /23/images/1/motif02.jpg HTTP/1.1" 304 - "http://www.craigfarms.com/Frame-1-hometop.htm" "Mozilla/4.0 (compatible; MSIE 8.0; Windows NT 5.1; Trident/4.0; .NET CLR 2.0.50727; .NET CLR 3.0.4506.2152; .NET CLR 3.5.30729)"
24.175.241.121 - - [19/Aug/2013:20:17:06 -0400] "GET /23/images/left-04_over.gif HTTP/1.1" 304 - "http://www.craigfarms.com/Frame-1-homeleft.htm" "Mozilla/4.0 (compatible; MSIE 8.0; Windows NT 5.1; Trident/4.0; .NET CLR 2.0.50727; .NET CLR 3.0.4506.2152; .NET CLR 3.5.30729)"
24.175.241.121 - - [19/Aug/2013:20:17:06 -0400] "GET /23/images/left-03.gif HTTP/1.1" 304 - "http://www.craigfarms.com/Frame-1-homeleft.htm" "Mozilla/4.0 (compatible; MSIE 8.0; Windows NT 5.1; Trident/4.0; .NET CLR 2.0.50727; .NET CLR 3.0.4506.2152; .NET CLR 3.5.30729)"
24.175.241.121 - - [19/Aug/2013:20:17:06 -0400] "GET /23/images/motif03.jpg HTTP/1.1" 304 - "http://www.craigfarms.com/Frame-1-homeleft.htm" "Mozilla/4.0 (compatible; MSIE 8.0; Windows NT 5.1; Trident/4.0; .NET CLR 2.0.50727; .NET CLR 3.0.4506.2152; .NET CLR 3.5.30729)"
220.181.108.142 - - [19/Aug/2013:01:23:50 -0400] "GET /home.html HTTP/1.1" 200 1524 "-" "Mozilla/5.0 (compatible; Baiduspider/2.0; +http://www.baidu.com/search/spider.html)"
205.188.116.134 - - [19/Aug/2013:16:07:07 -0400] "HEAD /Frame-2-mulesforsaleleft.htm HTTP/1.1" 200 - "-" "-"
178.154.243.81 - - [19/Aug/2013:18:06:44 -0400] "GET /images/250_Little_Stewy.6.jpg HTTP/1.1" 304 - "-" "Mozilla/5.0 (compatible; YandexImages/3.0; +http://yandex.com/bots)"
64.12.116.66 - - [19/Aug/2013:08:29:25 -0400] "HEAD /23/images/motif01.jpg HTTP/1.1" 200 - "-" "-"
64.12.116.66 - - [19/Aug/2013:08:29:26 -0400] "HEAD /images/spacer.gif HTTP/1.1" 200 - "-" "-"
64.12.116.66 - - [19/Aug/2013:08:29:26 -0400] "GET /23/images/motif01.jpg HTTP/1.1" 200 6534 "http://craigfarms.com/Frame-2-mulesforsaletop.htm" "Mozilla/4.0 (compatible; MSIE 7.0; AOL 9.0; Windows NT 5.1; .NET CLR 1.1.4322)"
167.239.222.239 - - [19/Aug/2013:13:36:55 -0400] "GET /Frame-2-mulesforsaleleft.htm HTTP/1.0" 200 3957 "http://www.craigfarms.com/mulesforsale.html" "Mozilla/4.0 (compatible; MSIE 8.0; Windows NT 6.1; WOW64; Trident/4.0; SLCC2; .NET CLR 2.0.50727; .NET CLR 3.5.30729; .NET CLR 3.0.30729; Media Center PC 6.0; .NET4.0C; .NET4.0E)"
167.239.222.239 - - [19/Aug/2013:13:36:55 -0400] "GET /23/images/motif02.jpg HTTP/1.0" 200 1836 "http://www.craigfarms.com/Frame-2-mulesforsaletop.htm" "Mozilla/4.0 (compatible; MSIE 8.0; Windows NT 6.1; WOW64; Trident/4.0; SLCC2; .NET CLR 2.0.50727; .NET CLR 3.5.30729; .NET CLR 3.0.30729; Media Center PC 6.0; .NET4.0C; .NET4.0E)"
167.239.222.239 - - [19/Aug/2013:13:36:55 -0400] "GET /images/300_Pa._Red_Team.3.jpg HTTP/1.0" 200 19162 "http://www.craigfarms.com/Frame-2-mulesforsalepage2.html?refresh=1374681744111" "Mozilla/4.0 (compatible; MSIE 8.0; Windows NT 6.1; WOW64; Trident/4.0; SLCC2; .NET CLR 2.0.50727; .NET CLR 3.5.30729; .NET CLR 3.0.30729; Media Center PC 6.0; .NET4.0C; .NET4.0E)"
178.154.243.81 - - [19/Aug/2013:13:56:37 -0400] "GET /images/250_Dark_N.O._H_Mule.2.jpg HTTP/1.1" 304 - "-" "Mozilla/5.0 (compatible; YandexImages/3.0; +http://yandex.com/bots)"
184.21.64.95 - - [19/Aug/2013:09:42:32 -0400] "GET /23/images/left-01.gif HTTP/1.1" 200 87 "http://www.craigfarms.com/Frame-1-homeleft.htm" "Mozilla/5.0 (compatible; MSIE 10.0; Windows NT 6.1; WOW64; Trident/6.0)"
167.239.222.239 - - [19/Aug/2013:13:36:55 -0400] "GET /images/193_Murray_Team.6.jpg HTTP/1.0" 200 5502 "http://www.craigfarms.com/Frame-2-mulesforsalepage2.html?refresh=1374681744111" "Mozilla/4.0 (compatible; MSIE 8.0; Windows NT 6.1; WOW64; Trident/4.0; SLCC2; .NET CLR 2.0.50727; .NET CLR 3.5.30729; .NET CLR 3.0.30729; Media Center PC 6.0; .NET4.0C; .NET4.0E)"
64.12.116.70 - - [19/Aug/2013:08:29:02 -0400] "GET /23/images/slogan.jpg HTTP/1.1" 200 4733 "http://craigfarms.com/Frame-1-hometop.htm" "Mozilla/4.0 (compatible; MSIE 7.0; AOL 9.0; Windows NT 5.1; .NET CLR 1.1.4322)"
64.12.116.70 - - [19/Aug/2013:08:29:03 -0400] "GET /23/images/left-04.gif HTTP/1.1" 200 475 "http://craigfarms.com/Frame-1-homeleft.htm" "Mozilla/4.0 (compatible; MSIE 7.0; AOL 9.0; Windows NT 5.1; .NET CLR 1.1.4322)"
64.12.116.70 - - [19/Aug/2013:08:29:04 -0400] "GET /23/images/left-07.gif HTTP/1.1" 200 319 "http://craigfarms.com/Frame-1-homeleft.htm" "Mozilla/4.0 (compatible; MSIE 7.0; AOL 9.0; Windows NT 5.1; .NET CLR 1.1.4322)"
64.12.116.71 - - [19/Aug/2013:08:29:58 -0400] "GET /Frame-3-moremulespage3.html?refresh=1374681744177 HTTP/1.1" 200 6684 "http://craigfarms.com/moremules.html" "Mozilla/4.0 (compatible; MSIE 7.0; AOL 9.0; Windows NT 5.1; .NET CLR 1.1.4322)"
178.154.243.81 - - [19/Aug/2013:18:52:22 -0400] "GET /images/250_dscf0157.jpg HTTP/1.1" 304 - "-" "Mozilla/5.0 (compatible; YandexImages/3.0; +http://yandex.com/bots)"
206.253.63.54 - - [19/Aug/2013:21:09:17 -0400] "GET /scripts/photoalbum.js HTTP/1.1" 200 62481 "http://www.craigfarms.com/" "Mozilla/5.0 (compatible; MSIE 10.0; Windows NT 6.2; Win64; x64; Trident/6.0; Touch; MALCJS)"
206.253.63.54 - - [19/Aug/2013:21:09:19 -0400] "GET /Frame-1-hometop.htm HTTP/1.1" 200 1389 "http://www.craigfarms.com/" "Mozilla/5.0 (compatible; MSIE 10.0; Windows NT 6.2; Win64; x64; Trident/6.0; Touch; MALCJS)"
206.253.63.54 - - [19/Aug/2013:21:09:20 -0400] "GET /23/images/bg_top.jpg HTTP/1.1" 200 793 "http://www.craigfarms.com/Frame-1-hometop.htm" "Mozilla/5.0 (compatible; MSIE 10.0; Windows NT 6.2; Win64; x64; Trident/6.0; Touch; MALCJS)"
206.253.63.54 - - [19/Aug/2013:21:09:20 -0400] "GET /23/images/slogan.jpg HTTP/1.1" 200 4733 "http://www.craigfarms.com/Frame-1-hometop.htm" "Mozilla/5.0 (compatible; MSIE 10.0; Windows NT 6.2; Win64; x64; Trident/6.0; Touch; MALCJS)"
206.253.63.54 - - [19/Aug/2013:21:09:20 -0400] "GET /23/images/left-03_over.gif HTTP/1.1" 200 616 "http://www.craigfarms.com/Frame-1-homeleft.htm" "Mozilla/5.0 (compatible; MSIE 10.0; Windows NT 6.2; Win64; x64; Trident/6.0; Touch; MALCJS)"
206.253.63.54 - - [19/Aug/2013:21:09:20 -0400] "GET /images/100_facebook.jpg HTTP/1.1" 200 1592 "http://www.craigfarms.com/Frame-1-homepage1.html?refresh=1374681743953" "Mozilla/5.0 (compatible; MSIE 10.0; Windows NT 6.2; Win64; x64; Trident/6.0; Touch; MALCJS)"
205.188.116.66 - - [19/Aug/2013:16:07:14 -0400] "HEAD /23/images/motif01.jpg HTTP/1.1" 200 - "-" "-"
205.188.116.66 - - [19/Aug/2013:16:07:15 -0400] "HEAD /images/spacer.gif HTTP/1.1" 200 - "-" "-"
205.188.116.134 - - [19/Aug/2013:16:09:32 -0400] "HEAD /Frame-3-moremulestop.htm HTTP/1.1" 200 - "-" "-"
205.188.117.68 - - [19/Aug/2013:16:09:34 -0400] "GET /Frame-3-moremulespage3.html?refresh=1374681744177 HTTP/1.1" 200 6684 "http://craigfarms.com/moremules.html" "Mozilla/4.0 (compatible; MSIE 7.0; AOL 9.0; Windows NT 5.1; .NET CLR 1.1.4322; PeoplePal 7.3)"
178.154.243.81 - - [19/Aug/2013:16:27:30 -0400] "GET /images/350_Both_Donkeys.2.jpg HTTP/1.1" 304 - "-" "Mozilla/5.0 (compatible; YandexImages/3.0; +http://yandex.com/bots)"
178.255.215.79 - - [19/Aug/2013:17:10:26 -0400] "GET /Frame-1-homepage1.html?refresh=1306005986389 HTTP/1.1" 200 6162 "-" "Mozilla/5.0 (compatible; Exabot/3.0; +http://www.exabot.com/go/robot)"
199.58.86.206 - - [19/Aug/2013:05:24:27 -0400] "GET /robots.txt HTTP/1.0" 200 25 "-" "Mozilla/5.0 (compatible; MJ12bot/v1.4.3; http://www.majestic12.co.uk/bot.php?+)"
184.21.64.95 - - [19/Aug/2013:09:42:32 -0400] "GET /23/images/left-03.gif HTTP/1.1" 200 540 "http://www.craigfarms.com/Frame-1-homeleft.htm" "Mozilla/5.0 (compatible; MSIE 10.0; Windows NT 6.1; WOW64; Trident/6.0)"
180.76.5.157 - - [19/Aug/2013:13:45:22 -0400] "GET /Frame-1-hometop.htm HTTP/1.1" 200 1389 "-" "Mozilla/5.0 (compatible; Baiduspider/2.0; +http://www.baidu.com/search/spider.html)"
157.55.33.80 - - [19/Aug/2013:00:39:34 -0400] "GET /23/images/motif02.jpg HTTP/1.1" 200 1836 "-" "Mozilla/5.0 (compatible; bingbot/2.0; +http://www.bing.com/bingbot.htm)"
12.1.219.177 - - [19/Aug/2013:02:42:21 -0400] "GET /23/images/bg_left.jpg HTTP/1.1" 304 - "-" "Mozilla/4.0 (compatible;)"
205.188.116.14 - - [19/Aug/2013:16:07:09 -0400] "GET /scripts/ic_globals_published.js HTTP/1.1" 200 566 "http://craigfarms.com/mulesforsale.html" "Mozilla/4.0 (compatible; MSIE 7.0; AOL 9.0; Windows NT 5.1; .NET CLR 1.1.4322; PeoplePal 7.3)"
12.1.219.177 - - [19/Aug/2013:16:09:02 -0400] "GET /23/images/left-06_over.gif HTTP/1.1" 304 - "-" "Mozilla/4.0 (compatible;)"
65.55.52.96 - - [19/Aug/2013:00:49:33 -0400] "GET /Frame-1-hometop.htm HTTP/1.1" 200 1389 "-" "Mozilla/5.0 (compatible; bingbot/2.0; +http://www.bing.com/bingbot.htm)"
123.125.71.20 - - [19/Aug/2013:09:43:24 -0400] "GET /Frame-3-moremulespage3.html?refresh=1374681744177 HTTP/1.1" 200 6684 "-" "Mozilla/5.0 (compatible; Baiduspider/2.0; +http://www.baidu.com/search/spider.html)"
81.144.138.34 - - [19/Aug/2013:10:27:08 -0400] "GET / HTTP/1.1" 200 1524 "-" "Wotbox/2.01 (+http://www.wotbox.com/bot/)"
76.0.188.79 - - [19/Aug/2013:21:19:11 -0400] "GET /Frame-1-hometop.htm HTTP/1.1" 200 1389 "http://www.craigfarms.com/" "Mozilla/5.0 (iPad; CPU OS 6_1_3 like Mac OS X) AppleWebKit/536.26 (KHTML, like Gecko) Version/6.0 Mobile/10B329 Safari/8536.25"
76.0.188.79 - - [19/Aug/2013:21:19:11 -0400] "GET /23/images/bg_top.jpg HTTP/1.1" 200 793 "http://www.craigfarms.com/Frame-1-hometop.htm" "Mozilla/5.0 (iPad; CPU OS 6_1_3 like Mac OS X) AppleWebKit/536.26 (KHTML, like Gecko) Version/6.0 Mobile/10B329 Safari/8536.25"
76.0.188.79 - - [19/Aug/2013:21:19:11 -0400] "GET /23/images/1/motif01.jpg HTTP/1.1" 200 6534 "http://www.craigfarms.com/Frame-1-hometop.htm" "Mozilla/5.0 (iPad; CPU OS 6_1_3 like Mac OS X) AppleWebKit/536.26 (KHTML, like Gecko) Version/6.0 Mobile/10B329 Safari/8536.25"
76.0.188.79 - - [19/Aug/2013:21:19:11 -0400] "GET /23/images/slogan.jpg HTTP/1.1" 200 4733 "http://www.craigfarms.com/Frame-1-hometop.htm" "Mozilla/5.0 (iPad; CPU OS 6_1_3 like Mac OS X) AppleWebKit/536.26 (KHTML, like Gecko) Version/6.0 Mobile/10B329 Safari/8536.25"
76.0.188.79 - - [19/Aug/2013:21:19:11 -0400] "GET /images/350_Both_Donkeys.2.jpg HTTP/1.1" 200 19018 "http://www.craigfarms.com/Frame-1-homepage1.html?refresh=1374681743953" "Mozilla/5.0 (iPad; CPU OS 6_1_3 like Mac OS X) AppleWebKit/536.26 (KHTML, like Gecko) Version/6.0 Mobile/10B329 Safari/8536.25"
76.0.188.79 - - [19/Aug/2013:21:19:17 -0400] "GET /23/images/left-03_over.gif HTTP/1.1" 200 616 "http://www.craigfarms.com/Frame-1-homeleft.htm" "Mozilla/5.0 (iPad; CPU OS 6_1_3 like Mac OS X) AppleWebKit/536.26 (KHTML, like Gecko) Version/6.0 Mobile/10B329 Safari/8536.25"
76.0.188.79 - - [19/Aug/2013:21:19:18 -0400] "GET /23/images/left-07_over.gif HTTP/1.1" 200 416 "http://www.craigfarms.com/Frame-1-homeleft.htm" "Mozilla/5.0 (iPad; CPU OS 6_1_3 like Mac OS X) AppleWebKit/536.26 (KHTML, like Gecko) Version/6.0 Mobile/10B329 Safari/8536.25"
76.0.188.79 - - [19/Aug/2013:21:19:18 -0400] "GET /23/images/left-04.gif HTTP/1.1" 200 475 "http://www.craigfarms.com/Frame-1-homeleft.htm" "Mozilla/5.0 (iPad; CPU OS 6_1_3 like Mac OS X) AppleWebKit/536.26 (KHTML, like Gecko) Version/6.0 Mobile/10B329 Safari/8536.25"
76.0.188.79 - - [19/Aug/2013:21:19:18 -0400] "GET /23/images/motif03.jpg HTTP/1.1" 200 6849 "http://www.craigfarms.com/Frame-1-homeleft.htm" "Mozilla/5.0 (iPad; CPU OS 6_1_3 like Mac OS X) AppleWebKit/536.26 (KHTML, like Gecko) Version/6.0 Mobile/10B329 Safari/8536.25"
5.9.149.166 - - [19/Aug/2013:23:24:02 -0400] "GET / HTTP/1.1" 200 1524 "-" "Mozilla/4.0 (compatible; MSIE 5.5; Windows NT)"
66.249.75.97 - - [19/Aug/2013:23:38:32 -0400] "GET /Frame-3-moremulesleft.htm HTTP/1.1" 200 3957 "-" "Mozilla/5.0 (compatible; Googlebot/2.1; +http://www.google.com/bot.html)"
65.55.52.96 - - [19/Aug/2013:00:34:35 -0400] "GET /Frame-7-manurespreaderstop.htm HTTP/1.1" 200 1385 "-" "Mozilla/5.0 (compatible; bingbot/2.0; +http://www.bing.com/bingbot.htm)"
65.55.52.96 - - [19/Aug/2013:00:34:36 -0400] "GET /Frame-1-homeleft.htm HTTP/1.1" 200 3957 "-" "Mozilla/5.0 (compatible; bingbot/2.0; +http://www.bing.com/bingbot.htm)"
157.55.33.80 - - [19/Aug/2013:00:59:34 -0400] "GET /23/scripts/master.css HTTP/1.1" 200 1951 "-" "Mozilla/5.0 (compatible; bingbot/2.0; +http://www.bing.com/bingbot.htm)"
12.1.219.177 - - [19/Aug/2013:09:05:17 -0400] "GET /scripts/photoalbum.js HTTP/1.1" 304 - "-" "Mozilla/4.0 (compatible;)"
184.21.64.95 - - [19/Aug/2013:09:42:32 -0400] "GET /23/images/left-04.gif HTTP/1.1" 200 475 "http://www.craigfarms.com/Frame-1-homeleft.htm" "Mozilla/5.0 (compatible; MSIE 10.0; Windows NT 6.1; WOW64; Trident/6.0)"
184.21.64.95 - - [19/Aug/2013:09:42:34 -0400] "GET /23/images/bg_top.jpg HTTP/1.1" 200 793 "http://www.craigfarms.com/Frame-1-hometop.htm" "Mozilla/5.0 (compatible; MSIE 10.0; Windows NT 6.1; WOW64; Trident/6.0)"
123.125.71.33 - - [19/Aug/2013:09:43:22 -0400] "GET /moremules.html HTTP/1.1" 200 1539 "-" "Mozilla/5.0 (compatible; Baiduspider/2.0; +http://www.baidu.com/search/spider.html)"
205.188.116.70 - - [19/Aug/2013:16:06:14 -0400] "HEAD /23/images/slogan.jpg HTTP/1.1" 200 - "-" "-"
205.188.116.7 - - [19/Aug/2013:16:09:32 -0400] "HEAD /Frame-3-moremulesleft.htm HTTP/1.1" 200 - "-" "-"
70.208.2.40 - - [19/Aug/2013:16:45:46 -0400] "GET / HTTP/1.1" 200 1524 "http://www.bing.com/search?q=mules+on+craigslist&form=MSNH14&pq=mules+on+craigslist&sc=0-18&sp=-1&qs=n&sk=&ghc=1" "Mozilla/5.0 (compatible; MSIE 10.0; Windows NT 6.1; WOW64; Trident/6.0)"
70.208.2.40 - - [19/Aug/2013:16:45:47 -0400] "GET /23/scripts/master.css HTTP/1.1" 200 1951 "http://www.craigfarms.com/" "Mozilla/5.0 (compatible; MSIE 10.0; Windows NT 6.1; WOW64; Trident/6.0)"
70.208.2.40 - - [19/Aug/2013:16:45:48 -0400] "GET /23/images/01a.gif HTTP/1.1" 200 327 "http://www.craigfarms.com/Frame-1-homeleft.htm" "Mozilla/5.0 (compatible; MSIE 10.0; Windows NT 6.1; WOW64; Trident/6.0)"
70.208.2.40 - - [19/Aug/2013:16:45:48 -0400] "GET /23/images/left-07.gif HTTP/1.1" 200 319 "http://www.craigfarms.com/Frame-1-homeleft.htm" "Mozilla/5.0 (compatible; MSIE 10.0; Windows NT 6.1; WOW64; Trident/6.0)"
70.208.2.40 - - [19/Aug/2013:16:45:48 -0400] "GET /23/images/slogan.jpg HTTP/1.1" 200 4733 "http://www.craigfarms.com/Frame-1-hometop.htm" "Mozilla/5.0 (compatible; MSIE 10.0; Windows NT 6.1; WOW64; Trident/6.0)"
70.208.2.40 - - [19/Aug/2013:16:45:48 -0400] "GET /23/images/left-03_over.gif HTTP/1.1" 200 616 "http://www.craigfarms.com/Frame-1-homeleft.htm" "Mozilla/5.0 (compatible; MSIE 10.0; Windows NT 6.1; WOW64; Trident/6.0)"
70.208.2.40 - - [19/Aug/2013:16:45:48 -0400] "GET /23/images/bg_left.jpg HTTP/1.1" 200 952 "http://www.craigfarms.com/Frame-1-homeleft.htm" "Mozilla/5.0 (compatible; MSIE 10.0; Windows NT 6.1; WOW64; Trident/6.0)"
184.6.78.20 - - [19/Aug/2013:18:20:06 -0400] "GET / HTTP/1.1" 200 1524 "http://search.yahoo.com/search;_ylt=AsIG0Zq_FqyY25_kjlCCtF6bvZx4?fr=yfp-t-144-s&toggle=1&cop=mss&ei=UTF-8&p=mules%20for%20sale" "Mozilla/5.0 (Windows NT 5.1; rv:22.0) Gecko/20100101 Firefox/22.0"
184.6.78.20 - - [19/Aug/2013:18:20:07 -0400] "GET /23/scripts/master.css HTTP/1.1" 200 1951 "http://www.craigfarms.com/" "Mozilla/5.0 (Windows NT 5.1; rv:22.0) Gecko/20100101 Firefox/22.0"
184.6.78.20 - - [19/Aug/2013:18:20:07 -0400] "GET /scripts/photoalbum.js HTTP/1.1" 200 62481 "http://www.craigfarms.com/" "Mozilla/5.0 (Windows NT 5.1; rv:22.0) Gecko/20100101 Firefox/22.0"
184.6.78.20 - - [19/Aug/2013:18:20:07 -0400] "GET /Frame-1-hometop.htm HTTP/1.1" 200 1389 "http://www.craigfarms.com/" "Mozilla/5.0 (Windows NT 5.1; rv:22.0) Gecko/20100101 Firefox/22.0"
184.6.78.20 - - [19/Aug/2013:18:20:08 -0400] "GET /23/images/spacer.gif HTTP/1.1" 200 43 "http://www.craigfarms.com/Frame-1-hometop.htm" "Mozilla/5.0 (Windows NT 5.1; rv:22.0) Gecko/20100101 Firefox/22.0"
184.6.78.20 - - [19/Aug/2013:18:20:08 -0400] "GET /23/images/top-06.gif HTTP/1.1" 200 135 "http://www.craigfarms.com/Frame-1-hometop.htm" "Mozilla/5.0 (Windows NT 5.1; rv:22.0) Gecko/20100101 Firefox/22.0"
184.6.78.20 - - [19/Aug/2013:18:20:08 -0400] "GET /23/images/left-04.gif HTTP/1.1" 200 475 "http://www.craigfarms.com/Frame-1-homeleft.htm" "Mozilla/5.0 (Windows NT 5.1; rv:22.0) Gecko/20100101 Firefox/22.0"
184.6.78.20 - - [19/Aug/2013:18:20:08 -0400] "GET /23/images/bg_top.jpg HTTP/1.1" 200 793 "http://www.craigfarms.com/Frame-1-hometop.htm" "Mozilla/5.0 (Windows NT 5.1; rv:22.0) Gecko/20100101 Firefox/22.0"
184.6.78.20 - - [19/Aug/2013:18:20:08 -0400] "GET /23/images/left-06_over.gif HTTP/1.1" 200 535 "http://www.craigfarms.com/Frame-1-homeleft.htm" "Mozilla/5.0 (Windows NT 5.1; rv:22.0) Gecko/20100101 Firefox/22.0"
184.6.78.20 - - [19/Aug/2013:18:20:08 -0400] "GET /favicon.ico HTTP/1.1" 404 575 "-" "Mozilla/5.0 (Windows NT 5.1; rv:22.0) Gecko/20100101 Firefox/22.0"
24.175.241.121 - - [19/Aug/2013:20:17:05 -0400] "GET /pages/1/index.htm HTTP/1.1" 304 - "-" "Mozilla/4.0 (compatible; MSIE 8.0; Windows NT 5.1; Trident/4.0; .NET CLR 2.0.50727; .NET CLR 3.0.4506.2152; .NET CLR 3.5.30729)"
24.175.241.121 - - [19/Aug/2013:20:17:05 -0400] "GET /favicon.ico HTTP/1.1" 404 575 "-" "Mozilla/4.0 (compatible; MSIE 8.0; Windows NT 5.1; Trident/4.0; .NET CLR 2.0.50727; .NET CLR 3.0.4506.2152; .NET CLR 3.5.30729)"
24.175.241.121 - - [19/Aug/2013:20:17:05 -0400] "GET /23/scripts/master.css HTTP/1.1" 304 - "http://www.craigfarms.com/index.html" "Mozilla/4.0 (compatible; MSIE 8.0; Windows NT 5.1; Trident/4.0; .NET CLR 2.0.50727; .NET CLR 3.0.4506.2152; .NET CLR 3.5.30729)"
24.175.241.121 - - [19/Aug/2013:20:17:05 -0400] "GET /scripts/user.js HTTP/1.1" 304 - "http://www.craigfarms.com/index.html" "Mozilla/4.0 (compatible; MSIE 8.0; Windows NT 5.1; Trident/4.0; .NET CLR 2.0.50727; .NET CLR 3.0.4506.2152; .NET CLR 3.5.30729)"
24.175.241.121 - - [19/Aug/2013:20:17:06 -0400] "GET /Frame-1-homeleft.htm HTTP/1.1" 304 - "http://www.craigfarms.com/index.html" "Mozilla/4.0 (compatible; MSIE 8.0; Windows NT 5.1; Trident/4.0; .NET CLR 2.0.50727; .NET CLR 3.0.4506.2152; .NET CLR 3.5.30729)"
24.175.241.121 - - [19/Aug/2013:20:17:06 -0400] "GET /23/scripts/icwebsiteelement.css HTTP/1.1" 304 - "http://www.craigfarms.com/Frame-1-hometop.htm" "Mozilla/4.0 (compatible; MSIE 8.0; Windows NT 5.1; Trident/4.0; .NET CLR 2.0.50727; .NET CLR 3.0.4506.2152; .NET CLR 3.5.30729)"
24.175.241.121 - - [19/Aug/2013:20:17:06 -0400] "GET /23/images/top-01.gif HTTP/1.1" 304 - "http://www.craigfarms.com/Frame-1-hometop.htm" "Mozilla/4.0 (compatible; MSIE 8.0; Windows NT 5.1; Trident/4.0; .NET CLR 2.0.50727; .NET CLR 3.0.4506.2152; .NET CLR 3.5.30729)"
24.175.241.121 - - [19/Aug/2013:20:17:06 -0400] "GET /23/images/bg_left.jpg HTTP/1.1" 304 - "http://www.craigfarms.com/Frame-1-homeleft.htm" "Mozilla/4.0 (compatible; MSIE 8.0; Windows NT 5.1; Trident/4.0; .NET CLR 2.0.50727; .NET CLR 3.0.4506.2152; .NET CLR 3.5.30729)"
24.175.241.121 - - [19/Aug/2013:20:17:06 -0400] "GET /23/images/left-01.gif HTTP/1.1" 304 - "http://www.craigfarms.com/Frame-1-homeleft.htm" "Mozilla/4.0 (compatible; MSIE 8.0; Windows NT 5.1; Trident/4.0; .NET CLR 2.0.50727; .NET CLR 3.0.4506.2152; .NET CLR 3.5.30729)"
24.175.241.121 - - [19/Aug/2013:20:17:06 -0400] "GET /23/images/left-06.gif HTTP/1.1" 304 - "http://www.craigfarms.com/Frame-1-homeleft.htm" "Mozilla/4.0 (compatible; MSIE 8.0; Windows NT 5.1; Trident/4.0; .NET CLR 2.0.50727; .NET CLR 3.0.4506.2152; .NET CLR 3.5.30729)"
66.249.75.97 - - [19/Aug/2013:20:57:02 -0400] "GET /23/scripts/master.css HTTP/1.1" 200 1951 "http://www.craigfarms.com/" "Mozilla/5.0 (compatible; Googlebot/2.1; +http://www.google.com/bot.html)"
178.154.243.81 - - [19/Aug/2013:23:03:48 -0400] "GET /23/images/1/motif02.jpg HTTP/1.1" 200 1836 "-" "Mozilla/5.0 (compatible; YandexImages/3.0; +http://yandex.com/bots)"
