167.239.222.239 - - [19/Aug/2013:13:37:55 -0400] "GET /images/250_Doodlebug.1.jpg HTTP/1.0" 200 9769 "http://www.craigfarms.com/Frame-2-mulesforsalepage2.html?refresh=1374681744111" "Mozilla/4.0 (compatible; MSIE 8.0; Windows NT 6.1; WOW64; Trident/4.0; SLCC2; .NET CLR 2.0.50727; .NET CLR 3.5.30729; .NET CLR 3.0.30729; Media Center PC 6.0; .NET4.0C; .NET4.0E)"
178.154.243.81 - - [19/Aug/2013:00:20:48 -0400] "GET /images/250_Dark_N.O._H_Mule.2.jpg HTTP/1.1" 304 - "-" "Mozilla/5.0 (compatible; YandexImages/3.0; +http://yandex.com/bots)"
178.154.243.81 - - [19/Aug/2013:15:07:01 -0400] "GET /images/350_Big_Johnny.1.jpg HTTP/1.1" 304 - "-" "Mozilla/5.0 (compatible; YandexImages/3.0; +http://yandex.com/bots)"
205.188.117.15 - - [19/Aug/2013:16:07:15 -0400] "HEAD /23/images/spacer.gif HTTP/1.1" 200 - "-" "-"
205.188.117.15 - - [19/Aug/2013:16:07:16 -0400] "GET /23/images/spacer.gif HTTP/1.1" 200 43 "http://craigfarms.com/Frame-2-mulesforsaletop.htm" "Mozilla/4.0 (compatible; MSIE 7.0; AOL 9.0; Windows NT 5.1; .NET CLR 1.1.4322; PeoplePal 7.3)"
125.209.208.4 - - [19/Aug/2013:03:10:10 -0400] "GET / HTTP/1.1" 200 1524 "-" "Yeti/1.0 (NHN Corp.; http://help.naver.com/robots/)"
76.0.188.79 - - [19/Aug/2013:21:19:06 -0400] "GET / HTTP/1.1" 200 1524 "-" "Mozilla/5.0 (iPad; CPU OS 6_1_3 like Mac OS X) AppleWebKit/536.26 (KHTML, like Gecko) Version/6.0 Mobile/10B329 Safari/8536.25"
76.0.188.79 - - [19/Aug/2013:21:19:06 -0400] "GET /23/scripts/master.css HTTP/1.1" 200 1951 "http://www.craigfarms.com/" "Mozilla/5.0 (iPad; CPU OS 6_1_3 like Mac OS X) AppleWebKit/536.26 (KHTML, like Gecko) Version/6.0 Mobile/10B329 Safari/8536.25"
76.0.188.79 - - [19/Aug/2013:21:19:06 -0400] "GET /scripts/user.js HTTP/1.1" 200 23762 "http://www.craigfarms.com/" "Mozilla/5.0 (iPad; CPU OS 6_1_3 like Mac OS X) AppleWebKit/536.26 (KHTML, like Gecko) Version/6.0 Mobile/10B329 Safari/8536.25"
66.249.75.97 - - [19/Aug/2013:23:30:11 -0400] "GET /23/images/motif03.jpg HTTP/1.1" 200 6849 "-" "Googlebot-Image/1.0"
199.30.26.221 - - [19/Aug/2013:12:53:23 -0400] "GET /robots.txt HTTP/1.1" 200 25 "-" "msnbot/2.0b (+http://search.msn.com/msnbot.htm)"
199.30.26.221 - - [19/Aug/2013:12:53:23 -0400] "GET /Frame-7-manurespreaderspage7.html?refresh=1287167642885 HTTP/1.1" 200 5406 "-" "msnbot/2.0b (+http://search.msn.com/msnbot.htm)"
167.239.222.239 - - [19/Aug/2013:13:36:33 -0400] "GET /scripts/photoalbum.js HTTP/1.0" 200 62481 "http://www.craigfarms.com/" "Mozilla/4.0 (compatible; MSIE 8.0; Windows NT 6.1; WOW64; Trident/4.0; SLCC2; .NET CLR 2.0.50727; .NET CLR 3.5.30729; .NET CLR 3.0.30729; Media Center PC 6.0; .NET4.0C; .NET4.0E)"
167.239.222.239 - - [19/Aug/2013:13:36:34 -0400] "GET /Frame-1-homeleft.htm HTTP/1.0" 200 3957 "http://www.craigfarms.com/" "Mozilla/4.0 (compatible; MSIE 8.0; Windows NT 6.1; WOW64; Trident/4.0; SLCC2; .NET CLR 2.0.50727; .NET CLR 3.5.30729; .NET CLR 3.0.30729; Media Center PC 6.0; .NET4.0C; .NET4.0E)"
167.239.222.239 - - [19/Aug/2013:13:36:35 -0400] "GET /23/images/spacer.gif HTTP/1.0" 200 43 "http://www.craigfarms.com/Frame-1-hometop.htm" "Mozilla/4.0 (compatible; MSIE 8.0; Windows NT 6.1; WOW64; Trident/4.0; SLCC2; .NET CLR 2.0.50727; .NET CLR 3.5.30729; .NET CLR 3.0.30729; Media Center PC 6.0; .NET4.0C; .NET4.0E)"
167.239.222.239 - - [19/Aug/2013:13:36:35 -0400] "GET /23/images/01a.gif HTTP/1.0" 200 327 "http://www.craigfarms.com/Frame-1-homeleft.htm" "Mozilla/4.0 (compatible; MSIE 8.0; Windows NT 6.1; WOW64; Trident/4.0; SLCC2; .NET CLR 2.0.50727; .NET CLR 3.5.30729; .NET CLR 3.0.30729; Media Center PC 6.0; .NET4.0C; .NET4.0E)"
167.239.222.239 - - [19/Aug/2013:13:36:35 -0400] "GET /23/images/left-03.gif HTTP/1.0" 200 540 "http://www.craigfarms.com/Frame-1-homeleft.htm" "Mozilla/4.0 (compatible; MSIE 8.0; Windows NT 6.1; WOW64; Trident/4.0; SLCC2; .NET CLR 2.0.50727; .NET CLR 3.5.30729; .NET CLR 3.0.30729; Media Center PC 6.0; .NET4.0C; .NET4.0E)"
167.239.222.239 - - [19/Aug/2013:13:36:36 -0400] "GET /images/350_Both_Donkeys.2.jpg HTTP/1.0" 200 19018 "http://www.craigfarms.com/Frame-1-homepage1.html?refresh=1374681743953" "Mozilla/4.0 (compatible; MSIE 8.0; Windows NT 6.1; WOW64; Trident/4.0; SLCC2; .NET CLR 2.0.50727; .NET CLR 3.5.30729; .NET CLR 3.0.30729; Media Center PC 6.0; .NET4.0C; .NET4.0E)"
167.239.222.239 - - [19/Aug/2013:13:36:36 -0400] "GET /23/images/1/motif02.jpg HTTP/1.0" 200 1836 "http://www.craigfarms.com/Frame-1-hometop.htm" "Mozilla/4.0 (compatible; MSIE 8.0; Windows NT 6.1; WOW64; Trident/4.0; SLCC2; .NET CLR 2.0.50727; .NET CLR 3.5.30729; .NET CLR 3.0.30729; Media Center PC 6.0; .NET4.0C; .NET4.0E)"
167.239.222.239 - - [19/Aug/2013:13:36:37 -0400] "GET /23/images/left-04_over.gif HTTP/1.0" 200 563 "http://www.craigfarms.com/Frame-1-homeleft.htm" "Mozilla/4.0 (compatible; MSIE 8.0; Windows NT 6.1; WOW64; Trident/4.0; SLCC2; .NET CLR 2.0.50727; .NET CLR 3.5.30729; .NET CLR 3.0.30729; Media Center PC 6.0; .NET4.0C; .NET4.0E)"
64.12.117.20 - - [19/Aug/2013:08:28:57 -0400] "GET /23/scripts/master.css HTTP/1.1" 200 1951 "http://craigfarms.com/" "Mozilla/4.0 (compatible; MSIE 7.0; AOL 9.0; Windows NT 5.1; .NET CLR 1.1.4322)"
178.154.243.81 - - [19/Aug/2013:03:06:17 -0400] "GET /images/300_Pa._Red_Team.3.jpg HTTP/1.1" 304 - "-" "Mozilla/5.0 (compatible; YandexImages/3.0; +http://yandex.com/bots)"
205.188.117.15 - - [19/Aug/2013:16:06:14 -0400] "HEAD /23/images/spacer.gif HTTP/1.1" 200 - "-" "-"
205.188.117.15 - - [19/Aug/2013:16:06:15 -0400] "HEAD /23/images/spacer.gif HTTP/1.1" 200 - "-" "-"
178.154.243.81 - - [19/Aug/2013:17:33:07 -0400] "GET /images/250_Red_N.O.3.jpg HTTP/1.1" 304 - "-" "Mozilla/5.0 (compatible; YandexImages/3.0; +http://yandex.com/bots)"
12.1.219.177 - - [19/Aug/2013:03:53:34 -0400] "GET /23/images/left-01.gif HTTP/1.1" 304 - "-" "Mozilla/4.0 (compatible;)"
209.169.103.10 - - [19/Aug/2013:15:37:31 -0400] "GET / HTTP/1.1" 200 1524 "http://luckythreeranch.com/website/our-links/" "Mozilla/5.0 (compatible; MSIE 10.0; Windows NT 6.2; WOW64; Trident/6.0; Touch; MASMJS)"
209.169.103.10 - - [19/Aug/2013:15:37:31 -0400] "GET /23/scripts/master.css HTTP/1.1" 200 1951 "http://www.craigfarms.com/" "Mozilla/5.0 (compatible; MSIE 10.0; Windows NT 6.2; WOW64; Trident/6.0; Touch; MASMJS)"
209.169.103.10 - - [19/Aug/2013:15:37:31 -0400] "GET /scripts/user.js HTTP/1.1" 200 23762 "http://www.craigfarms.com/" "Mozilla/5.0 (compatible; MSIE 10.0; Windows NT 6.2; WOW64; Trident/6.0; Touch; MASMJS)"
209.169.103.10 - - [19/Aug/2013:15:37:31 -0400] "GET /Frame-1-homeleft.htm HTTP/1.1" 200 3957 "http://www.craigfarms.com/" "Mozilla/5.0 (compatible; MSIE 10.0; Windows NT 6.2; WOW64; Trident/6.0; Touch; MASMJS)"
209.169.103.10 - - [19/Aug/2013:15:37:32 -0400] "GET /23/images/1/motif01.jpg HTTP/1.1" 200 6534 "http://www.craigfarms.com/Frame-1-hometop.htm" "Mozilla/5.0 (compatible; MSIE 10.0; Windows NT 6.2; WOW64; Trident/6.0; Touch; MASMJS)"
209.169.103.10 - - [19/Aug/2013:15:37:32 -0400] "GET /23/images/bg_left.jpg HTTP/1.1" 200 952 "http://www.craigfarms.com/Frame-1-homeleft.htm" "Mozilla/5.0 (compatible; MSIE 10.0; Windows NT 6.2; WOW64; Trident/6.0; Touch; MASMJS)"
209.169.103.10 - - [19/Aug/2013:15:37:32 -0400] "GET /23/images/left-04.gif HTTP/1.1" 200 475 "http://www.craigfarms.com/Frame-1-homeleft.htm" "Mozilla/5.0 (compatible; MSIE 10.0; Windows NT 6.2; WOW64; Trident/6.0; Touch; MASMJS)"
209.169.103.10 - - [19/Aug/2013:15:37:32 -0400] "GET /23/images/left-07_over.gif HTTP/1.1" 200 416 "http://www.craigfarms.com/Frame-1-homeleft.htm" "Mozilla/5.0 (compatible; MSIE 10.0; Windows NT 6.2; WOW64; Trident/6.0; Touch; MASMJS)"
209.169.103.10 - - [19/Aug/2013:15:37:32 -0400] "GET /images/350_Both_Donkeys.2.jpg HTTP/1.1" 200 19018 "http://www.craigfarms.com/Frame-1-homepage1.html?refresh=1374681743953" "Mozilla/5.0 (compatible; MSIE 10.0; Windows NT 6.2; WOW64; Trident/6.0; Touch; MASMJS)"
205.188.117.74 - - [19/Aug/2013:16:07:15 -0400] "GET /Frame-2-mulesforsalepage2.html?refresh=1374681744111 HTTP/1.1" 200 8812 "http://craigfarms.com/mulesforsale.html" "Mozilla/4.0 (compatible; MSIE 7.0; AOL 9.0; Windows NT 5.1; .NET CLR 1.1.4322; PeoplePal 7.3)"
70.208.2.40 - - [19/Aug/2013:16:45:49 -0400] "GET /favicon.ico HTTP/1.1" 404 575 "-" "Mozilla/5.0 (compatible; MSIE 10.0; Windows NT 6.1; Win64; x64; Trident/6.0)"
123.125.71.27 - - [19/Aug/2013:01:24:02 -0400] "GET /scripts/photoalbum.js HTTP/1.1" 200 62481 "http://www.craigfarms.com/home.html" "Mozilla/5.0 (X11; U; Linux x86_64; en-US; rv:1.9) Gecko Minefield/3.0"
75.83.148.1 - - [19/Aug/2013:13:01:35 -0400] "GET /scripts/ic_globals_published.js HTTP/1.1" 200 566 "http://www.craigfarms.com/Frame-5-linkspage5.html" "Mozilla/5.0 (Macintosh; Intel Mac OS X 10_8_4) AppleWebKit/536.30.1 (KHTML, like Gecko) Version/6.0.5 Safari/536.30.1"
206.253.63.54 - - [19/Aug/2013:21:09:17 -0400] "GET /23/scripts/icwebsiteelement.css HTTP/1.1" 200 8132 "http://www.craigfarms.com/" "Mozilla/5.0 (compatible; MSIE 10.0; Windows NT 6.2; Win64; x64; Trident/6.0; Touch; MALCJS)"
206.253.63.54 - - [19/Aug/2013:21:09:19 -0400] "GET /Frame-1-homepage1.html?refresh=1374681743953 HTTP/1.1" 200 6162 "http://www.craigfarms.com/" "Mozilla/5.0 (compatible; MSIE 10.0; Windows NT 6.2; Win64; x64; Trident/6.0; Touch; MALCJS)"
206.253.63.54 - - [19/Aug/2013:21:09:20 -0400] "GET /23/images/company.jpg HTTP/1.1" 200 5899 "http://www.craigfarms.com/Frame-1-hometop.htm" "Mozilla/5.0 (compatible; MSIE 10.0; Windows NT 6.2; Win64; x64; Trident/6.0; Touch; MALCJS)"
206.253.63.54 - - [19/Aug/2013:21:09:20 -0400] "GET /23/images/01a.gif HTTP/1.1" 200 327 "http://www.craigfarms.com/Frame-1-homeleft.htm" "Mozilla/5.0 (compatible; MSIE 10.0; Windows NT 6.2; Win64; x64; Trident/6.0; Touch; MALCJS)"
206.253.63.54 - - [19/Aug/2013:21:09:20 -0400] "GET /23/images/left-06.gif HTTP/1.1" 200 457 "http://www.craigfarms.com/Frame-1-homeleft.htm" "Mozilla/5.0 (compatible; MSIE 10.0; Windows NT 6.2; Win64; x64; Trident/6.0; Touch; MALCJS)"
206.253.63.54 - - [19/Aug/2013:21:09:20 -0400] "GET /23/images/left-05_over.gif HTTP/1.1" 200 711 "http://www.craigfarms.com/Frame-1-homeleft.htm" "Mozilla/5.0 (compatible; MSIE 10.0; Windows NT 6.2; Win64; x64; Trident/6.0; Touch; MALCJS)"
206.253.63.54 - - [19/Aug/2013:21:09:20 -0400] "GET /images/350_Both_Donkeys.2.jpg HTTP/1.1" 200 19018 "http://www.craigfarms.com/Frame-1-homepage1.html?refresh=1374681743953" "Mozilla/5.0 (compatible; MSIE 10.0; Windows NT 6.2; Win64; x64; Trident/6.0; Touch; MALCJS)"
205.188.117.68 - - [19/Aug/2013:16:06:15 -0400] "HEAD /23/images/01a.gif HTTP/1.1" 200 - "-" "-"
178.154.243.81 - - [19/Aug/2013:19:54:48 -0400] "GET /consoles/11/images/cn_right_back.gif HTTP/1.1" 304 - "-" "Mozilla/5.0 (compatible; YandexImages/3.0; +http://yandex.com/bots)"
24.175.241.121 - - [19/Aug/2013:20:17:06 -0400] "GET /scripts/photoalbum.js HTTP/1.1" 304 - "http://www.craigfarms.com/Frame-1-hometop.htm" "Mozilla/4.0 (compatible; MSIE 8.0; Windows NT 5.1; Trident/4.0; .NET CLR 2.0.50727; .NET CLR 3.0.4506.2152; .NET CLR 3.5.30729)"
24.175.241.121 - - [19/Aug/2013:20:17:06 -0400] "GET /23/images/company.jpg HTTP/1.1" 304 - "http://www.craigfarms.com/Frame-1-hometop.htm" "Mozilla/4.0 (compatible; MSIE 8.0; Windows NT 5.1; Trident/4.0; .NET CLR 2.0.50727; .NET CLR 3.0.4506.2152; .NET CLR 3.5.30729)"
24.175.241.121 - - [19/Aug/2013:20:17:06 -0400] "GET /23/images/left-03_over.gif HTTP/1.1" 304 - "http://www.craigfarms.com/Frame-1-homeleft.htm" "Mozilla/4.0 (compatible; MSIE 8.0; Windows NT 5.1; Trident/4.0; .NET CLR 2.0.50727; .NET CLR 3.0.4506.2152; .NET CLR 3.5.30729)"
24.175.241.121 - - [19/Aug/2013:20:17:06 -0400] "GET /23/images/01a.gif HTTP/1.1" 304 - "http://www.craigfarms.com/Frame-1-homeleft.htm" "Mozilla/4.0 (compatible; MSIE 8.0; Windows NT 5.1; Trident/4.0; .NET CLR 2.0.50727; .NET CLR 3.0.4506.2152; .NET CLR 3.5.30729)"
24.175.241.121 - - [19/Aug/2013:20:17:06 -0400] "GET /images/100_facebook.jpg HTTP/1.1" 304 - "http://www.craigfarms.com/Frame-1-homepage1.html?refresh=1374681743953" "Mozilla/4.0 (compatible; MSIE 8.0; Windows NT 5.1; Trident/4.0; .NET CLR 2.0.50727; .NET CLR 3.0.4506.2152; .NET CLR 3.5.30729)"
178.154.243.81 - - [19/Aug/2013:14:30:01 -0400] "GET /consoles/11/images/cn_corner03.gif HTTP/1.1" 200 281 "-" "Mozilla/5.0 (compatible; YandexImages/3.0; +http://yandex.com/bots)"
220.181.108.173 - - [19/Aug/2013:16:40:56 -0400] "GET /Frame-1-homeleft.htm HTTP/1.1" 200 3957 "-" "Mozilla/5.0 (compatible; Baiduspider/2.0; +http://www.baidu.com/search/spider.html)"
70.208.2.40 - - [19/Aug/2013:16:45:47 -0400] "GET /scripts/photoalbum.js HTTP/1.1" 200 62481 "http://www.craigfarms.com/" "Mozilla/5.0 (compatible; MSIE 10.0; Windows NT 6.1; WOW64; Trident/6.0)"
70.208.2.40 - - [19/Aug/2013:16:45:48 -0400] "GET /Frame-1-hometop.htm HTTP/1.1" 200 1389 "http://www.craigfarms.com/" "Mozilla/5.0 (compatible; MSIE 10.0; Windows NT 6.1; WOW64; Trident/6.0)"
70.208.2.40 - - [19/Aug/2013:16:45:48 -0400] "GET /23/images/bg_left.jpg HTTP/1.1" 200 952 "http://www.craigfarms.com/Frame-1-homeleft.htm" "Mozilla/5.0 (compatible; MSIE 10.0; Windows NT 6.1; WOW64; Trident/6.0)"
64.12.116.210 - - [19/Aug/2013:08:29:00 -0400] "GET /scripts/photoalbum.js HTTP/1.1" 200 62481 "http://craigfarms.com/" "Mozilla/4.0 (compatible; MSIE 7.0; AOL 9.0; Windows NT 5.1; .NET CLR 1.1.4322)"
65.55.52.96 - - [19/Aug/2013:00:39:13 -0400] "GET /23/images/slogan.jpg HTTP/1.1" 200 4733 "-" "Mozilla/5.0 (compatible; bingbot/2.0; +http://www.bing.com/bingbot.htm)"
180.76.5.93 - - [19/Aug/2013:02:30:34 -0400] "GET /Frame-3-moremulespage3.html?refresh=1365544055306 HTTP/1.1" 304 - "-" "Mozilla/5.0 (compatible; Baiduspider/2.0; +http://www.baidu.com/search/spider.html)"
178.154.243.81 - - [19/Aug/2013:20:16:29 -0400] "GET /images/193_Blk._Horse_Mule_Riding.4.jpg HTTP/1.1" 304 - "-" "Mozilla/5.0 (compatible; YandexImages/3.0; +http://yandex.com/bots)"
66.249.75.97 - - [19/Aug/2013:20:46:48 -0400] "GET /robots.txt HTTP/1.1" 200 25 "-" "Mozilla/5.0 (compatible; Googlebot/2.1; +http://www.google.com/bot.html)"
178.154.243.81 - - [19/Aug/2013:21:02:40 -0400] "GET /images/350_Black_Singles.3.jpg HTTP/1.1" 304 - "-" "Mozilla/5.0 (compatible; YandexImages/3.0; +http://yandex.com/bots)"
123.125.71.39 - - [19/Aug/2013:09:43:23 -0400] "GET /Frame-3-moremulesleft.htm HTTP/1.1" 200 3957 "-" "Mozilla/5.0 (compatible; Baiduspider/2.0; +http://www.baidu.com/search/spider.html)"
199.58.86.206 - - [19/Aug/2013:05:24:29 -0400] "GET / HTTP/1.0" 200 1524 "-" "Mozilla/5.0 (compatible; MJ12bot/v1.4.3; http://www.majestic12.co.uk/bot.php?+)"
65.55.52.96 - - [19/Aug/2013:18:13:51 -0400] "GET /Frame-5-linkspage5.html?refresh=1335636026973 HTTP/1.1" 200 4846 "-" "Mozilla/5.0 (compatible; bingbot/2.0; +http://www.bing.com/bingbot.htm)"
24.185.147.182 - - [19/Aug/2013:12:31:04 -0400] "GET / HTTP/1.1" 200 1524 "-" "Mozilla/5.0 (iPad; CPU OS 6_1_3 like Mac OS X) AppleWebKit/536.26 (KHTML, like Gecko) Version/6.0 Mobile/10B329 Safari/8536.25"
24.185.147.182 - - [19/Aug/2013:12:31:04 -0400] "GET /23/scripts/master.css HTTP/1.1" 200 1951 "http://www.craigfarms.com/" "Mozilla/5.0 (iPad; CPU OS 6_1_3 like Mac OS X) AppleWebKit/536.26 (KHTML, like Gecko) Version/6.0 Mobile/10B329 Safari/8536.25"
24.185.147.182 - - [19/Aug/2013:12:31:04 -0400] "GET /scripts/user.js HTTP/1.1" 200 23762 "http://www.craigfarms.com/" "Mozilla/5.0 (iPad; CPU OS 6_1_3 like Mac OS X) AppleWebKit/536.26 (KHTML, like Gecko) Version/6.0 Mobile/10B329 Safari/8536.25"
24.185.147.182 - - [19/Aug/2013:12:31:04 -0400] "GET /Frame-1-hometop.htm HTTP/1.1" 200 1389 "http://www.craigfarms.com/" "Mozilla/5.0 (iPad; CPU OS 6_1_3 like Mac OS X) AppleWebKit/536.26 (KHTML, like Gecko) Version/6.0 Mobile/10B329 Safari/8536.25"
24.185.147.182 - - [19/Aug/2013:12:31:05 -0400] "GET /23/images/bg_top.jpg HTTP/1.1" 200 793 "http://www.craigfarms.com/Frame-1-hometop.htm" "Mozilla/5.0 (iPad; CPU OS 6_1_3 like Mac OS X) AppleWebKit/536.26 (KHTML, like Gecko) Version/6.0 Mobile/10B329 Safari/8536.25"
24.185.147.182 - - [19/Aug/2013:12:31:05 -0400] "GET /23/images/1/motif02.jpg HTTP/1.1" 200 1836 "http://www.craigfarms.com/Frame-1-hometop.htm" "Mozilla/5.0 (iPad; CPU OS 6_1_3 like Mac OS X) AppleWebKit/536.26 (KHTML, like Gecko) Version/6.0 Mobile/10B329 Safari/8536.25"
24.185.147.182 - - [19/Aug/2013:12:31:05 -0400] "GET /23/images/left-03_over.gif HTTP/1.1" 200 616 "http://www.craigfarms.com/Frame-1-homeleft.htm" "Mozilla/5.0 (iPad; CPU OS 6_1_3 like Mac OS X) AppleWebKit/536.26 (KHTML, like Gecko) Version/6.0 Mobile/10B329 Safari/8536.25"
24.185.147.182 - - [19/Aug/2013:12:31:05 -0400] "GET /23/images/left-01.gif HTTP/1.1" 200 87 "http://www.craigfarms.com/Frame-1-homeleft.htm" "Mozilla/5.0 (iPad; CPU OS 6_1_3 like Mac OS X) AppleWebKit/536.26 (KHTML, like Gecko) Version/6.0 Mobile/10B329 Safari/8536.25"
24.185.147.182 - - [19/Aug/2013:12:31:05 -0400] "GET /23/images/motif03.jpg HTTP/1.1" 200 6849 "http://www.craigfarms.com/Frame-1-homeleft.htm" "Mozilla/5.0 (iPad; CPU OS 6_1_3 like Mac OS X) AppleWebKit/536.26 (KHTML, like Gecko) Version/6.0 Mobile/10B329 Safari/8536.25"
24.185.147.182 - - [19/Aug/2013:12:31:05 -0400] "GET /images/100_facebook.jpg HTTP/1.1" 200 1592 "http://www.craigfarms.com/Frame-1-homepage1.html?refresh=1374681743953" "Mozilla/5.0 (iPad; CPU OS 6_1_3 like Mac OS X) AppleWebKit/536.26 (KHTML, like Gecko) Version/6.0 Mobile/10B329 Safari/8536.25"
24.185.147.182 - - [19/Aug/2013:12:31:05 -0400] "GET /images/350_Both_Donkeys.2.jpg HTTP/1.1" 200 19018 "http://www.craigfarms.com/Frame-1-homepage1.html?refresh=1374681743953" "Mozilla/5.0 (iPad; CPU OS 6_1_3 like Mac OS X) AppleWebKit/536.26 (KHTML, like Gecko) Version/6.0 Mobile/10B329 Safari/8536.25"
209.169.103.10 - - [19/Aug/2013:15:37:32 -0400] "GET /23/images/top-01.gif HTTP/1.1" 200 263 "http://www.craigfarms.com/Frame-1-hometop.htm" "Mozilla/5.0 (compatible; MSIE 10.0; Windows NT 6.2; WOW64; Trident/6.0; Touch; MASMJS)"
209.169.103.10 - - [19/Aug/2013:15:37:32 -0400] "GET /23/images/top-06.gif HTTP/1.1" 200 135 "http://www.craigfarms.com/Frame-1-hometop.htm" "Mozilla/5.0 (compatible; MSIE 10.0; Windows NT 6.2; WOW64; Trident/6.0; Touch; MASMJS)"
209.169.103.10 - - [19/Aug/2013:15:37:32 -0400] "GET /23/images/01a.gif HTTP/1.1" 200 327 "http://www.craigfarms.com/Frame-1-homeleft.htm" "Mozilla/5.0 (compatible; MSIE 10.0; Windows NT 6.2; WOW64; Trident/6.0; Touch; MASMJS)"
209.169.103.10 - - [19/Aug/2013:15:37:32 -0400] "GET /23/images/left-04_over.gif HTTP/1.1" 200 563 "http://www.craigfarms.com/Frame-1-homeleft.htm" "Mozilla/5.0 (compatible; MSIE 10.0; Windows NT 6.2; WOW64; Trident/6.0; Touch; MASMJS)"
209.169.103.10 - - [19/Aug/2013:15:37:32 -0400] "GET /23/images/left-07.gif HTTP/1.1" 200 319 "http://www.craigfarms.com/Frame-1-homeleft.htm" "Mozilla/5.0 (compatible; MSIE 10.0; Windows NT 6.2; WOW64; Trident/6.0; Touch; MASMJS)"
206.253.63.54 - - [19/Aug/2013:21:09:44 -0400] "GET /images/250_Big_N.O._2.jpg HTTP/1.1" 200 10050 "http://www.craigfarms.com/Frame-2-mulesforsalepage2.html?refresh=1374681744111" "Mozilla/5.0 (compatible; MSIE 10.0; Windows NT 6.2; Win64; x64; Trident/6.0; Touch; MALCJS)"
206.253.63.54 - - [19/Aug/2013:21:09:44 -0400] "GET /images/250_Lucky.2.jpg HTTP/1.1" 200 11524 "http://www.craigfarms.com/Frame-2-mulesforsalepage2.html?refresh=1374681744111" "Mozilla/5.0 (compatible; MSIE 10.0; Windows NT 6.2; Win64; x64; Trident/6.0; Touch; MALCJS)"
76.0.188.79 - - [19/Aug/2013:21:19:06 -0400] "GET /23/scripts/icwebsiteelement.css HTTP/1.1" 200 8132 "http://www.craigfarms.com/" "Mozilla/5.0 (iPad; CPU OS 6_1_3 like Mac OS X) AppleWebKit/536.26 (KHTML, like Gecko) Version/6.0 Mobile/10B329 Safari/8536.25"
76.0.188.79 - - [19/Aug/2013:21:19:06 -0400] "GET /scripts/ic_globals_published.js HTTP/1.1" 200 566 "http://www.craigfarms.com/" "Mozilla/5.0 (iPad; CPU OS 6_1_3 like Mac OS X) AppleWebKit/536.26 (KHTML, like Gecko) Version/6.0 Mobile/10B329 Safari/8536.25"
184.21.64.95 - - [19/Aug/2013:09:42:32 -0400] "GET /23/images/1/motif01.jpg HTTP/1.1" 200 6534 "http://www.craigfarms.com/Frame-1-hometop.htm" "Mozilla/5.0 (compatible; MSIE 10.0; Windows NT 6.1; WOW64; Trident/6.0)"
12.1.219.177 - - [19/Aug/2013:06:22:47 -0400] "GET /23/scripts/master.css HTTP/1.1" 304 - "-" "Mozilla/4.0 (compatible;)"
12.1.219.177 - - [19/Aug/2013:19:55:49 -0400] "GET /23/images/left-04_over.gif HTTP/1.1" 304 - "-" "Mozilla/4.0 (compatible;)"
206.253.63.54 - - [19/Aug/2013:21:09:43 -0400] "GET /Frame-2-mulesforsalepage2.html?refresh=1374681744111 HTTP/1.1" 200 8812 "http://www.craigfarms.com/mulesforsale.html" "Mozilla/5.0 (compatible; MSIE 10.0; Windows NT 6.2; Win64; x64; Trident/6.0; Touch; MALCJS)"
206.253.63.54 - - [19/Aug/2013:21:09:44 -0400] "GET /images/193_Murray_Team.6.jpg HTTP/1.1" 200 5502 "http://www.craigfarms.com/Frame-2-mulesforsalepage2.html?refresh=1374681744111" "Mozilla/5.0 (compatible; MSIE 10.0; Windows NT 6.2; Win64; x64; Trident/6.0; Touch; MALCJS)"
206.253.63.54 - - [19/Aug/2013:21:09:44 -0400] "GET /images/250_Doodlebug.1.jpg HTTP/1.1" 200 9769 "http://www.craigfarms.com/Frame-2-mulesforsalepage2.html?refresh=1374681744111" "Mozilla/5.0 (compatible; MSIE 10.0; Windows NT 6.2; Win64; x64; Trident/6.0; Touch; MALCJS)"
206.253.63.54 - - [19/Aug/2013:21:09:44 -0400] "GET /images/spacer.gif HTTP/1.1" 200 43 "http://www.craigfarms.com/Frame-2-mulesforsalepage2.html?refresh=1374681744111" "Mozilla/5.0 (compatible; MSIE 10.0; Windows NT 6.2; Win64; x64; Trident/6.0; Touch; MALCJS)"
76.0.188.79 - - [19/Aug/2013:21:19:06 -0400] "GET /scripts/photoalbum.js HTTP/1.1" 200 62481 "http://www.craigfarms.com/" "Mozilla/5.0 (iPad; CPU OS 6_1_3 like Mac OS X) AppleWebKit/536.26 (KHTML, like Gecko) Version/6.0 Mobile/10B329 Safari/8536.25"