178.154.243.81 - - [19/Aug/2013:21:26:37 -0400] "GET /images/200_J.K._Star.1.jpg HTTP/1.1" 304 - "-" "Mozilla/5.0 (compatible; YandexImages/3.0; +http://yandex.com/bots)"
12.1.219.177 - - [19/Aug/2013:22:34:28 -0400] "GET /scripts/ic_globals_published.js HTTP/1.1" 304 - "-" "Mozilla/4.0 (compatible;)"
205.188.116.66 - - [19/Aug/2013:16:05:40 -0400] "GET / HTTP/1.1" 200 1524 "-" "Mozilla/4.0 (compatible; MSIE 7.0; AOL 9.0; Windows NT 5.1; .NET CLR 1.1.4322; PeoplePal 7.3)"
205.188.117.77 - - [19/Aug/2013:16:06:15 -0400] "HEAD /23/images/left-03_over.gif HTTP/1.1" 200 - "-" "-"
205.188.116.80 - - [19/Aug/2013:16:06:15 -0400] "HEAD /23/images/left-03.gif HTTP/1.1" 200 - "-" "-"
205.188.117.73 - - [19/Aug/2013:16:06:15 -0400] "HEAD /23/images/left-05.gif HTTP/1.1" 200 - "-" "-"
70.208.2.40 - - [19/Aug/2013:16:45:47 -0400] "GET /scripts/user.js HTTP/1.1" 200 23762 "http://www.craigfarms.com/" "Mozilla/5.0 (compatible; MSIE 10.0; Windows NT 6.1; WOW64; Trident/6.0)"
70.208.2.40 - - [19/Aug/2013:16:45:48 -0400] "GET /Frame-1-homeleft.htm HTTP/1.1" 200 3957 "http://www.craigfarms.com/" "Mozilla/5.0 (compatible; MSIE 10.0; Windows NT 6.1; WOW64; Trident/6.0)"
70.208.2.40 - - [19/Aug/2013:16:45:48 -0400] "GET /23/images/left-01.gif HTTP/1.1" 200 87 "http://www.craigfarms.com/Frame-1-homeleft.htm" "Mozilla/5.0 (compatible; MSIE 10.0; Windows NT 6.1; WOW64; Trident/6.0)"
70.208.2.40 - - [19/Aug/2013:16:45:48 -0400] "GET /23/images/left-06.gif HTTP/1.1" 200 457 "http://www.craigfarms.com/Frame-1-homeleft.htm" "Mozilla/5.0 (compatible; MSIE 10.0; Windows NT 6.1; WOW64; Trident/6.0)"
70.208.2.40 - - [19/Aug/2013:16:45:48 -0400] "GET /23/images/1/motif02.jpg HTTP/1.1" 200 1836 "http://www.craigfarms.com/Frame-1-hometop.htm" "Mozilla/5.0 (compatible; MSIE 10.0; Windows NT 6.1; WOW64; Trident/6.0)"
70.208.2.40 - - [19/Aug/2013:16:45:48 -0400] "GET /23/images/left-02_over.gif HTTP/1.1" 200 373 "http://www.craigfarms.com/Frame-1-homeleft.htm" "Mozilla/5.0 (compatible; MSIE 10.0; Windows NT 6.1; WOW64; Trident/6.0)"
70.208.2.40 - - [19/Aug/2013:16:45:48 -0400] "GET /23/images/bg_top.jpg HTTP/1.1" 200 793 "http://www.craigfarms.com/Frame-1-hometop.htm" "Mozilla/5.0 (compatible; MSIE 10.0; Windows NT 6.1; WOW64; Trident/6.0)"
75.83.148.1 - - [19/Aug/2013:13:01:35 -0400] "GET /23/scripts/master.css HTTP/1.1" 200 1951 "http://www.craigfarms.com/Frame-5-linkspage5.html" "Mozilla/5.0 (Macintosh; Intel Mac OS X 10_8_4) AppleWebKit/536.30.1 (KHTML, like Gecko) Version/6.0.5 Safari/536.30.1"
206.253.63.54 - - [19/Aug/2013:21:09:20 -0400] "GET /23/images/1/motif01.jpg HTTP/1.1" 200 6534 "http://www.craigfarms.com/Frame-1-hometop.htm" "Mozilla/5.0 (compatible; MSIE 10.0; Windows NT 6.2; Win64; x64; Trident/6.0; Touch; MALCJS)"
206.253.63.54 - - [19/Aug/2013:21:09:20 -0400] "GET /23/images/left-04.gif HTTP/1.1" 200 475 "http://www.craigfarms.com/Frame-1-homeleft.htm" "Mozilla/5.0 (compatible; MSIE 10.0; Windows NT 6.2; Win64; x64; Trident/6.0; Touch; MALCJS)"
206.253.63.54 - - [19/Aug/2013:21:09:20 -0400] "GET /23/images/left-02_over.gif HTTP/1.1" 200 373 "http://www.craigfarms.com/Frame-1-homeleft.htm" "Mozilla/5.0 (compatible; MSIE 10.0; Windows NT 6.2; Win64; x64; Trident/6.0; Touch; MALCJS)"
206.253.63.54 - - [19/Aug/2013:21:09:20 -0400] "GET /23/images/bg_top.jpg HTTP/1.1" 200 793 "http://www.craigfarms.com/Frame-1-hometop.htm" "Mozilla/5.0 (compatible; MSIE 10.0; Windows NT 6.2; Win64; x64; Trident/6.0; Touch; MALCJS)"
76.0.188.79 - - [19/Aug/2013:21:19:30 -0400] "GET /mulesforsale.html HTTP/1.1" 200 1548 "http://www.craigfarms.com/Frame-1-homeleft.htm" "Mozilla/5.0 (iPad; CPU OS 6_1_3 like Mac OS X) AppleWebKit/536.26 (KHTML, like Gecko) Version/6.0 Mobile/10B329 Safari/8536.25"
76.0.188.79 - - [19/Aug/2013:21:19:30 -0400] "GET /Frame-2-mulesforsaletop.htm HTTP/1.1" 200 1385 "http://www.craigfarms.com/mulesforsale.html" "Mozilla/5.0 (iPad; CPU OS 6_1_3 like Mac OS X) AppleWebKit/536.26 (KHTML, like Gecko) Version/6.0 Mobile/10B329 Safari/8536.25"
76.0.188.79 - - [19/Aug/2013:21:19:30 -0400] "GET /23/images/motif01.jpg HTTP/1.1" 200 6534 "http://www.craigfarms.com/Frame-2-mulesforsaletop.htm" "Mozilla/5.0 (iPad; CPU OS 6_1_3 like Mac OS X) AppleWebKit/536.26 (KHTML, like Gecko) Version/6.0 Mobile/10B329 Safari/8536.25"
76.0.188.79 - - [19/Aug/2013:21:19:30 -0400] "GET /images/300_Pa._Red_Team.3.jpg HTTP/1.1" 200 19162 "http://www.craigfarms.com/Frame-2-mulesforsalepage2.html?refresh=1374681744111" "Mozilla/5.0 (iPad; CPU OS 6_1_3 like Mac OS X) AppleWebKit/536.26 (KHTML, like Gecko) Version/6.0 Mobile/10B329 Safari/8536.25"
76.0.188.79 - - [19/Aug/2013:21:19:32 -0400] "GET /images/250_Doodlebug.1.jpg HTTP/1.1" 200 9769 "http://www.craigfarms.com/Frame-2-mulesforsalepage2.html?refresh=1374681744111" "Mozilla/5.0 (iPad; CPU OS 6_1_3 like Mac OS X) AppleWebKit/536.26 (KHTML, like Gecko) Version/6.0 Mobile/10B329 Safari/8536.25"
12.1.219.177 - - [19/Aug/2013:00:26:34 -0400] "GET /23/images/left-04.gif HTTP/1.1" 304 - "-" "Mozilla/4.0 (compatible;)"
123.125.71.57 - - [19/Aug/2013:09:43:22 -0400] "GET /Frame-3-moremulestop.htm HTTP/1.1" 200 1385 "-" "Mozilla/5.0 (compatible; Baiduspider/2.0; +http://www.baidu.com/search/spider.html)"
180.76.5.139 - - [19/Aug/2013:08:28:00 -0400] "GET /Frame-3-moremulestop.htm HTTP/1.1" 200 1385 "-" "Mozilla/5.0 (compatible; Baiduspider/2.0; +http://www.baidu.com/search/spider.html)"
64.12.117.16 - - [19/Aug/2013:08:29:03 -0400] "GET /23/images/left-03_over.gif HTTP/1.1" 200 616 "http://craigfarms.com/Frame-1-homeleft.htm" "Mozilla/4.0 (compatible; MSIE 7.0; AOL 9.0; Windows NT 5.1; .NET CLR 1.1.4322)"
64.12.117.16 - - [19/Aug/2013:08:29:03 -0400] "GET /23/images/left-02_over.gif HTTP/1.1" 200 373 "http://craigfarms.com/Frame-1-homeleft.htm" "Mozilla/4.0 (compatible; MSIE 7.0; AOL 9.0; Windows NT 5.1; .NET CLR 1.1.4322)"
64.12.117.6 - - [19/Aug/2013:08:29:03 -0400] "GET /23/images/left-01.gif HTTP/1.1" 200 87 "http://craigfarms.com/Frame-1-homeleft.htm" "Mozilla/4.0 (compatible; MSIE 7.0; AOL 9.0; Windows NT 5.1; .NET CLR 1.1.4322)"
64.12.116.144 - - [19/Aug/2013:08:29:23 -0400] "GET /mulesforsale.html HTTP/1.1" 200 1548 "http://craigfarms.com/Frame-1-homeleft.htm" "Mozilla/4.0 (compatible; MSIE 7.0; AOL 9.0; Windows NT 5.1; .NET CLR 1.1.4322)"
209.169.103.10 - - [19/Aug/2013:15:37:32 -0400] "GET /23/images/1/motif02.jpg HTTP/1.1" 200 1836 "http://www.craigfarms.com/Frame-1-hometop.htm" "Mozilla/5.0 (compatible; MSIE 10.0; Windows NT 6.2; WOW64; Trident/6.0; Touch; MASMJS)"
209.169.103.10 - - [19/Aug/2013:15:37:32 -0400] "GET /23/images/left-03.gif HTTP/1.1" 200 540 "http://www.craigfarms.com/Frame-1-homeleft.htm" "Mozilla/5.0 (compatible; MSIE 10.0; Windows NT 6.2; WOW64; Trident/6.0; Touch; MASMJS)"
209.169.103.10 - - [19/Aug/2013:15:37:32 -0400] "GET /23/images/left-05_over.gif HTTP/1.1" 200 711 "http://www.craigfarms.com/Frame-1-homeleft.htm" "Mozilla/5.0 (compatible; MSIE 10.0; Windows NT 6.2; WOW64; Trident/6.0; Touch; MASMJS)"
209.169.103.10 - - [19/Aug/2013:15:37:32 -0400] "GET /23/images/motif03.jpg HTTP/1.1" 200 6849 "http://www.craigfarms.com/Frame-1-homeleft.htm" "Mozilla/5.0 (compatible; MSIE 10.0; Windows NT 6.2; WOW64; Trident/6.0; Touch; MASMJS)"
174.229.193.80 - - [19/Aug/2013:15:54:02 -0400] "GET /23/images/company.jpg HTTP/1.1" 304 - "http://www.craigfarms.com/Frame-1-hometop.htm" "Mozilla/5.0 (iPhone; CPU iPhone OS 6_1_3 like Mac OS X) AppleWebKit/536.26 (KHTML, like Gecko) Version/6.0 Mobile/10B329 Safari/8536.25"
174.229.193.80 - - [19/Aug/2013:15:54:02 -0400] "GET /23/images/left-02_over.gif HTTP/1.1" 304 - "http://www.craigfarms.com/Frame-1-homeleft.htm" "Mozilla/5.0 (iPhone; CPU iPhone OS 6_1_3 like Mac OS X) AppleWebKit/536.26 (KHTML, like Gecko) Version/6.0 Mobile/10B329 Safari/8536.25"
174.229.193.80 - - [19/Aug/2013:15:54:02 -0400] "GET /23/images/left-07_over.gif HTTP/1.1" 304 - "http://www.craigfarms.com/Frame-1-homeleft.htm" "Mozilla/5.0 (iPhone; CPU iPhone OS 6_1_3 like Mac OS X) AppleWebKit/536.26 (KHTML, like Gecko) Version/6.0 Mobile/10B329 Safari/8536.25"
174.229.193.80 - - [19/Aug/2013:15:54:02 -0400] "GET /23/images/left-05.gif HTTP/1.1" 304 - "http://www.craigfarms.com/Frame-1-homeleft.htm" "Mozilla/5.0 (iPhone; CPU iPhone OS 6_1_3 like Mac OS X) AppleWebKit/536.26 (KHTML, like Gecko) Version/6.0 Mobile/10B329 Safari/8536.25"
205.188.116.136 - - [19/Aug/2013:16:05:11 -0400] "HEAD /scripts/photoalbum.js HTTP/1.1" 200 - "-" "-"
220.181.108.82 - - [19/Aug/2013:16:40:55 -0400] "GET / HTTP/1.1" 200 1524 "-" "Mozilla/5.0 (compatible; Baiduspider/2.0; +http://www.baidu.com/search/spider.html)"
75.83.148.1 - - [19/Aug/2013:13:01:35 -0400] "GET /Frame-5-linkspage5.html HTTP/1.1" 200 4846 "http://www.luckythreeranch.com/cgi-bin/awstats.pl?framename=mainright" "Mozilla/5.0 (Macintosh; Intel Mac OS X 10_8_4) AppleWebKit/536.30.1 (KHTML, like Gecko) Version/6.0.5 Safari/536.30.1"
75.83.148.1 - - [19/Aug/2013:13:01:36 -0400] "GET /23/images/spacer.gif HTTP/1.1" 200 43 "http://www.craigfarms.com/Frame-5-linkspage5.html" "Mozilla/5.0 (Macintosh; Intel Mac OS X 10_8_4) AppleWebKit/536.30.1 (KHTML, like Gecko) Version/6.0.5 Safari/536.30.1"
167.239.222.239 - - [19/Aug/2013:13:36:33 -0400] "GET /scripts/ic_globals_published.js HTTP/1.0" 200 566 "http://www.craigfarms.com/" "Mozilla/4.0 (compatible; MSIE 8.0; Windows NT 6.1; WOW64; Trident/4.0; SLCC2; .NET CLR 2.0.50727; .NET CLR 3.5.30729; .NET CLR 3.0.30729; Media Center PC 6.0; .NET4.0C; .NET4.0E)"
167.239.222.239 - - [19/Aug/2013:13:36:34 -0400] "GET /Frame-1-homepage1.html?refresh=1374681743953 HTTP/1.0" 200 6162 "http://www.craigfarms.com/" "Mozilla/4.0 (compatible; MSIE 8.0; Windows NT 6.1; WOW64; Trident/4.0; SLCC2; .NET CLR 2.0.50727; .NET CLR 3.5.30729; .NET CLR 3.0.30729; Media Center PC 6.0; .NET4.0C; .NET4.0E)"
167.239.222.239 - - [19/Aug/2013:13:36:35 -0400] "GET /23/images/bg_top.jpg HTTP/1.0" 200 793 "http://www.craigfarms.com/Frame-1-hometop.htm" "Mozilla/4.0 (compatible; MSIE 8.0; Windows NT 6.1; WOW64; Trident/4.0; SLCC2; .NET CLR 2.0.50727; .NET CLR 3.5.30729; .NET CLR 3.0.30729; Media Center PC 6.0; .NET4.0C; .NET4.0E)"
167.239.222.239 - - [19/Aug/2013:13:36:36 -0400] "GET /23/images/motif03.jpg HTTP/1.0" 200 6849 "http://www.craigfarms.com/Frame-1-homeleft.htm" "Mozilla/4.0 (compatible; MSIE 8.0; Windows NT 6.1; WOW64; Trident/4.0; SLCC2; .NET CLR 2.0.50727; .NET CLR 3.5.30729; .NET CLR 3.0.30729; Media Center PC 6.0; .NET4.0C; .NET4.0E)"
167.239.222.239 - - [19/Aug/2013:13:36:36 -0400] "GET /23/images/left-06.gif HTTP/1.0" 200 457 "http://www.craigfarms.com/Frame-1-homeleft.htm" "Mozilla/4.0 (compatible; MSIE 8.0; Windows NT 6.1; WOW64; Trident/4.0; SLCC2; .NET CLR 2.0.50727; .NET CLR 3.5.30729; .NET CLR 3.0.30729; Media Center PC 6.0; .NET4.0C; .NET4.0E)"
167.239.222.239 - - [19/Aug/2013:13:36:37 -0400] "GET /23/images/left-03_over.gif HTTP/1.0" 200 616 "http://www.craigfarms.com/Frame-1-homeleft.htm" "Mozilla/4.0 (compatible; MSIE 8.0; Windows NT 6.1; WOW64; Trident/4.0; SLCC2; .NET CLR 2.0.50727; .NET CLR 3.5.30729; .NET CLR 3.0.30729; Media Center PC 6.0; .NET4.0C; .NET4.0E)"
167.239.222.239 - - [19/Aug/2013:13:36:37 -0400] "GET /23/images/left-05_over.gif HTTP/1.0" 200 711 "http://www.craigfarms.com/Frame-1-homeleft.htm" "Mozilla/4.0 (compatible; MSIE 8.0; Windows NT 6.1; WOW64; Trident/4.0; SLCC2; .NET CLR 2.0.50727; .NET CLR 3.5.30729; .NET CLR 3.0.30729; Media Center PC 6.0; .NET4.0C; .NET4.0E)"
167.239.222.239 - - [19/Aug/2013:13:36:37 -0400] "GET /images/100_facebook.jpg HTTP/1.0" 200 1592 "http://www.craigfarms.com/Frame-1-homepage1.html?refresh=1374681743953" "Mozilla/4.0 (compatible; MSIE 8.0; Windows NT 6.1; WOW64; Trident/4.0; SLCC2; .NET CLR 2.0.50727; .NET CLR 3.5.30729; .NET CLR 3.0.30729; Media Center PC 6.0; .NET4.0C; .NET4.0E)"
167.239.222.239 - - [19/Aug/2013:13:36:39 -0400] "GET /favicon.ico HTTP/1.0" 404 575 "-" "Mozilla/4.0 (compatible; MSIE 8.0; Windows NT 6.1; WOW64; Trident/4.0; SLCC2; .NET CLR 2.0.50727; .NET CLR 3.5.30729; .NET CLR 3.0.30729; Media Center PC 6.0; .NET4.0C; .NET4.0E)"
184.21.64.95 - - [19/Aug/2013:09:42:32 -0400] "GET /Frame-1-homeleft.htm HTTP/1.1" 200 3957 "http://www.craigfarms.com/" "Mozilla/5.0 (compatible; MSIE 10.0; Windows NT 6.1; WOW64; Trident/6.0)"
205.188.116.69 - - [19/Aug/2013:16:06:15 -0400] "HEAD /23/images/left-06.gif HTTP/1.1" 200 - "-" "-"
205.188.116.72 - - [19/Aug/2013:16:07:08 -0400] "GET /23/scripts/master.css HTTP/1.1" 200 1951 "http://craigfarms.com/mulesforsale.html" "Mozilla/4.0 (compatible; MSIE 7.0; AOL 9.0; Windows NT 5.1; .NET CLR 1.1.4322; PeoplePal 7.3)"
70.208.2.40 - - [19/Aug/2013:16:46:11 -0400] "GET /images/300_Pa._Red_Team.3.jpg HTTP/1.1" 200 19162 "http://www.craigfarms.com/Frame-2-mulesforsalepage2.html?refresh=1374681744111" "Mozilla/5.0 (compatible; MSIE 10.0; Windows NT 6.1; WOW64; Trident/6.0)"
12.1.219.177 - - [19/Aug/2013:20:25:24 -0400] "GET /23/images/motif03.jpg HTTP/1.1" 304 - "-" "Mozilla/4.0 (compatible;)"
206.253.63.54 - - [19/Aug/2013:21:09:20 -0400] "GET /23/images/left-01.gif HTTP/1.1" 200 87 "http://www.craigfarms.com/Frame-1-homeleft.htm" "Mozilla/5.0 (compatible; MSIE 10.0; Windows NT 6.2; Win64; x64; Trident/6.0; Touch; MALCJS)"
206.253.63.54 - - [19/Aug/2013:21:09:20 -0400] "GET /23/images/left-07.gif HTTP/1.1" 200 319 "http://www.craigfarms.com/Frame-1-homeleft.htm" "Mozilla/5.0 (compatible; MSIE 10.0; Windows NT 6.2; Win64; x64; Trident/6.0; Touch; MALCJS)"
206.253.63.54 - - [19/Aug/2013:21:09:20 -0400] "GET /23/images/left-06_over.gif HTTP/1.1" 200 535 "http://www.craigfarms.com/Frame-1-homeleft.htm" "Mozilla/5.0 (compatible; MSIE 10.0; Windows NT 6.2; Win64; x64; Trident/6.0; Touch; MALCJS)"
206.253.63.54 - - [19/Aug/2013:21:09:43 -0400] "GET /mulesforsale.html HTTP/1.1" 200 1548 "http://www.craigfarms.com/Frame-1-homeleft.htm" "Mozilla/5.0 (compatible; MSIE 10.0; Windows NT 6.2; Win64; x64; Trident/6.0; Touch; MALCJS)"
206.253.63.54 - - [19/Aug/2013:21:09:43 -0400] "GET /Frame-2-mulesforsaletop.htm HTTP/1.1" 200 1385 "http://www.craigfarms.com/mulesforsale.html" "Mozilla/5.0 (compatible; MSIE 10.0; Windows NT 6.2; Win64; x64; Trident/6.0; Touch; MALCJS)"
206.253.63.54 - - [19/Aug/2013:21:09:44 -0400] "GET /23/images/motif01.jpg HTTP/1.1" 200 6534 "http://www.craigfarms.com/Frame-2-mulesforsaletop.htm" "Mozilla/5.0 (compatible; MSIE 10.0; Windows NT 6.2; Win64; x64; Trident/6.0; Touch; MALCJS)"
206.253.63.54 - - [19/Aug/2013:21:09:44 -0400] "GET /23/images/motif02.jpg HTTP/1.1" 200 1836 "http://www.craigfarms.com/Frame-2-mulesforsaletop.htm" "Mozilla/5.0 (compatible; MSIE 10.0; Windows NT 6.2; Win64; x64; Trident/6.0; Touch; MALCJS)"
206.253.63.54 - - [19/Aug/2013:21:09:44 -0400] "GET /images/250_Little_Stewy.6.jpg HTTP/1.1" 200 12294 "http://www.craigfarms.com/Frame-2-mulesforsalepage2.html?refresh=1374681744111" "Mozilla/5.0 (compatible; MSIE 10.0; Windows NT 6.2; Win64; x64; Trident/6.0; Touch; MALCJS)"
24.185.147.182 - - [19/Aug/2013:12:31:04 -0400] "GET /23/scripts/icwebsiteelement.css HTTP/1.1" 200 8132 "http://www.craigfarms.com/" "Mozilla/5.0 (iPad; CPU OS 6_1_3 like Mac OS X) AppleWebKit/536.26 (KHTML, like Gecko) Version/6.0 Mobile/10B329 Safari/8536.25"
24.185.147.182 - - [19/Aug/2013:12:31:04 -0400] "GET /scripts/ic_globals_published.js HTTP/1.1" 200 566 "http://www.craigfarms.com/" "Mozilla/5.0 (iPad; CPU OS 6_1_3 like Mac OS X) AppleWebKit/536.26 (KHTML, like Gecko) Version/6.0 Mobile/10B329 Safari/8536.25"
24.185.147.182 - - [19/Aug/2013:12:31:04 -0400] "GET /scripts/photoalbum.js HTTP/1.1" 200 62481 "http://www.craigfarms.com/" "Mozilla/5.0 (iPad; CPU OS 6_1_3 like Mac OS X) AppleWebKit/536.26 (KHTML, like Gecko) Version/6.0 Mobile/10B329 Safari/8536.25"
24.185.147.182 - - [19/Aug/2013:12:31:05 -0400] "GET /Frame-1-homeleft.htm HTTP/1.1" 200 3957 "http://www.craigfarms.com/" "Mozilla/5.0 (iPad; CPU OS 6_1_3 like Mac OS X) AppleWebKit/536.26 (KHTML, like Gecko) Version/6.0 Mobile/10B329 Safari/8536.25"
24.185.147.182 - - [19/Aug/2013:12:31:05 -0400] "GET /Frame-1-homepage1.html?refresh=1374681743953 HTTP/1.1" 200 6162 "http://www.craigfarms.com/" "Mozilla/5.0 (iPad; CPU OS 6_1_3 like Mac OS X) AppleWebKit/536.26 (KHTML, like Gecko) Version/6.0 Mobile/10B329 Safari/8536.25"
24.185.147.182 - - [19/Aug/2013:12:31:05 -0400] "GET /23/images/spacer.gif HTTP/1.1" 200 43 "http://www.craigfarms.com/Frame-1-hometop.htm" "Mozilla/5.0 (iPad; CPU OS 6_1_3 like Mac OS X) AppleWebKit/536.26 (KHTML, like Gecko) Version/6.0 Mobile/10B329 Safari/8536.25"
24.185.147.182 - - [19/Aug/2013:12:31:05 -0400] "GET /23/images/top-01.gif HTTP/1.1" 200 263 "http://www.craigfarms.com/Frame-1-hometop.htm" "Mozilla/5.0 (iPad; CPU OS 6_1_3 like Mac OS X) AppleWebKit/536.26 (KHTML, like Gecko) Version/6.0 Mobile/10B329 Safari/8536.25"
24.185.147.182 - - [19/Aug/2013:12:31:05 -0400] "GET /23/images/top-06.gif HTTP/1.1" 200 135 "http://www.craigfarms.com/Frame-1-hometop.htm" "Mozilla/5.0 (iPad; CPU OS 6_1_3 like Mac OS X) AppleWebKit/536.26 (KHTML, like Gecko) Version/6.0 Mobile/10B329 Safari/8536.25"
24.185.147.182 - - [19/Aug/2013:12:31:05 -0400] "GET /23/images/slogan.jpg HTTP/1.1" 200 4733 "http://www.craigfarms.com/Frame-1-hometop.htm" "Mozilla/5.0 (iPad; CPU OS 6_1_3 like Mac OS X) AppleWebKit/536.26 (KHTML, like Gecko) Version/6.0 Mobile/10B329 Safari/8536.25"
24.185.147.182 - - [19/Aug/2013:12:31:05 -0400] "GET /23/images/company.jpg HTTP/1.1" 200 5899 "http://www.craigfarms.com/Frame-1-hometop.htm" "Mozilla/5.0 (iPad; CPU OS 6_1_3 like Mac OS X) AppleWebKit/536.26 (KHTML, like Gecko) Version/6.0 Mobile/10B329 Safari/8536.25"
24.185.147.182 - - [19/Aug/2013:12:31:05 -0400] "GET /23/images/left-05_over.gif HTTP/1.1" 200 711 "http://www.craigfarms.com/Frame-1-homeleft.htm" "Mozilla/5.0 (iPad; CPU OS 6_1_3 like Mac OS X) AppleWebKit/536.26 (KHTML, like Gecko) Version/6.0 Mobile/10B329 Safari/8536.25"
24.185.147.182 - - [19/Aug/2013:12:31:05 -0400] "GET /23/images/left-04_over.gif HTTP/1.1" 200 563 "http://www.craigfarms.com/Frame-1-homeleft.htm" "Mozilla/5.0 (iPad; CPU OS 6_1_3 like Mac OS X) AppleWebKit/536.26 (KHTML, like Gecko) Version/6.0 Mobile/10B329 Safari/8536.25"
24.185.147.182 - - [19/Aug/2013:12:31:05 -0400] "GET /23/images/left-03.gif HTTP/1.1" 200 540 "http://www.craigfarms.com/Frame-1-homeleft.htm" "Mozilla/5.0 (iPad; CPU OS 6_1_3 like Mac OS X) AppleWebKit/536.26 (KHTML, like Gecko) Version/6.0 Mobile/10B329 Safari/8536.25"
24.185.147.182 - - [19/Aug/2013:12:31:05 -0400] "GET /23/images/left-02_over.gif HTTP/1.1" 200 373 "http://www.craigfarms.com/Frame-1-homeleft.htm" "Mozilla/5.0 (iPad; CPU OS 6_1_3 like Mac OS X) AppleWebKit/536.26 (KHTML, like Gecko) Version/6.0 Mobile/10B329 Safari/8536.25"
24.185.147.182 - - [19/Aug/2013:12:31:05 -0400] "GET /23/images/01a.gif HTTP/1.1" 200 327 "http://www.craigfarms.com/Frame-1-homeleft.htm" "Mozilla/5.0 (iPad; CPU OS 6_1_3 like Mac OS X) AppleWebKit/536.26 (KHTML, like Gecko) Version/6.0 Mobile/10B329 Safari/8536.25"
24.185.147.182 - - [19/Aug/2013:12:31:05 -0400] "GET /23/images/left-06.gif HTTP/1.1" 200 457 "http://www.craigfarms.com/Frame-1-homeleft.htm" "Mozilla/5.0 (iPad; CPU OS 6_1_3 like Mac OS X) AppleWebKit/536.26 (KHTML, like Gecko) Version/6.0 Mobile/10B329 Safari/8536.25"
24.185.147.182 - - [19/Aug/2013:12:31:05 -0400] "GET /23/images/left-07_over.gif HTTP/1.1" 200 416 "http://www.craigfarms.com/Frame-1-homeleft.htm" "Mozilla/5.0 (iPad; CPU OS 6_1_3 like Mac OS X) AppleWebKit/536.26 (KHTML, like Gecko) Version/6.0 Mobile/10B329 Safari/8536.25"
24.185.147.182 - - [19/Aug/2013:12:31:05 -0400] "GET /23/images/left-07.gif HTTP/1.1" 200 319 "http://www.craigfarms.com/Frame-1-homeleft.htm" "Mozilla/5.0 (iPad; CPU OS 6_1_3 like Mac OS X) AppleWebKit/536.26 (KHTML, like Gecko) Version/6.0 Mobile/10B329 Safari/8536.25"
24.185.147.182 - - [19/Aug/2013:12:31:05 -0400] "GET /23/images/left-05.gif HTTP/1.1" 200 638 "http://www.craigfarms.com/Frame-1-homeleft.htm" "Mozilla/5.0 (iPad; CPU OS 6_1_3 like Mac OS X) AppleWebKit/536.26 (KHTML, like Gecko) Version/6.0 Mobile/10B329 Safari/8536.25"
75.83.148.1 - - [19/Aug/2013:13:01:35 -0400] "GET /scripts/photoalbum.js HTTP/1.1" 200 62481 "http://www.craigfarms.com/Frame-5-linkspage5.html" "Mozilla/5.0 (Macintosh; Intel Mac OS X 10_8_4) AppleWebKit/536.30.1 (KHTML, like Gecko) Version/6.0.5 Safari/536.30.1"
107.20.93.3 - - [19/Aug/2013:02:19:09 -0400] "GET / HTTP/1.1" 200 1524 "-" "Mozilla/5.0 (Windows; U; Windows NT 6.0; en-US; rv:1.9.2.3) Gecko/20100401 Firefox/3.6.3 GTB6 (.NET CLR 3.5.30729)"
125.209.208.5 - - [19/Aug/2013:05:00:32 -0400] "GET / HTTP/1.1" 200 1524 "-" "Yeti/1.0 (NHN Corp.; http://help.naver.com/robots/)"
12.1.219.177 - - [19/Aug/2013:15:56:42 -0400] "GET /23/images/company.jpg HTTP/1.1" 304 - "-" "Mozilla/4.0 (compatible;)"
70.208.2.40 - - [19/Aug/2013:16:46:44 -0400] "GET /favicon.ico HTTP/1.1" 404 575 "-" "Mozilla/5.0 (compatible; MSIE 10.0; Windows NT 6.1; Win64; x64; Trident/6.0)"
184.21.64.95 - - [19/Aug/2013:09:42:32 -0400] "GET /Frame-1-hometop.htm HTTP/1.1" 200 1389 "http://www.craigfarms.com/" "Mozilla/5.0 (compatible; MSIE 10.0; Windows NT 6.1; WOW64; Trident/6.0)"
184.21.64.95 - - [19/Aug/2013:09:42:34 -0400] "GET /23/images/left-05_over.gif HTTP/1.1" 200 711 "http://www.craigfarms.com/Frame-1-homeleft.htm" "Mozilla/5.0 (compatible; MSIE 10.0; Windows NT 6.1; WOW64; Trident/6.0)"
12.1.219.177 - - [19/Aug/2013:10:28:35 -0400] "GET /Frame-1-homepage1.html?refresh=1374681743953 HTTP/1.1" 304 - "-" "Mozilla/4.0 (compatible;)"
206.253.63.54 - - [19/Aug/2013:21:09:47 -0400] "GET /favicon.ico HTTP/1.1" 404 575 "-" "Mozilla/5.0 (compatible; MSIE 10.0; Windows NT 6.2; Win64; x64; Trident/6.0; Touch; MALCJS)"
157.55.33.80 - - [19/Aug/2013:22:12:22 -0400] "GET /robots.txt HTTP/1.1" 200 25 "-" "Mozilla/5.0 (compatible; bingbot/2.0; +http://www.bing.com/bingbot.htm)"
178.154.243.81 - - [19/Aug/2013:22:30:41 -0400] "GET /images/193_Murray_Team.1.jpg HTTP/1.1" 304 - "-" "Mozilla/5.0 (compatible; YandexImages/3.0; +http://yandex.com/bots)"
180.76.5.107 - - [19/Aug/2013:22:52:57 -0400] "GET / HTTP/1.1" 200 1524 "-" "Mozilla/5.0 (compatible; Baiduspider/2.0; +http://www.baidu.com/search/spider.html)"
65.55.52.96 - - [19/Aug/2013:18:12:51 -0400] "GET /robots.txt HTTP/1.1" 200 25 "-" "Mozilla/5.0 (compatible; bingbot/2.0; +http://www.bing.com/bingbot.htm)"
184.6.78.20 - - [19/Aug/2013:18:20:08 -0400] "GET /23/images/slogan.jpg HTTP/1.1" 200 4733 "http://www.craigfarms.com/Frame-1-hometop.htm" "Mozilla/5.0 (Windows NT 5.1; rv:22.0) Gecko/20100101 Firefox/22.0"
184.6.78.20 - - [19/Aug/2013:18:20:08 -0400] "GET /images/100_facebook.jpg HTTP/1.1" 200 1592 "http://www.craigfarms.com/Frame-1-homepage1.html?refresh=1374681743953" "Mozilla/5.0 (Windows NT 5.1; rv:22.0) Gecko/20100101 Firefox/22.0"
184.6.78.20 - - [19/Aug/2013:18:20:08 -0400] "GET /23/images/left-04_over.gif HTTP/1.1" 200 563 "http://www.craigfarms.com/Frame-1-homeleft.htm" "Mozilla/5.0 (Windows NT 5.1; rv:22.0) Gecko/20100101 Firefox/22.0"
178.154.243.81 - - [19/Aug/2013:13:28:58 -0400] "GET /robots.txt HTTP/1.1" 200 25 "-" "Mozilla/5.0 (compatible; YandexImages/3.0; +http://yandex.com/bots)"
178.154.243.81 - - [19/Aug/2013:13:38:31 -0400] "GET /images/435_M._Spreader.2.jpg HTTP/1.1" 304 - "-" "Mozilla/5.0 (compatible; YandexImages/3.0; +http://yandex.com/bots)"
64.12.117.20 - - [19/Aug/2013:08:29:03 -0400] "GET /23/images/left-06_over.gif HTTP/1.1" 200 535 "http://craigfarms.com/Frame-1-homeleft.htm" "Mozilla/4.0 (compatible; MSIE 7.0; AOL 9.0; Windows NT 5.1; .NET CLR 1.1.4322)"
64.12.116.15 - - [19/Aug/2013:08:29:03 -0400] "GET /23/images/01a.gif HTTP/1.1" 200 327 "http://craigfarms.com/Frame-1-homeleft.htm" "Mozilla/4.0 (compatible; MSIE 7.0; AOL 9.0; Windows NT 5.1; .NET CLR 1.1.4322)"
184.6.78.20 - - [19/Aug/2013:18:20:07 -0400] "GET /scripts/ic_globals_published.js HTTP/1.1" 200 566 "http://www.craigfarms.com/" "Mozilla/5.0 (Windows NT 5.1; rv:22.0) Gecko/20100101 Firefox/22.0"
184.6.78.20 - - [19/Aug/2013:18:20:08 -0400] "GET /23/images/company.jpg HTTP/1.1" 200 5899 "http://www.craigfarms.com/Frame-1-hometop.htm" "Mozilla/5.0 (Windows NT 5.1; rv:22.0) Gecko/20100101 Firefox/22.0"
184.6.78.20 - - [19/Aug/2013:18:20:08 -0400] "GET /23/images/left-07.gif HTTP/1.1" 200 319 "http://www.craigfarms.com/Frame-1-homeleft.htm" "Mozilla/5.0 (Windows NT 5.1; rv:22.0) Gecko/20100101 Firefox/22.0"
184.6.78.20 - - [19/Aug/2013:18:20:08 -0400] "GET /23/images/left-02_over.gif HTTP/1.1" 200 373 "http://www.craigfarms.com/Frame-1-homeleft.htm" "Mozilla/5.0 (Windows NT 5.1; rv:22.0) Gecko/20100101 Firefox/22.0"
12.1.219.177 - - [19/Aug/2013:22:47:02 -0400] "GET /23/images/1/motif01.jpg HTTP/1.1" 304 - "-" "Mozilla/4.0 (compatible;)"
178.154.243.81 - - [19/Aug/2013:07:41:58 -0400] "GET /23/images/motif02.jpg HTTP/1.1" 200 1836 "-" "Mozilla/5.0 (compatible; YandexImages/3.0; +http://yandex.com/bots)"
64.12.116.68 - - [19/Aug/2013:08:29:01 -0400] "GET /Frame-1-hometop.htm HTTP/1.1" 200 1389 "http://craigfarms.com/" "Mozilla/4.0 (compatible; MSIE 7.0; AOL 9.0; Windows NT 5.1; .NET CLR 1.1.4322)"
174.250.112.221 - - [19/Aug/2013:03:17:13 -0400] "GET /scripts/photoalbum.js HTTP/1.1" 304 - "http://www.craigfarms.com/moremules.html" "Mozilla/5.0 (iPhone; CPU iPhone OS 6_1_3 like Mac OS X) AppleWebKit/536.26 (KHTML, like Gecko) Version/6.0 Mobile/10B329 Safari/8536.25"
174.250.112.221 - - [19/Aug/2013:03:17:13 -0400] "GET /Frame-3-moremulespage3.html?refresh=1374681744177 HTTP/1.1" 304 - "http://www.craigfarms.com/moremules.html" "Mozilla/5.0 (iPhone; CPU iPhone OS 6_1_3 like Mac OS X) AppleWebKit/536.26 (KHTML, like Gecko) Version/6.0 Mobile/10B329 Safari/8536.25"
174.250.112.221 - - [19/Aug/2013:03:17:13 -0400] "GET /23/images/motif02.jpg HTTP/1.1" 304 - "http://www.craigfarms.com/Frame-3-moremulestop.htm" "Mozilla/5.0 (iPhone; CPU iPhone OS 6_1_3 like Mac OS X) AppleWebKit/536.26 (KHTML, like Gecko) Version/6.0 Mobile/10B329 Safari/8536.25"
174.250.112.221 - - [19/Aug/2013:03:17:14 -0400] "GET /23/images/top-06.gif HTTP/1.1" 304 - "http://www.craigfarms.com/Frame-3-moremulestop.htm" "Mozilla/5.0 (iPhone; CPU iPhone OS 6_1_3 like Mac OS X) AppleWebKit/536.26 (KHTML, like Gecko) Version/6.0 Mobile/10B329 Safari/8536.25"
174.250.112.221 - - [19/Aug/2013:03:17:14 -0400] "GET /23/images/left-05_over.gif HTTP/1.1" 304 - "http://www.craigfarms.com/Frame-3-moremulesleft.htm" "Mozilla/5.0 (iPhone; CPU iPhone OS 6_1_3 like Mac OS X) AppleWebKit/536.26 (KHTML, like Gecko) Version/6.0 Mobile/10B329 Safari/8536.25"
174.250.112.221 - - [19/Aug/2013:03:17:14 -0400] "GET /23/images/left-03.gif HTTP/1.1" 304 - "http://www.craigfarms.com/Frame-3-moremulesleft.htm" "Mozilla/5.0 (iPhone; CPU iPhone OS 6_1_3 like Mac OS X) AppleWebKit/536.26 (KHTML, like Gecko) Version/6.0 Mobile/10B329 Safari/8536.25"
174.250.112.221 - - [19/Aug/2013:03:17:14 -0400] "GET /23/images/left-06.gif HTTP/1.1" 304 - "http://www.craigfarms.com/Frame-3-moremulesleft.htm" "Mozilla/5.0 (iPhone; CPU iPhone OS 6_1_3 like Mac OS X) AppleWebKit/536.26 (KHTML, like Gecko) Version/6.0 Mobile/10B329 Safari/8536.25"
184.21.64.95 - - [19/Aug/2013:09:42:31 -0400] "GET / HTTP/1.1" 200 1524 "http://longearsmall.com/gc/app/index.php?a=5&b=183&c=5" "Mozilla/5.0 (compatible; MSIE 10.0; Windows NT 6.1; WOW64; Trident/6.0)"
123.151.37.142 - - [19/Aug/2013:00:49:18 -0400] "GET /23/scripts/master.css HTTP/1.1" 200 1951 "http://www.craigfarms.com/" "Mozilla/5.0 (compatible; Sosospider/2.0; +http://help.soso.com/webspider.htm)"
12.1.219.177 - - [19/Aug/2013:00:06:33 -0400] "GET /23/images/left-03.gif HTTP/1.1" 304 - "-" "Mozilla/4.0 (compatible;)"
220.181.108.168 - - [19/Aug/2013:01:23:51 -0400] "GET /Frame-1-hometop.htm HTTP/1.1" 200 1389 "-" "Mozilla/5.0 (compatible; Baiduspider/2.0; +http://www.baidu.com/search/spider.html)"
180.76.5.20 - - [19/Aug/2013:13:45:22 -0400] "GET /Frame-1-homeleft.htm HTTP/1.1" 200 3957 "-" "Mozilla/5.0 (compatible; Baiduspider/2.0; +http://www.baidu.com/search/spider.html)"
178.154.243.81 - - [19/Aug/2013:13:48:20 -0400] "GET /images/193_Blk._Horse_Mule.1.jpg HTTP/1.1" 304 - "-" "Mozilla/5.0 (compatible; YandexImages/3.0; +http://yandex.com/bots)"
64.12.116.12 - - [19/Aug/2013:08:29:26 -0400] "HEAD /images/250_Doodlebug.1.jpg HTTP/1.1" 200 - "-" "-"
184.21.64.95 - - [19/Aug/2013:09:42:32 -0400] "GET /23/scripts/icwebsiteelement.css HTTP/1.1" 200 8132 "http://www.craigfarms.com/" "Mozilla/5.0 (compatible; MSIE 10.0; Windows NT 6.1; WOW64; Trident/6.0)"
184.21.64.95 - - [19/Aug/2013:09:42:32 -0400] "GET /favicon.ico HTTP/1.1" 404 575 "http://www.craigfarms.com/" "Mozilla/5.0 (compatible; MSIE 10.0; Windows NT 6.1; WOW64; Trident/6.0)"
12.1.219.177 - - [19/Aug/2013:16:32:09 -0400] "GET /23/images/left-05_over.gif HTTP/1.1" 304 - "-" "Mozilla/4.0 (compatible;)"
70.208.2.40 - - [19/Aug/2013:16:45:48 -0400] "GET /23/images/top-01.gif HTTP/1.1" 200 263 "http://www.craigfarms.com/Frame-1-hometop.htm" "Mozilla/5.0 (compatible; MSIE 10.0; Windows NT 6.1; WOW64; Trident/6.0)"
70.208.2.40 - - [19/Aug/2013:16:45:48 -0400] "GET /images/100_facebook.jpg HTTP/1.1" 200 1592 "http://www.craigfarms.com/Frame-1-homepage1.html?refresh=1374681743953" "Mozilla/5.0 (compatible; MSIE 10.0; Windows NT 6.1; WOW64; Trident/6.0)"
70.208.2.40 - - [19/Aug/2013:16:45:48 -0400] "GET /23/images/left-05_over.gif HTTP/1.1" 200 711 "http://www.craigfarms.com/Frame-1-homeleft.htm" "Mozilla/5.0 (compatible; MSIE 10.0; Windows NT 6.1; WOW64; Trident/6.0)"
70.208.2.40 - - [19/Aug/2013:16:46:11 -0400] "GET /images/250_Doodlebug.1.jpg HTTP/1.1" 200 9769 "http://www.craigfarms.com/Frame-2-mulesforsalepage2.html?refresh=1374681744111" "Mozilla/5.0 (compatible; MSIE 10.0; Windows NT 6.1; WOW64; Trident/6.0)"
174.250.112.221 - - [19/Aug/2013:03:17:13 -0400] "GET /23/scripts/icwebsiteelement.css HTTP/1.1" 304 - "http://www.craigfarms.com/moremules.html" "Mozilla/5.0 (iPhone; CPU iPhone OS 6_1_3 like Mac OS X) AppleWebKit/536.26 (KHTML, like Gecko) Version/6.0 Mobile/10B329 Safari/8536.25"
174.250.112.221 - - [19/Aug/2013:03:17:13 -0400] "GET /scripts/ic_globals_published.js HTTP/1.1" 304 - "http://www.craigfarms.com/moremules.html" "Mozilla/5.0 (iPhone; CPU iPhone OS 6_1_3 like Mac OS X) AppleWebKit/536.26 (KHTML, like Gecko) Version/6.0 Mobile/10B329 Safari/8536.25"
174.250.112.221 - - [19/Aug/2013:03:17:13 -0400] "GET /Frame-3-moremulesleft.htm HTTP/1.1" 304 - "http://www.craigfarms.com/moremules.html" "Mozilla/5.0 (iPhone; CPU iPhone OS 6_1_3 like Mac OS X) AppleWebKit/536.26 (KHTML, like Gecko) Version/6.0 Mobile/10B329 Safari/8536.25"
174.250.112.221 - - [19/Aug/2013:03:17:13 -0400] "GET /23/images/company.jpg HTTP/1.1" 304 - "http://www.craigfarms.com/Frame-3-moremulestop.htm" "Mozilla/5.0 (iPhone; CPU iPhone OS 6_1_3 like Mac OS X) AppleWebKit/536.26 (KHTML, like Gecko) Version/6.0 Mobile/10B329 Safari/8536.25"
174.250.112.221 - - [19/Aug/2013:03:17:13 -0400] "GET /23/images/motif01.jpg HTTP/1.1" 304 - "http://www.craigfarms.com/Frame-3-moremulestop.htm" "Mozilla/5.0 (iPhone; CPU iPhone OS 6_1_3 like Mac OS X) AppleWebKit/536.26 (KHTML, like Gecko) Version/6.0 Mobile/10B329 Safari/8536.25"
174.250.112.221 - - [19/Aug/2013:03:17:13 -0400] "GET /23/images/left-04_over.gif HTTP/1.1" 304 - "http://www.craigfarms.com/Frame-3-moremulesleft.htm" "Mozilla/5.0 (iPhone; CPU iPhone OS 6_1_3 like Mac OS X) AppleWebKit/536.26 (KHTML, like Gecko) Version/6.0 Mobile/10B329 Safari/8536.25"
174.250.112.221 - - [19/Aug/2013:03:17:14 -0400] "GET /23/images/01a.gif HTTP/1.1" 304 - "http://www.craigfarms.com/Frame-3-moremulesleft.htm" "Mozilla/5.0 (iPhone; CPU iPhone OS 6_1_3 like Mac OS X) AppleWebKit/536.26 (KHTML, like Gecko) Version/6.0 Mobile/10B329 Safari/8536.25"
174.250.112.221 - - [19/Aug/2013:03:17:14 -0400] "GET /23/images/left-04.gif HTTP/1.1" 304 - "http://www.craigfarms.com/Frame-3-moremulesleft.htm" "Mozilla/5.0 (iPhone; CPU iPhone OS 6_1_3 like Mac OS X) AppleWebKit/536.26 (KHTML, like Gecko) Version/6.0 Mobile/10B329 Safari/8536.25"
199.30.26.221 - - [19/Aug/2013:04:09:40 -0400] "GET /robots.txt HTTP/1.1" 200 25 "-" "msnbot/2.0b (+http://search.msn.com/msnbot.htm)"
184.6.78.20 - - [19/Aug/2013:18:20:07 -0400] "GET /23/scripts/icwebsiteelement.css HTTP/1.1" 200 8132 "http://www.craigfarms.com/" "Mozilla/5.0 (Windows NT 5.1; rv:22.0) Gecko/20100101 Firefox/22.0"
184.6.78.20 - - [19/Aug/2013:18:20:07 -0400] "GET /Frame-1-homepage1.html?refresh=1374681743953 HTTP/1.1" 200 6162 "http://www.craigfarms.com/" "Mozilla/5.0 (Windows NT 5.1; rv:22.0) Gecko/20100101 Firefox/22.0"
184.6.78.20 - - [19/Aug/2013:18:20:08 -0400] "GET /23/images/1/motif01.jpg HTTP/1.1" 200 6534 "http://www.craigfarms.com/Frame-1-hometop.htm" "Mozilla/5.0 (Windows NT 5.1; rv:22.0) Gecko/20100101 Firefox/22.0"
184.6.78.20 - - [19/Aug/2013:18:20:08 -0400] "GET /23/images/01a.gif HTTP/1.1" 200 327 "http://www.craigfarms.com/Frame-1-homeleft.htm" "Mozilla/5.0 (Windows NT 5.1; rv:22.0) Gecko/20100101 Firefox/22.0"
184.6.78.20 - - [19/Aug/2013:18:20:08 -0400] "GET /23/images/left-06.gif HTTP/1.1" 200 457 "http://www.craigfarms.com/Frame-1-homeleft.htm" "Mozilla/5.0 (Windows NT 5.1; rv:22.0) Gecko/20100101 Firefox/22.0"
184.6.78.20 - - [19/Aug/2013:18:20:08 -0400] "GET /23/images/bg_left.jpg HTTP/1.1" 200 952 "http://www.craigfarms.com/Frame-1-homeleft.htm" "Mozilla/5.0 (Windows NT 5.1; rv:22.0) Gecko/20100101 Firefox/22.0"
184.6.78.20 - - [19/Aug/2013:18:20:08 -0400] "GET /23/images/left-07_over.gif HTTP/1.1" 200 416 "http://www.craigfarms.com/Frame-1-homeleft.htm" "Mozilla/5.0 (Windows NT 5.1; rv:22.0) Gecko/20100101 Firefox/22.0"
178.154.243.81 - - [19/Aug/2013:07:24:11 -0400] "GET /images/200_Mahlon_Gray.4.jpg HTTP/1.1" 304 - "-" "Mozilla/5.0 (compatible; YandexImages/3.0; +http://yandex.com/bots)"
64.12.117.12 - - [19/Aug/2013:08:29:01 -0400] "GET /23/images/bg_top.jpg HTTP/1.1" 200 793 "http://craigfarms.com/Frame-1-hometop.htm" "Mozilla/4.0 (compatible; MSIE 7.0; AOL 9.0; Windows NT 5.1; .NET CLR 1.1.4322)"
64.12.116.8 - - [19/Aug/2013:08:29:04 -0400] "GET /23/images/left-06.gif HTTP/1.1" 200 457 "http://craigfarms.com/Frame-1-homeleft.htm" "Mozilla/4.0 (compatible; MSIE 7.0; AOL 9.0; Windows NT 5.1; .NET CLR 1.1.4322)"
184.21.64.95 - - [19/Aug/2013:09:42:34 -0400] "GET /23/images/left-06_over.gif HTTP/1.1" 200 535 "http://www.craigfarms.com/Frame-1-homeleft.htm" "Mozilla/5.0 (compatible; MSIE 10.0; Windows NT 6.1; WOW64; Trident/6.0)"
144.76.42.76 - - [19/Aug/2013:09:53:49 -0400] "GET / HTTP/1.1" 200 1524 "-" "Mozilla/5.0 (Macintosh; Intel Mac OS X 10_8_2) AppleWebKit/537.17 (KHTML, like Gecko) Chrome/24.0.1312.52 Safari/537.17"
144.76.42.76 - - [19/Aug/2013:09:53:49 -0400] "GET /Frame-1-hometop.htm HTTP/1.1" 200 1389 "-" "Mozilla/5.0 (Macintosh; Intel Mac OS X 10_8_2) AppleWebKit/537.17 (KHTML, like Gecko) Chrome/24.0.1312.52 Safari/537.17"
144.76.42.76 - - [19/Aug/2013:09:53:49 -0400] "GET / HTTP/1.1" 200 1524 "-" "Mozilla/5.0 (Macintosh; Intel Mac OS X 10_8_2) AppleWebKit/537.17 (KHTML, like Gecko) Chrome/24.0.1312.52 Safari/537.17"
24.185.147.182 - - [19/Aug/2013:12:31:20 -0400] "GET /home.html HTTP/1.1" 200 1524 "http://www.craigfarms.com/Frame-1-homeleft.htm" "Mozilla/5.0 (iPad; CPU OS 6_1_3 like Mac OS X) AppleWebKit/536.26 (KHTML, like Gecko) Version/6.0 Mobile/10B329 Safari/8536.25"
24.185.147.182 - - [19/Aug/2013:12:31:21 -0400] "GET /23/images/01b.gif HTTP/1.1" 200 419 "http://www.craigfarms.com/Frame-1-homeleft.htm" "Mozilla/5.0 (iPad; CPU OS 6_1_3 like Mac OS X) AppleWebKit/536.26 (KHTML, like Gecko) Version/6.0 Mobile/10B329 Safari/8536.25"
75.83.148.1 - - [19/Aug/2013:13:01:36 -0400] "GET /favicon.ico HTTP/1.1" 404 575 "http://www.craigfarms.com/Frame-5-linkspage5.html" "Mozilla/5.0 (Macintosh; Intel Mac OS X 10_8_4) AppleWebKit/536.30.1 (KHTML, like Gecko) Version/6.0.5 Safari/536.30.1"
167.239.222.239 - - [19/Aug/2013:13:36:33 -0400] "GET /scripts/user.js HTTP/1.0" 200 23762 "http://www.craigfarms.com/" "Mozilla/4.0 (compatible; MSIE 8.0; Windows NT 6.1; WOW64; Trident/4.0; SLCC2; .NET CLR 2.0.50727; .NET CLR 3.5.30729; .NET CLR 3.0.30729; Media Center PC 6.0; .NET4.0C; .NET4.0E)"
167.239.222.239 - - [19/Aug/2013:13:36:34 -0400] "GET /Frame-1-hometop.htm HTTP/1.0" 200 1389 "http://www.craigfarms.com/" "Mozilla/4.0 (compatible; MSIE 8.0; Windows NT 6.1; WOW64; Trident/4.0; SLCC2; .NET CLR 2.0.50727; .NET CLR 3.5.30729; .NET CLR 3.0.30729; Media Center PC 6.0; .NET4.0C; .NET4.0E)"
167.239.222.239 - - [19/Aug/2013:13:36:35 -0400] "GET /23/images/top-01.gif HTTP/1.0" 200 263 "http://www.craigfarms.com/Frame-1-hometop.htm" "Mozilla/4.0 (compatible; MSIE 8.0; Windows NT 6.1; WOW64; Trident/4.0; SLCC2; .NET CLR 2.0.50727; .NET CLR 3.5.30729; .NET CLR 3.0.30729; Media Center PC 6.0; .NET4.0C; .NET4.0E)"
167.239.222.239 - - [19/Aug/2013:13:36:35 -0400] "GET /23/images/left-07_over.gif HTTP/1.0" 200 416 "http://www.craigfarms.com/Frame-1-homeleft.htm" "Mozilla/4.0 (compatible; MSIE 8.0; Windows NT 6.1; WOW64; Trident/4.0; SLCC2; .NET CLR 2.0.50727; .NET CLR 3.5.30729; .NET CLR 3.0.30729; Media Center PC 6.0; .NET4.0C; .NET4.0E)"
167.239.222.239 - - [19/Aug/2013:13:36:35 -0400] "GET /23/images/left-01.gif HTTP/1.0" 200 87 "http://www.craigfarms.com/Frame-1-homeleft.htm" "Mozilla/4.0 (compatible; MSIE 8.0; Windows NT 6.1; WOW64; Trident/4.0; SLCC2; .NET CLR 2.0.50727; .NET CLR 3.5.30729; .NET CLR 3.0.30729; Media Center PC 6.0; .NET4.0C; .NET4.0E)"
167.239.222.239 - - [19/Aug/2013:13:36:35 -0400] "GET /23/images/left-04.gif HTTP/1.0" 200 475 "http://www.craigfarms.com/Frame-1-homeleft.htm" "Mozilla/4.0 (compatible; MSIE 8.0; Windows NT 6.1; WOW64; Trident/4.0; SLCC2; .NET CLR 2.0.50727; .NET CLR 3.5.30729; .NET CLR 3.0.30729; Media Center PC 6.0; .NET4.0C; .NET4.0E)"
167.239.222.239 - - [19/Aug/2013:13:36:35 -0400] "GET /23/images/left-05.gif HTTP/1.0" 200 638 "http://www.craigfarms.com/Frame-1-homeleft.htm" "Mozilla/4.0 (compatible; MSIE 8.0; Windows NT 6.1; WOW64; Trident/4.0; SLCC2; .NET CLR 2.0.50727; .NET CLR 3.5.30729; .NET CLR 3.0.30729; Media Center PC 6.0; .NET4.0C; .NET4.0E)"
167.239.222.239 - - [19/Aug/2013:13:36:36 -0400] "GET /23/images/left-07.gif HTTP/1.0" 200 319 "http://www.craigfarms.com/Frame-1-homeleft.htm" "Mozilla/4.0 (compatible; MSIE 8.0; Windows NT 6.1; WOW64; Trident/4.0; SLCC2; .NET CLR 2.0.50727; .NET CLR 3.5.30729; .NET CLR 3.0.30729; Media Center PC 6.0; .NET4.0C; .NET4.0E)"
167.239.222.239 - - [19/Aug/2013:13:36:36 -0400] "GET /23/images/1/motif01.jpg HTTP/1.0" 200 6534 "http://www.craigfarms.com/Frame-1-hometop.htm" "Mozilla/4.0 (compatible; MSIE 8.0; Windows NT 6.1; WOW64; Trident/4.0; SLCC2; .NET CLR 2.0.50727; .NET CLR 3.5.30729; .NET CLR 3.0.30729; Media Center PC 6.0; .NET4.0C; .NET4.0E)"
167.239.222.239 - - [19/Aug/2013:13:36:36 -0400] "GET /23/images/company.jpg HTTP/1.0" 200 5899 "http://www.craigfarms.com/Frame-1-hometop.htm" "Mozilla/4.0 (compatible; MSIE 8.0; Windows NT 6.1; WOW64; Trident/4.0; SLCC2; .NET CLR 2.0.50727; .NET CLR 3.5.30729; .NET CLR 3.0.30729; Media Center PC 6.0; .NET4.0C; .NET4.0E)"
167.239.222.239 - - [19/Aug/2013:13:36:37 -0400] "GET /23/images/slogan.jpg HTTP/1.0" 200 4733 "http://www.craigfarms.com/Frame-1-hometop.htm" "Mozilla/4.0 (compatible; MSIE 8.0; Windows NT 6.1; WOW64; Trident/4.0; SLCC2; .NET CLR 2.0.50727; .NET CLR 3.5.30729; .NET CLR 3.0.30729; Media Center PC 6.0; .NET4.0C; .NET4.0E)"
184.21.64.95 - - [19/Aug/2013:09:42:32 -0400] "GET /23/images/top-01.gif HTTP/1.1" 200 263 "http://www.craigfarms.com/Frame-1-hometop.htm" "Mozilla/5.0 (compatible; MSIE 10.0; Windows NT 6.1; WOW64; Trident/6.0)"
206.253.63.54 - - [19/Aug/2013:21:09:44 -0400] "GET /images/300_Pa._Red_Team.3.jpg HTTP/1.1" 200 19162 "http://www.craigfarms.com/Frame-2-mulesforsalepage2.html?refresh=1374681744111" "Mozilla/5.0 (compatible; MSIE 10.0; Windows NT 6.2; Win64; x64; Trident/6.0; Touch; MALCJS)"
157.55.32.49 - - [19/Aug/2013:21:10:43 -0400] "GET /robots.txt HTTP/1.1" 200 25 "-" "Mozilla/5.0 (compatible; bingbot/2.0; +http://www.bing.com/bingbot.htm)"
12.1.219.177 - - [19/Aug/2013:23:44:22 -0400] "GET /23/scripts/icwebsiteelement.css HTTP/1.1" 304 - "-" "Mozilla/4.0 (compatible;)"
12.1.219.177 - - [19/Aug/2013:23:44:53 -0400] "GET /23/images/left-02_over.gif HTTP/1.1" 304 - "-" "Mozilla/4.0 (compatible;)"
12.1.219.177 - - [19/Aug/2013:23:46:12 -0400] "GET /23/images/left-04.gif HTTP/1.1" 304 - "-" "Mozilla/4.0 (compatible;)"
199.30.26.221 - - [19/Aug/2013:04:09:40 -0400] "GET /Frame-7-manurespreaderspage7.html?refresh=1287167642885 HTTP/1.1" 200 5406 "-" "msnbot/2.0b (+http://search.msn.com/msnbot.htm)"
209.169.103.10 - - [19/Aug/2013:15:37:32 -0400] "GET /23/images/slogan.jpg HTTP/1.1" 200 4733 "http://www.craigfarms.com/Frame-1-hometop.htm" "Mozilla/5.0 (compatible; MSIE 10.0; Windows NT 6.2; WOW64; Trident/6.0; Touch; MASMJS)"
209.169.103.10 - - [19/Aug/2013:15:37:32 -0400] "GET /23/images/left-06_over.gif HTTP/1.1" 200 535 "http://www.craigfarms.com/Frame-1-homeleft.htm" "Mozilla/5.0 (compatible; MSIE 10.0; Windows NT 6.2; WOW64; Trident/6.0; Touch; MASMJS)"
209.169.103.10 - - [19/Aug/2013:15:37:32 -0400] "GET /images/100_facebook.jpg HTTP/1.1" 200 1592 "http://www.craigfarms.com/Frame-1-homepage1.html?refresh=1374681743953" "Mozilla/5.0 (compatible; MSIE 10.0; Windows NT 6.2; WOW64; Trident/6.0; Touch; MASMJS)"
174.229.193.80 - - [19/Aug/2013:15:54:01 -0400] "GET /23/scripts/icwebsiteelement.css HTTP/1.1" 304 - "http://www.craigfarms.com/" "Mozilla/5.0 (iPhone; CPU iPhone OS 6_1_3 like Mac OS X) AppleWebKit/536.26 (KHTML, like Gecko) Version/6.0 Mobile/10B329 Safari/8536.25"
174.229.193.80 - - [19/Aug/2013:15:54:01 -0400] "GET /scripts/ic_globals_published.js HTTP/1.1" 304 - "http://www.craigfarms.com/" "Mozilla/5.0 (iPhone; CPU iPhone OS 6_1_3 like Mac OS X) AppleWebKit/536.26 (KHTML, like Gecko) Version/6.0 Mobile/10B329 Safari/8536.25"
174.229.193.80 - - [19/Aug/2013:15:54:01 -0400] "GET /Frame-1-homeleft.htm HTTP/1.1" 304 - "http://www.craigfarms.com/" "Mozilla/5.0 (iPhone; CPU iPhone OS 6_1_3 like Mac OS X) AppleWebKit/536.26 (KHTML, like Gecko) Version/6.0 Mobile/10B329 Safari/8536.25"
174.229.193.80 - - [19/Aug/2013:15:54:01 -0400] "GET /23/images/spacer.gif HTTP/1.1" 304 - "http://www.craigfarms.com/Frame-1-hometop.htm" "Mozilla/5.0 (iPhone; CPU iPhone OS 6_1_3 like Mac OS X) AppleWebKit/536.26 (KHTML, like Gecko) Version/6.0 Mobile/10B329 Safari/8536.25"
174.229.193.80 - - [19/Aug/2013:15:54:02 -0400] "GET /23/images/slogan.jpg HTTP/1.1" 304 - "http://www.craigfarms.com/Frame-1-hometop.htm" "Mozilla/5.0 (iPhone; CPU iPhone OS 6_1_3 like Mac OS X) AppleWebKit/536.26 (KHTML, like Gecko) Version/6.0 Mobile/10B329 Safari/8536.25"
174.229.193.80 - - [19/Aug/2013:15:54:02 -0400] "GET /23/images/left-04_over.gif HTTP/1.1" 304 - "http://www.craigfarms.com/Frame-1-homeleft.htm" "Mozilla/5.0 (iPhone; CPU iPhone OS 6_1_3 like Mac OS X) AppleWebKit/536.26 (KHTML, like Gecko) Version/6.0 Mobile/10B329 Safari/8536.25"
174.229.193.80 - - [19/Aug/2013:15:54:02 -0400] "GET /23/images/01a.gif HTTP/1.1" 304 - "http://www.craigfarms.com/Frame-1-homeleft.htm" "Mozilla/5.0 (iPhone; CPU iPhone OS 6_1_3 like Mac OS X) AppleWebKit/536.26 (KHTML, like Gecko) Version/6.0 Mobile/10B329 Safari/8536.25"
174.229.193.80 - - [19/Aug/2013:15:54:02 -0400] "GET /23/images/left-06.gif HTTP/1.1" 304 - "http://www.craigfarms.com/Frame-1-homeleft.htm" "Mozilla/5.0 (iPhone; CPU iPhone OS 6_1_3 like Mac OS X) AppleWebKit/536.26 (KHTML, like Gecko) Version/6.0 Mobile/10B329 Safari/8536.25"
70.208.2.40 - - [19/Aug/2013:16:46:10 -0400] "GET /mulesforsale.html HTTP/1.1" 200 1548 "http://www.craigfarms.com/Frame-1-homeleft.htm" "Mozilla/5.0 (compatible; MSIE 10.0; Windows NT 6.1; WOW64; Trident/6.0)"
70.208.2.40 - - [19/Aug/2013:16:46:10 -0400] "GET /Frame-2-mulesforsaletop.htm HTTP/1.1" 200 1385 "http://www.craigfarms.com/mulesforsale.html" "Mozilla/5.0 (compatible; MSIE 10.0; Windows NT 6.1; WOW64; Trident/6.0)"
70.208.2.40 - - [19/Aug/2013:16:46:10 -0400] "GET /Frame-2-mulesforsaleleft.htm HTTP/1.1" 200 3957 "http://www.craigfarms.com/mulesforsale.html" "Mozilla/5.0 (compatible; MSIE 10.0; Windows NT 6.1; WOW64; Trident/6.0)"
70.208.2.40 - - [19/Aug/2013:16:46:11 -0400] "GET /23/images/motif02.jpg HTTP/1.1" 200 1836 "http://www.craigfarms.com/Frame-2-mulesforsaletop.htm" "Mozilla/5.0 (compatible; MSIE 10.0; Windows NT 6.1; WOW64; Trident/6.0)"
70.208.2.40 - - [19/Aug/2013:16:46:11 -0400] "GET /images/193_Murray_Team.6.jpg HTTP/1.1" 200 5502 "http://www.craigfarms.com/Frame-2-mulesforsalepage2.html?refresh=1374681744111" "Mozilla/5.0 (compatible; MSIE 10.0; Windows NT 6.1; WOW64; Trident/6.0)"
70.208.2.40 - - [19/Aug/2013:16:46:11 -0400] "GET /images/spacer.gif HTTP/1.1" 200 43 "http://www.craigfarms.com/Frame-2-mulesforsalepage2.html?refresh=1374681744111" "Mozilla/5.0 (compatible; MSIE 10.0; Windows NT 6.1; WOW64; Trident/6.0)"
75.83.148.1 - - [19/Aug/2013:13:01:35 -0400] "GET /scripts/user.js HTTP/1.1" 200 23762 "http://www.craigfarms.com/Frame-5-linkspage5.html" "Mozilla/5.0 (Macintosh; Intel Mac OS X 10_8_4) AppleWebKit/536.30.1 (KHTML, like Gecko) Version/6.0.5 Safari/536.30.1"
178.154.243.81 - - [19/Aug/2013:01:04:19 -0400] "GET /consoles/11/images/cn_corner01.gif HTTP/1.1" 304 - "-" "Mozilla/5.0 (compatible; YandexImages/3.0; +http://yandex.com/bots)"
64.12.116.77 - - [19/Aug/2013:08:29:02 -0400] "GET /23/images/left-04_over.gif HTTP/1.1" 200 563 "http://craigfarms.com/Frame-1-homeleft.htm" "Mozilla/4.0 (compatible; MSIE 7.0; AOL 9.0; Windows NT 5.1; .NET CLR 1.1.4322)"
174.229.193.80 - - [19/Aug/2013:15:54:02 -0400] "GET /23/images/1/motif01.jpg HTTP/1.1" 304 - "http://www.craigfarms.com/Frame-1-hometop.htm" "Mozilla/5.0 (iPhone; CPU iPhone OS 6_1_3 like Mac OS X) AppleWebKit/536.26 (KHTML, like Gecko) Version/6.0 Mobile/10B329 Safari/8536.25"
174.229.193.80 - - [19/Aug/2013:15:54:02 -0400] "GET /23/images/bg_left.jpg HTTP/1.1" 304 - "http://www.craigfarms.com/Frame-1-homeleft.htm" "Mozilla/5.0 (iPhone; CPU iPhone OS 6_1_3 like Mac OS X) AppleWebKit/536.26 (KHTML, like Gecko) Version/6.0 Mobile/10B329 Safari/8536.25"
174.229.193.80 - - [19/Aug/2013:15:54:02 -0400] "GET /23/images/left-06_over.gif HTTP/1.1" 304 - "http://www.craigfarms.com/Frame-1-homeleft.htm" "Mozilla/5.0 (iPhone; CPU iPhone OS 6_1_3 like Mac OS X) AppleWebKit/536.26 (KHTML, like Gecko) Version/6.0 Mobile/10B329 Safari/8536.25"
174.229.193.80 - - [19/Aug/2013:15:54:02 -0400] "GET /23/images/left-03.gif HTTP/1.1" 304 - "http://www.craigfarms.com/Frame-1-homeleft.htm" "Mozilla/5.0 (iPhone; CPU iPhone OS 6_1_3 like Mac OS X) AppleWebKit/536.26 (KHTML, like Gecko) Version/6.0 Mobile/10B329 Safari/8536.25"
205.188.116.140 - - [19/Aug/2013:16:05:11 -0400] "HEAD /Frame-1-homeleft.htm HTTP/1.1" 200 - "-" "-"
205.188.117.79 - - [19/Aug/2013:16:06:15 -0400] "HEAD /23/images/left-05_over.gif HTTP/1.1" 200 - "-" "-"
70.208.2.40 - - [19/Aug/2013:16:46:10 -0400] "GET /Frame-2-mulesforsalepage2.html?refresh=1374681744111 HTTP/1.1" 200 8812 "http://www.craigfarms.com/mulesforsale.html" "Mozilla/5.0 (compatible; MSIE 10.0; Windows NT 6.1; WOW64; Trident/6.0)"
70.208.2.40 - - [19/Aug/2013:16:46:11 -0400] "GET /images/193_Murray_Team.1.jpg HTTP/1.1" 200 5941 "http://www.craigfarms.com/Frame-2-mulesforsalepage2.html?refresh=1374681744111" "Mozilla/5.0 (compatible; MSIE 10.0; Windows NT 6.1; WOW64; Trident/6.0)"
76.0.188.79 - - [19/Aug/2013:21:19:11 -0400] "GET /Frame-1-homepage1.html?refresh=1374681743953 HTTP/1.1" 200 6162 "http://www.craigfarms.com/" "Mozilla/5.0 (iPad; CPU OS 6_1_3 like Mac OS X) AppleWebKit/536.26 (KHTML, like Gecko) Version/6.0 Mobile/10B329 Safari/8536.25"
76.0.188.79 - - [19/Aug/2013:21:19:17 -0400] "GET /23/images/left-04_over.gif HTTP/1.1" 200 563 "http://www.craigfarms.com/Frame-1-homeleft.htm" "Mozilla/5.0 (iPad; CPU OS 6_1_3 like Mac OS X) AppleWebKit/536.26 (KHTML, like Gecko) Version/6.0 Mobile/10B329 Safari/8536.25"
76.0.188.79 - - [19/Aug/2013:21:19:18 -0400] "GET /23/images/left-01.gif HTTP/1.1" 200 87 "http://www.craigfarms.com/Frame-1-homeleft.htm" "Mozilla/5.0 (iPad; CPU OS 6_1_3 like Mac OS X) AppleWebKit/536.26 (KHTML, like Gecko) Version/6.0 Mobile/10B329 Safari/8536.25"
76.0.188.79 - - [19/Aug/2013:21:19:18 -0400] "GET /23/images/left-05.gif HTTP/1.1" 200 638 "http://www.craigfarms.com/Frame-1-homeleft.htm" "Mozilla/5.0 (iPad; CPU OS 6_1_3 like Mac OS X) AppleWebKit/536.26 (KHTML, like Gecko) Version/6.0 Mobile/10B329 Safari/8536.25"
5.9.149.166 - - [19/Aug/2013:23:23:55 -0400] "GET /robots.txt HTTP/1.1" 200 25 "-" "Mozilla/4.0 (compatible; MSIE 5.5; Windows NT)"
178.154.243.81 - - [19/Aug/2013:05:04:36 -0400] "GET /images/250_Red_N.O.3.jpg HTTP/1.1" 304 - "-" "Mozilla/5.0 (compatible; YandexImages/3.0; +http://yandex.com/bots)"
157.55.33.80 - - [19/Aug/2013:00:39:33 -0400] "GET /23/images/company.jpg HTTP/1.1" 200 5899 "-" "Mozilla/5.0 (compatible; bingbot/2.0; +http://www.bing.com/bingbot.htm)"
184.21.64.95 - - [19/Aug/2013:09:42:32 -0400] "GET /scripts/ic_globals_published.js HTTP/1.1" 200 566 "http://www.craigfarms.com/" "Mozilla/5.0 (compatible; MSIE 10.0; Windows NT 6.1; WOW64; Trident/6.0)"
184.21.64.95 - - [19/Aug/2013:09:42:32 -0400] "GET /23/images/spacer.gif HTTP/1.1" 200 43 "http://www.craigfarms.com/Frame-1-hometop.htm" "Mozilla/5.0 (compatible; MSIE 10.0; Windows NT 6.1; WOW64; Trident/6.0)"
64.12.116.133 - - [19/Aug/2013:08:29:02 -0400] "GET /23/images/top-06.gif HTTP/1.1" 200 135 "http://craigfarms.com/Frame-1-hometop.htm" "Mozilla/4.0 (compatible; MSIE 7.0; AOL 9.0; Windows NT 5.1; .NET CLR 1.1.4322)"
64.12.117.19 - - [19/Aug/2013:08:29:03 -0400] "GET /23/images/left-05_over.gif HTTP/1.1" 200 711 "http://craigfarms.com/Frame-1-homeleft.htm" "Mozilla/4.0 (compatible; MSIE 7.0; AOL 9.0; Windows NT 5.1; .NET CLR 1.1.4322)"
