184.60.227.14 - - [20/Jun/2014:21:43:07 -0400] "GET /images/100_facebook.jpg HTTP/1.1" 200 1592 "http://www.craigfarms.com/Frame-1-homepage1.html?refresh=1401820178324" "Mozilla/5.0 (iPhone; CPU iPhone OS 7_0_4 like Mac OS X) AppleWebKit/537.51.1 (KHTML, like Gecko) Version/7.0 Mobile/11B554a Safari/9537.53"
184.9.194.233 - - [20/Jun/2014:22:25:16 -0400] "GET /23/images/top-01.gif HTTP/1.1" 200 263 "http://www.craigfarms.com/Frame-1-hometop.htm" "Mozilla/5.0 (Windows NT 6.1; WOW64; Trident/7.0; rv:11.0) like Gecko"
184.9.194.233 - - [20/Jun/2014:22:25:16 -0400] "GET /23/images/left-03_over.gif HTTP/1.1" 200 616 "http://www.craigfarms.com/Frame-1-homeleft.htm" "Mozilla/5.0 (Windows NT 6.1; WOW64; Trident/7.0; rv:11.0) like Gecko"
184.9.194.233 - - [20/Jun/2014:22:25:16 -0400] "GET /23/images/1/motif02.jpg HTTP/1.1" 200 1836 "http://www.craigfarms.com/Frame-1-hometop.htm" "Mozilla/5.0 (Windows NT 6.1; WOW64; Trident/7.0; rv:11.0) like Gecko"
184.9.194.233 - - [20/Jun/2014:22:25:17 -0400] "GET /23/images/01a.gif HTTP/1.1" 200 327 "http://www.craigfarms.com/Frame-1-homeleft.htm" "Mozilla/5.0 (Windows NT 6.1; WOW64; Trident/7.0; rv:11.0) like Gecko"
184.9.194.233 - - [20/Jun/2014:22:25:17 -0400] "GET /23/images/motif03.jpg HTTP/1.1" 200 6849 "http://www.craigfarms.com/Frame-1-homeleft.htm" "Mozilla/5.0 (Windows NT 6.1; WOW64; Trident/7.0; rv:11.0) like Gecko"
12.151.172.170 - - [20/Jun/2014:11:12:39 -0400] "GET /scripts/user.js HTTP/1.1" 200 23762 "http://www.craigfarms.com/" "Mozilla/5.0 (Windows NT 6.1; WOW64) AppleWebKit/537.36 (KHTML, like Gecko) Chrome/35.0.1916.153 Safari/537.36"
12.151.172.170 - - [20/Jun/2014:11:12:40 -0400] "GET /Frame-1-homeleft.htm HTTP/1.1" 200 3957 "http://www.craigfarms.com/" "Mozilla/5.0 (Windows NT 6.1; WOW64) AppleWebKit/537.36 (KHTML, like Gecko) Chrome/35.0.1916.153 Safari/537.36"
12.151.172.170 - - [20/Jun/2014:11:12:40 -0400] "GET /23/images/top-06.gif HTTP/1.1" 200 135 "http://www.craigfarms.com/Frame-1-hometop.htm" "Mozilla/5.0 (Windows NT 6.1; WOW64) AppleWebKit/537.36 (KHTML, like Gecko) Chrome/35.0.1916.153 Safari/537.36"
12.151.172.170 - - [20/Jun/2014:11:12:40 -0400] "GET /23/images/left-07.gif HTTP/1.1" 200 319 "http://www.craigfarms.com/Frame-1-homeleft.htm" "Mozilla/5.0 (Windows NT 6.1; WOW64) AppleWebKit/537.36 (KHTML, like Gecko) Chrome/35.0.1916.153 Safari/537.36"
12.151.172.170 - - [20/Jun/2014:11:12:40 -0400] "GET /23/images/01a.gif HTTP/1.1" 200 327 "http://www.craigfarms.com/Frame-1-homeleft.htm" "Mozilla/5.0 (Windows NT 6.1; WOW64) AppleWebKit/537.36 (KHTML, like Gecko) Chrome/35.0.1916.153 Safari/537.36"
12.151.172.170 - - [20/Jun/2014:11:12:40 -0400] "GET /23/images/left-05_over.gif HTTP/1.1" 200 711 "http://www.craigfarms.com/Frame-1-homeleft.htm" "Mozilla/5.0 (Windows NT 6.1; WOW64) AppleWebKit/537.36 (KHTML, like Gecko) Chrome/35.0.1916.153 Safari/537.36"
130.211.136.169 - - [20/Jun/2014:11:17:16 -0400] "GET / HTTP/1.0" 200 1524 "-" "NerdyBot"
72.213.129.19 - - [20/Jun/2014:11:22:52 -0400] "GET / HTTP/1.1" 200 1524 "http://www.bing.com/search?q=mules+and+wagons+for+sale&pc=cosp&ptag=A5218876C820F42488DF&conlogo=CT3210127&first=15&FORM=PORE" "Mozilla/5.0 (Windows NT 6.1) AppleWebKit/537.36 (KHTML, like Gecko) Chrome/35.0.1916.153 Safari/537.36"
72.213.129.19 - - [20/Jun/2014:11:22:52 -0400] "GET /23/scripts/master.css HTTP/1.1" 200 1951 "http://www.craigfarms.com/" "Mozilla/5.0 (Windows NT 6.1) AppleWebKit/537.36 (KHTML, like Gecko) Chrome/35.0.1916.153 Safari/537.36"
72.213.129.19 - - [20/Jun/2014:11:22:53 -0400] "GET /23/images/1/motif01.jpg HTTP/1.1" 200 6534 "http://www.craigfarms.com/Frame-1-hometop.htm" "Mozilla/5.0 (Windows NT 6.1) AppleWebKit/537.36 (KHTML, like Gecko) Chrome/35.0.1916.153 Safari/537.36"
72.213.129.19 - - [20/Jun/2014:11:22:53 -0400] "GET /23/images/1/motif02.jpg HTTP/1.1" 200 1836 "http://www.craigfarms.com/Frame-1-hometop.htm" "Mozilla/5.0 (Windows NT 6.1) AppleWebKit/537.36 (KHTML, like Gecko) Chrome/35.0.1916.153 Safari/537.36"
72.213.129.19 - - [20/Jun/2014:11:22:55 -0400] "GET /23/images/left-05_over.gif HTTP/1.1" 200 711 "http://www.craigfarms.com/Frame-1-homeleft.htm" "Mozilla/5.0 (Windows NT 6.1) AppleWebKit/537.36 (KHTML, like Gecko) Chrome/35.0.1916.153 Safari/537.36"
72.213.129.19 - - [20/Jun/2014:11:22:55 -0400] "GET /23/images/left-03.gif HTTP/1.1" 200 540 "http://www.craigfarms.com/Frame-1-homeleft.htm" "Mozilla/5.0 (Windows NT 6.1) AppleWebKit/537.36 (KHTML, like Gecko) Chrome/35.0.1916.153 Safari/537.36"
178.137.129.209 - - [20/Jun/2014:11:57:21 -0400] "GET /mulesforsale.html HTTP/1.1" 200 1548 "http://delobizne.biz/" "Mozilla/4.0 (compatible; MSIE 6.0; Windows NT 5.1; SV1; MRA 4.6 (build 01425); MRSPUTNIK 1, 5, 0, 19 SW)"
198.27.82.147 - - [20/Jun/2014:01:28:48 -0400] "GET /Frame-3-moremulestop.htm HTTP/1.0" 200 1385 "-" "Mozilla/5.0 (compatible; MJ12bot/v1.4.5; http://www.majestic12.co.uk/bot.php?+)"
195.242.218.133 - - [20/Jun/2014:06:03:56 -0400] "GET /mulesforsale.html HTTP/1.1" 200 1548 "http://portal-eu.ru/" "Mozilla/4.0 (compatible; MSIE 6.0; Windows NT 5.1; .NET CLR 1.1.4322; FDM)"
193.150.120.14 - - [20/Jun/2014:15:59:10 -0400] "GET / HTTP/1.1" 200 1524 "http://blogig.org/" "Mozilla/4.76 [en] (Windows NT 5.0; U)"
107.220.2.51 - - [20/Jun/2014:17:30:30 -0400] "GET /mulesforsale.html HTTP/1.1" 200 1548 "http://us.wow.com/search?s_pt=aolsem&s_it=aolsem&s_chn=45&q=craig%20farms" "Mozilla/5.0 (Windows NT 6.2; WOW64) AppleWebKit/537.36 (KHTML, like Gecko) Chrome/29.0.1547.76 Safari/537.36"
107.220.2.51 - - [20/Jun/2014:17:30:31 -0400] "GET /23/scripts/master.css HTTP/1.1" 200 1951 "http://www.craigfarms.com/mulesforsale.html" "Mozilla/5.0 (Windows NT 6.2; WOW64) AppleWebKit/537.36 (KHTML, like Gecko) Chrome/29.0.1547.76 Safari/537.36"
107.220.2.51 - - [20/Jun/2014:17:30:42 -0400] "GET /23/images/left-05_over.gif HTTP/1.1" 200 711 "http://www.craigfarms.com/Frame-2-mulesforsaleleft.htm" "Mozilla/5.0 (Windows NT 6.2; WOW64) AppleWebKit/537.36 (KHTML, like Gecko) Chrome/29.0.1547.76 Safari/537.36"
107.220.2.51 - - [20/Jun/2014:17:30:43 -0400] "GET /23/images/left-07_over.gif HTTP/1.1" 200 416 "http://www.craigfarms.com/Frame-2-mulesforsaleleft.htm" "Mozilla/5.0 (Windows NT 6.2; WOW64) AppleWebKit/537.36 (KHTML, like Gecko) Chrome/29.0.1547.76 Safari/537.36"
107.220.2.51 - - [20/Jun/2014:17:30:44 -0400] "GET /23/images/left-05.gif HTTP/1.1" 200 638 "http://www.craigfarms.com/Frame-2-mulesforsaleleft.htm" "Mozilla/5.0 (Windows NT 6.2; WOW64) AppleWebKit/537.36 (KHTML, like Gecko) Chrome/29.0.1547.76 Safari/537.36"
107.220.2.51 - - [20/Jun/2014:17:30:44 -0400] "GET /23/images/motif01.jpg HTTP/1.1" 200 6534 "http://www.craigfarms.com/Frame-2-mulesforsaletop.htm" "Mozilla/5.0 (Windows NT 6.2; WOW64) AppleWebKit/537.36 (KHTML, like Gecko) Chrome/29.0.1547.76 Safari/537.36"
157.55.39.243 - - [20/Jun/2014:19:44:00 -0400] "GET /Frame-2-mulesforsalepage2.html?refresh=1374681744111 HTTP/1.1" 200 6075 "-" "Mozilla/5.0 (compatible; bingbot/2.0; +http://www.bing.com/bingbot.htm)"
23.122.28.144 - - [20/Jun/2014:20:27:22 -0400] "GET /23/images/left-04_over.gif HTTP/1.1" 200 563 "http://www.craigfarms.com/Frame-1-homeleft.htm" "Mozilla/5.0 (Windows NT 6.1; WOW64; Trident/7.0; rv:11.0) like Gecko"
23.122.28.144 - - [20/Jun/2014:20:27:22 -0400] "GET /23/images/slogan.jpg HTTP/1.1" 200 4733 "http://www.craigfarms.com/Frame-1-hometop.htm" "Mozilla/5.0 (Windows NT 6.1; WOW64; Trident/7.0; rv:11.0) like Gecko"
23.122.28.144 - - [20/Jun/2014:20:27:22 -0400] "GET /23/images/left-05.gif HTTP/1.1" 200 638 "http://www.craigfarms.com/Frame-1-homeleft.htm" "Mozilla/5.0 (Windows NT 6.1; WOW64; Trident/7.0; rv:11.0) like Gecko"
166.147.121.146 - - [20/Jun/2014:22:21:43 -0400] "GET /images/200_Mahlon_Gray.4.jpg HTTP/1.1" 200 4570 "http://www.craigfarms.com/Frame-3-moremulespage3.html?refresh=1401820178431" "Mozilla/5.0 (Linux; U; Android 4.1.1; en-us; SAMSUNG-SGH-I747 Build/JRO03L) AppleWebKit/534.30 (KHTML, like Gecko) Version/4.0 Mobile Safari/534.30"
184.9.194.233 - - [20/Jun/2014:22:25:24 -0400] "GET /favicon.ico HTTP/1.1" 404 575 "-" "Mozilla/5.0 (Windows NT 6.1; Win64; x64; Trident/7.0; rv:11.0) like Gecko"
166.205.55.32 - - [20/Jun/2014:08:24:06 -0400] "GET /images/250_Big_N.O._2.jpg HTTP/1.1" 200 10050 "http://www.craigfarms.com/Frame-2-mulesforsalepage2.html?refresh=1401820178383" "Mozilla/5.0 (iPhone; CPU iPhone OS 7_0_4 like Mac OS X) AppleWebKit/537.51.1 (KHTML, like Gecko) Version/7.0 Mobile/11B554a Safari/9537.53"
166.147.104.23 - - [20/Jun/2014:10:04:14 -0400] "GET /scripts/user.js HTTP/1.1" 200 23762 "http://www.craigfarms.com/" "Mozilla/5.0 (iPhone; CPU iPhone OS 6_1_3 like Mac OS X) AppleWebKit/536.26 (KHTML, like Gecko) Version/6.0 Mobile/10B329 Safari/8536.25"
166.147.104.23 - - [20/Jun/2014:10:04:15 -0400] "GET /Frame-1-homeleft.htm HTTP/1.1" 200 3957 "http://www.craigfarms.com/" "Mozilla/5.0 (iPhone; CPU iPhone OS 6_1_3 like Mac OS X) AppleWebKit/536.26 (KHTML, like Gecko) Version/6.0 Mobile/10B329 Safari/8536.25"
166.147.104.23 - - [20/Jun/2014:10:04:16 -0400] "GET /23/images/spacer.gif HTTP/1.1" 200 43 "http://www.craigfarms.com/Frame-1-hometop.htm" "Mozilla/5.0 (iPhone; CPU iPhone OS 6_1_3 like Mac OS X) AppleWebKit/536.26 (KHTML, like Gecko) Version/6.0 Mobile/10B329 Safari/8536.25"
166.147.104.23 - - [20/Jun/2014:10:04:16 -0400] "GET /23/images/company.jpg HTTP/1.1" 200 5899 "http://www.craigfarms.com/Frame-1-hometop.htm" "Mozilla/5.0 (iPhone; CPU iPhone OS 6_1_3 like Mac OS X) AppleWebKit/536.26 (KHTML, like Gecko) Version/6.0 Mobile/10B329 Safari/8536.25"
166.147.104.23 - - [20/Jun/2014:10:04:17 -0400] "GET /23/images/left-06_over.gif HTTP/1.1" 200 535 "http://www.craigfarms.com/Frame-1-homeleft.htm" "Mozilla/5.0 (iPhone; CPU iPhone OS 6_1_3 like Mac OS X) AppleWebKit/536.26 (KHTML, like Gecko) Version/6.0 Mobile/10B329 Safari/8536.25"
166.147.104.23 - - [20/Jun/2014:10:04:17 -0400] "GET /23/images/left-05.gif HTTP/1.1" 200 638 "http://www.craigfarms.com/Frame-1-homeleft.htm" "Mozilla/5.0 (iPhone; CPU iPhone OS 6_1_3 like Mac OS X) AppleWebKit/536.26 (KHTML, like Gecko) Version/6.0 Mobile/10B329 Safari/8536.25"
166.147.104.23 - - [20/Jun/2014:10:04:17 -0400] "GET /23/images/left-06.gif HTTP/1.1" 200 457 "http://www.craigfarms.com/Frame-1-homeleft.htm" "Mozilla/5.0 (iPhone; CPU iPhone OS 6_1_3 like Mac OS X) AppleWebKit/536.26 (KHTML, like Gecko) Version/6.0 Mobile/10B329 Safari/8536.25"
166.147.104.23 - - [20/Jun/2014:10:04:17 -0400] "GET /23/images/left-04_over.gif HTTP/1.1" 200 563 "http://www.craigfarms.com/Frame-1-homeleft.htm" "Mozilla/5.0 (iPhone; CPU iPhone OS 6_1_3 like Mac OS X) AppleWebKit/536.26 (KHTML, like Gecko) Version/6.0 Mobile/10B329 Safari/8536.25"
198.27.82.147 - - [20/Jun/2014:01:28:21 -0400] "GET /Frame-2-mulesforsalepage2.html?refresh=1365544055249 HTTP/1.0" 200 6075 "-" "Mozilla/5.0 (compatible; MJ12bot/v1.4.5; http://www.majestic12.co.uk/bot.php?+)"
166.137.156.30 - - [20/Jun/2014:15:04:01 -0400] "GET /Frame-3-moremulesleft.htm HTTP/1.1" 200 3957 "http://www.craigfarms.com/moremules.html" "Mozilla/5.0 (iPhone; CPU iPhone OS 7_0_4 like Mac OS X) AppleWebKit/537.51.1 (KHTML, like Gecko) Version/7.0 Mobile/11B554a Safari/9537.53"
166.137.156.30 - - [20/Jun/2014:15:04:03 -0400] "GET /Frame-2-mulesforsalepage2.html?refresh=1401820178383 HTTP/1.1" 200 6075 "http://www.craigfarms.com/mulesforsale.html" "Mozilla/5.0 (iPhone; CPU iPhone OS 7_0_4 like Mac OS X) AppleWebKit/537.51.1 (KHTML, like Gecko) Version/7.0 Mobile/11B554a Safari/9537.53"
166.137.156.30 - - [20/Jun/2014:15:04:05 -0400] "GET /Frame-1-homeleft.htm HTTP/1.1" 200 3957 "http://www.craigfarms.com/" "Mozilla/5.0 (iPhone; CPU iPhone OS 7_0_4 like Mac OS X) AppleWebKit/537.51.1 (KHTML, like Gecko) Version/7.0 Mobile/11B554a Safari/9537.53"
76.122.16.134 - - [20/Jun/2014:16:02:54 -0400] "GET /23/images/top-06.gif HTTP/1.1" 200 135 "http://www.craigfarms.com/Frame-1-hometop.htm" "Mozilla/5.0 (compatible; MSIE 10.0; Windows NT 6.2; Win64; x64; Trident/6.0; yie10)"
76.122.16.134 - - [20/Jun/2014:16:02:54 -0400] "GET /23/images/left-07.gif HTTP/1.1" 200 319 "http://www.craigfarms.com/Frame-1-homeleft.htm" "Mozilla/5.0 (compatible; MSIE 10.0; Windows NT 6.2; Win64; x64; Trident/6.0; yie10)"
76.122.16.134 - - [20/Jun/2014:16:02:54 -0400] "GET /23/images/left-04_over.gif HTTP/1.1" 200 563 "http://www.craigfarms.com/Frame-1-homeleft.htm" "Mozilla/5.0 (compatible; MSIE 10.0; Windows NT 6.2; Win64; x64; Trident/6.0; yie10)"
107.220.2.51 - - [20/Jun/2014:17:30:32 -0400] "GET /scripts/user.js HTTP/1.1" 200 23762 "http://www.craigfarms.com/mulesforsale.html" "Mozilla/5.0 (Windows NT 6.2; WOW64) AppleWebKit/537.36 (KHTML, like Gecko) Chrome/29.0.1547.76 Safari/537.36"
107.220.2.51 - - [20/Jun/2014:17:30:34 -0400] "GET /Frame-2-mulesforsaleleft.htm HTTP/1.1" 200 3957 "http://www.craigfarms.com/mulesforsale.html" "Mozilla/5.0 (Windows NT 6.2; WOW64) AppleWebKit/537.36 (KHTML, like Gecko) Chrome/29.0.1547.76 Safari/537.36"
98.227.17.199 - - [20/Jun/2014:20:05:57 -0400] "GET /images/193_NO_Sorrell.1.jpg HTTP/1.1" 200 6795 "http://www.craigfarms.com/Frame-3-moremulespage3.html?refresh=1401820178431" "Mozilla/5.0 (iPad; CPU OS 6_1_3 like Mac OS X) AppleWebKit/536.26 (KHTML, like Gecko) Version/6.0 Mobile/10B329 Safari/8536.25"
184.60.227.14 - - [20/Jun/2014:21:43:07 -0400] "GET /23/images/left-05_over.gif HTTP/1.1" 200 711 "http://www.craigfarms.com/Frame-1-homeleft.htm" "Mozilla/5.0 (iPhone; CPU iPhone OS 7_0_4 like Mac OS X) AppleWebKit/537.51.1 (KHTML, like Gecko) Version/7.0 Mobile/11B554a Safari/9537.53"
184.60.227.14 - - [20/Jun/2014:21:43:07 -0400] "GET /23/images/01a.gif HTTP/1.1" 200 327 "http://www.craigfarms.com/Frame-1-homeleft.htm" "Mozilla/5.0 (iPhone; CPU iPhone OS 7_0_4 like Mac OS X) AppleWebKit/537.51.1 (KHTML, like Gecko) Version/7.0 Mobile/11B554a Safari/9537.53"
184.60.227.14 - - [20/Jun/2014:21:43:07 -0400] "GET /23/images/slogan.jpg HTTP/1.1" 200 4733 "http://www.craigfarms.com/Frame-1-hometop.htm" "Mozilla/5.0 (iPhone; CPU iPhone OS 7_0_4 like Mac OS X) AppleWebKit/537.51.1 (KHTML, like Gecko) Version/7.0 Mobile/11B554a Safari/9537.53"
184.9.194.233 - - [20/Jun/2014:22:25:15 -0400] "GET /scripts/user.js HTTP/1.1" 200 23762 "http://www.craigfarms.com/" "Mozilla/5.0 (Windows NT 6.1; WOW64; Trident/7.0; rv:11.0) like Gecko"
184.9.194.233 - - [20/Jun/2014:22:25:16 -0400] "GET /Frame-1-homeleft.htm HTTP/1.1" 200 3957 "http://www.craigfarms.com/" "Mozilla/5.0 (Windows NT 6.1; WOW64; Trident/7.0; rv:11.0) like Gecko"
184.9.194.233 - - [20/Jun/2014:22:25:16 -0400] "GET /23/images/left-05_over.gif HTTP/1.1" 200 711 "http://www.craigfarms.com/Frame-1-homeleft.htm" "Mozilla/5.0 (Windows NT 6.1; WOW64; Trident/7.0; rv:11.0) like Gecko"
184.9.194.233 - - [20/Jun/2014:22:25:16 -0400] "GET /23/images/slogan.jpg HTTP/1.1" 200 4733 "http://www.craigfarms.com/Frame-1-hometop.htm" "Mozilla/5.0 (Windows NT 6.1; WOW64; Trident/7.0; rv:11.0) like Gecko"
184.9.194.233 - - [20/Jun/2014:22:25:17 -0400] "GET /23/images/left-03.gif HTTP/1.1" 200 540 "http://www.craigfarms.com/Frame-1-homeleft.htm" "Mozilla/5.0 (Windows NT 6.1; WOW64; Trident/7.0; rv:11.0) like Gecko"
166.205.55.32 - - [20/Jun/2014:08:23:44 -0400] "GET /23/scripts/master.css HTTP/1.1" 200 1951 "http://www.craigfarms.com/" "Mozilla/5.0 (iPhone; CPU iPhone OS 7_0_4 like Mac OS X) AppleWebKit/537.51.1 (KHTML, like Gecko) Version/7.0 Mobile/11B554a Safari/9537.53"
166.205.55.32 - - [20/Jun/2014:08:23:45 -0400] "GET /23/images/1/motif01.jpg HTTP/1.1" 200 6534 "http://www.craigfarms.com/Frame-1-hometop.htm" "Mozilla/5.0 (iPhone; CPU iPhone OS 7_0_4 like Mac OS X) AppleWebKit/537.51.1 (KHTML, like Gecko) Version/7.0 Mobile/11B554a Safari/9537.53"
166.205.55.32 - - [20/Jun/2014:08:23:45 -0400] "GET /23/images/left-04_over.gif HTTP/1.1" 200 563 "http://www.craigfarms.com/Frame-1-homeleft.htm" "Mozilla/5.0 (iPhone; CPU iPhone OS 7_0_4 like Mac OS X) AppleWebKit/537.51.1 (KHTML, like Gecko) Version/7.0 Mobile/11B554a Safari/9537.53"
166.205.55.32 - - [20/Jun/2014:08:23:45 -0400] "GET /23/images/slogan.jpg HTTP/1.1" 200 4733 "http://www.craigfarms.com/Frame-1-hometop.htm" "Mozilla/5.0 (iPhone; CPU iPhone OS 7_0_4 like Mac OS X) AppleWebKit/537.51.1 (KHTML, like Gecko) Version/7.0 Mobile/11B554a Safari/9537.53"
46.119.115.144 - - [20/Jun/2014:10:03:40 -0400] "GET / HTTP/1.1" 200 1524 "http://www.spy-sts.com/" "Mozilla/1.22 (compatible; MSIE 2.0; Windows 95)"
72.213.129.19 - - [20/Jun/2014:11:22:53 -0400] "GET /23/scripts/icwebsiteelement.css HTTP/1.1" 200 8132 "http://www.craigfarms.com/" "Mozilla/5.0 (Windows NT 6.1) AppleWebKit/537.36 (KHTML, like Gecko) Chrome/35.0.1916.153 Safari/537.36"
72.213.129.19 - - [20/Jun/2014:11:22:53 -0400] "GET /Frame-1-homepage1.html?refresh=1401820178324 HTTP/1.1" 200 5114 "http://www.craigfarms.com/" "Mozilla/5.0 (Windows NT 6.1) AppleWebKit/537.36 (KHTML, like Gecko) Chrome/35.0.1916.153 Safari/537.36"
72.213.129.19 - - [20/Jun/2014:11:22:55 -0400] "GET /23/images/left-02_over.gif HTTP/1.1" 200 373 "http://www.craigfarms.com/Frame-1-homeleft.htm" "Mozilla/5.0 (Windows NT 6.1) AppleWebKit/537.36 (KHTML, like Gecko) Chrome/35.0.1916.153 Safari/537.36"
72.213.129.19 - - [20/Jun/2014:11:22:55 -0400] "GET /23/images/left-04.gif HTTP/1.1" 200 475 "http://www.craigfarms.com/Frame-1-homeleft.htm" "Mozilla/5.0 (Windows NT 6.1) AppleWebKit/537.36 (KHTML, like Gecko) Chrome/35.0.1916.153 Safari/537.36"
72.213.129.19 - - [20/Jun/2014:11:22:55 -0400] "GET /23/images/left-05.gif HTTP/1.1" 200 638 "http://www.craigfarms.com/Frame-1-homeleft.htm" "Mozilla/5.0 (Windows NT 6.1) AppleWebKit/537.36 (KHTML, like Gecko) Chrome/35.0.1916.153 Safari/537.36"
99.195.171.121 - - [20/Jun/2014:11:45:28 -0400] "GET /scripts/user.js HTTP/1.1" 200 23762 "http://www.craigfarms.com/" "Mozilla/5.0 (compatible; MSIE 10.0; Windows NT 6.2; WOW64; Trident/6.0; MDDCJS)"
99.195.171.121 - - [20/Jun/2014:11:45:29 -0400] "GET /Frame-1-hometop.htm HTTP/1.1" 200 1389 "http://www.craigfarms.com/" "Mozilla/5.0 (compatible; MSIE 10.0; Windows NT 6.2; WOW64; Trident/6.0; MDDCJS)"
99.195.171.121 - - [20/Jun/2014:11:45:30 -0400] "GET /23/images/bg_top.jpg HTTP/1.1" 200 793 "http://www.craigfarms.com/Frame-1-hometop.htm" "Mozilla/5.0 (compatible; MSIE 10.0; Windows NT 6.2; WOW64; Trident/6.0; MDDCJS)"
99.195.171.121 - - [20/Jun/2014:11:49:23 -0400] "GET /23/images/01b.gif HTTP/1.1" 200 419 "http://www.craigfarms.com/Frame-3-moremulesleft.htm" "Mozilla/5.0 (compatible; MSIE 10.0; Windows NT 6.2; WOW64; Trident/6.0; MDDCJS)"
157.55.39.181 - - [20/Jun/2014:05:40:19 -0400] "GET /robots.txt HTTP/1.1" 200 25 "-" "Mozilla/5.0 (compatible; bingbot/2.0; +http://www.bing.com/bingbot.htm)"
157.55.39.243 - - [20/Jun/2014:06:54:35 -0400] "GET /moremules.html HTTP/1.1" 200 1539 "-" "Mozilla/5.0 (compatible; bingbot/2.0; +http://www.bing.com/bingbot.htm)"
184.60.227.14 - - [20/Jun/2014:21:42:53 -0400] "GET /23/images/left-04_over.gif HTTP/1.1" 200 563 "http://www.craigfarms.com/Frame-1-homeleft.htm" "Mozilla/5.0 (iPhone; CPU iPhone OS 7_0_4 like Mac OS X) AppleWebKit/537.51.1 (KHTML, like Gecko) Version/7.0 Mobile/11B554a Safari/9537.53"
166.205.55.32 - - [20/Jun/2014:08:24:01 -0400] "GET /images/350_Jim_Murray.7.jpg HTTP/1.1" 200 16349 "http://www.craigfarms.com/Frame-2-mulesforsalepage2.html?refresh=1401820178383" "Mozilla/5.0 (iPhone; CPU iPhone OS 7_0_4 like Mac OS X) AppleWebKit/537.51.1 (KHTML, like Gecko) Version/7.0 Mobile/11B554a Safari/9537.53"
24.114.107.228 - - [20/Jun/2014:09:31:31 -0400] "GET /23/images/company.jpg HTTP/1.1" 200 5899 "http://www.craigfarms.com/Frame-1-hometop.htm" "Mozilla/5.0 (iPad; CPU OS 5_1_1 like Mac OS X) AppleWebKit/534.46 (KHTML, like Gecko) Version/5.1 Mobile/9B206 Safari/7534.48.3"
24.114.107.228 - - [20/Jun/2014:09:31:31 -0400] "GET /23/images/left-01.gif HTTP/1.1" 200 87 "http://www.craigfarms.com/Frame-1-homeleft.htm" "Mozilla/5.0 (iPad; CPU OS 5_1_1 like Mac OS X) AppleWebKit/534.46 (KHTML, like Gecko) Version/5.1 Mobile/9B206 Safari/7534.48.3"
166.147.104.23 - - [20/Jun/2014:10:04:58 -0400] "GET /moremules.html HTTP/1.1" 304 - "http://www.craigfarms.com/Frame-2-mulesforsaleleft.htm" "Mozilla/5.0 (iPhone; CPU iPhone OS 6_1_3 like Mac OS X) AppleWebKit/536.26 (KHTML, like Gecko) Version/6.0 Mobile/10B329 Safari/8536.25"
166.147.104.23 - - [20/Jun/2014:10:04:58 -0400] "GET /Frame-3-moremulestop.htm HTTP/1.1" 304 - "http://www.craigfarms.com/moremules.html" "Mozilla/5.0 (iPhone; CPU iPhone OS 6_1_3 like Mac OS X) AppleWebKit/536.26 (KHTML, like Gecko) Version/6.0 Mobile/10B329 Safari/8536.25"
166.147.104.23 - - [20/Jun/2014:10:04:58 -0400] "GET /Frame-3-moremulesleft.htm HTTP/1.1" 304 - "http://www.craigfarms.com/moremules.html" "Mozilla/5.0 (iPhone; CPU iPhone OS 6_1_3 like Mac OS X) AppleWebKit/536.26 (KHTML, like Gecko) Version/6.0 Mobile/10B329 Safari/8536.25"
166.147.104.23 - - [20/Jun/2014:10:04:58 -0400] "GET /Frame-3-moremulespage3.html?refresh=1401820178431 HTTP/1.1" 304 - "http://www.craigfarms.com/moremules.html" "Mozilla/5.0 (iPhone; CPU iPhone OS 6_1_3 like Mac OS X) AppleWebKit/536.26 (KHTML, like Gecko) Version/6.0 Mobile/10B329 Safari/8536.25"
166.147.104.23 - - [20/Jun/2014:10:04:58 -0400] "GET /images/193_Dark_Bay_N.O_2.jpg HTTP/1.1" 304 - "http://www.craigfarms.com/Frame-3-moremulespage3.html?refresh=1401820178431" "Mozilla/5.0 (iPhone; CPU iPhone OS 6_1_3 like Mac OS X) AppleWebKit/536.26 (KHTML, like Gecko) Version/6.0 Mobile/10B329 Safari/8536.25"
166.147.104.23 - - [20/Jun/2014:10:04:58 -0400] "GET /images/193_NO_Sorrell_Foot.1.jpg HTTP/1.1" 304 - "http://www.craigfarms.com/Frame-3-moremulespage3.html?refresh=1401820178431" "Mozilla/5.0 (iPhone; CPU iPhone OS 6_1_3 like Mac OS X) AppleWebKit/536.26 (KHTML, like Gecko) Version/6.0 Mobile/10B329 Safari/8536.25"
166.147.104.23 - - [20/Jun/2014:10:04:59 -0400] "GET /images/193_NO_Sorrell.1.jpg HTTP/1.1" 304 - "http://www.craigfarms.com/Frame-3-moremulespage3.html?refresh=1401820178431" "Mozilla/5.0 (iPhone; CPU iPhone OS 6_1_3 like Mac OS X) AppleWebKit/536.26 (KHTML, like Gecko) Version/6.0 Mobile/10B329 Safari/8536.25"
99.195.171.121 - - [20/Jun/2014:11:47:23 -0400] "GET /23/images/01b.gif HTTP/1.1" 200 419 "http://www.craigfarms.com/Frame-1-homeleft.htm" "Mozilla/5.0 (compatible; MSIE 10.0; Windows NT 6.2; WOW64; Trident/6.0; MDDCJS)"
70.195.0.43 - - [20/Jun/2014:00:21:58 -0400] "GET /Frame-2-mulesforsalepage2.html?refresh=1401820178383 HTTP/1.1" 200 6075 "http://www.craigfarms.com/mulesforsale.html" "Mozilla/5.0 (Windows NT 5.1; rv:30.0) Gecko/20100101 Firefox/30.0"
70.195.0.43 - - [20/Jun/2014:00:21:58 -0400] "GET /images/350_Jim_Murray.7.jpg HTTP/1.1" 200 16349 "http://www.craigfarms.com/Frame-2-mulesforsalepage2.html?refresh=1401820178383" "Mozilla/5.0 (Windows NT 5.1; rv:30.0) Gecko/20100101 Firefox/30.0"
70.195.0.43 - - [20/Jun/2014:00:21:59 -0400] "GET /23/images/01b.gif HTTP/1.1" 200 419 "http://www.craigfarms.com/Frame-2-mulesforsaleleft.htm" "Mozilla/5.0 (Windows NT 5.1; rv:30.0) Gecko/20100101 Firefox/30.0"
220.181.108.102 - - [20/Jun/2014:06:40:34 -0400] "GET /Frame-5-linkspage5.html?refresh=1401820178525 HTTP/1.1" 200 4846 "-" "Mozilla/5.0 (compatible; Baiduspider/2.0; +http://www.baidu.com/search/spider.html)"
76.122.16.134 - - [20/Jun/2014:16:02:50 -0400] "GET /favicon.ico HTTP/1.1" 404 575 "-" "Mozilla/5.0 (compatible; MSIE 10.0; Windows NT 6.2; Win64; x64; Trident/6.0; yie10)"
157.55.39.229 - - [20/Jun/2014:17:07:04 -0400] "GET /Frame-1-hometop.htm HTTP/1.1" 200 1389 "-" "Mozilla/5.0 (compatible; bingbot/2.0; +http://www.bing.com/bingbot.htm)"
157.55.39.229 - - [20/Jun/2014:17:07:04 -0400] "GET /scripts/user.js HTTP/1.1" 200 23762 "-" "Mozilla/5.0 (compatible; bingbot/2.0; +http://www.bing.com/bingbot.htm)"
157.55.39.229 - - [20/Jun/2014:17:07:04 -0400] "GET /scripts/ic_globals_published.js HTTP/1.1" 200 566 "-" "Mozilla/5.0 (compatible; bingbot/2.0; +http://www.bing.com/bingbot.htm)"
157.55.39.229 - - [20/Jun/2014:17:07:04 -0400] "GET /scripts/photoalbum.js HTTP/1.1" 200 62481 "-" "Mozilla/5.0 (compatible; bingbot/2.0; +http://www.bing.com/bingbot.htm)"
166.147.121.146 - - [20/Jun/2014:22:21:24 -0400] "GET /23/images/left-04.gif HTTP/1.1" 200 475 "http://www.craigfarms.com/Frame-1-homeleft.htm" "Mozilla/5.0 (Linux; U; Android 4.1.1; en-us; SAMSUNG-SGH-I747 Build/JRO03L) AppleWebKit/534.30 (KHTML, like Gecko) Version/4.0 Mobile Safari/534.30"
166.147.121.146 - - [20/Jun/2014:22:21:24 -0400] "GET /images/100_facebook.jpg HTTP/1.1" 200 1592 "http://www.craigfarms.com/Frame-1-homepage1.html?refresh=1401820178324" "Mozilla/5.0 (Linux; U; Android 4.1.1; en-us; SAMSUNG-SGH-I747 Build/JRO03L) AppleWebKit/534.30 (KHTML, like Gecko) Version/4.0 Mobile Safari/534.30"
166.147.121.146 - - [20/Jun/2014:22:22:45 -0400] "GET /images/350_Jim_Murray.7.jpg HTTP/1.1" 200 16349 "http://www.craigfarms.com/Frame-2-mulesforsalepage2.html?refresh=1401820178383" "Mozilla/5.0 (Linux; U; Android 4.1.1; en-us; SAMSUNG-SGH-I747 Build/JRO03L) AppleWebKit/534.30 (KHTML, like Gecko) Version/4.0 Mobile Safari/534.30"
192.95.29.212 - - [20/Jun/2014:08:48:51 -0400] "GET /robots.txt HTTP/1.1" 200 25 "-" "Mozilla/5.0 (compatible; meanpathbot/1.0; +http://www.meanpath.com/meanpathbot.html)"
192.95.29.212 - - [20/Jun/2014:08:48:51 -0400] "GET / HTTP/1.1" 200 1524 "-" "Mozilla/5.0 (compatible; meanpathbot/1.0; +http://www.meanpath.com/meanpathbot.html)"
24.114.107.228 - - [20/Jun/2014:09:31:20 -0400] "GET /Frame-2-mulesforsaleleft.htm HTTP/1.1" 200 3957 "http://www.craigfarms.com/mulesforsale.html" "Mozilla/5.0 (iPad; CPU OS 5_1_1 like Mac OS X) AppleWebKit/534.46 (KHTML, like Gecko) Version/5.1 Mobile/9B206 Safari/7534.48.3"
24.114.107.228 - - [20/Jun/2014:09:31:21 -0400] "GET /images/350_Lighter_Team.3.jpg HTTP/1.1" 200 13892 "http://www.craigfarms.com/Frame-2-mulesforsalepage2.html?refresh=1401820178383" "Mozilla/5.0 (iPad; CPU OS 5_1_1 like Mac OS X) AppleWebKit/534.46 (KHTML, like Gecko) Version/5.1 Mobile/9B206 Safari/7534.48.3"
24.114.107.228 - - [20/Jun/2014:09:31:21 -0400] "GET /images/225_Ada_Mule.4.jpg HTTP/1.1" 200 8678 "http://www.craigfarms.com/Frame-2-mulesforsalepage2.html?refresh=1401820178383" "Mozilla/5.0 (iPad; CPU OS 5_1_1 like Mac OS X) AppleWebKit/534.46 (KHTML, like Gecko) Version/5.1 Mobile/9B206 Safari/7534.48.3"
72.213.129.19 - - [20/Jun/2014:11:22:18 -0400] "GET /scripts/photoalbum.js HTTP/1.1" 200 62481 "http://www.craigfarms.com/" "Mozilla/5.0 (Windows NT 6.1) AppleWebKit/537.36 (KHTML, like Gecko) Chrome/35.0.1916.153 Safari/537.36"
72.213.129.19 - - [20/Jun/2014:11:22:19 -0400] "GET /Frame-1-hometop.htm HTTP/1.1" 200 1389 "http://www.craigfarms.com/" "Mozilla/5.0 (Windows NT 6.1) AppleWebKit/537.36 (KHTML, like Gecko) Chrome/35.0.1916.153 Safari/537.36"
72.213.129.19 - - [20/Jun/2014:11:22:19 -0400] "GET /23/images/spacer.gif HTTP/1.1" 200 43 "http://www.craigfarms.com/Frame-1-hometop.htm" "Mozilla/5.0 (Windows NT 6.1) AppleWebKit/537.36 (KHTML, like Gecko) Chrome/35.0.1916.153 Safari/537.36"
72.213.129.19 - - [20/Jun/2014:11:22:19 -0400] "GET /23/images/bg_top.jpg HTTP/1.1" 200 793 "http://www.craigfarms.com/Frame-1-hometop.htm" "Mozilla/5.0 (Windows NT 6.1) AppleWebKit/537.36 (KHTML, like Gecko) Chrome/35.0.1916.153 Safari/537.36"
72.213.129.19 - - [20/Jun/2014:11:22:21 -0400] "GET /23/images/left-06_over.gif HTTP/1.1" 200 535 "http://www.craigfarms.com/Frame-1-homeleft.htm" "Mozilla/5.0 (Windows NT 6.1) AppleWebKit/537.36 (KHTML, like Gecko) Chrome/35.0.1916.153 Safari/537.36"
72.213.129.19 - - [20/Jun/2014:11:22:21 -0400] "GET /23/images/left-07.gif HTTP/1.1" 200 319 "http://www.craigfarms.com/Frame-1-homeleft.htm" "Mozilla/5.0 (Windows NT 6.1) AppleWebKit/537.36 (KHTML, like Gecko) Chrome/35.0.1916.153 Safari/537.36"
72.213.129.19 - - [20/Jun/2014:11:22:37 -0400] "GET /mulesforsale.html HTTP/1.1" 200 1548 "http://www.craigfarms.com/Frame-1-homeleft.htm" "Mozilla/5.0 (Windows NT 6.1) AppleWebKit/537.36 (KHTML, like Gecko) Chrome/35.0.1916.153 Safari/537.36"
72.213.129.19 - - [20/Jun/2014:11:22:37 -0400] "GET /Frame-2-mulesforsaletop.htm HTTP/1.1" 200 1385 "http://www.craigfarms.com/mulesforsale.html" "Mozilla/5.0 (Windows NT 6.1) AppleWebKit/537.36 (KHTML, like Gecko) Chrome/35.0.1916.153 Safari/537.36"
72.213.129.19 - - [20/Jun/2014:11:22:37 -0400] "GET /Frame-2-mulesforsalepage2.html?refresh=1401820178383 HTTP/1.1" 200 6075 "http://www.craigfarms.com/mulesforsale.html" "Mozilla/5.0 (Windows NT 6.1) AppleWebKit/537.36 (KHTML, like Gecko) Chrome/35.0.1916.153 Safari/537.36"
72.213.129.19 - - [20/Jun/2014:11:22:37 -0400] "GET /23/images/motif01.jpg HTTP/1.1" 200 6534 "http://www.craigfarms.com/Frame-2-mulesforsaletop.htm" "Mozilla/5.0 (Windows NT 6.1) AppleWebKit/537.36 (KHTML, like Gecko) Chrome/35.0.1916.153 Safari/537.36"
72.213.129.19 - - [20/Jun/2014:11:22:37 -0400] "GET /images/250_Big_N.O._2.jpg HTTP/1.1" 200 10050 "http://www.craigfarms.com/Frame-2-mulesforsalepage2.html?refresh=1401820178383" "Mozilla/5.0 (Windows NT 6.1) AppleWebKit/537.36 (KHTML, like Gecko) Chrome/35.0.1916.153 Safari/537.36"
99.195.171.121 - - [20/Jun/2014:11:46:55 -0400] "GET /Frame-2-mulesforsaleleft.htm HTTP/1.1" 200 3957 "http://www.craigfarms.com/mulesforsale.html" "Mozilla/5.0 (compatible; MSIE 10.0; Windows NT 6.2; WOW64; Trident/6.0; MDDCJS)"
99.195.171.121 - - [20/Jun/2014:11:46:55 -0400] "GET /23/images/motif02.jpg HTTP/1.1" 200 1836 "http://www.craigfarms.com/Frame-2-mulesforsaletop.htm" "Mozilla/5.0 (compatible; MSIE 10.0; Windows NT 6.2; WOW64; Trident/6.0; MDDCJS)"
99.195.171.121 - - [20/Jun/2014:11:46:55 -0400] "GET /images/250_Big_N.O._2.jpg HTTP/1.1" 200 10050 "http://www.craigfarms.com/Frame-2-mulesforsalepage2.html?refresh=1401820178383" "Mozilla/5.0 (compatible; MSIE 10.0; Windows NT 6.2; WOW64; Trident/6.0; MDDCJS)"
207.46.13.130 - - [20/Jun/2014:12:50:04 -0400] "GET /Frame-2-mulesforsalepage2.html?refresh=1385061206759 HTTP/1.1" 200 6075 "-" "Mozilla/5.0 (compatible; bingbot/2.0; +http://www.bing.com/bingbot.htm)"
157.55.39.227 - - [20/Jun/2014:06:54:19 -0400] "GET /robots.txt HTTP/1.1" 200 25 "-" "Mozilla/5.0 (compatible; bingbot/2.0; +http://www.bing.com/bingbot.htm)"
166.137.156.30 - - [20/Jun/2014:15:03:31 -0400] "GET /Frame-1-homepage1.html?refresh=1401820178324 HTTP/1.1" 200 5114 "http://www.craigfarms.com/" "Mozilla/5.0 (iPhone; CPU iPhone OS 7_0_4 like Mac OS X) AppleWebKit/537.51.1 (KHTML, like Gecko) Version/7.0 Mobile/11B554a Safari/9537.53"
193.150.120.14 - - [20/Jun/2014:15:58:35 -0400] "GET / HTTP/1.1" 200 1524 "http://binarystart.ru/" "Mozilla/4.0 (compatible; MSIE 6.0; Windows NT 5.1; en) Opera 9.0"
199.180.121.39 - - [20/Jun/2014:18:32:50 -0400] "GET /moremules.html HTTP/1.1" 200 1539 "-" "Mozilla/5.0 (iPad; CPU OS 7_0 like Mac OS X) AppleWebKit/537.51.1 (KHTML, like Gecko) Version/7.0 Mobile/11A465 Safari/9537.53"
199.180.121.39 - - [20/Jun/2014:18:32:50 -0400] "GET /23/scripts/master.css HTTP/1.1" 200 1951 "http://craigfarms.com/moremules.html" "Mozilla/5.0 (iPad; CPU OS 7_0 like Mac OS X) AppleWebKit/537.51.1 (KHTML, like Gecko) Version/7.0 Mobile/11A465 Safari/9537.53"
199.180.121.39 - - [20/Jun/2014:18:32:50 -0400] "GET /scripts/user.js HTTP/1.1" 200 23762 "http://craigfarms.com/moremules.html" "Mozilla/5.0 (iPad; CPU OS 7_0 like Mac OS X) AppleWebKit/537.51.1 (KHTML, like Gecko) Version/7.0 Mobile/11A465 Safari/9537.53"
199.180.121.39 - - [20/Jun/2014:18:32:51 -0400] "GET /Frame-3-moremulestop.htm HTTP/1.1" 200 1385 "http://craigfarms.com/moremules.html" "Mozilla/5.0 (iPad; CPU OS 7_0 like Mac OS X) AppleWebKit/537.51.1 (KHTML, like Gecko) Version/7.0 Mobile/11A465 Safari/9537.53"
199.180.121.39 - - [20/Jun/2014:18:32:51 -0400] "GET /23/images/spacer.gif HTTP/1.1" 200 43 "http://craigfarms.com/Frame-3-moremulestop.htm" "Mozilla/5.0 (iPad; CPU OS 7_0 like Mac OS X) AppleWebKit/537.51.1 (KHTML, like Gecko) Version/7.0 Mobile/11A465 Safari/9537.53"
199.180.121.39 - - [20/Jun/2014:18:32:51 -0400] "GET /23/images/company.jpg HTTP/1.1" 200 5899 "http://craigfarms.com/Frame-3-moremulestop.htm" "Mozilla/5.0 (iPad; CPU OS 7_0 like Mac OS X) AppleWebKit/537.51.1 (KHTML, like Gecko) Version/7.0 Mobile/11A465 Safari/9537.53"
199.180.121.39 - - [20/Jun/2014:18:32:51 -0400] "GET /23/images/left-06_over.gif HTTP/1.1" 200 535 "http://craigfarms.com/Frame-3-moremulesleft.htm" "Mozilla/5.0 (iPad; CPU OS 7_0 like Mac OS X) AppleWebKit/537.51.1 (KHTML, like Gecko) Version/7.0 Mobile/11A465 Safari/9537.53"
199.180.121.39 - - [20/Jun/2014:18:32:51 -0400] "GET /23/images/bg_left.jpg HTTP/1.1" 200 952 "http://craigfarms.com/Frame-3-moremulesleft.htm" "Mozilla/5.0 (iPad; CPU OS 7_0 like Mac OS X) AppleWebKit/537.51.1 (KHTML, like Gecko) Version/7.0 Mobile/11A465 Safari/9537.53"
199.180.121.39 - - [20/Jun/2014:18:32:51 -0400] "GET /23/images/left-04_over.gif HTTP/1.1" 200 563 "http://craigfarms.com/Frame-3-moremulesleft.htm" "Mozilla/5.0 (iPad; CPU OS 7_0 like Mac OS X) AppleWebKit/537.51.1 (KHTML, like Gecko) Version/7.0 Mobile/11A465 Safari/9537.53"
199.180.121.39 - - [20/Jun/2014:18:32:51 -0400] "GET /images/193_Dark_Bay_N.O_2.jpg HTTP/1.1" 200 5284 "http://craigfarms.com/Frame-3-moremulespage3.html?refresh=1401820178431" "Mozilla/5.0 (iPad; CPU OS 7_0 like Mac OS X) AppleWebKit/537.51.1 (KHTML, like Gecko) Version/7.0 Mobile/11A465 Safari/9537.53"
199.180.121.39 - - [20/Jun/2014:18:32:51 -0400] "GET /images/193_Light_Bay_N.O._4.jpg HTTP/1.1" 200 6121 "http://craigfarms.com/Frame-3-moremulespage3.html?refresh=1401820178431" "Mozilla/5.0 (iPad; CPU OS 7_0 like Mac OS X) AppleWebKit/537.51.1 (KHTML, like Gecko) Version/7.0 Mobile/11A465 Safari/9537.53"
199.180.121.39 - - [20/Jun/2014:18:32:51 -0400] "GET /images/250_White_H_Mule_N.O._2.jpg HTTP/1.1" 200 8374 "http://craigfarms.com/Frame-3-moremulespage3.html?refresh=1401820178431" "Mozilla/5.0 (iPad; CPU OS 7_0 like Mac OS X) AppleWebKit/537.51.1 (KHTML, like Gecko) Version/7.0 Mobile/11A465 Safari/9537.53"
199.180.121.39 - - [20/Jun/2014:18:32:51 -0400] "GET /images/200_Mahlon_Gray.4.jpg HTTP/1.1" 200 4570 "http://craigfarms.com/Frame-3-moremulespage3.html?refresh=1401820178431" "Mozilla/5.0 (iPad; CPU OS 7_0 like Mac OS X) AppleWebKit/537.51.1 (KHTML, like Gecko) Version/7.0 Mobile/11A465 Safari/9537.53"
199.180.121.39 - - [20/Jun/2014:18:32:52 -0400] "GET /images/250_Red_White_Face_N.O.3.jpg HTTP/1.1" 200 10477 "http://craigfarms.com/Frame-3-moremulespage3.html?refresh=1401820178431" "Mozilla/5.0 (iPad; CPU OS 7_0 like Mac OS X) AppleWebKit/537.51.1 (KHTML, like Gecko) Version/7.0 Mobile/11A465 Safari/9537.53"
199.180.121.39 - - [20/Jun/2014:18:32:52 -0400] "GET /images/250_Red_N.O.3.jpg HTTP/1.1" 200 10492 "http://craigfarms.com/Frame-3-moremulespage3.html?refresh=1401820178431" "Mozilla/5.0 (iPad; CPU OS 7_0 like Mac OS X) AppleWebKit/537.51.1 (KHTML, like Gecko) Version/7.0 Mobile/11A465 Safari/9537.53"
173.218.94.205 - - [20/Jun/2014:20:23:39 -0400] "GET /Frame-3-moremulesleft.htm HTTP/1.1" 200 3957 "http://www.craigfarms.com/moremules.html" "Mozilla/5.0 (iPhone; CPU iPhone OS 7_1_1 like Mac OS X) AppleWebKit/537.51.2 (KHTML, like Gecko) Version/7.0 Mobile/11D201 Safari/9537.53"
173.218.94.205 - - [20/Jun/2014:20:23:39 -0400] "GET /images/193_Dark_Bay_N.O_2.jpg HTTP/1.1" 200 5284 "http://www.craigfarms.com/Frame-3-moremulespage3.html?refresh=1401820178431" "Mozilla/5.0 (iPhone; CPU iPhone OS 7_1_1 like Mac OS X) AppleWebKit/537.51.2 (KHTML, like Gecko) Version/7.0 Mobile/11D201 Safari/9537.53"
173.218.94.205 - - [20/Jun/2014:20:23:39 -0400] "GET /images/250_White_H_Mule_N.O._2.jpg HTTP/1.1" 200 8374 "http://www.craigfarms.com/Frame-3-moremulespage3.html?refresh=1401820178431" "Mozilla/5.0 (iPhone; CPU iPhone OS 7_1_1 like Mac OS X) AppleWebKit/537.51.2 (KHTML, like Gecko) Version/7.0 Mobile/11D201 Safari/9537.53"
173.218.94.205 - - [20/Jun/2014:20:23:39 -0400] "GET /images/193_NO_Sorrell_Foot.1.jpg HTTP/1.1" 200 6800 "http://www.craigfarms.com/Frame-3-moremulespage3.html?refresh=1401820178431" "Mozilla/5.0 (iPhone; CPU iPhone OS 7_1_1 like Mac OS X) AppleWebKit/537.51.2 (KHTML, like Gecko) Version/7.0 Mobile/11D201 Safari/9537.53"
173.218.94.205 - - [20/Jun/2014:20:23:39 -0400] "GET /images/200_J.K._Star.1.jpg HTTP/1.1" 200 7732 "http://www.craigfarms.com/Frame-3-moremulespage3.html?refresh=1401820178431" "Mozilla/5.0 (iPhone; CPU iPhone OS 7_1_1 like Mac OS X) AppleWebKit/537.51.2 (KHTML, like Gecko) Version/7.0 Mobile/11D201 Safari/9537.53"
184.60.227.14 - - [20/Jun/2014:21:36:36 -0400] "GET /23/scripts/icwebsiteelement.css HTTP/1.1" 200 8132 "http://www.craigfarms.com/moremules.html" "Mozilla/5.0 (iPhone; CPU iPhone OS 7_0_4 like Mac OS X) AppleWebKit/537.51.1 (KHTML, like Gecko) Version/7.0 Mobile/11B554a Safari/9537.53"
184.60.227.14 - - [20/Jun/2014:21:36:36 -0400] "GET /scripts/ic_globals_published.js HTTP/1.1" 200 566 "http://www.craigfarms.com/moremules.html" "Mozilla/5.0 (iPhone; CPU iPhone OS 7_0_4 like Mac OS X) AppleWebKit/537.51.1 (KHTML, like Gecko) Version/7.0 Mobile/11B554a Safari/9537.53"
184.60.227.14 - - [20/Jun/2014:21:36:38 -0400] "GET /Frame-3-moremulesleft.htm HTTP/1.1" 200 3957 "http://www.craigfarms.com/moremules.html" "Mozilla/5.0 (iPhone; CPU iPhone OS 7_0_4 like Mac OS X) AppleWebKit/537.51.1 (KHTML, like Gecko) Version/7.0 Mobile/11B554a Safari/9537.53"
184.60.227.14 - - [20/Jun/2014:21:36:38 -0400] "GET /23/images/spacer.gif HTTP/1.1" 200 43 "http://www.craigfarms.com/Frame-3-moremulestop.htm" "Mozilla/5.0 (iPhone; CPU iPhone OS 7_0_4 like Mac OS X) AppleWebKit/537.51.1 (KHTML, like Gecko) Version/7.0 Mobile/11B554a Safari/9537.53"
184.60.227.14 - - [20/Jun/2014:21:36:38 -0400] "GET /23/images/slogan.jpg HTTP/1.1" 200 4733 "http://www.craigfarms.com/Frame-3-moremulestop.htm" "Mozilla/5.0 (iPhone; CPU iPhone OS 7_0_4 like Mac OS X) AppleWebKit/537.51.1 (KHTML, like Gecko) Version/7.0 Mobile/11B554a Safari/9537.53"
184.60.227.14 - - [20/Jun/2014:21:36:38 -0400] "GET /images/193_NO_Sorrell_Foot.1.jpg HTTP/1.1" 200 6800 "http://www.craigfarms.com/Frame-3-moremulespage3.html?refresh=1401820178431" "Mozilla/5.0 (iPhone; CPU iPhone OS 7_0_4 like Mac OS X) AppleWebKit/537.51.1 (KHTML, like Gecko) Version/7.0 Mobile/11B554a Safari/9537.53"
184.60.227.14 - - [20/Jun/2014:21:36:38 -0400] "GET /images/250_Red_N.O.3.jpg HTTP/1.1" 200 10492 "http://www.craigfarms.com/Frame-3-moremulespage3.html?refresh=1401820178431" "Mozilla/5.0 (iPhone; CPU iPhone OS 7_0_4 like Mac OS X) AppleWebKit/537.51.1 (KHTML, like Gecko) Version/7.0 Mobile/11B554a Safari/9537.53"
184.60.227.14 - - [20/Jun/2014:21:36:38 -0400] "GET /23/images/left-03_over.gif HTTP/1.1" 200 616 "http://www.craigfarms.com/Frame-3-moremulesleft.htm" "Mozilla/5.0 (iPhone; CPU iPhone OS 7_0_4 like Mac OS X) AppleWebKit/537.51.1 (KHTML, like Gecko) Version/7.0 Mobile/11B554a Safari/9537.53"
184.60.227.14 - - [20/Jun/2014:21:36:38 -0400] "GET /23/images/01a.gif HTTP/1.1" 200 327 "http://www.craigfarms.com/Frame-3-moremulesleft.htm" "Mozilla/5.0 (iPhone; CPU iPhone OS 7_0_4 like Mac OS X) AppleWebKit/537.51.1 (KHTML, like Gecko) Version/7.0 Mobile/11B554a Safari/9537.53"
184.60.227.14 - - [20/Jun/2014:21:36:38 -0400] "GET /23/images/left-07.gif HTTP/1.1" 200 319 "http://www.craigfarms.com/Frame-3-moremulesleft.htm" "Mozilla/5.0 (iPhone; CPU iPhone OS 7_0_4 like Mac OS X) AppleWebKit/537.51.1 (KHTML, like Gecko) Version/7.0 Mobile/11B554a Safari/9537.53"
184.60.227.14 - - [20/Jun/2014:21:36:48 -0400] "GET /23/images/company.jpg HTTP/1.1" 200 5899 "http://www.craigfarms.com/Frame-3-moremulestop.htm" "Mozilla/5.0 (iPhone; CPU iPhone OS 7_0_4 like Mac OS X) AppleWebKit/537.51.1 (KHTML, like Gecko) Version/7.0 Mobile/11B554a Safari/9537.53"
184.60.227.14 - - [20/Jun/2014:21:36:48 -0400] "GET /23/images/bg_left.jpg HTTP/1.1" 200 952 "http://www.craigfarms.com/Frame-3-moremulesleft.htm" "Mozilla/5.0 (iPhone; CPU iPhone OS 7_0_4 like Mac OS X) AppleWebKit/537.51.1 (KHTML, like Gecko) Version/7.0 Mobile/11B554a Safari/9537.53"
184.60.227.14 - - [20/Jun/2014:21:36:49 -0400] "GET /23/images/left-06_over.gif HTTP/1.1" 200 535 "http://www.craigfarms.com/Frame-3-moremulesleft.htm" "Mozilla/5.0 (iPhone; CPU iPhone OS 7_0_4 like Mac OS X) AppleWebKit/537.51.1 (KHTML, like Gecko) Version/7.0 Mobile/11B554a Safari/9537.53"
184.60.227.14 - - [20/Jun/2014:21:36:49 -0400] "GET /23/images/left-04.gif HTTP/1.1" 200 475 "http://www.craigfarms.com/Frame-3-moremulesleft.htm" "Mozilla/5.0 (iPhone; CPU iPhone OS 7_0_4 like Mac OS X) AppleWebKit/537.51.1 (KHTML, like Gecko) Version/7.0 Mobile/11B554a Safari/9537.53"
184.60.227.14 - - [20/Jun/2014:21:36:49 -0400] "GET /images/193_Dark_Bay_N.O_2.jpg HTTP/1.1" 200 5284 "http://www.craigfarms.com/Frame-3-moremulespage3.html?refresh=1401820178431" "Mozilla/5.0 (iPhone; CPU iPhone OS 7_0_4 like Mac OS X) AppleWebKit/537.51.1 (KHTML, like Gecko) Version/7.0 Mobile/11B554a Safari/9537.53"
209.190.113.82 - - [20/Jun/2014:21:56:19 -0400] "GET / HTTP/1.1" 200 1524 "-" "niki-bot"
166.147.121.146 - - [20/Jun/2014:22:22:15 -0400] "GET /images/225_Ada_Mule.4.jpg HTTP/1.1" 200 8678 "http://www.craigfarms.com/Frame-2-mulesforsalepage2.html?refresh=1401820178383" "Mozilla/5.0 (Linux; U; Android 4.1.1; en-us; SAMSUNG-SGH-I747 Build/JRO03L) AppleWebKit/534.30 (KHTML, like Gecko) Version/4.0 Mobile Safari/534.30"
72.213.129.19 - - [20/Jun/2014:11:23:45 -0400] "GET /Frame-3-moremulespage3.html?refresh=1401820178431 HTTP/1.1" 200 8299 "http://www.craigfarms.com/moremules.html" "Mozilla/5.0 (Windows NT 6.1) AppleWebKit/537.36 (KHTML, like Gecko) Chrome/35.0.1916.153 Safari/537.36"
72.213.129.19 - - [20/Jun/2014:11:23:45 -0400] "GET /images/193_NO_Sorrell_Foot.1.jpg HTTP/1.1" 200 6800 "http://www.craigfarms.com/Frame-3-moremulespage3.html?refresh=1401820178431" "Mozilla/5.0 (Windows NT 6.1) AppleWebKit/537.36 (KHTML, like Gecko) Chrome/35.0.1916.153 Safari/537.36"
72.213.129.19 - - [20/Jun/2014:11:23:45 -0400] "GET /images/200_J.K._Star.1.jpg HTTP/1.1" 200 7732 "http://www.craigfarms.com/Frame-3-moremulespage3.html?refresh=1401820178431" "Mozilla/5.0 (Windows NT 6.1) AppleWebKit/537.36 (KHTML, like Gecko) Chrome/35.0.1916.153 Safari/537.36"
99.195.171.121 - - [20/Jun/2014:11:47:27 -0400] "GET /Frame-2-mulesforsalepage2.html?refresh=1401820178383 HTTP/1.1" 200 6075 "http://www.craigfarms.com/mulesforsale.html" "Mozilla/5.0 (compatible; MSIE 10.0; Windows NT 6.2; WOW64; Trident/6.0; MDDCJS)"
99.195.171.121 - - [20/Jun/2014:11:47:27 -0400] "GET /images/225_Ada_Mule.4.jpg HTTP/1.1" 200 8678 "http://www.craigfarms.com/Frame-2-mulesforsalepage2.html?refresh=1401820178383" "Mozilla/5.0 (compatible; MSIE 10.0; Windows NT 6.2; WOW64; Trident/6.0; MDDCJS)"
99.195.171.121 - - [20/Jun/2014:11:48:18 -0400] "GET /moremules.html HTTP/1.1" 200 1539 "http://www.craigfarms.com/Frame-2-mulesforsaleleft.htm" "Mozilla/5.0 (compatible; MSIE 10.0; Windows NT 6.2; WOW64; Trident/6.0; MDDCJS)"
99.195.171.121 - - [20/Jun/2014:11:48:19 -0400] "GET /Frame-3-moremulestop.htm HTTP/1.1" 200 1385 "http://www.craigfarms.com/moremules.html" "Mozilla/5.0 (compatible; MSIE 10.0; Windows NT 6.2; WOW64; Trident/6.0; MDDCJS)"
99.195.171.121 - - [20/Jun/2014:11:48:19 -0400] "GET /images/193_Light_Bay_N.O._4.jpg HTTP/1.1" 200 6121 "http://www.craigfarms.com/Frame-3-moremulespage3.html?refresh=1401820178431" "Mozilla/5.0 (compatible; MSIE 10.0; Windows NT 6.2; WOW64; Trident/6.0; MDDCJS)"
99.195.171.121 - - [20/Jun/2014:11:48:19 -0400] "GET /images/250_Red_White_Face_N.O.3.jpg HTTP/1.1" 200 10477 "http://www.craigfarms.com/Frame-3-moremulespage3.html?refresh=1401820178431" "Mozilla/5.0 (compatible; MSIE 10.0; Windows NT 6.2; WOW64; Trident/6.0; MDDCJS)"
70.195.0.43 - - [20/Jun/2014:00:21:50 -0400] "GET /23/images/left-01.gif HTTP/1.1" 200 87 "http://www.craigfarms.com/Frame-1-homeleft.htm" "Mozilla/5.0 (Windows NT 5.1; rv:30.0) Gecko/20100101 Firefox/30.0"
70.195.0.43 - - [20/Jun/2014:00:21:50 -0400] "GET /23/images/left-06.gif HTTP/1.1" 200 457 "http://www.craigfarms.com/Frame-1-homeleft.htm" "Mozilla/5.0 (Windows NT 5.1; rv:30.0) Gecko/20100101 Firefox/30.0"
70.195.0.43 - - [20/Jun/2014:00:21:50 -0400] "GET /23/images/left-02_over.gif HTTP/1.1" 200 373 "http://www.craigfarms.com/Frame-1-homeleft.htm" "Mozilla/5.0 (Windows NT 5.1; rv:30.0) Gecko/20100101 Firefox/30.0"
198.27.82.147 - - [20/Jun/2014:01:28:14 -0400] "GET /robots.txt HTTP/1.0" 200 25 "-" "Mozilla/5.0 (compatible; MJ12bot/v1.4.5; http://www.majestic12.co.uk/bot.php?+)"
157.55.39.141 - - [20/Jun/2014:04:46:33 -0400] "GET /robots.txt HTTP/1.1" 200 25 "-" "Mozilla/5.0 (compatible; bingbot/2.0; +http://www.bing.com/bingbot.htm)"
180.76.5.193 - - [20/Jun/2014:16:37:01 -0400] "GET /Frame-7-manurespreaderspage7.html?refresh=1385061206892 HTTP/1.1" 200 5406 "-" "Mozilla/5.0 (compatible; Baiduspider/2.0; +http://www.baidu.com/search/spider.html)"
184.60.227.14 - - [20/Jun/2014:19:38:37 -0400] "GET / HTTP/1.1" 200 1524 "-" "Mozilla/5.0 (iPhone; CPU iPhone OS 7_0_4 like Mac OS X) AppleWebKit/537.51.1 (KHTML, like Gecko) Version/7.0 Mobile/11B554a Safari/9537.53"
184.60.227.14 - - [20/Jun/2014:19:38:38 -0400] "GET /Frame-1-hometop.htm HTTP/1.1" 200 1389 "http://www.craigfarms.com/" "Mozilla/5.0 (iPhone; CPU iPhone OS 7_0_4 like Mac OS X) AppleWebKit/537.51.1 (KHTML, like Gecko) Version/7.0 Mobile/11B554a Safari/9537.53"
184.60.227.14 - - [20/Jun/2014:19:38:38 -0400] "GET /23/images/1/motif02.jpg HTTP/1.1" 200 1836 "http://www.craigfarms.com/Frame-1-hometop.htm" "Mozilla/5.0 (iPhone; CPU iPhone OS 7_0_4 like Mac OS X) AppleWebKit/537.51.1 (KHTML, like Gecko) Version/7.0 Mobile/11B554a Safari/9537.53"
173.218.94.205 - - [20/Jun/2014:20:23:52 -0400] "GET /23/scripts/icwebsiteelement.css HTTP/1.1" 200 8132 "http://www.craigfarms.com/" "Mozilla/5.0 (iPhone; CPU iPhone OS 7_1_1 like Mac OS X) AppleWebKit/537.51.2 (KHTML, like Gecko) Version/7.0 Mobile/11D201 Safari/9537.53"
173.218.94.205 - - [20/Jun/2014:20:23:52 -0400] "GET /scripts/ic_globals_published.js HTTP/1.1" 200 566 "http://www.craigfarms.com/" "Mozilla/5.0 (iPhone; CPU iPhone OS 7_1_1 like Mac OS X) AppleWebKit/537.51.2 (KHTML, like Gecko) Version/7.0 Mobile/11D201 Safari/9537.53"
173.218.94.205 - - [20/Jun/2014:20:23:53 -0400] "GET /Frame-1-homeleft.htm HTTP/1.1" 200 3957 "http://www.craigfarms.com/" "Mozilla/5.0 (iPhone; CPU iPhone OS 7_1_1 like Mac OS X) AppleWebKit/537.51.2 (KHTML, like Gecko) Version/7.0 Mobile/11D201 Safari/9537.53"
173.218.94.205 - - [20/Jun/2014:20:23:53 -0400] "GET /23/images/spacer.gif HTTP/1.1" 200 43 "http://www.craigfarms.com/Frame-1-hometop.htm" "Mozilla/5.0 (iPhone; CPU iPhone OS 7_1_1 like Mac OS X) AppleWebKit/537.51.2 (KHTML, like Gecko) Version/7.0 Mobile/11D201 Safari/9537.53"
173.218.94.205 - - [20/Jun/2014:20:23:53 -0400] "GET /23/images/slogan.jpg HTTP/1.1" 200 4733 "http://www.craigfarms.com/Frame-1-hometop.htm" "Mozilla/5.0 (iPhone; CPU iPhone OS 7_1_1 like Mac OS X) AppleWebKit/537.51.2 (KHTML, like Gecko) Version/7.0 Mobile/11D201 Safari/9537.53"
173.218.94.205 - - [20/Jun/2014:20:23:53 -0400] "GET /23/images/left-04_over.gif HTTP/1.1" 200 563 "http://www.craigfarms.com/Frame-1-homeleft.htm" "Mozilla/5.0 (iPhone; CPU iPhone OS 7_1_1 like Mac OS X) AppleWebKit/537.51.2 (KHTML, like Gecko) Version/7.0 Mobile/11D201 Safari/9537.53"
173.218.94.205 - - [20/Jun/2014:20:23:53 -0400] "GET /23/images/01a.gif HTTP/1.1" 200 327 "http://www.craigfarms.com/Frame-1-homeleft.htm" "Mozilla/5.0 (iPhone; CPU iPhone OS 7_1_1 like Mac OS X) AppleWebKit/537.51.2 (KHTML, like Gecko) Version/7.0 Mobile/11D201 Safari/9537.53"
173.218.94.205 - - [20/Jun/2014:20:23:53 -0400] "GET /23/images/left-06.gif HTTP/1.1" 200 457 "http://www.craigfarms.com/Frame-1-homeleft.htm" "Mozilla/5.0 (iPhone; CPU iPhone OS 7_1_1 like Mac OS X) AppleWebKit/537.51.2 (KHTML, like Gecko) Version/7.0 Mobile/11D201 Safari/9537.53"
166.147.121.146 - - [20/Jun/2014:22:21:19 -0400] "GET /Frame-1-hometop.htm HTTP/1.1" 200 1389 "http://www.craigfarms.com/" "Mozilla/5.0 (Linux; U; Android 4.1.1; en-us; SAMSUNG-SGH-I747 Build/JRO03L) AppleWebKit/534.30 (KHTML, like Gecko) Version/4.0 Mobile Safari/534.30"
166.147.121.146 - - [20/Jun/2014:22:21:20 -0400] "GET /Frame-1-homepage1.html?refresh=1401820178324 HTTP/1.1" 200 5114 "http://www.craigfarms.com/" "Mozilla/5.0 (Linux; U; Android 4.1.1; en-us; SAMSUNG-SGH-I747 Build/JRO03L) AppleWebKit/534.30 (KHTML, like Gecko) Version/4.0 Mobile Safari/534.30"
166.147.121.146 - - [20/Jun/2014:22:21:20 -0400] "GET /23/images/bg_top.jpg HTTP/1.1" 200 793 "http://www.craigfarms.com/Frame-1-hometop.htm" "Mozilla/5.0 (Linux; U; Android 4.1.1; en-us; SAMSUNG-SGH-I747 Build/JRO03L) AppleWebKit/534.30 (KHTML, like Gecko) Version/4.0 Mobile Safari/534.30"
166.147.121.146 - - [20/Jun/2014:22:21:22 -0400] "GET /23/images/spacer.gif HTTP/1.1" 200 43 "http://www.craigfarms.com/Frame-1-hometop.htm" "Mozilla/5.0 (Linux; U; Android 4.1.1; en-us; SAMSUNG-SGH-I747 Build/JRO03L) AppleWebKit/534.30 (KHTML, like Gecko) Version/4.0 Mobile Safari/534.30"
166.147.121.146 - - [20/Jun/2014:22:21:22 -0400] "GET /23/images/1/motif01.jpg HTTP/1.1" 200 6534 "http://www.craigfarms.com/Frame-1-hometop.htm" "Mozilla/5.0 (Linux; U; Android 4.1.1; en-us; SAMSUNG-SGH-I747 Build/JRO03L) AppleWebKit/534.30 (KHTML, like Gecko) Version/4.0 Mobile Safari/534.30"
166.147.121.146 - - [20/Jun/2014:22:21:23 -0400] "GET /23/images/company.jpg HTTP/1.1" 200 5899 "http://www.craigfarms.com/Frame-1-hometop.htm" "Mozilla/5.0 (Linux; U; Android 4.1.1; en-us; SAMSUNG-SGH-I747 Build/JRO03L) AppleWebKit/534.30 (KHTML, like Gecko) Version/4.0 Mobile Safari/534.30"
166.147.121.146 - - [20/Jun/2014:22:21:23 -0400] "GET /23/images/1/motif02.jpg HTTP/1.1" 200 1836 "http://www.craigfarms.com/Frame-1-hometop.htm" "Mozilla/5.0 (Linux; U; Android 4.1.1; en-us; SAMSUNG-SGH-I747 Build/JRO03L) AppleWebKit/534.30 (KHTML, like Gecko) Version/4.0 Mobile Safari/534.30"
166.147.121.146 - - [20/Jun/2014:22:21:23 -0400] "GET /23/images/slogan.jpg HTTP/1.1" 200 4733 "http://www.craigfarms.com/Frame-1-hometop.htm" "Mozilla/5.0 (Linux; U; Android 4.1.1; en-us; SAMSUNG-SGH-I747 Build/JRO03L) AppleWebKit/534.30 (KHTML, like Gecko) Version/4.0 Mobile Safari/534.30"
