0byt3m1n1
Path:
/
data
/
0
/
0
/
68
/
101
/
68753
/
meta
/
69985
/
logs
/
[
Home
]
File: x-access_log.2014-06-20
24.114.107.228 - - [20/Jun/2014:09:31:54 -0400] "GET /Frame-2-mulesforsalepage2.html?refresh=1401820178383 HTTP/1.1" 200 6075 "http://www.craigfarms.com/mulesforsale.html" "Mozilla/5.0 (iPad; CPU OS 5_1_1 like Mac OS X) AppleWebKit/534.46 (KHTML, like Gecko) Version/5.1 Mobile/9B206 Safari/7534.48.3"
166.147.104.23 - - [20/Jun/2014:10:04:40 -0400] "GET /Frame-2-mulesforsalepage2.html?refresh=1401820178383 HTTP/1.1" 304 - "http://www.craigfarms.com/mulesforsale.html" "Mozilla/5.0 (iPhone; CPU iPhone OS 6_1_3 like Mac OS X) AppleWebKit/536.26 (KHTML, like Gecko) Version/6.0 Mobile/10B329 Safari/8536.25"
166.147.104.23 - - [20/Jun/2014:10:04:41 -0400] "GET /images/350_Jim_Murray.7.jpg HTTP/1.1" 304 - "http://www.craigfarms.com/Frame-2-mulesforsalepage2.html?refresh=1401820178383" "Mozilla/5.0 (iPhone; CPU iPhone OS 6_1_3 like Mac OS X) AppleWebKit/536.26 (KHTML, like Gecko) Version/6.0 Mobile/10B329 Safari/8536.25"
66.249.64.231 - - [20/Jun/2014:01:46:22 -0400] "GET /robots.txt HTTP/1.1" 200 25 "-" "Mozilla/5.0 (compatible; Googlebot/2.1; +http://www.google.com/bot.html)"
66.249.64.231 - - [20/Jun/2014:01:46:22 -0400] "GET /manurespreaders/Frame-4-farmequipmenttop.htm HTTP/1.1" 200 1427 "-" "Mozilla/5.0 (compatible; Googlebot/2.1; +http://www.google.com/bot.html)"
98.227.17.199 - - [20/Jun/2014:20:04:35 -0400] "GET / HTTP/1.1" 200 1524 "http://luckythreeranch.com/website/our-links/" "Mozilla/5.0 (iPad; CPU OS 6_1_3 like Mac OS X) AppleWebKit/536.26 (KHTML, like Gecko) Version/6.0 Mobile/10B329 Safari/8536.25"
98.227.17.199 - - [20/Jun/2014:20:04:36 -0400] "GET /scripts/user.js HTTP/1.1" 200 23762 "http://www.craigfarms.com/" "Mozilla/5.0 (iPad; CPU OS 6_1_3 like Mac OS X) AppleWebKit/536.26 (KHTML, like Gecko) Version/6.0 Mobile/10B329 Safari/8536.25"
98.227.17.199 - - [20/Jun/2014:20:04:36 -0400] "GET /Frame-1-hometop.htm HTTP/1.1" 200 1389 "http://www.craigfarms.com/" "Mozilla/5.0 (iPad; CPU OS 6_1_3 like Mac OS X) AppleWebKit/536.26 (KHTML, like Gecko) Version/6.0 Mobile/10B329 Safari/8536.25"
98.227.17.199 - - [20/Jun/2014:20:04:36 -0400] "GET /23/images/bg_top.jpg HTTP/1.1" 200 793 "http://www.craigfarms.com/Frame-1-hometop.htm" "Mozilla/5.0 (iPad; CPU OS 6_1_3 like Mac OS X) AppleWebKit/536.26 (KHTML, like Gecko) Version/6.0 Mobile/10B329 Safari/8536.25"
98.227.17.199 - - [20/Jun/2014:20:04:36 -0400] "GET /23/images/1/motif02.jpg HTTP/1.1" 200 1836 "http://www.craigfarms.com/Frame-1-hometop.htm" "Mozilla/5.0 (iPad; CPU OS 6_1_3 like Mac OS X) AppleWebKit/536.26 (KHTML, like Gecko) Version/6.0 Mobile/10B329 Safari/8536.25"
98.227.17.199 - - [20/Jun/2014:20:04:36 -0400] "GET /23/images/left-02_over.gif HTTP/1.1" 200 373 "http://www.craigfarms.com/Frame-1-homeleft.htm" "Mozilla/5.0 (iPad; CPU OS 6_1_3 like Mac OS X) AppleWebKit/536.26 (KHTML, like Gecko) Version/6.0 Mobile/10B329 Safari/8536.25"
98.227.17.199 - - [20/Jun/2014:20:04:36 -0400] "GET /23/images/left-07_over.gif HTTP/1.1" 200 416 "http://www.craigfarms.com/Frame-1-homeleft.htm" "Mozilla/5.0 (iPad; CPU OS 6_1_3 like Mac OS X) AppleWebKit/536.26 (KHTML, like Gecko) Version/6.0 Mobile/10B329 Safari/8536.25"
98.227.17.199 - - [20/Jun/2014:20:04:36 -0400] "GET /23/images/left-05.gif HTTP/1.1" 200 638 "http://www.craigfarms.com/Frame-1-homeleft.htm" "Mozilla/5.0 (iPad; CPU OS 6_1_3 like Mac OS X) AppleWebKit/536.26 (KHTML, like Gecko) Version/6.0 Mobile/10B329 Safari/8536.25"
98.227.17.199 - - [20/Jun/2014:20:04:36 -0400] "GET /23/images/motif03.jpg HTTP/1.1" 200 6849 "http://www.craigfarms.com/Frame-1-homeleft.htm" "Mozilla/5.0 (iPad; CPU OS 6_1_3 like Mac OS X) AppleWebKit/536.26 (KHTML, like Gecko) Version/6.0 Mobile/10B329 Safari/8536.25"
193.150.120.14 - - [20/Jun/2014:20:58:45 -0400] "GET / HTTP/1.1" 200 1524 "http://cesspool-file.ru/" "Mozilla/4.0 (compatible; MSIE 6.0; Windows NT 5.1) Opera 7.54 [en]"
184.9.194.233 - - [20/Jun/2014:22:25:16 -0400] "GET /23/images/left-04_over.gif HTTP/1.1" 200 563 "http://www.craigfarms.com/Frame-1-homeleft.htm" "Mozilla/5.0 (Windows NT 6.1; WOW64; Trident/7.0; rv:11.0) like Gecko"
184.9.194.233 - - [20/Jun/2014:22:25:16 -0400] "GET /23/images/top-06.gif HTTP/1.1" 200 135 "http://www.craigfarms.com/Frame-1-hometop.htm" "Mozilla/5.0 (Windows NT 6.1; WOW64; Trident/7.0; rv:11.0) like Gecko"
184.9.194.233 - - [20/Jun/2014:22:25:17 -0400] "GET /23/images/left-04.gif HTTP/1.1" 200 475 "http://www.craigfarms.com/Frame-1-homeleft.htm" "Mozilla/5.0 (Windows NT 6.1; WOW64; Trident/7.0; rv:11.0) like Gecko"
72.213.129.19 - - [20/Jun/2014:11:23:40 -0400] "GET /23/images/01b.gif HTTP/1.1" 200 419 "http://www.craigfarms.com/Frame-2-mulesforsaleleft.htm" "Mozilla/5.0 (Windows NT 6.1) AppleWebKit/537.36 (KHTML, like Gecko) Chrome/35.0.1916.153 Safari/537.36"
208.115.111.68 - - [20/Jun/2014:11:54:21 -0400] "GET /robots.txt HTTP/1.1" 200 25 "-" "Mozilla/5.0 (compatible; DotBot/1.1; http://www.opensiteexplorer.org/dotbot, help@moz.com)"
199.30.26.227 - - [20/Jun/2014:03:28:47 -0400] "GET /robots.txt HTTP/1.1" 200 25 "-" "msnbot/2.0b (+http://search.msn.com/msnbot.htm)"
178.255.215.79 - - [20/Jun/2014:05:51:37 -0400] "GET / HTTP/1.1" 200 1524 "-" "Mozilla/5.0 (compatible; Exabot/3.0; +http://www.exabot.com/go/robot)"
166.137.156.30 - - [20/Jun/2014:15:04:01 -0400] "GET /Frame-3-moremulespage3.html?refresh=1401820178431 HTTP/1.1" 200 8299 "http://www.craigfarms.com/moremules.html" "Mozilla/5.0 (iPhone; CPU iPhone OS 7_0_4 like Mac OS X) AppleWebKit/537.51.1 (KHTML, like Gecko) Version/7.0 Mobile/11B554a Safari/9537.53"
166.137.156.30 - - [20/Jun/2014:15:04:03 -0400] "GET /Frame-2-mulesforsaletop.htm HTTP/1.1" 200 1385 "http://www.craigfarms.com/mulesforsale.html" "Mozilla/5.0 (iPhone; CPU iPhone OS 7_0_4 like Mac OS X) AppleWebKit/537.51.1 (KHTML, like Gecko) Version/7.0 Mobile/11B554a Safari/9537.53"
157.55.39.228 - - [20/Jun/2014:17:06:48 -0400] "GET /home.html HTTP/1.1" 200 1524 "-" "Mozilla/5.0 (compatible; bingbot/2.0; +http://www.bing.com/bingbot.htm)"
98.227.17.199 - - [20/Jun/2014:20:04:58 -0400] "GET /Frame-2-mulesforsaleleft.htm HTTP/1.1" 200 3957 "http://www.craigfarms.com/mulesforsale.html" "Mozilla/5.0 (iPad; CPU OS 6_1_3 like Mac OS X) AppleWebKit/536.26 (KHTML, like Gecko) Version/6.0 Mobile/10B329 Safari/8536.25"
98.227.17.199 - - [20/Jun/2014:20:04:59 -0400] "GET /images/350_Jim_Murray.7.jpg HTTP/1.1" 200 16349 "http://www.craigfarms.com/Frame-2-mulesforsalepage2.html?refresh=1401820178383" "Mozilla/5.0 (iPad; CPU OS 6_1_3 like Mac OS X) AppleWebKit/536.26 (KHTML, like Gecko) Version/6.0 Mobile/10B329 Safari/8536.25"
72.213.129.19 - - [20/Jun/2014:11:22:53 -0400] "GET /scripts/ic_globals_published.js HTTP/1.1" 200 566 "http://www.craigfarms.com/" "Mozilla/5.0 (Windows NT 6.1) AppleWebKit/537.36 (KHTML, like Gecko) Chrome/35.0.1916.153 Safari/537.36"
72.213.129.19 - - [20/Jun/2014:11:22:53 -0400] "GET /23/images/top-01.gif HTTP/1.1" 200 263 "http://www.craigfarms.com/Frame-1-hometop.htm" "Mozilla/5.0 (Windows NT 6.1) AppleWebKit/537.36 (KHTML, like Gecko) Chrome/35.0.1916.153 Safari/537.36"
72.213.129.19 - - [20/Jun/2014:11:22:53 -0400] "GET /23/images/slogan.jpg HTTP/1.1" 200 4733 "http://www.craigfarms.com/Frame-1-hometop.htm" "Mozilla/5.0 (Windows NT 6.1) AppleWebKit/537.36 (KHTML, like Gecko) Chrome/35.0.1916.153 Safari/537.36"
72.213.129.19 - - [20/Jun/2014:11:22:53 -0400] "GET /23/images/top-06.gif HTTP/1.1" 200 135 "http://www.craigfarms.com/Frame-1-hometop.htm" "Mozilla/5.0 (Windows NT 6.1) AppleWebKit/537.36 (KHTML, like Gecko) Chrome/35.0.1916.153 Safari/537.36"
72.213.129.19 - - [20/Jun/2014:11:22:55 -0400] "GET /images/100_facebook.jpg HTTP/1.1" 200 1592 "http://www.craigfarms.com/Frame-1-homepage1.html?refresh=1401820178324" "Mozilla/5.0 (Windows NT 6.1) AppleWebKit/537.36 (KHTML, like Gecko) Chrome/35.0.1916.153 Safari/537.36"
72.213.129.19 - - [20/Jun/2014:11:22:55 -0400] "GET /23/images/motif03.jpg HTTP/1.1" 200 6849 "http://www.craigfarms.com/Frame-1-homeleft.htm" "Mozilla/5.0 (Windows NT 6.1) AppleWebKit/537.36 (KHTML, like Gecko) Chrome/35.0.1916.153 Safari/537.36"
72.213.129.19 - - [20/Jun/2014:11:22:55 -0400] "GET /23/images/left-06.gif HTTP/1.1" 200 457 "http://www.craigfarms.com/Frame-1-homeleft.htm" "Mozilla/5.0 (Windows NT 6.1) AppleWebKit/537.36 (KHTML, like Gecko) Chrome/35.0.1916.153 Safari/537.36"
99.195.171.121 - - [20/Jun/2014:11:45:28 -0400] "GET / HTTP/1.1" 200 1524 "http://www.google.com/url?sa=t&rct=j&q=&esrc=s&frm=1&source=web&cd=2&ved=0CCUQFjAB&url=http%3A%2F%2Fwww.craigfarms.com%2F&ei=CVekU8mkNcWXqAb_qIDIAQ&usg=AFQjCNEANj9-LAUPBUPev4TClAVJbrbOZw&bvm=bv.69411363,d.b2k" "Mozilla/5.0 (compatible; MSIE 10.0; Windows NT 6.2; WOW64; Trident/6.0; MDDCJS)"
99.195.171.121 - - [20/Jun/2014:11:45:28 -0400] "GET /23/scripts/master.css HTTP/1.1" 200 1951 "http://www.craigfarms.com/" "Mozilla/5.0 (compatible; MSIE 10.0; Windows NT 6.2; WOW64; Trident/6.0; MDDCJS)"
99.195.171.121 - - [20/Jun/2014:11:45:30 -0400] "GET /23/images/top-01.gif HTTP/1.1" 200 263 "http://www.craigfarms.com/Frame-1-hometop.htm" "Mozilla/5.0 (compatible; MSIE 10.0; Windows NT 6.2; WOW64; Trident/6.0; MDDCJS)"
99.195.171.121 - - [20/Jun/2014:11:45:30 -0400] "GET /23/images/top-06.gif HTTP/1.1" 200 135 "http://www.craigfarms.com/Frame-1-hometop.htm" "Mozilla/5.0 (compatible; MSIE 10.0; Windows NT 6.2; WOW64; Trident/6.0; MDDCJS)"
99.195.171.121 - - [20/Jun/2014:11:45:30 -0400] "GET /23/images/left-02_over.gif HTTP/1.1" 200 373 "http://www.craigfarms.com/Frame-1-homeleft.htm" "Mozilla/5.0 (compatible; MSIE 10.0; Windows NT 6.2; WOW64; Trident/6.0; MDDCJS)"
99.195.171.121 - - [20/Jun/2014:11:45:30 -0400] "GET /23/images/left-06_over.gif HTTP/1.1" 200 535 "http://www.craigfarms.com/Frame-1-homeleft.htm" "Mozilla/5.0 (compatible; MSIE 10.0; Windows NT 6.2; WOW64; Trident/6.0; MDDCJS)"
99.195.171.121 - - [20/Jun/2014:11:45:30 -0400] "GET /23/images/left-05.gif HTTP/1.1" 200 638 "http://www.craigfarms.com/Frame-1-homeleft.htm" "Mozilla/5.0 (compatible; MSIE 10.0; Windows NT 6.2; WOW64; Trident/6.0; MDDCJS)"
70.195.0.43 - - [20/Jun/2014:00:21:51 -0400] "GET /scripts/ic_globals_published.js HTTP/1.1" 200 566 "http://www.craigfarms.com/" "Mozilla/5.0 (Windows NT 5.1; rv:30.0) Gecko/20100101 Firefox/30.0"
70.195.0.43 - - [20/Jun/2014:00:21:52 -0400] "GET /23/images/1/motif02.jpg HTTP/1.1" 200 1836 "http://www.craigfarms.com/Frame-1-hometop.htm" "Mozilla/5.0 (Windows NT 5.1; rv:30.0) Gecko/20100101 Firefox/30.0"
70.195.0.43 - - [20/Jun/2014:00:21:52 -0400] "GET /23/images/01a.gif HTTP/1.1" 200 327 "http://www.craigfarms.com/Frame-1-homeleft.htm" "Mozilla/5.0 (Windows NT 5.1; rv:30.0) Gecko/20100101 Firefox/30.0"
70.195.0.43 - - [20/Jun/2014:00:21:52 -0400] "GET /23/images/left-07.gif HTTP/1.1" 200 319 "http://www.craigfarms.com/Frame-1-homeleft.htm" "Mozilla/5.0 (Windows NT 5.1; rv:30.0) Gecko/20100101 Firefox/30.0"
70.195.0.43 - - [20/Jun/2014:00:21:52 -0400] "GET /23/images/left-03_over.gif HTTP/1.1" 200 616 "http://www.craigfarms.com/Frame-1-homeleft.htm" "Mozilla/5.0 (Windows NT 5.1; rv:30.0) Gecko/20100101 Firefox/30.0"
46.118.155.40 - - [20/Jun/2014:03:32:23 -0400] "GET / HTTP/1.1" 200 1524 "http://game-top.su/" "Mozilla/4.7 (compatible; OffByOne; Windows 2000) Webster Pro V3.4"
76.122.16.134 - - [20/Jun/2014:16:02:54 -0400] "GET /23/images/left-03.gif HTTP/1.1" 200 540 "http://www.craigfarms.com/Frame-1-homeleft.htm" "Mozilla/5.0 (compatible; MSIE 10.0; Windows NT 6.2; Win64; x64; Trident/6.0; yie10)"
76.122.16.134 - - [20/Jun/2014:16:02:54 -0400] "GET /23/images/spacer.gif HTTP/1.1" 200 43 "http://www.craigfarms.com/Frame-1-hometop.htm" "Mozilla/5.0 (compatible; MSIE 10.0; Windows NT 6.2; Win64; x64; Trident/6.0; yie10)"
76.122.16.134 - - [20/Jun/2014:16:02:54 -0400] "GET /23/images/left-06_over.gif HTTP/1.1" 200 535 "http://www.craigfarms.com/Frame-1-homeleft.htm" "Mozilla/5.0 (compatible; MSIE 10.0; Windows NT 6.2; Win64; x64; Trident/6.0; yie10)"
173.218.94.205 - - [20/Jun/2014:20:23:55 -0400] "GET /23/images/1/motif01.jpg HTTP/1.1" 200 6534 "http://www.craigfarms.com/Frame-1-hometop.htm" "Mozilla/5.0 (iPhone; CPU iPhone OS 7_1_1 like Mac OS X) AppleWebKit/537.51.2 (KHTML, like Gecko) Version/7.0 Mobile/11D201 Safari/9537.53"
173.218.94.205 - - [20/Jun/2014:20:23:55 -0400] "GET /23/images/bg_left.jpg HTTP/1.1" 200 952 "http://www.craigfarms.com/Frame-1-homeleft.htm" "Mozilla/5.0 (iPhone; CPU iPhone OS 7_1_1 like Mac OS X) AppleWebKit/537.51.2 (KHTML, like Gecko) Version/7.0 Mobile/11D201 Safari/9537.53"
173.218.94.205 - - [20/Jun/2014:20:23:56 -0400] "GET /23/images/left-06_over.gif HTTP/1.1" 200 535 "http://www.craigfarms.com/Frame-1-homeleft.htm" "Mozilla/5.0 (iPhone; CPU iPhone OS 7_1_1 like Mac OS X) AppleWebKit/537.51.2 (KHTML, like Gecko) Version/7.0 Mobile/11D201 Safari/9537.53"
173.218.94.205 - - [20/Jun/2014:20:23:56 -0400] "GET /23/images/left-04.gif HTTP/1.1" 200 475 "http://www.craigfarms.com/Frame-1-homeleft.htm" "Mozilla/5.0 (iPhone; CPU iPhone OS 7_1_1 like Mac OS X) AppleWebKit/537.51.2 (KHTML, like Gecko) Version/7.0 Mobile/11D201 Safari/9537.53"
166.147.121.146 - - [20/Jun/2014:22:21:17 -0400] "GET /scripts/ic_globals_published.js HTTP/1.1" 200 566 "http://www.craigfarms.com/" "Mozilla/5.0 (Linux; U; Android 4.1.1; en-us; SAMSUNG-SGH-I747 Build/JRO03L) AppleWebKit/534.30 (KHTML, like Gecko) Version/4.0 Mobile Safari/534.30"
166.205.55.32 - - [20/Jun/2014:08:25:03 -0400] "GET /images/250_White_H_Mule_N.O._2.jpg HTTP/1.1" 200 8374 "http://www.craigfarms.com/Frame-3-moremulespage3.html?refresh=1401820178431" "Mozilla/5.0 (iPhone; CPU iPhone OS 7_0_4 like Mac OS X) AppleWebKit/537.51.1 (KHTML, like Gecko) Version/7.0 Mobile/11B554a Safari/9537.53"
99.195.171.121 - - [20/Jun/2014:11:48:21 -0400] "GET /Frame-3-moremulespage3.html?refresh=1401820178431 HTTP/1.1" 200 8299 "http://www.craigfarms.com/moremules.html" "Mozilla/5.0 (compatible; MSIE 10.0; Windows NT 6.2; WOW64; Trident/6.0; MDDCJS)"
99.195.171.121 - - [20/Jun/2014:11:48:21 -0400] "GET /images/193_NO_Sorrell_Foot.1.jpg HTTP/1.1" 200 6800 "http://www.craigfarms.com/Frame-3-moremulespage3.html?refresh=1401820178431" "Mozilla/5.0 (compatible; MSIE 10.0; Windows NT 6.2; WOW64; Trident/6.0; MDDCJS)"
99.195.171.121 - - [20/Jun/2014:11:48:21 -0400] "GET /images/200_J.K._Star.1.jpg HTTP/1.1" 200 7732 "http://www.craigfarms.com/Frame-3-moremulespage3.html?refresh=1401820178431" "Mozilla/5.0 (compatible; MSIE 10.0; Windows NT 6.2; WOW64; Trident/6.0; MDDCJS)"
92.249.127.111 - - [20/Jun/2014:01:48:42 -0400] "GET / HTTP/1.1" 200 1524 "http://www.artparquet.ru/" "Mozilla/4.0 (compatible; MSIE 6.0; Windows NT 5.1; SV1; InfoPath.1"
92.249.127.111 - - [20/Jun/2014:01:48:43 -0400] "GET / HTTP/1.1" 200 1524 "http://www.artparquet.ru/" "Mozilla/4.0 (compatible; MSIE 6.0; Windows NT 5.1; SV1; InfoPath.1"
12.190.192.66 - - [20/Jun/2014:15:58:28 -0400] "GET /scripts/photoalbum.js HTTP/1.1" 200 62481 "http://www.craigfarms.com/" "Mozilla/4.0 (compatible; MSIE 8.0; Windows NT 5.1; Trident/4.0; .NET CLR 1.1.4322; MS-RTC LM 8; .NET CLR 2.0.50727; .NET CLR 3.0.4506.2152; .NET CLR 3.5.30729; InfoPath.3)"
12.190.192.66 - - [20/Jun/2014:15:58:29 -0400] "GET /23/images/bg_top.jpg HTTP/1.1" 200 793 "http://www.craigfarms.com/Frame-1-hometop.htm" "Mozilla/4.0 (compatible; MSIE 8.0; Windows NT 5.1; Trident/4.0; .NET CLR 1.1.4322; MS-RTC LM 8; .NET CLR 2.0.50727; .NET CLR 3.0.4506.2152; .NET CLR 3.5.30729; InfoPath.3)"
12.190.192.66 - - [20/Jun/2014:15:58:29 -0400] "GET /23/images/bg_left.jpg HTTP/1.1" 200 952 "http://www.craigfarms.com/Frame-1-homeleft.htm" "Mozilla/4.0 (compatible; MSIE 8.0; Windows NT 5.1; Trident/4.0; .NET CLR 1.1.4322; MS-RTC LM 8; .NET CLR 2.0.50727; .NET CLR 3.0.4506.2152; .NET CLR 3.5.30729; InfoPath.3)"
12.190.192.66 - - [20/Jun/2014:15:58:29 -0400] "GET /23/images/left-06_over.gif HTTP/1.1" 200 535 "http://www.craigfarms.com/Frame-1-homeleft.htm" "Mozilla/4.0 (compatible; MSIE 8.0; Windows NT 5.1; Trident/4.0; .NET CLR 1.1.4322; MS-RTC LM 8; .NET CLR 2.0.50727; .NET CLR 3.0.4506.2152; .NET CLR 3.5.30729; InfoPath.3)"
12.190.192.66 - - [20/Jun/2014:15:58:29 -0400] "GET /23/images/slogan.jpg HTTP/1.1" 200 4733 "http://www.craigfarms.com/Frame-1-hometop.htm" "Mozilla/4.0 (compatible; MSIE 8.0; Windows NT 5.1; Trident/4.0; .NET CLR 1.1.4322; MS-RTC LM 8; .NET CLR 2.0.50727; .NET CLR 3.0.4506.2152; .NET CLR 3.5.30729; InfoPath.3)"
12.190.192.66 - - [20/Jun/2014:15:58:30 -0400] "GET /favicon.ico HTTP/1.1" 404 575 "-" "Mozilla/4.0 (compatible; MSIE 8.0; Windows NT 5.1; Trident/4.0; .NET CLR 1.1.4322; MS-RTC LM 8; .NET CLR 2.0.50727; .NET CLR 3.0.4506.2152; .NET CLR 3.5.30729; InfoPath.3)"
107.220.2.51 - - [20/Jun/2014:17:30:32 -0400] "GET /23/scripts/icwebsiteelement.css HTTP/1.1" 200 8132 "http://www.craigfarms.com/mulesforsale.html" "Mozilla/5.0 (Windows NT 6.2; WOW64) AppleWebKit/537.36 (KHTML, like Gecko) Chrome/29.0.1547.76 Safari/537.36"
107.220.2.51 - - [20/Jun/2014:17:30:34 -0400] "GET /Frame-2-mulesforsalepage2.html?refresh=1401820178383 HTTP/1.1" 200 6075 "http://www.craigfarms.com/mulesforsale.html" "Mozilla/5.0 (Windows NT 6.2; WOW64) AppleWebKit/537.36 (KHTML, like Gecko) Chrome/29.0.1547.76 Safari/537.36"
107.220.2.51 - - [20/Jun/2014:17:30:57 -0400] "GET /favicon.ico HTTP/1.1" 404 575 "-" "Mozilla/5.0 (Windows NT 6.2; WOW64) AppleWebKit/537.36 (KHTML, like Gecko) Chrome/29.0.1547.76 Safari/537.36"
199.180.121.39 - - [20/Jun/2014:18:33:26 -0400] "GET /23/images/top-01.gif HTTP/1.1" 200 263 "http://craigfarms.com/Frame-3-moremulestop.htm" "Mozilla/5.0 (iPad; CPU OS 7_0 like Mac OS X) AppleWebKit/537.51.1 (KHTML, like Gecko) Version/7.0 Mobile/11A465 Safari/9537.53"
199.180.121.39 - - [20/Jun/2014:18:33:26 -0400] "GET /23/images/left-05_over.gif HTTP/1.1" 200 711 "http://craigfarms.com/Frame-3-moremulesleft.htm" "Mozilla/5.0 (iPad; CPU OS 7_0 like Mac OS X) AppleWebKit/537.51.1 (KHTML, like Gecko) Version/7.0 Mobile/11A465 Safari/9537.53"
184.9.194.233 - - [20/Jun/2014:22:25:15 -0400] "GET /scripts/photoalbum.js HTTP/1.1" 200 62481 "http://www.craigfarms.com/" "Mozilla/5.0 (Windows NT 6.1; WOW64; Trident/7.0; rv:11.0) like Gecko"
184.9.194.233 - - [20/Jun/2014:22:25:16 -0400] "GET /Frame-1-hometop.htm HTTP/1.1" 200 1389 "http://www.craigfarms.com/" "Mozilla/5.0 (Windows NT 6.1; WOW64; Trident/7.0; rv:11.0) like Gecko"
184.9.194.233 - - [20/Jun/2014:22:25:16 -0400] "GET /23/images/bg_top.jpg HTTP/1.1" 200 793 "http://www.craigfarms.com/Frame-1-hometop.htm" "Mozilla/5.0 (Windows NT 6.1; WOW64; Trident/7.0; rv:11.0) like Gecko"
184.9.194.233 - - [20/Jun/2014:22:25:23 -0400] "GET /images/225_Ada_Mule.4.jpg HTTP/1.1" 200 8678 "http://www.craigfarms.com/Frame-2-mulesforsalepage2.html?refresh=1401820178383" "Mozilla/5.0 (Windows NT 6.1; WOW64; Trident/7.0; rv:11.0) like Gecko"
166.205.55.32 - - [20/Jun/2014:08:25:03 -0400] "GET /images/193_Light_Bay_N.O._4.jpg HTTP/1.1" 200 6121 "http://www.craigfarms.com/Frame-3-moremulespage3.html?refresh=1401820178431" "Mozilla/5.0 (iPhone; CPU iPhone OS 7_0_4 like Mac OS X) AppleWebKit/537.51.1 (KHTML, like Gecko) Version/7.0 Mobile/11B554a Safari/9537.53"
166.205.55.32 - - [20/Jun/2014:08:25:03 -0400] "GET /images/200_Mahlon_Gray.4.jpg HTTP/1.1" 200 4570 "http://www.craigfarms.com/Frame-3-moremulespage3.html?refresh=1401820178431" "Mozilla/5.0 (iPhone; CPU iPhone OS 7_0_4 like Mac OS X) AppleWebKit/537.51.1 (KHTML, like Gecko) Version/7.0 Mobile/11B554a Safari/9537.53"
46.119.115.144 - - [20/Jun/2014:10:03:42 -0400] "GET / HTTP/1.1" 200 1524 "http://www.spy-sts.com/" "Mozilla/1.22 (compatible; MSIE 2.0; Windows 95)"
46.119.115.144 - - [20/Jun/2014:10:03:43 -0400] "GET / HTTP/1.1" 200 1524 "http://www.spy-sts.com/" "Mozilla/1.22 (compatible; MSIE 2.0; Windows 95)"
12.151.172.170 - - [20/Jun/2014:11:13:01 -0400] "GET /images/200_Mahlon_Gray.4.jpg HTTP/1.1" 200 4570 "http://www.craigfarms.com/Frame-3-moremulespage3.html?refresh=1401820178431" "Mozilla/5.0 (Windows NT 6.1; WOW64) AppleWebKit/537.36 (KHTML, like Gecko) Chrome/35.0.1916.153 Safari/537.36"
12.190.192.66 - - [20/Jun/2014:15:58:28 -0400] "GET /scripts/ic_globals_published.js HTTP/1.1" 200 566 "http://www.craigfarms.com/" "Mozilla/4.0 (compatible; MSIE 8.0; Windows NT 5.1; Trident/4.0; .NET CLR 1.1.4322; MS-RTC LM 8; .NET CLR 2.0.50727; .NET CLR 3.0.4506.2152; .NET CLR 3.5.30729; InfoPath.3)"
12.190.192.66 - - [20/Jun/2014:15:58:29 -0400] "GET /Frame-1-hometop.htm HTTP/1.1" 200 1389 "http://www.craigfarms.com/" "Mozilla/4.0 (compatible; MSIE 8.0; Windows NT 5.1; Trident/4.0; .NET CLR 1.1.4322; MS-RTC LM 8; .NET CLR 2.0.50727; .NET CLR 3.0.4506.2152; .NET CLR 3.5.30729; InfoPath.3)"
12.190.192.66 - - [20/Jun/2014:15:58:29 -0400] "GET /23/images/spacer.gif HTTP/1.1" 200 43 "http://www.craigfarms.com/Frame-1-hometop.htm" "Mozilla/4.0 (compatible; MSIE 8.0; Windows NT 5.1; Trident/4.0; .NET CLR 1.1.4322; MS-RTC LM 8; .NET CLR 2.0.50727; .NET CLR 3.0.4506.2152; .NET CLR 3.5.30729; InfoPath.3)"
12.190.192.66 - - [20/Jun/2014:15:58:29 -0400] "GET /23/images/top-06.gif HTTP/1.1" 200 135 "http://www.craigfarms.com/Frame-1-hometop.htm" "Mozilla/4.0 (compatible; MSIE 8.0; Windows NT 5.1; Trident/4.0; .NET CLR 1.1.4322; MS-RTC LM 8; .NET CLR 2.0.50727; .NET CLR 3.0.4506.2152; .NET CLR 3.5.30729; InfoPath.3)"
12.190.192.66 - - [20/Jun/2014:15:58:29 -0400] "GET /23/images/left-05_over.gif HTTP/1.1" 200 711 "http://www.craigfarms.com/Frame-1-homeleft.htm" "Mozilla/4.0 (compatible; MSIE 8.0; Windows NT 5.1; Trident/4.0; .NET CLR 1.1.4322; MS-RTC LM 8; .NET CLR 2.0.50727; .NET CLR 3.0.4506.2152; .NET CLR 3.5.30729; InfoPath.3)"
12.190.192.66 - - [20/Jun/2014:15:58:29 -0400] "GET /23/images/left-04.gif HTTP/1.1" 200 475 "http://www.craigfarms.com/Frame-1-homeleft.htm" "Mozilla/4.0 (compatible; MSIE 8.0; Windows NT 5.1; Trident/4.0; .NET CLR 1.1.4322; MS-RTC LM 8; .NET CLR 2.0.50727; .NET CLR 3.0.4506.2152; .NET CLR 3.5.30729; InfoPath.3)"
12.190.192.66 - - [20/Jun/2014:15:58:29 -0400] "GET /23/images/left-07.gif HTTP/1.1" 200 319 "http://www.craigfarms.com/Frame-1-homeleft.htm" "Mozilla/4.0 (compatible; MSIE 8.0; Windows NT 5.1; Trident/4.0; .NET CLR 1.1.4322; MS-RTC LM 8; .NET CLR 2.0.50727; .NET CLR 3.0.4506.2152; .NET CLR 3.5.30729; InfoPath.3)"
134.249.76.109 - - [20/Jun/2014:18:52:31 -0400] "GET /mulesforsale.html HTTP/1.1" 200 1548 "http://credonyl.biz/" "Mozilla/4.0 (compatible; MSIE 6.0; Windows NT 5.1; SV1; FunWebProducts; .NET CLR 1.1.4322; PeoplePal 6.2)"
98.227.17.199 - - [20/Jun/2014:20:05:57 -0400] "GET /Frame-3-moremulespage3.html?refresh=1401820178431 HTTP/1.1" 200 8299 "http://www.craigfarms.com/moremules.html" "Mozilla/5.0 (iPad; CPU OS 6_1_3 like Mac OS X) AppleWebKit/536.26 (KHTML, like Gecko) Version/6.0 Mobile/10B329 Safari/8536.25"
98.227.17.199 - - [20/Jun/2014:20:05:57 -0400] "GET /images/250_Red_White_Face_N.O.3.jpg HTTP/1.1" 200 10477 "http://www.craigfarms.com/Frame-3-moremulespage3.html?refresh=1401820178431" "Mozilla/5.0 (iPad; CPU OS 6_1_3 like Mac OS X) AppleWebKit/536.26 (KHTML, like Gecko) Version/6.0 Mobile/10B329 Safari/8536.25"
98.227.17.199 - - [20/Jun/2014:20:06:43 -0400] "GET /Frame-7-manurespreaderspage7.html?refresh=1401820178467 HTTP/1.1" 200 5406 "http://www.craigfarms.com/manurespreaders.html" "Mozilla/5.0 (iPad; CPU OS 6_1_3 like Mac OS X) AppleWebKit/536.26 (KHTML, like Gecko) Version/6.0 Mobile/10B329 Safari/8536.25"
98.227.17.199 - - [20/Jun/2014:20:06:43 -0400] "GET /consoles/11/images/cn_right_back.gif HTTP/1.1" 200 958 "http://www.craigfarms.com/Frame-7-manurespreaderspage7.html?refresh=1401820178467" "Mozilla/5.0 (iPad; CPU OS 6_1_3 like Mac OS X) AppleWebKit/536.26 (KHTML, like Gecko) Version/6.0 Mobile/10B329 Safari/8536.25"
173.218.94.205 - - [20/Jun/2014:20:25:17 -0400] "GET /Frame-2-mulesforsaleleft.htm HTTP/1.1" 200 3957 "http://www.craigfarms.com/mulesforsale.html" "Mozilla/5.0 (iPhone; CPU iPhone OS 7_1_1 like Mac OS X) AppleWebKit/537.51.2 (KHTML, like Gecko) Version/7.0 Mobile/11D201 Safari/9537.53"
173.218.94.205 - - [20/Jun/2014:20:25:17 -0400] "GET /images/250_Big_N.O._2.jpg HTTP/1.1" 200 10050 "http://www.craigfarms.com/Frame-2-mulesforsalepage2.html?refresh=1401820178383" "Mozilla/5.0 (iPhone; CPU iPhone OS 7_1_1 like Mac OS X) AppleWebKit/537.51.2 (KHTML, like Gecko) Version/7.0 Mobile/11D201 Safari/9537.53"
184.9.194.233 - - [20/Jun/2014:22:25:14 -0400] "GET / HTTP/1.1" 200 1524 "http://www.google.com/url?sa=t&rct=j&q=&esrc=s&source=web&cd=1&ved=0CEQQFjAA&url=http%3A%2F%2Fwww.craigfarms.com%2F&ei=9eykU9ahHcOMyAT72ILQBQ&usg=AFQjCNEANj9-LAUPBUPev4TClAVJbrbOZw&sig2=mo2osEeeTz0oOE8uGXBSWw&bvm=bv.69411363,d.aWw" "Mozilla/5.0 (Windows NT 6.1; WOW64; Trident/7.0; rv:11.0) like Gecko"
184.9.194.233 - - [20/Jun/2014:22:25:14 -0400] "GET /23/scripts/master.css HTTP/1.1" 200 1951 "http://www.craigfarms.com/" "Mozilla/5.0 (Windows NT 6.1; WOW64; Trident/7.0; rv:11.0) like Gecko"
184.9.194.233 - - [20/Jun/2014:22:25:15 -0400] "GET /scripts/ic_globals_published.js HTTP/1.1" 200 566 "http://www.craigfarms.com/" "Mozilla/5.0 (Windows NT 6.1; WOW64; Trident/7.0; rv:11.0) like Gecko"
184.9.194.233 - - [20/Jun/2014:22:25:16 -0400] "GET /23/images/spacer.gif HTTP/1.1" 200 43 "http://www.craigfarms.com/Frame-1-hometop.htm" "Mozilla/5.0 (Windows NT 6.1; WOW64; Trident/7.0; rv:11.0) like Gecko"
184.9.194.233 - - [20/Jun/2014:22:25:16 -0400] "GET /23/images/company.jpg HTTP/1.1" 200 5899 "http://www.craigfarms.com/Frame-1-hometop.htm" "Mozilla/5.0 (Windows NT 6.1; WOW64; Trident/7.0; rv:11.0) like Gecko"
184.9.194.233 - - [20/Jun/2014:22:25:17 -0400] "GET /images/100_facebook.jpg HTTP/1.1" 200 1592 "http://www.craigfarms.com/Frame-1-homepage1.html?refresh=1401820178324" "Mozilla/5.0 (Windows NT 6.1; WOW64; Trident/7.0; rv:11.0) like Gecko"
184.9.194.233 - - [20/Jun/2014:22:25:17 -0400] "GET /23/images/left-05.gif HTTP/1.1" 200 638 "http://www.craigfarms.com/Frame-1-homeleft.htm" "Mozilla/5.0 (Windows NT 6.1; WOW64; Trident/7.0; rv:11.0) like Gecko"
46.119.115.144 - - [20/Jun/2014:10:03:59 -0400] "GET / HTTP/1.1" 200 1524 "http://vrotike.ru/" "Mozilla/4.0 (compatible; MSIE 5.5; Windows 95)"
130.211.136.169 - - [20/Jun/2014:11:17:16 -0400] "GET / HTTP/1.0" 200 1524 "-" "NerdyBot"
99.195.171.121 - - [20/Jun/2014:11:45:28 -0400] "GET /scripts/photoalbum.js HTTP/1.1" 200 62481 "http://www.craigfarms.com/" "Mozilla/5.0 (compatible; MSIE 10.0; Windows NT 6.2; WOW64; Trident/6.0; MDDCJS)"
99.195.171.121 - - [20/Jun/2014:11:45:30 -0400] "GET /Frame-1-homeleft.htm HTTP/1.1" 200 3957 "http://www.craigfarms.com/" "Mozilla/5.0 (compatible; MSIE 10.0; Windows NT 6.2; WOW64; Trident/6.0; MDDCJS)"
99.195.171.121 - - [20/Jun/2014:11:45:30 -0400] "GET /images/100_facebook.jpg HTTP/1.1" 200 1592 "http://www.craigfarms.com/Frame-1-homepage1.html?refresh=1401820178324" "Mozilla/5.0 (compatible; MSIE 10.0; Windows NT 6.2; WOW64; Trident/6.0; MDDCJS)"
99.195.171.121 - - [20/Jun/2014:11:45:30 -0400] "GET /23/images/left-04_over.gif HTTP/1.1" 200 563 "http://www.craigfarms.com/Frame-1-homeleft.htm" "Mozilla/5.0 (compatible; MSIE 10.0; Windows NT 6.2; WOW64; Trident/6.0; MDDCJS)"
99.195.171.121 - - [20/Jun/2014:11:45:30 -0400] "GET /23/images/left-03.gif HTTP/1.1" 200 540 "http://www.craigfarms.com/Frame-1-homeleft.htm" "Mozilla/5.0 (compatible; MSIE 10.0; Windows NT 6.2; WOW64; Trident/6.0; MDDCJS)"
70.195.0.43 - - [20/Jun/2014:00:22:03 -0400] "GET /images/225_Ada_Mule.4.jpg HTTP/1.1" 200 8678 "http://www.craigfarms.com/Frame-2-mulesforsalepage2.html?refresh=1401820178383" "Mozilla/5.0 (Windows NT 5.1; rv:30.0) Gecko/20100101 Firefox/30.0"
198.27.82.147 - - [20/Jun/2014:01:28:20 -0400] "GET /Frame-2-mulesforsalepage2.html?refresh=1359488955492 HTTP/1.0" 200 6075 "-" "Mozilla/5.0 (compatible; MJ12bot/v1.4.5; http://www.majestic12.co.uk/bot.php?+)"
157.55.39.143 - - [20/Jun/2014:06:54:27 -0400] "GET /Frame-3-moremulesleft.htm HTTP/1.1" 200 3957 "-" "Mozilla/5.0 (compatible; bingbot/2.0; +http://www.bing.com/bingbot.htm)"
76.122.16.134 - - [20/Jun/2014:16:02:54 -0400] "GET /23/scripts/icwebsiteelement.css HTTP/1.1" 200 8132 "http://www.craigfarms.com/" "Mozilla/5.0 (compatible; MSIE 10.0; Windows NT 6.2; Win64; x64; Trident/6.0; yie10)"
76.122.16.134 - - [20/Jun/2014:16:02:54 -0400] "GET /Frame-1-homepage1.html?refresh=1401820178324 HTTP/1.1" 200 5114 "http://www.craigfarms.com/" "Mozilla/5.0 (compatible; MSIE 10.0; Windows NT 6.2; Win64; x64; Trident/6.0; yie10)"
76.122.16.134 - - [20/Jun/2014:16:02:54 -0400] "GET /23/images/bg_top.jpg HTTP/1.1" 200 793 "http://www.craigfarms.com/Frame-1-hometop.htm" "Mozilla/5.0 (compatible; MSIE 10.0; Windows NT 6.2; Win64; x64; Trident/6.0; yie10)"
108.68.136.81 - - [20/Jun/2014:16:55:49 -0400] "GET /23/images/1/motif01.jpg HTTP/1.1" 200 6534 "http://www.craigfarms.com/Frame-1-hometop.htm" "Mozilla/5.0 (Macintosh; Intel Mac OS X 10.7; rv:30.0) Gecko/20100101 Firefox/30.0"
108.68.136.81 - - [20/Jun/2014:16:55:49 -0400] "GET /23/images/left-05.gif HTTP/1.1" 200 638 "http://www.craigfarms.com/Frame-1-homeleft.htm" "Mozilla/5.0 (Macintosh; Intel Mac OS X 10.7; rv:30.0) Gecko/20100101 Firefox/30.0"
108.68.136.81 - - [20/Jun/2014:16:55:49 -0400] "GET /23/images/left-02_over.gif HTTP/1.1" 200 373 "http://www.craigfarms.com/Frame-1-homeleft.htm" "Mozilla/5.0 (Macintosh; Intel Mac OS X 10.7; rv:30.0) Gecko/20100101 Firefox/30.0"
108.68.136.81 - - [20/Jun/2014:16:55:49 -0400] "GET /images/100_facebook.jpg HTTP/1.1" 200 1592 "http://www.craigfarms.com/Frame-1-homepage1.html?refresh=1401820178324" "Mozilla/5.0 (Macintosh; Intel Mac OS X 10.7; rv:30.0) Gecko/20100101 Firefox/30.0"
207.46.13.81 - - [20/Jun/2014:17:07:02 -0400] "GET /Frame-1-homeleft.htm HTTP/1.1" 200 3957 "-" "Mozilla/5.0 (compatible; bingbot/2.0; +http://www.bing.com/bingbot.htm)"
23.122.28.144 - - [20/Jun/2014:20:27:20 -0400] "GET /scripts/ic_globals_published.js HTTP/1.1" 200 566 "http://www.craigfarms.com/" "Mozilla/5.0 (Windows NT 6.1; WOW64; Trident/7.0; rv:11.0) like Gecko"
23.122.28.144 - - [20/Jun/2014:20:27:21 -0400] "GET /23/images/spacer.gif HTTP/1.1" 200 43 "http://www.craigfarms.com/Frame-1-hometop.htm" "Mozilla/5.0 (Windows NT 6.1; WOW64; Trident/7.0; rv:11.0) like Gecko"
23.122.28.144 - - [20/Jun/2014:20:27:21 -0400] "GET /23/images/left-02_over.gif HTTP/1.1" 200 373 "http://www.craigfarms.com/Frame-1-homeleft.htm" "Mozilla/5.0 (Windows NT 6.1; WOW64; Trident/7.0; rv:11.0) like Gecko"
23.122.28.144 - - [20/Jun/2014:20:27:22 -0400] "GET /23/images/left-07_over.gif HTTP/1.1" 200 416 "http://www.craigfarms.com/Frame-1-homeleft.htm" "Mozilla/5.0 (Windows NT 6.1; WOW64; Trident/7.0; rv:11.0) like Gecko"
23.122.28.144 - - [20/Jun/2014:20:27:22 -0400] "GET /23/images/left-03.gif HTTP/1.1" 200 540 "http://www.craigfarms.com/Frame-1-homeleft.htm" "Mozilla/5.0 (Windows NT 6.1; WOW64; Trident/7.0; rv:11.0) like Gecko"
23.122.28.144 - - [20/Jun/2014:20:27:22 -0400] "GET /images/100_facebook.jpg HTTP/1.1" 200 1592 "http://www.craigfarms.com/Frame-1-homepage1.html?refresh=1401820178324" "Mozilla/5.0 (Windows NT 6.1; WOW64; Trident/7.0; rv:11.0) like Gecko"
184.60.227.14 - - [20/Jun/2014:21:37:10 -0400] "GET /moremules.html HTTP/1.1" 200 1539 "-" "Mozilla/5.0 (iPhone; CPU iPhone OS 7_0_4 like Mac OS X) AppleWebKit/537.51.1 (KHTML, like Gecko) Version/7.0 Mobile/11B554a Safari/9537.53"
184.60.227.14 - - [20/Jun/2014:21:37:10 -0400] "GET /23/scripts/master.css HTTP/1.1" 200 1951 "http://www.craigfarms.com/moremules.html" "Mozilla/5.0 (iPhone; CPU iPhone OS 7_0_4 like Mac OS X) AppleWebKit/537.51.1 (KHTML, like Gecko) Version/7.0 Mobile/11B554a Safari/9537.53"
184.60.227.14 - - [20/Jun/2014:21:37:11 -0400] "GET /scripts/user.js HTTP/1.1" 200 23762 "http://www.craigfarms.com/moremules.html" "Mozilla/5.0 (iPhone; CPU iPhone OS 7_0_4 like Mac OS X) AppleWebKit/537.51.1 (KHTML, like Gecko) Version/7.0 Mobile/11B554a Safari/9537.53"
184.60.227.14 - - [20/Jun/2014:21:37:12 -0400] "GET /Frame-3-moremulestop.htm HTTP/1.1" 200 1385 "http://www.craigfarms.com/moremules.html" "Mozilla/5.0 (iPhone; CPU iPhone OS 7_0_4 like Mac OS X) AppleWebKit/537.51.1 (KHTML, like Gecko) Version/7.0 Mobile/11B554a Safari/9537.53"
184.60.227.14 - - [20/Jun/2014:21:37:12 -0400] "GET /23/images/bg_top.jpg HTTP/1.1" 200 793 "http://www.craigfarms.com/Frame-3-moremulestop.htm" "Mozilla/5.0 (iPhone; CPU iPhone OS 7_0_4 like Mac OS X) AppleWebKit/537.51.1 (KHTML, like Gecko) Version/7.0 Mobile/11B554a Safari/9537.53"
184.60.227.14 - - [20/Jun/2014:21:37:12 -0400] "GET /23/images/motif02.jpg HTTP/1.1" 200 1836 "http://www.craigfarms.com/Frame-3-moremulestop.htm" "Mozilla/5.0 (iPhone; CPU iPhone OS 7_0_4 like Mac OS X) AppleWebKit/537.51.1 (KHTML, like Gecko) Version/7.0 Mobile/11B554a Safari/9537.53"
184.60.227.14 - - [20/Jun/2014:21:37:12 -0400] "GET /images/193_Light_Bay_N.O._4.jpg HTTP/1.1" 200 6121 "http://www.craigfarms.com/Frame-3-moremulespage3.html?refresh=1401820178431" "Mozilla/5.0 (iPhone; CPU iPhone OS 7_0_4 like Mac OS X) AppleWebKit/537.51.1 (KHTML, like Gecko) Version/7.0 Mobile/11B554a Safari/9537.53"
184.60.227.14 - - [20/Jun/2014:21:37:12 -0400] "GET /images/250_White_H_Mule_N.O._2.jpg HTTP/1.1" 200 8374 "http://www.craigfarms.com/Frame-3-moremulespage3.html?refresh=1401820178431" "Mozilla/5.0 (iPhone; CPU iPhone OS 7_0_4 like Mac OS X) AppleWebKit/537.51.1 (KHTML, like Gecko) Version/7.0 Mobile/11B554a Safari/9537.53"
184.60.227.14 - - [20/Jun/2014:21:37:12 -0400] "GET /images/250_Red_White_Face_N.O.3.jpg HTTP/1.1" 200 10477 "http://www.craigfarms.com/Frame-3-moremulespage3.html?refresh=1401820178431" "Mozilla/5.0 (iPhone; CPU iPhone OS 7_0_4 like Mac OS X) AppleWebKit/537.51.1 (KHTML, like Gecko) Version/7.0 Mobile/11B554a Safari/9537.53"
184.60.227.14 - - [20/Jun/2014:21:37:13 -0400] "GET /23/images/left-05_over.gif HTTP/1.1" 200 711 "http://www.craigfarms.com/Frame-3-moremulesleft.htm" "Mozilla/5.0 (iPhone; CPU iPhone OS 7_0_4 like Mac OS X) AppleWebKit/537.51.1 (KHTML, like Gecko) Version/7.0 Mobile/11B554a Safari/9537.53"
184.60.227.14 - - [20/Jun/2014:21:37:13 -0400] "GET /23/images/left-06_over.gif HTTP/1.1" 200 535 "http://www.craigfarms.com/Frame-3-moremulesleft.htm" "Mozilla/5.0 (iPhone; CPU iPhone OS 7_0_4 like Mac OS X) AppleWebKit/537.51.1 (KHTML, like Gecko) Version/7.0 Mobile/11B554a Safari/9537.53"
184.60.227.14 - - [20/Jun/2014:21:37:13 -0400] "GET /23/images/left-07_over.gif HTTP/1.1" 200 416 "http://www.craigfarms.com/Frame-3-moremulesleft.htm" "Mozilla/5.0 (iPhone; CPU iPhone OS 7_0_4 like Mac OS X) AppleWebKit/537.51.1 (KHTML, like Gecko) Version/7.0 Mobile/11B554a Safari/9537.53"
184.60.227.14 - - [20/Jun/2014:21:37:13 -0400] "GET /23/images/left-01.gif HTTP/1.1" 200 87 "http://www.craigfarms.com/Frame-3-moremulesleft.htm" "Mozilla/5.0 (iPhone; CPU iPhone OS 7_0_4 like Mac OS X) AppleWebKit/537.51.1 (KHTML, like Gecko) Version/7.0 Mobile/11B554a Safari/9537.53"
184.9.194.233 - - [20/Jun/2014:22:25:16 -0400] "GET /23/images/bg_top.jpg HTTP/1.1" 200 793 "http://www.craigfarms.com/Frame-1-hometop.htm" "Mozilla/5.0 (Windows NT 6.1; WOW64; Trident/7.0; rv:11.0) like Gecko"
184.9.194.233 - - [20/Jun/2014:22:25:16 -0400] "GET /23/images/left-06_over.gif HTTP/1.1" 200 535 "http://www.craigfarms.com/Frame-1-homeleft.htm" "Mozilla/5.0 (Windows NT 6.1; WOW64; Trident/7.0; rv:11.0) like Gecko"
184.9.194.233 - - [20/Jun/2014:22:25:17 -0400] "GET /23/images/bg_left.jpg HTTP/1.1" 200 952 "http://www.craigfarms.com/Frame-1-homeleft.htm" "Mozilla/5.0 (Windows NT 6.1; WOW64; Trident/7.0; rv:11.0) like Gecko"
184.9.194.233 - - [20/Jun/2014:22:25:17 -0400] "GET /23/images/left-07.gif HTTP/1.1" 200 319 "http://www.craigfarms.com/Frame-1-homeleft.htm" "Mozilla/5.0 (Windows NT 6.1; WOW64; Trident/7.0; rv:11.0) like Gecko"
184.9.194.233 - - [20/Jun/2014:22:25:23 -0400] "GET /Frame-2-mulesforsaleleft.htm HTTP/1.1" 200 3957 "http://www.craigfarms.com/mulesforsale.html" "Mozilla/5.0 (Windows NT 6.1; WOW64; Trident/7.0; rv:11.0) like Gecko"
184.9.194.233 - - [20/Jun/2014:22:25:23 -0400] "GET /23/images/motif01.jpg HTTP/1.1" 200 6534 "http://www.craigfarms.com/Frame-2-mulesforsaletop.htm" "Mozilla/5.0 (Windows NT 6.1; WOW64; Trident/7.0; rv:11.0) like Gecko"
184.9.194.233 - - [20/Jun/2014:22:25:23 -0400] "GET /images/250_Big_N.O._2.jpg HTTP/1.1" 200 10050 "http://www.craigfarms.com/Frame-2-mulesforsalepage2.html?refresh=1401820178383" "Mozilla/5.0 (Windows NT 6.1; WOW64; Trident/7.0; rv:11.0) like Gecko"
180.76.6.57 - - [20/Jun/2014:07:22:18 -0400] "GET /Frame-1-homeleft.htm HTTP/1.1" 200 3957 "-" "Mozilla/5.0 (compatible; Baiduspider/2.0; +http://www.baidu.com/search/spider.html)"
24.114.107.228 - - [20/Jun/2014:09:31:35 -0400] "GET /23/images/1/motif02.jpg HTTP/1.1" 200 1836 "http://www.craigfarms.com/Frame-1-hometop.htm" "Mozilla/5.0 (iPad; CPU OS 5_1_1 like Mac OS X) AppleWebKit/534.46 (KHTML, like Gecko) Version/5.1 Mobile/9B206 Safari/7534.48.3"
24.114.107.228 - - [20/Jun/2014:09:31:36 -0400] "GET /23/images/left-05.gif HTTP/1.1" 200 638 "http://www.craigfarms.com/Frame-1-homeleft.htm" "Mozilla/5.0 (iPad; CPU OS 5_1_1 like Mac OS X) AppleWebKit/534.46 (KHTML, like Gecko) Version/5.1 Mobile/9B206 Safari/7534.48.3"
72.213.129.19 - - [20/Jun/2014:11:23:47 -0400] "GET /moremules.html HTTP/1.1" 200 1539 "http://www.craigfarms.com/Frame-2-mulesforsaleleft.htm" "Mozilla/5.0 (Windows NT 6.1) AppleWebKit/537.36 (KHTML, like Gecko) Chrome/35.0.1916.153 Safari/537.36"
72.213.129.19 - - [20/Jun/2014:11:23:47 -0400] "GET /Frame-3-moremulestop.htm HTTP/1.1" 200 1385 "http://www.craigfarms.com/moremules.html" "Mozilla/5.0 (Windows NT 6.1) AppleWebKit/537.36 (KHTML, like Gecko) Chrome/35.0.1916.153 Safari/537.36"
72.213.129.19 - - [20/Jun/2014:11:23:47 -0400] "GET /images/193_Dark_Bay_N.O_2.jpg HTTP/1.1" 200 5284 "http://www.craigfarms.com/Frame-3-moremulespage3.html?refresh=1401820178431" "Mozilla/5.0 (Windows NT 6.1) AppleWebKit/537.36 (KHTML, like Gecko) Chrome/35.0.1916.153 Safari/537.36"
72.213.129.19 - - [20/Jun/2014:11:23:47 -0400] "GET /images/193_NO_Sorrell.1.jpg HTTP/1.1" 200 6795 "http://www.craigfarms.com/Frame-3-moremulespage3.html?refresh=1401820178431" "Mozilla/5.0 (Windows NT 6.1) AppleWebKit/537.36 (KHTML, like Gecko) Chrome/35.0.1916.153 Safari/537.36"
72.213.129.19 - - [20/Jun/2014:11:23:47 -0400] "GET /images/250_Red_White_Face_N.O.3.jpg HTTP/1.1" 200 10477 "http://www.craigfarms.com/Frame-3-moremulespage3.html?refresh=1401820178431" "Mozilla/5.0 (Windows NT 6.1) AppleWebKit/537.36 (KHTML, like Gecko) Chrome/35.0.1916.153 Safari/537.36"
70.195.0.43 - - [20/Jun/2014:00:21:50 -0400] "GET / HTTP/1.1" 200 1524 "http://www.google.com/url?sa=t&rct=j&q=&esrc=s&source=web&cd=30&ved=0CFwQFjAJOBQ&url=http%3A%2F%2Fwww.craigfarms.com%2F&ei=ZrajU5r1H46Kqgbm0oGwCg&usg=AFQjCNEANj9-LAUPBUPev4TClAVJbrbOZw&sig2=NqPXOgo9Ws29bENXalrUHQ" "Mozilla/5.0 (Windows NT 5.1; rv:30.0) Gecko/20100101 Firefox/30.0"
70.195.0.43 - - [20/Jun/2014:00:21:51 -0400] "GET /23/scripts/master.css HTTP/1.1" 200 1951 "http://www.craigfarms.com/" "Mozilla/5.0 (Windows NT 5.1; rv:30.0) Gecko/20100101 Firefox/30.0"
70.195.0.43 - - [20/Jun/2014:00:21:51 -0400] "GET /scripts/photoalbum.js HTTP/1.1" 200 62481 "http://www.craigfarms.com/" "Mozilla/5.0 (Windows NT 5.1; rv:30.0) Gecko/20100101 Firefox/30.0"
70.195.0.43 - - [20/Jun/2014:00:21:51 -0400] "GET /Frame-1-hometop.htm HTTP/1.1" 200 1389 "http://www.craigfarms.com/" "Mozilla/5.0 (Windows NT 5.1; rv:30.0) Gecko/20100101 Firefox/30.0"
70.195.0.43 - - [20/Jun/2014:00:21:52 -0400] "GET /23/images/spacer.gif HTTP/1.1" 200 43 "http://www.craigfarms.com/Frame-1-hometop.htm" "Mozilla/5.0 (Windows NT 5.1; rv:30.0) Gecko/20100101 Firefox/30.0"
70.195.0.43 - - [20/Jun/2014:00:21:52 -0400] "GET /23/images/company.jpg HTTP/1.1" 200 5899 "http://www.craigfarms.com/Frame-1-hometop.htm" "Mozilla/5.0 (Windows NT 5.1; rv:30.0) Gecko/20100101 Firefox/30.0"
70.195.0.43 - - [20/Jun/2014:00:21:52 -0400] "GET /23/images/slogan.jpg HTTP/1.1" 200 4733 "http://www.craigfarms.com/Frame-1-hometop.htm" "Mozilla/5.0 (Windows NT 5.1; rv:30.0) Gecko/20100101 Firefox/30.0"
70.195.0.43 - - [20/Jun/2014:00:21:52 -0400] "GET /23/images/left-04.gif HTTP/1.1" 200 475 "http://www.craigfarms.com/Frame-1-homeleft.htm" "Mozilla/5.0 (Windows NT 5.1; rv:30.0) Gecko/20100101 Firefox/30.0"
70.195.0.43 - - [20/Jun/2014:00:21:52 -0400] "GET /images/100_facebook.jpg HTTP/1.1" 200 1592 "http://www.craigfarms.com/Frame-1-homepage1.html?refresh=1401820178324" "Mozilla/5.0 (Windows NT 5.1; rv:30.0) Gecko/20100101 Firefox/30.0"
70.195.0.43 - - [20/Jun/2014:00:21:52 -0400] "GET /23/images/bg_top.jpg HTTP/1.1" 200 793 "http://www.craigfarms.com/Frame-1-hometop.htm" "Mozilla/5.0 (Windows NT 5.1; rv:30.0) Gecko/20100101 Firefox/30.0"
70.195.0.43 - - [20/Jun/2014:00:21:52 -0400] "GET /23/images/left-04_over.gif HTTP/1.1" 200 563 "http://www.craigfarms.com/Frame-1-homeleft.htm" "Mozilla/5.0 (Windows NT 5.1; rv:30.0) Gecko/20100101 Firefox/30.0"
70.195.0.43 - - [20/Jun/2014:00:21:52 -0400] "GET /23/images/left-06_over.gif HTTP/1.1" 200 535 "http://www.craigfarms.com/Frame-1-homeleft.htm" "Mozilla/5.0 (Windows NT 5.1; rv:30.0) Gecko/20100101 Firefox/30.0"
70.195.0.43 - - [20/Jun/2014:00:21:52 -0400] "GET /favicon.ico HTTP/1.1" 404 575 "-" "Mozilla/5.0 (Windows NT 5.1; rv:30.0) Gecko/20100101 Firefox/30.0"
70.195.0.43 - - [20/Jun/2014:00:21:53 -0400] "GET /favicon.ico HTTP/1.1" 404 575 "-" "Mozilla/5.0 (Windows NT 5.1; rv:30.0) Gecko/20100101 Firefox/30.0"
70.195.0.43 - - [20/Jun/2014:00:22:02 -0400] "GET /Frame-2-mulesforsaleleft.htm HTTP/1.1" 200 3957 "http://www.craigfarms.com/mulesforsale.html" "Mozilla/5.0 (Windows NT 5.1; rv:30.0) Gecko/20100101 Firefox/30.0"
70.195.0.43 - - [20/Jun/2014:00:22:02 -0400] "GET /23/images/motif01.jpg HTTP/1.1" 200 6534 "http://www.craigfarms.com/Frame-2-mulesforsaletop.htm" "Mozilla/5.0 (Windows NT 5.1; rv:30.0) Gecko/20100101 Firefox/30.0"
70.195.0.43 - - [20/Jun/2014:00:22:03 -0400] "GET /images/350_Lighter_Team.3.jpg HTTP/1.1" 200 13892 "http://www.craigfarms.com/Frame-2-mulesforsalepage2.html?refresh=1401820178383" "Mozilla/5.0 (Windows NT 5.1; rv:30.0) Gecko/20100101 Firefox/30.0"
92.249.127.111 - - [20/Jun/2014:01:48:42 -0400] "GET / HTTP/1.1" 200 1524 "http://www.artparquet.ru/" "Mozilla/4.0 (compatible; MSIE 6.0; Windows NT 5.1; SV1; InfoPath.1"
207.46.13.130 - - [20/Jun/2014:05:34:10 -0400] "GET /Frame-2-mulesforsalepage2.html?refresh=1385061206759 HTTP/1.1" 200 6075 "-" "Mozilla/5.0 (compatible; bingbot/2.0; +http://www.bing.com/bingbot.htm)"
107.220.2.51 - - [20/Jun/2014:17:30:32 -0400] "GET /scripts/photoalbum.js HTTP/1.1" 200 62481 "http://www.craigfarms.com/mulesforsale.html" "Mozilla/5.0 (Windows NT 6.2; WOW64) AppleWebKit/537.36 (KHTML, like Gecko) Chrome/29.0.1547.76 Safari/537.36"
107.220.2.51 - - [20/Jun/2014:17:30:34 -0400] "GET /Frame-2-mulesforsaletop.htm HTTP/1.1" 200 1385 "http://www.craigfarms.com/mulesforsale.html" "Mozilla/5.0 (Windows NT 6.2; WOW64) AppleWebKit/537.36 (KHTML, like Gecko) Chrome/29.0.1547.76 Safari/537.36"
107.220.2.51 - - [20/Jun/2014:17:30:42 -0400] "GET /23/images/left-04_over.gif HTTP/1.1" 200 563 "http://www.craigfarms.com/Frame-2-mulesforsaleleft.htm" "Mozilla/5.0 (Windows NT 6.2; WOW64) AppleWebKit/537.36 (KHTML, like Gecko) Chrome/29.0.1547.76 Safari/537.36"
107.220.2.51 - - [20/Jun/2014:17:30:43 -0400] "GET /23/images/left-01.gif HTTP/1.1" 200 87 "http://www.craigfarms.com/Frame-2-mulesforsaleleft.htm" "Mozilla/5.0 (Windows NT 6.2; WOW64) AppleWebKit/537.36 (KHTML, like Gecko) Chrome/29.0.1547.76 Safari/537.36"
107.220.2.51 - - [20/Jun/2014:17:30:44 -0400] "GET /23/images/left-06.gif HTTP/1.1" 200 457 "http://www.craigfarms.com/Frame-2-mulesforsaleleft.htm" "Mozilla/5.0 (Windows NT 6.2; WOW64) AppleWebKit/537.36 (KHTML, like Gecko) Chrome/29.0.1547.76 Safari/537.36"
107.220.2.51 - - [20/Jun/2014:17:30:44 -0400] "GET /23/images/company.jpg HTTP/1.1" 200 5899 "http://www.craigfarms.com/Frame-2-mulesforsaletop.htm" "Mozilla/5.0 (Windows NT 6.2; WOW64) AppleWebKit/537.36 (KHTML, like Gecko) Chrome/29.0.1547.76 Safari/537.36"
107.220.2.51 - - [20/Jun/2014:17:30:44 -0400] "GET /images/350_Jim_Murray.7.jpg HTTP/1.1" 200 16349 "http://www.craigfarms.com/Frame-2-mulesforsalepage2.html?refresh=1401820178383" "Mozilla/5.0 (Windows NT 6.2; WOW64) AppleWebKit/537.36 (KHTML, like Gecko) Chrome/29.0.1547.76 Safari/537.36"
184.60.227.14 - - [20/Jun/2014:21:37:21 -0400] "GET /moremules.html HTTP/1.1" 200 1539 "-" "Mozilla/5.0 (iPhone; CPU iPhone OS 7_0_4 like Mac OS X) AppleWebKit/537.51.1 (KHTML, like Gecko) Version/7.0 Mobile/11B554a Safari/9537.53"
184.60.227.14 - - [20/Jun/2014:21:37:21 -0400] "GET /23/scripts/master.css HTTP/1.1" 200 1951 "http://www.craigfarms.com/moremules.html" "Mozilla/5.0 (iPhone; CPU iPhone OS 7_0_4 like Mac OS X) AppleWebKit/537.51.1 (KHTML, like Gecko) Version/7.0 Mobile/11B554a Safari/9537.53"
184.60.227.14 - - [20/Jun/2014:21:37:21 -0400] "GET /scripts/photoalbum.js HTTP/1.1" 200 62481 "http://www.craigfarms.com/moremules.html" "Mozilla/5.0 (iPhone; CPU iPhone OS 7_0_4 like Mac OS X) AppleWebKit/537.51.1 (KHTML, like Gecko) Version/7.0 Mobile/11B554a Safari/9537.53"
184.60.227.14 - - [20/Jun/2014:21:37:22 -0400] "GET /scripts/user.js HTTP/1.1" 200 23762 "http://www.craigfarms.com/moremules.html" "Mozilla/5.0 (iPhone; CPU iPhone OS 7_0_4 like Mac OS X) AppleWebKit/537.51.1 (KHTML, like Gecko) Version/7.0 Mobile/11B554a Safari/9537.53"
184.60.227.14 - - [20/Jun/2014:21:37:22 -0400] "GET /Frame-3-moremulestop.htm HTTP/1.1" 200 1385 "http://www.craigfarms.com/moremules.html" "Mozilla/5.0 (iPhone; CPU iPhone OS 7_0_4 like Mac OS X) AppleWebKit/537.51.1 (KHTML, like Gecko) Version/7.0 Mobile/11B554a Safari/9537.53"
184.60.227.14 - - [20/Jun/2014:21:37:23 -0400] "GET /23/images/spacer.gif HTTP/1.1" 200 43 "http://www.craigfarms.com/Frame-3-moremulestop.htm" "Mozilla/5.0 (iPhone; CPU iPhone OS 7_0_4 like Mac OS X) AppleWebKit/537.51.1 (KHTML, like Gecko) Version/7.0 Mobile/11B554a Safari/9537.53"
184.60.227.14 - - [20/Jun/2014:21:37:23 -0400] "GET /23/images/motif02.jpg HTTP/1.1" 200 1836 "http://www.craigfarms.com/Frame-3-moremulestop.htm" "Mozilla/5.0 (iPhone; CPU iPhone OS 7_0_4 like Mac OS X) AppleWebKit/537.51.1 (KHTML, like Gecko) Version/7.0 Mobile/11B554a Safari/9537.53"
184.60.227.14 - - [20/Jun/2014:21:37:23 -0400] "GET /23/images/left-02_over.gif HTTP/1.1" 200 373 "http://www.craigfarms.com/Frame-3-moremulesleft.htm" "Mozilla/5.0 (iPhone; CPU iPhone OS 7_0_4 like Mac OS X) AppleWebKit/537.51.1 (KHTML, like Gecko) Version/7.0 Mobile/11B554a Safari/9537.53"
184.60.227.14 - - [20/Jun/2014:21:37:23 -0400] "GET /23/images/left-07_over.gif HTTP/1.1" 200 416 "http://www.craigfarms.com/Frame-3-moremulesleft.htm" "Mozilla/5.0 (iPhone; CPU iPhone OS 7_0_4 like Mac OS X) AppleWebKit/537.51.1 (KHTML, like Gecko) Version/7.0 Mobile/11B554a Safari/9537.53"
184.60.227.14 - - [20/Jun/2014:21:37:23 -0400] "GET /23/images/left-05.gif HTTP/1.1" 200 638 "http://www.craigfarms.com/Frame-3-moremulesleft.htm" "Mozilla/5.0 (iPhone; CPU iPhone OS 7_0_4 like Mac OS X) AppleWebKit/537.51.1 (KHTML, like Gecko) Version/7.0 Mobile/11B554a Safari/9537.53"
184.60.227.14 - - [20/Jun/2014:21:37:23 -0400] "GET /images/193_Light_Bay_N.O._4.jpg HTTP/1.1" 200 6121 "http://www.craigfarms.com/Frame-3-moremulespage3.html?refresh=1401820178431" "Mozilla/5.0 (iPhone; CPU iPhone OS 7_0_4 like Mac OS X) AppleWebKit/537.51.1 (KHTML, like Gecko) Version/7.0 Mobile/11B554a Safari/9537.53"
184.60.227.14 - - [20/Jun/2014:21:37:23 -0400] "GET /images/200_Mahlon_Gray.4.jpg HTTP/1.1" 200 4570 "http://www.craigfarms.com/Frame-3-moremulespage3.html?refresh=1401820178431" "Mozilla/5.0 (iPhone; CPU iPhone OS 7_0_4 like Mac OS X) AppleWebKit/537.51.1 (KHTML, like Gecko) Version/7.0 Mobile/11B554a Safari/9537.53"
184.60.227.14 - - [20/Jun/2014:21:37:23 -0400] "GET /images/250_Red_White_Face_N.O.3.jpg HTTP/1.1" 200 10477 "http://www.craigfarms.com/Frame-3-moremulespage3.html?refresh=1401820178431" "Mozilla/5.0 (iPhone; CPU iPhone OS 7_0_4 like Mac OS X) AppleWebKit/537.51.1 (KHTML, like Gecko) Version/7.0 Mobile/11B554a Safari/9537.53"
184.60.227.14 - - [20/Jun/2014:21:37:23 -0400] "GET /images/250_Red_N.O.3.jpg HTTP/1.1" 200 10492 "http://www.craigfarms.com/Frame-3-moremulespage3.html?refresh=1401820178431" "Mozilla/5.0 (iPhone; CPU iPhone OS 7_0_4 like Mac OS X) AppleWebKit/537.51.1 (KHTML, like Gecko) Version/7.0 Mobile/11B554a Safari/9537.53"
184.60.227.14 - - [20/Jun/2014:21:37:23 -0400] "GET /images/200_J.K._Star.1.jpg HTTP/1.1" 200 7732 "http://www.craigfarms.com/Frame-3-moremulespage3.html?refresh=1401820178431" "Mozilla/5.0 (iPhone; CPU iPhone OS 7_0_4 like Mac OS X) AppleWebKit/537.51.1 (KHTML, like Gecko) Version/7.0 Mobile/11B554a Safari/9537.53"
198.27.82.147 - - [20/Jun/2014:01:28:26 -0400] "GET /Frame-2-mulesforsalepage2.html?refresh=1374681744111 HTTP/1.0" 200 6075 "-" "Mozilla/5.0 (compatible; MJ12bot/v1.4.5; http://www.majestic12.co.uk/bot.php?+)"
207.46.13.130 - - [20/Jun/2014:05:34:04 -0400] "GET /robots.txt HTTP/1.1" 200 25 "-" "Mozilla/5.0 (compatible; bingbot/2.0; +http://www.bing.com/bingbot.htm)"
157.55.39.227 - - [20/Jun/2014:06:54:57 -0400] "GET /scripts/ic_globals_published.js HTTP/1.1" 200 566 "-" "Mozilla/5.0 (compatible; bingbot/2.0; +http://www.bing.com/bingbot.htm)"
157.55.39.227 - - [20/Jun/2014:06:54:57 -0400] "GET /scripts/photoalbum.js HTTP/1.1" 200 62481 "-" "Mozilla/5.0 (compatible; bingbot/2.0; +http://www.bing.com/bingbot.htm)"
23.122.28.144 - - [20/Jun/2014:20:27:22 -0400] "GET /favicon.ico HTTP/1.1" 404 575 "-" "Mozilla/5.0 (Windows NT 6.1; Win64; x64; Trident/7.0; rv:11.0) like Gecko"
166.147.104.23 - - [20/Jun/2014:10:05:03 -0400] "GET /images/193_Light_Bay_N.O._4.jpg HTTP/1.1" 304 - "http://www.craigfarms.com/Frame-3-moremulespage3.html?refresh=1401820178431" "Mozilla/5.0 (iPhone; CPU iPhone OS 6_1_3 like Mac OS X) AppleWebKit/536.26 (KHTML, like Gecko) Version/6.0 Mobile/10B329 Safari/8536.25"
