0byt3m1n1
Path:
/
data
/
0
/
0
/
68
/
136
/
68136
/
meta
/
69368
/
logs
/
[
Home
]
File: x-access_log.2013-08-13
5.63.145.69 - - [13/Aug/2013:14:36:34 -0400] "HEAD / HTTP/1.1" 200 - "-" "checks.panopta.com"
5.63.145.69 - - [13/Aug/2013:02:15:51 -0400] "HEAD / HTTP/1.1" 200 - "-" "checks.panopta.com"
5.63.145.69 - - [13/Aug/2013:10:19:38 -0400] "GET / HTTP/1.1" 200 23059 "-" "checks.panopta.com"
5.63.145.69 - - [13/Aug/2013:14:06:30 -0400] "HEAD / HTTP/1.1" 200 - "-" "checks.panopta.com"
5.63.145.69 - - [13/Aug/2013:03:16:12 -0400] "HEAD / HTTP/1.1" 200 - "-" "checks.panopta.com"
5.63.145.69 - - [13/Aug/2013:05:02:19 -0400] "GET / HTTP/1.1" 200 23059 "-" "checks.panopta.com"
5.63.145.69 - - [13/Aug/2013:07:48:23 -0400] "GET / HTTP/1.1" 200 23059 "-" "checks.panopta.com"
5.63.145.69 - - [13/Aug/2013:08:18:49 -0400] "GET / HTTP/1.1" 200 23059 "-" "checks.panopta.com"
5.63.145.69 - - [13/Aug/2013:19:38:13 -0400] "HEAD / HTTP/1.1" 200 - "-" "checks.panopta.com"
5.63.145.69 - - [13/Aug/2013:09:04:12 -0400] "GET / HTTP/1.1" 200 23059 "-" "checks.panopta.com"
128.204.195.249 - - [13/Aug/2013:13:51:30 -0400] "HEAD / HTTP/1.1" 200 - "-" "checks.panopta.com"
108.59.8.70 - - [13/Aug/2013:04:57:18 -0400] "GET / HTTP/1.0" 200 23059 "-" "Mozilla/5.0 (compatible; MJ12bot/v1.4.3; http://www.majestic12.co.uk/bot.php?+)"
5.79.65.35 - - [13/Aug/2013:07:00:00 -0400] "GET / HTTP/1.0" 200 23059 "-" "-"
220.181.108.97 - - [13/Aug/2013:00:46:53 -0400] "GET /scripts/photoalbum.js HTTP/1.1" 200 62481 "http://victoriancookies.com/" "Mozilla/5.0 (X11; U; Linux x86_64; en-US; rv:1.9) Gecko Minefield/3.0"
66.249.72.163 - - [13/Aug/2013:18:22:40 -0400] "GET /images/100_P1000231.JPG HTTP/1.1" 304 - "-" "Googlebot-Image/1.0"
66.87.91.117 - - [13/Aug/2013:10:02:01 -0400] "GET /images/100_CareBears_Heartlandb.jpg HTTP/1.1" 200 2565 "http://www.disney-cookies.com/kidsebakeryusa.html" "Mozilla/5.0 (iPhone; CPU iPhone OS 6_1_3 like Mac OS X) AppleWebKit/536.26 (KHTML, like Gecko) Version/6.0 Mobile/10B329 Safari/8536.25"
66.87.91.117 - - [13/Aug/2013:10:02:01 -0400] "GET /images/100_Ratatouille_Heartlandb.jpg HTTP/1.1" 200 2791 "http://www.disney-cookies.com/kidsebakeryusa.html" "Mozilla/5.0 (iPhone; CPU iPhone OS 6_1_3 like Mac OS X) AppleWebKit/536.26 (KHTML, like Gecko) Version/6.0 Mobile/10B329 Safari/8536.25"
124.160.162.217 - - [13/Aug/2013:10:36:14 -0400] "GET /robots.txt HTTP/1.1" 200 25 "http://www.victoriancookies.com/" "Mozilla/5.0 (compatible; MSIE 8.0; Windows NT 6.1)"
79.143.190.141 - - [13/Aug/2013:11:35:35 -0400] "HEAD / HTTP/1.1" 200 - "-" "checks.panopta.com"
66.87.91.117 - - [13/Aug/2013:10:01:10 -0400] "GET /scripts/website.css HTTP/1.1" 200 1887 "http://www.disney-cookies.com/" "Mozilla/5.0 (iPhone; CPU iPhone OS 6_1_3 like Mac OS X) AppleWebKit/536.26 (KHTML, like Gecko) Version/6.0 Mobile/10B329 Safari/8536.25"
173.199.118.35 - - [13/Aug/2013:17:52:23 -0400] "GET /donatelinks.html HTTP/1.1" 200 23059 "-" "Mozilla/5.0 (compatible; AhrefsBot/4.0; +http://ahrefs.com/robot/)"
69.136.117.69 - - [13/Aug/2013:18:16:54 -0400] "GET /images/ic_052_body_bg.jpg HTTP/1.1" 206 1915 "http://www.victoriancookies.com/" "Mozilla/4.0 (compatible; MSIE 7.0; Windows NT 6.1; WOW64; Trident/6.0; SLCC2; .NET CLR 2.0.50727; .NET CLR 3.5.30729; .NET CLR 3.0.30729; Media Center PC 6.0; MDDC; .NET4.0C; FunWebProducts; AskTbBCPA/5.15.15.35882; McAfee; BRI/2; EIE10;ENUSMSN)"
69.136.117.69 - - [13/Aug/2013:18:16:54 -0400] "GET /images/265_viewmail.jpg HTTP/1.1" 206 1283 "http://www.victoriancookies.com/" "Mozilla/4.0 (compatible; MSIE 7.0; Windows NT 6.1; WOW64; Trident/6.0; SLCC2; .NET CLR 2.0.50727; .NET CLR 3.5.30729; .NET CLR 3.0.30729; Media Center PC 6.0; MDDC; .NET4.0C; FunWebProducts; AskTbBCPA/5.15.15.35882; McAfee; BRI/2; EIE10;ENUSMSN)"
5.63.145.69 - - [13/Aug/2013:23:09:30 -0400] "HEAD / HTTP/1.1" 200 - "-" "checks.panopta.com"
5.63.145.69 - - [13/Aug/2013:13:51:10 -0400] "HEAD / HTTP/1.1" 200 - "-" "checks.panopta.com"
5.63.145.69 - - [13/Aug/2013:04:31:35 -0400] "HEAD / HTTP/1.1" 200 - "-" "checks.panopta.com"
5.63.145.69 - - [13/Aug/2013:02:30:53 -0400] "HEAD / HTTP/1.1" 200 - "-" "checks.panopta.com"
173.199.118.35 - - [13/Aug/2013:18:52:35 -0400] "GET /kidsebakeryusa.html HTTP/1.1" 200 19860 "-" "Mozilla/5.0 (compatible; AhrefsBot/4.0; +http://ahrefs.com/robot/)"
69.197.16.70 - - [13/Aug/2013:19:59:45 -0400] "GET / HTTP/1.0" 200 23059 "http://disney-cookies.com" "Mozilla/5.0 (Windows; U; Windows NT 6.1; en-US; rv:1.9.1.6) Gecko/20091201 Firefox/3.5.6 ( .NET CLR 3.5.30729)"
5.63.145.69 - - [13/Aug/2013:11:20:11 -0400] "HEAD / HTTP/1.1" 200 - "-" "checks.panopta.com"
5.63.145.69 - - [13/Aug/2013:22:09:02 -0400] "HEAD / HTTP/1.1" 200 - "-" "checks.panopta.com"
123.125.71.90 - - [13/Aug/2013:23:19:25 -0400] "GET / HTTP/1.1" 200 23059 "-" "Mozilla/5.0 (compatible; Baiduspider/2.0; +http://www.baidu.com/search/spider.html)"
5.63.145.69 - - [13/Aug/2013:12:20:42 -0400] "HEAD / HTTP/1.1" 200 - "-" "checks.panopta.com"
220.181.108.182 - - [13/Aug/2013:00:49:40 -0400] "GET / HTTP/1.1" 200 23059 "-" "Mozilla/5.0 (compatible; Baiduspider/2.0; +http://www.baidu.com/search/spider.html)"
5.63.145.69 - - [13/Aug/2013:01:30:22 -0400] "HEAD / HTTP/1.1" 200 - "-" "checks.panopta.com"
5.63.145.69 - - [13/Aug/2013:14:51:53 -0400] "HEAD / HTTP/1.1" 200 - "-" "checks.panopta.com"
5.63.145.69 - - [13/Aug/2013:09:49:16 -0400] "GET / HTTP/1.1" 200 23059 "-" "checks.panopta.com"
5.63.145.69 - - [13/Aug/2013:06:32:52 -0400] "GET / HTTP/1.1" 200 23059 "-" "checks.panopta.com"
5.63.145.69 - - [13/Aug/2013:10:04:36 -0400] "GET / HTTP/1.1" 200 23059 "-" "checks.panopta.com"
66.249.74.130 - - [13/Aug/2013:21:10:28 -0400] "GET /robots.txt HTTP/1.1" 200 25 "-" "Mozilla/5.0 (compatible; Googlebot/2.1; +http://www.google.com/bot.html)"
66.249.74.130 - - [13/Aug/2013:21:10:28 -0400] "GET /images/100_CAC-generica.jpg HTTP/1.1" 304 - "-" "Googlebot-Image/1.0"
5.63.145.69 - - [13/Aug/2013:01:15:21 -0400] "HEAD / HTTP/1.1" 200 - "-" "checks.panopta.com"
123.125.71.108 - - [13/Aug/2013:00:46:43 -0400] "GET / HTTP/1.1" 200 23059 "-" "Mozilla/5.0 (compatible; Baiduspider/2.0; +http://www.baidu.com/search/spider.html)"
5.63.145.69 - - [13/Aug/2013:16:52:18 -0400] "HEAD / HTTP/1.1" 200 - "-" "checks.panopta.com"
5.63.145.69 - - [13/Aug/2013:09:34:15 -0400] "GET / HTTP/1.1" 200 23059 "-" "checks.panopta.com"
66.87.91.117 - - [13/Aug/2013:10:01:19 -0400] "GET /images/265_viewmail.jpg HTTP/1.1" 200 4203 "http://www.disney-cookies.com/" "Mozilla/5.0 (iPhone; CPU iPhone OS 6_1_3 like Mac OS X) AppleWebKit/536.26 (KHTML, like Gecko) Version/6.0 Mobile/10B329 Safari/8536.25"
66.87.91.117 - - [13/Aug/2013:10:02:01 -0400] "GET /images/100_Princess_Heartlandb.jpg HTTP/1.1" 200 2899 "http://www.disney-cookies.com/kidsebakeryusa.html" "Mozilla/5.0 (iPhone; CPU iPhone OS 6_1_3 like Mac OS X) AppleWebKit/536.26 (KHTML, like Gecko) Version/6.0 Mobile/10B329 Safari/8536.25"
66.87.91.117 - - [13/Aug/2013:10:02:01 -0400] "GET /images/100_Simpsons_Heartlandb.jpg HTTP/1.1" 200 2994 "http://www.disney-cookies.com/kidsebakeryusa.html" "Mozilla/5.0 (iPhone; CPU iPhone OS 6_1_3 like Mac OS X) AppleWebKit/536.26 (KHTML, like Gecko) Version/6.0 Mobile/10B329 Safari/8536.25"
66.87.91.117 - - [13/Aug/2013:10:02:02 -0400] "GET /images/148_HSM_Heartland.jpg HTTP/1.1" 200 5141 "http://www.disney-cookies.com/kidsebakeryusa.html" "Mozilla/5.0 (iPhone; CPU iPhone OS 6_1_3 like Mac OS X) AppleWebKit/536.26 (KHTML, like Gecko) Version/6.0 Mobile/10B329 Safari/8536.25"
202.46.56.50 - - [13/Aug/2013:20:53:01 -0400] "GET / HTTP/1.1" 200 23059 "-" "Mozilla/4.0 (compatible; MSIE 8.0; Windows NT 6.1)"
5.63.145.69 - - [13/Aug/2013:12:35:44 -0400] "HEAD / HTTP/1.1" 200 - "-" "checks.panopta.com"
5.63.145.69 - - [13/Aug/2013:23:54:39 -0400] "HEAD / HTTP/1.1" 200 - "-" "checks.panopta.com"
5.63.145.69 - - [13/Aug/2013:00:14:48 -0400] "HEAD / HTTP/1.1" 200 - "-" "checks.panopta.com"
5.63.145.69 - - [13/Aug/2013:01:45:25 -0400] "HEAD / HTTP/1.1" 200 - "-" "checks.panopta.com"
123.125.67.207 - - [13/Aug/2013:02:23:45 -0400] "GET /robots.txt HTTP/1.1" 200 25 "-" "Mozilla/5.0 (Windows NT 5.1; rv:6.0.2) Gecko/20100101 Firefox/6.0.2"
5.63.145.69 - - [13/Aug/2013:10:34:40 -0400] "GET / HTTP/1.1" 200 23059 "-" "checks.panopta.com"
5.63.145.69 - - [13/Aug/2013:16:07:14 -0400] "HEAD / HTTP/1.1" 200 - "-" "checks.panopta.com"
5.63.145.69 - - [13/Aug/2013:17:07:20 -0400] "HEAD / HTTP/1.1" 200 - "-" "checks.panopta.com"
5.63.145.69 - - [13/Aug/2013:20:23:38 -0400] "HEAD / HTTP/1.1" 200 - "-" "checks.panopta.com"
5.63.145.69 - - [13/Aug/2013:21:38:52 -0400] "HEAD / HTTP/1.1" 200 - "-" "checks.panopta.com"
5.63.145.69 - - [13/Aug/2013:14:21:33 -0400] "HEAD / HTTP/1.1" 200 - "-" "checks.panopta.com"
5.63.145.69 - - [13/Aug/2013:15:21:58 -0400] "HEAD / HTTP/1.1" 200 - "-" "checks.panopta.com"
5.63.145.69 - - [13/Aug/2013:03:01:11 -0400] "HEAD / HTTP/1.1" 200 - "-" "checks.panopta.com"
5.63.145.69 - - [13/Aug/2013:04:01:32 -0400] "HEAD / HTTP/1.1" 200 - "-" "checks.panopta.com"
207.241.237.103 - - [13/Aug/2013:05:41:25 -0400] "GET / HTTP/1.0" 200 23059 "http://atcoffeecake.com/" "Mozilla/5.0 (compatible; archive.org_bot +http://www.archive.org/details/archive.org_bot)"
5.63.145.69 - - [13/Aug/2013:21:53:53 -0400] "HEAD / HTTP/1.1" 200 - "-" "checks.panopta.com"
66.87.91.117 - - [13/Aug/2013:10:02:01 -0400] "GET /images/100_Mickey_Heartlandb.jpg HTTP/1.1" 200 3020 "http://www.disney-cookies.com/kidsebakeryusa.html" "Mozilla/5.0 (iPhone; CPU iPhone OS 6_1_3 like Mac OS X) AppleWebKit/536.26 (KHTML, like Gecko) Version/6.0 Mobile/10B329 Safari/8536.25"
66.87.91.117 - - [13/Aug/2013:10:02:01 -0400] "GET /images/100_Pooh_Heartlandb.jpg HTTP/1.1" 200 2848 "http://www.disney-cookies.com/kidsebakeryusa.html" "Mozilla/5.0 (iPhone; CPU iPhone OS 6_1_3 like Mac OS X) AppleWebKit/536.26 (KHTML, like Gecko) Version/6.0 Mobile/10B329 Safari/8536.25"
66.87.91.117 - - [13/Aug/2013:10:02:02 -0400] "GET /images/100_Hulk_Heartlandb.jpg HTTP/1.1" 200 2978 "http://www.disney-cookies.com/kidsebakeryusa.html" "Mozilla/5.0 (iPhone; CPU iPhone OS 6_1_3 like Mac OS X) AppleWebKit/536.26 (KHTML, like Gecko) Version/6.0 Mobile/10B329 Safari/8536.25"
66.87.91.117 - - [13/Aug/2013:10:03:08 -0400] "GET /images/600_Mickey_Heartlandb.jpg HTTP/1.1" 200 38603 "-" "Mozilla/5.0 (iPhone; CPU iPhone OS 6_1_3 like Mac OS X) AppleWebKit/536.26 (KHTML, like Gecko) Version/6.0 Mobile/10B329 Safari/8536.25"
220.181.89.166 - - [13/Aug/2013:16:34:52 -0400] "GET / HTTP/1.1" 304 - "-" "Sogou web spider/4.0(+http://www.sogou.com/docs/help/webmasters.htm#07)"
125.39.53.68 - - [13/Aug/2013:08:28:10 -0400] "GET /robots.txt HTTP/1.1" 200 25 "http://www.disney-cookies.com/" "Mozilla/5.0 (compatible; MSIE 8.0; Windows NT 6.1)"
66.87.91.117 - - [13/Aug/2013:10:01:39 -0400] "GET /images/384_oo.JPG HTTP/1.1" 200 27093 "http://www.disney-cookies.com/mainstrusa.html" "Mozilla/5.0 (iPhone; CPU iPhone OS 6_1_3 like Mac OS X) AppleWebKit/536.26 (KHTML, like Gecko) Version/6.0 Mobile/10B329 Safari/8536.25"
173.199.118.35 - - [13/Aug/2013:16:44:05 -0400] "GET /ucoloracookie.html HTTP/1.1" 200 39764 "-" "Mozilla/5.0 (compatible; AhrefsBot/4.0; +http://ahrefs.com/robot/)"
5.63.145.69 - - [13/Aug/2013:18:22:44 -0400] "HEAD / HTTP/1.1" 200 - "-" "checks.panopta.com"
38.100.21.68 - - [13/Aug/2013:06:46:23 -0400] "GET / HTTP/1.1" 200 23059 "-" "Mozilla/4.0 (compatible; MSIE 7.0; Windows NT 5.2)"
38.100.21.68 - - [13/Aug/2013:06:46:23 -0400] "GET /actioncalendar.html HTTP/1.1" 200 19636 "-" "Mozilla/4.0 (compatible; MSIE 7.0; Windows NT 5.2)"
38.100.21.68 - - [13/Aug/2013:06:46:23 -0400] "GET /scripts/print.css HTTP/1.1" 200 - "-" "Mozilla/4.0 (compatible; MSIE 7.0; Windows NT 5.2)"
38.100.21.68 - - [13/Aug/2013:06:46:23 -0400] "GET /victoriancookies.html HTTP/1.1" 200 20359 "-" "Mozilla/4.0 (compatible; MSIE 7.0; Windows NT 5.2)"
38.100.21.68 - - [13/Aug/2013:06:46:23 -0400] "GET /scripts/website.css HTTP/1.1" 200 1887 "-" "Mozilla/4.0 (compatible; MSIE 7.0; Windows NT 5.2)"
38.100.21.68 - - [13/Aug/2013:06:46:23 -0400] "GET /donatelinks.html HTTP/1.1" 200 23059 "-" "Mozilla/4.0 (compatible; MSIE 7.0; Windows NT 5.2)"
38.100.21.68 - - [13/Aug/2013:06:46:23 -0400] "GET /scripts/template.css HTTP/1.1" 200 7760 "-" "Mozilla/4.0 (compatible; MSIE 7.0; Windows NT 5.2)"
38.100.21.68 - - [13/Aug/2013:06:46:23 -0400] "GET /kidsebakeryusa.html HTTP/1.1" 200 19860 "-" "Mozilla/4.0 (compatible; MSIE 7.0; Windows NT 5.2)"
38.100.21.68 - - [13/Aug/2013:06:46:23 -0400] "GET /scripts/icwebsiteelement.css HTTP/1.1" 200 8132 "-" "Mozilla/4.0 (compatible; MSIE 7.0; Windows NT 5.2)"
38.100.21.68 - - [13/Aug/2013:06:46:23 -0400] "GET /scripts/9custom.css HTTP/1.1" 200 7888 "-" "Mozilla/4.0 (compatible; MSIE 7.0; Windows NT 5.2)"
38.100.21.68 - - [13/Aug/2013:06:46:24 -0400] "GET /imperialbaking.html HTTP/1.1" 200 15454 "-" "Mozilla/4.0 (compatible; MSIE 7.0; Windows NT 5.2)"
198.105.219.52 - - [13/Aug/2013:08:34:18 -0400] "GET / HTTP/1.1" 200 23059 "-" "checks.panopta.com"
173.192.235.226 - - [13/Aug/2013:10:58:46 -0400] "GET /robots.txt HTTP/1.1" 200 25 "-" "Mozilla/5.0 (compatible; SiteExplorer/1.0b; +http://siteexplorer.info/)"
173.199.118.35 - - [13/Aug/2013:18:50:29 -0400] "GET /victoriancookies.html HTTP/1.1" 200 20359 "-" "Mozilla/5.0 (compatible; AhrefsBot/4.0; +http://ahrefs.com/robot/)"
1.202.219.11 - - [13/Aug/2013:20:47:18 -0400] "GET / HTTP/1.1" 200 23059 "-" "Mozilla/5.0 (compatible; JikeSpider; +http://shoulu.jike.com/spider.html)"
5.63.145.69 - - [13/Aug/2013:22:54:14 -0400] "HEAD / HTTP/1.1" 200 - "-" "checks.panopta.com"
5.63.145.69 - - [13/Aug/2013:06:02:48 -0400] "GET / HTTP/1.1" 200 23059 "-" "checks.panopta.com"
5.63.145.69 - - [13/Aug/2013:08:49:11 -0400] "GET / HTTP/1.1" 200 23059 "-" "checks.panopta.com"
193.43.252.252 - - [13/Aug/2013:13:17:25 -0400] "GET / HTTP/1.0" 200 23059 "http://getfilesme.com/" "Mozilla/4.0 (compatible; MSIE 6.0; Windows NT 5.1; TheFreeDictionary.com; .NET CLR 1.1.4322; .NET CLR 1.0.3705; .NET CLR 2.0.50727)"
66.87.91.117 - - [13/Aug/2013:10:01:10 -0400] "GET /scripts/user.js HTTP/1.1" 200 23762 "http://www.disney-cookies.com/" "Mozilla/5.0 (iPhone; CPU iPhone OS 6_1_3 like Mac OS X) AppleWebKit/536.26 (KHTML, like Gecko) Version/6.0 Mobile/10B329 Safari/8536.25"
1.202.219.11 - - [13/Aug/2013:20:46:55 -0400] "GET /robots.txt HTTP/1.1" 200 25 "-" "Mozilla/5.0 ()"
1.202.219.11 - - [13/Aug/2013:20:46:58 -0400] "HEAD / HTTP/1.1" 200 - "-" "Mozilla/5.0 (compatible; JikeSpider; +http://shoulu.jike.com/spider.html)"
66.87.91.117 - - [13/Aug/2013:10:01:15 -0400] "GET /images/44.jpg HTTP/1.1" 200 5502 "http://www.disney-cookies.com/" "Mozilla/5.0 (iPhone; CPU iPhone OS 6_1_3 like Mac OS X) AppleWebKit/536.26 (KHTML, like Gecko) Version/6.0 Mobile/10B329 Safari/8536.25"
66.87.91.117 - - [13/Aug/2013:10:02:00 -0400] "GET /kidsebakeryusa.html HTTP/1.1" 200 19860 "http://www.disney-cookies.com/mainstrusa.html" "Mozilla/5.0 (iPhone; CPU iPhone OS 6_1_3 like Mac OS X) AppleWebKit/536.26 (KHTML, like Gecko) Version/6.0 Mobile/10B329 Safari/8536.25"
66.87.91.117 - - [13/Aug/2013:10:02:00 -0400] "GET /images/gb_gray_round_1.jpg HTTP/1.1" 200 1967 "http://www.disney-cookies.com/kidsebakeryusa.html" "Mozilla/5.0 (iPhone; CPU iPhone OS 6_1_3 like Mac OS X) AppleWebKit/536.26 (KHTML, like Gecko) Version/6.0 Mobile/10B329 Safari/8536.25"
66.87.91.117 - - [13/Aug/2013:10:02:00 -0400] "GET /images/100_IronMan_Heartlandb.jpg HTTP/1.1" 200 2923 "http://www.disney-cookies.com/kidsebakeryusa.html" "Mozilla/5.0 (iPhone; CPU iPhone OS 6_1_3 like Mac OS X) AppleWebKit/536.26 (KHTML, like Gecko) Version/6.0 Mobile/10B329 Safari/8536.25"
61.135.249.209 - - [13/Aug/2013:15:41:25 -0400] "GET / HTTP/1.1" 200 23059 "-" "Mozilla/5.0 (compatible; YoudaoBot/1.0; http://www.youdao.com/help/webmaster/spider/; )"
5.63.145.69 - - [13/Aug/2013:22:39:12 -0400] "HEAD / HTTP/1.1" 200 - "-" "checks.panopta.com"
66.249.74.130 - - [13/Aug/2013:23:26:55 -0400] "GET /robots.txt HTTP/1.1" 200 25 "-" "Mozilla/5.0 (compatible; Googlebot/2.1; +http://www.google.com/bot.html)"
65.55.52.119 - - [13/Aug/2013:16:39:57 -0400] "GET /robots.txt HTTP/1.1" 200 25 "-" "Mozilla/5.0 (compatible; bingbot/2.0; +http://www.bing.com/bingbot.htm)"
5.63.145.69 - - [13/Aug/2013:17:52:24 -0400] "HEAD / HTTP/1.1" 200 - "-" "checks.panopta.com"
128.204.195.249 - - [13/Aug/2013:14:36:54 -0400] "HEAD / HTTP/1.1" 200 - "-" "checks.panopta.com"
5.63.145.69 - - [13/Aug/2013:10:49:41 -0400] "GET / HTTP/1.1" 200 23059 "-" "checks.panopta.com"
5.63.145.69 - - [13/Aug/2013:20:38:40 -0400] "HEAD / HTTP/1.1" 200 - "-" "checks.panopta.com"
66.249.72.163 - - [13/Aug/2013:18:22:39 -0400] "GET /robots.txt HTTP/1.1" 200 25 "-" "Mozilla/5.0 (compatible; Googlebot/2.1; +http://www.google.com/bot.html)"
5.63.145.69 - - [13/Aug/2013:16:22:16 -0400] "HEAD / HTTP/1.1" 200 - "-" "checks.panopta.com"
5.63.145.69 - - [13/Aug/2013:06:47:57 -0400] "GET / HTTP/1.1" 200 23059 "-" "checks.panopta.com"
66.87.91.117 - - [13/Aug/2013:10:01:39 -0400] "GET /mainstrusa.html HTTP/1.1" 200 14699 "http://www.disney-cookies.com/" "Mozilla/5.0 (iPhone; CPU iPhone OS 6_1_3 like Mac OS X) AppleWebKit/536.26 (KHTML, like Gecko) Version/6.0 Mobile/10B329 Safari/8536.25"
66.87.91.117 - - [13/Aug/2013:10:01:39 -0400] "GET /images/478_SAVE0034.JPG HTTP/1.1" 200 13601 "http://www.disney-cookies.com/mainstrusa.html" "Mozilla/5.0 (iPhone; CPU iPhone OS 6_1_3 like Mac OS X) AppleWebKit/536.26 (KHTML, like Gecko) Version/6.0 Mobile/10B329 Safari/8536.25"
5.63.145.69 - - [13/Aug/2013:12:50:46 -0400] "HEAD / HTTP/1.1" 200 - "-" "checks.panopta.com"
5.63.145.69 - - [13/Aug/2013:22:24:04 -0400] "HEAD / HTTP/1.1" 200 - "-" "checks.panopta.com"
5.63.145.69 - - [13/Aug/2013:15:52:00 -0400] "GET / HTTP/1.1" 200 23059 "-" "checks.panopta.com"
157.55.33.182 - - [13/Aug/2013:16:16:46 -0400] "GET /robots.txt HTTP/1.1" 200 25 "-" "Mozilla/5.0 (compatible; bingbot/2.0; +http://www.bing.com/bingbot.htm)"
5.63.145.69 - - [13/Aug/2013:16:37:17 -0400] "HEAD / HTTP/1.1" 200 - "-" "checks.panopta.com"
5.63.145.69 - - [13/Aug/2013:05:17:22 -0400] "GET / HTTP/1.1" 200 23059 "-" "checks.panopta.com"
5.63.145.69 - - [13/Aug/2013:00:29:50 -0400] "HEAD / HTTP/1.1" 200 - "-" "checks.panopta.com"
213.139.60.85 - - [13/Aug/2013:02:27:19 -0400] "GET /images/100_CAC-doraa.jpg HTTP/1.1" 200 5156 "http://www.google.jo/blank.html" "Mozilla/5.0 (Windows NT 6.1; WOW64) AppleWebKit/537.36 (KHTML, like Gecko) Chrome/28.0.1500.95 Safari/537.36"
5.63.145.69 - - [13/Aug/2013:11:35:14 -0400] "HEAD / HTTP/1.1" 200 - "-" "checks.panopta.com"
199.19.74.199 - - [13/Aug/2013:19:59:48 -0400] "GET /donatelinks.html HTTP/1.0" 200 23059 "http://disney-cookies.com" "Mozilla/5.0 (X11; U; OpenBSD amd64; en-US; rv:1.9.0.1) Gecko/2008081402 Firefox/3.0.1"
173.199.118.35 - - [13/Aug/2013:08:05:05 -0400] "GET /arizonaweddingcakes.html HTTP/1.1" 200 10750 "-" "Mozilla/5.0 (compatible; AhrefsBot/4.0; +http://ahrefs.com/robot/)"
5.63.145.69 - - [13/Aug/2013:05:32:24 -0400] "GET / HTTP/1.1" 200 23059 "-" "checks.panopta.com"
5.63.145.69 - - [13/Aug/2013:02:45:55 -0400] "HEAD / HTTP/1.1" 200 - "-" "checks.panopta.com"
66.87.91.117 - - [13/Aug/2013:10:01:10 -0400] "GET /scripts/icwebsiteelement.css HTTP/1.1" 200 8132 "http://www.disney-cookies.com/" "Mozilla/5.0 (iPhone; CPU iPhone OS 6_1_3 like Mac OS X) AppleWebKit/536.26 (KHTML, like Gecko) Version/6.0 Mobile/10B329 Safari/8536.25"
5.63.145.69 - - [13/Aug/2013:20:08:38 -0400] "HEAD / HTTP/1.1" 200 - "-" "checks.panopta.com"
66.87.91.117 - - [13/Aug/2013:10:01:10 -0400] "GET / HTTP/1.1" 200 23059 "http://search.yahoo.com/mobile/s?rewrite=72&.tsrc=apple&first=1&p=disney+cookies&pintl=en&pcarrier=Sprint&pmcc=310&pmnc=000&fr=onesearch" "Mozilla/5.0 (iPhone; CPU iPhone OS 6_1_3 like Mac OS X) AppleWebKit/536.26 (KHTML, like Gecko) Version/6.0 Mobile/10B329 Safari/8536.25"
66.87.91.117 - - [13/Aug/2013:10:01:39 -0400] "GET /scripts/4custom.css HTTP/1.1" 200 4106 "http://www.disney-cookies.com/mainstrusa.html" "Mozilla/5.0 (iPhone; CPU iPhone OS 6_1_3 like Mac OS X) AppleWebKit/536.26 (KHTML, like Gecko) Version/6.0 Mobile/10B329 Safari/8536.25"
5.63.145.69 - - [13/Aug/2013:15:06:56 -0400] "HEAD / HTTP/1.1" 200 - "-" "checks.panopta.com"
173.199.118.35 - - [13/Aug/2013:13:37:17 -0400] "GET /victoriancookies.html HTTP/1.1" 200 20359 "-" "Mozilla/5.0 (compatible; AhrefsBot/4.0; +http://ahrefs.com/robot/)"
220.181.108.120 - - [13/Aug/2013:04:22:14 -0400] "GET /victoriancookies.html HTTP/1.1" 200 20359 "-" "Mozilla/5.0 (compatible; Baiduspider/2.0; +http://www.baidu.com/search/spider.html)"
109.120.137.68 - - [13/Aug/2013:21:27:17 -0400] "GET / HTTP/1.1" 200 23059 "http://asupro.com/news.xml" "Mozilla/3.0 (Windows; U; Windows NT 5.1; en-US; rv:1.452) Gecko/20041027 Mnenhy/0.6.0.104"
66.87.91.117 - - [13/Aug/2013:10:02:01 -0400] "GET /images/gb_gray_round_2.jpg HTTP/1.1" 200 1945 "http://www.disney-cookies.com/kidsebakeryusa.html" "Mozilla/5.0 (iPhone; CPU iPhone OS 6_1_3 like Mac OS X) AppleWebKit/536.26 (KHTML, like Gecko) Version/6.0 Mobile/10B329 Safari/8536.25"
66.87.91.117 - - [13/Aug/2013:10:02:01 -0400] "GET /images/100_Spiderman_Heartlandb.jpg HTTP/1.1" 200 3219 "http://www.disney-cookies.com/kidsebakeryusa.html" "Mozilla/5.0 (iPhone; CPU iPhone OS 6_1_3 like Mac OS X) AppleWebKit/536.26 (KHTML, like Gecko) Version/6.0 Mobile/10B329 Safari/8536.25"
66.87.91.117 - - [13/Aug/2013:10:02:02 -0400] "GET /images/100_Hello_Kitty_Heartlandb.jpg HTTP/1.1" 200 3187 "http://www.disney-cookies.com/kidsebakeryusa.html" "Mozilla/5.0 (iPhone; CPU iPhone OS 6_1_3 like Mac OS X) AppleWebKit/536.26 (KHTML, like Gecko) Version/6.0 Mobile/10B329 Safari/8536.25"
5.63.145.69 - - [13/Aug/2013:11:05:08 -0400] "HEAD / HTTP/1.1" 200 - "-" "checks.panopta.com"
207.172.191.39 - - [13/Aug/2013:11:47:26 -0400] "HEAD / HTTP/1.1" 200 - "-" "Mozilla/5.0 (compatible; pmoz.info ODP link checker; +http://pmoz.info/doc/botinfo.htm)"
157.55.33.182 - - [13/Aug/2013:16:19:24 -0400] "GET / HTTP/1.1" 200 23059 "-" "Mozilla/5.0 (compatible; bingbot/2.0; +http://www.bing.com/bingbot.htm)"
5.63.145.69 - - [13/Aug/2013:17:22:21 -0400] "HEAD / HTTP/1.1" 200 - "-" "checks.panopta.com"
5.63.145.69 - - [13/Aug/2013:01:00:20 -0400] "HEAD / HTTP/1.1" 200 - "-" "checks.panopta.com"
66.87.91.117 - - [13/Aug/2013:10:01:14 -0400] "GET /scripts/template.css HTTP/1.1" 200 7760 "http://www.disney-cookies.com/" "Mozilla/5.0 (iPhone; CPU iPhone OS 6_1_3 like Mac OS X) AppleWebKit/536.26 (KHTML, like Gecko) Version/6.0 Mobile/10B329 Safari/8536.25"
66.87.91.117 - - [13/Aug/2013:10:01:15 -0400] "GET /images/ic_052_body_bg.jpg HTTP/1.1" 200 21787 "http://www.disney-cookies.com/" "Mozilla/5.0 (iPhone; CPU iPhone OS 6_1_3 like Mac OS X) AppleWebKit/536.26 (KHTML, like Gecko) Version/6.0 Mobile/10B329 Safari/8536.25"
209.190.1.131 - - [13/Aug/2013:10:15:36 -0400] "GET / HTTP/1.1" 200 23059 "-" "Mozilla/5.0 (compatible; MSIE 8.0; Windows NT 5.1) KomodiaBot/1.0"
5.63.145.69 - - [13/Aug/2013:03:31:13 -0400] "HEAD / HTTP/1.1" 200 - "-" "checks.panopta.com"
5.63.145.69 - - [13/Aug/2013:03:46:14 -0400] "HEAD / HTTP/1.1" 200 - "-" "checks.panopta.com"
157.55.33.182 - - [13/Aug/2013:03:52:50 -0400] "GET /robots.txt HTTP/1.1" 200 25 "-" "Mozilla/5.0 (compatible; bingbot/2.0; +http://www.bing.com/bingbot.htm)"
5.63.145.69 - - [13/Aug/2013:00:44:51 -0400] "HEAD / HTTP/1.1" 200 - "-" "checks.panopta.com"
157.55.32.223 - - [13/Aug/2013:02:39:46 -0400] "GET /robots.txt HTTP/1.1" 200 25 "-" "Mozilla/5.0 (compatible; bingbot/2.0; +http://www.bing.com/bingbot.htm)"
5.63.145.69 - - [13/Aug/2013:19:08:10 -0400] "HEAD / HTTP/1.1" 200 - "-" "checks.panopta.com"
5.63.145.69 - - [13/Aug/2013:19:23:12 -0400] "HEAD / HTTP/1.1" 200 - "-" "checks.panopta.com"
5.63.145.69 - - [13/Aug/2013:13:06:05 -0400] "HEAD / HTTP/1.1" 200 - "-" "checks.panopta.com"
5.63.145.69 - - [13/Aug/2013:17:37:23 -0400] "HEAD / HTTP/1.1" 200 - "-" "checks.panopta.com"
5.63.145.69 - - [13/Aug/2013:18:37:46 -0400] "HEAD / HTTP/1.1" 200 - "-" "checks.panopta.com"
5.63.145.69 - - [13/Aug/2013:11:05:09 -0400] "GET / HTTP/1.1" 200 23059 "-" "checks.panopta.com"
208.80.194.127 - - [13/Aug/2013:16:51:03 -0400] "GET / HTTP/1.0" 200 23059 "-" "Mozilla/5.0 (Windows NT 5.1) AppleWebKit/535.7 (KHTML, like Gecko) Chrome/16.0.912.63 Safari/535.7"
5.63.145.69 - - [13/Aug/2013:07:03:16 -0400] "GET / HTTP/1.1" 200 23059 "-" "checks.panopta.com"
5.63.145.69 - - [13/Aug/2013:08:03:49 -0400] "GET / HTTP/1.1" 200 23059 "-" "checks.panopta.com"
193.43.252.252 - - [13/Aug/2013:13:17:26 -0400] "GET / HTTP/1.0" 200 23059 "http://getfilesme.com/" "Mozilla/0.6 Beta (Windows)"
173.199.118.35 - - [13/Aug/2013:14:21:23 -0400] "GET /imperialbaking.html HTTP/1.1" 200 15454 "-" "Mozilla/5.0 (compatible; AhrefsBot/4.0; +http://ahrefs.com/robot/)"
5.63.145.69 - - [13/Aug/2013:18:07:42 -0400] "HEAD / HTTP/1.1" 200 - "-" "checks.panopta.com"
5.63.145.69 - - [13/Aug/2013:21:08:49 -0400] "HEAD / HTTP/1.1" 200 - "-" "checks.panopta.com"
66.249.74.130 - - [13/Aug/2013:23:26:55 -0400] "GET / HTTP/1.1" 200 23059 "-" "Mozilla/5.0 (iPhone; U; CPU iPhone OS 4_1 like Mac OS X; en-us) AppleWebKit/532.9 (KHTML, like Gecko) Version/4.0.5 Mobile/8B117 Safari/6531.22.7 (compatible; Googlebot-Mobile/2.1; +http://www.google.com/bot.html)"
5.63.145.69 - - [13/Aug/2013:13:36:08 -0400] "HEAD / HTTP/1.1" 200 - "-" "checks.panopta.com"
198.105.219.56 - - [13/Aug/2013:13:51:31 -0400] "HEAD / HTTP/1.1" 200 - "-" "checks.panopta.com"
5.63.145.69 - - [13/Aug/2013:05:47:26 -0400] "GET / HTTP/1.1" 200 23059 "-" "checks.panopta.com"
5.63.145.69 - - [13/Aug/2013:02:00:50 -0400] "HEAD / HTTP/1.1" 200 - "-" "checks.panopta.com"
68.68.110.211 - - [13/Aug/2013:19:59:54 -0400] "GET /cookiesforpedsunk.html HTTP/1.0" 200 9298 "http://disney-cookies.com" "Mozilla/5.0 (Windows; U; Windows NT 5.1; en-US; rv:1.9.0.8) Gecko/2009032609 Firefox/3.0.8 GTB5"
5.63.145.69 - - [13/Aug/2013:09:19:15 -0400] "GET / HTTP/1.1" 200 23059 "-" "checks.panopta.com"
5.63.145.69 - - [13/Aug/2013:13:21:06 -0400] "HEAD / HTTP/1.1" 200 - "-" "checks.panopta.com"
173.199.118.35 - - [13/Aug/2013:23:09:30 -0400] "GET /actioncalendar.html HTTP/1.1" 200 19636 "-" "Mozilla/5.0 (compatible; AhrefsBot/4.0; +http://ahrefs.com/robot/)"
66.87.91.117 - - [13/Aug/2013:10:01:20 -0400] "GET /scripts/print.css HTTP/1.1" 200 - "http://www.disney-cookies.com/" "Mozilla/5.0 (iPhone; CPU iPhone OS 6_1_3 like Mac OS X) AppleWebKit/536.26 (KHTML, like Gecko) Version/6.0 Mobile/10B329 Safari/8536.25"
198.105.219.59 - - [13/Aug/2013:11:35:36 -0400] "HEAD / HTTP/1.1" 200 - "-" "checks.panopta.com"
5.63.145.69 - - [13/Aug/2013:15:51:59 -0400] "HEAD / HTTP/1.1" 200 - "-" "checks.panopta.com"
108.59.8.70 - - [13/Aug/2013:04:57:17 -0400] "GET /robots.txt HTTP/1.0" 200 25 "-" "Mozilla/5.0 (compatible; MJ12bot/v1.4.3; http://www.majestic12.co.uk/bot.php?+)"
68.71.140.107 - - [13/Aug/2013:19:59:44 -0400] "GET /imperialbaking.html HTTP/1.0" 200 15454 "http://disney-cookies.com" "Mozilla/5.0 (X11; U; OpenBSD amd64; en-US; rv:1.9.0.1) Gecko/2008081402 Firefox/3.0.1"
69.162.131.82 - - [13/Aug/2013:19:59:50 -0400] "GET /mainstrusa.html HTTP/1.0" 200 14699 "http://disney-cookies.com" "Mozilla/5.0 (X11; Linux x86_64; rv:2.2a1pre) Gecko/20110324 Firefox/4.2a1pre"
5.63.145.69 - - [13/Aug/2013:20:53:47 -0400] "HEAD / HTTP/1.1" 200 - "-" "checks.panopta.com"
220.181.108.118 - - [13/Aug/2013:00:46:51 -0400] "GET /scripts/ic_globals_published.js HTTP/1.1" 200 566 "http://victoriancookies.com/" "Mozilla/5.0 (X11; U; Linux x86_64; en-US; rv:1.9) Gecko Minefield/3.0"
220.181.108.176 - - [13/Aug/2013:17:19:54 -0400] "GET / HTTP/1.1" 200 23059 "-" "Mozilla/5.0 (compatible; Baiduspider/2.0; +http://www.baidu.com/search/spider.html)"
66.249.72.163 - - [13/Aug/2013:13:41:55 -0400] "GET /victoriancookies.html HTTP/1.1" 304 - "-" "Mozilla/5.0 (iPhone; U; CPU iPhone OS 4_1 like Mac OS X; en-us) AppleWebKit/532.9 (KHTML, like Gecko) Version/4.0.5 Mobile/8B117 Safari/6531.22.7 (compatible; Googlebot-Mobile/2.1; +http://www.google.com/bot.html)"
5.63.145.69 - - [13/Aug/2013:07:18:18 -0400] "GET / HTTP/1.1" 200 23059 "-" "checks.panopta.com"
65.55.52.119 - - [13/Aug/2013:03:35:16 -0400] "GET /robots.txt HTTP/1.1" 200 25 "-" "Mozilla/5.0 (compatible; bingbot/2.0; +http://www.bing.com/bingbot.htm)"
207.241.237.103 - - [13/Aug/2013:05:41:21 -0400] "GET /robots.txt HTTP/1.0" 200 25 "-" "Mozilla/5.0 (compatible; archive.org_bot +http://www.archive.org/details/archive.org_bot)"
220.181.108.112 - - [13/Aug/2013:00:46:51 -0400] "GET /scripts/user.js HTTP/1.1" 200 23762 "http://victoriancookies.com/" "Mozilla/5.0 (X11; U; Linux x86_64; en-US; rv:1.9) Gecko Minefield/3.0"
173.199.118.35 - - [13/Aug/2013:23:49:04 -0400] "GET / HTTP/1.1" 200 23059 "-" "Mozilla/5.0 (compatible; AhrefsBot/4.0; +http://ahrefs.com/robot/)"
66.87.91.117 - - [13/Aug/2013:10:01:10 -0400] "GET /scripts/photoalbum.js HTTP/1.1" 200 62481 "http://www.disney-cookies.com/" "Mozilla/5.0 (iPhone; CPU iPhone OS 6_1_3 like Mac OS X) AppleWebKit/536.26 (KHTML, like Gecko) Version/6.0 Mobile/10B329 Safari/8536.25"
157.55.32.223 - - [13/Aug/2013:02:40:43 -0400] "GET /cookiesforpedsunk.html HTTP/1.1" 304 - "-" "Mozilla/5.0 (compatible; bingbot/2.0; +http://www.bing.com/bingbot.htm)"
5.63.145.69 - - [13/Aug/2013:15:36:58 -0400] "HEAD / HTTP/1.1" 200 - "-" "checks.panopta.com"
66.249.72.163 - - [13/Aug/2013:15:38:38 -0400] "GET /images/269_goldenwedding.jpg HTTP/1.1" 304 - "-" "Googlebot-Image/1.0"
5.63.145.69 - - [13/Aug/2013:23:39:35 -0400] "HEAD / HTTP/1.1" 200 - "-" "checks.panopta.com"
66.39.223.207 - - [13/Aug/2013:19:59:45 -0400] "GET /actioncalendar.html HTTP/1.0" 200 19636 "http://disney-cookies.com" "Mozilla/5.0 (Windows; U; Windows NT 5.1; en-US; rv:1.9.2.13) Gecko/20101203 AskTbUT2V5/3.9.1.14019 Firefox/3.6.13 (.NET CLR 3.5.30729)"
173.252.196.55 - - [13/Aug/2013:19:59:45 -0400] "GET /arizonaweddingcakes.html HTTP/1.0" 200 10750 "http://disney-cookies.com" "Mozilla/5.0 (Windows; U; Windows NT 6.1; en-US; rv:1.9.2.8) Gecko/20100806 Firefox/3.6"
5.63.145.69 - - [13/Aug/2013:21:23:50 -0400] "HEAD / HTTP/1.1" 200 - "-" "checks.panopta.com"
5.63.145.69 - - [13/Aug/2013:04:16:34 -0400] "HEAD / HTTP/1.1" 200 - "-" "checks.panopta.com"
79.143.190.141 - - [13/Aug/2013:08:34:12 -0400] "GET / HTTP/1.1" 200 23059 "-" "checks.panopta.com"
5.63.145.69 - - [13/Aug/2013:12:05:39 -0400] "HEAD / HTTP/1.1" 200 - "-" "checks.panopta.com"
199.19.72.79 - - [13/Aug/2013:19:59:44 -0400] "GET /kidsebakeryusa.html HTTP/1.0" 200 19860 "http://disney-cookies.com" "Mozilla/5.0 (X11; U; Linux x86_64; en-US; rv:1.9.1.2) Gecko/20090803 Firefox/3.5.2 Slackware"
220.181.89.166 - - [13/Aug/2013:16:34:50 -0400] "GET /robots.txt HTTP/1.1" 200 25 "-" "Sogou web spider/4.0"
5.63.145.69 - - [13/Aug/2013:06:17:51 -0400] "GET / HTTP/1.1" 200 23059 "-" "checks.panopta.com"
5.63.145.69 - - [13/Aug/2013:08:34:07 -0400] "GET / HTTP/1.1" 200 23059 "-" "checks.panopta.com"
157.55.33.182 - - [13/Aug/2013:03:53:51 -0400] "GET / HTTP/1.1" 200 23059 "-" "Mozilla/5.0 (compatible; bingbot/2.0; +http://www.bing.com/bingbot.htm)"
5.63.145.69 - - [13/Aug/2013:05:01:59 -0400] "HEAD / HTTP/1.1" 200 - "-" "checks.panopta.com"
220.181.108.87 - - [13/Aug/2013:23:20:13 -0400] "GET / HTTP/1.1" 200 23059 "-" "Mozilla/5.0 (compatible; Baiduspider/2.0; +http://www.baidu.com/search/spider.html)"
5.63.145.69 - - [13/Aug/2013:23:24:34 -0400] "HEAD / HTTP/1.1" 200 - "-" "checks.panopta.com"
5.63.145.69 - - [13/Aug/2013:18:52:48 -0400] "HEAD / HTTP/1.1" 200 - "-" "checks.panopta.com"
5.63.145.69 - - [13/Aug/2013:11:50:33 -0400] "HEAD / HTTP/1.1" 200 - "-" "checks.panopta.com"
65.55.52.119 - - [13/Aug/2013:03:36:10 -0400] "GET / HTTP/1.1" 200 23059 "-" "Mozilla/5.0 (compatible; bingbot/2.0; +http://www.bing.com/bingbot.htm)"
198.105.219.56 - - [13/Aug/2013:14:37:04 -0400] "HEAD / HTTP/1.1" 200 - "-" "checks.panopta.com"
5.63.145.69 - - [13/Aug/2013:04:46:36 -0400] "HEAD / HTTP/1.1" 200 - "-" "checks.panopta.com"
72.8.191.183 - - [13/Aug/2013:19:59:44 -0400] "GET /victoriancookies.html HTTP/1.0" 200 20359 "http://disney-cookies.com" "Mozilla/5.0 (X11; U; Linux i686; en-US; rv:1.9.0.7) Gecko/2009022005 Red Hat/3.0.7-1.el5 Firefox/3.0.7"
66.87.91.117 - - [13/Aug/2013:10:01:10 -0400] "GET /scripts/9custom.css HTTP/1.1" 200 7888 "http://www.disney-cookies.com/" "Mozilla/5.0 (iPhone; CPU iPhone OS 6_1_3 like Mac OS X) AppleWebKit/536.26 (KHTML, like Gecko) Version/6.0 Mobile/10B329 Safari/8536.25"
66.87.91.117 - - [13/Aug/2013:10:01:14 -0400] "GET /scripts/ic_globals_published.js HTTP/1.1" 200 566 "http://www.disney-cookies.com/" "Mozilla/5.0 (iPhone; CPU iPhone OS 6_1_3 like Mac OS X) AppleWebKit/536.26 (KHTML, like Gecko) Version/6.0 Mobile/10B329 Safari/8536.25"
66.87.91.117 - - [13/Aug/2013:10:01:15 -0400] "GET /images/ic_052_accent-cover.png HTTP/1.1" 200 14028 "http://www.disney-cookies.com/" "Mozilla/5.0 (iPhone; CPU iPhone OS 6_1_3 like Mac OS X) AppleWebKit/536.26 (KHTML, like Gecko) Version/6.0 Mobile/10B329 Safari/8536.25"
193.43.252.252 - - [13/Aug/2013:13:17:26 -0400] "GET / HTTP/1.0" 200 23059 "http://getfilesme.com/" "Mozilla/4.0 (compatible; MSIE 6.0; Windows NT 5.2; WOW64; SV1; .NET CLR 2.0.50727)"
173.199.118.35 - - [13/Aug/2013:18:55:18 -0400] "GET /mainstrusa.html HTTP/1.1" 200 14699 "-" "Mozilla/5.0 (compatible; AhrefsBot/4.0; +http://ahrefs.com/robot/)"
5.63.145.69 - - [13/Aug/2013:19:53:14 -0400] "HEAD / HTTP/1.1" 200 - "-" "checks.panopta.com"
5.63.145.69 - - [13/Aug/2013:07:33:21 -0400] "GET / HTTP/1.1" 200 23059 "-" "checks.panopta.com"
66.87.91.117 - - [13/Aug/2013:10:01:15 -0400] "GET /images/spacer.gif HTTP/1.1" 200 43 "http://www.disney-cookies.com/" "Mozilla/5.0 (iPhone; CPU iPhone OS 6_1_3 like Mac OS X) AppleWebKit/536.26 (KHTML, like Gecko) Version/6.0 Mobile/10B329 Safari/8536.25"
66.87.91.117 - - [13/Aug/2013:10:02:00 -0400] "GET /scripts/7custom.css HTTP/1.1" 200 4174 "http://www.disney-cookies.com/kidsebakeryusa.html" "Mozilla/5.0 (iPhone; CPU iPhone OS 6_1_3 like Mac OS X) AppleWebKit/536.26 (KHTML, like Gecko) Version/6.0 Mobile/10B329 Safari/8536.25"
66.87.91.117 - - [13/Aug/2013:10:02:00 -0400] "GET /images/100_Cars_Heartlandb.jpg HTTP/1.1" 200 2930 "http://www.disney-cookies.com/kidsebakeryusa.html" "Mozilla/5.0 (iPhone; CPU iPhone OS 6_1_3 like Mac OS X) AppleWebKit/536.26 (KHTML, like Gecko) Version/6.0 Mobile/10B329 Safari/8536.25"
5.63.145.69 - - [13/Aug/2013:23:09:31 -0400] "GET / HTTP/1.1" 200 23059 "-" "checks.panopta.com"
123.125.71.84 - - [13/Aug/2013:04:03:23 -0400] "GET / HTTP/1.1" 200 23059 "-" "Mozilla/5.0 (Linux;u;Android 2.3.7;zh-cn;) AppleWebKit/533.1 (KHTML,like Gecko) Version/4.0 Mobile Safari/533.1 (compatible; +http://www.baidu.com/search/spider.html)"
65.55.52.119 - - [13/Aug/2013:16:42:50 -0400] "GET / HTTP/1.1" 200 23059 "-" "Mozilla/5.0 (compatible; bingbot/2.0; +http://www.bing.com/bingbot.htm)"
220.181.89.166 - - [13/Aug/2013:17:07:16 -0400] "GET / HTTP/1.1" 304 - "-" "Sogou web spider/4.0(+http://www.sogou.com/docs/help/webmasters.htm#07)"