0byt3m1n1
Path:
/
data
/
0
/
0
/
68
/
136
/
68136
/
meta
/
69368
/
logs
/
[
Home
]
File: x-access_log.2013-08-19
157.56.92.141 - - [19/Aug/2013:00:09:57 -0400] "GET /kidscoloracookiehere.html HTTP/1.1" 200 32655 "-" "Mozilla/5.0 (compatible; bingbot/2.0; +http://www.bing.com/bingbot.htm)"
157.56.92.155 - - [19/Aug/2013:23:53:24 -0400] "GET /donatelinks.html HTTP/1.1" 304 - "-" "Mozilla/5.0 (compatible; bingbot/2.0; +http://www.bing.com/bingbot.htm)"
173.199.114.123 - - [19/Aug/2013:09:18:41 -0400] "GET / HTTP/1.1" 200 23059 "-" "Mozilla/5.0 (compatible; AhrefsBot/4.0; +http://ahrefs.com/robot/)"
173.199.114.123 - - [19/Aug/2013:15:19:38 -0400] "GET /victoriancookies.html HTTP/1.1" 200 20359 "-" "Mozilla/5.0 (compatible; AhrefsBot/4.0; +http://ahrefs.com/robot/)"
173.199.114.123 - - [19/Aug/2013:15:50:15 -0400] "GET /deutschecookieblog.html HTTP/1.1" 200 8589 "-" "Mozilla/5.0 (compatible; AhrefsBot/4.0; +http://ahrefs.com/robot/)"
192.55.54.41 - - [19/Aug/2013:19:50:16 -0400] "GET /images/spacer.gif HTTP/1.1" 200 43 "http://www.victoriancookies.com/home.html" "Mozilla/4.0 (compatible; MSIE 8.0; Windows NT 6.1; WOW64; Trident/4.0; SLCC2; .NET CLR 2.0.50727; .NET CLR 3.5.30729; .NET CLR 3.0.30729; .NET CLR 1.1.4322; .NET4.0C; .NET4.0E; MS-RTC LM 8; InfoPath.3)"
192.55.54.41 - - [19/Aug/2013:19:50:14 -0400] "GET /images/100_P1000224.JPG HTTP/1.1" 200 3779 "http://www.victoriancookies.com/home.html" "Mozilla/4.0 (compatible; MSIE 8.0; Windows NT 6.1; WOW64; Trident/4.0; SLCC2; .NET CLR 2.0.50727; .NET CLR 3.5.30729; .NET CLR 3.0.30729; .NET CLR 1.1.4322; .NET4.0C; .NET4.0E; MS-RTC LM 8; InfoPath.3)"
66.249.72.163 - - [19/Aug/2013:09:47:04 -0400] "GET / HTTP/1.1" 200 23059 "-" "Mozilla/5.0 (iPhone; U; CPU iPhone OS 4_1 like Mac OS X; en-us) AppleWebKit/532.9 (KHTML, like Gecko) Version/4.0.5 Mobile/8B117 Safari/6531.22.7 (compatible; Googlebot-Mobile/2.1; +http://www.google.com/bot.html)"
5.43.179.76 - - [19/Aug/2013:15:54:05 -0400] "GET /scripts/user.js HTTP/1.1" 200 23762 "http://www.victoriancookies.com/ucoloracookie.html" "Mozilla/5.0 (Windows NT 6.1; WOW64) AppleWebKit/537.36 (KHTML, like Gecko) Chrome/28.0.1500.95 Safari/537.36"
5.43.179.76 - - [19/Aug/2013:15:54:06 -0400] "GET /images/spacer.gif HTTP/1.1" 200 43 "http://www.victoriancookies.com/ucoloracookie.html" "Mozilla/5.0 (Windows NT 6.1; WOW64) AppleWebKit/537.36 (KHTML, like Gecko) Chrome/28.0.1500.95 Safari/537.36"
5.43.179.76 - - [19/Aug/2013:15:54:06 -0400] "GET /images/ic_052_accent-cover.png HTTP/1.1" 200 14028 "http://www.victoriancookies.com/ucoloracookie.html" "Mozilla/5.0 (Windows NT 6.1; WOW64) AppleWebKit/537.36 (KHTML, like Gecko) Chrome/28.0.1500.95 Safari/537.36"
5.43.179.76 - - [19/Aug/2013:15:54:07 -0400] "GET /images/100_CAC-king-konga.jpg HTTP/1.1" 200 4857 "http://www.victoriancookies.com/ucoloracookie.html" "Mozilla/5.0 (Windows NT 6.1; WOW64) AppleWebKit/537.36 (KHTML, like Gecko) Chrome/28.0.1500.95 Safari/537.36"
192.55.54.40 - - [19/Aug/2013:19:50:14 -0400] "GET /scripts/ic_globals_published.js HTTP/1.1" 200 566 "http://www.victoriancookies.com/home.html" "Mozilla/4.0 (compatible; MSIE 8.0; Windows NT 6.1; WOW64; Trident/4.0; SLCC2; .NET CLR 2.0.50727; .NET CLR 3.5.30729; .NET CLR 3.0.30729; .NET CLR 1.1.4322; .NET4.0C; .NET4.0E; MS-RTC LM 8; InfoPath.3)"
192.55.54.41 - - [19/Aug/2013:19:50:14 -0400] "GET /images/265_P1000224.JPG HTTP/1.1" 200 16470 "http://www.victoriancookies.com/home.html" "Mozilla/4.0 (compatible; MSIE 8.0; Windows NT 6.1; WOW64; Trident/4.0; SLCC2; .NET CLR 2.0.50727; .NET CLR 3.5.30729; .NET CLR 3.0.30729; .NET CLR 1.1.4322; .NET4.0C; .NET4.0E; MS-RTC LM 8; InfoPath.3)"
192.55.54.40 - - [19/Aug/2013:19:50:14 -0400] "GET /scripts/print.css HTTP/1.1" 200 - "http://www.victoriancookies.com/home.html" "Mozilla/4.0 (compatible; MSIE 8.0; Windows NT 6.1; WOW64; Trident/4.0; SLCC2; .NET CLR 2.0.50727; .NET CLR 3.5.30729; .NET CLR 3.0.30729; .NET CLR 1.1.4322; .NET4.0C; .NET4.0E; MS-RTC LM 8; InfoPath.3)"
192.55.54.40 - - [19/Aug/2013:19:50:15 -0400] "GET /images/44.jpg HTTP/1.1" 200 5502 "http://www.victoriancookies.com/home.html" "Mozilla/4.0 (compatible; MSIE 8.0; Windows NT 6.1; WOW64; Trident/4.0; SLCC2; .NET CLR 2.0.50727; .NET CLR 3.5.30729; .NET CLR 3.0.30729; .NET CLR 1.1.4322; .NET4.0C; .NET4.0E; MS-RTC LM 8; InfoPath.3)"
192.55.54.40 - - [19/Aug/2013:19:50:15 -0400] "GET /images/100_P1000224.JPG HTTP/1.1" 200 3779 "http://www.victoriancookies.com/home.html" "Mozilla/4.0 (compatible; MSIE 8.0; Windows NT 6.1; WOW64; Trident/4.0; SLCC2; .NET CLR 2.0.50727; .NET CLR 3.5.30729; .NET CLR 3.0.30729; .NET CLR 1.1.4322; .NET4.0C; .NET4.0E; MS-RTC LM 8; InfoPath.3)"
192.55.54.40 - - [19/Aug/2013:19:50:16 -0400] "GET /images/265_P1000224.JPG HTTP/1.1" 200 16470 "http://www.victoriancookies.com/home.html" "Mozilla/4.0 (compatible; MSIE 8.0; Windows NT 6.1; WOW64; Trident/4.0; SLCC2; .NET CLR 2.0.50727; .NET CLR 3.5.30729; .NET CLR 3.0.30729; .NET CLR 1.1.4322; .NET4.0C; .NET4.0E; MS-RTC LM 8; InfoPath.3)"
192.55.54.40 - - [19/Aug/2013:19:50:16 -0400] "GET /images/265_P1000232.JPG HTTP/1.1" 200 15523 "http://www.victoriancookies.com/home.html" "Mozilla/4.0 (compatible; MSIE 8.0; Windows NT 6.1; WOW64; Trident/4.0; SLCC2; .NET CLR 2.0.50727; .NET CLR 3.5.30729; .NET CLR 3.0.30729; .NET CLR 1.1.4322; .NET4.0C; .NET4.0E; MS-RTC LM 8; InfoPath.3)"
5.43.179.76 - - [19/Aug/2013:15:54:05 -0400] "GET /scripts/6.css HTTP/1.1" 200 318 "http://www.victoriancookies.com/ucoloracookie.html" "Mozilla/5.0 (Windows NT 6.1; WOW64) AppleWebKit/537.36 (KHTML, like Gecko) Chrome/28.0.1500.95 Safari/537.36"
5.43.179.76 - - [19/Aug/2013:15:54:06 -0400] "GET /images/100_little_memaid-ariel.jpg HTTP/1.1" 200 6142 "http://www.victoriancookies.com/ucoloracookie.html" "Mozilla/5.0 (Windows NT 6.1; WOW64) AppleWebKit/537.36 (KHTML, like Gecko) Chrome/28.0.1500.95 Safari/537.36"
5.43.179.76 - - [19/Aug/2013:15:54:07 -0400] "GET /images/100_0818081836_1_Mickey_Mouse.jpg HTTP/1.1" 200 4078 "http://www.victoriancookies.com/ucoloracookie.html" "Mozilla/5.0 (Windows NT 6.1; WOW64) AppleWebKit/537.36 (KHTML, like Gecko) Chrome/28.0.1500.95 Safari/537.36"
5.43.179.76 - - [19/Aug/2013:15:54:07 -0400] "GET /images/100_CAC-MLBa.jpg HTTP/1.1" 200 6515 "http://www.victoriancookies.com/ucoloracookie.html" "Mozilla/5.0 (Windows NT 6.1; WOW64) AppleWebKit/537.36 (KHTML, like Gecko) Chrome/28.0.1500.95 Safari/537.36"
173.199.114.123 - - [19/Aug/2013:06:10:34 -0400] "GET /imperialbaking.html HTTP/1.1" 200 15454 "-" "Mozilla/5.0 (compatible; AhrefsBot/4.0; +http://ahrefs.com/robot/)"
192.55.54.41 - - [19/Aug/2013:19:50:14 -0400] "GET /scripts/website.css HTTP/1.1" 200 1887 "http://www.victoriancookies.com/home.html" "Mozilla/4.0 (compatible; MSIE 8.0; Windows NT 6.1; WOW64; Trident/4.0; SLCC2; .NET CLR 2.0.50727; .NET CLR 3.5.30729; .NET CLR 3.0.30729; .NET CLR 1.1.4322; .NET4.0C; .NET4.0E; MS-RTC LM 8; InfoPath.3)"
157.55.33.123 - - [19/Aug/2013:12:15:20 -0400] "GET / HTTP/1.1" 200 23059 "-" "Mozilla/5.0 (compatible; bingbot/2.0; +http://www.bing.com/bingbot.htm)"
123.125.71.50 - - [19/Aug/2013:18:04:34 -0400] "GET /scripts/ic_globals_published.js HTTP/1.1" 200 566 "-" "Mozilla/5.0 (compatible; Baiduspider/2.0; +http://www.baidu.com/search/spider.html)"
157.56.92.141 - - [19/Aug/2013:00:09:59 -0400] "GET /contactus.html HTTP/1.1" 200 15761 "-" "Mozilla/5.0 (compatible; bingbot/2.0; +http://www.bing.com/bingbot.htm)"
61.135.249.217 - - [19/Aug/2013:02:28:34 -0400] "GET / HTTP/1.1" 200 23059 "-" "Mozilla/5.0 (compatible; YoudaoBot/1.0; http://www.youdao.com/help/webmaster/spider/; )"
202.46.63.64 - - [19/Aug/2013:21:48:38 -0400] "GET /ordersforarizonaonly.html HTTP/1.1" 200 6511 "-" "Mozilla/5.0 (Windows; U; Windows NT 5.1; zh-CN; rv:1.9.1.2) Firefox/3.5.2"
100.43.83.129 - - [19/Aug/2013:07:04:31 -0400] "GET /ucoloracookie.html HTTP/1.1" 200 39764 "-" "Mozilla/5.0 (compatible; YandexBot/3.0; +http://yandex.com/bots)"
83.149.126.98 - - [19/Aug/2013:10:56:41 -0400] "GET / HTTP/1.0" 200 23059 "-" "Mozilla/5.0 (compatible; MJ12bot/v1.4.3; http://www.majestic12.co.uk/bot.php?+)"
66.249.72.163 - - [19/Aug/2013:02:08:39 -0400] "GET /robots.txt HTTP/1.1" 200 25 "-" "Mozilla/5.0 (compatible; Googlebot/2.1; +http://www.google.com/bot.html)"
66.249.72.163 - - [19/Aug/2013:02:08:39 -0400] "GET /victoriancookies.html HTTP/1.1" 304 - "-" "Mozilla/5.0 (iPhone; U; CPU iPhone OS 4_1 like Mac OS X; en-us) AppleWebKit/532.9 (KHTML, like Gecko) Version/4.0.5 Mobile/8B117 Safari/6531.22.7 (compatible; Googlebot-Mobile/2.1; +http://www.google.com/bot.html)"
88.244.114.51 - - [19/Aug/2013:05:46:31 -0400] "GET /images/100_CAC-doraa.jpg HTTP/1.1" 200 5156 "http://www.google.com/blank.html" "Mozilla/5.0 (Windows NT 5.1) AppleWebKit/537.36 (KHTML, like Gecko) Chrome/28.0.1500.95 Safari/537.36"
220.181.89.166 - - [19/Aug/2013:09:29:44 -0400] "GET / HTTP/1.1" 304 - "-" "Sogou web spider/4.0(+http://www.sogou.com/docs/help/webmasters.htm#07)"
100.43.83.129 - - [19/Aug/2013:11:23:32 -0400] "GET /linksofinterest.html HTTP/1.1" 200 9321 "-" "Mozilla/5.0 (compatible; YandexBot/3.0; +http://yandex.com/bots)"
207.241.226.239 - - [19/Aug/2013:16:08:25 -0400] "GET /robots.txt HTTP/1.1" 200 25 "-" "ia_archiver(OS-Wayback)"
220.181.108.108 - - [19/Aug/2013:18:04:13 -0400] "GET /scripts/ic_globals_published.js HTTP/1.1" 200 566 "http://www.victoriancookies.com/" "Mozilla/5.0 (X11; U; Linux x86_64; en-US; rv:1.9) Gecko Minefield/3.0"
157.55.33.182 - - [19/Aug/2013:09:10:46 -0400] "GET /robots.txt HTTP/1.1" 200 25 "-" "Mozilla/5.0 (compatible; bingbot/2.0; +http://www.bing.com/bingbot.htm)"
157.55.33.123 - - [19/Aug/2013:12:13:48 -0400] "GET /robots.txt HTTP/1.1" 200 25 "-" "Mozilla/5.0 (compatible; bingbot/2.0; +http://www.bing.com/bingbot.htm)"
5.43.179.76 - - [19/Aug/2013:15:54:05 -0400] "GET /scripts/website.css HTTP/1.1" 200 1887 "http://www.victoriancookies.com/ucoloracookie.html" "Mozilla/5.0 (Windows NT 6.1; WOW64) AppleWebKit/537.36 (KHTML, like Gecko) Chrome/28.0.1500.95 Safari/537.36"
5.43.179.76 - - [19/Aug/2013:15:54:05 -0400] "GET /scripts/photoalbum.js HTTP/1.1" 200 62481 "http://www.victoriancookies.com/ucoloracookie.html" "Mozilla/5.0 (Windows NT 6.1; WOW64) AppleWebKit/537.36 (KHTML, like Gecko) Chrome/28.0.1500.95 Safari/537.36"
5.43.179.76 - - [19/Aug/2013:15:54:06 -0400] "GET /images/100_winnie_20the_20pooh-pooh.jpg HTTP/1.1" 200 6122 "http://www.victoriancookies.com/ucoloracookie.html" "Mozilla/5.0 (Windows NT 6.1; WOW64) AppleWebKit/537.36 (KHTML, like Gecko) Chrome/28.0.1500.95 Safari/537.36"
5.43.179.76 - - [19/Aug/2013:15:54:06 -0400] "GET /images/100_kim_20possible-kim.jpg HTTP/1.1" 200 5847 "http://www.victoriancookies.com/ucoloracookie.html" "Mozilla/5.0 (Windows NT 6.1; WOW64) AppleWebKit/537.36 (KHTML, like Gecko) Chrome/28.0.1500.95 Safari/537.36"
5.43.179.76 - - [19/Aug/2013:15:54:07 -0400] "GET /images/100_CAC-CAREBEARSa.jpg HTTP/1.1" 200 5249 "http://www.victoriancookies.com/ucoloracookie.html" "Mozilla/5.0 (Windows NT 6.1; WOW64) AppleWebKit/537.36 (KHTML, like Gecko) Chrome/28.0.1500.95 Safari/537.36"
5.43.179.76 - - [19/Aug/2013:15:54:07 -0400] "GET /scripts/print.css HTTP/1.1" 200 - "http://www.victoriancookies.com/ucoloracookie.html" "Mozilla/5.0 (Windows NT 6.1; WOW64) AppleWebKit/537.36 (KHTML, like Gecko) Chrome/28.0.1500.95 Safari/537.36"
180.76.5.184 - - [19/Aug/2013:21:19:11 -0400] "GET / HTTP/1.1" 200 23059 "-" "Mozilla/5.0 (compatible; Baiduspider/2.0; +http://www.baidu.com/search/spider.html)"
123.125.71.41 - - [19/Aug/2013:18:05:29 -0400] "GET /victoriancookies.html HTTP/1.1" 200 20359 "-" "Mozilla/5.0 (compatible; Baiduspider/2.0; +http://www.baidu.com/search/spider.html)"
220.181.108.107 - - [19/Aug/2013:18:05:36 -0400] "GET /scripts/user.js HTTP/1.1" 200 23762 "http://www.victoriancookies.com/victoriancookies.html" "Mozilla/5.0 (X11; U; Linux x86_64; en-US; rv:1.9) Gecko Minefield/3.0"
192.55.54.41 - - [19/Aug/2013:19:50:14 -0400] "GET /scripts/icwebsiteelement.css HTTP/1.1" 200 8132 "http://www.victoriancookies.com/home.html" "Mozilla/4.0 (compatible; MSIE 8.0; Windows NT 6.1; WOW64; Trident/4.0; SLCC2; .NET CLR 2.0.50727; .NET CLR 3.5.30729; .NET CLR 3.0.30729; .NET CLR 1.1.4322; .NET4.0C; .NET4.0E; MS-RTC LM 8; InfoPath.3)"
157.55.33.123 - - [19/Aug/2013:10:50:02 -0400] "GET / HTTP/1.1" 200 23059 "-" "Mozilla/5.0 (compatible; bingbot/2.0; +http://www.bing.com/bingbot.htm)"
220.181.89.166 - - [19/Aug/2013:09:29:59 -0400] "GET /robots.txt HTTP/1.1" 200 25 "-" "Sogou web spider/4.0"
220.181.108.184 - - [19/Aug/2013:10:44:43 -0400] "GET /scripts/9custom.css HTTP/1.1" 200 7888 "-" "Mozilla/5.0 (compatible; Baiduspider/2.0; +http://www.baidu.com/search/spider.html)"
199.116.169.254 - - [19/Aug/2013:19:50:13 -0400] "GET /home.html HTTP/1.1" 200 21338 "-" "Mozilla/4.0 (compatible; MSIE 7.0; Windows NT 5.1; InfoPath.1; .NET CLR 2.0.50727; .NET CLR 1.1.4322; MS-RTC LM 8; .NET CLR 3.0.4506.2152; .NET CLR 3.5.30729)"
192.55.54.41 - - [19/Aug/2013:19:50:14 -0400] "GET /images/265_P1000232.JPG HTTP/1.1" 200 15523 "http://www.victoriancookies.com/home.html" "Mozilla/4.0 (compatible; MSIE 8.0; Windows NT 6.1; WOW64; Trident/4.0; SLCC2; .NET CLR 2.0.50727; .NET CLR 3.5.30729; .NET CLR 3.0.30729; .NET CLR 1.1.4322; .NET4.0C; .NET4.0E; MS-RTC LM 8; InfoPath.3)"
157.56.92.141 - - [19/Aug/2013:00:09:58 -0400] "GET /deutschecookieblog.html HTTP/1.1" 200 8589 "-" "Mozilla/5.0 (compatible; bingbot/2.0; +http://www.bing.com/bingbot.htm)"
173.199.114.123 - - [19/Aug/2013:01:11:42 -0400] "GET /mainstrusa.html HTTP/1.1" 200 14699 "-" "Mozilla/5.0 (compatible; AhrefsBot/4.0; +http://ahrefs.com/robot/)"
101.226.167.200 - - [19/Aug/2013:02:52:27 -0400] "GET /robots.txt HTTP/1.1" 200 25 "http://victoriancookies.com/robots.txt" "Mozilla/4.0 (compatible; MSIE 8.0; Windows NT 6.1; Trident/4.0; SLCC2; .NET CLR 2.0.50727; .NET CLR 3.5.30729; .NET CLR 3.0.30729; Media Center PC 6.0; MDDR; .NET4.0C; .NET4.0E; .NET CLR 1.1.4322; Tablet PC 2.0); 360Spider"
157.55.33.123 - - [19/Aug/2013:10:44:26 -0400] "GET /robots.txt HTTP/1.1" 200 25 "-" "Mozilla/5.0 (compatible; bingbot/2.0; +http://www.bing.com/bingbot.htm)"
54.211.70.72 - - [19/Aug/2013:02:47:49 -0400] "GET / HTTP/1.1" 200 23059 "-" "Mozilla/5.0 (Windows; U; Windows NT 6.0; en-US; rv:1.9.2.3) Gecko/20100401 Firefox/3.6.3 GTB6 (.NET CLR 3.5.30729)"
157.55.33.123 - - [19/Aug/2013:10:45:40 -0400] "GET / HTTP/1.1" 200 23059 "-" "Mozilla/5.0 (compatible; bingbot/2.0; +http://www.bing.com/bingbot.htm)"
220.181.108.140 - - [19/Aug/2013:18:04:06 -0400] "GET / HTTP/1.1" 200 23059 "-" "Mozilla/5.0 (compatible; Baiduspider/2.0; +http://www.baidu.com/search/spider.html)"
220.181.108.97 - - [19/Aug/2013:18:05:01 -0400] "GET /actioncalendar.html HTTP/1.1" 200 19636 "-" "Mozilla/5.0 (compatible; Baiduspider/2.0; +http://www.baidu.com/search/spider.html)"
209.190.1.134 - - [19/Aug/2013:19:50:16 -0400] "GET / HTTP/1.1" 200 23059 "-" "Mozilla/5.0 (compatible; MSIE 8.0; Windows NT 5.1) KomodiaBot/1.0"
67.159.44.55 - - [19/Aug/2013:04:46:02 -0400] "GET / HTTP/1.1" 200 23059 "-" "Mozilla/5.0 (Windows; U; Windows NT 5.1; rv:1.7.3) Gecko/20041001 Firefox/0.10.1"
208.115.111.66 - - [19/Aug/2013:13:19:09 -0400] "GET /kidsebakeryusa.html HTTP/1.1" 200 19860 "-" "Mozilla/5.0 (compatible; Ezooms/1.0; ezooms.bot@gmail.com)"
157.56.92.141 - - [19/Aug/2013:00:10:00 -0400] "GET /ucoloracookie.html HTTP/1.1" 200 39764 "-" "Mozilla/5.0 (compatible; bingbot/2.0; +http://www.bing.com/bingbot.htm)"
173.199.114.123 - - [19/Aug/2013:02:46:46 -0400] "GET /home.html HTTP/1.1" 200 21338 "-" "Mozilla/5.0 (compatible; AhrefsBot/4.0; +http://ahrefs.com/robot/)"
5.43.179.76 - - [19/Aug/2013:15:54:05 -0400] "GET /scripts/template.css HTTP/1.1" 200 7760 "http://www.victoriancookies.com/ucoloracookie.html" "Mozilla/5.0 (Windows NT 6.1; WOW64) AppleWebKit/537.36 (KHTML, like Gecko) Chrome/28.0.1500.95 Safari/537.36"
5.43.179.76 - - [19/Aug/2013:15:54:06 -0400] "GET /images/100_CAC-scooby-dooa.jpg HTTP/1.1" 200 5646 "http://www.victoriancookies.com/ucoloracookie.html" "Mozilla/5.0 (Windows NT 6.1; WOW64) AppleWebKit/537.36 (KHTML, like Gecko) Chrome/28.0.1500.95 Safari/537.36"
5.43.179.76 - - [19/Aug/2013:15:54:06 -0400] "GET /images/ic_052_body_bg.jpg HTTP/1.1" 200 21787 "http://www.victoriancookies.com/ucoloracookie.html" "Mozilla/5.0 (Windows NT 6.1; WOW64) AppleWebKit/537.36 (KHTML, like Gecko) Chrome/28.0.1500.95 Safari/537.36"
220.181.108.105 - - [19/Aug/2013:18:04:14 -0400] "GET /scripts/photoalbum.js HTTP/1.1" 200 62481 "http://www.victoriancookies.com/" "Mozilla/5.0 (X11; U; Linux x86_64; en-US; rv:1.9) Gecko Minefield/3.0"
208.80.194.127 - - [19/Aug/2013:15:23:48 -0400] "GET / HTTP/1.0" 200 23059 "-" "Mozilla/5.0 (Macintosh; Intel Mac OS X 10_6_7) AppleWebKit/534.24 (KHTML, like Gecko) Chrome/11.0.696.68 Safari/534.24"
192.55.54.41 - - [19/Aug/2013:19:50:14 -0400] "GET /scripts/1custom.css HTTP/1.1" 200 4853 "http://www.victoriancookies.com/home.html" "Mozilla/4.0 (compatible; MSIE 8.0; Windows NT 6.1; WOW64; Trident/4.0; SLCC2; .NET CLR 2.0.50727; .NET CLR 3.5.30729; .NET CLR 3.0.30729; .NET CLR 1.1.4322; .NET4.0C; .NET4.0E; MS-RTC LM 8; InfoPath.3)"
157.56.92.141 - - [19/Aug/2013:00:09:56 -0400] "GET /kidsebakeryusa.html HTTP/1.1" 200 19860 "-" "Mozilla/5.0 (compatible; bingbot/2.0; +http://www.bing.com/bingbot.htm)"
192.55.54.41 - - [19/Aug/2013:19:50:14 -0400] "GET /home.html HTTP/1.1" 200 21338 "http://search.yahoo.com/search;_ylt=A0oG7k.orhJSMkAANz5XNyoA;_ylc=X1MDMjc2NjY3OQRfcgMyBGJjawM3YmpyMm1wOGdmNjh0JTI2YiUzRDQlMjZkJTNEVU1YZjhJNXBZRUxveVhYSmpzWk0yU2NOWjVEZGRaWUF5bHRzMEEtLSUyNnMlM0RuayUyNmklM0RkQmxVZFVSUFJNaGNRR1diRnNhNgRjc3JjcHZpZANnb3daMmtnZXVyQjF6MksyVVFlWkhRMDl3RGMyS0ZJU3JxZ0FESE85BGZyA3lmcC10LTYyMgRmcjIDc2EtZ3AEZ3ByaWQDaFg1SnNZU05SMWlJdDhXQ05FalFtQQRuX3JzbHQDMTAEbl9zdWdnAzYEb3JpZ2luA3NlYXJjaC55YWhvby5jb20EcG9zAzEEcHFzdHIDdmljdG9yaWEgY29va2llBHBxc3RybAMxNQRxc3RybAMxNgRxdWVyeQN2aWN0b3JpYSBjb29raWVzBHRfc3RtcAMxMzc2OTU2MTgxMTU2BHZ0ZXN0aWQDVklQMDc3?p=victoria+cookies&fr2=sb-top&fr=yfp-t-622" "Mozilla/4.0 (compatible; MSIE 8.0; Windows NT 6.1; WOW64; Trident/4.0; SLCC2; .NET CLR 2.0.50727; .NET CLR 3.5.30729; .NET CLR 3.0.30729; .NET CLR 1.1.4322; .NET4.0C; .NET4.0E; MS-RTC LM 8; InfoPath.3)"
192.55.54.41 - - [19/Aug/2013:19:50:14 -0400] "GET /scripts/photoalbum.js HTTP/1.1" 200 62481 "http://www.victoriancookies.com/home.html" "Mozilla/4.0 (compatible; MSIE 8.0; Windows NT 6.1; WOW64; Trident/4.0; SLCC2; .NET CLR 2.0.50727; .NET CLR 3.5.30729; .NET CLR 3.0.30729; .NET CLR 1.1.4322; .NET4.0C; .NET4.0E; MS-RTC LM 8; InfoPath.3)"
192.55.54.40 - - [19/Aug/2013:19:50:16 -0400] "GET /images/265_P1000223.JPG HTTP/1.1" 200 14902 "http://www.victoriancookies.com/home.html" "Mozilla/4.0 (compatible; MSIE 8.0; Windows NT 6.1; WOW64; Trident/4.0; SLCC2; .NET CLR 2.0.50727; .NET CLR 3.5.30729; .NET CLR 3.0.30729; .NET CLR 1.1.4322; .NET4.0C; .NET4.0E; MS-RTC LM 8; InfoPath.3)"
192.55.54.40 - - [19/Aug/2013:19:50:19 -0400] "GET /favicon.ico HTTP/1.1" 404 575 "-" "Mozilla/4.0 (compatible; MSIE 8.0; Windows NT 6.1; WOW64; Trident/4.0; SLCC2; .NET CLR 2.0.50727; .NET CLR 3.5.30729; .NET CLR 3.0.30729; .NET CLR 1.1.4322; .NET4.0C; .NET4.0E; MS-RTC LM 8; InfoPath.3)"
192.55.54.41 - - [19/Aug/2013:19:50:14 -0400] "GET /scripts/template.css HTTP/1.1" 200 7760 "http://www.victoriancookies.com/home.html" "Mozilla/4.0 (compatible; MSIE 8.0; Windows NT 6.1; WOW64; Trident/4.0; SLCC2; .NET CLR 2.0.50727; .NET CLR 3.5.30729; .NET CLR 3.0.30729; .NET CLR 1.1.4322; .NET4.0C; .NET4.0E; MS-RTC LM 8; InfoPath.3)"
173.199.114.123 - - [19/Aug/2013:00:24:04 -0400] "GET /?b467e680 HTTP/1.1" 200 23059 "-" "Mozilla/5.0 (compatible; AhrefsBot/4.0; +http://ahrefs.com/robot/)"
208.43.225.85 - - [19/Aug/2013:01:58:52 -0400] "GET /robots.txt HTTP/1.1" 200 25 "-" "Mozilla/5.0 (compatible; SiteExplorer/1.0b; +http://siteexplorer.info/)"
192.55.54.41 - - [19/Aug/2013:19:50:14 -0400] "GET /scripts/ic_globals_published.js HTTP/1.1" 200 566 "http://www.victoriancookies.com/home.html" "Mozilla/4.0 (compatible; MSIE 8.0; Windows NT 6.1; WOW64; Trident/4.0; SLCC2; .NET CLR 2.0.50727; .NET CLR 3.5.30729; .NET CLR 3.0.30729; .NET CLR 1.1.4322; .NET4.0C; .NET4.0E; MS-RTC LM 8; InfoPath.3)"
157.55.33.182 - - [19/Aug/2013:20:58:49 -0400] "GET / HTTP/1.1" 304 - "-" "Mozilla/5.0 (compatible; bingbot/2.0; +http://www.bing.com/bingbot.htm)"
157.56.92.155 - - [19/Aug/2013:23:52:31 -0400] "GET /robots.txt HTTP/1.1" 200 25 "-" "Mozilla/5.0 (compatible; bingbot/2.0; +http://www.bing.com/bingbot.htm)"
180.76.5.60 - - [19/Aug/2013:15:19:22 -0400] "GET /home.html HTTP/1.1" 200 21338 "-" "Mozilla/5.0 (compatible; Baiduspider/2.0; +http://www.baidu.com/search/spider.html)"
220.181.108.113 - - [19/Aug/2013:18:05:35 -0400] "GET /scripts/ic_globals_published.js HTTP/1.1" 200 566 "http://www.victoriancookies.com/victoriancookies.html" "Mozilla/5.0 (X11; U; Linux x86_64; en-US; rv:1.9) Gecko Minefield/3.0"
180.76.5.88 - - [19/Aug/2013:06:58:15 -0400] "GET /scripts/6.css HTTP/1.1" 200 318 "-" "Mozilla/5.0 (compatible; Baiduspider/2.0; +http://www.baidu.com/search/spider.html)"
192.55.54.41 - - [19/Aug/2013:19:50:14 -0400] "GET /images/265_P1000223.JPG HTTP/1.1" 200 14902 "http://www.victoriancookies.com/home.html" "Mozilla/4.0 (compatible; MSIE 8.0; Windows NT 6.1; WOW64; Trident/4.0; SLCC2; .NET CLR 2.0.50727; .NET CLR 3.5.30729; .NET CLR 3.0.30729; .NET CLR 1.1.4322; .NET4.0C; .NET4.0E; MS-RTC LM 8; InfoPath.3)"
220.181.89.166 - - [19/Aug/2013:09:59:50 -0400] "GET / HTTP/1.1" 304 - "-" "Sogou web spider/4.0(+http://www.sogou.com/docs/help/webmasters.htm#07)"
66.249.72.163 - - [19/Aug/2013:10:11:42 -0400] "GET /mainstrusa.html HTTP/1.1" 304 - "-" "Mozilla/5.0 (iPhone; U; CPU iPhone OS 4_1 like Mac OS X; en-us) AppleWebKit/532.9 (KHTML, like Gecko) Version/4.0.5 Mobile/8B117 Safari/6531.22.7 (compatible; Googlebot-Mobile/2.1; +http://www.google.com/bot.html)"
208.115.111.66 - - [19/Aug/2013:11:52:02 -0400] "GET /robots.txt HTTP/1.1" 200 25 "-" "Mozilla/5.0 (compatible; Ezooms/1.0; ezooms.bot@gmail.com)"
192.55.54.41 - - [19/Aug/2013:19:50:14 -0400] "GET /images/478_SAVE0034.JPG HTTP/1.1" 200 13601 "http://www.victoriancookies.com/home.html" "Mozilla/4.0 (compatible; MSIE 8.0; Windows NT 6.1; WOW64; Trident/4.0; SLCC2; .NET CLR 2.0.50727; .NET CLR 3.5.30729; .NET CLR 3.0.30729; .NET CLR 1.1.4322; .NET4.0C; .NET4.0E; MS-RTC LM 8; InfoPath.3)"
173.192.235.226 - - [19/Aug/2013:03:24:54 -0400] "GET /robots.txt HTTP/1.1" 200 25 "-" "Mozilla/5.0 (compatible; SiteExplorer/1.0b; +http://siteexplorer.info/)"
157.55.33.182 - - [19/Aug/2013:00:05:43 -0400] "GET /robots.txt HTTP/1.1" 200 25 "-" "Mozilla/5.0 (compatible; bingbot/2.0; +http://www.bing.com/bingbot.htm)"
84.95.88.100 - - [19/Aug/2013:21:28:34 -0400] "GET / HTTP/1.1" 200 23059 "-" "Pandora/3.1.13 CFNetwork/485.12.30 Darwin/10.4.0"
100.43.83.129 - - [19/Aug/2013:03:12:05 -0400] "GET /robots.txt HTTP/1.1" 200 25 "-" "Mozilla/5.0 (compatible; YandexBot/3.0; +http://yandex.com/bots)"
123.125.71.17 - - [19/Aug/2013:12:14:38 -0400] "GET / HTTP/1.1" 200 23059 "-" "Mozilla/5.0 (compatible; Baiduspider/2.0; +http://www.baidu.com/search/spider.html)"
157.55.33.182 - - [19/Aug/2013:00:06:36 -0400] "GET / HTTP/1.1" 200 23059 "-" "Mozilla/5.0 (compatible; bingbot/2.0; +http://www.bing.com/bingbot.htm)"
5.43.179.76 - - [19/Aug/2013:15:54:03 -0400] "GET /images/100_CAC-doraa.jpg HTTP/1.1" 200 5156 "http://www.google.hr/blank.html" "Mozilla/5.0 (Windows NT 6.1; WOW64) AppleWebKit/537.36 (KHTML, like Gecko) Chrome/28.0.1500.95 Safari/537.36"
5.43.179.76 - - [19/Aug/2013:15:54:04 -0400] "GET /ucoloracookie.html HTTP/1.1" 200 39764 "http://www.google.hr/imgres?imgurl=http://42.img.v4.skyrock.net/0818/69930818/pics/2810038734_1.jpg&imgrefurl=http://rizlane-htp-67.skyrock.com/&h=432&w=338&sz=23&tbnid=7qZiD-wX5kWH-M:&tbnh=91&tbnw=71&prev=/search%3Fq%3Ddoraa%26tbm%3Disch%26tbo%3Du&zoom=1&q=doraa&usg=__JRiKcQV9WHUHSBp3wLpr4uYiwmM=&docid=_zwfAmay66RsKM&sa=X&ei=qncSUujVNMyshQfjwIGgAw&sqi=2&ved=0CE0Q9QEwCA&dur=1404" "Mozilla/5.0 (Windows NT 6.1; WOW64) AppleWebKit/537.36 (KHTML, like Gecko) Chrome/28.0.1500.95 Safari/537.36"
5.43.179.76 - - [19/Aug/2013:15:54:05 -0400] "GET /scripts/ic_globals_published.js HTTP/1.1" 200 566 "http://www.victoriancookies.com/ucoloracookie.html" "Mozilla/5.0 (Windows NT 6.1; WOW64) AppleWebKit/537.36 (KHTML, like Gecko) Chrome/28.0.1500.95 Safari/537.36"
5.43.179.76 - - [19/Aug/2013:15:54:05 -0400] "GET /scripts/icwebsiteelement.css HTTP/1.1" 200 8132 "http://www.victoriancookies.com/ucoloracookie.html" "Mozilla/5.0 (Windows NT 6.1; WOW64) AppleWebKit/537.36 (KHTML, like Gecko) Chrome/28.0.1500.95 Safari/537.36"
5.43.179.76 - - [19/Aug/2013:15:54:06 -0400] "GET /images/100_CAC-supermana.jpg HTTP/1.1" 200 6131 "http://www.victoriancookies.com/ucoloracookie.html" "Mozilla/5.0 (Windows NT 6.1; WOW64) AppleWebKit/537.36 (KHTML, like Gecko) Chrome/28.0.1500.95 Safari/537.36"
5.43.179.76 - - [19/Aug/2013:15:54:06 -0400] "GET /images/100_CAC-spongeboba.jpg HTTP/1.1" 200 5202 "http://www.victoriancookies.com/ucoloracookie.html" "Mozilla/5.0 (Windows NT 6.1; WOW64) AppleWebKit/537.36 (KHTML, like Gecko) Chrome/28.0.1500.95 Safari/537.36"
5.43.179.76 - - [19/Aug/2013:15:54:07 -0400] "GET /images/100_CAC-madagascara.jpg HTTP/1.1" 200 6045 "http://www.victoriancookies.com/ucoloracookie.html" "Mozilla/5.0 (Windows NT 6.1; WOW64) AppleWebKit/537.36 (KHTML, like Gecko) Chrome/28.0.1500.95 Safari/537.36"
192.55.54.41 - - [19/Aug/2013:19:50:14 -0400] "GET /scripts/user.js HTTP/1.1" 200 23762 "http://www.victoriancookies.com/home.html" "Mozilla/4.0 (compatible; MSIE 8.0; Windows NT 6.1; WOW64; Trident/4.0; SLCC2; .NET CLR 2.0.50727; .NET CLR 3.5.30729; .NET CLR 3.0.30729; .NET CLR 1.1.4322; .NET4.0C; .NET4.0E; MS-RTC LM 8; InfoPath.3)"
157.55.33.123 - - [19/Aug/2013:12:17:40 -0400] "GET / HTTP/1.1" 200 23059 "-" "Mozilla/5.0 (compatible; bingbot/2.0; +http://www.bing.com/bingbot.htm)"
220.181.108.118 - - [19/Aug/2013:18:04:13 -0400] "GET /scripts/user.js HTTP/1.1" 200 23762 "http://www.victoriancookies.com/" "Mozilla/5.0 (X11; U; Linux x86_64; en-US; rv:1.9) Gecko Minefield/3.0"
192.55.55.39 - - [19/Aug/2013:19:50:14 -0400] "GET /scripts/photoalbum.js HTTP/1.1" 200 62481 "http://www.victoriancookies.com/home.html" "Mozilla/4.0 (compatible; MSIE 8.0; Windows NT 6.1; WOW64; Trident/4.0; SLCC2; .NET CLR 2.0.50727; .NET CLR 3.5.30729; .NET CLR 3.0.30729; .NET CLR 1.1.4322; .NET4.0C; .NET4.0E; MS-RTC LM 8; InfoPath.3)"
192.55.55.39 - - [19/Aug/2013:19:50:15 -0400] "GET /images/ic_052_body_bg.jpg HTTP/1.1" 200 21787 "http://www.victoriancookies.com/home.html" "Mozilla/4.0 (compatible; MSIE 8.0; Windows NT 6.1; WOW64; Trident/4.0; SLCC2; .NET CLR 2.0.50727; .NET CLR 3.5.30729; .NET CLR 3.0.30729; .NET CLR 1.1.4322; .NET4.0C; .NET4.0E; MS-RTC LM 8; InfoPath.3)"
192.55.55.39 - - [19/Aug/2013:19:50:15 -0400] "GET /images/ic_052_accent-cover.png HTTP/1.1" 200 14028 "http://www.victoriancookies.com/home.html" "Mozilla/4.0 (compatible; MSIE 8.0; Windows NT 6.1; WOW64; Trident/4.0; SLCC2; .NET CLR 2.0.50727; .NET CLR 3.5.30729; .NET CLR 3.0.30729; .NET CLR 1.1.4322; .NET4.0C; .NET4.0E; MS-RTC LM 8; InfoPath.3)"
192.55.55.39 - - [19/Aug/2013:19:50:15 -0400] "GET /images/478_SAVE0034.JPG HTTP/1.1" 200 13601 "http://www.victoriancookies.com/home.html" "Mozilla/4.0 (compatible; MSIE 8.0; Windows NT 6.1; WOW64; Trident/4.0; SLCC2; .NET CLR 2.0.50727; .NET CLR 3.5.30729; .NET CLR 3.0.30729; .NET CLR 1.1.4322; .NET4.0C; .NET4.0E; MS-RTC LM 8; InfoPath.3)"
192.55.55.39 - - [19/Aug/2013:19:50:15 -0400] "GET /images/spacer.gif HTTP/1.1" 200 43 "http://www.victoriancookies.com/home.html" "Mozilla/4.0 (compatible; MSIE 8.0; Windows NT 6.1; WOW64; Trident/4.0; SLCC2; .NET CLR 2.0.50727; .NET CLR 3.5.30729; .NET CLR 3.0.30729; .NET CLR 1.1.4322; .NET4.0C; .NET4.0E; MS-RTC LM 8; InfoPath.3)"
157.56.92.141 - - [19/Aug/2013:00:09:29 -0400] "GET /robots.txt HTTP/1.1" 200 25 "-" "Mozilla/5.0 (compatible; bingbot/2.0; +http://www.bing.com/bingbot.htm)"
220.181.108.100 - - [19/Aug/2013:18:05:37 -0400] "GET /scripts/photoalbum.js HTTP/1.1" 200 62481 "http://www.victoriancookies.com/victoriancookies.html" "Mozilla/5.0 (X11; U; Linux x86_64; en-US; rv:1.9) Gecko Minefield/3.0"
173.199.114.123 - - [19/Aug/2013:14:22:42 -0400] "GET /linksofinterest.html HTTP/1.1" 200 9321 "-" "Mozilla/5.0 (compatible; AhrefsBot/4.0; +http://ahrefs.com/robot/)"
220.181.108.103 - - [19/Aug/2013:22:01:22 -0400] "GET / HTTP/1.1" 200 23059 "-" "Mozilla/5.0 (compatible; Baiduspider/2.0; +http://www.baidu.com/search/spider.html)"
173.199.114.123 - - [19/Aug/2013:03:51:46 -0400] "GET /mainstrusa.html HTTP/1.1" 200 14699 "-" "Mozilla/5.0 (compatible; AhrefsBot/4.0; +http://ahrefs.com/robot/)"
157.55.33.182 - - [19/Aug/2013:20:58:20 -0400] "GET /robots.txt HTTP/1.1" 200 25 "-" "Mozilla/5.0 (compatible; bingbot/2.0; +http://www.bing.com/bingbot.htm)"
157.55.33.182 - - [19/Aug/2013:09:11:13 -0400] "GET / HTTP/1.1" 200 23059 "-" "Mozilla/5.0 (compatible; bingbot/2.0; +http://www.bing.com/bingbot.htm)"
83.149.126.98 - - [19/Aug/2013:10:56:40 -0400] "GET /robots.txt HTTP/1.0" 200 25 "-" "Mozilla/5.0 (compatible; MJ12bot/v1.4.3; http://www.majestic12.co.uk/bot.php?+)"
173.199.114.123 - - [19/Aug/2013:06:26:14 -0400] "GET /ucoloracookie/page1.html HTTP/1.1" 200 5880 "-" "Mozilla/5.0 (compatible; AhrefsBot/4.0; +http://ahrefs.com/robot/)"
66.249.72.163 - - [19/Aug/2013:13:58:40 -0400] "GET / HTTP/1.1" 200 23059 "-" "Mozilla/5.0 (compatible; Googlebot/2.1; +http://www.google.com/bot.html)"
5.43.179.76 - - [19/Aug/2013:15:54:05 -0400] "GET /scripts/6custom.css HTTP/1.1" 200 7557 "http://www.victoriancookies.com/ucoloracookie.html" "Mozilla/5.0 (Windows NT 6.1; WOW64) AppleWebKit/537.36 (KHTML, like Gecko) Chrome/28.0.1500.95 Safari/537.36"
5.43.179.76 - - [19/Aug/2013:15:54:06 -0400] "GET /images/100_CAC-princessa.jpg HTTP/1.1" 200 5787 "http://www.victoriancookies.com/ucoloracookie.html" "Mozilla/5.0 (Windows NT 6.1; WOW64) AppleWebKit/537.36 (KHTML, like Gecko) Chrome/28.0.1500.95 Safari/537.36"
5.43.179.76 - - [19/Aug/2013:15:54:06 -0400] "GET /images/44.jpg HTTP/1.1" 200 5502 "http://www.victoriancookies.com/ucoloracookie.html" "Mozilla/5.0 (Windows NT 6.1; WOW64) AppleWebKit/537.36 (KHTML, like Gecko) Chrome/28.0.1500.95 Safari/537.36"
5.43.179.76 - - [19/Aug/2013:15:54:07 -0400] "GET /images/100_CAC-carsa.jpg HTTP/1.1" 200 6351 "http://www.victoriancookies.com/ucoloracookie.html" "Mozilla/5.0 (Windows NT 6.1; WOW64) AppleWebKit/537.36 (KHTML, like Gecko) Chrome/28.0.1500.95 Safari/537.36"
192.55.54.41 - - [19/Aug/2013:19:50:14 -0400] "GET /scripts/print.css HTTP/1.1" 200 - "http://www.victoriancookies.com/home.html" "Mozilla/4.0 (compatible; MSIE 8.0; Windows NT 6.1; WOW64; Trident/4.0; SLCC2; .NET CLR 2.0.50727; .NET CLR 3.5.30729; .NET CLR 3.0.30729; .NET CLR 1.1.4322; .NET4.0C; .NET4.0E; MS-RTC LM 8; InfoPath.3)"
100.43.83.129 - - [19/Aug/2013:11:23:36 -0400] "GET /contactus.html HTTP/1.1" 200 15761 "-" "Mozilla/5.0 (compatible; YandexBot/3.0; +http://yandex.com/bots)"