202.46.57.143 - - [12/Aug/2013:21:04:17 -0400] "GET /aboutus/css/css/dropdown/themes/nvidia.com/default.advanced.css HTTP/1.1" 200 6782 "-" "Mozilla/5.0 (Windows; U; Windows NT 5.1; zh-CN; rv:1.9.1.2) Firefox/3.5.2"
5.10.83.81 - - [12/Aug/2013:21:46:44 -0400] "GET //consulting/contact_us HTTP/1.1" 200 6782 "-" "Mozilla/5.0 (compatible; AhrefsBot/5.0; +http://ahrefs.com/robot/)"
65.55.24.246 - - [12/Aug/2013:00:14:09 -0400] "GET /about_us/contact_us HTTP/1.1" 200 6782 "-" "Mozilla/5.0 (compatible; bingbot/2.0; +http://www.bing.com/bingbot.htm)"
5.63.151.190 - - [12/Aug/2013:00:58:40 -0400] "HEAD / HTTP/1.1" 200 - "-" "checks.panopta.com"
71.159.229.128 - - [12/Aug/2013:02:25:52 -0400] "GET /css/dropdown/themes/nvidia.com/default.advanced.css HTTP/1.1" 200 1342 "http://www.warnerconsultinggroup.com/" "Mozilla/5.0 (Windows NT 6.1; WOW64) AppleWebKit/537.36 (KHTML, like Gecko) Chrome/28.0.1500.95 Safari/537.36"
71.159.229.128 - - [12/Aug/2013:02:25:52 -0400] "GET /images/twitr.png HTTP/1.1" 200 1543 "http://www.warnerconsultinggroup.com/" "Mozilla/5.0 (Windows NT 6.1; WOW64) AppleWebKit/537.36 (KHTML, like Gecko) Chrome/28.0.1500.95 Safari/537.36"
71.159.229.128 - - [12/Aug/2013:02:25:52 -0400] "GET /images/gallery/services-2.jpg HTTP/1.1" 200 13974 "http://www.warnerconsultinggroup.com/" "Mozilla/5.0 (Windows NT 6.1; WOW64) AppleWebKit/537.36 (KHTML, like Gecko) Chrome/28.0.1500.95 Safari/537.36"
71.159.229.128 - - [12/Aug/2013:02:25:53 -0400] "GET /images/social-bg.png HTTP/1.1" 200 3056 "http://www.warnerconsultinggroup.com/" "Mozilla/5.0 (Windows NT 6.1; WOW64) AppleWebKit/537.36 (KHTML, like Gecko) Chrome/28.0.1500.95 Safari/537.36"
71.159.229.128 - - [12/Aug/2013:02:25:53 -0400] "GET /images/sep.jpg HTTP/1.1" 200 2186 "http://www.warnerconsultinggroup.com/" "Mozilla/5.0 (Windows NT 6.1; WOW64) AppleWebKit/537.36 (KHTML, like Gecko) Chrome/28.0.1500.95 Safari/537.36"
71.159.229.128 - - [12/Aug/2013:02:25:53 -0400] "GET /images/btn-readmore.jpg HTTP/1.1" 200 1587 "http://www.warnerconsultinggroup.com/" "Mozilla/5.0 (Windows NT 6.1; WOW64) AppleWebKit/537.36 (KHTML, like Gecko) Chrome/28.0.1500.95 Safari/537.36"
71.159.229.128 - - [12/Aug/2013:02:25:53 -0400] "GET /images/footer-bg.jpg HTTP/1.1" 200 1167 "http://www.warnerconsultinggroup.com/" "Mozilla/5.0 (Windows NT 6.1; WOW64) AppleWebKit/537.36 (KHTML, like Gecko) Chrome/28.0.1500.95 Safari/537.36"
71.159.229.128 - - [12/Aug/2013:02:25:56 -0400] "GET /images/nav-left.png HTTP/1.1" 200 1223 "http://www.warnerconsultinggroup.com/" "Mozilla/5.0 (Windows NT 6.1; WOW64) AppleWebKit/537.36 (KHTML, like Gecko) Chrome/28.0.1500.95 Safari/537.36"
66.249.73.124 - - [12/Aug/2013:06:10:58 -0400] "GET /robots.txt HTTP/1.1" 200 6782 "-" "Mozilla/5.0 (compatible; Googlebot/2.1; +http://www.google.com/bot.html)"
173.13.222.49 - - [12/Aug/2013:07:42:52 -0400] "GET //js/jquery-1.3.2.min.js HTTP/1.1" 200 57254 "http://www.warnerconsultinggroup.com//contact_us" "Mozilla/5.0 (compatible; MSIE 10.0; Windows NT 6.2; WOW64; Trident/6.0)"
173.13.222.49 - - [12/Aug/2013:07:42:52 -0400] "GET //images/footer-bg.jpg HTTP/1.1" 200 1167 "http://www.warnerconsultinggroup.com//contact_us" "Mozilla/5.0 (compatible; MSIE 10.0; Windows NT 6.2; WOW64; Trident/6.0)"
100.43.83.144 - - [12/Aug/2013:12:00:52 -0400] "GET /robots.txt HTTP/1.1" 200 6782 "-" "Mozilla/5.0 (compatible; YandexBot/3.0; +http://yandex.com/bots)"
173.199.114.147 - - [12/Aug/2013:16:10:29 -0400] "GET /images/consulting HTTP/1.1" 200 6782 "-" "Mozilla/5.0 (compatible; AhrefsBot/4.0; +http://ahrefs.com/robot/)"
198.105.219.58 - - [12/Aug/2013:16:42:29 -0400] "HEAD / HTTP/1.1" 200 - "-" "checks.panopta.com"
5.63.151.190 - - [12/Aug/2013:17:42:23 -0400] "HEAD / HTTP/1.1" 200 - "-" "checks.panopta.com"
173.199.114.147 - - [12/Aug/2013:09:32:29 -0400] "GET / HTTP/1.1" 200 9018 "-" "Mozilla/5.0 (compatible; AhrefsBot/4.0; +http://ahrefs.com/robot/)"
198.199.66.52 - - [12/Aug/2013:09:52:54 -0400] "GET /consulting HTTP/1.1" 200 14034 "-" "Mozilla/5.0 (Windows NT 6.1; WOW64; rv:21.0) Gecko/20100101 Firefox/21.0"
198.199.66.52 - - [12/Aug/2013:09:52:54 -0400] "GET /creating_efficiency HTTP/1.1" 200 11923 "-" "Mozilla/5.0 (Windows NT 6.1; WOW64; rv:21.0) Gecko/20100101 Firefox/21.0"
70.62.7.2 - - [12/Aug/2013:10:04:45 -0400] "GET //images/social-head.png HTTP/1.1" 200 2344 "http://www.warnerconsultinggroup.com//about_us/meet_the_team" "Mozilla/5.0 (compatible; MSIE 10.0; Windows NT 6.1; WOW64; Trident/6.0)"
70.62.7.2 - - [12/Aug/2013:10:04:45 -0400] "GET //images/twitr.png HTTP/1.1" 200 1543 "http://www.warnerconsultinggroup.com//about_us/meet_the_team" "Mozilla/5.0 (compatible; MSIE 10.0; Windows NT 6.1; WOW64; Trident/6.0)"
70.62.7.2 - - [12/Aug/2013:10:04:45 -0400] "GET //images/theteam/Chris.jpg HTTP/1.1" 200 14530 "http://www.warnerconsultinggroup.com//about_us/meet_the_team" "Mozilla/5.0 (compatible; MSIE 10.0; Windows NT 6.1; WOW64; Trident/6.0)"
70.62.7.2 - - [12/Aug/2013:10:04:45 -0400] "GET //css/diQuery-collapsiblePanel.css HTTP/1.1" 200 506 "http://www.warnerconsultinggroup.com//about_us/meet_the_team" "Mozilla/5.0 (compatible; MSIE 10.0; Windows NT 6.1; WOW64; Trident/6.0)"
70.62.7.2 - - [12/Aug/2013:10:04:45 -0400] "GET //css/dropdown/themes/nvidia.com/default.css HTTP/1.1" 200 1866 "http://www.warnerconsultinggroup.com//about_us/meet_the_team" "Mozilla/5.0 (compatible; MSIE 10.0; Windows NT 6.1; WOW64; Trident/6.0)"
70.62.7.2 - - [12/Aug/2013:10:04:47 -0400] "GET //images/footer-bg.jpg HTTP/1.1" 200 1167 "http://www.warnerconsultinggroup.com//about_us/meet_the_team" "Mozilla/5.0 (compatible; MSIE 10.0; Windows NT 6.1; WOW64; Trident/6.0)"
63.131.59.107 - - [12/Aug/2013:11:57:18 -0400] "GET / HTTP/1.1" 200 9018 "http://www.google.com/url?sa=t&rct=j&q=&esrc=s&frm=1&source=web&cd=1&ved=0CC4QFjAA&url=http%3A%2F%2Fwww.warnerconsultinggroup.com%2F&ei=tgUJUoWMMemuyAG51YD4Dw&usg=AFQjCNFn_pMzUjkkAXCW_ESS-q7bg9f65g&sig2=TSlI1MS-SU4Zyr4VlJgjXg" "Mozilla/5.0 (compatible; MSIE 10.0; Windows NT 6.1; WOW64; Trident/6.0)"
63.131.59.107 - - [12/Aug/2013:11:57:21 -0400] "GET /images/nav-left.png HTTP/1.1" 200 1223 "http://www.warnerconsultinggroup.com/" "Mozilla/5.0 (compatible; MSIE 10.0; Windows NT 6.1; WOW64; Trident/6.0)"
5.63.151.190 - - [12/Aug/2013:01:13:43 -0400] "HEAD / HTTP/1.1" 200 - "-" "checks.panopta.com"
71.159.229.128 - - [12/Aug/2013:02:26:07 -0400] "GET //images/theteam/2-Pam.jpg HTTP/1.1" 200 2813 "http://www.warnerconsultinggroup.com//about_us/meet_the_team" "Mozilla/5.0 (Windows NT 6.1; WOW64) AppleWebKit/537.36 (KHTML, like Gecko) Chrome/28.0.1500.95 Safari/537.36"
71.159.229.128 - - [12/Aug/2013:02:26:07 -0400] "GET /images/image1.jpg HTTP/1.1" 206 1 "http://www.warnerconsultinggroup.com/a.html" "Mozilla/5.0 (Windows NT 6.1; WOW64) AppleWebKit/537.36 (KHTML, like Gecko) Chrome/28.0.1500.95 Safari/537.36"
71.159.229.128 - - [12/Aug/2013:02:26:07 -0400] "GET /images/image1.jpg HTTP/1.1" 206 26247 "http://www.warnerconsultinggroup.com/a.html" "Mozilla/5.0 (Windows NT 6.1; WOW64) AppleWebKit/537.36 (KHTML, like Gecko) Chrome/28.0.1500.95 Safari/537.36"
198.105.219.58 - - [12/Aug/2013:18:57:54 -0400] "HEAD / HTTP/1.1" 200 - "-" "checks.panopta.com"
46.119.118.152 - - [12/Aug/2013:20:59:53 -0400] "GET / HTTP/1.1" 200 9018 "http://master-muznachas.ru/" "Mozilla/4.0 (compatible; MSIE 6.0; Windows NT 5.1; SV1; .NET CLR 1.1.4322)"
173.13.222.49 - - [12/Aug/2013:07:42:52 -0400] "GET //css/diQuery-collapsiblePanel.css HTTP/1.1" 200 506 "http://www.warnerconsultinggroup.com//contact_us" "Mozilla/5.0 (compatible; MSIE 10.0; Windows NT 6.2; WOW64; Trident/6.0)"
173.13.222.49 - - [12/Aug/2013:07:42:52 -0400] "GET //images/logo.jpg HTTP/1.1" 200 6004 "http://www.warnerconsultinggroup.com//contact_us" "Mozilla/5.0 (compatible; MSIE 10.0; Windows NT 6.2; WOW64; Trident/6.0)"
173.13.222.49 - - [12/Aug/2013:07:42:52 -0400] "GET //images/bg.jpg HTTP/1.1" 200 94591 "http://www.warnerconsultinggroup.com//contact_us" "Mozilla/5.0 (compatible; MSIE 10.0; Windows NT 6.2; WOW64; Trident/6.0)"
173.13.222.49 - - [12/Aug/2013:07:42:52 -0400] "GET /favicon.ico HTTP/1.1" 404 9018 "-" "Mozilla/5.0 (compatible; MSIE 10.0; Windows NT 6.2; Win64; x64; Trident/6.0)"
157.55.35.31 - - [12/Aug/2013:08:04:38 -0400] "GET /robots.txt HTTP/1.1" 200 6782 "-" "Mozilla/5.0 (compatible; bingbot/2.0; +http://www.bing.com/bingbot.htm)"
157.55.35.31 - - [12/Aug/2013:08:05:33 -0400] "GET /clients.html HTTP/1.1" 200 6782 "-" "Mozilla/5.0 (compatible; bingbot/2.0; +http://www.bing.com/bingbot.htm)"
64.183.4.2 - - [12/Aug/2013:13:34:58 -0400] "GET //images/nav-right.png HTTP/1.1" 200 1282 "http://www.warnerconsultinggroup.com//about_us/meet_the_team" "Mozilla/5.0 (Windows NT 5.1) AppleWebKit/537.36 (KHTML, like Gecko) Chrome/28.0.1500.95 Safari/537.36"
64.183.4.2 - - [12/Aug/2013:13:35:38 -0400] "GET //about_us/meet_the_team HTTP/1.1" 200 23851 "http://www.warnerconsultinggroup.com/" "Mozilla/5.0 (Windows NT 5.1) AppleWebKit/537.36 (KHTML, like Gecko) Chrome/28.0.1500.95 Safari/537.36"
64.183.4.2 - - [12/Aug/2013:13:35:40 -0400] "GET /favicon.ico HTTP/1.1" 404 9018 "-" "Mozilla/5.0 (Windows NT 5.1) AppleWebKit/537.36 (KHTML, like Gecko) Chrome/28.0.1500.95 Safari/537.36"
64.183.4.2 - - [12/Aug/2013:13:35:41 -0400] "GET / HTTP/1.1" 200 9018 "-" "Mozilla/5.0 (Windows NT 5.1) AppleWebKit/537.36 (KHTML, like Gecko) Chrome/28.0.1500.95 Safari/537.36"
64.183.4.2 - - [12/Aug/2013:13:35:41 -0400] "GET /favicon.ico HTTP/1.1" 404 9018 "-" "Mozilla/5.0 (Windows NT 5.1) AppleWebKit/537.36 (KHTML, like Gecko) Chrome/28.0.1500.95 Safari/537.36"
178.137.128.238 - - [12/Aug/2013:14:09:09 -0400] "GET / HTTP/1.1" 200 9018 "http://rada.ru/souvenir/" "Mozilla/4.0 (compatible; MSIE 7.0b; Windows NT 6.0)"
46.118.126.194 - - [12/Aug/2013:21:32:12 -0400] "GET / HTTP/1.1" 200 9018 "http://moneycredits.ru/" "Mozilla/4.0 (compatible; MSIE 6.0; Windows NT 5.1; SV1; .NET CLR 1.1.4322)"
118.209.7.132 - - [12/Aug/2013:23:46:24 -0400] "GET / HTTP/1.1" 200 9018 "-" "Mozilla/5.0 (iPad; CPU OS 6_1_3 like Mac OS X) AppleWebKit/536.26 (KHTML, like Gecko) Version/6.0 Mobile/10B329 Safari/8536.25"
118.209.7.132 - - [12/Aug/2013:23:46:27 -0400] "GET /images/social-head.png HTTP/1.1" 200 2344 "http://www.warnerconsultinggroup.com/" "Mozilla/5.0 (iPad; CPU OS 6_1_3 like Mac OS X) AppleWebKit/536.26 (KHTML, like Gecko) Version/6.0 Mobile/10B329 Safari/8536.25"
118.209.7.132 - - [12/Aug/2013:23:46:27 -0400] "GET /images/head-welcome.jpg HTTP/1.1" 200 15302 "http://www.warnerconsultinggroup.com/" "Mozilla/5.0 (iPad; CPU OS 6_1_3 like Mac OS X) AppleWebKit/536.26 (KHTML, like Gecko) Version/6.0 Mobile/10B329 Safari/8536.25"
118.209.7.132 - - [12/Aug/2013:23:46:28 -0400] "GET /images/footer-sep.jpg HTTP/1.1" 200 1127 "http://www.warnerconsultinggroup.com/" "Mozilla/5.0 (iPad; CPU OS 6_1_3 like Mac OS X) AppleWebKit/536.26 (KHTML, like Gecko) Version/6.0 Mobile/10B329 Safari/8536.25"
23.22.8.238 - - [12/Aug/2013:03:23:23 -0400] "GET /clients HTTP/1.1" 200 22072 "http://www.google.com" "Mozilla/5.0 Macintosh Intel Mac OS X 10_7_4 AppleWebKit/536.11 KHTML, like Gecko Chrome/20.0.1132.57 Safari/536.11"
100.43.83.144 - - [12/Aug/2013:04:12:41 -0400] "GET /robots.txt HTTP/1.1" 200 6782 "-" "Mozilla/5.0 (compatible; YandexBot/3.0; +http://yandex.com/bots)"
66.249.72.181 - - [12/Aug/2013:22:06:27 -0400] "GET /robots.txt HTTP/1.1" 200 6782 "-" "Mozilla/5.0 (compatible; Googlebot/2.1; +http://www.google.com/bot.html)"
71.159.229.128 - - [12/Aug/2013:02:25:59 -0400] "GET //js/jquery-1.3.2.min.js HTTP/1.1" 200 57254 "http://www.warnerconsultinggroup.com//contact_us" "Mozilla/5.0 (Windows NT 6.1; WOW64) AppleWebKit/537.36 (KHTML, like Gecko) Chrome/28.0.1500.95 Safari/537.36"
71.159.229.128 - - [12/Aug/2013:02:26:00 -0400] "GET //images/logo.jpg HTTP/1.1" 200 6004 "http://www.warnerconsultinggroup.com//contact_us" "Mozilla/5.0 (Windows NT 6.1; WOW64) AppleWebKit/537.36 (KHTML, like Gecko) Chrome/28.0.1500.95 Safari/537.36"
71.159.229.128 - - [12/Aug/2013:02:26:00 -0400] "GET //images/right-box-mid.png HTTP/1.1" 200 134 "http://www.warnerconsultinggroup.com//contact_us" "Mozilla/5.0 (Windows NT 6.1; WOW64) AppleWebKit/537.36 (KHTML, like Gecko) Chrome/28.0.1500.95 Safari/537.36"
71.159.229.128 - - [12/Aug/2013:02:26:01 -0400] "GET //images/footer-sep.jpg HTTP/1.1" 200 1127 "http://www.warnerconsultinggroup.com//contact_us" "Mozilla/5.0 (Windows NT 6.1; WOW64) AppleWebKit/537.36 (KHTML, like Gecko) Chrome/28.0.1500.95 Safari/537.36"
173.13.222.49 - - [12/Aug/2013:07:42:52 -0400] "GET //css/dropdown/dropdown.css HTTP/1.1" 200 1026 "http://www.warnerconsultinggroup.com//contact_us" "Mozilla/5.0 (compatible; MSIE 10.0; Windows NT 6.2; WOW64; Trident/6.0)"
173.13.222.49 - - [12/Aug/2013:07:42:52 -0400] "GET //images/fb.png HTTP/1.1" 200 1264 "http://www.warnerconsultinggroup.com//contact_us" "Mozilla/5.0 (compatible; MSIE 10.0; Windows NT 6.2; WOW64; Trident/6.0)"
173.13.222.49 - - [12/Aug/2013:07:42:52 -0400] "GET //css/dropdown/themes/nvidia.com/default.css HTTP/1.1" 200 1866 "http://www.warnerconsultinggroup.com//contact_us" "Mozilla/5.0 (compatible; MSIE 10.0; Windows NT 6.2; WOW64; Trident/6.0)"
173.13.222.49 - - [12/Aug/2013:07:42:52 -0400] "GET //images/right-box-mid.png HTTP/1.1" 200 134 "http://www.warnerconsultinggroup.com//contact_us" "Mozilla/5.0 (compatible; MSIE 10.0; Windows NT 6.2; WOW64; Trident/6.0)"
173.13.222.49 - - [12/Aug/2013:07:42:52 -0400] "GET //images/right-box-bot.png HTTP/1.1" 200 411 "http://www.warnerconsultinggroup.com//contact_us" "Mozilla/5.0 (compatible; MSIE 10.0; Windows NT 6.2; WOW64; Trident/6.0)"
173.199.114.147 - - [12/Aug/2013:13:17:18 -0400] "GET //contact_us HTTP/1.1" 200 14972 "-" "Mozilla/5.0 (compatible; AhrefsBot/4.0; +http://ahrefs.com/robot/)"
74.218.10.66 - - [12/Aug/2013:14:17:47 -0400] "GET /images/gallery/services-3.jpg HTTP/1.1" 200 16546 "http://warnerconsultinggroup.com/" "Mozilla/5.0 (Macintosh; Intel Mac OS X 10_8_4) AppleWebKit/537.36 (KHTML, like Gecko) Chrome/28.0.1500.95 Safari/537.36"
74.218.10.66 - - [12/Aug/2013:14:17:48 -0400] "GET /images/image1.jpg HTTP/1.1" 200 88539 "http://www.warnerconsultinggroup.com/a.html" "Mozilla/5.0 (Macintosh; Intel Mac OS X 10_8_4) AppleWebKit/537.36 (KHTML, like Gecko) Chrome/28.0.1500.95 Safari/537.36"
74.218.10.66 - - [12/Aug/2013:14:17:50 -0400] "GET /images/image2.jpg HTTP/1.1" 200 106569 "http://www.warnerconsultinggroup.com/a.html" "Mozilla/5.0 (Macintosh; Intel Mac OS X 10_8_4) AppleWebKit/537.36 (KHTML, like Gecko) Chrome/28.0.1500.95 Safari/537.36"
157.55.35.31 - - [12/Aug/2013:14:33:51 -0400] "GET //images/social-bg.png HTTP/1.1" 200 3056 "-" "Mozilla/5.0 (compatible; bingbot/2.0; +http://www.bing.com/bingbot.htm)"
198.199.66.52 - - [12/Aug/2013:09:52:25 -0400] "GET / HTTP/1.1" 200 9018 "-" "Mozilla/5.0 (Windows NT 6.1; WOW64; rv:21.0) Gecko/20100101 Firefox/21.0"
37.139.52.23 - - [12/Aug/2013:10:55:30 -0400] "GET / HTTP/1.1" 200 9018 "http://moygarag.ru/" "Mozilla/4.0 (compatible; MSIE 5.01; Windows 95; MSIECrawler)"
5.63.151.190 - - [12/Aug/2013:11:08:56 -0400] "HEAD / HTTP/1.1" 200 - "-" "checks.panopta.com"
63.131.59.107 - - [12/Aug/2013:11:56:49 -0400] "GET /favicon.ico HTTP/1.1" 404 9018 "-" "Mozilla/5.0 (compatible; MSIE 10.0; Windows NT 6.1; Win64; x64; Trident/6.0)"
12.4.17.250 - - [12/Aug/2013:15:20:59 -0400] "GET /images/logo.jpg HTTP/1.1" 200 6004 "http://www.warnerconsultinggroup.com/" "Mozilla/5.0 (Windows NT 6.1) AppleWebKit/537.36 (KHTML, like Gecko) Chrome/28.0.1500.95 Safari/537.36"
12.4.17.250 - - [12/Aug/2013:15:20:59 -0400] "GET /css/dropdown/themes/nvidia.com/default.advanced.css HTTP/1.1" 200 1342 "http://www.warnerconsultinggroup.com/" "Mozilla/5.0 (Windows NT 6.1) AppleWebKit/537.36 (KHTML, like Gecko) Chrome/28.0.1500.95 Safari/537.36"
12.4.17.250 - - [12/Aug/2013:15:20:59 -0400] "GET /images/footer-sep.jpg HTTP/1.1" 200 1127 "http://www.warnerconsultinggroup.com/" "Mozilla/5.0 (Windows NT 6.1) AppleWebKit/537.36 (KHTML, like Gecko) Chrome/28.0.1500.95 Safari/537.36"
12.4.17.250 - - [12/Aug/2013:15:20:59 -0400] "GET /Scripts/swfobject/swfobject.js HTTP/1.1" 200 9759 "http://www.warnerconsultinggroup.com/a.html" "Mozilla/5.0 (Windows NT 6.1) AppleWebKit/537.36 (KHTML, like Gecko) Chrome/28.0.1500.95 Safari/537.36"
12.4.17.250 - - [12/Aug/2013:15:20:59 -0400] "GET /images/footer-bg.jpg HTTP/1.1" 200 1167 "http://www.warnerconsultinggroup.com/" "Mozilla/5.0 (Windows NT 6.1) AppleWebKit/537.36 (KHTML, like Gecko) Chrome/28.0.1500.95 Safari/537.36"
12.4.17.250 - - [12/Aug/2013:15:21:00 -0400] "GET /piecemaker.swf HTTP/1.1" 200 208139 "http://www.warnerconsultinggroup.com/a.html" "Mozilla/5.0 (Windows NT 6.1) AppleWebKit/537.36 (KHTML, like Gecko) Chrome/28.0.1500.95 Safari/537.36"
12.4.17.250 - - [12/Aug/2013:15:21:00 -0400] "GET /piecemaker1.xml HTTP/1.1" 200 1730 "http://www.warnerconsultinggroup.com/a.html" "Mozilla/5.0 (Windows NT 6.1) AppleWebKit/537.36 (KHTML, like Gecko) Chrome/28.0.1500.95 Safari/537.36"
12.4.17.250 - - [12/Aug/2013:15:21:00 -0400] "GET /piecemaker.css HTTP/1.1" 200 791 "http://www.warnerconsultinggroup.com/a.html" "Mozilla/5.0 (Windows NT 6.1) AppleWebKit/537.36 (KHTML, like Gecko) Chrome/28.0.1500.95 Safari/537.36"
12.4.17.250 - - [12/Aug/2013:15:21:00 -0400] "GET /images/image1.jpg HTTP/1.1" 200 88539 "http://www.warnerconsultinggroup.com/a.html" "Mozilla/5.0 (Windows NT 6.1) AppleWebKit/537.36 (KHTML, like Gecko) Chrome/28.0.1500.95 Safari/537.36"
12.4.17.250 - - [12/Aug/2013:15:21:00 -0400] "GET /images/image2.jpg HTTP/1.1" 200 106569 "http://www.warnerconsultinggroup.com/a.html" "Mozilla/5.0 (Windows NT 6.1) AppleWebKit/537.36 (KHTML, like Gecko) Chrome/28.0.1500.95 Safari/537.36"
12.4.17.250 - - [12/Aug/2013:15:21:00 -0400] "GET /images/image3.jpg HTTP/1.1" 200 85417 "http://www.warnerconsultinggroup.com/a.html" "Mozilla/5.0 (Windows NT 6.1) AppleWebKit/537.36 (KHTML, like Gecko) Chrome/28.0.1500.95 Safari/537.36"
12.4.17.250 - - [12/Aug/2013:15:21:13 -0400] "GET //css/dropdown/themes/nvidia.com/default.advanced.css HTTP/1.1" 200 1342 "http://www.warnerconsultinggroup.com//about_us/meet_the_team" "Mozilla/5.0 (Windows NT 6.1) AppleWebKit/537.36 (KHTML, like Gecko) Chrome/28.0.1500.95 Safari/537.36"
12.4.17.250 - - [12/Aug/2013:15:21:13 -0400] "GET //css/dropdown/themes/nvidia.com/default.css HTTP/1.1" 200 1866 "http://www.warnerconsultinggroup.com//about_us/meet_the_team" "Mozilla/5.0 (Windows NT 6.1) AppleWebKit/537.36 (KHTML, like Gecko) Chrome/28.0.1500.95 Safari/537.36"
12.4.17.250 - - [12/Aug/2013:15:21:15 -0400] "GET //images/logo.jpg HTTP/1.1" 200 6004 "http://www.warnerconsultinggroup.com//about_us/meet_the_team" "Mozilla/5.0 (Windows NT 6.1) AppleWebKit/537.36 (KHTML, like Gecko) Chrome/28.0.1500.95 Safari/537.36"
12.4.17.250 - - [12/Aug/2013:15:21:15 -0400] "GET //images/theteam/3-Kelly.jpg HTTP/1.1" 200 2815 "http://www.warnerconsultinggroup.com//about_us/meet_the_team" "Mozilla/5.0 (Windows NT 6.1) AppleWebKit/537.36 (KHTML, like Gecko) Chrome/28.0.1500.95 Safari/537.36"
12.4.17.250 - - [12/Aug/2013:15:21:15 -0400] "GET //images/bg.jpg HTTP/1.1" 200 94591 "http://www.warnerconsultinggroup.com//about_us/meet_the_team" "Mozilla/5.0 (Windows NT 6.1) AppleWebKit/537.36 (KHTML, like Gecko) Chrome/28.0.1500.95 Safari/537.36"
12.4.17.250 - - [12/Aug/2013:15:21:16 -0400] "GET /favicon.ico HTTP/1.1" 404 9018 "-" "Mozilla/5.0 (Windows NT 6.1) AppleWebKit/537.36 (KHTML, like Gecko) Chrome/28.0.1500.95 Safari/537.36"
208.66.27.34 - - [12/Aug/2013:16:38:40 -0400] "GET /images/fb.png HTTP/1.1" 200 1264 "http://www.warnerconsultinggroup.com/" "Mozilla/5.0 (Windows NT 5.1; rv:22.0) Gecko/20100101 Firefox/22.0"
208.66.27.34 - - [12/Aug/2013:16:39:53 -0400] "GET //images/footer-sep.jpg HTTP/1.1" 200 1127 "http://www.warnerconsultinggroup.com//contact_us" "Mozilla/5.0 (Windows NT 5.1; rv:22.0) Gecko/20100101 Firefox/22.0"
208.66.27.34 - - [12/Aug/2013:16:39:54 -0400] "GET //images/right-box-top.png HTTP/1.1" 200 617 "http://www.warnerconsultinggroup.com//css/style.css" "Mozilla/5.0 (Windows NT 5.1; rv:22.0) Gecko/20100101 Firefox/22.0"
208.66.27.34 - - [12/Aug/2013:16:39:54 -0400] "GET //images/inner-content-bot.png HTTP/1.1" 200 1411 "http://www.warnerconsultinggroup.com//css/style.css" "Mozilla/5.0 (Windows NT 5.1; rv:22.0) Gecko/20100101 Firefox/22.0"
66.249.72.181 - - [12/Aug/2013:16:57:21 -0400] "GET /robots.txt HTTP/1.1" 200 6782 "-" "Mozilla/5.0 (compatible; Googlebot/2.1; +http://www.google.com/bot.html)"
5.63.151.190 - - [12/Aug/2013:06:00:58 -0400] "HEAD / HTTP/1.1" 200 - "-" "checks.panopta.com"
173.13.222.49 - - [12/Aug/2013:07:43:16 -0400] "GET //images/theteam/Chris.jpg HTTP/1.1" 200 14530 "http://www.warnerconsultinggroup.com//about_us/meet_the_team" "Mozilla/5.0 (compatible; MSIE 10.0; Windows NT 6.2; WOW64; Trident/6.0)"
5.63.151.190 - - [12/Aug/2013:18:42:30 -0400] "HEAD / HTTP/1.1" 200 - "-" "checks.panopta.com"
5.63.151.190 - - [12/Aug/2013:03:14:34 -0400] "HEAD / HTTP/1.1" 200 - "-" "checks.panopta.com"
66.249.73.124 - - [12/Aug/2013:04:30:33 -0400] "GET /robots.txt HTTP/1.1" 200 6782 "-" "Mozilla/5.0 (compatible; Googlebot/2.1; +http://www.google.com/bot.html)"
131.253.24.3 - - [12/Aug/2013:05:02:15 -0400] "GET /robots.txt HTTP/1.1" 200 6782 "-" "msnbot-media/1.1 (+http://search.msn.com/msnbot.htm)"
12.4.17.250 - - [12/Aug/2013:15:20:58 -0400] "GET / HTTP/1.1" 200 9018 "https://www.google.com/" "Mozilla/5.0 (Windows NT 6.1) AppleWebKit/537.36 (KHTML, like Gecko) Chrome/28.0.1500.95 Safari/537.36"
12.4.17.250 - - [12/Aug/2013:15:20:59 -0400] "GET /css/style.css HTTP/1.1" 200 7000 "http://www.warnerconsultinggroup.com/" "Mozilla/5.0 (Windows NT 6.1) AppleWebKit/537.36 (KHTML, like Gecko) Chrome/28.0.1500.95 Safari/537.36"
12.4.17.250 - - [12/Aug/2013:15:20:59 -0400] "GET /images/fb.png HTTP/1.1" 200 1264 "http://www.warnerconsultinggroup.com/" "Mozilla/5.0 (Windows NT 6.1) AppleWebKit/537.36 (KHTML, like Gecko) Chrome/28.0.1500.95 Safari/537.36"
12.4.17.250 - - [12/Aug/2013:15:20:59 -0400] "GET /images/twitr.png HTTP/1.1" 200 1543 "http://www.warnerconsultinggroup.com/" "Mozilla/5.0 (Windows NT 6.1) AppleWebKit/537.36 (KHTML, like Gecko) Chrome/28.0.1500.95 Safari/537.36"
12.4.17.250 - - [12/Aug/2013:15:20:59 -0400] "GET /images/gallery/services-3.jpg HTTP/1.1" 200 16546 "http://www.warnerconsultinggroup.com/" "Mozilla/5.0 (Windows NT 6.1) AppleWebKit/537.36 (KHTML, like Gecko) Chrome/28.0.1500.95 Safari/537.36"
12.4.17.250 - - [12/Aug/2013:15:20:59 -0400] "GET /images/btn-readmore.jpg HTTP/1.1" 200 1587 "http://www.warnerconsultinggroup.com/" "Mozilla/5.0 (Windows NT 6.1) AppleWebKit/537.36 (KHTML, like Gecko) Chrome/28.0.1500.95 Safari/537.36"
199.30.24.94 - - [12/Aug/2013:15:34:25 -0400] "GET //css/dropdown/dropdown.css HTTP/1.1" 200 1026 "http://www.warnerconsultinggroup.com/the_lighter_side" "Mozilla/5.0 (Windows NT 6.1; WOW64) AppleWebKit/534+ (KHTML, like Gecko) BingPreview/1.0b"
199.30.24.94 - - [12/Aug/2013:15:34:26 -0400] "GET //images/bg.jpg HTTP/1.1" 200 94591 "http://www.warnerconsultinggroup.com/the_lighter_side" "Mozilla/5.0 (Windows NT 6.1; WOW64) AppleWebKit/534+ (KHTML, like Gecko) BingPreview/1.0b"
199.30.24.94 - - [12/Aug/2013:15:34:26 -0400] "GET //images/right-box-top.png HTTP/1.1" 200 617 "http://www.warnerconsultinggroup.com/the_lighter_side" "Mozilla/5.0 (Windows NT 6.1; WOW64) AppleWebKit/534+ (KHTML, like Gecko) BingPreview/1.0b"
199.30.24.94 - - [12/Aug/2013:15:34:26 -0400] "GET //images/bullet2.png HTTP/1.1" 200 451 "http://www.warnerconsultinggroup.com/the_lighter_side" "Mozilla/5.0 (Windows NT 6.1; WOW64) AppleWebKit/534+ (KHTML, like Gecko) BingPreview/1.0b"
99.172.76.56 - - [12/Aug/2013:16:17:44 -0400] "GET /images/fb.png HTTP/1.1" 200 1264 "http://www.warnerconsultinggroup.com/" "Mozilla/5.0 (compatible; MSIE 10.0; Windows NT 6.1; WOW64; Trident/6.0)"
99.172.76.56 - - [12/Aug/2013:16:17:44 -0400] "GET /images/gallery/services-3.jpg HTTP/1.1" 200 16546 "http://www.warnerconsultinggroup.com/" "Mozilla/5.0 (compatible; MSIE 10.0; Windows NT 6.1; WOW64; Trident/6.0)"
99.172.76.56 - - [12/Aug/2013:16:17:45 -0400] "GET /images/social-bg.png HTTP/1.1" 200 3056 "http://www.warnerconsultinggroup.com/" "Mozilla/5.0 (compatible; MSIE 10.0; Windows NT 6.1; WOW64; Trident/6.0)"
220.181.108.186 - - [12/Aug/2013:11:40:32 -0400] "GET /clients HTTP/1.1" 200 22072 "-" "Mozilla/5.0 (compatible; Baiduspider/2.0; +http://www.baidu.com/search/spider.html)"
5.63.151.190 - - [12/Aug/2013:02:29:13 -0400] "HEAD / HTTP/1.1" 200 - "-" "checks.panopta.com"
157.55.35.31 - - [12/Aug/2013:02:39:31 -0400] "GET /Home/inspiring_innovation HTTP/1.1" 200 6282 "-" "Mozilla/5.0 (compatible; bingbot/2.0; +http://www.bing.com/bingbot.htm)"
5.63.151.190 - - [12/Aug/2013:18:57:32 -0400] "HEAD / HTTP/1.1" 200 - "-" "checks.panopta.com"
5.63.151.190 - - [12/Aug/2013:23:44:33 -0400] "GET / HTTP/1.1" 200 9018 "-" "checks.panopta.com"
23.22.8.238 - - [12/Aug/2013:03:23:17 -0400] "GET /warner_services HTTP/1.1" 200 20229 "http://www.google.com" "Mozilla/5.0 Macintosh Intel Mac OS X 10_7_4 AppleWebKit/536.11 KHTML, like Gecko Chrome/20.0.1132.57 Safari/536.11"
202.46.58.37 - - [12/Aug/2013:21:04:18 -0400] "GET /aboutus/css/css/dropdown/themes/nvidia.com/ HTTP/1.1" 200 6782 "-" "Mozilla/5.0 (Windows; U; Windows NT 5.1; zh-CN; rv:1.9.1.2) Firefox/3.5.2"
173.199.114.147 - - [12/Aug/2013:22:43:19 -0400] "GET /pages/1/news HTTP/1.1" 200 6782 "-" "Mozilla/5.0 (compatible; AhrefsBot/4.0; +http://ahrefs.com/robot/)"
150.70.97.112 - - [12/Aug/2013:09:16:44 -0400] "GET /Scripts/swfobject/swfobject.js HTTP/1.1" 200 9759 "-" "Mozilla/4.0 (compatible; MSIE 8.0; Windows NT 5.1; Trident/4.0)"
63.131.59.107 - - [12/Aug/2013:11:56:43 -0400] "GET / HTTP/1.1" 200 9018 "http://www.google.com/url?sa=t&rct=j&q=&esrc=s&frm=1&source=web&cd=1&ved=0CC4QFjAA&url=http%3A%2F%2Fwww.warnerconsultinggroup.com%2F&ei=tgUJUoWMMemuyAG51YD4Dw&usg=AFQjCNFn_pMzUjkkAXCW_ESS-q7bg9f65g&sig2=TSlI1MS-SU4Zyr4VlJgjXg&bvm=bv.50500085,d.aWc" "Mozilla/5.0 (compatible; MSIE 10.0; Windows NT 6.1; WOW64; Trident/6.0)"
63.131.59.107 - - [12/Aug/2013:11:56:45 -0400] "GET /images/fb.png HTTP/1.1" 200 1264 "http://www.warnerconsultinggroup.com/" "Mozilla/5.0 (compatible; MSIE 10.0; Windows NT 6.1; WOW64; Trident/6.0)"
63.131.59.107 - - [12/Aug/2013:11:56:46 -0400] "GET /images/gallery/services-2.jpg HTTP/1.1" 200 13974 "http://www.warnerconsultinggroup.com/" "Mozilla/5.0 (compatible; MSIE 10.0; Windows NT 6.1; WOW64; Trident/6.0)"
63.131.59.107 - - [12/Aug/2013:11:56:46 -0400] "GET /images/social-bg.png HTTP/1.1" 200 3056 "http://www.warnerconsultinggroup.com/" "Mozilla/5.0 (compatible; MSIE 10.0; Windows NT 6.1; WOW64; Trident/6.0)"
12.4.17.250 - - [12/Aug/2013:15:20:59 -0400] "GET /a.html HTTP/1.1" 200 1082 "http://www.warnerconsultinggroup.com/" "Mozilla/5.0 (Windows NT 6.1) AppleWebKit/537.36 (KHTML, like Gecko) Chrome/28.0.1500.95 Safari/537.36"
12.4.17.250 - - [12/Aug/2013:15:20:59 -0400] "GET /images/head-welcome.jpg HTTP/1.1" 200 15302 "http://www.warnerconsultinggroup.com/" "Mozilla/5.0 (Windows NT 6.1) AppleWebKit/537.36 (KHTML, like Gecko) Chrome/28.0.1500.95 Safari/537.36"
12.4.17.250 - - [12/Aug/2013:15:20:59 -0400] "GET /images/sep.jpg HTTP/1.1" 200 2186 "http://www.warnerconsultinggroup.com/" "Mozilla/5.0 (Windows NT 6.1) AppleWebKit/537.36 (KHTML, like Gecko) Chrome/28.0.1500.95 Safari/537.36"
99.172.76.56 - - [12/Aug/2013:16:17:44 -0400] "GET /images/logo.jpg HTTP/1.1" 200 6004 "http://www.warnerconsultinggroup.com/" "Mozilla/5.0 (compatible; MSIE 10.0; Windows NT 6.1; WOW64; Trident/6.0)"
99.172.76.56 - - [12/Aug/2013:16:17:45 -0400] "GET /images/footer-bg.jpg HTTP/1.1" 200 1167 "http://www.warnerconsultinggroup.com/" "Mozilla/5.0 (compatible; MSIE 10.0; Windows NT 6.1; WOW64; Trident/6.0)"
5.10.83.42 - - [12/Aug/2013:08:35:05 -0400] "GET //inspiring_innovation HTTP/1.1" 200 11658 "-" "Mozilla/5.0 (compatible; AhrefsBot/5.0; +http://ahrefs.com/robot/)"
5.63.151.190 - - [12/Aug/2013:01:59:10 -0400] "HEAD / HTTP/1.1" 200 - "-" "checks.panopta.com"
71.159.229.128 - - [12/Aug/2013:02:25:59 -0400] "GET //css/dropdown/themes/nvidia.com/default.advanced.css HTTP/1.1" 200 1342 "http://www.warnerconsultinggroup.com//contact_us" "Mozilla/5.0 (Windows NT 6.1; WOW64) AppleWebKit/537.36 (KHTML, like Gecko) Chrome/28.0.1500.95 Safari/537.36"
71.159.229.128 - - [12/Aug/2013:02:25:59 -0400] "GET //css/dropdown/themes/nvidia.com/default.css HTTP/1.1" 200 1866 "http://www.warnerconsultinggroup.com//contact_us" "Mozilla/5.0 (Windows NT 6.1; WOW64) AppleWebKit/537.36 (KHTML, like Gecko) Chrome/28.0.1500.95 Safari/537.36"
71.159.229.128 - - [12/Aug/2013:02:26:00 -0400] "GET //images/social-head.png HTTP/1.1" 200 2344 "http://www.warnerconsultinggroup.com//contact_us" "Mozilla/5.0 (Windows NT 6.1; WOW64) AppleWebKit/537.36 (KHTML, like Gecko) Chrome/28.0.1500.95 Safari/537.36"
71.159.229.128 - - [12/Aug/2013:02:26:00 -0400] "GET /piecemaker.swf HTTP/1.1" 206 1 "http://www.warnerconsultinggroup.com/a.html" "Mozilla/5.0 (Windows NT 6.1; WOW64) AppleWebKit/537.36 (KHTML, like Gecko) Chrome/28.0.1500.95 Safari/537.36"
71.159.229.128 - - [12/Aug/2013:02:26:00 -0400] "GET //images/inner-content-mid.png HTTP/1.1" 200 211 "http://www.warnerconsultinggroup.com//contact_us" "Mozilla/5.0 (Windows NT 6.1; WOW64) AppleWebKit/537.36 (KHTML, like Gecko) Chrome/28.0.1500.95 Safari/537.36"
71.159.229.128 - - [12/Aug/2013:02:26:00 -0400] "GET //images/right-box-bot.png HTTP/1.1" 200 411 "http://www.warnerconsultinggroup.com//contact_us" "Mozilla/5.0 (Windows NT 6.1; WOW64) AppleWebKit/537.36 (KHTML, like Gecko) Chrome/28.0.1500.95 Safari/537.36"
71.159.229.128 - - [12/Aug/2013:02:26:00 -0400] "GET //images/nav-left.png HTTP/1.1" 200 1223 "http://www.warnerconsultinggroup.com//contact_us" "Mozilla/5.0 (Windows NT 6.1; WOW64) AppleWebKit/537.36 (KHTML, like Gecko) Chrome/28.0.1500.95 Safari/537.36"
180.94.117.198 - - [12/Aug/2013:20:05:26 -0400] "GET /favicon.ico HTTP/1.1" 404 9018 "-" "Mozilla/5.0 (Windows NT 6.1; WOW64) AppleWebKit/537.36 (KHTML, like Gecko) Chrome/28.0.1500.95 Safari/537.36"
109.120.157.179 - - [12/Aug/2013:12:12:25 -0400] "GET / HTTP/1.1" 200 9018 "http://weightlosskingdom.com/" "Mozilla/5.0 (compatible; Add Catalog/2.1;)"
199.30.20.24 - - [12/Aug/2013:13:14:22 -0400] "GET /images/images/logo.jpg HTTP/1.1" 200 6782 "-" "msnbot-media/1.1 (+http://search.msn.com/msnbot.htm)"
64.183.4.2 - - [12/Aug/2013:13:35:07 -0400] "GET //contact_us HTTP/1.1" 200 14972 "http://www.warnerconsultinggroup.com//about_us/meet_the_team" "Mozilla/5.0 (Windows NT 5.1) AppleWebKit/537.36 (KHTML, like Gecko) Chrome/28.0.1500.95 Safari/537.36"
64.183.4.2 - - [12/Aug/2013:13:35:08 -0400] "GET /favicon.ico HTTP/1.1" 404 9018 "-" "Mozilla/5.0 (Windows NT 5.1) AppleWebKit/537.36 (KHTML, like Gecko) Chrome/28.0.1500.95 Safari/537.36"
157.55.32.145 - - [12/Aug/2013:14:10:23 -0400] "GET /robots.txt HTTP/1.1" 200 6782 "-" "Mozilla/5.0 (compatible; bingbot/2.0; +http://www.bing.com/bingbot.htm)"
5.63.151.190 - - [12/Aug/2013:12:09:46 -0400] "GET / HTTP/1.1" 200 9018 "-" "checks.panopta.com"
199.30.20.5 - - [12/Aug/2013:13:27:56 -0400] "GET /robots.txt HTTP/1.1" 200 6782 "-" "msnbot-media/1.1 (+http://search.msn.com/msnbot.htm)"
64.183.4.2 - - [12/Aug/2013:13:33:28 -0400] "GET / HTTP/1.1" 200 9018 "http://www.google.com/url?sa=f&rct=j&url=http://www.warnerconsultinggroup.com/&q=warner+consulting&ei=YRwJUujfNIbNiwKAwIG4Bg&usg=AFQjCNHucjURkl4M_85c4Q8yGFmrMUtq3A" "Mozilla/5.0 (Windows NT 5.1) AppleWebKit/537.36 (KHTML, like Gecko) Chrome/28.0.1500.95 Safari/537.36"
180.76.5.164 - - [12/Aug/2013:01:45:50 -0400] "GET /news/news_letter HTTP/1.1" 200 15065 "-" "Mozilla/5.0 (compatible; Baiduspider/2.0; +http://www.baidu.com/search/spider.html)"
208.66.27.34 - - [12/Aug/2013:16:39:25 -0400] "GET /images/nav-left.png HTTP/1.1" 200 1223 "http://www.warnerconsultinggroup.com/css/style.css" "Mozilla/5.0 (Windows NT 5.1; rv:22.0) Gecko/20100101 Firefox/22.0"
5.63.151.190 - - [12/Aug/2013:20:58:37 -0400] "GET / HTTP/1.1" 200 9018 "-" "checks.panopta.com"
118.209.7.132 - - [12/Aug/2013:23:46:23 -0400] "GET / HTTP/1.1" 200 9018 "-" "Mozilla/5.0 (iPad; CPU OS 6_1_3 like Mac OS X) AppleWebKit/536.26 (KHTML, like Gecko) Version/6.0 Mobile/10B329 Safari/8536.25"
118.209.7.132 - - [12/Aug/2013:23:46:25 -0400] "GET /css/dropdown/dropdown.css HTTP/1.1" 200 1026 "http://www.warnerconsultinggroup.com/" "Mozilla/5.0 (iPad; CPU OS 6_1_3 like Mac OS X) AppleWebKit/536.26 (KHTML, like Gecko) Version/6.0 Mobile/10B329 Safari/8536.25"
118.209.7.132 - - [12/Aug/2013:23:46:25 -0400] "GET /css/dropdown/themes/nvidia.com/default.advanced.css HTTP/1.1" 200 1342 "http://www.warnerconsultinggroup.com/" "Mozilla/5.0 (iPad; CPU OS 6_1_3 like Mac OS X) AppleWebKit/536.26 (KHTML, like Gecko) Version/6.0 Mobile/10B329 Safari/8536.25"
118.209.7.132 - - [12/Aug/2013:23:46:27 -0400] "GET /images/logo.jpg HTTP/1.1" 200 6004 "http://www.warnerconsultinggroup.com/" "Mozilla/5.0 (iPad; CPU OS 6_1_3 like Mac OS X) AppleWebKit/536.26 (KHTML, like Gecko) Version/6.0 Mobile/10B329 Safari/8536.25"
118.209.7.132 - - [12/Aug/2013:23:46:27 -0400] "GET /images/twitr.png HTTP/1.1" 200 1543 "http://www.warnerconsultinggroup.com/" "Mozilla/5.0 (iPad; CPU OS 6_1_3 like Mac OS X) AppleWebKit/536.26 (KHTML, like Gecko) Version/6.0 Mobile/10B329 Safari/8536.25"
118.209.7.132 - - [12/Aug/2013:23:46:27 -0400] "GET /images/gallery/services-2.jpg HTTP/1.1" 200 13974 "http://www.warnerconsultinggroup.com/" "Mozilla/5.0 (iPad; CPU OS 6_1_3 like Mac OS X) AppleWebKit/536.26 (KHTML, like Gecko) Version/6.0 Mobile/10B329 Safari/8536.25"
70.62.7.2 - - [12/Aug/2013:10:04:31 -0400] "GET /images/logo.jpg HTTP/1.1" 200 6004 "http://www.warnerconsultinggroup.com/" "Mozilla/5.0 (compatible; MSIE 10.0; Windows NT 6.1; WOW64; Trident/6.0)"
70.62.7.2 - - [12/Aug/2013:10:04:31 -0400] "GET /images/head-welcome.jpg HTTP/1.1" 200 15302 "http://www.warnerconsultinggroup.com/" "Mozilla/5.0 (compatible; MSIE 10.0; Windows NT 6.1; WOW64; Trident/6.0)"
70.62.7.2 - - [12/Aug/2013:10:04:32 -0400] "GET /images/bg.jpg HTTP/1.1" 200 94591 "http://www.warnerconsultinggroup.com/" "Mozilla/5.0 (compatible; MSIE 10.0; Windows NT 6.1; WOW64; Trident/6.0)"
123.30.175.79 - - [12/Aug/2013:11:41:02 -0400] "GET /pages/1/index.htm HTTP/1.1" 200 6782 "-" "Mozilla/5.0 (compatible; coccoc/1.0; +http://help.coccoc.com/)"
5.63.151.190 - - [12/Aug/2013:02:59:32 -0400] "HEAD / HTTP/1.1" 200 - "-" "checks.panopta.com"
180.94.117.198 - - [12/Aug/2013:20:05:18 -0400] "GET /images/logo.jpg HTTP/1.1" 200 6004 "http://www.warnerconsultinggroup.com/" "Mozilla/5.0 (Windows NT 6.1; WOW64) AppleWebKit/537.36 (KHTML, like Gecko) Chrome/28.0.1500.95 Safari/537.36"
66.249.73.149 - - [12/Aug/2013:05:06:41 -0400] "GET /robots.txt HTTP/1.1" 200 6782 "-" "Mozilla/5.0 (compatible; Googlebot/2.1; +http://www.google.com/bot.html)"
50.16.113.122 - - [12/Aug/2013:05:53:13 -0400] "GET / HTTP/1.1" 200 9018 "-" "User-Agent: Mozilla/5.0 (Windows NT 6.1; WOW64) AppleWebKit/537.31 (KHTML, like Gecko) Chrome/26.0.1410.64 Safari/537.31"
66.249.72.181 - - [12/Aug/2013:09:51:01 -0400] "GET /consulting HTTP/1.1" 503 823 "-" "Mozilla/5.0 (compatible; Googlebot/2.1; +http://www.google.com/bot.html)"
199.30.20.46 - - [12/Aug/2013:12:10:31 -0400] "GET /robots.txt HTTP/1.1" 503 323 "-" "msnbot-media/1.1 (+http://search.msn.com/msnbot.htm)"
157.56.229.190 - - [12/Aug/2013:12:38:41 -0400] "GET //css/style.css HTTP/1.1" 200 7000 "-" "Mozilla/5.0 (compatible; bingbot/2.0; +http://www.bing.com/bingbot.htm)"
64.183.4.2 - - [12/Aug/2013:13:34:02 -0400] "GET /images/nav-right.png HTTP/1.1" 200 1282 "http://www.warnerconsultinggroup.com/" "Mozilla/5.0 (Windows NT 5.1) AppleWebKit/537.36 (KHTML, like Gecko) Chrome/28.0.1500.95 Safari/537.36"
64.183.4.2 - - [12/Aug/2013:13:34:58 -0400] "GET //images/nav-left.png HTTP/1.1" 200 1223 "http://www.warnerconsultinggroup.com//about_us/meet_the_team" "Mozilla/5.0 (Windows NT 5.1) AppleWebKit/537.36 (KHTML, like Gecko) Chrome/28.0.1500.95 Safari/537.36"
64.183.4.2 - - [12/Aug/2013:13:34:03 -0400] "GET //about_us/meet_the_team HTTP/1.1" 503 823 "http://www.warnerconsultinggroup.com/" "Mozilla/5.0 (Windows NT 5.1) AppleWebKit/537.36 (KHTML, like Gecko) Chrome/28.0.1500.95 Safari/537.36"
157.56.229.190 - - [12/Aug/2013:14:36:23 -0400] "GET //images/footer-bg.jpg HTTP/1.1" 200 1167 "-" "Mozilla/5.0 (compatible; bingbot/2.0; +http://www.bing.com/bingbot.htm)"
99.172.76.56 - - [12/Aug/2013:16:17:43 -0400] "GET / HTTP/1.1" 200 9018 "http://www.google.com/url?sa=t&rct=j&q=&esrc=s&frm=1&source=web&cd=1&ved=0CC4QFjAA&url=http%3A%2F%2Fwww.warnerconsultinggroup.com%2F&ei=10IJUsS3EKn-2gXb34GoBA&usg=AFQjCNFn_pMzUjkkAXCW_ESS-q7bg9f65g&sig2=xdRw0fPZS-p5Mtq26RCLLw&bvm=bv.50500085,d.b2I" "Mozilla/5.0 (compatible; MSIE 10.0; Windows NT 6.1; WOW64; Trident/6.0)"
99.172.76.56 - - [12/Aug/2013:16:17:44 -0400] "GET /css/dropdown/dropdown.css HTTP/1.1" 200 1026 "http://www.warnerconsultinggroup.com/" "Mozilla/5.0 (compatible; MSIE 10.0; Windows NT 6.1; WOW64; Trident/6.0)"
99.172.76.56 - - [12/Aug/2013:16:17:44 -0400] "GET /images/twitr.png HTTP/1.1" 200 1543 "http://www.warnerconsultinggroup.com/" "Mozilla/5.0 (compatible; MSIE 10.0; Windows NT 6.1; WOW64; Trident/6.0)"
99.172.76.56 - - [12/Aug/2013:16:17:44 -0400] "GET /images/footer-sep.jpg HTTP/1.1" 200 1127 "http://www.warnerconsultinggroup.com/" "Mozilla/5.0 (compatible; MSIE 10.0; Windows NT 6.1; WOW64; Trident/6.0)"
99.172.76.56 - - [12/Aug/2013:16:17:44 -0400] "GET /css/dropdown/themes/nvidia.com/default.css HTTP/1.1" 200 1866 "http://www.warnerconsultinggroup.com/" "Mozilla/5.0 (compatible; MSIE 10.0; Windows NT 6.1; WOW64; Trident/6.0)"
99.172.76.56 - - [12/Aug/2013:16:17:45 -0400] "GET /a.html HTTP/1.1" 200 1082 "http://www.warnerconsultinggroup.com/" "Mozilla/5.0 (compatible; MSIE 10.0; Windows NT 6.1; WOW64; Trident/6.0)"
5.63.151.190 - - [12/Aug/2013:16:26:56 -0400] "HEAD / HTTP/1.1" 200 - "-" "checks.panopta.com"
5.63.151.190 - - [12/Aug/2013:15:26:32 -0400] "HEAD / HTTP/1.1" 200 - "-" "checks.panopta.com"
220.181.108.112 - - [12/Aug/2013:21:28:16 -0400] "GET //js/jquery-1.3.2.min.js HTTP/1.1" 200 57254 "http://www.warnerconsultinggroup.com/the_lighter_side" "Mozilla/5.0 (X11; U; Linux x86_64; en-US; rv:1.9) Gecko Minefield/3.0"
167.187.100.202 - - [12/Aug/2013:01:26:36 -0400] "GET //css/dropdown/dropdown.css HTTP/1.1" 304 - "-" "Mozilla/4.0 (compatible;)"
71.159.229.128 - - [12/Aug/2013:02:26:05 -0400] "GET //about_us/meet_the_team HTTP/1.1" 200 23851 "http://www.warnerconsultinggroup.com//contact_us" "Mozilla/5.0 (Windows NT 6.1; WOW64) AppleWebKit/537.36 (KHTML, like Gecko) Chrome/28.0.1500.95 Safari/537.36"
71.159.229.128 - - [12/Aug/2013:02:26:06 -0400] "GET //images/theteam/1-Trevor.jpg HTTP/1.1" 200 14332 "http://www.warnerconsultinggroup.com//about_us/meet_the_team" "Mozilla/5.0 (Windows NT 6.1; WOW64) AppleWebKit/537.36 (KHTML, like Gecko) Chrome/28.0.1500.95 Safari/537.36"
71.159.229.128 - - [12/Aug/2013:02:26:09 -0400] "GET /favicon.ico HTTP/1.1" 404 9018 "-" "Mozilla/5.0 (Windows NT 6.1; WOW64) AppleWebKit/537.36 (KHTML, like Gecko) Chrome/28.0.1500.95 Safari/537.36"
71.159.229.128 - - [12/Aug/2013:02:26:09 -0400] "GET /images/image2.jpg HTTP/1.1" 200 106569 "http://www.warnerconsultinggroup.com/a.html" "Mozilla/5.0 (Windows NT 6.1; WOW64) AppleWebKit/537.36 (KHTML, like Gecko) Chrome/28.0.1500.95 Safari/537.36"
71.159.229.128 - - [12/Aug/2013:02:26:11 -0400] "GET /images/image3.jpg HTTP/1.1" 200 85417 "http://www.warnerconsultinggroup.com/a.html" "Mozilla/5.0 (Windows NT 6.1; WOW64) AppleWebKit/537.36 (KHTML, like Gecko) Chrome/28.0.1500.95 Safari/537.36"
109.120.157.179 - - [12/Aug/2013:12:12:23 -0400] "GET / HTTP/1.1" 200 9018 "http://weightlosskingdom.com/" "Mozilla/5.0 (compatible; Add Catalog/2.1;)"
157.56.229.190 - - [12/Aug/2013:12:23:21 -0400] "GET / HTTP/1.1" 200 9018 "-" "Mozilla/5.0 (compatible; bingbot/2.0; +http://www.bing.com/bingbot.htm)"
199.30.20.5 - - [12/Aug/2013:13:27:57 -0400] "GET /news/images/logo.jpg HTTP/1.1" 200 6782 "-" "msnbot-media/1.1 (+http://search.msn.com/msnbot.htm)"
64.183.4.2 - - [12/Aug/2013:13:33:32 -0400] "GET /a.html HTTP/1.1" 200 1082 "http://www.warnerconsultinggroup.com/" "Mozilla/5.0 (Windows NT 5.1) AppleWebKit/537.36 (KHTML, like Gecko) Chrome/28.0.1500.95 Safari/537.36"
64.183.4.2 - - [12/Aug/2013:13:33:32 -0400] "GET /images/fb.png HTTP/1.1" 200 1264 "http://www.warnerconsultinggroup.com/" "Mozilla/5.0 (Windows NT 5.1) AppleWebKit/537.36 (KHTML, like Gecko) Chrome/28.0.1500.95 Safari/537.36"
64.183.4.2 - - [12/Aug/2013:13:33:32 -0400] "GET /images/head-welcome.jpg HTTP/1.1" 200 15302 "http://www.warnerconsultinggroup.com/" "Mozilla/5.0 (Windows NT 5.1) AppleWebKit/537.36 (KHTML, like Gecko) Chrome/28.0.1500.95 Safari/537.36"
64.183.4.2 - - [12/Aug/2013:13:33:33 -0400] "GET /images/social-bg.png HTTP/1.1" 200 3056 "http://www.warnerconsultinggroup.com/" "Mozilla/5.0 (Windows NT 5.1) AppleWebKit/537.36 (KHTML, like Gecko) Chrome/28.0.1500.95 Safari/537.36"
64.183.4.2 - - [12/Aug/2013:13:33:33 -0400] "GET /piecemaker.swf HTTP/1.1" 200 208139 "http://www.warnerconsultinggroup.com/a.html" "Mozilla/5.0 (Windows NT 5.1) AppleWebKit/537.36 (KHTML, like Gecko) Chrome/28.0.1500.95 Safari/537.36"
74.218.10.66 - - [12/Aug/2013:14:17:47 -0400] "GET /images/social-head.png HTTP/1.1" 200 2344 "http://warnerconsultinggroup.com/" "Mozilla/5.0 (Macintosh; Intel Mac OS X 10_8_4) AppleWebKit/537.36 (KHTML, like Gecko) Chrome/28.0.1500.95 Safari/537.36"
74.218.10.66 - - [12/Aug/2013:14:17:47 -0400] "GET /css/dropdown/themes/nvidia.com/default.css HTTP/1.1" 200 1866 "http://warnerconsultinggroup.com/" "Mozilla/5.0 (Macintosh; Intel Mac OS X 10_8_4) AppleWebKit/537.36 (KHTML, like Gecko) Chrome/28.0.1500.95 Safari/537.36"
74.218.10.66 - - [12/Aug/2013:14:17:47 -0400] "GET /images/bg.jpg HTTP/1.1" 200 94591 "http://warnerconsultinggroup.com/" "Mozilla/5.0 (Macintosh; Intel Mac OS X 10_8_4) AppleWebKit/537.36 (KHTML, like Gecko) Chrome/28.0.1500.95 Safari/537.36"
5.10.83.81 - - [12/Aug/2013:19:39:54 -0400] "GET //news/clients HTTP/1.1" 200 6782 "-" "Mozilla/5.0 (compatible; AhrefsBot/5.0; +http://ahrefs.com/robot/)"
66.249.73.149 - - [12/Aug/2013:03:51:06 -0400] "GET /a.html HTTP/1.1" 200 1082 "-" "DoCoMo/2.0 N905i(c100;TB;W24H16) (compatible; Googlebot-Mobile/2.1; +http://www.google.com/bot.html)"
74.218.10.66 - - [12/Aug/2013:09:15:08 -0400] "GET /css/dropdown/dropdown.css HTTP/1.1" 200 1026 "http://warnerconsultinggroup.com/" "Mozilla/5.0 (Windows NT 6.1; WOW64; rv:22.0) Gecko/20100101 Firefox/22.0"
74.218.10.66 - - [12/Aug/2013:09:15:08 -0400] "GET /images/social-head.png HTTP/1.1" 200 2344 "http://warnerconsultinggroup.com/" "Mozilla/5.0 (Windows NT 6.1; WOW64; rv:22.0) Gecko/20100101 Firefox/22.0"
151.138.13.244 - - [12/Aug/2013:10:20:03 -0400] "GET / HTTP/1.1" 200 9018 "-" "SuperPagesUrlVerifyBot/1.0"
5.10.83.42 - - [12/Aug/2013:11:14:26 -0400] "GET //about_us/www.magnoliahotels.com HTTP/1.1" 200 6782 "-" "Mozilla/5.0 (compatible; AhrefsBot/5.0; +http://ahrefs.com/robot/)"
63.131.59.107 - - [12/Aug/2013:11:57:25 -0400] "GET //css/dropdown/themes/nvidia.com/default.advanced.css HTTP/1.1" 200 1342 "http://www.warnerconsultinggroup.com//about_us/meet_the_team" "Mozilla/5.0 (compatible; MSIE 10.0; Windows NT 6.1; WOW64; Trident/6.0)"
63.131.59.107 - - [12/Aug/2013:11:57:25 -0400] "GET //images/social-head.png HTTP/1.1" 200 2344 "http://www.warnerconsultinggroup.com//about_us/meet_the_team" "Mozilla/5.0 (compatible; MSIE 10.0; Windows NT 6.1; WOW64; Trident/6.0)"
66.249.73.124 - - [12/Aug/2013:06:19:08 -0400] "GET /robots.txt HTTP/1.1" 200 6782 "-" "Mozilla/5.0 (compatible; Googlebot/2.1; +http://www.google.com/bot.html)"
208.66.27.34 - - [12/Aug/2013:16:39:53 -0400] "GET //js/jquery-1.3.2.min.js HTTP/1.1" 200 57254 "http://www.warnerconsultinggroup.com//contact_us" "Mozilla/5.0 (Windows NT 5.1; rv:22.0) Gecko/20100101 Firefox/22.0"
208.66.27.34 - - [12/Aug/2013:16:39:53 -0400] "GET //images/bg.jpg HTTP/1.1" 200 94591 "http://www.warnerconsultinggroup.com//css/style.css" "Mozilla/5.0 (Windows NT 5.1; rv:22.0) Gecko/20100101 Firefox/22.0"
208.66.27.34 - - [12/Aug/2013:16:39:54 -0400] "GET //images/nav-right.png HTTP/1.1" 200 1282 "http://www.warnerconsultinggroup.com//css/style.css" "Mozilla/5.0 (Windows NT 5.1; rv:22.0) Gecko/20100101 Firefox/22.0"
5.10.83.81 - - [12/Aug/2013:21:55:54 -0400] "GET //news/news HTTP/1.1" 200 15065 "-" "Mozilla/5.0 (compatible; AhrefsBot/5.0; +http://ahrefs.com/robot/)"
5.10.83.81 - - [12/Aug/2013:21:58:09 -0400] "GET //about_us/creating_efficiency HTTP/1.1" 200 6782 "-" "Mozilla/5.0 (compatible; AhrefsBot/5.0; +http://ahrefs.com/robot/)"
5.63.151.190 - - [12/Aug/2013:22:29:09 -0400] "GET / HTTP/1.1" 200 9018 "-" "checks.panopta.com"
5.10.83.81 - - [12/Aug/2013:22:34:26 -0400] "GET //news/inspiring_innovation HTTP/1.1" 200 6782 "-" "Mozilla/5.0 (compatible; AhrefsBot/5.0; +http://ahrefs.com/robot/)"
65.55.24.246 - - [12/Aug/2013:00:06:07 -0400] "GET /robots.txt HTTP/1.1" 200 6782 "-" "Mozilla/5.0 (compatible; bingbot/2.0; +http://www.bing.com/bingbot.htm)"
198.105.219.59 - - [12/Aug/2013:01:29:20 -0400] "HEAD / HTTP/1.1" 200 - "-" "checks.panopta.com"
71.159.229.128 - - [12/Aug/2013:02:25:59 -0400] "GET //css/style.css HTTP/1.1" 200 7000 "http://www.warnerconsultinggroup.com//contact_us" "Mozilla/5.0 (Windows NT 6.1; WOW64) AppleWebKit/537.36 (KHTML, like Gecko) Chrome/28.0.1500.95 Safari/537.36"
71.159.229.128 - - [12/Aug/2013:02:26:00 -0400] "GET //images/fb.png HTTP/1.1" 200 1264 "http://www.warnerconsultinggroup.com//contact_us" "Mozilla/5.0 (Windows NT 6.1; WOW64) AppleWebKit/537.36 (KHTML, like Gecko) Chrome/28.0.1500.95 Safari/537.36"
71.159.229.128 - - [12/Aug/2013:02:26:00 -0400] "GET //images/social-bg.png HTTP/1.1" 200 3056 "http://www.warnerconsultinggroup.com//contact_us" "Mozilla/5.0 (Windows NT 6.1; WOW64) AppleWebKit/537.36 (KHTML, like Gecko) Chrome/28.0.1500.95 Safari/537.36"
71.159.229.128 - - [12/Aug/2013:02:26:00 -0400] "GET /piecemaker.swf HTTP/1.1" 206 87620 "http://www.warnerconsultinggroup.com/a.html" "Mozilla/5.0 (Windows NT 6.1; WOW64) AppleWebKit/537.36 (KHTML, like Gecko) Chrome/28.0.1500.95 Safari/537.36"
100.43.83.144 - - [12/Aug/2013:12:00:18 -0400] "GET / HTTP/1.1" 200 9018 "-" "Mozilla/5.0 (compatible; YandexBot/3.0; +http://yandex.com/bots)"
100.43.83.144 - - [12/Aug/2013:12:00:22 -0400] "GET /robots.txt HTTP/1.1" 200 6782 "-" "Mozilla/5.0 (compatible; YandexBot/3.0; +http://yandex.com/bots)"
74.218.10.66 - - [12/Aug/2013:09:15:09 -0400] "GET /images/fb.png HTTP/1.1" 200 1264 "http://warnerconsultinggroup.com/" "Mozilla/5.0 (Windows NT 6.1; WOW64; rv:22.0) Gecko/20100101 Firefox/22.0"
74.218.10.66 - - [12/Aug/2013:09:16:53 -0400] "GET / HTTP/1.1" 200 9018 "-" "Mozilla/5.0 (Windows NT 6.1; WOW64) AppleWebKit/537.36 (KHTML, like Gecko) Chrome/28.0.1500.95 Safari/537.36"
63.131.59.107 - - [12/Aug/2013:11:59:33 -0400] "GET //images/nav-left.png HTTP/1.1" 200 1223 "http://www.warnerconsultinggroup.com//clients" "Mozilla/5.0 (compatible; MSIE 10.0; Windows NT 6.1; WOW64; Trident/6.0)"
173.13.222.49 - - [12/Aug/2013:07:43:16 -0400] "GET //images/theteam/Meredith.jpg HTTP/1.1" 200 3991 "http://www.warnerconsultinggroup.com//about_us/meet_the_team" "Mozilla/5.0 (compatible; MSIE 10.0; Windows NT 6.2; WOW64; Trident/6.0)"
74.135.47.76 - - [12/Aug/2013:15:28:44 -0400] "GET /admin.php HTTP/1.0" 403 211 "-" "Mozilla/5.0 (Windows NT 6.1; rv:19.0) Gecko/20100101 Firefox/19.0"
208.66.27.34 - - [12/Aug/2013:16:38:40 -0400] "GET /images/twitr.png HTTP/1.1" 200 1543 "http://www.warnerconsultinggroup.com/" "Mozilla/5.0 (Windows NT 5.1; rv:22.0) Gecko/20100101 Firefox/22.0"
208.66.27.34 - - [12/Aug/2013:16:38:40 -0400] "GET /images/footer-sep.jpg HTTP/1.1" 200 1127 "http://www.warnerconsultinggroup.com/" "Mozilla/5.0 (Windows NT 5.1; rv:22.0) Gecko/20100101 Firefox/22.0"
208.66.27.34 - - [12/Aug/2013:16:38:40 -0400] "GET /images/social-bg.png HTTP/1.1" 200 3056 "http://www.warnerconsultinggroup.com/css/style.css" "Mozilla/5.0 (Windows NT 5.1; rv:22.0) Gecko/20100101 Firefox/22.0"
208.66.27.34 - - [12/Aug/2013:16:38:40 -0400] "GET /images/btn-readmore.jpg HTTP/1.1" 200 1587 "http://www.warnerconsultinggroup.com/css/style.css" "Mozilla/5.0 (Windows NT 5.1; rv:22.0) Gecko/20100101 Firefox/22.0"
208.66.27.34 - - [12/Aug/2013:16:38:40 -0400] "GET /piecemaker.swf HTTP/1.1" 200 208139 "http://www.warnerconsultinggroup.com/a.html" "Mozilla/5.0 (Windows NT 5.1; rv:22.0) Gecko/20100101 Firefox/22.0"
208.66.27.34 - - [12/Aug/2013:16:38:41 -0400] "GET /piecemaker1.xml HTTP/1.1" 200 1730 "http://www.warnerconsultinggroup.com/piecemaker.swf" "Mozilla/5.0 (Windows NT 5.1; rv:22.0) Gecko/20100101 Firefox/22.0"
208.66.27.34 - - [12/Aug/2013:16:38:41 -0400] "GET /piecemaker.css HTTP/1.1" 200 791 "http://www.warnerconsultinggroup.com/piecemaker.swf" "Mozilla/5.0 (Windows NT 5.1; rv:22.0) Gecko/20100101 Firefox/22.0"
208.66.27.34 - - [12/Aug/2013:16:38:41 -0400] "GET /images/image1.jpg HTTP/1.1" 200 88539 "http://www.warnerconsultinggroup.com/piecemaker.swf" "Mozilla/5.0 (Windows NT 5.1; rv:22.0) Gecko/20100101 Firefox/22.0"
208.66.27.34 - - [12/Aug/2013:16:38:41 -0400] "GET /images/image2.jpg HTTP/1.1" 200 106569 "http://www.warnerconsultinggroup.com/piecemaker.swf" "Mozilla/5.0 (Windows NT 5.1; rv:22.0) Gecko/20100101 Firefox/22.0"
208.66.27.34 - - [12/Aug/2013:16:38:42 -0400] "GET /images/image3.jpg HTTP/1.1" 200 85417 "http://www.warnerconsultinggroup.com/piecemaker.swf" "Mozilla/5.0 (Windows NT 5.1; rv:22.0) Gecko/20100101 Firefox/22.0"
208.66.27.34 - - [12/Aug/2013:16:38:42 -0400] "GET /favicon.ico HTTP/1.1" 404 9018 "-" "Mozilla/5.0 (Windows NT 5.1; rv:22.0) Gecko/20100101 Firefox/22.0"
5.10.83.42 - - [12/Aug/2013:12:02:49 -0400] "GET //creating_efficiency HTTP/1.1" 200 11923 "-" "Mozilla/5.0 (compatible; AhrefsBot/5.0; +http://ahrefs.com/robot/)"
131.253.24.3 - - [12/Aug/2013:13:39:11 -0400] "GET /robots.txt HTTP/1.1" 200 6782 "-" "msnbot-media/1.1 (+http://search.msn.com/msnbot.htm)"
