5.10.83.81 - - [12/Aug/2013:23:03:10 -0400] "GET //about_us/news HTTP/1.1" 200 6782 "-" "Mozilla/5.0 (compatible; AhrefsBot/5.0; +http://ahrefs.com/robot/)"
118.209.7.132 - - [12/Aug/2013:23:46:35 -0400] "GET /css/dropdown/themes/nvidia.com/default.css HTTP/1.1" 200 1866 "http://www.warnerconsultinggroup.com/" "Mozilla/5.0 (iPad; CPU OS 6_1_3 like Mac OS X) AppleWebKit/536.26 (KHTML, like Gecko) Version/6.0 Mobile/10B329 Safari/8536.25"
118.209.7.132 - - [12/Aug/2013:23:46:36 -0400] "GET /Scripts/swfobject/swfobject.js HTTP/1.1" 200 9759 "http://www.warnerconsultinggroup.com/a.html" "Mozilla/5.0 (iPad; CPU OS 6_1_3 like Mac OS X) AppleWebKit/536.26 (KHTML, like Gecko) Version/6.0 Mobile/10B329 Safari/8536.25"
118.209.7.132 - - [12/Aug/2013:23:46:36 -0400] "GET /images/bg.jpg HTTP/1.1" 200 94591 "http://www.warnerconsultinggroup.com/" "Mozilla/5.0 (iPad; CPU OS 6_1_3 like Mac OS X) AppleWebKit/536.26 (KHTML, like Gecko) Version/6.0 Mobile/10B329 Safari/8536.25"
118.209.7.132 - - [12/Aug/2013:23:46:37 -0400] "GET /images/sep.jpg HTTP/1.1" 200 2186 "http://www.warnerconsultinggroup.com/" "Mozilla/5.0 (iPad; CPU OS 6_1_3 like Mac OS X) AppleWebKit/536.26 (KHTML, like Gecko) Version/6.0 Mobile/10B329 Safari/8536.25"
71.159.229.128 - - [12/Aug/2013:02:26:07 -0400] "GET //images/theteam/4-Angela.jpg HTTP/1.1" 200 2627 "http://www.warnerconsultinggroup.com//about_us/meet_the_team" "Mozilla/5.0 (Windows NT 6.1; WOW64) AppleWebKit/537.36 (KHTML, like Gecko) Chrome/28.0.1500.95 Safari/537.36"
46.119.118.152 - - [12/Aug/2013:20:59:50 -0400] "GET / HTTP/1.1" 200 9018 "http://master-muznachas.ru/" "Mozilla/4.0 (compatible; MSIE 6.0; Windows NT 5.1; SV1; .NET CLR 1.1.4322)"
173.13.222.49 - - [12/Aug/2013:07:42:52 -0400] "GET //css/dropdown/themes/nvidia.com/default.advanced.css HTTP/1.1" 200 1342 "http://www.warnerconsultinggroup.com//contact_us" "Mozilla/5.0 (compatible; MSIE 10.0; Windows NT 6.2; WOW64; Trident/6.0)"
173.13.222.49 - - [12/Aug/2013:07:42:52 -0400] "GET //images/social-head.png HTTP/1.1" 200 2344 "http://www.warnerconsultinggroup.com//contact_us" "Mozilla/5.0 (compatible; MSIE 10.0; Windows NT 6.2; WOW64; Trident/6.0)"
173.13.222.49 - - [12/Aug/2013:07:42:52 -0400] "GET //images/twitr.png HTTP/1.1" 200 1543 "http://www.warnerconsultinggroup.com//contact_us" "Mozilla/5.0 (compatible; MSIE 10.0; Windows NT 6.2; WOW64; Trident/6.0)"
173.13.222.49 - - [12/Aug/2013:07:42:52 -0400] "GET //images/social-bg.png HTTP/1.1" 200 3056 "http://www.warnerconsultinggroup.com//contact_us" "Mozilla/5.0 (compatible; MSIE 10.0; Windows NT 6.2; WOW64; Trident/6.0)"
173.13.222.49 - - [12/Aug/2013:07:42:52 -0400] "GET //images/right-box-top.png HTTP/1.1" 200 617 "http://www.warnerconsultinggroup.com//contact_us" "Mozilla/5.0 (compatible; MSIE 10.0; Windows NT 6.2; WOW64; Trident/6.0)"
173.13.222.49 - - [12/Aug/2013:07:42:52 -0400] "GET //images/inner-content-bot.png HTTP/1.1" 200 1411 "http://www.warnerconsultinggroup.com//contact_us" "Mozilla/5.0 (compatible; MSIE 10.0; Windows NT 6.2; WOW64; Trident/6.0)"
5.63.151.190 - - [12/Aug/2013:15:11:31 -0400] "HEAD / HTTP/1.1" 200 - "-" "checks.panopta.com"
23.22.8.238 - - [12/Aug/2013:03:23:47 -0400] "GET /index.php HTTP/1.1" 200 9018 "http://www.google.com" "Mozilla/5.0 Macintosh Intel Mac OS X 10_7_4 AppleWebKit/536.11 KHTML, like Gecko Chrome/20.0.1132.57 Safari/536.11"
5.63.151.190 - - [12/Aug/2013:03:59:59 -0400] "HEAD / HTTP/1.1" 200 - "-" "checks.panopta.com"
5.63.151.190 - - [12/Aug/2013:12:54:54 -0400] "HEAD / HTTP/1.1" 200 - "-" "checks.panopta.com"
64.183.4.2 - - [12/Aug/2013:13:34:33 -0400] "GET //css/dropdown/themes/nvidia.com/default.advanced.css HTTP/1.1" 200 1342 "http://www.warnerconsultinggroup.com//about_us/meet_the_team" "Mozilla/5.0 (Windows NT 5.1) AppleWebKit/537.36 (KHTML, like Gecko) Chrome/28.0.1500.95 Safari/537.36"
64.183.4.2 - - [12/Aug/2013:13:34:33 -0400] "GET //css/dropdown/themes/nvidia.com/default.css HTTP/1.1" 200 1866 "http://www.warnerconsultinggroup.com//about_us/meet_the_team" "Mozilla/5.0 (Windows NT 5.1) AppleWebKit/537.36 (KHTML, like Gecko) Chrome/28.0.1500.95 Safari/537.36"
64.183.4.2 - - [12/Aug/2013:13:34:33 -0400] "GET //images/social-head.png HTTP/1.1" 200 2344 "http://www.warnerconsultinggroup.com//about_us/meet_the_team" "Mozilla/5.0 (Windows NT 5.1) AppleWebKit/537.36 (KHTML, like Gecko) Chrome/28.0.1500.95 Safari/537.36"
64.183.4.2 - - [12/Aug/2013:13:34:33 -0400] "GET //images/bg.jpg HTTP/1.1" 200 94591 "http://www.warnerconsultinggroup.com//about_us/meet_the_team" "Mozilla/5.0 (Windows NT 5.1) AppleWebKit/537.36 (KHTML, like Gecko) Chrome/28.0.1500.95 Safari/537.36"
64.183.4.2 - - [12/Aug/2013:13:34:34 -0400] "GET /favicon.ico HTTP/1.1" 404 9018 "-" "Mozilla/5.0 (Windows NT 5.1) AppleWebKit/537.36 (KHTML, like Gecko) Chrome/28.0.1500.95 Safari/537.36"
66.249.72.181 - - [12/Aug/2013:14:23:00 -0400] "GET /robots.txt HTTP/1.1" 200 6782 "-" "Mozilla/5.0 (compatible; Googlebot/2.1; +http://www.google.com/bot.html)"
70.62.7.2 - - [12/Aug/2013:10:04:32 -0400] "GET /images/sep.jpg HTTP/1.1" 200 2186 "http://www.warnerconsultinggroup.com/" "Mozilla/5.0 (compatible; MSIE 10.0; Windows NT 6.1; WOW64; Trident/6.0)"
70.62.7.2 - - [12/Aug/2013:10:04:35 -0400] "GET /images/nav-right.png HTTP/1.1" 200 1282 "http://www.warnerconsultinggroup.com/" "Mozilla/5.0 (compatible; MSIE 10.0; Windows NT 6.1; WOW64; Trident/6.0)"
70.62.7.2 - - [12/Aug/2013:10:06:06 -0400] "GET //images/nav-left.png HTTP/1.1" 200 1223 "http://www.warnerconsultinggroup.com//about_us/meet_the_team" "Mozilla/5.0 (compatible; MSIE 10.0; Windows NT 6.1; WOW64; Trident/6.0)"
218.30.103.35 - - [12/Aug/2013:10:50:32 -0400] "GET / HTTP/1.1" 200 9018 "-" "Sogou web spider/4.0(+http://www.sogou.com/docs/help/webmasters.htm#07)"
23.22.8.238 - - [12/Aug/2013:03:23:45 -0400] "GET /news HTTP/1.1" 200 17995 "http://www.google.com" "Mozilla/5.0 Macintosh Intel Mac OS X 10_7_4 AppleWebKit/536.11 KHTML, like Gecko Chrome/20.0.1132.57 Safari/536.11"
5.63.151.190 - - [12/Aug/2013:11:39:13 -0400] "HEAD / HTTP/1.1" 200 - "-" "checks.panopta.com"
5.10.83.81 - - [12/Aug/2013:22:55:06 -0400] "GET //news/www.litchfieldbeach.com HTTP/1.1" 503 823 "-" "Mozilla/5.0 (compatible; AhrefsBot/5.0; +http://ahrefs.com/robot/)"
173.199.114.147 - - [12/Aug/2013:23:13:41 -0400] "GET //consulting/contact_us HTTP/1.1" 503 823 "-" "Mozilla/5.0 (compatible; AhrefsBot/4.0; +http://ahrefs.com/robot/)"
71.159.229.128 - - [12/Aug/2013:02:25:56 -0400] "GET /images/nav-right.png HTTP/1.1" 200 1282 "http://www.warnerconsultinggroup.com/" "Mozilla/5.0 (Windows NT 6.1; WOW64) AppleWebKit/537.36 (KHTML, like Gecko) Chrome/28.0.1500.95 Safari/537.36"
71.159.229.128 - - [12/Aug/2013:02:25:56 -0400] "GET /favicon.ico HTTP/1.1" 404 9018 "-" "Mozilla/5.0 (Windows NT 6.1; WOW64) AppleWebKit/537.36 (KHTML, like Gecko) Chrome/28.0.1500.95 Safari/537.36"
71.159.229.128 - - [12/Aug/2013:02:25:59 -0400] "GET //contact_us HTTP/1.1" 200 14972 "http://www.warnerconsultinggroup.com/" "Mozilla/5.0 (Windows NT 6.1; WOW64) AppleWebKit/537.36 (KHTML, like Gecko) Chrome/28.0.1500.95 Safari/537.36"
71.159.229.128 - - [12/Aug/2013:02:26:01 -0400] "GET //images/inner-content-bot.png HTTP/1.1" 200 1411 "http://www.warnerconsultinggroup.com//contact_us" "Mozilla/5.0 (Windows NT 6.1; WOW64) AppleWebKit/537.36 (KHTML, like Gecko) Chrome/28.0.1500.95 Safari/537.36"
5.63.151.190 - - [12/Aug/2013:07:31:30 -0400] "HEAD / HTTP/1.1" 200 - "-" "checks.panopta.com"
157.56.229.190 - - [12/Aug/2013:12:50:10 -0400] "GET //css/diQuery-collapsiblePanel.css HTTP/1.1" 200 506 "-" "Mozilla/5.0 (compatible; bingbot/2.0; +http://www.bing.com/bingbot.htm)"
173.199.114.147 - - [12/Aug/2013:12:56:13 -0400] "GET //consulting/warner_services HTTP/1.1" 200 20229 "-" "Mozilla/5.0 (compatible; AhrefsBot/4.0; +http://ahrefs.com/robot/)"
64.183.4.2 - - [12/Aug/2013:13:34:00 -0400] "GET /images/nav-left.png HTTP/1.1" 200 1223 "http://www.warnerconsultinggroup.com/" "Mozilla/5.0 (Windows NT 5.1) AppleWebKit/537.36 (KHTML, like Gecko) Chrome/28.0.1500.95 Safari/537.36"
74.218.10.66 - - [12/Aug/2013:14:17:47 -0400] "GET /images/logo.jpg HTTP/1.1" 200 6004 "http://warnerconsultinggroup.com/" "Mozilla/5.0 (Macintosh; Intel Mac OS X 10_8_4) AppleWebKit/537.36 (KHTML, like Gecko) Chrome/28.0.1500.95 Safari/537.36"
74.218.10.66 - - [12/Aug/2013:14:17:47 -0400] "GET /images/sep.jpg HTTP/1.1" 200 2186 "http://warnerconsultinggroup.com/" "Mozilla/5.0 (Macintosh; Intel Mac OS X 10_8_4) AppleWebKit/537.36 (KHTML, like Gecko) Chrome/28.0.1500.95 Safari/537.36"
5.63.151.190 - - [12/Aug/2013:14:56:11 -0400] "HEAD / HTTP/1.1" 200 - "-" "checks.panopta.com"
12.4.17.250 - - [12/Aug/2013:15:20:59 -0400] "GET /images/social-head.png HTTP/1.1" 200 2344 "http://www.warnerconsultinggroup.com/" "Mozilla/5.0 (Windows NT 6.1) AppleWebKit/537.36 (KHTML, like Gecko) Chrome/28.0.1500.95 Safari/537.36"
12.4.17.250 - - [12/Aug/2013:15:20:59 -0400] "GET /images/gallery/services-2.jpg HTTP/1.1" 200 13974 "http://www.warnerconsultinggroup.com/" "Mozilla/5.0 (Windows NT 6.1) AppleWebKit/537.36 (KHTML, like Gecko) Chrome/28.0.1500.95 Safari/537.36"
12.4.17.250 - - [12/Aug/2013:15:20:59 -0400] "GET /css/dropdown/themes/nvidia.com/default.css HTTP/1.1" 200 1866 "http://www.warnerconsultinggroup.com/" "Mozilla/5.0 (Windows NT 6.1) AppleWebKit/537.36 (KHTML, like Gecko) Chrome/28.0.1500.95 Safari/537.36"
12.4.17.250 - - [12/Aug/2013:15:20:59 -0400] "GET /images/bg.jpg HTTP/1.1" 200 94591 "http://www.warnerconsultinggroup.com/" "Mozilla/5.0 (Windows NT 6.1) AppleWebKit/537.36 (KHTML, like Gecko) Chrome/28.0.1500.95 Safari/537.36"
12.4.17.250 - - [12/Aug/2013:15:21:00 -0400] "GET /favicon.ico HTTP/1.1" 404 9018 "-" "Mozilla/5.0 (Windows NT 6.1) AppleWebKit/537.36 (KHTML, like Gecko) Chrome/28.0.1500.95 Safari/537.36"
12.4.17.250 - - [12/Aug/2013:15:21:10 -0400] "GET /images/nav-right.png HTTP/1.1" 200 1282 "http://www.warnerconsultinggroup.com/" "Mozilla/5.0 (Windows NT 6.1) AppleWebKit/537.36 (KHTML, like Gecko) Chrome/28.0.1500.95 Safari/537.36"
180.94.117.198 - - [12/Aug/2013:20:05:18 -0400] "GET /css/dropdown/themes/nvidia.com/default.advanced.css HTTP/1.1" 200 1342 "http://www.warnerconsultinggroup.com/" "Mozilla/5.0 (Windows NT 6.1; WOW64) AppleWebKit/537.36 (KHTML, like Gecko) Chrome/28.0.1500.95 Safari/537.36"
180.94.117.198 - - [12/Aug/2013:20:05:19 -0400] "GET /images/head-welcome.jpg HTTP/1.1" 200 15302 "http://www.warnerconsultinggroup.com/" "Mozilla/5.0 (Windows NT 6.1; WOW64) AppleWebKit/537.36 (KHTML, like Gecko) Chrome/28.0.1500.95 Safari/537.36"
180.94.117.198 - - [12/Aug/2013:20:05:19 -0400] "GET /images/footer-sep.jpg HTTP/1.1" 200 1127 "http://www.warnerconsultinggroup.com/" "Mozilla/5.0 (Windows NT 6.1; WOW64) AppleWebKit/537.36 (KHTML, like Gecko) Chrome/28.0.1500.95 Safari/537.36"
180.94.117.198 - - [12/Aug/2013:20:05:19 -0400] "GET /Scripts/swfobject/swfobject.js HTTP/1.1" 200 9759 "http://www.warnerconsultinggroup.com/a.html" "Mozilla/5.0 (Windows NT 6.1; WOW64) AppleWebKit/537.36 (KHTML, like Gecko) Chrome/28.0.1500.95 Safari/537.36"
180.94.117.198 - - [12/Aug/2013:20:05:21 -0400] "GET /images/btn-readmore.jpg HTTP/1.1" 200 1587 "http://www.warnerconsultinggroup.com/" "Mozilla/5.0 (Windows NT 6.1; WOW64) AppleWebKit/537.36 (KHTML, like Gecko) Chrome/28.0.1500.95 Safari/537.36"
5.10.83.81 - - [12/Aug/2013:20:24:47 -0400] "GET //consulting/clients HTTP/1.1" 200 6782 "-" "Mozilla/5.0 (compatible; AhrefsBot/5.0; +http://ahrefs.com/robot/)"
5.63.151.190 - - [12/Aug/2013:20:43:36 -0400] "GET / HTTP/1.1" 200 9018 "-" "checks.panopta.com"
5.63.151.190 - - [12/Aug/2013:21:43:46 -0400] "GET / HTTP/1.1" 200 9018 "-" "checks.panopta.com"
5.63.151.190 - - [12/Aug/2013:04:15:03 -0400] "HEAD / HTTP/1.1" 200 - "-" "checks.panopta.com"
157.55.35.31 - - [12/Aug/2013:02:42:02 -0400] "GET /Home/inspiring_innovation HTTP/1.0" 200 6782 "-" "Mozilla/5.0 (compatible; bingbot/2.0; +http://www.bing.com/bingbot.htm)"
157.56.229.190 - - [12/Aug/2013:12:38:41 -0400] "GET //css/dropdown/themes/nvidia.com/default.advanced.css HTTP/1.1" 200 1342 "-" "Mozilla/5.0 (compatible; bingbot/2.0; +http://www.bing.com/bingbot.htm)"
199.30.20.24 - - [12/Aug/2013:13:14:21 -0400] "GET /robots.txt HTTP/1.1" 200 6782 "-" "msnbot-media/1.1 (+http://search.msn.com/msnbot.htm)"
5.63.151.190 - - [12/Aug/2013:13:55:25 -0400] "HEAD / HTTP/1.1" 200 - "-" "checks.panopta.com"
198.136.53.234 - - [12/Aug/2013:14:19:19 -0400] "GET / HTTP/1.1" 200 9018 "-" "Mozilla/5.0 (X11; Linux x86_64) AppleWebKit/535.11 (KHTML, like Gecko) Chrome/17.0.963.66 Safari/535.11"
173.199.114.147 - - [12/Aug/2013:14:33:08 -0400] "GET /images/warner_services HTTP/1.1" 200 6782 "-" "Mozilla/5.0 (compatible; AhrefsBot/4.0; +http://ahrefs.com/robot/)"
99.172.76.56 - - [12/Aug/2013:16:17:44 -0400] "GET /css/style.css HTTP/1.1" 200 7000 "http://www.warnerconsultinggroup.com/" "Mozilla/5.0 (compatible; MSIE 10.0; Windows NT 6.1; WOW64; Trident/6.0)"
99.172.76.56 - - [12/Aug/2013:16:17:44 -0400] "GET /images/head-welcome.jpg HTTP/1.1" 200 15302 "http://www.warnerconsultinggroup.com/" "Mozilla/5.0 (compatible; MSIE 10.0; Windows NT 6.1; WOW64; Trident/6.0)"
99.172.76.56 - - [12/Aug/2013:16:17:45 -0400] "GET /images/btn-readmore.jpg HTTP/1.1" 200 1587 "http://www.warnerconsultinggroup.com/" "Mozilla/5.0 (compatible; MSIE 10.0; Windows NT 6.1; WOW64; Trident/6.0)"
5.63.151.190 - - [12/Aug/2013:17:27:20 -0400] "HEAD / HTTP/1.1" 200 - "-" "checks.panopta.com"
157.55.35.31 - - [12/Aug/2013:09:18:40 -0400] "GET /css/dropdown/dropdown.css HTTP/1.1" 200 1026 "-" "Mozilla/5.0 (compatible; bingbot/2.0; +http://www.bing.com/bingbot.htm)"
23.22.8.238 - - [12/Aug/2013:03:23:25 -0400] "GET /inspiring_innovation HTTP/1.1" 200 11658 "http://www.google.com" "Mozilla/5.0 Macintosh Intel Mac OS X 10_7_4 AppleWebKit/536.11 KHTML, like Gecko Chrome/20.0.1132.57 Safari/536.11"
23.22.8.238 - - [12/Aug/2013:03:23:43 -0400] "GET /creating_efficiency HTTP/1.1" 200 11923 "http://www.google.com" "Mozilla/5.0 Macintosh Intel Mac OS X 10_7_4 AppleWebKit/536.11 KHTML, like Gecko Chrome/20.0.1132.57 Safari/536.11"
5.63.151.190 - - [12/Aug/2013:03:29:36 -0400] "HEAD / HTTP/1.1" 200 - "-" "checks.panopta.com"
66.249.73.149 - - [12/Aug/2013:03:48:35 -0400] "GET /consulting HTTP/1.1" 200 14034 "-" "Mozilla/5.0 (compatible; Googlebot/2.1; +http://www.google.com/bot.html)"
123.125.71.85 - - [12/Aug/2013:21:28:02 -0400] "GET /the_lighter_side HTTP/1.1" 200 13713 "-" "Mozilla/5.0 (compatible; Baiduspider/2.0; +http://www.baidu.com/search/spider.html)"
5.10.83.81 - - [12/Aug/2013:21:58:15 -0400] "GET //warner_services HTTP/1.1" 200 20229 "-" "Mozilla/5.0 (compatible; AhrefsBot/5.0; +http://ahrefs.com/robot/)"
91.207.9.226 - - [12/Aug/2013:06:38:25 -0400] "GET / HTTP/1.1" 200 9018 "http://netkurenia.ru/" "Mozilla/4.0 (compatible; MSIE 6.0; Windows NT) ::ELNSB50::000061100320025802a00111000000000507000900000000"
100.43.83.144 - - [12/Aug/2013:12:02:54 -0400] "GET /robots.txt HTTP/1.1" 200 6782 "-" "Mozilla/5.0 (compatible; YandexBot/3.0; +http://yandex.com/bots)"
64.183.4.2 - - [12/Aug/2013:13:34:33 -0400] "GET //images/theteam/Chris.jpg HTTP/1.1" 200 14530 "http://www.warnerconsultinggroup.com//about_us/meet_the_team" "Mozilla/5.0 (Windows NT 5.1) AppleWebKit/537.36 (KHTML, like Gecko) Chrome/28.0.1500.95 Safari/537.36"
64.183.4.2 - - [12/Aug/2013:13:34:33 -0400] "GET //images/right-box-top.png HTTP/1.1" 200 617 "http://www.warnerconsultinggroup.com//about_us/meet_the_team" "Mozilla/5.0 (Windows NT 5.1) AppleWebKit/537.36 (KHTML, like Gecko) Chrome/28.0.1500.95 Safari/537.36"
64.183.4.2 - - [12/Aug/2013:13:34:34 -0400] "GET //images/right-box-bot.png HTTP/1.1" 200 411 "http://www.warnerconsultinggroup.com//about_us/meet_the_team" "Mozilla/5.0 (Windows NT 5.1) AppleWebKit/537.36 (KHTML, like Gecko) Chrome/28.0.1500.95 Safari/537.36"
64.183.4.2 - - [12/Aug/2013:13:34:34 -0400] "GET //images/footer-sep.jpg HTTP/1.1" 200 1127 "http://www.warnerconsultinggroup.com//about_us/meet_the_team" "Mozilla/5.0 (Windows NT 5.1) AppleWebKit/537.36 (KHTML, like Gecko) Chrome/28.0.1500.95 Safari/537.36"
12.4.17.250 - - [12/Aug/2013:15:21:15 -0400] "GET //images/theteam/Chris.jpg HTTP/1.1" 200 14530 "http://www.warnerconsultinggroup.com//about_us/meet_the_team" "Mozilla/5.0 (Windows NT 6.1) AppleWebKit/537.36 (KHTML, like Gecko) Chrome/28.0.1500.95 Safari/537.36"
12.4.17.250 - - [12/Aug/2013:15:21:15 -0400] "GET //images/right-box-top.png HTTP/1.1" 200 617 "http://www.warnerconsultinggroup.com//about_us/meet_the_team" "Mozilla/5.0 (Windows NT 6.1) AppleWebKit/537.36 (KHTML, like Gecko) Chrome/28.0.1500.95 Safari/537.36"
12.4.17.250 - - [12/Aug/2013:15:21:15 -0400] "GET //images/footer-bg.jpg HTTP/1.1" 200 1167 "http://www.warnerconsultinggroup.com//about_us/meet_the_team" "Mozilla/5.0 (Windows NT 6.1) AppleWebKit/537.36 (KHTML, like Gecko) Chrome/28.0.1500.95 Safari/537.36"
157.55.32.145 - - [12/Aug/2013:09:06:49 -0400] "GET /robots.txt HTTP/1.1" 200 6782 "-" "Mozilla/5.0 (compatible; bingbot/2.0; +http://www.bing.com/bingbot.htm)"
74.218.10.66 - - [12/Aug/2013:09:15:08 -0400] "GET /images/head-welcome.jpg HTTP/1.1" 200 15302 "http://warnerconsultinggroup.com/" "Mozilla/5.0 (Windows NT 6.1; WOW64; rv:22.0) Gecko/20100101 Firefox/22.0"
66.249.72.181 - - [12/Aug/2013:09:47:52 -0400] "GET /consulting HTTP/1.1" 200 14034 "-" "Mozilla/5.0 (compatible; Googlebot/2.1; +http://www.google.com/bot.html)"
198.199.66.52 - - [12/Aug/2013:09:52:54 -0400] "GET /lighterside HTTP/1.1" 200 6782 "-" "Mozilla/5.0 (Windows NT 6.1; WOW64; rv:21.0) Gecko/20100101 Firefox/21.0"
66.249.72.181 - - [12/Aug/2013:09:19:19 -0400] "GET /robots.txt HTTP/1.1" 200 6782 "-" "Mozilla/5.0 (compatible; Googlebot/2.1; +http://www.google.com/bot.html)"
63.131.59.107 - - [12/Aug/2013:11:56:45 -0400] "GET /css/style.css HTTP/1.1" 200 7000 "http://www.warnerconsultinggroup.com/" "Mozilla/5.0 (compatible; MSIE 10.0; Windows NT 6.1; WOW64; Trident/6.0)"
63.131.59.107 - - [12/Aug/2013:11:56:46 -0400] "GET /images/gallery/services-3.jpg HTTP/1.1" 200 16546 "http://www.warnerconsultinggroup.com/" "Mozilla/5.0 (compatible; MSIE 10.0; Windows NT 6.1; WOW64; Trident/6.0)"
63.131.59.107 - - [12/Aug/2013:11:56:47 -0400] "GET /images/btn-readmore.jpg HTTP/1.1" 200 1587 "http://www.warnerconsultinggroup.com/" "Mozilla/5.0 (compatible; MSIE 10.0; Windows NT 6.1; WOW64; Trident/6.0)"
46.119.118.152 - - [12/Aug/2013:20:59:52 -0400] "GET / HTTP/1.1" 200 9018 "http://master-muznachas.ru/" "Mozilla/4.0 (compatible; MSIE 6.0; Windows NT 5.1; SV1; .NET CLR 1.1.4322)"
173.199.114.147 - - [12/Aug/2013:03:31:31 -0400] "GET //about_us/index.php HTTP/1.1" 200 6782 "-" "Mozilla/5.0 (compatible; AhrefsBot/4.0; +http://ahrefs.com/robot/)"
46.118.126.194 - - [12/Aug/2013:21:32:12 -0400] "GET / HTTP/1.1" 200 9018 "http://www.cabinetpsy.ru/" "Mozilla/4.0 (compatible; MSIE 6.0; Windows NT 5.1; SV1; .NET CLR 1.1.4322)"
64.183.4.2 - - [12/Aug/2013:13:33:31 -0400] "GET / HTTP/1.1" 200 9018 "-" "Mozilla/5.0 (Windows NT 5.1) AppleWebKit/537.36 (KHTML, like Gecko) Chrome/28.0.1500.95 Safari/537.36"
64.183.4.2 - - [12/Aug/2013:13:33:32 -0400] "GET /css/style.css HTTP/1.1" 200 7000 "http://www.warnerconsultinggroup.com/" "Mozilla/5.0 (Windows NT 5.1) AppleWebKit/537.36 (KHTML, like Gecko) Chrome/28.0.1500.95 Safari/537.36"
64.183.4.2 - - [12/Aug/2013:13:33:32 -0400] "GET /images/social-head.png HTTP/1.1" 200 2344 "http://www.warnerconsultinggroup.com/" "Mozilla/5.0 (Windows NT 5.1) AppleWebKit/537.36 (KHTML, like Gecko) Chrome/28.0.1500.95 Safari/537.36"
64.183.4.2 - - [12/Aug/2013:13:33:32 -0400] "GET /css/dropdown/themes/nvidia.com/default.css HTTP/1.1" 200 1866 "http://www.warnerconsultinggroup.com/" "Mozilla/5.0 (Windows NT 5.1) AppleWebKit/537.36 (KHTML, like Gecko) Chrome/28.0.1500.95 Safari/537.36"
64.183.4.2 - - [12/Aug/2013:13:33:33 -0400] "GET /images/gallery/services-3.jpg HTTP/1.1" 200 16546 "http://www.warnerconsultinggroup.com/" "Mozilla/5.0 (Windows NT 5.1) AppleWebKit/537.36 (KHTML, like Gecko) Chrome/28.0.1500.95 Safari/537.36"
64.183.4.2 - - [12/Aug/2013:13:33:33 -0400] "GET /images/bg.jpg HTTP/1.1" 200 94591 "http://www.warnerconsultinggroup.com/" "Mozilla/5.0 (Windows NT 5.1) AppleWebKit/537.36 (KHTML, like Gecko) Chrome/28.0.1500.95 Safari/537.36"
220.181.108.166 - - [12/Aug/2013:14:18:30 -0400] "GET /Scripts/swfobject/swfobject.js HTTP/1.1" 200 9759 "http://www.warnerconsultinggroup.com/a.html" "Mozilla/5.0 (X11; U; Linux x86_64; en-US; rv:1.9) Gecko Minefield/3.0"
1.202.219.156 - - [12/Aug/2013:15:15:52 -0400] "GET / HTTP/1.1" 200 9018 "-" "Mozilla/5.0 (compatible; JikeSpider; +http://shoulu.jike.com/spider.html)"
61.135.189.127 - - [12/Aug/2013:10:43:24 -0400] "GET /robots.txt HTTP/1.1" 200 6782 "-" "Sogou web spider/4.0(+http://www.sogou.com/docs/help/webmasters.htm#07)"
118.209.7.132 - - [12/Aug/2013:23:46:36 -0400] "GET /images/btn-readmore.jpg HTTP/1.1" 200 1587 "http://www.warnerconsultinggroup.com/" "Mozilla/5.0 (iPad; CPU OS 6_1_3 like Mac OS X) AppleWebKit/536.26 (KHTML, like Gecko) Version/6.0 Mobile/10B329 Safari/8536.25"
71.159.229.128 - - [12/Aug/2013:02:25:52 -0400] "GET /images/social-head.png HTTP/1.1" 200 2344 "http://www.warnerconsultinggroup.com/" "Mozilla/5.0 (Windows NT 6.1; WOW64) AppleWebKit/537.36 (KHTML, like Gecko) Chrome/28.0.1500.95 Safari/537.36"
71.159.229.128 - - [12/Aug/2013:02:25:52 -0400] "GET /css/dropdown/themes/nvidia.com/default.css HTTP/1.1" 200 1866 "http://www.warnerconsultinggroup.com/" "Mozilla/5.0 (Windows NT 6.1; WOW64) AppleWebKit/537.36 (KHTML, like Gecko) Chrome/28.0.1500.95 Safari/537.36"
71.159.229.128 - - [12/Aug/2013:02:25:52 -0400] "GET /images/footer-sep.jpg HTTP/1.1" 200 1127 "http://www.warnerconsultinggroup.com/" "Mozilla/5.0 (Windows NT 6.1; WOW64) AppleWebKit/537.36 (KHTML, like Gecko) Chrome/28.0.1500.95 Safari/537.36"
71.159.229.128 - - [12/Aug/2013:02:25:53 -0400] "GET /images/bg.jpg HTTP/1.1" 200 94591 "http://www.warnerconsultinggroup.com/" "Mozilla/5.0 (Windows NT 6.1; WOW64) AppleWebKit/537.36 (KHTML, like Gecko) Chrome/28.0.1500.95 Safari/537.36"
157.55.35.31 - - [12/Aug/2013:06:00:11 -0400] "GET /about_us HTTP/1.1" 200 14197 "-" "Mozilla/5.0 (compatible; bingbot/2.0; +http://www.bing.com/bingbot.htm)"
173.13.222.49 - - [12/Aug/2013:07:42:47 -0400] "GET /css/dropdown/themes/nvidia.com/default.advanced.css HTTP/1.1" 200 1342 "http://www.warnerconsultinggroup.com/aboutwcg.html" "Mozilla/5.0 (compatible; MSIE 10.0; Windows NT 6.2; WOW64; Trident/6.0)"
173.13.222.49 - - [12/Aug/2013:07:42:47 -0400] "GET /images/gallery/services-2.jpg HTTP/1.1" 200 13974 "http://www.warnerconsultinggroup.com/aboutwcg.html" "Mozilla/5.0 (compatible; MSIE 10.0; Windows NT 6.2; WOW64; Trident/6.0)"
173.13.222.49 - - [12/Aug/2013:07:42:47 -0400] "GET /images/footer-bg.jpg HTTP/1.1" 200 1167 "http://www.warnerconsultinggroup.com/aboutwcg.html" "Mozilla/5.0 (compatible; MSIE 10.0; Windows NT 6.2; WOW64; Trident/6.0)"
128.204.195.249 - - [12/Aug/2013:08:02:04 -0400] "HEAD / HTTP/1.1" 503 - "-" "checks.panopta.com"
128.204.195.249 - - [12/Aug/2013:08:07:37 -0400] "HEAD / HTTP/1.1" 503 - "-" "checks.panopta.com"
100.43.83.144 - - [12/Aug/2013:12:05:37 -0400] "GET / HTTP/1.1" 200 9018 "-" "Mozilla/5.0 (compatible; YandexBot/3.0; +http://yandex.com/bots)"
199.30.20.146 - - [12/Aug/2013:12:28:10 -0400] "GET /robots.txt HTTP/1.1" 200 6782 "-" "msnbot-media/1.1 (+http://search.msn.com/msnbot.htm)"
173.199.114.147 - - [12/Aug/2013:16:42:58 -0400] "GET //about_us/code_of_ethics HTTP/1.1" 200 13139 "-" "Mozilla/5.0 (compatible; AhrefsBot/4.0; +http://ahrefs.com/robot/)"
70.62.7.2 - - [12/Aug/2013:10:04:31 -0400] "GET /css/style.css HTTP/1.1" 200 7000 "http://www.warnerconsultinggroup.com/" "Mozilla/5.0 (compatible; MSIE 10.0; Windows NT 6.1; WOW64; Trident/6.0)"
70.62.7.2 - - [12/Aug/2013:10:04:31 -0400] "GET /images/gallery/services-1.jpg HTTP/1.1" 200 14545 "http://www.warnerconsultinggroup.com/" "Mozilla/5.0 (compatible; MSIE 10.0; Windows NT 6.1; WOW64; Trident/6.0)"
70.62.7.2 - - [12/Aug/2013:10:04:31 -0400] "GET /css/dropdown/themes/nvidia.com/default.css HTTP/1.1" 200 1866 "http://www.warnerconsultinggroup.com/" "Mozilla/5.0 (compatible; MSIE 10.0; Windows NT 6.1; WOW64; Trident/6.0)"
70.62.7.2 - - [12/Aug/2013:10:04:32 -0400] "GET /a.html HTTP/1.1" 200 1082 "http://www.warnerconsultinggroup.com/" "Mozilla/5.0 (compatible; MSIE 10.0; Windows NT 6.1; WOW64; Trident/6.0)"
70.62.7.2 - - [12/Aug/2013:10:04:32 -0400] "GET /Scripts/swfobject/swfobject.js HTTP/1.1" 200 9759 "http://www.warnerconsultinggroup.com/a.html" "Mozilla/5.0 (compatible; MSIE 10.0; Windows NT 6.1; WOW64; Trident/6.0)"
70.62.7.2 - - [12/Aug/2013:10:04:32 -0400] "GET /piecemaker.swf HTTP/1.1" 200 208139 "http://www.warnerconsultinggroup.com/a.html" "Mozilla/5.0 (compatible; MSIE 10.0; Windows NT 6.1; WOW64; Trident/6.0)"
70.62.7.2 - - [12/Aug/2013:10:04:33 -0400] "GET /piecemaker1.xml HTTP/1.1" 200 1730 "http://www.warnerconsultinggroup.com/piecemaker.swf" "Mozilla/5.0 (compatible; MSIE 10.0; Windows NT 6.1; WOW64; Trident/6.0)"
70.62.7.2 - - [12/Aug/2013:10:04:33 -0400] "GET /piecemaker.css HTTP/1.1" 200 791 "http://www.warnerconsultinggroup.com/piecemaker.swf" "Mozilla/5.0 (compatible; MSIE 10.0; Windows NT 6.1; WOW64; Trident/6.0)"
70.62.7.2 - - [12/Aug/2013:10:04:34 -0400] "GET /images/image1.jpg HTTP/1.1" 200 88539 "http://www.warnerconsultinggroup.com/piecemaker.swf" "Mozilla/5.0 (compatible; MSIE 10.0; Windows NT 6.1; WOW64; Trident/6.0)"
70.62.7.2 - - [12/Aug/2013:10:04:34 -0400] "GET /images/image2.jpg HTTP/1.1" 200 106569 "http://www.warnerconsultinggroup.com/piecemaker.swf" "Mozilla/5.0 (compatible; MSIE 10.0; Windows NT 6.1; WOW64; Trident/6.0)"
70.62.7.2 - - [12/Aug/2013:10:04:34 -0400] "GET /images/image3.jpg HTTP/1.1" 200 85417 "http://www.warnerconsultinggroup.com/piecemaker.swf" "Mozilla/5.0 (compatible; MSIE 10.0; Windows NT 6.1; WOW64; Trident/6.0)"
70.62.7.2 - - [12/Aug/2013:10:04:35 -0400] "GET /images/nav-left.png HTTP/1.1" 200 1223 "http://www.warnerconsultinggroup.com/" "Mozilla/5.0 (compatible; MSIE 10.0; Windows NT 6.1; WOW64; Trident/6.0)"
218.30.103.35 - - [12/Aug/2013:10:43:15 -0400] "GET / HTTP/1.1" 200 9018 "-" "Sogou web spider/4.0(+http://www.sogou.com/docs/help/webmasters.htm#07)"
5.63.151.190 - - [12/Aug/2013:11:24:11 -0400] "HEAD / HTTP/1.1" 200 - "-" "checks.panopta.com"
173.242.122.80 - - [12/Aug/2013:02:56:41 -0400] "GET / HTTP/1.0" 200 9018 "http://www.warnerconsultinggroup.com/" "Mozilla/5.0 (Windows NT 6.1; WOW64) AppleWebKit/537.4 (KHTML, like Gecko) Chrome/22.0.1229.92 Safari/537.4"
157.56.229.190 - - [12/Aug/2013:12:38:07 -0400] "GET /robots.txt HTTP/1.1" 200 6782 "-" "Mozilla/5.0 (compatible; bingbot/2.0; +http://www.bing.com/bingbot.htm)"
198.105.219.52 - - [12/Aug/2013:14:41:16 -0400] "HEAD / HTTP/1.1" 200 - "-" "checks.panopta.com"
208.66.27.34 - - [12/Aug/2013:16:38:40 -0400] "GET /a.html HTTP/1.1" 200 1082 "http://www.warnerconsultinggroup.com/" "Mozilla/5.0 (Windows NT 5.1; rv:22.0) Gecko/20100101 Firefox/22.0"
208.66.27.34 - - [12/Aug/2013:16:38:40 -0400] "GET /Scripts/swfobject/swfobject.js HTTP/1.1" 200 9759 "http://www.warnerconsultinggroup.com/a.html" "Mozilla/5.0 (Windows NT 5.1; rv:22.0) Gecko/20100101 Firefox/22.0"
208.66.27.34 - - [12/Aug/2013:16:38:40 -0400] "GET /images/gallery/services-1.jpg HTTP/1.1" 200 14545 "http://www.warnerconsultinggroup.com/" "Mozilla/5.0 (Windows NT 5.1; rv:22.0) Gecko/20100101 Firefox/22.0"
208.66.27.34 - - [12/Aug/2013:16:38:40 -0400] "GET /images/bg.jpg HTTP/1.1" 200 94591 "http://www.warnerconsultinggroup.com/css/style.css" "Mozilla/5.0 (Windows NT 5.1; rv:22.0) Gecko/20100101 Firefox/22.0"
208.66.27.34 - - [12/Aug/2013:16:38:43 -0400] "GET /favicon.ico HTTP/1.1" 404 9018 "-" "Mozilla/5.0 (Windows NT 5.1; rv:22.0) Gecko/20100101 Firefox/22.0"
79.143.190.141 - - [12/Aug/2013:18:57:52 -0400] "HEAD / HTTP/1.1" 200 - "-" "checks.panopta.com"
5.10.83.42 - - [12/Aug/2013:11:16:35 -0400] "GET //consulting/warner_services HTTP/1.1" 200 20229 "-" "Mozilla/5.0 (compatible; AhrefsBot/5.0; +http://ahrefs.com/robot/)"
157.55.32.145 - - [12/Aug/2013:11:45:40 -0400] "GET /css/diQuery-collapsiblePanel.css HTTP/1.1" 200 506 "-" "Mozilla/5.0 (compatible; bingbot/2.0; +http://www.bing.com/bingbot.htm)"
5.63.151.190 - - [12/Aug/2013:22:44:15 -0400] "GET / HTTP/1.1" 200 9018 "-" "checks.panopta.com"
5.63.151.190 - - [12/Aug/2013:22:59:18 -0400] "GET / HTTP/1.1" 200 9018 "-" "checks.panopta.com"
118.209.7.132 - - [12/Aug/2013:23:46:28 -0400] "GET /a.html HTTP/1.1" 200 1082 "http://www.warnerconsultinggroup.com/" "Mozilla/5.0 (iPad; CPU OS 6_1_3 like Mac OS X) AppleWebKit/536.26 (KHTML, like Gecko) Version/6.0 Mobile/10B329 Safari/8536.25"
118.209.7.132 - - [12/Aug/2013:23:46:28 -0400] "GET /images/gallery/services-3.jpg HTTP/1.1" 200 16546 "http://www.warnerconsultinggroup.com/" "Mozilla/5.0 (iPad; CPU OS 6_1_3 like Mac OS X) AppleWebKit/536.26 (KHTML, like Gecko) Version/6.0 Mobile/10B329 Safari/8536.25"
5.63.151.190 - - [12/Aug/2013:00:28:24 -0400] "HEAD / HTTP/1.1" 200 - "-" "checks.panopta.com"
91.207.9.226 - - [12/Aug/2013:06:38:24 -0400] "GET / HTTP/1.1" 200 9018 "http://netkurenia.ru/" "Mozilla/4.0 (compatible; MSIE 6.0; Windows NT) ::ELNSB50::000061100320025802a00111000000000507000900000000"
173.13.222.49 - - [12/Aug/2013:07:43:13 -0400] "GET //about_us/meet_the_team HTTP/1.1" 200 23851 "http://www.warnerconsultinggroup.com//contact_us" "Mozilla/5.0 (compatible; MSIE 10.0; Windows NT 6.2; WOW64; Trident/6.0)"
173.13.222.49 - - [12/Aug/2013:07:43:16 -0400] "GET //images/theteam/1-Trevor.jpg HTTP/1.1" 200 14332 "http://www.warnerconsultinggroup.com//about_us/meet_the_team" "Mozilla/5.0 (compatible; MSIE 10.0; Windows NT 6.2; WOW64; Trident/6.0)"
96.57.74.126 - - [12/Aug/2013:13:31:38 -0400] "GET / HTTP/1.0" 200 9018 "-" "Mozilla/4.0 (compatible; ICS)"
64.183.4.2 - - [12/Aug/2013:13:33:32 -0400] "GET /css/dropdown/dropdown.css HTTP/1.1" 200 1026 "http://www.warnerconsultinggroup.com/" "Mozilla/5.0 (Windows NT 5.1) AppleWebKit/537.36 (KHTML, like Gecko) Chrome/28.0.1500.95 Safari/537.36"
64.183.4.2 - - [12/Aug/2013:13:33:32 -0400] "GET /Scripts/swfobject/swfobject.js HTTP/1.1" 200 9759 "http://www.warnerconsultinggroup.com/a.html" "Mozilla/5.0 (Windows NT 5.1) AppleWebKit/537.36 (KHTML, like Gecko) Chrome/28.0.1500.95 Safari/537.36"
64.183.4.2 - - [12/Aug/2013:13:33:33 -0400] "GET /images/footer-sep.jpg HTTP/1.1" 200 1127 "http://www.warnerconsultinggroup.com/" "Mozilla/5.0 (Windows NT 5.1) AppleWebKit/537.36 (KHTML, like Gecko) Chrome/28.0.1500.95 Safari/537.36"
64.183.4.2 - - [12/Aug/2013:13:33:33 -0400] "GET /images/btn-readmore.jpg HTTP/1.1" 200 1587 "http://www.warnerconsultinggroup.com/" "Mozilla/5.0 (Windows NT 5.1) AppleWebKit/537.36 (KHTML, like Gecko) Chrome/28.0.1500.95 Safari/537.36"
74.218.10.66 - - [12/Aug/2013:14:17:47 -0400] "GET /images/gallery/services-2.jpg HTTP/1.1" 200 13974 "http://warnerconsultinggroup.com/" "Mozilla/5.0 (Macintosh; Intel Mac OS X 10_8_4) AppleWebKit/537.36 (KHTML, like Gecko) Chrome/28.0.1500.95 Safari/537.36"
12.4.17.250 - - [12/Aug/2013:15:21:13 -0400] "GET //css/style.css HTTP/1.1" 200 7000 "http://www.warnerconsultinggroup.com//about_us/meet_the_team" "Mozilla/5.0 (Windows NT 6.1) AppleWebKit/537.36 (KHTML, like Gecko) Chrome/28.0.1500.95 Safari/537.36"
12.4.17.250 - - [12/Aug/2013:15:21:15 -0400] "GET //images/fb.png HTTP/1.1" 200 1264 "http://www.warnerconsultinggroup.com//about_us/meet_the_team" "Mozilla/5.0 (Windows NT 6.1) AppleWebKit/537.36 (KHTML, like Gecko) Chrome/28.0.1500.95 Safari/537.36"
12.4.17.250 - - [12/Aug/2013:15:21:15 -0400] "GET //images/theteam/5-Jan.jpg HTTP/1.1" 200 2858 "http://www.warnerconsultinggroup.com//about_us/meet_the_team" "Mozilla/5.0 (Windows NT 6.1) AppleWebKit/537.36 (KHTML, like Gecko) Chrome/28.0.1500.95 Safari/537.36"
12.4.17.250 - - [12/Aug/2013:15:21:15 -0400] "GET //images/inner-content-top.png HTTP/1.1" 200 1386 "http://www.warnerconsultinggroup.com//about_us/meet_the_team" "Mozilla/5.0 (Windows NT 6.1) AppleWebKit/537.36 (KHTML, like Gecko) Chrome/28.0.1500.95 Safari/537.36"
12.4.17.250 - - [12/Aug/2013:15:21:15 -0400] "GET //images/right-box-mid.png HTTP/1.1" 200 134 "http://www.warnerconsultinggroup.com//about_us/meet_the_team" "Mozilla/5.0 (Windows NT 6.1) AppleWebKit/537.36 (KHTML, like Gecko) Chrome/28.0.1500.95 Safari/537.36"
5.63.151.190 - - [12/Aug/2013:15:41:34 -0400] "HEAD / HTTP/1.1" 200 - "-" "checks.panopta.com"
208.66.27.34 - - [12/Aug/2013:16:39:53 -0400] "GET //css/diQuery-collapsiblePanel.css HTTP/1.1" 200 506 "http://www.warnerconsultinggroup.com//contact_us" "Mozilla/5.0 (Windows NT 5.1; rv:22.0) Gecko/20100101 Firefox/22.0"
208.66.27.34 - - [12/Aug/2013:16:39:53 -0400] "GET //images/twitr.png HTTP/1.1" 200 1543 "http://www.warnerconsultinggroup.com//contact_us" "Mozilla/5.0 (Windows NT 5.1; rv:22.0) Gecko/20100101 Firefox/22.0"
208.66.27.34 - - [12/Aug/2013:16:39:54 -0400] "GET //images/inner-content-top.png HTTP/1.1" 200 1386 "http://www.warnerconsultinggroup.com//css/style.css" "Mozilla/5.0 (Windows NT 5.1; rv:22.0) Gecko/20100101 Firefox/22.0"
208.66.27.34 - - [12/Aug/2013:16:39:54 -0400] "GET //images/right-box-bot.png HTTP/1.1" 200 411 "http://www.warnerconsultinggroup.com//css/style.css" "Mozilla/5.0 (Windows NT 5.1; rv:22.0) Gecko/20100101 Firefox/22.0"
5.63.151.190 - - [12/Aug/2013:17:57:24 -0400] "HEAD / HTTP/1.1" 200 - "-" "checks.panopta.com"
157.55.35.95 - - [12/Aug/2013:18:41:55 -0400] "GET /about_us/code_of_ethics HTTP/1.1" 200 13139 "-" "Mozilla/5.0 (compatible; bingbot/2.0; +http://www.bing.com/bingbot.htm)"
180.94.117.198 - - [12/Aug/2013:20:05:18 -0400] "GET /css/dropdown/dropdown.css HTTP/1.1" 200 1026 "http://www.warnerconsultinggroup.com/" "Mozilla/5.0 (Windows NT 6.1; WOW64) AppleWebKit/537.36 (KHTML, like Gecko) Chrome/28.0.1500.95 Safari/537.36"
12.4.17.250 - - [12/Aug/2013:15:21:21 -0400] "GET //images/nav-left.png HTTP/1.1" 200 1223 "http://www.warnerconsultinggroup.com//about_us/meet_the_team" "Mozilla/5.0 (Windows NT 6.1) AppleWebKit/537.36 (KHTML, like Gecko) Chrome/28.0.1500.95 Safari/537.36"
100.43.83.144 - - [12/Aug/2013:12:01:53 -0400] "GET /robots.txt HTTP/1.1" 200 6782 "-" "Mozilla/5.0 (compatible; YandexBot/3.0; +http://yandex.com/bots)"
74.218.10.66 - - [12/Aug/2013:14:17:47 -0400] "GET /a.html HTTP/1.1" 200 1082 "http://warnerconsultinggroup.com/" "Mozilla/5.0 (Macintosh; Intel Mac OS X 10_8_4) AppleWebKit/537.36 (KHTML, like Gecko) Chrome/28.0.1500.95 Safari/537.36"
74.218.10.66 - - [12/Aug/2013:14:17:47 -0400] "GET /Scripts/swfobject/swfobject.js HTTP/1.1" 200 9759 "http://www.warnerconsultinggroup.com/a.html" "Mozilla/5.0 (Macintosh; Intel Mac OS X 10_8_4) AppleWebKit/537.36 (KHTML, like Gecko) Chrome/28.0.1500.95 Safari/537.36"
74.218.10.66 - - [12/Aug/2013:14:17:47 -0400] "GET /piecemaker.swf HTTP/1.1" 200 208139 "http://www.warnerconsultinggroup.com/a.html" "Mozilla/5.0 (Macintosh; Intel Mac OS X 10_8_4) AppleWebKit/537.36 (KHTML, like Gecko) Chrome/28.0.1500.95 Safari/537.36"
74.218.10.66 - - [12/Aug/2013:14:17:48 -0400] "GET /piecemaker1.xml HTTP/1.1" 200 1730 "http://www.warnerconsultinggroup.com/a.html" "Mozilla/5.0 (Macintosh; Intel Mac OS X 10_8_4) AppleWebKit/537.36 (KHTML, like Gecko) Chrome/28.0.1500.95 Safari/537.36"
74.218.10.66 - - [12/Aug/2013:14:17:48 -0400] "GET /piecemaker.css HTTP/1.1" 200 791 "http://www.warnerconsultinggroup.com/a.html" "Mozilla/5.0 (Macintosh; Intel Mac OS X 10_8_4) AppleWebKit/537.36 (KHTML, like Gecko) Chrome/28.0.1500.95 Safari/537.36"
5.63.151.190 - - [12/Aug/2013:19:27:55 -0400] "HEAD / HTTP/1.1" 200 - "-" "checks.panopta.com"
5.63.151.190 - - [12/Aug/2013:19:42:56 -0400] "HEAD / HTTP/1.1" 200 - "-" "checks.panopta.com"
23.22.8.238 - - [12/Aug/2013:03:23:38 -0400] "GET /lighterside HTTP/1.1" 200 6782 "http://www.google.com" "Mozilla/5.0 Macintosh Intel Mac OS X 10_7_4 AppleWebKit/536.11 KHTML, like Gecko Chrome/20.0.1132.57 Safari/536.11"
157.56.229.190 - - [12/Aug/2013:11:45:10 -0400] "GET //js/jquery-1.3.2.min.js HTTP/1.1" 200 57254 "-" "Mozilla/5.0 (compatible; bingbot/2.0; +http://www.bing.com/bingbot.htm)"
5.63.151.190 - - [12/Aug/2013:08:01:43 -0400] "HEAD / HTTP/1.1" 200 - "-" "checks.panopta.com"
23.22.8.238 - - [12/Aug/2013:03:23:14 -0400] "GET / HTTP/1.1" 200 9018 "http://www.google.com" "Mozilla/5.0 Macintosh Intel Mac OS X 10_7_4 AppleWebKit/536.11 KHTML, like Gecko Chrome/20.0.1132.57 Safari/536.11"
66.249.73.149 - - [12/Aug/2013:03:58:35 -0400] "GET /downloads/consulting/Marriott_Mt_Laurel_White_Paper.pdf HTTP/1.1" 200 111706 "-" "SAMSUNG-SGH-E250/1.0 Profile/MIDP-2.0 Configuration/CLDC-1.1 UP.Browser/6.2.3.3.c.1.101 (GUI) MMP/2.0 (compatible; Googlebot-Mobile/2.1; +http://www.google.com/bot.html)"
157.56.229.190 - - [12/Aug/2013:11:36:50 -0400] "GET /about_us/meet_the_team HTTP/1.1" 200 23851 "-" "Mozilla/5.0 (compatible; bingbot/2.0; +http://www.bing.com/bingbot.htm)"
5.10.83.81 - - [12/Aug/2013:22:02:48 -0400] "GET //about_us/lighterside HTTP/1.1" 200 6782 "-" "Mozilla/5.0 (compatible; AhrefsBot/5.0; +http://ahrefs.com/robot/)"
5.63.151.190 - - [12/Aug/2013:22:14:02 -0400] "GET / HTTP/1.1" 200 9018 "-" "checks.panopta.com"
173.13.222.49 - - [12/Aug/2013:07:43:16 -0400] "GET //images/theteam/2-Pam.jpg HTTP/1.1" 200 2813 "http://www.warnerconsultinggroup.com//about_us/meet_the_team" "Mozilla/5.0 (compatible; MSIE 10.0; Windows NT 6.2; WOW64; Trident/6.0)"
157.56.229.190 - - [12/Aug/2013:12:15:45 -0400] "GET /robots.txt HTTP/1.1" 503 323 "-" "Mozilla/5.0 (compatible; bingbot/2.0; +http://www.bing.com/bingbot.htm)"
220.181.108.187 - - [12/Aug/2013:14:18:29 -0400] "GET /a.html HTTP/1.1" 200 1082 "http://warnerconsultinggroup.com/" "Mozilla/5.0 (X11; U; Linux x86_64; en-US; rv:1.9) Gecko Minefield/3.0"
5.63.151.190 - - [12/Aug/2013:14:40:55 -0400] "HEAD / HTTP/1.1" 503 - "-" "checks.panopta.com"
157.56.229.190 - - [12/Aug/2013:20:42:55 -0400] "GET /about_us/index.php HTTP/1.1" 200 6782 "-" "Mozilla/5.0 (compatible; bingbot/2.0; +http://www.bing.com/bingbot.htm)"
173.199.114.147 - - [12/Aug/2013:20:49:26 -0400] "GET //consulting/news HTTP/1.1" 200 6782 "-" "Mozilla/5.0 (compatible; AhrefsBot/4.0; +http://ahrefs.com/robot/)"
198.199.66.52 - - [12/Aug/2013:09:52:54 -0400] "GET /inspiring_innovation HTTP/1.1" 200 11658 "-" "Mozilla/5.0 (Windows NT 6.1; WOW64; rv:21.0) Gecko/20100101 Firefox/21.0"
198.199.66.52 - - [12/Aug/2013:09:52:54 -0400] "GET /clients HTTP/1.1" 200 22072 "-" "Mozilla/5.0 (Windows NT 6.1; WOW64; rv:21.0) Gecko/20100101 Firefox/21.0"
198.199.66.52 - - [12/Aug/2013:09:52:54 -0400] "GET /about_us HTTP/1.1" 200 14197 "-" "Mozilla/5.0 (Windows NT 6.1; WOW64; rv:21.0) Gecko/20100101 Firefox/21.0"
70.62.7.2 - - [12/Aug/2013:10:04:31 -0400] "GET /css/dropdown/themes/nvidia.com/default.advanced.css HTTP/1.1" 200 1342 "http://www.warnerconsultinggroup.com/" "Mozilla/5.0 (compatible; MSIE 10.0; Windows NT 6.1; WOW64; Trident/6.0)"
70.62.7.2 - - [12/Aug/2013:10:04:31 -0400] "GET /images/footer-sep.jpg HTTP/1.1" 200 1127 "http://www.warnerconsultinggroup.com/" "Mozilla/5.0 (compatible; MSIE 10.0; Windows NT 6.1; WOW64; Trident/6.0)"
63.131.59.107 - - [12/Aug/2013:11:57:25 -0400] "GET //css/style.css HTTP/1.1" 200 7000 "http://www.warnerconsultinggroup.com//about_us/meet_the_team" "Mozilla/5.0 (compatible; MSIE 10.0; Windows NT 6.1; WOW64; Trident/6.0)"
63.131.59.107 - - [12/Aug/2013:11:57:26 -0400] "GET //images/theteam/1-Trevor.jpg HTTP/1.1" 200 14332 "http://www.warnerconsultinggroup.com//about_us/meet_the_team" "Mozilla/5.0 (compatible; MSIE 10.0; Windows NT 6.1; WOW64; Trident/6.0)"
63.131.59.107 - - [12/Aug/2013:11:57:27 -0400] "GET //images/theteam/4-Angela.jpg HTTP/1.1" 200 2627 "http://www.warnerconsultinggroup.com//about_us/meet_the_team" "Mozilla/5.0 (compatible; MSIE 10.0; Windows NT 6.1; WOW64; Trident/6.0)"
63.131.59.107 - - [12/Aug/2013:11:57:28 -0400] "GET //css/dropdown/themes/nvidia.com/default.css HTTP/1.1" 200 1866 "http://www.warnerconsultinggroup.com//about_us/meet_the_team" "Mozilla/5.0 (compatible; MSIE 10.0; Windows NT 6.1; WOW64; Trident/6.0)"
63.131.59.107 - - [12/Aug/2013:11:57:29 -0400] "GET //images/theteam/3-Kelly.jpg HTTP/1.1" 200 2815 "http://www.warnerconsultinggroup.com//about_us/meet_the_team" "Mozilla/5.0 (compatible; MSIE 10.0; Windows NT 6.1; WOW64; Trident/6.0)"
63.131.59.107 - - [12/Aug/2013:11:57:30 -0400] "GET //images/inner-content-mid.png HTTP/1.1" 200 211 "http://www.warnerconsultinggroup.com//about_us/meet_the_team" "Mozilla/5.0 (compatible; MSIE 10.0; Windows NT 6.1; WOW64; Trident/6.0)"
63.131.59.107 - - [12/Aug/2013:11:57:31 -0400] "GET //images/inner-content-bot.png HTTP/1.1" 200 1411 "http://www.warnerconsultinggroup.com//about_us/meet_the_team" "Mozilla/5.0 (compatible; MSIE 10.0; Windows NT 6.1; WOW64; Trident/6.0)"
5.63.151.190 - - [12/Aug/2013:04:30:05 -0400] "HEAD / HTTP/1.1" 200 - "-" "checks.panopta.com"
66.249.73.124 - - [12/Aug/2013:05:08:15 -0400] "GET /robots.txt HTTP/1.1" 200 6782 "-" "Mozilla/5.0 (compatible; Googlebot/2.1; +http://www.google.com/bot.html)"
1.202.219.150 - - [12/Aug/2013:15:15:50 -0400] "HEAD / HTTP/1.1" 200 - "-" "Mozilla/5.0 (compatible; JikeSpider; +http://shoulu.jike.com/spider.html)"
123.125.71.114 - - [12/Aug/2013:16:42:09 -0400] "GET / HTTP/1.1" 200 9018 "-" "Mozilla/5.0 (compatible; Baiduspider/2.0; +http://www.baidu.com/search/spider.html)"
66.249.73.149 - - [12/Aug/2013:01:04:42 -0400] "GET /robots.txt HTTP/1.1" 200 6782 "-" "Mozilla/5.0 (compatible; Googlebot/2.1; +http://www.google.com/bot.html)"
5.63.151.190 - - [12/Aug/2013:07:01:27 -0400] "HEAD / HTTP/1.1" 200 - "-" "checks.panopta.com"
157.55.35.95 - - [12/Aug/2013:08:06:11 -0400] "GET /a.html HTTP/1.1" 200 1082 "-" "Mozilla/5.0 (compatible; bingbot/2.0; +http://www.bing.com/bingbot.htm)"
5.10.83.81 - - [12/Aug/2013:20:29:03 -0400] "GET //consulting/index.php HTTP/1.1" 200 6782 "-" "Mozilla/5.0 (compatible; AhrefsBot/5.0; +http://ahrefs.com/robot/)"
5.63.151.190 - - [12/Aug/2013:13:25:20 -0400] "HEAD / HTTP/1.1" 200 - "-" "checks.panopta.com"
64.183.4.2 - - [12/Aug/2013:13:37:47 -0400] "GET / HTTP/1.1" 200 9018 "http://www.google.com/url?sa=t&rct=j&q=warner%20consulting%2C%20indianapolis%2C%20in&source=web&cd=2&ved=0CDAQFjAB&url=http%3A%2F%2Fwww.warnerconsultinggroup.com%2F&ei=DB0JUsZPqpmIAomIgLAC&usg=AFQjCNFn_pMzUjkkAXCW_ESS-q7bg9f65g" "Mozilla/5.0 (Windows NT 5.1) AppleWebKit/537.36 (KHTML, like Gecko) Chrome/28.0.1500.95 Safari/537.36"
64.183.4.2 - - [12/Aug/2013:13:37:49 -0400] "GET /favicon.ico HTTP/1.1" 404 9018 "-" "Mozilla/5.0 (Windows NT 5.1) AppleWebKit/537.36 (KHTML, like Gecko) Chrome/28.0.1500.95 Safari/537.36"
173.199.114.147 - - [12/Aug/2013:21:45:37 -0400] "GET //about_us/www.magnoliahotels.com HTTP/1.1" 200 6782 "-" "Mozilla/5.0 (compatible; AhrefsBot/4.0; +http://ahrefs.com/robot/)"
63.131.59.107 - - [12/Aug/2013:11:57:31 -0400] "GET //images/social-bg.png HTTP/1.1" 200 3056 "http://www.warnerconsultinggroup.com//about_us/meet_the_team" "Mozilla/5.0 (compatible; MSIE 10.0; Windows NT 6.1; WOW64; Trident/6.0)"
63.131.59.107 - - [12/Aug/2013:11:57:32 -0400] "GET //images/right-box-bot.png HTTP/1.1" 200 411 "http://www.warnerconsultinggroup.com//about_us/meet_the_team" "Mozilla/5.0 (compatible; MSIE 10.0; Windows NT 6.1; WOW64; Trident/6.0)"
63.131.59.107 - - [12/Aug/2013:11:57:33 -0400] "GET //images/bullet2.png HTTP/1.1" 200 451 "http://www.warnerconsultinggroup.com//about_us/meet_the_team" "Mozilla/5.0 (compatible; MSIE 10.0; Windows NT 6.1; WOW64; Trident/6.0)"
63.131.59.107 - - [12/Aug/2013:11:59:33 -0400] "GET //diQuery-collapsiblePanel.css HTTP/1.1" 200 6782 "http://www.warnerconsultinggroup.com//clients" "Mozilla/5.0 (compatible; MSIE 10.0; Windows NT 6.1; WOW64; Trident/6.0)"
5.63.151.190 - - [12/Aug/2013:21:58:57 -0400] "GET / HTTP/1.1" 200 9018 "-" "checks.panopta.com"
5.10.83.81 - - [12/Aug/2013:23:20:24 -0400] "GET //about_us/index.php HTTP/1.1" 200 6782 "-" "Mozilla/5.0 (compatible; AhrefsBot/5.0; +http://ahrefs.com/robot/)"
5.63.151.190 - - [12/Aug/2013:23:59:35 -0400] "GET / HTTP/1.1" 200 9018 "-" "checks.panopta.com"
71.159.229.128 - - [12/Aug/2013:02:25:52 -0400] "GET /css/style.css HTTP/1.1" 200 7000 "http://www.warnerconsultinggroup.com/" "Mozilla/5.0 (Windows NT 6.1; WOW64) AppleWebKit/537.36 (KHTML, like Gecko) Chrome/28.0.1500.95 Safari/537.36"
71.159.229.128 - - [12/Aug/2013:02:25:52 -0400] "GET /images/logo.jpg HTTP/1.1" 200 6004 "http://www.warnerconsultinggroup.com/" "Mozilla/5.0 (Windows NT 6.1; WOW64) AppleWebKit/537.36 (KHTML, like Gecko) Chrome/28.0.1500.95 Safari/537.36"
71.159.229.128 - - [12/Aug/2013:02:25:52 -0400] "GET /images/gallery/services-1.jpg HTTP/1.1" 200 14545 "http://www.warnerconsultinggroup.com/" "Mozilla/5.0 (Windows NT 6.1; WOW64) AppleWebKit/537.36 (KHTML, like Gecko) Chrome/28.0.1500.95 Safari/537.36"
71.159.229.128 - - [12/Aug/2013:02:25:52 -0400] "GET /images/gallery/services-3.jpg HTTP/1.1" 200 16546 "http://www.warnerconsultinggroup.com/" "Mozilla/5.0 (Windows NT 6.1; WOW64) AppleWebKit/537.36 (KHTML, like Gecko) Chrome/28.0.1500.95 Safari/537.36"
5.63.151.190 - - [12/Aug/2013:06:16:16 -0400] "HEAD / HTTP/1.1" 200 - "-" "checks.panopta.com"
173.13.222.49 - - [12/Aug/2013:07:42:48 -0400] "GET /favicon.ico HTTP/1.1" 404 9018 "-" "Mozilla/5.0 (compatible; MSIE 10.0; Windows NT 6.2; Win64; x64; Trident/6.0)"
180.76.5.61 - - [12/Aug/2013:07:44:23 -0400] "GET /consulting/css/css/dropdown/themes/nvidia.com/ HTTP/1.1" 200 6782 "-" "Mozilla/5.0 (compatible; Baiduspider/2.0; +http://www.baidu.com/search/spider.html)"
5.63.151.190 - - [12/Aug/2013:03:44:37 -0400] "HEAD / HTTP/1.1" 200 - "-" "checks.panopta.com"
5.63.151.190 - - [12/Aug/2013:10:23:28 -0400] "HEAD / HTTP/1.1" 200 - "-" "checks.panopta.com"
157.56.229.190 - - [12/Aug/2013:11:36:57 -0400] "GET /css/dropdown/themes/nvidia.com/default.advanced.css HTTP/1.1" 200 1342 "-" "Mozilla/5.0 (compatible; bingbot/2.0; +http://www.bing.com/bingbot.htm)"
46.118.126.194 - - [12/Aug/2013:21:32:14 -0400] "GET / HTTP/1.1" 200 9018 "http://www.cabinetpsy.ru/" "Mozilla/4.0 (compatible; MSIE 6.0; Windows NT 5.1; SV1; .NET CLR 1.1.4322)"
66.249.73.149 - - [12/Aug/2013:01:10:01 -0400] "GET /robots.txt HTTP/1.1" 200 6782 "-" "Mozilla/5.0 (compatible; Googlebot/2.1; +http://www.google.com/bot.html)"
100.43.83.144 - - [12/Aug/2013:12:00:06 -0400] "GET /robots.txt HTTP/1.1" 200 6782 "-" "Mozilla/5.0 (compatible; YandexBot/3.0; +http://yandex.com/bots)"
199.30.20.146 - - [12/Aug/2013:12:28:12 -0400] "GET /images/social-head.png HTTP/1.1" 200 2344 "-" "msnbot-media/1.1 (+http://search.msn.com/msnbot.htm)"
12.4.17.250 - - [12/Aug/2013:15:21:13 -0400] "GET //js/jquery-1.3.2.min.js HTTP/1.1" 200 57254 "http://www.warnerconsultinggroup.com//about_us/meet_the_team" "Mozilla/5.0 (Windows NT 6.1) AppleWebKit/537.36 (KHTML, like Gecko) Chrome/28.0.1500.95 Safari/537.36"
12.4.17.250 - - [12/Aug/2013:15:21:15 -0400] "GET //images/social-head.png HTTP/1.1" 200 2344 "http://www.warnerconsultinggroup.com//about_us/meet_the_team" "Mozilla/5.0 (Windows NT 6.1) AppleWebKit/537.36 (KHTML, like Gecko) Chrome/28.0.1500.95 Safari/537.36"
12.4.17.250 - - [12/Aug/2013:15:21:15 -0400] "GET //images/theteam/4-Angela.jpg HTTP/1.1" 200 2627 "http://www.warnerconsultinggroup.com//about_us/meet_the_team" "Mozilla/5.0 (Windows NT 6.1) AppleWebKit/537.36 (KHTML, like Gecko) Chrome/28.0.1500.95 Safari/537.36"
12.4.17.250 - - [12/Aug/2013:15:21:15 -0400] "GET //images/inner-content-mid.png HTTP/1.1" 200 211 "http://www.warnerconsultinggroup.com//about_us/meet_the_team" "Mozilla/5.0 (Windows NT 6.1) AppleWebKit/537.36 (KHTML, like Gecko) Chrome/28.0.1500.95 Safari/537.36"
12.4.17.250 - - [12/Aug/2013:15:21:15 -0400] "GET //images/inner-content-bot.png HTTP/1.1" 200 1411 "http://www.warnerconsultinggroup.com//about_us/meet_the_team" "Mozilla/5.0 (Windows NT 6.1) AppleWebKit/537.36 (KHTML, like Gecko) Chrome/28.0.1500.95 Safari/537.36"
5.63.151.190 - - [12/Aug/2013:09:08:02 -0400] "HEAD / HTTP/1.1" 200 - "-" "checks.panopta.com"
70.62.7.2 - - [12/Aug/2013:10:04:44 -0400] "GET //about_us/meet_the_team HTTP/1.1" 200 23851 "http://www.warnerconsultinggroup.com/" "Mozilla/5.0 (compatible; MSIE 10.0; Windows NT 6.1; WOW64; Trident/6.0)"
70.62.7.2 - - [12/Aug/2013:10:04:45 -0400] "GET //css/style.css HTTP/1.1" 200 7000 "http://www.warnerconsultinggroup.com//about_us/meet_the_team" "Mozilla/5.0 (compatible; MSIE 10.0; Windows NT 6.1; WOW64; Trident/6.0)"
70.62.7.2 - - [12/Aug/2013:10:04:45 -0400] "GET //images/fb.png HTTP/1.1" 200 1264 "http://www.warnerconsultinggroup.com//about_us/meet_the_team" "Mozilla/5.0 (compatible; MSIE 10.0; Windows NT 6.1; WOW64; Trident/6.0)"
70.62.7.2 - - [12/Aug/2013:10:04:45 -0400] "GET //images/theteam/4-Angela.jpg HTTP/1.1" 200 2627 "http://www.warnerconsultinggroup.com//about_us/meet_the_team" "Mozilla/5.0 (compatible; MSIE 10.0; Windows NT 6.1; WOW64; Trident/6.0)"
70.62.7.2 - - [12/Aug/2013:10:04:47 -0400] "GET //images/bg.jpg HTTP/1.1" 200 94591 "http://www.warnerconsultinggroup.com//about_us/meet_the_team" "Mozilla/5.0 (compatible; MSIE 10.0; Windows NT 6.1; WOW64; Trident/6.0)"
70.62.7.2 - - [12/Aug/2013:10:04:47 -0400] "GET //images/right-box-top.png HTTP/1.1" 200 617 "http://www.warnerconsultinggroup.com//about_us/meet_the_team" "Mozilla/5.0 (compatible; MSIE 10.0; Windows NT 6.1; WOW64; Trident/6.0)"
157.56.229.190 - - [12/Aug/2013:11:31:06 -0400] "GET /robots.txt HTTP/1.1" 200 6782 "-" "Mozilla/5.0 (compatible; bingbot/2.0; +http://www.bing.com/bingbot.htm)"
123.30.175.116 - - [12/Aug/2013:11:41:05 -0400] "GET /robots.txt HTTP/1.1" 200 6782 "-" "Mozilla/5.0 (compatible; coccoc/1.0; +http://help.coccoc.com/)"
63.131.59.107 - - [12/Aug/2013:11:57:33 -0400] "GET //images/right-box-top.png HTTP/1.1" 200 617 "http://www.warnerconsultinggroup.com//about_us/meet_the_team" "Mozilla/5.0 (compatible; MSIE 10.0; Windows NT 6.1; WOW64; Trident/6.0)"
