157.56.229.190 - - [12/Aug/2013:14:34:22 -0400] "GET //css/diQuery-collapsiblePanel.css HTTP/1.1" 200 506 "-" "Mozilla/5.0 (compatible; bingbot/2.0; +http://www.bing.com/bingbot.htm)"
5.63.151.190 - - [12/Aug/2013:20:28:33 -0400] "GET / HTTP/1.1" 200 9018 "-" "checks.panopta.com"
5.10.83.81 - - [12/Aug/2013:20:38:34 -0400] "GET //news/creating_efficiency HTTP/1.1" 200 6782 "-" "Mozilla/5.0 (compatible; AhrefsBot/5.0; +http://ahrefs.com/robot/)"
74.218.10.66 - - [12/Aug/2013:09:15:08 -0400] "GET /css/style.css HTTP/1.1" 200 7000 "http://warnerconsultinggroup.com/" "Mozilla/5.0 (Windows NT 6.1; WOW64; rv:22.0) Gecko/20100101 Firefox/22.0"
74.218.10.66 - - [12/Aug/2013:09:15:08 -0400] "GET /images/logo.jpg HTTP/1.1" 200 6004 "http://warnerconsultinggroup.com/" "Mozilla/5.0 (Windows NT 6.1; WOW64; rv:22.0) Gecko/20100101 Firefox/22.0"
74.218.10.66 - - [12/Aug/2013:09:15:08 -0400] "GET /favicon.ico HTTP/1.1" 404 9018 "-" "Mozilla/5.0 (Windows NT 6.1; WOW64; rv:22.0) Gecko/20100101 Firefox/22.0"
74.218.10.66 - - [12/Aug/2013:09:15:10 -0400] "GET /favicon.ico HTTP/1.1" 404 9018 "-" "Mozilla/5.0 (Windows NT 6.1; WOW64; rv:22.0) Gecko/20100101 Firefox/22.0"
5.63.151.190 - - [12/Aug/2013:09:53:11 -0400] "HEAD / HTTP/1.1" 200 - "-" "checks.panopta.com"
123.30.175.115 - - [12/Aug/2013:11:41:08 -0400] "GET / HTTP/1.1" 200 9018 "-" "Mozilla/5.0 (compatible; coccoc/1.0; +http://help.coccoc.com/)"
63.131.59.107 - - [12/Aug/2013:11:57:19 -0400] "GET /favicon.ico HTTP/1.1" 404 9018 "-" "Mozilla/5.0 (compatible; MSIE 10.0; Windows NT 6.1; Win64; x64; Trident/6.0)"
5.63.151.190 - - [12/Aug/2013:02:14:11 -0400] "HEAD / HTTP/1.1" 200 - "-" "checks.panopta.com"
5.63.151.190 - - [12/Aug/2013:07:01:28 -0400] "GET / HTTP/1.1" 200 9018 "-" "checks.panopta.com"
173.199.114.147 - - [12/Aug/2013:07:48:34 -0400] "GET /aboutus/meettheteam.html HTTP/1.1" 200 6782 "-" "Mozilla/5.0 (compatible; AhrefsBot/4.0; +http://ahrefs.com/robot/)"
5.10.83.42 - - [12/Aug/2013:10:56:57 -0400] "GET //consulting/www.magnoliahotels.com HTTP/1.1" 200 6782 "-" "Mozilla/5.0 (compatible; AhrefsBot/5.0; +http://ahrefs.com/robot/)"
5.63.151.190 - - [12/Aug/2013:21:13:43 -0400] "GET / HTTP/1.1" 200 9018 "-" "checks.panopta.com"
173.199.114.147 - - [12/Aug/2013:14:03:17 -0400] "GET /aboutus/creating_efficiency HTTP/1.1" 200 6782 "-" "Mozilla/5.0 (compatible; AhrefsBot/4.0; +http://ahrefs.com/robot/)"
178.137.128.238 - - [12/Aug/2013:14:09:07 -0400] "GET / HTTP/1.1" 200 9018 "http://rada.ru/souvenir/" "Mozilla/4.0 (compatible; MSIE 7.0b; Windows NT 6.0)"
74.218.10.66 - - [12/Aug/2013:14:17:45 -0400] "GET / HTTP/1.1" 200 9018 "-" "Mozilla/5.0 (Macintosh; Intel Mac OS X 10_8_4) AppleWebKit/537.36 (KHTML, like Gecko) Chrome/28.0.1500.95 Safari/537.36"
74.218.10.66 - - [12/Aug/2013:14:17:47 -0400] "GET /css/dropdown/dropdown.css HTTP/1.1" 200 1026 "http://warnerconsultinggroup.com/" "Mozilla/5.0 (Macintosh; Intel Mac OS X 10_8_4) AppleWebKit/537.36 (KHTML, like Gecko) Chrome/28.0.1500.95 Safari/537.36"
74.218.10.66 - - [12/Aug/2013:14:17:47 -0400] "GET /images/twitr.png HTTP/1.1" 200 1543 "http://warnerconsultinggroup.com/" "Mozilla/5.0 (Macintosh; Intel Mac OS X 10_8_4) AppleWebKit/537.36 (KHTML, like Gecko) Chrome/28.0.1500.95 Safari/537.36"
74.218.10.66 - - [12/Aug/2013:14:17:47 -0400] "GET /images/btn-readmore.jpg HTTP/1.1" 200 1587 "http://warnerconsultinggroup.com/" "Mozilla/5.0 (Macintosh; Intel Mac OS X 10_8_4) AppleWebKit/537.36 (KHTML, like Gecko) Chrome/28.0.1500.95 Safari/537.36"
157.56.229.190 - - [12/Aug/2013:14:36:24 -0400] "GET //images/right-box-bot.png HTTP/1.1" 200 411 "-" "Mozilla/5.0 (compatible; bingbot/2.0; +http://www.bing.com/bingbot.htm)"
74.135.47.76 - - [12/Aug/2013:15:28:44 -0400] "GET /administrator/index.php HTTP/1.0" 403 225 "-" "Mozilla/5.0 (Windows NT 6.1; rv:19.0) Gecko/20100101 Firefox/19.0"
5.63.151.190 - - [12/Aug/2013:16:57:17 -0400] "HEAD / HTTP/1.1" 200 - "-" "checks.panopta.com"
23.22.8.238 - - [12/Aug/2013:03:23:27 -0400] "GET /consulting HTTP/1.1" 200 14034 "http://www.google.com" "Mozilla/5.0 Macintosh Intel Mac OS X 10_7_4 AppleWebKit/536.11 KHTML, like Gecko Chrome/20.0.1132.57 Safari/536.11"
5.63.151.190 - - [12/Aug/2013:05:15:36 -0400] "HEAD / HTTP/1.1" 200 - "-" "checks.panopta.com"
5.63.151.190 - - [12/Aug/2013:23:14:28 -0400] "GET / HTTP/1.1" 200 9018 "-" "checks.panopta.com"
184.72.187.79 - - [12/Aug/2013:06:13:46 -0400] "HEAD / HTTP/1.1" 200 - "-" "python-requests/1.1.0 CPython/2.7.4 Linux/3.8.0-19-generic"
74.218.10.66 - - [12/Aug/2013:09:15:09 -0400] "GET /images/gallery/services-1.jpg HTTP/1.1" 200 14545 "http://warnerconsultinggroup.com/" "Mozilla/5.0 (Windows NT 6.1; WOW64; rv:22.0) Gecko/20100101 Firefox/22.0"
71.159.229.128 - - [12/Aug/2013:02:25:59 -0400] "GET //css/dropdown/dropdown.css HTTP/1.1" 200 1026 "http://www.warnerconsultinggroup.com//contact_us" "Mozilla/5.0 (Windows NT 6.1; WOW64) AppleWebKit/537.36 (KHTML, like Gecko) Chrome/28.0.1500.95 Safari/537.36"
71.159.229.128 - - [12/Aug/2013:02:26:00 -0400] "GET //images/twitr.png HTTP/1.1" 200 1543 "http://www.warnerconsultinggroup.com//contact_us" "Mozilla/5.0 (Windows NT 6.1; WOW64) AppleWebKit/537.36 (KHTML, like Gecko) Chrome/28.0.1500.95 Safari/537.36"
71.159.229.128 - - [12/Aug/2013:02:26:00 -0400] "GET //images/inner-content-top.png HTTP/1.1" 200 1386 "http://www.warnerconsultinggroup.com//contact_us" "Mozilla/5.0 (Windows NT 6.1; WOW64) AppleWebKit/537.36 (KHTML, like Gecko) Chrome/28.0.1500.95 Safari/537.36"
71.159.229.128 - - [12/Aug/2013:02:26:00 -0400] "GET //images/right-box-top.png HTTP/1.1" 200 617 "http://www.warnerconsultinggroup.com//contact_us" "Mozilla/5.0 (Windows NT 6.1; WOW64) AppleWebKit/537.36 (KHTML, like Gecko) Chrome/28.0.1500.95 Safari/537.36"
71.159.229.128 - - [12/Aug/2013:02:26:00 -0400] "GET //images/bullet2.png HTTP/1.1" 200 451 "http://www.warnerconsultinggroup.com//contact_us" "Mozilla/5.0 (Windows NT 6.1; WOW64) AppleWebKit/537.36 (KHTML, like Gecko) Chrome/28.0.1500.95 Safari/537.36"
71.159.229.128 - - [12/Aug/2013:02:26:00 -0400] "GET //images/nav-right.png HTTP/1.1" 200 1282 "http://www.warnerconsultinggroup.com//contact_us" "Mozilla/5.0 (Windows NT 6.1; WOW64) AppleWebKit/537.36 (KHTML, like Gecko) Chrome/28.0.1500.95 Safari/537.36"
71.159.229.128 - - [12/Aug/2013:02:26:01 -0400] "GET //images/footer-bg.jpg HTTP/1.1" 200 1167 "http://www.warnerconsultinggroup.com//contact_us" "Mozilla/5.0 (Windows NT 6.1; WOW64) AppleWebKit/537.36 (KHTML, like Gecko) Chrome/28.0.1500.95 Safari/537.36"
5.63.151.190 - - [12/Aug/2013:19:12:53 -0400] "HEAD / HTTP/1.1" 200 - "-" "checks.panopta.com"
5.63.151.190 - - [12/Aug/2013:12:24:49 -0400] "HEAD / HTTP/1.1" 200 - "-" "checks.panopta.com"
157.56.229.190 - - [12/Aug/2013:14:36:22 -0400] "GET //images/inner-content-mid.png HTTP/1.1" 200 211 "-" "Mozilla/5.0 (compatible; bingbot/2.0; +http://www.bing.com/bingbot.htm)"
12.4.17.250 - - [12/Aug/2013:15:21:44 -0400] "GET //about_us/meet_the_team HTTP/1.1" 200 23851 "-" "Mozilla/5.0 (Windows NT 6.1) AppleWebKit/537.36 (KHTML, like Gecko) Chrome/28.0.1500.95 Safari/537.36"
12.4.17.250 - - [12/Aug/2013:15:21:47 -0400] "GET /favicon.ico HTTP/1.1" 404 9018 "-" "Mozilla/5.0 (Windows NT 6.1) AppleWebKit/537.36 (KHTML, like Gecko) Chrome/28.0.1500.95 Safari/537.36"
79.143.190.141 - - [12/Aug/2013:15:56:55 -0400] "HEAD / HTTP/1.1" 200 - "-" "checks.panopta.com"
208.66.27.34 - - [12/Aug/2013:16:38:40 -0400] "GET /css/dropdown/themes/nvidia.com/default.advanced.css HTTP/1.1" 200 1342 "http://www.warnerconsultinggroup.com/" "Mozilla/5.0 (Windows NT 5.1; rv:22.0) Gecko/20100101 Firefox/22.0"
208.66.27.34 - - [12/Aug/2013:16:38:40 -0400] "GET /css/dropdown/themes/nvidia.com/default.css HTTP/1.1" 200 1866 "http://www.warnerconsultinggroup.com/css/dropdown/themes/nvidia.com/default.advanced.css" "Mozilla/5.0 (Windows NT 5.1; rv:22.0) Gecko/20100101 Firefox/22.0"
208.66.27.34 - - [12/Aug/2013:16:38:40 -0400] "GET /images/head-welcome.jpg HTTP/1.1" 200 15302 "http://www.warnerconsultinggroup.com/" "Mozilla/5.0 (Windows NT 5.1; rv:22.0) Gecko/20100101 Firefox/22.0"
180.94.117.198 - - [12/Aug/2013:20:05:50 -0400] "GET / HTTP/1.1" 200 9018 "-" "Mozilla/5.0 (Windows NT 6.1; WOW64) AppleWebKit/537.36 (KHTML, like Gecko) Chrome/28.0.1500.95 Safari/537.36"
180.94.117.198 - - [12/Aug/2013:20:05:51 -0400] "GET /piecemaker.swf HTTP/1.1" 200 208139 "http://www.warnerconsultinggroup.com/a.html" "Mozilla/5.0 (Windows NT 6.1; WOW64) AppleWebKit/537.36 (KHTML, like Gecko) Chrome/28.0.1500.95 Safari/537.36"
173.13.222.49 - - [12/Aug/2013:07:42:52 -0400] "GET //css/style.css HTTP/1.1" 200 7000 "http://www.warnerconsultinggroup.com//contact_us" "Mozilla/5.0 (compatible; MSIE 10.0; Windows NT 6.2; WOW64; Trident/6.0)"
173.13.222.49 - - [12/Aug/2013:07:42:52 -0400] "GET //images/bullet2.png HTTP/1.1" 200 451 "http://www.warnerconsultinggroup.com//contact_us" "Mozilla/5.0 (compatible; MSIE 10.0; Windows NT 6.2; WOW64; Trident/6.0)"
173.13.222.49 - - [12/Aug/2013:07:43:03 -0400] "GET //images/nav-left.png HTTP/1.1" 200 1223 "http://www.warnerconsultinggroup.com//contact_us" "Mozilla/5.0 (compatible; MSIE 10.0; Windows NT 6.2; WOW64; Trident/6.0)"
173.13.222.49 - - [12/Aug/2013:07:43:16 -0400] "GET //images/theteam/5-Jan.jpg HTTP/1.1" 200 2858 "http://www.warnerconsultinggroup.com//about_us/meet_the_team" "Mozilla/5.0 (compatible; MSIE 10.0; Windows NT 6.2; WOW64; Trident/6.0)"
173.13.222.49 - - [12/Aug/2013:07:43:16 -0400] "GET //images/theteam/3-Kelly.jpg HTTP/1.1" 200 2815 "http://www.warnerconsultinggroup.com//about_us/meet_the_team" "Mozilla/5.0 (compatible; MSIE 10.0; Windows NT 6.2; WOW64; Trident/6.0)"
74.218.10.66 - - [12/Aug/2013:09:15:09 -0400] "GET /images/gallery/services-2.jpg HTTP/1.1" 200 13974 "http://warnerconsultinggroup.com/" "Mozilla/5.0 (Windows NT 6.1; WOW64; rv:22.0) Gecko/20100101 Firefox/22.0"
70.62.7.2 - - [12/Aug/2013:10:04:45 -0400] "GET //images/logo.jpg HTTP/1.1" 200 6004 "http://www.warnerconsultinggroup.com//about_us/meet_the_team" "Mozilla/5.0 (compatible; MSIE 10.0; Windows NT 6.1; WOW64; Trident/6.0)"
70.62.7.2 - - [12/Aug/2013:10:04:45 -0400] "GET //images/theteam/1-Trevor.jpg HTTP/1.1" 200 14332 "http://www.warnerconsultinggroup.com//about_us/meet_the_team" "Mozilla/5.0 (compatible; MSIE 10.0; Windows NT 6.1; WOW64; Trident/6.0)"
70.62.7.2 - - [12/Aug/2013:10:04:45 -0400] "GET //images/theteam/5-Jan.jpg HTTP/1.1" 200 2858 "http://www.warnerconsultinggroup.com//about_us/meet_the_team" "Mozilla/5.0 (compatible; MSIE 10.0; Windows NT 6.1; WOW64; Trident/6.0)"
70.62.7.2 - - [12/Aug/2013:10:04:45 -0400] "GET //images/theteam/3-Kelly.jpg HTTP/1.1" 200 2815 "http://www.warnerconsultinggroup.com//about_us/meet_the_team" "Mozilla/5.0 (compatible; MSIE 10.0; Windows NT 6.1; WOW64; Trident/6.0)"
70.62.7.2 - - [12/Aug/2013:10:04:47 -0400] "GET //images/social-bg.png HTTP/1.1" 200 3056 "http://www.warnerconsultinggroup.com//about_us/meet_the_team" "Mozilla/5.0 (compatible; MSIE 10.0; Windows NT 6.1; WOW64; Trident/6.0)"
70.62.7.2 - - [12/Aug/2013:10:04:47 -0400] "GET //images/inner-content-bot.png HTTP/1.1" 200 1411 "http://www.warnerconsultinggroup.com//about_us/meet_the_team" "Mozilla/5.0 (compatible; MSIE 10.0; Windows NT 6.1; WOW64; Trident/6.0)"
5.63.151.190 - - [12/Aug/2013:10:08:27 -0400] "HEAD / HTTP/1.1" 200 - "-" "checks.panopta.com"
63.131.59.107 - - [12/Aug/2013:11:56:45 -0400] "GET /css/dropdown/themes/nvidia.com/default.advanced.css HTTP/1.1" 200 1342 "http://www.warnerconsultinggroup.com/" "Mozilla/5.0 (compatible; MSIE 10.0; Windows NT 6.1; WOW64; Trident/6.0)"
63.131.59.107 - - [12/Aug/2013:11:56:46 -0400] "GET /images/gallery/services-1.jpg HTTP/1.1" 200 14545 "http://www.warnerconsultinggroup.com/" "Mozilla/5.0 (compatible; MSIE 10.0; Windows NT 6.1; WOW64; Trident/6.0)"
63.131.59.107 - - [12/Aug/2013:11:59:30 -0400] "GET //images/nav-left.png HTTP/1.1" 200 1223 "http://www.warnerconsultinggroup.com//about_us/meet_the_team" "Mozilla/5.0 (compatible; MSIE 10.0; Windows NT 6.1; WOW64; Trident/6.0)"
128.204.195.249 - - [12/Aug/2013:14:41:10 -0400] "HEAD / HTTP/1.1" 200 - "-" "checks.panopta.com"
199.30.20.46 - - [12/Aug/2013:12:11:02 -0400] "GET /images/368_Consultant_Cartoon.jpg HTTP/1.1" 200 6782 "-" "msnbot-media/1.1 (+http://search.msn.com/msnbot.htm)"
12.4.17.250 - - [12/Aug/2013:15:21:21 -0400] "GET //images/nav-right.png HTTP/1.1" 200 1282 "http://www.warnerconsultinggroup.com//about_us/meet_the_team" "Mozilla/5.0 (Windows NT 6.1) AppleWebKit/537.36 (KHTML, like Gecko) Chrome/28.0.1500.95 Safari/537.36"
5.63.151.190 - - [12/Aug/2013:15:56:35 -0400] "HEAD / HTTP/1.1" 503 - "-" "checks.panopta.com"
208.66.27.34 - - [12/Aug/2013:16:39:25 -0400] "GET /images/nav-right.png HTTP/1.1" 200 1282 "http://www.warnerconsultinggroup.com/css/style.css" "Mozilla/5.0 (Windows NT 5.1; rv:22.0) Gecko/20100101 Firefox/22.0"
207.241.226.239 - - [12/Aug/2013:21:34:21 -0400] "GET /robots.txt HTTP/1.1" 503 823 "-" "ia_archiver(OS-Wayback)"
118.209.7.132 - - [12/Aug/2013:23:46:36 -0400] "GET /images/footer-bg.jpg HTTP/1.1" 200 1167 "http://www.warnerconsultinggroup.com/" "Mozilla/5.0 (iPad; CPU OS 6_1_3 like Mac OS X) AppleWebKit/536.26 (KHTML, like Gecko) Version/6.0 Mobile/10B329 Safari/8536.25"
157.55.32.145 - - [12/Aug/2013:09:07:41 -0400] "GET /Scripts/swfobject/swfobject.js HTTP/1.1" 200 9759 "-" "Mozilla/5.0 (compatible; bingbot/2.0; +http://www.bing.com/bingbot.htm)"
63.131.59.107 - - [12/Aug/2013:11:57:25 -0400] "GET //js/jquery-1.3.2.min.js HTTP/1.1" 200 57254 "http://www.warnerconsultinggroup.com//about_us/meet_the_team" "Mozilla/5.0 (compatible; MSIE 10.0; Windows NT 6.1; WOW64; Trident/6.0)"
71.159.229.128 - - [12/Aug/2013:02:26:06 -0400] "GET //images/theteam/5-Jan.jpg HTTP/1.1" 200 2858 "http://www.warnerconsultinggroup.com//about_us/meet_the_team" "Mozilla/5.0 (Windows NT 6.1; WOW64) AppleWebKit/537.36 (KHTML, like Gecko) Chrome/28.0.1500.95 Safari/537.36"
71.159.229.128 - - [12/Aug/2013:02:26:07 -0400] "GET //images/theteam/3-Kelly.jpg HTTP/1.1" 200 2815 "http://www.warnerconsultinggroup.com//about_us/meet_the_team" "Mozilla/5.0 (Windows NT 6.1; WOW64) AppleWebKit/537.36 (KHTML, like Gecko) Chrome/28.0.1500.95 Safari/537.36"
5.63.151.190 - - [12/Aug/2013:18:12:25 -0400] "HEAD / HTTP/1.1" 200 - "-" "checks.panopta.com"
74.218.10.66 - - [12/Aug/2013:09:15:08 -0400] "GET /images/twitr.png HTTP/1.1" 200 1543 "http://warnerconsultinggroup.com/" "Mozilla/5.0 (Windows NT 6.1; WOW64; rv:22.0) Gecko/20100101 Firefox/22.0"
70.62.7.2 - - [12/Aug/2013:10:04:30 -0400] "GET / HTTP/1.1" 200 9018 "http://www.google.com/url?sa=t&rct=j&q=&esrc=s&frm=1&source=web&cd=1&ved=0CC4QFjAA&url=http%3A%2F%2Fwww.warnerconsultinggroup.com%2F&ei=ZusIUofbGIW6yAHl-4G4AQ&usg=AFQjCNFn_pMzUjkkAXCW_ESS-q7bg9f65g&sig2=Uhb76qAhG7pQL7nODlQ3NA&bvm=bv.50500085,d.aWc" "Mozilla/5.0 (compatible; MSIE 10.0; Windows NT 6.1; WOW64; Trident/6.0)"
70.62.7.2 - - [12/Aug/2013:10:04:31 -0400] "GET /css/dropdown/dropdown.css HTTP/1.1" 200 1026 "http://www.warnerconsultinggroup.com/" "Mozilla/5.0 (compatible; MSIE 10.0; Windows NT 6.1; WOW64; Trident/6.0)"
70.62.7.2 - - [12/Aug/2013:10:04:31 -0400] "GET /images/gallery/services-3.jpg HTTP/1.1" 200 16546 "http://www.warnerconsultinggroup.com/" "Mozilla/5.0 (compatible; MSIE 10.0; Windows NT 6.1; WOW64; Trident/6.0)"
70.62.7.2 - - [12/Aug/2013:10:04:45 -0400] "GET //css/dropdown/themes/nvidia.com/default.advanced.css HTTP/1.1" 200 1342 "http://www.warnerconsultinggroup.com//about_us/meet_the_team" "Mozilla/5.0 (compatible; MSIE 10.0; Windows NT 6.1; WOW64; Trident/6.0)"
70.62.7.2 - - [12/Aug/2013:10:04:45 -0400] "GET //images/theteam/Meredith.jpg HTTP/1.1" 200 3991 "http://www.warnerconsultinggroup.com//about_us/meet_the_team" "Mozilla/5.0 (compatible; MSIE 10.0; Windows NT 6.1; WOW64; Trident/6.0)"
70.62.7.2 - - [12/Aug/2013:10:04:47 -0400] "GET //images/bullet2.png HTTP/1.1" 200 451 "http://www.warnerconsultinggroup.com//about_us/meet_the_team" "Mozilla/5.0 (compatible; MSIE 10.0; Windows NT 6.1; WOW64; Trident/6.0)"
46.118.126.194 - - [12/Aug/2013:21:32:13 -0400] "GET / HTTP/1.1" 200 9018 "http://moneycredits.ru/" "Mozilla/4.0 (compatible; MSIE 6.0; Windows NT 5.1; SV1; .NET CLR 1.1.4322)"
23.22.8.238 - - [12/Aug/2013:03:23:33 -0400] "GET /contact_us HTTP/1.1" 200 14972 "http://www.google.com" "Mozilla/5.0 Macintosh Intel Mac OS X 10_7_4 AppleWebKit/536.11 KHTML, like Gecko Chrome/20.0.1132.57 Safari/536.11"
66.249.73.149 - - [12/Aug/2013:03:46:16 -0400] "GET / HTTP/1.1" 200 9018 "-" "SAMSUNG-SGH-E250/1.0 Profile/MIDP-2.0 Configuration/CLDC-1.1 UP.Browser/6.2.3.3.c.1.101 (GUI) MMP/2.0 (compatible; Googlebot-Mobile/2.1; +http://www.google.com/bot.html)"
5.63.151.190 - - [12/Aug/2013:06:46:21 -0400] "HEAD / HTTP/1.1" 200 - "-" "checks.panopta.com"
5.63.151.190 - - [12/Aug/2013:13:10:17 -0400] "HEAD / HTTP/1.1" 200 - "-" "checks.panopta.com"
64.183.4.2 - - [12/Aug/2013:13:34:33 -0400] "GET //css/style.css HTTP/1.1" 200 7000 "http://www.warnerconsultinggroup.com//about_us/meet_the_team" "Mozilla/5.0 (Windows NT 5.1) AppleWebKit/537.36 (KHTML, like Gecko) Chrome/28.0.1500.95 Safari/537.36"
64.183.4.2 - - [12/Aug/2013:13:34:33 -0400] "GET //images/fb.png HTTP/1.1" 200 1264 "http://www.warnerconsultinggroup.com//about_us/meet_the_team" "Mozilla/5.0 (Windows NT 5.1) AppleWebKit/537.36 (KHTML, like Gecko) Chrome/28.0.1500.95 Safari/537.36"
64.183.4.2 - - [12/Aug/2013:13:34:33 -0400] "GET //images/social-bg.png HTTP/1.1" 200 3056 "http://www.warnerconsultinggroup.com//about_us/meet_the_team" "Mozilla/5.0 (Windows NT 5.1) AppleWebKit/537.36 (KHTML, like Gecko) Chrome/28.0.1500.95 Safari/537.36"
64.183.4.2 - - [12/Aug/2013:13:34:33 -0400] "GET //images/inner-content-mid.png HTTP/1.1" 200 211 "http://www.warnerconsultinggroup.com//about_us/meet_the_team" "Mozilla/5.0 (Windows NT 5.1) AppleWebKit/537.36 (KHTML, like Gecko) Chrome/28.0.1500.95 Safari/537.36"
64.183.4.2 - - [12/Aug/2013:13:34:33 -0400] "GET //images/right-box-mid.png HTTP/1.1" 200 134 "http://www.warnerconsultinggroup.com//about_us/meet_the_team" "Mozilla/5.0 (Windows NT 5.1) AppleWebKit/537.36 (KHTML, like Gecko) Chrome/28.0.1500.95 Safari/537.36"
64.183.4.2 - - [12/Aug/2013:13:34:34 -0400] "GET //images/footer-bg.jpg HTTP/1.1" 200 1167 "http://www.warnerconsultinggroup.com//about_us/meet_the_team" "Mozilla/5.0 (Windows NT 5.1) AppleWebKit/537.36 (KHTML, like Gecko) Chrome/28.0.1500.95 Safari/537.36"
74.218.10.66 - - [12/Aug/2013:14:17:47 -0400] "GET /css/dropdown/themes/nvidia.com/default.advanced.css HTTP/1.1" 200 1342 "http://warnerconsultinggroup.com/" "Mozilla/5.0 (Macintosh; Intel Mac OS X 10_8_4) AppleWebKit/537.36 (KHTML, like Gecko) Chrome/28.0.1500.95 Safari/537.36"
74.218.10.66 - - [12/Aug/2013:14:17:47 -0400] "GET /images/head-welcome.jpg HTTP/1.1" 200 15302 "http://warnerconsultinggroup.com/" "Mozilla/5.0 (Macintosh; Intel Mac OS X 10_8_4) AppleWebKit/537.36 (KHTML, like Gecko) Chrome/28.0.1500.95 Safari/537.36"
12.4.17.250 - - [12/Aug/2013:15:21:10 -0400] "GET /images/nav-left.png HTTP/1.1" 200 1223 "http://www.warnerconsultinggroup.com/" "Mozilla/5.0 (Windows NT 6.1) AppleWebKit/537.36 (KHTML, like Gecko) Chrome/28.0.1500.95 Safari/537.36"
12.4.17.250 - - [12/Aug/2013:15:21:12 -0400] "GET //about_us/meet_the_team HTTP/1.1" 200 23851 "http://www.warnerconsultinggroup.com/" "Mozilla/5.0 (Windows NT 6.1) AppleWebKit/537.36 (KHTML, like Gecko) Chrome/28.0.1500.95 Safari/537.36"
12.4.17.250 - - [12/Aug/2013:15:21:13 -0400] "GET //css/diQuery-collapsiblePanel.css HTTP/1.1" 200 506 "http://www.warnerconsultinggroup.com//about_us/meet_the_team" "Mozilla/5.0 (Windows NT 6.1) AppleWebKit/537.36 (KHTML, like Gecko) Chrome/28.0.1500.95 Safari/537.36"
12.4.17.250 - - [12/Aug/2013:15:21:15 -0400] "GET //images/theteam/1-Trevor.jpg HTTP/1.1" 200 14332 "http://www.warnerconsultinggroup.com//about_us/meet_the_team" "Mozilla/5.0 (Windows NT 6.1) AppleWebKit/537.36 (KHTML, like Gecko) Chrome/28.0.1500.95 Safari/537.36"
12.4.17.250 - - [12/Aug/2013:15:21:15 -0400] "GET //images/theteam/Meredith.jpg HTTP/1.1" 200 3991 "http://www.warnerconsultinggroup.com//about_us/meet_the_team" "Mozilla/5.0 (Windows NT 6.1) AppleWebKit/537.36 (KHTML, like Gecko) Chrome/28.0.1500.95 Safari/537.36"
12.4.17.250 - - [12/Aug/2013:15:21:15 -0400] "GET //images/social-bg.png HTTP/1.1" 200 3056 "http://www.warnerconsultinggroup.com//about_us/meet_the_team" "Mozilla/5.0 (Windows NT 6.1) AppleWebKit/537.36 (KHTML, like Gecko) Chrome/28.0.1500.95 Safari/537.36"
12.4.17.250 - - [12/Aug/2013:15:21:15 -0400] "GET //images/right-box-bot.png HTTP/1.1" 200 411 "http://www.warnerconsultinggroup.com//about_us/meet_the_team" "Mozilla/5.0 (Windows NT 6.1) AppleWebKit/537.36 (KHTML, like Gecko) Chrome/28.0.1500.95 Safari/537.36"
199.30.24.94 - - [12/Aug/2013:15:34:26 -0400] "GET //images/social-head.png HTTP/1.1" 200 2344 "http://www.warnerconsultinggroup.com/the_lighter_side" "Mozilla/5.0 (Windows NT 6.1; WOW64) AppleWebKit/534+ (KHTML, like Gecko) BingPreview/1.0b"
5.63.151.190 - - [12/Aug/2013:17:12:18 -0400] "HEAD / HTTP/1.1" 200 - "-" "checks.panopta.com"
74.218.10.66 - - [12/Aug/2013:09:14:23 -0400] "GET / HTTP/1.1" 200 9018 "-" "Mozilla/5.0 (Windows NT 6.1; WOW64; rv:22.0) Gecko/20100101 Firefox/22.0"
70.62.7.2 - - [12/Aug/2013:10:06:06 -0400] "GET //images/nav-right.png HTTP/1.1" 200 1282 "http://www.warnerconsultinggroup.com//about_us/meet_the_team" "Mozilla/5.0 (compatible; MSIE 10.0; Windows NT 6.1; WOW64; Trident/6.0)"
199.30.20.80 - - [12/Aug/2013:10:12:48 -0400] "GET /robots.txt HTTP/1.1" 200 6782 "-" "msnbot-media/1.1 (+http://search.msn.com/msnbot.htm)"
199.30.20.80 - - [12/Aug/2013:10:12:50 -0400] "GET /aboutus/images/logo.jpg HTTP/1.1" 200 6782 "-" "msnbot-media/1.1 (+http://search.msn.com/msnbot.htm)"
91.207.9.226 - - [12/Aug/2013:06:38:27 -0400] "GET / HTTP/1.1" 200 9018 "http://netkurenia.ru/" "Mozilla/4.0 (compatible; MSIE 6.0; Windows NT) ::ELNSB50::000061100320025802a00111000000000507000900000000"
5.63.151.190 - - [12/Aug/2013:07:16:29 -0400] "HEAD / HTTP/1.1" 200 - "-" "checks.panopta.com"
99.172.76.56 - - [12/Aug/2013:16:17:44 -0400] "GET /css/dropdown/themes/nvidia.com/default.advanced.css HTTP/1.1" 200 1342 "http://www.warnerconsultinggroup.com/" "Mozilla/5.0 (compatible; MSIE 10.0; Windows NT 6.1; WOW64; Trident/6.0)"
99.172.76.56 - - [12/Aug/2013:16:17:44 -0400] "GET /images/gallery/services-2.jpg HTTP/1.1" 200 13974 "http://www.warnerconsultinggroup.com/" "Mozilla/5.0 (compatible; MSIE 10.0; Windows NT 6.1; WOW64; Trident/6.0)"
99.172.76.56 - - [12/Aug/2013:16:17:45 -0400] "GET /images/bg.jpg HTTP/1.1" 200 94591 "http://www.warnerconsultinggroup.com/" "Mozilla/5.0 (compatible; MSIE 10.0; Windows NT 6.1; WOW64; Trident/6.0)"
99.172.76.56 - - [12/Aug/2013:16:17:45 -0400] "GET /favicon.ico HTTP/1.1" 404 9018 "-" "Mozilla/5.0 (compatible; MSIE 10.0; Windows NT 6.1; WOW64; Trident/6.0)"
208.66.27.34 - - [12/Aug/2013:16:38:37 -0400] "GET / HTTP/1.1" 200 9018 "http://www.google.com/url?sa=t&rct=j&q=&esrc=s&source=web&cd=1&ved=0CCwQFjAA&url=http%3A%2F%2Fwww.warnerconsultinggroup.com%2F&ei=uUcJUrflHYzbiwLxj4Bg&usg=AFQjCNFn_pMzUjkkAXCW_ESS-q7bg9f65g&bvm=bv.50500085,d.cGE" "Mozilla/5.0 (Windows NT 5.1; rv:22.0) Gecko/20100101 Firefox/22.0"
208.66.27.34 - - [12/Aug/2013:16:38:40 -0400] "GET /css/style.css HTTP/1.1" 200 7000 "http://www.warnerconsultinggroup.com/" "Mozilla/5.0 (Windows NT 5.1; rv:22.0) Gecko/20100101 Firefox/22.0"
208.66.27.34 - - [12/Aug/2013:16:38:40 -0400] "GET /images/logo.jpg HTTP/1.1" 200 6004 "http://www.warnerconsultinggroup.com/" "Mozilla/5.0 (Windows NT 5.1; rv:22.0) Gecko/20100101 Firefox/22.0"
208.66.27.34 - - [12/Aug/2013:16:38:40 -0400] "GET /images/gallery/services-3.jpg HTTP/1.1" 200 16546 "http://www.warnerconsultinggroup.com/" "Mozilla/5.0 (Windows NT 5.1; rv:22.0) Gecko/20100101 Firefox/22.0"
71.159.229.128 - - [12/Aug/2013:02:25:52 -0400] "GET /css/dropdown/dropdown.css HTTP/1.1" 200 1026 "http://www.warnerconsultinggroup.com/" "Mozilla/5.0 (Windows NT 6.1; WOW64) AppleWebKit/537.36 (KHTML, like Gecko) Chrome/28.0.1500.95 Safari/537.36"
71.159.229.128 - - [12/Aug/2013:02:25:52 -0400] "GET /Scripts/swfobject/swfobject.js HTTP/1.1" 200 9759 "http://www.warnerconsultinggroup.com/a.html" "Mozilla/5.0 (Windows NT 6.1; WOW64) AppleWebKit/537.36 (KHTML, like Gecko) Chrome/28.0.1500.95 Safari/537.36"
71.159.229.128 - - [12/Aug/2013:02:25:54 -0400] "GET /piecemaker.swf HTTP/1.1" 200 208139 "http://www.warnerconsultinggroup.com/a.html" "Mozilla/5.0 (Windows NT 6.1; WOW64) AppleWebKit/537.36 (KHTML, like Gecko) Chrome/28.0.1500.95 Safari/537.36"
66.249.73.124 - - [12/Aug/2013:03:42:48 -0400] "GET /robots.txt HTTP/1.1" 200 6782 "-" "Mozilla/5.0 (compatible; Googlebot/2.1; +http://www.google.com/bot.html)"
66.249.73.149 - - [12/Aug/2013:03:46:15 -0400] "GET /robots.txt HTTP/1.1" 200 6782 "-" "Mozilla/5.0 (compatible; Googlebot/2.1; +http://www.google.com/bot.html)"
100.43.83.144 - - [12/Aug/2013:12:05:02 -0400] "GET /robots.txt HTTP/1.1" 200 6782 "-" "Mozilla/5.0 (compatible; YandexBot/3.0; +http://yandex.com/bots)"
5.10.83.42 - - [12/Aug/2013:13:15:30 -0400] "GET //about_us/www.litchfieldbeach.com HTTP/1.1" 200 6782 "-" "Mozilla/5.0 (compatible; AhrefsBot/5.0; +http://ahrefs.com/robot/)"
5.63.151.190 - - [12/Aug/2013:14:10:47 -0400] "HEAD / HTTP/1.1" 200 - "-" "checks.panopta.com"
66.249.73.149 - - [12/Aug/2013:00:57:01 -0400] "GET /robots.txt HTTP/1.1" 200 6782 "-" "Mozilla/5.0 (compatible; Googlebot/2.1; +http://www.google.com/bot.html)"
128.204.195.249 - - [12/Aug/2013:01:29:05 -0400] "HEAD / HTTP/1.1" 200 - "-" "checks.panopta.com"
74.218.10.66 - - [12/Aug/2013:09:15:08 -0400] "GET /css/dropdown/themes/nvidia.com/default.advanced.css HTTP/1.1" 200 1342 "http://warnerconsultinggroup.com/" "Mozilla/5.0 (Windows NT 6.1; WOW64; rv:22.0) Gecko/20100101 Firefox/22.0"
74.218.10.66 - - [12/Aug/2013:09:15:08 -0400] "GET /images/footer-sep.jpg HTTP/1.1" 200 1127 "http://warnerconsultinggroup.com/" "Mozilla/5.0 (Windows NT 6.1; WOW64; rv:22.0) Gecko/20100101 Firefox/22.0"
66.249.72.181 - - [12/Aug/2013:09:22:40 -0400] "GET /consulting HTTP/1.1" 200 14034 "-" "DoCoMo/2.0 N905i(c100;TB;W24H16) (compatible; Googlebot-Mobile/2.1; +http://www.google.com/bot.html)"
5.10.83.42 - - [12/Aug/2013:11:59:12 -0400] "GET //www.litchfieldbeach.com HTTP/1.1" 200 6782 "-" "Mozilla/5.0 (compatible; AhrefsBot/5.0; +http://ahrefs.com/robot/)"
5.10.83.81 - - [12/Aug/2013:23:16:35 -0400] "GET //news/index.php HTTP/1.1" 200 6782 "-" "Mozilla/5.0 (compatible; AhrefsBot/5.0; +http://ahrefs.com/robot/)"
202.46.57.152 - - [12/Aug/2013:23:36:58 -0400] "GET /about_us/code_of_ethics HTTP/1.1" 200 13139 "-" "Mozilla/5.0 (Windows NT 5.1; rv:6.0.2) Gecko/20100101 Firefox/6.0.2"
66.249.73.149 - - [12/Aug/2013:06:45:45 -0400] "GET /robots.txt HTTP/1.1" 200 6782 "-" "Mozilla/5.0 (compatible; Googlebot/2.1; +http://www.google.com/bot.html)"
173.13.222.49 - - [12/Aug/2013:07:42:47 -0400] "GET /images/social-head.png HTTP/1.1" 200 2344 "http://www.warnerconsultinggroup.com/aboutwcg.html" "Mozilla/5.0 (compatible; MSIE 10.0; Windows NT 6.2; WOW64; Trident/6.0)"
173.13.222.49 - - [12/Aug/2013:07:42:47 -0400] "GET /images/gallery/services-1.jpg HTTP/1.1" 200 14545 "http://www.warnerconsultinggroup.com/aboutwcg.html" "Mozilla/5.0 (compatible; MSIE 10.0; Windows NT 6.2; WOW64; Trident/6.0)"
173.13.222.49 - - [12/Aug/2013:07:42:47 -0400] "GET /a.html HTTP/1.1" 200 1082 "http://www.warnerconsultinggroup.com/aboutwcg.html" "Mozilla/5.0 (compatible; MSIE 10.0; Windows NT 6.2; WOW64; Trident/6.0)"
173.13.222.49 - - [12/Aug/2013:07:42:47 -0400] "GET /Scripts/swfobject/swfobject.js HTTP/1.1" 200 9759 "http://www.warnerconsultinggroup.com/a.html" "Mozilla/5.0 (compatible; MSIE 10.0; Windows NT 6.2; WOW64; Trident/6.0)"
173.13.222.49 - - [12/Aug/2013:07:42:47 -0400] "GET /piecemaker.swf HTTP/1.1" 200 208139 "http://www.warnerconsultinggroup.com/a.html" "Mozilla/5.0 (compatible; MSIE 10.0; Windows NT 6.2; WOW64; Trident/6.0)"
173.13.222.49 - - [12/Aug/2013:07:42:48 -0400] "GET /images/sep.jpg HTTP/1.1" 200 2186 "http://www.warnerconsultinggroup.com/aboutwcg.html" "Mozilla/5.0 (compatible; MSIE 10.0; Windows NT 6.2; WOW64; Trident/6.0)"
173.13.222.49 - - [12/Aug/2013:07:42:48 -0400] "GET /images/nav-left.png HTTP/1.1" 200 1223 "http://www.warnerconsultinggroup.com/aboutwcg.html" "Mozilla/5.0 (compatible; MSIE 10.0; Windows NT 6.2; WOW64; Trident/6.0)"
173.13.222.49 - - [12/Aug/2013:07:43:16 -0400] "GET //images/theteam/4-Angela.jpg HTTP/1.1" 200 2627 "http://www.warnerconsultinggroup.com//about_us/meet_the_team" "Mozilla/5.0 (compatible; MSIE 10.0; Windows NT 6.2; WOW64; Trident/6.0)"
5.10.83.42 - - [12/Aug/2013:08:39:11 -0400] "GET //www.magnoliahotels.com HTTP/1.1" 200 6782 "-" "Mozilla/5.0 (compatible; AhrefsBot/5.0; +http://ahrefs.com/robot/)"
5.63.151.190 - - [12/Aug/2013:13:40:23 -0400] "HEAD / HTTP/1.1" 200 - "-" "checks.panopta.com"
1.202.219.150 - - [12/Aug/2013:15:15:40 -0400] "GET /robots.txt HTTP/1.1" 200 6782 "-" "Mozilla/5.0 ()"
180.76.6.20 - - [12/Aug/2013:16:38:31 -0400] "GET /consulting/css/ HTTP/1.1" 200 6782 "-" "Mozilla/5.0 (compatible; Baiduspider/2.0; +http://www.baidu.com/search/spider.html)"
218.30.103.35 - - [12/Aug/2013:09:06:41 -0400] "GET /robots.txt HTTP/1.1" 200 6782 "-" "Sogou web spider/4.0\x01"
5.63.151.190 - - [12/Aug/2013:09:23:05 -0400] "HEAD / HTTP/1.1" 200 - "-" "checks.panopta.com"
70.62.7.2 - - [12/Aug/2013:10:04:31 -0400] "GET /images/social-head.png HTTP/1.1" 200 2344 "http://www.warnerconsultinggroup.com/" "Mozilla/5.0 (compatible; MSIE 10.0; Windows NT 6.1; WOW64; Trident/6.0)"
70.62.7.2 - - [12/Aug/2013:10:04:31 -0400] "GET /images/twitr.png HTTP/1.1" 200 1543 "http://www.warnerconsultinggroup.com/" "Mozilla/5.0 (compatible; MSIE 10.0; Windows NT 6.1; WOW64; Trident/6.0)"
70.62.7.2 - - [12/Aug/2013:10:04:31 -0400] "GET /images/gallery/services-2.jpg HTTP/1.1" 200 13974 "http://www.warnerconsultinggroup.com/" "Mozilla/5.0 (compatible; MSIE 10.0; Windows NT 6.1; WOW64; Trident/6.0)"
70.62.7.2 - - [12/Aug/2013:10:04:32 -0400] "GET /images/footer-bg.jpg HTTP/1.1" 200 1167 "http://www.warnerconsultinggroup.com/" "Mozilla/5.0 (compatible; MSIE 10.0; Windows NT 6.1; WOW64; Trident/6.0)"
70.62.7.2 - - [12/Aug/2013:10:04:32 -0400] "GET /favicon.ico HTTP/1.1" 404 9018 "-" "Mozilla/5.0 (compatible; MSIE 10.0; Windows NT 6.1; WOW64; Trident/6.0)"
70.62.7.2 - - [12/Aug/2013:10:04:45 -0400] "GET //css/dropdown/dropdown.css HTTP/1.1" 200 1026 "http://www.warnerconsultinggroup.com//about_us/meet_the_team" "Mozilla/5.0 (compatible; MSIE 10.0; Windows NT 6.1; WOW64; Trident/6.0)"
70.62.7.2 - - [12/Aug/2013:10:04:45 -0400] "GET //images/theteam/2-Pam.jpg HTTP/1.1" 200 2813 "http://www.warnerconsultinggroup.com//about_us/meet_the_team" "Mozilla/5.0 (compatible; MSIE 10.0; Windows NT 6.1; WOW64; Trident/6.0)"
70.62.7.2 - - [12/Aug/2013:10:04:45 -0400] "GET //images/footer-sep.jpg HTTP/1.1" 200 1127 "http://www.warnerconsultinggroup.com//about_us/meet_the_team" "Mozilla/5.0 (compatible; MSIE 10.0; Windows NT 6.1; WOW64; Trident/6.0)"
70.62.7.2 - - [12/Aug/2013:10:04:47 -0400] "GET //images/right-box-mid.png HTTP/1.1" 200 134 "http://www.warnerconsultinggroup.com//about_us/meet_the_team" "Mozilla/5.0 (compatible; MSIE 10.0; Windows NT 6.1; WOW64; Trident/6.0)"
70.62.7.2 - - [12/Aug/2013:10:04:47 -0400] "GET //images/inner-content-top.png HTTP/1.1" 200 1386 "http://www.warnerconsultinggroup.com//about_us/meet_the_team" "Mozilla/5.0 (compatible; MSIE 10.0; Windows NT 6.1; WOW64; Trident/6.0)"
70.62.7.2 - - [12/Aug/2013:10:04:47 -0400] "GET /favicon.ico HTTP/1.1" 404 9018 "-" "Mozilla/5.0 (compatible; MSIE 10.0; Windows NT 6.1; WOW64; Trident/6.0)"
157.55.32.145 - - [12/Aug/2013:11:39:41 -0400] "GET /css/style.css HTTP/1.1" 200 7000 "-" "Mozilla/5.0 (compatible; bingbot/2.0; +http://www.bing.com/bingbot.htm)"
123.30.175.115 - - [12/Aug/2013:11:40:56 -0400] "GET /robots.txt HTTP/1.1" 200 6782 "-" "Mozilla/5.0 (compatible; coccoc/1.0; +http://help.coccoc.com/)"
63.131.59.107 - - [12/Aug/2013:11:59:31 -0400] "GET //clients HTTP/1.1" 200 22072 "http://www.warnerconsultinggroup.com//about_us/meet_the_team" "Mozilla/5.0 (compatible; MSIE 10.0; Windows NT 6.1; WOW64; Trident/6.0)"
207.241.226.239 - - [12/Aug/2013:21:34:16 -0400] "GET /robots.txt HTTP/1.1" 503 823 "-" "ia_archiver(OS-Wayback)"
157.56.229.190 - - [12/Aug/2013:23:07:47 -0400] "GET /robots.txt HTTP/1.1" 200 6782 "-" "Mozilla/5.0 (compatible; bingbot/2.0; +http://www.bing.com/bingbot.htm)"
118.209.7.132 - - [12/Aug/2013:23:46:25 -0400] "GET /css/style.css HTTP/1.1" 200 7000 "http://www.warnerconsultinggroup.com/" "Mozilla/5.0 (iPad; CPU OS 6_1_3 like Mac OS X) AppleWebKit/536.26 (KHTML, like Gecko) Version/6.0 Mobile/10B329 Safari/8536.25"
118.209.7.132 - - [12/Aug/2013:23:46:27 -0400] "GET /images/fb.png HTTP/1.1" 200 1264 "http://www.warnerconsultinggroup.com/" "Mozilla/5.0 (iPad; CPU OS 6_1_3 like Mac OS X) AppleWebKit/536.26 (KHTML, like Gecko) Version/6.0 Mobile/10B329 Safari/8536.25"
118.209.7.132 - - [12/Aug/2013:23:46:27 -0400] "GET /images/gallery/services-1.jpg HTTP/1.1" 200 14545 "http://www.warnerconsultinggroup.com/" "Mozilla/5.0 (iPad; CPU OS 6_1_3 like Mac OS X) AppleWebKit/536.26 (KHTML, like Gecko) Version/6.0 Mobile/10B329 Safari/8536.25"
5.63.151.190 - - [12/Aug/2013:00:43:25 -0400] "HEAD / HTTP/1.1" 200 - "-" "checks.panopta.com"
131.253.24.67 - - [12/Aug/2013:01:34:20 -0400] "GET /about_us HTTP/1.1" 200 14197 "-" "Mozilla/4.0 (compatible; MSIE 7.0; Windows NT 5.2; SV1; .NET CLR 1.1.4322; .NET CLR 2.0.40607)"
71.159.229.128 - - [12/Aug/2013:02:25:59 -0400] "GET //css/diQuery-collapsiblePanel.css HTTP/1.1" 200 506 "http://www.warnerconsultinggroup.com//contact_us" "Mozilla/5.0 (Windows NT 6.1; WOW64) AppleWebKit/537.36 (KHTML, like Gecko) Chrome/28.0.1500.95 Safari/537.36"
71.159.229.128 - - [12/Aug/2013:02:26:00 -0400] "GET //images/bg.jpg HTTP/1.1" 200 94591 "http://www.warnerconsultinggroup.com//contact_us" "Mozilla/5.0 (Windows NT 6.1; WOW64) AppleWebKit/537.36 (KHTML, like Gecko) Chrome/28.0.1500.95 Safari/537.36"
71.159.229.128 - - [12/Aug/2013:02:26:02 -0400] "GET /favicon.ico HTTP/1.1" 404 9018 "-" "Mozilla/5.0 (Windows NT 6.1; WOW64) AppleWebKit/537.36 (KHTML, like Gecko) Chrome/28.0.1500.95 Safari/537.36"
71.159.229.128 - - [12/Aug/2013:02:26:03 -0400] "GET /piecemaker1.xml HTTP/1.1" 200 1730 "http://www.warnerconsultinggroup.com/a.html" "Mozilla/5.0 (Windows NT 6.1; WOW64) AppleWebKit/537.36 (KHTML, like Gecko) Chrome/28.0.1500.95 Safari/537.36"
71.159.229.128 - - [12/Aug/2013:02:26:03 -0400] "GET /piecemaker.css HTTP/1.1" 200 791 "http://www.warnerconsultinggroup.com/a.html" "Mozilla/5.0 (Windows NT 6.1; WOW64) AppleWebKit/537.36 (KHTML, like Gecko) Chrome/28.0.1500.95 Safari/537.36"
71.159.229.128 - - [12/Aug/2013:02:26:04 -0400] "GET /images/image1.jpg HTTP/1.1" 200 88539 "http://www.warnerconsultinggroup.com/a.html" "Mozilla/5.0 (Windows NT 6.1; WOW64) AppleWebKit/537.36 (KHTML, like Gecko) Chrome/28.0.1500.95 Safari/537.36"
74.218.10.66 - - [12/Aug/2013:14:17:47 -0400] "GET /images/fb.png HTTP/1.1" 200 1264 "http://warnerconsultinggroup.com/" "Mozilla/5.0 (Macintosh; Intel Mac OS X 10_8_4) AppleWebKit/537.36 (KHTML, like Gecko) Chrome/28.0.1500.95 Safari/537.36"
74.218.10.66 - - [12/Aug/2013:14:17:47 -0400] "GET /images/footer-sep.jpg HTTP/1.1" 200 1127 "http://warnerconsultinggroup.com/" "Mozilla/5.0 (Macintosh; Intel Mac OS X 10_8_4) AppleWebKit/537.36 (KHTML, like Gecko) Chrome/28.0.1500.95 Safari/537.36"
74.218.10.66 - - [12/Aug/2013:14:17:47 -0400] "GET /images/social-bg.png HTTP/1.1" 200 3056 "http://warnerconsultinggroup.com/" "Mozilla/5.0 (Macintosh; Intel Mac OS X 10_8_4) AppleWebKit/537.36 (KHTML, like Gecko) Chrome/28.0.1500.95 Safari/537.36"
5.63.151.190 - - [12/Aug/2013:16:41:57 -0400] "HEAD / HTTP/1.1" 503 - "-" "checks.panopta.com"
180.94.117.198 - - [12/Aug/2013:20:05:18 -0400] "GET /images/social-head.png HTTP/1.1" 200 2344 "http://www.warnerconsultinggroup.com/" "Mozilla/5.0 (Windows NT 6.1; WOW64) AppleWebKit/537.36 (KHTML, like Gecko) Chrome/28.0.1500.95 Safari/537.36"
180.94.117.198 - - [12/Aug/2013:20:05:19 -0400] "GET /images/twitr.png HTTP/1.1" 200 1543 "http://www.warnerconsultinggroup.com/" "Mozilla/5.0 (Windows NT 6.1; WOW64) AppleWebKit/537.36 (KHTML, like Gecko) Chrome/28.0.1500.95 Safari/537.36"
180.94.117.198 - - [12/Aug/2013:20:05:19 -0400] "GET /images/gallery/services-2.jpg HTTP/1.1" 200 13974 "http://www.warnerconsultinggroup.com/" "Mozilla/5.0 (Windows NT 6.1; WOW64) AppleWebKit/537.36 (KHTML, like Gecko) Chrome/28.0.1500.95 Safari/537.36"
180.94.117.198 - - [12/Aug/2013:20:05:21 -0400] "GET /images/bg.jpg HTTP/1.1" 200 94591 "http://www.warnerconsultinggroup.com/" "Mozilla/5.0 (Windows NT 6.1; WOW64) AppleWebKit/537.36 (KHTML, like Gecko) Chrome/28.0.1500.95 Safari/537.36"
157.56.229.190 - - [12/Aug/2013:20:41:38 -0400] "GET /robots.txt HTTP/1.1" 200 6782 "-" "Mozilla/5.0 (compatible; bingbot/2.0; +http://www.bing.com/bingbot.htm)"
66.249.73.149 - - [12/Aug/2013:02:49:06 -0400] "GET /robots.txt HTTP/1.1" 200 6782 "-" "Mozilla/5.0 (compatible; Googlebot/2.1; +http://www.google.com/bot.html)"
198.199.66.52 - - [12/Aug/2013:09:52:54 -0400] "GET /contact_us HTTP/1.1" 200 14972 "-" "Mozilla/5.0 (Windows NT 6.1; WOW64; rv:21.0) Gecko/20100101 Firefox/21.0"
198.199.66.52 - - [12/Aug/2013:09:52:54 -0400] "GET /warner_services HTTP/1.1" 200 20229 "-" "Mozilla/5.0 (Windows NT 6.1; WOW64; rv:21.0) Gecko/20100101 Firefox/21.0"
5.63.151.190 - - [12/Aug/2013:23:29:32 -0400] "GET / HTTP/1.1" 200 9018 "-" "checks.panopta.com"
66.249.73.149 - - [12/Aug/2013:03:55:01 -0400] "GET /consulting HTTP/1.1" 200 14034 "-" "Mozilla/5.0 (compatible; Googlebot/2.1; +http://www.google.com/bot.html)"
173.13.222.49 - - [12/Aug/2013:07:42:47 -0400] "GET /images/logo.jpg HTTP/1.1" 200 6004 "http://www.warnerconsultinggroup.com/aboutwcg.html" "Mozilla/5.0 (compatible; MSIE 10.0; Windows NT 6.2; WOW64; Trident/6.0)"
173.13.222.49 - - [12/Aug/2013:07:42:47 -0400] "GET /css/dropdown/themes/nvidia.com/default.css HTTP/1.1" 200 1866 "http://www.warnerconsultinggroup.com/aboutwcg.html" "Mozilla/5.0 (compatible; MSIE 10.0; Windows NT 6.2; WOW64; Trident/6.0)"
173.13.222.49 - - [12/Aug/2013:07:42:47 -0400] "GET /images/bg.jpg HTTP/1.1" 200 94591 "http://www.warnerconsultinggroup.com/aboutwcg.html" "Mozilla/5.0 (compatible; MSIE 10.0; Windows NT 6.2; WOW64; Trident/6.0)"
173.13.222.49 - - [12/Aug/2013:07:42:48 -0400] "GET /images/btn-readmore.jpg HTTP/1.1" 200 1587 "http://www.warnerconsultinggroup.com/aboutwcg.html" "Mozilla/5.0 (compatible; MSIE 10.0; Windows NT 6.2; WOW64; Trident/6.0)"
173.13.222.49 - - [12/Aug/2013:07:42:48 -0400] "GET /images/nav-right.png HTTP/1.1" 200 1282 "http://www.warnerconsultinggroup.com/aboutwcg.html" "Mozilla/5.0 (compatible; MSIE 10.0; Windows NT 6.2; WOW64; Trident/6.0)"
180.76.5.161 - - [12/Aug/2013:07:44:21 -0400] "GET /consulting/css/css/dropdown/themes/nvidia.com/default.advanced.css HTTP/1.1" 200 6782 "-" "Mozilla/5.0 (compatible; Baiduspider/2.0; +http://www.baidu.com/search/spider.html)"
5.63.151.190 - - [12/Aug/2013:08:07:36 -0400] "HEAD / HTTP/1.1" 200 - "-" "checks.panopta.com"
5.63.151.190 - - [12/Aug/2013:08:52:43 -0400] "HEAD / HTTP/1.1" 200 - "-" "checks.panopta.com"
178.137.128.238 - - [12/Aug/2013:14:09:08 -0400] "GET / HTTP/1.1" 200 9018 "http://rada.ru/souvenir/" "Mozilla/4.0 (compatible; MSIE 7.0b; Windows NT 6.0)"
74.218.10.66 - - [12/Aug/2013:14:17:46 -0400] "GET /css/style.css HTTP/1.1" 200 7000 "http://warnerconsultinggroup.com/" "Mozilla/5.0 (Macintosh; Intel Mac OS X 10_8_4) AppleWebKit/537.36 (KHTML, like Gecko) Chrome/28.0.1500.95 Safari/537.36"
74.218.10.66 - - [12/Aug/2013:14:17:47 -0400] "GET /images/footer-bg.jpg HTTP/1.1" 200 1167 "http://warnerconsultinggroup.com/" "Mozilla/5.0 (Macintosh; Intel Mac OS X 10_8_4) AppleWebKit/537.36 (KHTML, like Gecko) Chrome/28.0.1500.95 Safari/537.36"
74.218.10.66 - - [12/Aug/2013:14:17:48 -0400] "GET /favicon.ico HTTP/1.1" 404 9018 "-" "Mozilla/5.0 (Macintosh; Intel Mac OS X 10_8_4) AppleWebKit/537.36 (KHTML, like Gecko) Chrome/28.0.1500.95 Safari/537.36"
157.56.229.190 - - [12/Aug/2013:14:36:21 -0400] "GET //images/fb.png HTTP/1.1" 200 1264 "-" "Mozilla/5.0 (compatible; bingbot/2.0; +http://www.bing.com/bingbot.htm)"
198.105.219.54 - - [12/Aug/2013:14:56:45 -0400] "HEAD / HTTP/1.1" 200 - "-" "checks.panopta.com"
199.30.24.94 - - [12/Aug/2013:15:34:26 -0400] "GET //images/inner-content-top.png HTTP/1.1" 200 1386 "http://www.warnerconsultinggroup.com/the_lighter_side" "Mozilla/5.0 (Windows NT 6.1; WOW64) AppleWebKit/534+ (KHTML, like Gecko) BingPreview/1.0b"