0byt3m1n1
Path:
/
data
/
0
/
0
/
69
/
102
/
69265
/
meta
/
70501
/
logs
/
[
Home
]
File: x-access_log.2013-08-12
5.63.151.190 - - [12/Aug/2013:19:58:31 -0400] "GET / HTTP/1.1" 200 9018 "-" "checks.panopta.com"
66.249.73.149 - - [12/Aug/2013:04:21:10 -0400] "GET /downloads/consulting/Marriott_Mt_Laurel_White_Paper.pdf HTTP/1.1" 200 111706 "-" "Mozilla/5.0 (compatible; Googlebot/2.1; +http://www.google.com/bot.html)"
5.10.83.42 - - [12/Aug/2013:08:39:57 -0400] "GET //news/www.magnoliahotels.com HTTP/1.1" 200 6782 "-" "Mozilla/5.0 (compatible; AhrefsBot/5.0; +http://ahrefs.com/robot/)"
5.63.151.190 - - [12/Aug/2013:16:11:55 -0400] "HEAD / HTTP/1.1" 200 - "-" "checks.panopta.com"
66.249.72.181 - - [12/Aug/2013:09:19:20 -0400] "GET /consulting HTTP/1.1" 200 14034 "-" "DoCoMo/2.0 N905i(c100;TB;W24H16) (compatible; Googlebot-Mobile/2.1; +http://www.google.com/bot.html)"
5.63.151.190 - - [12/Aug/2013:11:54:16 -0400] "HEAD / HTTP/1.1" 200 - "-" "checks.panopta.com"
63.131.59.107 - - [12/Aug/2013:11:59:33 -0400] "GET //images/nav-right.png HTTP/1.1" 200 1282 "http://www.warnerconsultinggroup.com//clients" "Mozilla/5.0 (compatible; MSIE 10.0; Windows NT 6.1; WOW64; Trident/6.0)"
5.63.151.190 - - [12/Aug/2013:05:00:33 -0400] "HEAD / HTTP/1.1" 200 - "-" "checks.panopta.com"
66.249.73.124 - - [12/Aug/2013:05:48:42 -0400] "GET /robots.txt HTTP/1.1" 200 6782 "-" "Mozilla/5.0 (compatible; Googlebot/2.1; +http://www.google.com/bot.html)"
157.55.35.31 - - [12/Aug/2013:05:55:37 -0400] "GET /robots.txt HTTP/1.1" 200 6782 "-" "Mozilla/5.0 (compatible; bingbot/2.0; +http://www.bing.com/bingbot.htm)"
100.43.83.144 - - [12/Aug/2013:09:07:37 -0400] "GET / HTTP/1.1" 200 9018 "-" "Mozilla/5.0 (compatible; YandexBot/3.0; +http://yandex.com/bots)"
74.218.10.66 - - [12/Aug/2013:09:15:08 -0400] "GET /a.html HTTP/1.1" 200 1082 "http://warnerconsultinggroup.com/" "Mozilla/5.0 (Windows NT 6.1; WOW64; rv:22.0) Gecko/20100101 Firefox/22.0"
74.218.10.66 - - [12/Aug/2013:09:15:08 -0400] "GET /Scripts/swfobject/swfobject.js HTTP/1.1" 200 9759 "http://www.warnerconsultinggroup.com/a.html" "Mozilla/5.0 (Windows NT 6.1; WOW64; rv:22.0) Gecko/20100101 Firefox/22.0"
180.76.6.26 - - [12/Aug/2013:10:35:45 -0400] "GET /ourclients.html HTTP/1.1" 200 6782 "-" "Mozilla/5.0 (compatible; Baiduspider/2.0; +http://www.baidu.com/search/spider.html)"
157.55.35.31 - - [12/Aug/2013:11:38:11 -0400] "GET /css/dropdown/dropdown.css HTTP/1.1" 200 1026 "-" "Mozilla/5.0 (compatible; bingbot/2.0; +http://www.bing.com/bingbot.htm)"
157.55.35.31 - - [12/Aug/2013:02:38:56 -0400] "GET /robots.txt HTTP/1.1" 200 6782 "-" "Mozilla/5.0 (compatible; bingbot/2.0; +http://www.bing.com/bingbot.htm)"
180.94.117.198 - - [12/Aug/2013:20:05:18 -0400] "GET /images/fb.png HTTP/1.1" 200 1264 "http://www.warnerconsultinggroup.com/" "Mozilla/5.0 (Windows NT 6.1; WOW64) AppleWebKit/537.36 (KHTML, like Gecko) Chrome/28.0.1500.95 Safari/537.36"
180.94.117.198 - - [12/Aug/2013:20:05:19 -0400] "GET /images/gallery/services-1.jpg HTTP/1.1" 200 14545 "http://www.warnerconsultinggroup.com/" "Mozilla/5.0 (Windows NT 6.1; WOW64) AppleWebKit/537.36 (KHTML, like Gecko) Chrome/28.0.1500.95 Safari/537.36"
180.94.117.198 - - [12/Aug/2013:20:05:19 -0400] "GET /css/dropdown/themes/nvidia.com/default.css HTTP/1.1" 200 1866 "http://www.warnerconsultinggroup.com/" "Mozilla/5.0 (Windows NT 6.1; WOW64) AppleWebKit/537.36 (KHTML, like Gecko) Chrome/28.0.1500.95 Safari/537.36"
180.94.117.198 - - [12/Aug/2013:20:05:21 -0400] "GET /images/footer-bg.jpg HTTP/1.1" 200 1167 "http://www.warnerconsultinggroup.com/" "Mozilla/5.0 (Windows NT 6.1; WOW64) AppleWebKit/537.36 (KHTML, like Gecko) Chrome/28.0.1500.95 Safari/537.36"
180.94.117.198 - - [12/Aug/2013:20:06:05 -0400] "GET /piecemaker1.xml HTTP/1.1" 200 1730 "http://www.warnerconsultinggroup.com/a.html" "Mozilla/5.0 (Windows NT 6.1; WOW64) AppleWebKit/537.36 (KHTML, like Gecko) Chrome/28.0.1500.95 Safari/537.36"
180.94.117.198 - - [12/Aug/2013:20:06:05 -0400] "GET /piecemaker.css HTTP/1.1" 200 791 "http://www.warnerconsultinggroup.com/a.html" "Mozilla/5.0 (Windows NT 6.1; WOW64) AppleWebKit/537.36 (KHTML, like Gecko) Chrome/28.0.1500.95 Safari/537.36"
180.94.117.198 - - [12/Aug/2013:20:06:06 -0400] "GET /images/image1.jpg HTTP/1.1" 200 88539 "http://www.warnerconsultinggroup.com/a.html" "Mozilla/5.0 (Windows NT 6.1; WOW64) AppleWebKit/537.36 (KHTML, like Gecko) Chrome/28.0.1500.95 Safari/537.36"
157.56.229.190 - - [12/Aug/2013:12:21:51 -0400] "GET /robots.txt HTTP/1.1" 200 6782 "-" "Mozilla/5.0 (compatible; bingbot/2.0; +http://www.bing.com/bingbot.htm)"
173.13.222.49 - - [12/Aug/2013:07:42:47 -0400] "GET /images/fb.png HTTP/1.1" 200 1264 "http://www.warnerconsultinggroup.com/aboutwcg.html" "Mozilla/5.0 (compatible; MSIE 10.0; Windows NT 6.2; WOW64; Trident/6.0)"
173.13.222.49 - - [12/Aug/2013:07:42:47 -0400] "GET /images/gallery/services-3.jpg HTTP/1.1" 200 16546 "http://www.warnerconsultinggroup.com/aboutwcg.html" "Mozilla/5.0 (compatible; MSIE 10.0; Windows NT 6.2; WOW64; Trident/6.0)"
100.43.83.144 - - [12/Aug/2013:12:00:11 -0400] "GET / HTTP/1.1" 200 9018 "-" "Mozilla/5.0 (compatible; YandexBot/3.0; +http://yandex.com/bots)"
5.10.83.42 - - [12/Aug/2013:13:14:54 -0400] "GET //www.elfiq.com HTTP/1.1" 200 6782 "-" "Mozilla/5.0 (compatible; AhrefsBot/5.0; +http://ahrefs.com/robot/)"
64.183.4.2 - - [12/Aug/2013:13:33:32 -0400] "GET /images/logo.jpg HTTP/1.1" 200 6004 "http://www.warnerconsultinggroup.com/" "Mozilla/5.0 (Windows NT 5.1) AppleWebKit/537.36 (KHTML, like Gecko) Chrome/28.0.1500.95 Safari/537.36"
64.183.4.2 - - [12/Aug/2013:13:33:33 -0400] "GET /images/gallery/services-1.jpg HTTP/1.1" 200 14545 "http://www.warnerconsultinggroup.com/" "Mozilla/5.0 (Windows NT 5.1) AppleWebKit/537.36 (KHTML, like Gecko) Chrome/28.0.1500.95 Safari/537.36"
64.183.4.2 - - [12/Aug/2013:13:33:33 -0400] "GET /images/sep.jpg HTTP/1.1" 200 2186 "http://www.warnerconsultinggroup.com/" "Mozilla/5.0 (Windows NT 5.1) AppleWebKit/537.36 (KHTML, like Gecko) Chrome/28.0.1500.95 Safari/537.36"
64.183.4.2 - - [12/Aug/2013:13:33:33 -0400] "GET /images/footer-bg.jpg HTTP/1.1" 200 1167 "http://www.warnerconsultinggroup.com/" "Mozilla/5.0 (Windows NT 5.1) AppleWebKit/537.36 (KHTML, like Gecko) Chrome/28.0.1500.95 Safari/537.36"
64.183.4.2 - - [12/Aug/2013:13:34:33 -0400] "GET //js/jquery-1.3.2.min.js HTTP/1.1" 200 57254 "http://www.warnerconsultinggroup.com//about_us/meet_the_team" "Mozilla/5.0 (Windows NT 5.1) AppleWebKit/537.36 (KHTML, like Gecko) Chrome/28.0.1500.95 Safari/537.36"
64.183.4.2 - - [12/Aug/2013:13:34:33 -0400] "GET //images/logo.jpg HTTP/1.1" 200 6004 "http://www.warnerconsultinggroup.com//about_us/meet_the_team" "Mozilla/5.0 (Windows NT 5.1) AppleWebKit/537.36 (KHTML, like Gecko) Chrome/28.0.1500.95 Safari/537.36"
64.183.4.2 - - [12/Aug/2013:13:34:33 -0400] "GET //images/theteam/Meredith.jpg HTTP/1.1" 200 3991 "http://www.warnerconsultinggroup.com//about_us/meet_the_team" "Mozilla/5.0 (Windows NT 5.1) AppleWebKit/537.36 (KHTML, like Gecko) Chrome/28.0.1500.95 Safari/537.36"
64.183.4.2 - - [12/Aug/2013:13:34:34 -0400] "GET //images/bullet2.png HTTP/1.1" 200 451 "http://www.warnerconsultinggroup.com//about_us/meet_the_team" "Mozilla/5.0 (Windows NT 5.1) AppleWebKit/537.36 (KHTML, like Gecko) Chrome/28.0.1500.95 Safari/537.36"
5.63.151.190 - - [12/Aug/2013:14:25:49 -0400] "HEAD / HTTP/1.1" 200 - "-" "checks.panopta.com"
173.199.114.147 - - [12/Aug/2013:16:16:40 -0400] "GET /creating_efficiency HTTP/1.1" 200 11923 "-" "Mozilla/5.0 (compatible; AhrefsBot/4.0; +http://ahrefs.com/robot/)"
66.249.73.149 - - [12/Aug/2013:00:15:33 -0400] "GET /robots.txt HTTP/1.1" 200 6782 "-" "Mozilla/5.0 (compatible; Googlebot/2.1; +http://www.google.com/bot.html)"
157.55.32.145 - - [12/Aug/2013:08:27:31 -0400] "GET /Frame-4-servicestitle.htm HTTP/1.1" 200 6782 "-" "Mozilla/5.0 (compatible; bingbot/2.0; +http://www.bing.com/bingbot.htm)"
5.63.151.190 - - [12/Aug/2013:08:37:38 -0400] "HEAD / HTTP/1.1" 200 - "-" "checks.panopta.com"
180.94.117.198 - - [12/Aug/2013:20:05:16 -0400] "GET / HTTP/1.1" 200 9018 "https://www.google.com.au/" "Mozilla/5.0 (Windows NT 6.1; WOW64) AppleWebKit/537.36 (KHTML, like Gecko) Chrome/28.0.1500.95 Safari/537.36"
180.94.117.198 - - [12/Aug/2013:20:05:18 -0400] "GET /css/style.css HTTP/1.1" 200 7000 "http://www.warnerconsultinggroup.com/" "Mozilla/5.0 (Windows NT 6.1; WOW64) AppleWebKit/537.36 (KHTML, like Gecko) Chrome/28.0.1500.95 Safari/537.36"
180.94.117.198 - - [12/Aug/2013:20:05:19 -0400] "GET /a.html HTTP/1.1" 200 1082 "http://www.warnerconsultinggroup.com/" "Mozilla/5.0 (Windows NT 6.1; WOW64) AppleWebKit/537.36 (KHTML, like Gecko) Chrome/28.0.1500.95 Safari/537.36"
180.94.117.198 - - [12/Aug/2013:20:05:19 -0400] "GET /images/gallery/services-3.jpg HTTP/1.1" 200 16546 "http://www.warnerconsultinggroup.com/" "Mozilla/5.0 (Windows NT 6.1; WOW64) AppleWebKit/537.36 (KHTML, like Gecko) Chrome/28.0.1500.95 Safari/537.36"
180.94.117.198 - - [12/Aug/2013:20:05:21 -0400] "GET /images/social-bg.png HTTP/1.1" 200 3056 "http://www.warnerconsultinggroup.com/" "Mozilla/5.0 (Windows NT 6.1; WOW64) AppleWebKit/537.36 (KHTML, like Gecko) Chrome/28.0.1500.95 Safari/537.36"
180.94.117.198 - - [12/Aug/2013:20:05:22 -0400] "GET /images/sep.jpg HTTP/1.1" 200 2186 "http://www.warnerconsultinggroup.com/" "Mozilla/5.0 (Windows NT 6.1; WOW64) AppleWebKit/537.36 (KHTML, like Gecko) Chrome/28.0.1500.95 Safari/537.36"
46.118.126.194 - - [12/Aug/2013:21:32:16 -0400] "GET / HTTP/1.1" 200 9018 "http://www.cabinetpsy.ru/" "Mozilla/4.0 (compatible; MSIE 6.0; Windows NT 5.1; SV1; .NET CLR 1.1.4322)"
5.63.151.190 - - [12/Aug/2013:09:38:09 -0400] "HEAD / HTTP/1.1" 200 - "-" "checks.panopta.com"
157.55.32.145 - - [12/Aug/2013:10:59:06 -0400] "GET /pages/1/creating_efficiency HTTP/1.1" 200 6782 "-" "Mozilla/5.0 (compatible; bingbot/2.0; +http://www.bing.com/bingbot.htm)"
5.10.83.42 - - [12/Aug/2013:11:56:28 -0400] "GET //consulting/www.litchfieldbeach.com HTTP/1.1" 200 6782 "-" "Mozilla/5.0 (compatible; AhrefsBot/5.0; +http://ahrefs.com/robot/)"
63.131.59.107 - - [12/Aug/2013:11:59:30 -0400] "GET //images/nav-right.png HTTP/1.1" 200 1282 "http://www.warnerconsultinggroup.com//about_us/meet_the_team" "Mozilla/5.0 (compatible; MSIE 10.0; Windows NT 6.1; WOW64; Trident/6.0)"
131.253.24.3 - - [12/Aug/2013:05:02:16 -0400] "GET /images/553_consultant_cartoon_3_2_.gif HTTP/1.1" 200 6782 "-" "msnbot-media/1.1 (+http://search.msn.com/msnbot.htm)"
157.55.32.145 - - [12/Aug/2013:07:00:46 -0400] "GET /robots.txt HTTP/1.1" 200 6782 "-" "Mozilla/5.0 (compatible; bingbot/2.0; +http://www.bing.com/bingbot.htm)"
173.13.222.49 - - [12/Aug/2013:07:42:45 -0400] "GET /aboutwcg.html HTTP/1.1" 200 6782 "http://search.yahoo.com/search;_ylt=A0oG7t4QyghSclkAwvZXNyoA;_ylc=X1MDMjc2NjY3OQRfcgMyBGJjawMxZXFvdHUxOG1pdm1jJTI2YiUzRDQlMjZkJTNERHFiSnkxVnBZRUxQa28ydk45X3ZBZEhOOFFBSDlud1VFMEswMlEtLSUyNnMlM0Q2YiUyNmklM0RaZVFMdHRHLmJlcy5iZkdFSzZucQRjc3JjcHZpZAM4US5XTmtnZXVyQVhheDN3VVdsLnpBeEhyUTNlTVZJSXloQUFCS3U3BGZyA3lmcC10LTkwMARmcjIDc2ItdG9wBGdwcmlkA3lmWGNQTkUwUkphc3AuOFI4cFp5QUEEbl9yc2x0AzEwBG5fc3VnZwMwBG9yaWdpbgNzZWFyY2gueWFob28uY29tBHBvcwMwBHBxc3RyAwRwcXN0cmwDBHFzdHJsAzMyBHF1ZXJ5A3dhcm5lciBjb25zdWx0aW5nIHJlc2VhcmNoIGRyaXZlBHRfc3RtcAMxMzc2MzA3NzQ4NDkyBHZ0ZXN0aWQDVklQMjI3?p=warner+consulting+research+drive&fr2=sb-top&fr=yfp-t-900" "Mozilla/5.0 (compatible; MSIE 10.0; Windows NT 6.2; WOW64; Trident/6.0)"
173.13.222.49 - - [12/Aug/2013:07:42:47 -0400] "GET /css/style.css HTTP/1.1" 200 7000 "http://www.warnerconsultinggroup.com/aboutwcg.html" "Mozilla/5.0 (compatible; MSIE 10.0; Windows NT 6.2; WOW64; Trident/6.0)"
173.13.222.49 - - [12/Aug/2013:07:42:47 -0400] "GET /images/twitr.png HTTP/1.1" 200 1543 "http://www.warnerconsultinggroup.com/aboutwcg.html" "Mozilla/5.0 (compatible; MSIE 10.0; Windows NT 6.2; WOW64; Trident/6.0)"
173.13.222.49 - - [12/Aug/2013:07:42:47 -0400] "GET /images/footer-sep.jpg HTTP/1.1" 200 1127 "http://www.warnerconsultinggroup.com/aboutwcg.html" "Mozilla/5.0 (compatible; MSIE 10.0; Windows NT 6.2; WOW64; Trident/6.0)"
173.13.222.49 - - [12/Aug/2013:07:42:47 -0400] "GET /images/social-bg.png HTTP/1.1" 200 3056 "http://www.warnerconsultinggroup.com/aboutwcg.html" "Mozilla/5.0 (compatible; MSIE 10.0; Windows NT 6.2; WOW64; Trident/6.0)"
173.13.222.49 - - [12/Aug/2013:07:42:48 -0400] "GET /piecemaker1.xml HTTP/1.1" 200 1730 "http://www.warnerconsultinggroup.com/piecemaker.swf" "Mozilla/5.0 (compatible; MSIE 10.0; Windows NT 6.2; WOW64; Trident/6.0)"
173.13.222.49 - - [12/Aug/2013:07:42:48 -0400] "GET /piecemaker.css HTTP/1.1" 200 791 "http://www.warnerconsultinggroup.com/piecemaker.swf" "Mozilla/5.0 (compatible; MSIE 10.0; Windows NT 6.2; WOW64; Trident/6.0)"
173.13.222.49 - - [12/Aug/2013:07:42:48 -0400] "GET /images/image1.jpg HTTP/1.1" 200 88539 "http://www.warnerconsultinggroup.com/piecemaker.swf" "Mozilla/5.0 (compatible; MSIE 10.0; Windows NT 6.2; WOW64; Trident/6.0)"
173.13.222.49 - - [12/Aug/2013:07:42:48 -0400] "GET /images/image2.jpg HTTP/1.1" 200 106569 "http://www.warnerconsultinggroup.com/piecemaker.swf" "Mozilla/5.0 (compatible; MSIE 10.0; Windows NT 6.2; WOW64; Trident/6.0)"
173.13.222.49 - - [12/Aug/2013:07:42:49 -0400] "GET /images/image3.jpg HTTP/1.1" 200 85417 "http://www.warnerconsultinggroup.com/piecemaker.swf" "Mozilla/5.0 (compatible; MSIE 10.0; Windows NT 6.2; WOW64; Trident/6.0)"
173.13.222.49 - - [12/Aug/2013:07:42:51 -0400] "GET //contact_us HTTP/1.1" 200 14972 "http://www.warnerconsultinggroup.com/aboutwcg.html" "Mozilla/5.0 (compatible; MSIE 10.0; Windows NT 6.2; WOW64; Trident/6.0)"
173.13.222.49 - - [12/Aug/2013:07:42:52 -0400] "GET //images/footer-sep.jpg HTTP/1.1" 200 1127 "http://www.warnerconsultinggroup.com//contact_us" "Mozilla/5.0 (compatible; MSIE 10.0; Windows NT 6.2; WOW64; Trident/6.0)"
173.13.222.49 - - [12/Aug/2013:07:42:52 -0400] "GET //images/inner-content-mid.png HTTP/1.1" 200 211 "http://www.warnerconsultinggroup.com//contact_us" "Mozilla/5.0 (compatible; MSIE 10.0; Windows NT 6.2; WOW64; Trident/6.0)"
173.13.222.49 - - [12/Aug/2013:07:42:52 -0400] "GET //images/inner-content-top.png HTTP/1.1" 200 1386 "http://www.warnerconsultinggroup.com//contact_us" "Mozilla/5.0 (compatible; MSIE 10.0; Windows NT 6.2; WOW64; Trident/6.0)"
5.63.151.190 - - [12/Aug/2013:07:46:32 -0400] "HEAD / HTTP/1.1" 200 - "-" "checks.panopta.com"
157.55.32.145 - - [12/Aug/2013:08:27:21 -0400] "GET /consulting/warner_services HTTP/1.1" 200 20229 "-" "Mozilla/5.0 (compatible; bingbot/2.0; +http://www.bing.com/bingbot.htm)"
5.10.83.42 - - [12/Aug/2013:09:18:33 -0400] "GET //lighterside HTTP/1.1" 200 6782 "-" "Mozilla/5.0 (compatible; AhrefsBot/5.0; +http://ahrefs.com/robot/)"
70.62.7.2 - - [12/Aug/2013:10:04:31 -0400] "GET /images/fb.png HTTP/1.1" 200 1264 "http://www.warnerconsultinggroup.com/" "Mozilla/5.0 (compatible; MSIE 10.0; Windows NT 6.1; WOW64; Trident/6.0)"
70.62.7.2 - - [12/Aug/2013:10:04:32 -0400] "GET /images/social-bg.png HTTP/1.1" 200 3056 "http://www.warnerconsultinggroup.com/" "Mozilla/5.0 (compatible; MSIE 10.0; Windows NT 6.1; WOW64; Trident/6.0)"
70.62.7.2 - - [12/Aug/2013:10:04:32 -0400] "GET /images/btn-readmore.jpg HTTP/1.1" 200 1587 "http://www.warnerconsultinggroup.com/" "Mozilla/5.0 (compatible; MSIE 10.0; Windows NT 6.1; WOW64; Trident/6.0)"
61.135.189.127 - - [12/Aug/2013:10:43:24 -0400] "GET /css/style.css HTTP/1.1" 200 7000 "-" "Mozilla/4.0 (compatible; MSIE 7.0; Windows NT 6.0; Trident/4.0)"
37.139.52.23 - - [12/Aug/2013:10:55:31 -0400] "GET / HTTP/1.1" 200 9018 "http://moygarag.ru/" "Mozilla/4.0 (compatible; MSIE 5.01; Windows 95; MSIECrawler)"
63.131.59.107 - - [12/Aug/2013:11:57:21 -0400] "GET /images/nav-right.png HTTP/1.1" 200 1282 "http://www.warnerconsultinggroup.com/" "Mozilla/5.0 (compatible; MSIE 10.0; Windows NT 6.1; WOW64; Trident/6.0)"
63.131.59.107 - - [12/Aug/2013:11:57:23 -0400] "GET //about_us/meet_the_team HTTP/1.1" 200 23851 "http://www.warnerconsultinggroup.com/" "Mozilla/5.0 (compatible; MSIE 10.0; Windows NT 6.1; WOW64; Trident/6.0)"
63.131.59.107 - - [12/Aug/2013:11:57:26 -0400] "GET //images/fb.png HTTP/1.1" 200 1264 "http://www.warnerconsultinggroup.com//about_us/meet_the_team" "Mozilla/5.0 (compatible; MSIE 10.0; Windows NT 6.1; WOW64; Trident/6.0)"
63.131.59.107 - - [12/Aug/2013:11:57:26 -0400] "GET //images/twitr.png HTTP/1.1" 200 1543 "http://www.warnerconsultinggroup.com//about_us/meet_the_team" "Mozilla/5.0 (compatible; MSIE 10.0; Windows NT 6.1; WOW64; Trident/6.0)"
63.131.59.107 - - [12/Aug/2013:11:57:26 -0400] "GET //css/diQuery-collapsiblePanel.css HTTP/1.1" 200 506 "http://www.warnerconsultinggroup.com//about_us/meet_the_team" "Mozilla/5.0 (compatible; MSIE 10.0; Windows NT 6.1; WOW64; Trident/6.0)"
63.131.59.107 - - [12/Aug/2013:11:57:27 -0400] "GET //images/theteam/Chris.jpg HTTP/1.1" 200 14530 "http://www.warnerconsultinggroup.com//about_us/meet_the_team" "Mozilla/5.0 (compatible; MSIE 10.0; Windows NT 6.1; WOW64; Trident/6.0)"
63.131.59.107 - - [12/Aug/2013:11:57:27 -0400] "GET //images/theteam/2-Pam.jpg HTTP/1.1" 200 2813 "http://www.warnerconsultinggroup.com//about_us/meet_the_team" "Mozilla/5.0 (compatible; MSIE 10.0; Windows NT 6.1; WOW64; Trident/6.0)"
63.131.59.107 - - [12/Aug/2013:11:57:27 -0400] "GET //images/theteam/Meredith.jpg HTTP/1.1" 200 3991 "http://www.warnerconsultinggroup.com//about_us/meet_the_team" "Mozilla/5.0 (compatible; MSIE 10.0; Windows NT 6.1; WOW64; Trident/6.0)"
63.131.59.107 - - [12/Aug/2013:11:57:28 -0400] "GET //images/footer-sep.jpg HTTP/1.1" 200 1127 "http://www.warnerconsultinggroup.com//about_us/meet_the_team" "Mozilla/5.0 (compatible; MSIE 10.0; Windows NT 6.1; WOW64; Trident/6.0)"
63.131.59.107 - - [12/Aug/2013:11:57:29 -0400] "GET //images/footer-bg.jpg HTTP/1.1" 200 1167 "http://www.warnerconsultinggroup.com//about_us/meet_the_team" "Mozilla/5.0 (compatible; MSIE 10.0; Windows NT 6.1; WOW64; Trident/6.0)"
5.63.151.190 - - [12/Aug/2013:18:27:27 -0400] "HEAD / HTTP/1.1" 200 - "-" "checks.panopta.com"
157.55.35.95 - - [12/Aug/2013:18:42:15 -0400] "GET /news/publishedarticles.html HTTP/1.1" 200 6782 "-" "Mozilla/5.0 (compatible; bingbot/2.0; +http://www.bing.com/bingbot.htm)"
5.63.151.190 - - [12/Aug/2013:20:13:32 -0400] "GET / HTTP/1.1" 200 9018 "-" "checks.panopta.com"
199.30.24.94 - - [12/Aug/2013:15:34:25 -0400] "GET //css/dropdown/themes/nvidia.com/default.css HTTP/1.1" 200 1866 "http://www.warnerconsultinggroup.com/the_lighter_side" "Mozilla/5.0 (Windows NT 6.1; WOW64) AppleWebKit/534+ (KHTML, like Gecko) BingPreview/1.0b"
199.30.24.94 - - [12/Aug/2013:15:34:26 -0400] "GET //images/logo.jpg HTTP/1.1" 200 6004 "http://www.warnerconsultinggroup.com/the_lighter_side" "Mozilla/5.0 (Windows NT 6.1; WOW64) AppleWebKit/534+ (KHTML, like Gecko) BingPreview/1.0b"
199.30.24.94 - - [12/Aug/2013:15:34:26 -0400] "GET //images/twitr.png HTTP/1.1" 200 1543 "http://www.warnerconsultinggroup.com/the_lighter_side" "Mozilla/5.0 (Windows NT 6.1; WOW64) AppleWebKit/534+ (KHTML, like Gecko) BingPreview/1.0b"
199.30.24.94 - - [12/Aug/2013:15:34:26 -0400] "GET //images/inner-content-mid.png HTTP/1.1" 200 211 "http://www.warnerconsultinggroup.com/the_lighter_side" "Mozilla/5.0 (Windows NT 6.1; WOW64) AppleWebKit/534+ (KHTML, like Gecko) BingPreview/1.0b"
199.30.24.94 - - [12/Aug/2013:15:34:26 -0400] "GET //images/right-box-mid.png HTTP/1.1" 200 134 "http://www.warnerconsultinggroup.com/the_lighter_side" "Mozilla/5.0 (Windows NT 6.1; WOW64) AppleWebKit/534+ (KHTML, like Gecko) BingPreview/1.0b"
199.30.24.94 - - [12/Aug/2013:15:34:26 -0400] "GET //images/inner-content-bot.png HTTP/1.1" 200 1411 "http://www.warnerconsultinggroup.com/the_lighter_side" "Mozilla/5.0 (Windows NT 6.1; WOW64) AppleWebKit/534+ (KHTML, like Gecko) BingPreview/1.0b"
118.209.7.132 - - [12/Aug/2013:23:46:36 -0400] "GET /images/social-bg.png HTTP/1.1" 200 3056 "http://www.warnerconsultinggroup.com/" "Mozilla/5.0 (iPad; CPU OS 6_1_3 like Mac OS X) AppleWebKit/536.26 (KHTML, like Gecko) Version/6.0 Mobile/10B329 Safari/8536.25"
5.10.83.81 - - [12/Aug/2013:23:49:19 -0400] "GET //news/lighterside HTTP/1.1" 200 6782 "-" "Mozilla/5.0 (compatible; AhrefsBot/5.0; +http://ahrefs.com/robot/)"
64.183.4.2 - - [12/Aug/2013:13:33:32 -0400] "GET /css/dropdown/themes/nvidia.com/default.advanced.css HTTP/1.1" 200 1342 "http://www.warnerconsultinggroup.com/" "Mozilla/5.0 (Windows NT 5.1) AppleWebKit/537.36 (KHTML, like Gecko) Chrome/28.0.1500.95 Safari/537.36"
64.183.4.2 - - [12/Aug/2013:13:33:32 -0400] "GET /images/twitr.png HTTP/1.1" 200 1543 "http://www.warnerconsultinggroup.com/" "Mozilla/5.0 (Windows NT 5.1) AppleWebKit/537.36 (KHTML, like Gecko) Chrome/28.0.1500.95 Safari/537.36"
64.183.4.2 - - [12/Aug/2013:13:33:33 -0400] "GET /images/gallery/services-2.jpg HTTP/1.1" 200 13974 "http://www.warnerconsultinggroup.com/" "Mozilla/5.0 (Windows NT 5.1) AppleWebKit/537.36 (KHTML, like Gecko) Chrome/28.0.1500.95 Safari/537.36"
64.183.4.2 - - [12/Aug/2013:13:33:32 -0400] "GET / HTTP/1.1" 200 9018 "http://www.google.com/url?sa=f&rct=j&url=http://www.warnerconsultinggroup.com/&q=warner+consulting&ei=YRwJUujfNIbNiwKAwIG4Bg&usg=AFQjCNHucjURkl4M_85c4Q8yGFmrMUtq3A" "Mozilla/5.0 (Windows NT 5.1) AppleWebKit/537.36 (KHTML, like Gecko) Chrome/28.0.1500.95 Safari/537.36"
64.183.4.2 - - [12/Aug/2013:13:33:34 -0400] "GET /favicon.ico HTTP/1.1" 404 9018 "-" "Mozilla/5.0 (Windows NT 5.1) AppleWebKit/537.36 (KHTML, like Gecko) Chrome/28.0.1500.95 Safari/537.36"
64.183.4.2 - - [12/Aug/2013:13:33:34 -0400] "GET /favicon.ico HTTP/1.1" 404 9018 "-" "Mozilla/5.0 (Windows NT 5.1) AppleWebKit/537.36 (KHTML, like Gecko) Chrome/28.0.1500.95 Safari/537.36"
64.183.4.2 - - [12/Aug/2013:13:33:37 -0400] "GET /piecemaker1.xml HTTP/1.1" 200 1730 "http://www.warnerconsultinggroup.com/a.html" "Mozilla/5.0 (Windows NT 5.1) AppleWebKit/537.36 (KHTML, like Gecko) Chrome/28.0.1500.95 Safari/537.36"
64.183.4.2 - - [12/Aug/2013:13:33:37 -0400] "GET /piecemaker.css HTTP/1.1" 200 791 "http://www.warnerconsultinggroup.com/a.html" "Mozilla/5.0 (Windows NT 5.1) AppleWebKit/537.36 (KHTML, like Gecko) Chrome/28.0.1500.95 Safari/537.36"
64.183.4.2 - - [12/Aug/2013:13:33:37 -0400] "GET /images/image1.jpg HTTP/1.1" 200 88539 "http://www.warnerconsultinggroup.com/a.html" "Mozilla/5.0 (Windows NT 5.1) AppleWebKit/537.36 (KHTML, like Gecko) Chrome/28.0.1500.95 Safari/537.36"
64.183.4.2 - - [12/Aug/2013:13:33:39 -0400] "GET /images/image2.jpg HTTP/1.1" 200 106569 "http://www.warnerconsultinggroup.com/a.html" "Mozilla/5.0 (Windows NT 5.1) AppleWebKit/537.36 (KHTML, like Gecko) Chrome/28.0.1500.95 Safari/537.36"
64.183.4.2 - - [12/Aug/2013:13:33:40 -0400] "GET /images/image3.jpg HTTP/1.1" 200 85417 "http://www.warnerconsultinggroup.com/a.html" "Mozilla/5.0 (Windows NT 5.1) AppleWebKit/537.36 (KHTML, like Gecko) Chrome/28.0.1500.95 Safari/537.36"
50.23.254.99 - - [12/Aug/2013:14:19:53 -0400] "GET / HTTP/1.1" 200 9018 "-" "Mozilla/4.0 (compatible; MSIE 8.0; Windows NT 5.1; Trident/4.0;"
167.187.100.202 - - [12/Aug/2013:05:34:42 -0400] "GET /Scripts/swfobject/swfobject.js HTTP/1.1" 304 - "-" "Mozilla/4.0 (compatible;)"
5.63.151.190 - - [12/Aug/2013:00:13:21 -0400] "HEAD / HTTP/1.1" 200 - "-" "checks.panopta.com"
128.204.195.249 - - [12/Aug/2013:16:42:17 -0400] "HEAD / HTTP/1.1" 200 - "-" "checks.panopta.com"
5.10.83.81 - - [12/Aug/2013:21:00:29 -0400] "GET //news/contact_us HTTP/1.1" 200 6782 "-" "Mozilla/5.0 (compatible; AhrefsBot/5.0; +http://ahrefs.com/robot/)"
220.181.108.179 - - [12/Aug/2013:21:28:25 -0400] "GET /Scripts/swfobject/swfobject.js HTTP/1.1" 200 9759 "http://www.warnerconsultinggroup.com/a.html" "Mozilla/5.0 (X11; U; Linux x86_64; en-US; rv:1.9) Gecko Minefield/3.0"
5.10.83.81 - - [12/Aug/2013:22:31:27 -0400] "GET //news/consulting HTTP/1.1" 200 6782 "-" "Mozilla/5.0 (compatible; AhrefsBot/5.0; +http://ahrefs.com/robot/)"
66.249.72.181 - - [12/Aug/2013:22:50:15 -0400] "GET /robots.txt HTTP/1.1" 200 6782 "-" "Mozilla/5.0 (compatible; Googlebot/2.1; +http://www.google.com/bot.html)"
5.63.151.190 - - [12/Aug/2013:06:31:19 -0400] "HEAD / HTTP/1.1" 200 - "-" "checks.panopta.com"
173.13.222.49 - - [12/Aug/2013:07:43:03 -0400] "GET //images/nav-right.png HTTP/1.1" 200 1282 "http://www.warnerconsultinggroup.com//contact_us" "Mozilla/5.0 (compatible; MSIE 10.0; Windows NT 6.2; WOW64; Trident/6.0)"
5.63.151.190 - - [12/Aug/2013:12:39:51 -0400] "HEAD / HTTP/1.1" 200 - "-" "checks.panopta.com"
220.181.108.141 - - [12/Aug/2013:14:18:22 -0400] "GET / HTTP/1.1" 200 9018 "-" "Mozilla/5.0 (compatible; Baiduspider/2.0; +http://www.baidu.com/search/spider.html)"
5.63.151.190 - - [12/Aug/2013:10:38:31 -0400] "HEAD / HTTP/1.1" 200 - "-" "checks.panopta.com"
63.131.59.107 - - [12/Aug/2013:11:56:45 -0400] "GET /images/social-head.png HTTP/1.1" 200 2344 "http://www.warnerconsultinggroup.com/" "Mozilla/5.0 (compatible; MSIE 10.0; Windows NT 6.1; WOW64; Trident/6.0)"
63.131.59.107 - - [12/Aug/2013:11:56:46 -0400] "GET /images/head-welcome.jpg HTTP/1.1" 200 15302 "http://www.warnerconsultinggroup.com/" "Mozilla/5.0 (compatible; MSIE 10.0; Windows NT 6.1; WOW64; Trident/6.0)"
63.131.59.107 - - [12/Aug/2013:11:56:47 -0400] "GET /images/bg.jpg HTTP/1.1" 200 94591 "http://www.warnerconsultinggroup.com/" "Mozilla/5.0 (compatible; MSIE 10.0; Windows NT 6.1; WOW64; Trident/6.0)"
5.63.151.190 - - [12/Aug/2013:00:13:22 -0400] "GET / HTTP/1.1" 200 9018 "-" "checks.panopta.com"
5.63.151.190 - - [12/Aug/2013:01:28:44 -0400] "HEAD / HTTP/1.1" 200 - "-" "checks.panopta.com"
71.159.229.128 - - [12/Aug/2013:02:26:07 -0400] "GET //images/theteam/Meredith.jpg HTTP/1.1" 200 3991 "http://www.warnerconsultinggroup.com//about_us/meet_the_team" "Mozilla/5.0 (Windows NT 6.1; WOW64) AppleWebKit/537.36 (KHTML, like Gecko) Chrome/28.0.1500.95 Safari/537.36"
173.199.114.147 - - [12/Aug/2013:04:55:51 -0400] "GET /aboutus/inspiring_innovation HTTP/1.1" 200 6782 "-" "Mozilla/5.0 (compatible; AhrefsBot/4.0; +http://ahrefs.com/robot/)"
5.63.151.190 - - [12/Aug/2013:05:30:38 -0400] "HEAD / HTTP/1.1" 200 - "-" "checks.panopta.com"
180.94.117.198 - - [12/Aug/2013:20:05:52 -0400] "GET /favicon.ico HTTP/1.1" 404 9018 "-" "Mozilla/5.0 (Windows NT 6.1; WOW64) AppleWebKit/537.36 (KHTML, like Gecko) Chrome/28.0.1500.95 Safari/537.36"
198.199.66.52 - - [12/Aug/2013:09:52:54 -0400] "GET /news HTTP/1.1" 200 17995 "-" "Mozilla/5.0 (Windows NT 6.1; WOW64; rv:21.0) Gecko/20100101 Firefox/21.0"
173.199.114.147 - - [12/Aug/2013:10:31:31 -0400] "GET //consulting/inspiring_innovation HTTP/1.1" 200 11658 "-" "Mozilla/5.0 (compatible; AhrefsBot/4.0; +http://ahrefs.com/robot/)"
5.63.151.190 - - [12/Aug/2013:10:53:37 -0400] "HEAD / HTTP/1.1" 200 - "-" "checks.panopta.com"
63.131.59.107 - - [12/Aug/2013:11:57:33 -0400] "GET //images/inner-content-top.png HTTP/1.1" 200 1386 "http://www.warnerconsultinggroup.com//about_us/meet_the_team" "Mozilla/5.0 (compatible; MSIE 10.0; Windows NT 6.1; WOW64; Trident/6.0)"
12.4.17.250 - - [12/Aug/2013:15:20:59 -0400] "GET /css/dropdown/dropdown.css HTTP/1.1" 200 1026 "http://www.warnerconsultinggroup.com/" "Mozilla/5.0 (Windows NT 6.1) AppleWebKit/537.36 (KHTML, like Gecko) Chrome/28.0.1500.95 Safari/537.36"
12.4.17.250 - - [12/Aug/2013:15:20:59 -0400] "GET /images/gallery/services-1.jpg HTTP/1.1" 200 14545 "http://www.warnerconsultinggroup.com/" "Mozilla/5.0 (Windows NT 6.1) AppleWebKit/537.36 (KHTML, like Gecko) Chrome/28.0.1500.95 Safari/537.36"
12.4.17.250 - - [12/Aug/2013:15:20:59 -0400] "GET /images/social-bg.png HTTP/1.1" 200 3056 "http://www.warnerconsultinggroup.com/" "Mozilla/5.0 (Windows NT 6.1) AppleWebKit/537.36 (KHTML, like Gecko) Chrome/28.0.1500.95 Safari/537.36"
5.63.151.190 - - [12/Aug/2013:08:22:37 -0400] "HEAD / HTTP/1.1" 200 - "-" "checks.panopta.com"
5.63.151.190 - - [12/Aug/2013:02:44:16 -0400] "HEAD / HTTP/1.1" 200 - "-" "checks.panopta.com"
157.55.35.31 - - [12/Aug/2013:14:36:51 -0400] "GET /piecemaker.swf HTTP/1.1" 200 208139 "-" "Mozilla/5.0 (compatible; bingbot/2.0; +http://www.bing.com/bingbot.htm)"
5.63.151.190 - - [12/Aug/2013:19:43:16 -0400] "GET / HTTP/1.1" 200 9018 "-" "checks.panopta.com"
180.94.117.198 - - [12/Aug/2013:20:06:14 -0400] "GET /images/image2.jpg HTTP/1.1" 200 106569 "http://www.warnerconsultinggroup.com/a.html" "Mozilla/5.0 (Windows NT 6.1; WOW64) AppleWebKit/537.36 (KHTML, like Gecko) Chrome/28.0.1500.95 Safari/537.36"
5.10.83.81 - - [12/Aug/2013:20:27:20 -0400] "GET //consulting/consulting HTTP/1.1" 200 6782 "-" "Mozilla/5.0 (compatible; AhrefsBot/5.0; +http://ahrefs.com/robot/)"
157.56.229.190 - - [12/Aug/2013:23:09:13 -0400] "GET /aboutus/creating_efficiency HTTP/1.1" 200 6782 "-" "Mozilla/5.0 (compatible; bingbot/2.0; +http://www.bing.com/bingbot.htm)"
131.253.24.3 - - [12/Aug/2013:13:39:12 -0400] "GET /images/553_consultant_cartoon_3_2_.gif HTTP/1.1" 200 6782 "-" "msnbot-media/1.1 (+http://search.msn.com/msnbot.htm)"
79.143.190.141 - - [12/Aug/2013:14:56:31 -0400] "HEAD / HTTP/1.1" 200 - "-" "checks.panopta.com"
5.63.151.190 - - [12/Aug/2013:01:44:05 -0400] "HEAD / HTTP/1.1" 200 - "-" "checks.panopta.com"
198.105.219.53 - - [12/Aug/2013:15:57:11 -0400] "HEAD / HTTP/1.1" 200 - "-" "checks.panopta.com"
208.66.27.34 - - [12/Aug/2013:16:39:52 -0400] "GET //contact_us HTTP/1.1" 200 14972 "http://www.warnerconsultinggroup.com/" "Mozilla/5.0 (Windows NT 5.1; rv:22.0) Gecko/20100101 Firefox/22.0"
208.66.27.34 - - [12/Aug/2013:16:39:53 -0400] "GET //css/style.css HTTP/1.1" 200 7000 "http://www.warnerconsultinggroup.com//contact_us" "Mozilla/5.0 (Windows NT 5.1; rv:22.0) Gecko/20100101 Firefox/22.0"
208.66.27.34 - - [12/Aug/2013:16:39:53 -0400] "GET //css/dropdown/themes/nvidia.com/default.advanced.css HTTP/1.1" 200 1342 "http://www.warnerconsultinggroup.com//contact_us" "Mozilla/5.0 (Windows NT 5.1; rv:22.0) Gecko/20100101 Firefox/22.0"
208.66.27.34 - - [12/Aug/2013:16:39:53 -0400] "GET //css/dropdown/themes/nvidia.com/default.css HTTP/1.1" 200 1866 "http://www.warnerconsultinggroup.com//css/dropdown/themes/nvidia.com/default.advanced.css" "Mozilla/5.0 (Windows NT 5.1; rv:22.0) Gecko/20100101 Firefox/22.0"
208.66.27.34 - - [12/Aug/2013:16:39:53 -0400] "GET //images/logo.jpg HTTP/1.1" 200 6004 "http://www.warnerconsultinggroup.com//contact_us" "Mozilla/5.0 (Windows NT 5.1; rv:22.0) Gecko/20100101 Firefox/22.0"
208.66.27.34 - - [12/Aug/2013:16:39:53 -0400] "GET //images/social-head.png HTTP/1.1" 200 2344 "http://www.warnerconsultinggroup.com//contact_us" "Mozilla/5.0 (Windows NT 5.1; rv:22.0) Gecko/20100101 Firefox/22.0"
208.66.27.34 - - [12/Aug/2013:16:39:54 -0400] "GET //images/social-bg.png HTTP/1.1" 200 3056 "http://www.warnerconsultinggroup.com//css/style.css" "Mozilla/5.0 (Windows NT 5.1; rv:22.0) Gecko/20100101 Firefox/22.0"
208.66.27.34 - - [12/Aug/2013:16:39:54 -0400] "GET //images/right-box-mid.png HTTP/1.1" 200 134 "http://www.warnerconsultinggroup.com//css/style.css" "Mozilla/5.0 (Windows NT 5.1; rv:22.0) Gecko/20100101 Firefox/22.0"
208.66.27.34 - - [12/Aug/2013:16:39:54 -0400] "GET //images/footer-bg.jpg HTTP/1.1" 200 1167 "http://www.warnerconsultinggroup.com//css/style.css" "Mozilla/5.0 (Windows NT 5.1; rv:22.0) Gecko/20100101 Firefox/22.0"
208.66.27.34 - - [12/Aug/2013:16:39:54 -0400] "GET //images/nav-left.png HTTP/1.1" 200 1223 "http://www.warnerconsultinggroup.com//css/style.css" "Mozilla/5.0 (Windows NT 5.1; rv:22.0) Gecko/20100101 Firefox/22.0"
63.131.59.107 - - [12/Aug/2013:11:57:25 -0400] "GET //css/dropdown/dropdown.css HTTP/1.1" 200 1026 "http://www.warnerconsultinggroup.com//about_us/meet_the_team" "Mozilla/5.0 (compatible; MSIE 10.0; Windows NT 6.1; WOW64; Trident/6.0)"
63.131.59.107 - - [12/Aug/2013:11:57:25 -0400] "GET //images/logo.jpg HTTP/1.1" 200 6004 "http://www.warnerconsultinggroup.com//about_us/meet_the_team" "Mozilla/5.0 (compatible; MSIE 10.0; Windows NT 6.1; WOW64; Trident/6.0)"
63.131.59.107 - - [12/Aug/2013:11:57:27 -0400] "GET //images/theteam/5-Jan.jpg HTTP/1.1" 200 2858 "http://www.warnerconsultinggroup.com//about_us/meet_the_team" "Mozilla/5.0 (compatible; MSIE 10.0; Windows NT 6.1; WOW64; Trident/6.0)"
173.199.114.147 - - [12/Aug/2013:20:32:33 -0400] "GET //consulting/www.magnoliahotels.com HTTP/1.1" 200 6782 "-" "Mozilla/5.0 (compatible; AhrefsBot/4.0; +http://ahrefs.com/robot/)"
5.63.151.190 - - [12/Aug/2013:05:45:40 -0400] "HEAD / HTTP/1.1" 200 - "-" "checks.panopta.com"
66.249.72.181 - - [12/Aug/2013:12:10:47 -0400] "GET /robots.txt HTTP/1.1" 200 6782 "-" "Mozilla/5.0 (compatible; Googlebot/2.1; +http://www.google.com/bot.html)"
64.183.4.2 - - [12/Aug/2013:13:34:31 -0400] "GET //about_us/meet_the_team HTTP/1.1" 200 23851 "http://www.warnerconsultinggroup.com/" "Mozilla/5.0 (Windows NT 5.1) AppleWebKit/537.36 (KHTML, like Gecko) Chrome/28.0.1500.95 Safari/537.36"
64.183.4.2 - - [12/Aug/2013:13:34:33 -0400] "GET //css/diQuery-collapsiblePanel.css HTTP/1.1" 200 506 "http://www.warnerconsultinggroup.com//about_us/meet_the_team" "Mozilla/5.0 (Windows NT 5.1) AppleWebKit/537.36 (KHTML, like Gecko) Chrome/28.0.1500.95 Safari/537.36"
64.183.4.2 - - [12/Aug/2013:13:34:33 -0400] "GET //images/theteam/1-Trevor.jpg HTTP/1.1" 200 14332 "http://www.warnerconsultinggroup.com//about_us/meet_the_team" "Mozilla/5.0 (Windows NT 5.1) AppleWebKit/537.36 (KHTML, like Gecko) Chrome/28.0.1500.95 Safari/537.36"
64.183.4.2 - - [12/Aug/2013:13:34:33 -0400] "GET //images/theteam/5-Jan.jpg HTTP/1.1" 200 2858 "http://www.warnerconsultinggroup.com//about_us/meet_the_team" "Mozilla/5.0 (Windows NT 5.1) AppleWebKit/537.36 (KHTML, like Gecko) Chrome/28.0.1500.95 Safari/537.36"
64.183.4.2 - - [12/Aug/2013:13:34:33 -0400] "GET //images/theteam/3-Kelly.jpg HTTP/1.1" 200 2815 "http://www.warnerconsultinggroup.com//about_us/meet_the_team" "Mozilla/5.0 (Windows NT 5.1) AppleWebKit/537.36 (KHTML, like Gecko) Chrome/28.0.1500.95 Safari/537.36"
64.183.4.2 - - [12/Aug/2013:13:34:34 -0400] "GET //images/theteam/2-Pam.jpg HTTP/1.1" 200 2813 "http://www.warnerconsultinggroup.com//about_us/meet_the_team" "Mozilla/5.0 (Windows NT 5.1) AppleWebKit/537.36 (KHTML, like Gecko) Chrome/28.0.1500.95 Safari/537.36"
74.218.10.66 - - [12/Aug/2013:14:17:47 -0400] "GET /images/gallery/services-1.jpg HTTP/1.1" 200 14545 "http://warnerconsultinggroup.com/" "Mozilla/5.0 (Macintosh; Intel Mac OS X 10_8_4) AppleWebKit/537.36 (KHTML, like Gecko) Chrome/28.0.1500.95 Safari/537.36"
157.55.32.145 - - [12/Aug/2013:14:32:58 -0400] "GET /the_lighter_side HTTP/1.1" 200 13713 "-" "Mozilla/5.0 (compatible; bingbot/2.0; +http://www.bing.com/bingbot.htm)"
71.159.229.128 - - [12/Aug/2013:02:25:51 -0400] "GET / HTTP/1.1" 200 9018 "https://www.google.com/" "Mozilla/5.0 (Windows NT 6.1; WOW64) AppleWebKit/537.36 (KHTML, like Gecko) Chrome/28.0.1500.95 Safari/537.36"
71.159.229.128 - - [12/Aug/2013:02:25:52 -0400] "GET /a.html HTTP/1.1" 200 1082 "http://www.warnerconsultinggroup.com/" "Mozilla/5.0 (Windows NT 6.1; WOW64) AppleWebKit/537.36 (KHTML, like Gecko) Chrome/28.0.1500.95 Safari/537.36"
71.159.229.128 - - [12/Aug/2013:02:25:52 -0400] "GET /images/fb.png HTTP/1.1" 200 1264 "http://www.warnerconsultinggroup.com/" "Mozilla/5.0 (Windows NT 6.1; WOW64) AppleWebKit/537.36 (KHTML, like Gecko) Chrome/28.0.1500.95 Safari/537.36"
71.159.229.128 - - [12/Aug/2013:02:25:52 -0400] "GET /images/head-welcome.jpg HTTP/1.1" 200 15302 "http://www.warnerconsultinggroup.com/" "Mozilla/5.0 (Windows NT 6.1; WOW64) AppleWebKit/537.36 (KHTML, like Gecko) Chrome/28.0.1500.95 Safari/537.36"
99.172.76.56 - - [12/Aug/2013:16:17:44 -0400] "GET /images/social-head.png HTTP/1.1" 200 2344 "http://www.warnerconsultinggroup.com/" "Mozilla/5.0 (compatible; MSIE 10.0; Windows NT 6.1; WOW64; Trident/6.0)"
99.172.76.56 - - [12/Aug/2013:16:17:44 -0400] "GET /images/gallery/services-1.jpg HTTP/1.1" 200 14545 "http://www.warnerconsultinggroup.com/" "Mozilla/5.0 (compatible; MSIE 10.0; Windows NT 6.1; WOW64; Trident/6.0)"
99.172.76.56 - - [12/Aug/2013:16:17:45 -0400] "GET /images/sep.jpg HTTP/1.1" 200 2186 "http://www.warnerconsultinggroup.com/" "Mozilla/5.0 (compatible; MSIE 10.0; Windows NT 6.1; WOW64; Trident/6.0)"
99.172.76.56 - - [12/Aug/2013:16:17:45 -0400] "GET /Scripts/swfobject/swfobject.js HTTP/1.1" 200 9759 "http://www.warnerconsultinggroup.com/a.html" "Mozilla/5.0 (compatible; MSIE 10.0; Windows NT 6.1; WOW64; Trident/6.0)"
99.172.76.56 - - [12/Aug/2013:16:17:45 -0400] "GET /piecemaker.swf HTTP/1.1" 200 208139 "http://www.warnerconsultinggroup.com/a.html" "Mozilla/5.0 (compatible; MSIE 10.0; Windows NT 6.1; WOW64; Trident/6.0)"
99.172.76.56 - - [12/Aug/2013:16:17:46 -0400] "GET /piecemaker1.xml HTTP/1.1" 200 1730 "http://www.warnerconsultinggroup.com/piecemaker.swf" "Mozilla/5.0 (compatible; MSIE 10.0; Windows NT 6.1; WOW64; Trident/6.0)"
99.172.76.56 - - [12/Aug/2013:16:17:46 -0400] "GET /piecemaker.css HTTP/1.1" 200 791 "http://www.warnerconsultinggroup.com/piecemaker.swf" "Mozilla/5.0 (compatible; MSIE 10.0; Windows NT 6.1; WOW64; Trident/6.0)"
99.172.76.56 - - [12/Aug/2013:16:17:46 -0400] "GET /images/image1.jpg HTTP/1.1" 200 88539 "http://www.warnerconsultinggroup.com/piecemaker.swf" "Mozilla/5.0 (compatible; MSIE 10.0; Windows NT 6.1; WOW64; Trident/6.0)"
99.172.76.56 - - [12/Aug/2013:16:17:47 -0400] "GET /images/image2.jpg HTTP/1.1" 200 106569 "http://www.warnerconsultinggroup.com/piecemaker.swf" "Mozilla/5.0 (compatible; MSIE 10.0; Windows NT 6.1; WOW64; Trident/6.0)"
99.172.76.56 - - [12/Aug/2013:16:17:47 -0400] "GET /images/image3.jpg HTTP/1.1" 200 85417 "http://www.warnerconsultinggroup.com/piecemaker.swf" "Mozilla/5.0 (compatible; MSIE 10.0; Windows NT 6.1; WOW64; Trident/6.0)"
208.66.27.34 - - [12/Aug/2013:16:39:53 -0400] "GET //css/dropdown/dropdown.css HTTP/1.1" 200 1026 "http://www.warnerconsultinggroup.com//contact_us" "Mozilla/5.0 (Windows NT 5.1; rv:22.0) Gecko/20100101 Firefox/22.0"
208.66.27.34 - - [12/Aug/2013:16:39:53 -0400] "GET //images/fb.png HTTP/1.1" 200 1264 "http://www.warnerconsultinggroup.com//contact_us" "Mozilla/5.0 (Windows NT 5.1; rv:22.0) Gecko/20100101 Firefox/22.0"
208.66.27.34 - - [12/Aug/2013:16:39:54 -0400] "GET //images/inner-content-mid.png HTTP/1.1" 200 211 "http://www.warnerconsultinggroup.com//css/style.css" "Mozilla/5.0 (Windows NT 5.1; rv:22.0) Gecko/20100101 Firefox/22.0"
208.66.27.34 - - [12/Aug/2013:16:39:54 -0400] "GET //images/bullet2.png HTTP/1.1" 200 451 "http://www.warnerconsultinggroup.com//css/style.css" "Mozilla/5.0 (Windows NT 5.1; rv:22.0) Gecko/20100101 Firefox/22.0"
70.62.7.2 - - [12/Aug/2013:10:04:47 -0400] "GET //images/right-box-bot.png HTTP/1.1" 200 411 "http://www.warnerconsultinggroup.com//about_us/meet_the_team" "Mozilla/5.0 (compatible; MSIE 10.0; Windows NT 6.1; WOW64; Trident/6.0)"
63.131.59.107 - - [12/Aug/2013:11:56:45 -0400] "GET /css/dropdown/dropdown.css HTTP/1.1" 200 1026 "http://www.warnerconsultinggroup.com/" "Mozilla/5.0 (compatible; MSIE 10.0; Windows NT 6.1; WOW64; Trident/6.0)"
63.131.59.107 - - [12/Aug/2013:11:56:46 -0400] "GET /images/twitr.png HTTP/1.1" 200 1543 "http://www.warnerconsultinggroup.com/" "Mozilla/5.0 (compatible; MSIE 10.0; Windows NT 6.1; WOW64; Trident/6.0)"
63.131.59.107 - - [12/Aug/2013:11:56:46 -0400] "GET /images/footer-sep.jpg HTTP/1.1" 200 1127 "http://www.warnerconsultinggroup.com/" "Mozilla/5.0 (compatible; MSIE 10.0; Windows NT 6.1; WOW64; Trident/6.0)"
63.131.59.107 - - [12/Aug/2013:11:56:46 -0400] "GET /images/footer-bg.jpg HTTP/1.1" 200 1167 "http://www.warnerconsultinggroup.com/" "Mozilla/5.0 (compatible; MSIE 10.0; Windows NT 6.1; WOW64; Trident/6.0)"
63.131.59.107 - - [12/Aug/2013:11:56:47 -0400] "GET /Scripts/swfobject/swfobject.js HTTP/1.1" 200 9759 "http://www.warnerconsultinggroup.com/a.html" "Mozilla/5.0 (compatible; MSIE 10.0; Windows NT 6.1; WOW64; Trident/6.0)"
63.131.59.107 - - [12/Aug/2013:11:56:47 -0400] "GET /piecemaker.swf HTTP/1.1" 200 208139 "http://www.warnerconsultinggroup.com/a.html" "Mozilla/5.0 (compatible; MSIE 10.0; Windows NT 6.1; WOW64; Trident/6.0)"
63.131.59.107 - - [12/Aug/2013:11:56:49 -0400] "GET /piecemaker1.xml HTTP/1.1" 200 1730 "http://www.warnerconsultinggroup.com/piecemaker.swf" "Mozilla/5.0 (compatible; MSIE 10.0; Windows NT 6.1; WOW64; Trident/6.0)"
63.131.59.107 - - [12/Aug/2013:11:56:49 -0400] "GET /piecemaker.css HTTP/1.1" 200 791 "http://www.warnerconsultinggroup.com/piecemaker.swf" "Mozilla/5.0 (compatible; MSIE 10.0; Windows NT 6.1; WOW64; Trident/6.0)"
63.131.59.107 - - [12/Aug/2013:11:56:50 -0400] "GET /images/image1.jpg HTTP/1.1" 200 88539 "http://www.warnerconsultinggroup.com/piecemaker.swf" "Mozilla/5.0 (compatible; MSIE 10.0; Windows NT 6.1; WOW64; Trident/6.0)"
63.131.59.107 - - [12/Aug/2013:11:56:50 -0400] "GET /images/image2.jpg HTTP/1.1" 200 106569 "http://www.warnerconsultinggroup.com/piecemaker.swf" "Mozilla/5.0 (compatible; MSIE 10.0; Windows NT 6.1; WOW64; Trident/6.0)"
63.131.59.107 - - [12/Aug/2013:11:56:52 -0400] "GET /images/image3.jpg HTTP/1.1" 200 85417 "http://www.warnerconsultinggroup.com/piecemaker.swf" "Mozilla/5.0 (compatible; MSIE 10.0; Windows NT 6.1; WOW64; Trident/6.0)"
63.131.59.107 - - [12/Aug/2013:11:57:29 -0400] "GET //images/right-box-mid.png HTTP/1.1" 200 134 "http://www.warnerconsultinggroup.com//about_us/meet_the_team" "Mozilla/5.0 (compatible; MSIE 10.0; Windows NT 6.1; WOW64; Trident/6.0)"
23.22.8.238 - - [12/Aug/2013:03:23:35 -0400] "GET /about_us HTTP/1.1" 200 14197 "http://www.google.com" "Mozilla/5.0 Macintosh Intel Mac OS X 10_7_4 AppleWebKit/536.11 KHTML, like Gecko Chrome/20.0.1132.57 Safari/536.11"
5.63.151.190 - - [12/Aug/2013:04:45:07 -0400] "HEAD / HTTP/1.1" 200 - "-" "checks.panopta.com"
74.218.10.66 - - [12/Aug/2013:09:15:09 -0400] "GET /images/gallery/services-3.jpg HTTP/1.1" 200 16546 "http://warnerconsultinggroup.com/" "Mozilla/5.0 (Windows NT 6.1; WOW64; rv:22.0) Gecko/20100101 Firefox/22.0"
70.62.7.2 - - [12/Aug/2013:10:04:45 -0400] "GET //js/jquery-1.3.2.min.js HTTP/1.1" 200 57254 "http://www.warnerconsultinggroup.com//about_us/meet_the_team" "Mozilla/5.0 (compatible; MSIE 10.0; Windows NT 6.1; WOW64; Trident/6.0)"
70.62.7.2 - - [12/Aug/2013:10:04:47 -0400] "GET //images/inner-content-mid.png HTTP/1.1" 200 211 "http://www.warnerconsultinggroup.com//about_us/meet_the_team" "Mozilla/5.0 (compatible; MSIE 10.0; Windows NT 6.1; WOW64; Trident/6.0)"
63.131.59.107 - - [12/Aug/2013:11:56:45 -0400] "GET /images/logo.jpg HTTP/1.1" 200 6004 "http://www.warnerconsultinggroup.com/" "Mozilla/5.0 (compatible; MSIE 10.0; Windows NT 6.1; WOW64; Trident/6.0)"
63.131.59.107 - - [12/Aug/2013:11:56:46 -0400] "GET /css/dropdown/themes/nvidia.com/default.css HTTP/1.1" 200 1866 "http://www.warnerconsultinggroup.com/" "Mozilla/5.0 (compatible; MSIE 10.0; Windows NT 6.1; WOW64; Trident/6.0)"
63.131.59.107 - - [12/Aug/2013:11:56:46 -0400] "GET /a.html HTTP/1.1" 200 1082 "http://www.warnerconsultinggroup.com/" "Mozilla/5.0 (compatible; MSIE 10.0; Windows NT 6.1; WOW64; Trident/6.0)"
63.131.59.107 - - [12/Aug/2013:11:56:47 -0400] "GET /images/sep.jpg HTTP/1.1" 200 2186 "http://www.warnerconsultinggroup.com/" "Mozilla/5.0 (compatible; MSIE 10.0; Windows NT 6.1; WOW64; Trident/6.0)"
63.131.59.107 - - [12/Aug/2013:11:57:31 -0400] "GET //images/bg.jpg HTTP/1.1" 200 94591 "http://www.warnerconsultinggroup.com//about_us/meet_the_team" "Mozilla/5.0 (compatible; MSIE 10.0; Windows NT 6.1; WOW64; Trident/6.0)"
46.118.126.194 - - [12/Aug/2013:21:32:15 -0400] "GET / HTTP/1.1" 200 9018 "http://moneycredits.ru/" "Mozilla/4.0 (compatible; MSIE 6.0; Windows NT 5.1; SV1; .NET CLR 1.1.4322)"
5.10.83.81 - - [12/Aug/2013:23:13:15 -0400] "GET //about_us/warner_services HTTP/1.1" 200 6782 "-" "Mozilla/5.0 (compatible; AhrefsBot/5.0; +http://ahrefs.com/robot/)"
71.159.229.128 - - [12/Aug/2013:02:26:06 -0400] "GET //images/theteam/Chris.jpg HTTP/1.1" 200 14530 "http://www.warnerconsultinggroup.com//about_us/meet_the_team" "Mozilla/5.0 (Windows NT 6.1; WOW64) AppleWebKit/537.36 (KHTML, like Gecko) Chrome/28.0.1500.95 Safari/537.36"
66.249.73.124 - - [12/Aug/2013:07:17:02 -0400] "GET /robots.txt HTTP/1.1" 200 6782 "-" "Mozilla/5.0 (compatible; Googlebot/2.1; +http://www.google.com/bot.html)"
173.13.222.49 - - [12/Aug/2013:07:42:47 -0400] "GET /css/dropdown/dropdown.css HTTP/1.1" 200 1026 "http://www.warnerconsultinggroup.com/aboutwcg.html" "Mozilla/5.0 (compatible; MSIE 10.0; Windows NT 6.2; WOW64; Trident/6.0)"
173.13.222.49 - - [12/Aug/2013:07:42:47 -0400] "GET /images/head-welcome.jpg HTTP/1.1" 200 15302 "http://www.warnerconsultinggroup.com/aboutwcg.html" "Mozilla/5.0 (compatible; MSIE 10.0; Windows NT 6.2; WOW64; Trident/6.0)"
198.105.219.58 - - [12/Aug/2013:08:07:59 -0400] "HEAD / HTTP/1.1" 200 - "-" "checks.panopta.com"
100.43.83.144 - - [12/Aug/2013:12:05:05 -0400] "GET / HTTP/1.1" 200 9018 "-" "Mozilla/5.0 (compatible; YandexBot/3.0; +http://yandex.com/bots)"
157.56.229.190 - - [12/Aug/2013:14:34:21 -0400] "GET //images/bullet2.png HTTP/1.1" 200 451 "-" "Mozilla/5.0 (compatible; bingbot/2.0; +http://www.bing.com/bingbot.htm)"
12.4.17.250 - - [12/Aug/2013:15:21:13 -0400] "GET //css/dropdown/dropdown.css HTTP/1.1" 200 1026 "http://www.warnerconsultinggroup.com//about_us/meet_the_team" "Mozilla/5.0 (Windows NT 6.1) AppleWebKit/537.36 (KHTML, like Gecko) Chrome/28.0.1500.95 Safari/537.36"
12.4.17.250 - - [12/Aug/2013:15:21:15 -0400] "GET //images/twitr.png HTTP/1.1" 200 1543 "http://www.warnerconsultinggroup.com//about_us/meet_the_team" "Mozilla/5.0 (Windows NT 6.1) AppleWebKit/537.36 (KHTML, like Gecko) Chrome/28.0.1500.95 Safari/537.36"
12.4.17.250 - - [12/Aug/2013:15:21:15 -0400] "GET //images/theteam/2-Pam.jpg HTTP/1.1" 200 2813 "http://www.warnerconsultinggroup.com//about_us/meet_the_team" "Mozilla/5.0 (Windows NT 6.1) AppleWebKit/537.36 (KHTML, like Gecko) Chrome/28.0.1500.95 Safari/537.36"
12.4.17.250 - - [12/Aug/2013:15:21:15 -0400] "GET //images/footer-sep.jpg HTTP/1.1" 200 1127 "http://www.warnerconsultinggroup.com//about_us/meet_the_team" "Mozilla/5.0 (Windows NT 6.1) AppleWebKit/537.36 (KHTML, like Gecko) Chrome/28.0.1500.95 Safari/537.36"
12.4.17.250 - - [12/Aug/2013:15:21:15 -0400] "GET //images/bullet2.png HTTP/1.1" 200 451 "http://www.warnerconsultinggroup.com//about_us/meet_the_team" "Mozilla/5.0 (Windows NT 6.1) AppleWebKit/537.36 (KHTML, like Gecko) Chrome/28.0.1500.95 Safari/537.36"
180.76.5.87 - - [12/Aug/2013:16:38:29 -0400] "GET /consulting/css/index.php HTTP/1.1" 200 6782 "-" "Mozilla/5.0 (compatible; Baiduspider/2.0; +http://www.baidu.com/search/spider.html)"
66.249.73.149 - - [12/Aug/2013:03:51:39 -0400] "GET /consulting HTTP/1.1" 200 14034 "-" "Mozilla/5.0 (compatible; Googlebot/2.1; +http://www.google.com/bot.html)"
66.249.73.149 - - [12/Aug/2013:05:39:25 -0400] "GET /robots.txt HTTP/1.1" 200 6782 "-" "Mozilla/5.0 (compatible; Googlebot/2.1; +http://www.google.com/bot.html)"
220.181.108.94 - - [12/Aug/2013:21:28:24 -0400] "GET /a.html HTTP/1.1" 200 1082 "http://www.warnerconsultinggroup.com/the_lighter_side" "Mozilla/5.0 (X11; U; Linux x86_64; en-US; rv:1.9) Gecko Minefield/3.0"
217.195.202.4 - - [12/Aug/2013:08:29:07 -0400] "GET / HTTP/1.0" 200 9018 "http://warnerconsultinggroup.com/" "Opera/9.80 (Windows NT 6.0) Presto/2.12.388 Version/12.10"
5.63.151.190 - - [12/Aug/2013:12:09:45 -0400] "HEAD / HTTP/1.1" 200 - "-" "checks.panopta.com"
64.183.4.2 - - [12/Aug/2013:13:34:33 -0400] "GET //css/dropdown/dropdown.css HTTP/1.1" 200 1026 "http://www.warnerconsultinggroup.com//about_us/meet_the_team" "Mozilla/5.0 (Windows NT 5.1) AppleWebKit/537.36 (KHTML, like Gecko) Chrome/28.0.1500.95 Safari/537.36"
64.183.4.2 - - [12/Aug/2013:13:34:33 -0400] "GET //images/twitr.png HTTP/1.1" 200 1543 "http://www.warnerconsultinggroup.com//about_us/meet_the_team" "Mozilla/5.0 (Windows NT 5.1) AppleWebKit/537.36 (KHTML, like Gecko) Chrome/28.0.1500.95 Safari/537.36"
64.183.4.2 - - [12/Aug/2013:13:34:33 -0400] "GET //images/inner-content-top.png HTTP/1.1" 200 1386 "http://www.warnerconsultinggroup.com//about_us/meet_the_team" "Mozilla/5.0 (Windows NT 5.1) AppleWebKit/537.36 (KHTML, like Gecko) Chrome/28.0.1500.95 Safari/537.36"
64.183.4.2 - - [12/Aug/2013:13:34:33 -0400] "GET //images/theteam/4-Angela.jpg HTTP/1.1" 200 2627 "http://www.warnerconsultinggroup.com//about_us/meet_the_team" "Mozilla/5.0 (Windows NT 5.1) AppleWebKit/537.36 (KHTML, like Gecko) Chrome/28.0.1500.95 Safari/537.36"
64.183.4.2 - - [12/Aug/2013:13:34:34 -0400] "GET //images/inner-content-bot.png HTTP/1.1" 200 1411 "http://www.warnerconsultinggroup.com//about_us/meet_the_team" "Mozilla/5.0 (Windows NT 5.1) AppleWebKit/537.36 (KHTML, like Gecko) Chrome/28.0.1500.95 Safari/537.36"
74.135.47.76 - - [12/Aug/2013:15:28:43 -0400] "GET /wp-login.php HTTP/1.0" 403 214 "-" "Mozilla/5.0 (Windows NT 6.1; rv:19.0) Gecko/20100101 Firefox/19.0"
208.66.27.34 - - [12/Aug/2013:16:38:40 -0400] "GET /css/dropdown/dropdown.css HTTP/1.1" 200 1026 "http://www.warnerconsultinggroup.com/" "Mozilla/5.0 (Windows NT 5.1; rv:22.0) Gecko/20100101 Firefox/22.0"
208.66.27.34 - - [12/Aug/2013:16:38:40 -0400] "GET /images/social-head.png HTTP/1.1" 200 2344 "http://www.warnerconsultinggroup.com/" "Mozilla/5.0 (Windows NT 5.1; rv:22.0) Gecko/20100101 Firefox/22.0"
208.66.27.34 - - [12/Aug/2013:16:38:40 -0400] "GET /images/gallery/services-2.jpg HTTP/1.1" 200 13974 "http://www.warnerconsultinggroup.com/" "Mozilla/5.0 (Windows NT 5.1; rv:22.0) Gecko/20100101 Firefox/22.0"
208.66.27.34 - - [12/Aug/2013:16:38:40 -0400] "GET /images/sep.jpg HTTP/1.1" 200 2186 "http://www.warnerconsultinggroup.com/css/style.css" "Mozilla/5.0 (Windows NT 5.1; rv:22.0) Gecko/20100101 Firefox/22.0"
208.66.27.34 - - [12/Aug/2013:16:38:40 -0400] "GET /images/footer-bg.jpg HTTP/1.1" 200 1167 "http://www.warnerconsultinggroup.com/css/style.css" "Mozilla/5.0 (Windows NT 5.1; rv:22.0) Gecko/20100101 Firefox/22.0"
198.199.66.52 - - [12/Aug/2013:09:52:54 -0400] "GET /index.php HTTP/1.1" 200 9018 "-" "Mozilla/5.0 (Windows NT 6.1; WOW64; rv:21.0) Gecko/20100101 Firefox/21.0"
5.63.151.190 - - [12/Aug/2013:21:28:45 -0400] "GET / HTTP/1.1" 200 9018 "-" "checks.panopta.com"
