0byt3m1n1
Path:
/
data
/
0
/
0
/
69
/
102
/
69265
/
meta
/
70501
/
logs
/
[
Home
]
File: x-access_log.2013-08-13
24.92.220.10 - - [13/Aug/2013:15:35:12 -0400] "GET / HTTP/1.1" 200 9018 "http://www.google.com/url?sa=t&rct=j&q=warnerconsultinggroup.com&source=web&cd=1&ved=0CC0QFjAA&url=http%3A%2F%2Fwww.warnerconsultinggroup.com%2F&ei=ZooKUsvHCYO48wTM4oCIBQ&usg=AFQjCNFn_pMzUjkkAXCW_ESS-q7bg9f65g&bvm=bv.50500085,d.eWU" "Mozilla/4.0 (compatible; MSIE 8.0; Windows NT 5.1; Trident/4.0; .NET CLR 1.1.4322; .NET CLR 2.0.50727; .NET CLR 3.0.04506.30; .NET CLR 3.0.4506.2152; .NET CLR 3.5.30729; MDDR; InfoPath.2; .NET4.0C; .NET4.0E; MS-RTC LM 8)"
74.218.10.66 - - [13/Aug/2013:09:22:09 -0400] "GET /favicon.ico HTTP/1.1" 404 9018 "-" "Mozilla/5.0 (Windows NT 6.1; WOW64; rv:22.0) Gecko/20100101 Firefox/22.0"
69.248.184.114 - - [13/Aug/2013:09:41:38 -0400] "GET //www.magnoliahotels.com HTTP/1.1" 503 823 "http://www.warnerconsultinggroup.com//contact_us" "Mozilla/5.0 (Windows NT 6.1; WOW64) AppleWebKit/537.36 (KHTML, like Gecko) Chrome/28.0.1500.95 Safari/537.36"
173.65.153.188 - - [13/Aug/2013:19:52:42 -0400] "GET /images/fb.png HTTP/1.1" 200 1264 "http://warnerconsultinggroup.com/" "Mozilla/5.0 (Windows NT 6.1; WOW64) AppleWebKit/537.36 (KHTML, like Gecko) Chrome/28.0.1500.95 Safari/537.36"
173.65.153.188 - - [13/Aug/2013:19:52:42 -0400] "GET /css/dropdown/themes/nvidia.com/default.css HTTP/1.1" 200 1866 "http://warnerconsultinggroup.com/" "Mozilla/5.0 (Windows NT 6.1; WOW64) AppleWebKit/537.36 (KHTML, like Gecko) Chrome/28.0.1500.95 Safari/537.36"
173.65.153.188 - - [13/Aug/2013:19:52:42 -0400] "GET /images/bg.jpg HTTP/1.1" 200 94591 "http://warnerconsultinggroup.com/" "Mozilla/5.0 (Windows NT 6.1; WOW64) AppleWebKit/537.36 (KHTML, like Gecko) Chrome/28.0.1500.95 Safari/537.36"
129.188.33.27 - - [13/Aug/2013:20:00:38 -0400] "GET /images/sep.jpg HTTP/1.1" 200 2186 "http://www.warnerconsultinggroup.com/" "Mozilla/4.0 (compatible; MSIE 8.0; Windows NT 6.1; WOW64; Trident/4.0; SLCC2; .NET CLR 2.0.50727; .NET CLR 3.5.30729; .NET CLR 3.0.30729; Media Center PC 6.0; .NET4.0C; .NET4.0E; InfoPath.2)"
129.188.33.27 - - [13/Aug/2013:20:00:47 -0400] "GET //images/right-box-top.png HTTP/1.1" 200 617 "http://www.warnerconsultinggroup.com//contact_us" "Mozilla/4.0 (compatible; MSIE 8.0; Windows NT 6.1; WOW64; Trident/4.0; SLCC2; .NET CLR 2.0.50727; .NET CLR 3.5.30729; .NET CLR 3.0.30729; Media Center PC 6.0; .NET4.0C; .NET4.0E; InfoPath.2)"
129.188.33.27 - - [13/Aug/2013:20:00:47 -0400] "GET //images/right-box-bot.png HTTP/1.1" 200 411 "http://www.warnerconsultinggroup.com//contact_us" "Mozilla/4.0 (compatible; MSIE 8.0; Windows NT 6.1; WOW64; Trident/4.0; SLCC2; .NET CLR 2.0.50727; .NET CLR 3.5.30729; .NET CLR 3.0.30729; Media Center PC 6.0; .NET4.0C; .NET4.0E; InfoPath.2)"
129.188.33.27 - - [13/Aug/2013:20:00:47 -0400] "GET //images/inner-content-bot.png HTTP/1.1" 200 1411 "http://www.warnerconsultinggroup.com//contact_us" "Mozilla/4.0 (compatible; MSIE 8.0; Windows NT 6.1; WOW64; Trident/4.0; SLCC2; .NET CLR 2.0.50727; .NET CLR 3.5.30729; .NET CLR 3.0.30729; Media Center PC 6.0; .NET4.0C; .NET4.0E; InfoPath.2)"
129.188.33.27 - - [13/Aug/2013:20:00:40 -0400] "GET /favicon.ico HTTP/1.1" 404 9018 "-" "Mozilla/4.0 (compatible; MSIE 8.0; Windows NT 6.1; WOW64; Trident/4.0; SLCC2; .NET CLR 2.0.50727; .NET CLR 3.5.30729; .NET CLR 3.0.30729; Media Center PC 6.0; .NET4.0C; .NET4.0E; InfoPath.2)"
129.188.33.27 - - [13/Aug/2013:20:00:50 -0400] "GET //contact_us HTTP/1.1" 200 15410 "http://www.warnerconsultinggroup.com//contact_us" "Mozilla/4.0 (compatible; MSIE 8.0; Windows NT 6.1; WOW64; Trident/4.0; SLCC2; .NET CLR 2.0.50727; .NET CLR 3.5.30729; .NET CLR 3.0.30729; Media Center PC 6.0; .NET4.0C; .NET4.0E; InfoPath.2)"
129.188.33.27 - - [13/Aug/2013:20:01:05 -0400] "GET /favicon.ico HTTP/1.1" 404 9018 "-" "Mozilla/4.0 (compatible; MSIE 8.0; Windows NT 6.1; WOW64; Trident/4.0; SLCC2; .NET CLR 2.0.50727; .NET CLR 3.5.30729; .NET CLR 3.0.30729; Media Center PC 6.0; .NET4.0C; .NET4.0E; InfoPath.2)"
5.63.151.190 - - [13/Aug/2013:20:35:18 -0400] "GET / HTTP/1.1" 200 9018 "-" "checks.panopta.com"
128.204.195.249 - - [13/Aug/2013:12:31:41 -0400] "HEAD / HTTP/1.1" 200 - "-" "checks.panopta.com"
66.249.75.181 - - [13/Aug/2013:12:55:10 -0400] "GET /robots.txt HTTP/1.1" 200 6782 "-" "Mozilla/5.0 (compatible; Googlebot/2.1; +http://www.google.com/bot.html)"
17.16.92.46 - - [13/Aug/2013:13:15:00 -0400] "GET /images/footer-bg.jpg HTTP/1.1" 200 1167 "http://www.warnerconsultinggroup.com/" "Mozilla/5.0 (Macintosh; Intel Mac OS X 10_8_4) AppleWebKit/536.30.1 (KHTML, like Gecko) Version/6.0.5 Safari/536.30.1"
17.16.92.46 - - [13/Aug/2013:13:15:16 -0400] "GET //js/jquery-1.3.2.min.js HTTP/1.1" 200 57254 "http://www.warnerconsultinggroup.com//consulting/warner_services" "Mozilla/5.0 (Macintosh; Intel Mac OS X 10_8_4) AppleWebKit/536.30.1 (KHTML, like Gecko) Version/6.0.5 Safari/536.30.1"
67.214.156.12 - - [13/Aug/2013:03:38:08 -0400] "GET / HTTP/1.0" 200 9018 "-" "My Nutch Spider/Nutch-1.7"
5.63.151.190 - - [13/Aug/2013:01:00:02 -0400] "GET / HTTP/1.1" 200 9018 "-" "checks.panopta.com"
209.190.1.131 - - [13/Aug/2013:07:02:51 -0400] "GET /consulting HTTP/1.1" 200 14034 "-" "M"
209.190.1.131 - - [13/Aug/2013:07:02:59 -0400] "GET /a.html HTTP/1.1" 200 1082 "-" "M"
209.190.1.131 - - [13/Aug/2013:07:03:09 -0400] "GET /news HTTP/1.1" 200 17995 "-" "M"
66.249.75.181 - - [13/Aug/2013:08:21:06 -0400] "GET /robots.txt HTTP/1.1" 200 6782 "-" "Mozilla/5.0 (compatible; Googlebot/2.1; +http://www.google.com/bot.html)"
5.10.83.81 - - [13/Aug/2013:00:11:43 -0400] "GET //consulting/lighterside HTTP/1.1" 200 6782 "-" "Mozilla/5.0 (compatible; AhrefsBot/5.0; +http://ahrefs.com/robot/)"
199.30.20.5 - - [13/Aug/2013:01:45:31 -0400] "GET /robots.txt HTTP/1.1" 200 6782 "-" "msnbot-media/1.1 (+http://search.msn.com/msnbot.htm)"
69.248.184.114 - - [13/Aug/2013:10:00:52 -0400] "GET /favicon.ico HTTP/1.1" 404 9018 "-" "Mozilla/5.0 (Windows NT 6.1; WOW64) AppleWebKit/537.36 (KHTML, like Gecko) Chrome/28.0.1500.95 Safari/537.36"
54.224.52.130 - - [13/Aug/2013:22:56:58 -0400] "HEAD / HTTP/1.1" 200 - "-" "Mozilla/4.0 (compatible; MSIE 6.0; Windows NT 5.1)"
17.16.92.46 - - [13/Aug/2013:13:15:21 -0400] "GET //images/social-head.png HTTP/1.1" 200 2344 "http://www.warnerconsultinggroup.com//consulting/warner_services" "Mozilla/5.0 (Macintosh; Intel Mac OS X 10_8_4) AppleWebKit/536.30.1 (KHTML, like Gecko) Version/6.0.5 Safari/536.30.1"
107.0.200.134 - - [13/Aug/2013:13:57:49 -0400] "GET /a.html HTTP/1.1" 200 1082 "http://warnerconsultinggroup.com/" "Mozilla/5.0 (Windows NT 6.2; WOW64) AppleWebKit/537.36 (KHTML, like Gecko) Chrome/28.0.1500.95 Safari/537.36"
107.0.200.134 - - [13/Aug/2013:13:57:49 -0400] "GET /Scripts/swfobject/swfobject.js HTTP/1.1" 200 9759 "http://www.warnerconsultinggroup.com/a.html" "Mozilla/5.0 (Windows NT 6.2; WOW64) AppleWebKit/537.36 (KHTML, like Gecko) Chrome/28.0.1500.95 Safari/537.36"
173.199.114.147 - - [13/Aug/2013:13:59:22 -0400] "GET //about_us/contact_us HTTP/1.1" 200 6782 "-" "Mozilla/5.0 (compatible; AhrefsBot/4.0; +http://ahrefs.com/robot/)"
5.63.151.190 - - [13/Aug/2013:14:32:37 -0400] "HEAD / HTTP/1.1" 200 - "-" "checks.panopta.com"
5.63.151.190 - - [13/Aug/2013:05:16:57 -0400] "HEAD / HTTP/1.1" 200 - "-" "checks.panopta.com"
129.188.33.27 - - [13/Aug/2013:20:00:45 -0400] "GET //images/logo.jpg HTTP/1.1" 200 6004 "http://www.warnerconsultinggroup.com//contact_us" "Mozilla/4.0 (compatible; MSIE 8.0; Windows NT 6.1; WOW64; Trident/4.0; SLCC2; .NET CLR 2.0.50727; .NET CLR 3.5.30729; .NET CLR 3.0.30729; Media Center PC 6.0; .NET4.0C; .NET4.0E; InfoPath.2)"
129.188.33.27 - - [13/Aug/2013:20:00:45 -0400] "GET //css/style.css HTTP/1.1" 200 7000 "http://www.warnerconsultinggroup.com//contact_us" "Mozilla/4.0 (compatible; MSIE 8.0; Windows NT 6.1; WOW64; Trident/4.0; SLCC2; .NET CLR 2.0.50727; .NET CLR 3.5.30729; .NET CLR 3.0.30729; Media Center PC 6.0; .NET4.0C; .NET4.0E; InfoPath.2)"
5.63.151.190 - - [13/Aug/2013:20:35:17 -0400] "HEAD / HTTP/1.1" 200 - "-" "checks.panopta.com"
50.16.121.194 - - [13/Aug/2013:01:10:19 -0400] "GET /consulting HTTP/1.1" 200 14034 "http://www.google.com" "Mozilla/5.0 Macintosh Intel Mac OS X 10_7_4 AppleWebKit/536.11 KHTML, like Gecko Chrome/20.0.1132.57 Safari/536.11"
74.218.10.66 - - [13/Aug/2013:09:22:02 -0400] "GET /images/social-head.png HTTP/1.1" 200 2344 "http://warnerconsultinggroup.com/" "Mozilla/5.0 (Windows NT 6.1; WOW64; rv:22.0) Gecko/20100101 Firefox/22.0"
74.218.10.66 - - [13/Aug/2013:09:22:03 -0400] "GET /images/sep.jpg HTTP/1.1" 200 2186 "http://warnerconsultinggroup.com/css/style.css" "Mozilla/5.0 (Windows NT 6.1; WOW64; rv:22.0) Gecko/20100101 Firefox/22.0"
66.249.72.181 - - [13/Aug/2013:22:05:02 -0400] "GET /robots.txt HTTP/1.1" 200 6782 "-" "Mozilla/5.0 (compatible; Googlebot/2.1; +http://www.google.com/bot.html)"
131.252.233.124 - - [13/Aug/2013:22:21:03 -0400] "GET /favicon.ico HTTP/1.1" 404 9018 "-" "Mozilla/5.0 (compatible; MSIE 9.0; Windows NT 6.1; WOW64; Trident/5.0)"
54.224.52.130 - - [13/Aug/2013:22:56:59 -0400] "GET / HTTP/1.1" 200 9018 "-" "Mozilla/4.0 (compatible; MSIE 6.0; Windows NT 5.1)"
4.31.68.130 - - [13/Aug/2013:14:48:36 -0400] "GET /piecemaker1.xml HTTP/1.1" 200 1730 "http://www.warnerconsultinggroup.com/piecemaker.swf" "Mozilla/4.0 (compatible; MSIE 8.0; Windows NT 5.1; Trident/4.0; .NET CLR 2.0.50727; .NET CLR 3.0.4506.2152; .NET CLR 3.5.30729; MS-RTC LM 8)"
4.31.68.130 - - [13/Aug/2013:14:48:36 -0400] "GET /piecemaker.css HTTP/1.1" 200 791 "http://www.warnerconsultinggroup.com/piecemaker.swf" "Mozilla/4.0 (compatible; MSIE 8.0; Windows NT 5.1; Trident/4.0; .NET CLR 2.0.50727; .NET CLR 3.0.4506.2152; .NET CLR 3.5.30729; MS-RTC LM 8)"
4.31.68.130 - - [13/Aug/2013:14:48:36 -0400] "GET /images/image1.jpg HTTP/1.1" 200 88539 "http://www.warnerconsultinggroup.com/piecemaker.swf" "Mozilla/4.0 (compatible; MSIE 8.0; Windows NT 5.1; Trident/4.0; .NET CLR 2.0.50727; .NET CLR 3.0.4506.2152; .NET CLR 3.5.30729; MS-RTC LM 8)"
4.31.68.130 - - [13/Aug/2013:14:48:36 -0400] "GET /images/image2.jpg HTTP/1.1" 200 106569 "http://www.warnerconsultinggroup.com/piecemaker.swf" "Mozilla/4.0 (compatible; MSIE 8.0; Windows NT 5.1; Trident/4.0; .NET CLR 2.0.50727; .NET CLR 3.0.4506.2152; .NET CLR 3.5.30729; MS-RTC LM 8)"
4.31.68.130 - - [13/Aug/2013:14:48:37 -0400] "GET /images/image3.jpg HTTP/1.1" 200 85417 "http://www.warnerconsultinggroup.com/piecemaker.swf" "Mozilla/4.0 (compatible; MSIE 8.0; Windows NT 5.1; Trident/4.0; .NET CLR 2.0.50727; .NET CLR 3.0.4506.2152; .NET CLR 3.5.30729; MS-RTC LM 8)"
24.92.220.10 - - [13/Aug/2013:15:33:35 -0400] "GET //clients HTTP/1.1" 200 22510 "http://www.warnerconsultinggroup.com/" "Mozilla/4.0 (compatible; MSIE 8.0; Windows NT 5.1; Trident/4.0; .NET CLR 1.1.4322; .NET CLR 2.0.50727; .NET CLR 3.0.04506.30; .NET CLR 3.0.4506.2152; .NET CLR 3.5.30729; MDDR; InfoPath.2; .NET4.0C; .NET4.0E; MS-RTC LM 8)"
24.92.220.10 - - [13/Aug/2013:15:33:37 -0400] "GET //images/logo.jpg HTTP/1.1" 200 6004 "http://www.warnerconsultinggroup.com//clients" "Mozilla/4.0 (compatible; MSIE 8.0; Windows NT 5.1; Trident/4.0; .NET CLR 1.1.4322; .NET CLR 2.0.50727; .NET CLR 3.0.04506.30; .NET CLR 3.0.4506.2152; .NET CLR 3.5.30729; MDDR; InfoPath.2; .NET4.0C; .NET4.0E; MS-RTC LM 8)"
24.92.220.10 - - [13/Aug/2013:15:33:37 -0400] "GET //images/inner-content-top.png HTTP/1.1" 200 1386 "http://www.warnerconsultinggroup.com//clients" "Mozilla/4.0 (compatible; MSIE 8.0; Windows NT 5.1; Trident/4.0; .NET CLR 1.1.4322; .NET CLR 2.0.50727; .NET CLR 3.0.04506.30; .NET CLR 3.0.4506.2152; .NET CLR 3.5.30729; MDDR; InfoPath.2; .NET4.0C; .NET4.0E; MS-RTC LM 8)"
24.92.220.10 - - [13/Aug/2013:15:33:37 -0400] "GET //diQuery-collapsiblePanel.css HTTP/1.1" 200 6782 "http://www.warnerconsultinggroup.com//clients" "Mozilla/4.0 (compatible; MSIE 8.0; Windows NT 5.1; Trident/4.0; .NET CLR 1.1.4322; .NET CLR 2.0.50727; .NET CLR 3.0.04506.30; .NET CLR 3.0.4506.2152; .NET CLR 3.5.30729; MDDR; InfoPath.2; .NET4.0C; .NET4.0E; MS-RTC LM 8)"
5.63.151.190 - - [13/Aug/2013:03:46:23 -0400] "HEAD / HTTP/1.1" 200 - "-" "checks.panopta.com"
1.202.219.157 - - [13/Aug/2013:08:48:32 -0400] "HEAD / HTTP/1.1" 200 - "-" "Mozilla/5.0 (compatible; JikeSpider; +http://shoulu.jike.com/spider.html)"
1.202.219.158 - - [13/Aug/2013:08:48:34 -0400] "GET / HTTP/1.1" 200 9018 "-" "Mozilla/5.0 (compatible; JikeSpider; +http://shoulu.jike.com/spider.html)"
174.36.204.225 - - [13/Aug/2013:12:00:32 -0400] "GET /robots.txt HTTP/1.1" 200 6782 "-" "Mozilla/5.0 (compatible; SiteExplorer/1.0b; +http://siteexplorer.info/)"
174.36.204.225 - - [13/Aug/2013:12:00:37 -0400] "GET / HTTP/1.1" 200 9018 "-" "Mozilla/5.0 (compatible; SiteExplorer/1.0b; +http://siteexplorer.info/)"
178.137.128.238 - - [13/Aug/2013:12:26:00 -0400] "GET / HTTP/1.1" 200 9018 "http://www.rospromtest.ru/" "Mozilla/4.0 (compatible; MSIE 6.0; Windows NT 5.2; Win64; x64; SV1; .NET CLR 2.0.50727)"
66.249.75.181 - - [13/Aug/2013:13:26:21 -0400] "GET /robots.txt HTTP/1.1" 200 6782 "-" "Mozilla/5.0 (compatible; Googlebot/2.1; +http://www.google.com/bot.html)"
100.43.83.144 - - [13/Aug/2013:13:35:04 -0400] "GET /robots.txt HTTP/1.1" 200 6782 "-" "Mozilla/5.0 (compatible; YandexBot/3.0; +http://yandex.com/bots)"
100.43.83.144 - - [13/Aug/2013:13:35:20 -0400] "GET /robots.txt HTTP/1.1" 200 6782 "-" "Mozilla/5.0 (compatible; YandexBot/3.0; +http://yandex.com/bots)"
100.43.83.144 - - [13/Aug/2013:13:39:49 -0400] "GET /robots.txt HTTP/1.1" 200 6782 "-" "Mozilla/5.0 (compatible; YandexBot/3.0; +http://yandex.com/bots)"
220.181.108.139 - - [13/Aug/2013:18:18:15 -0400] "GET /the_lighter_side HTTP/1.1" 200 14151 "-" "Mozilla/5.0 (compatible; Baiduspider/2.0; +http://www.baidu.com/search/spider.html)"
66.249.72.181 - - [13/Aug/2013:19:49:13 -0400] "GET /robots.txt HTTP/1.1" 200 6782 "-" "Mozilla/5.0 (compatible; Googlebot/2.1; +http://www.google.com/bot.html)"
5.10.83.81 - - [13/Aug/2013:00:27:59 -0400] "GET //about_us/consulting HTTP/1.1" 200 6782 "-" "Mozilla/5.0 (compatible; AhrefsBot/5.0; +http://ahrefs.com/robot/)"
5.10.83.81 - - [13/Aug/2013:00:42:01 -0400] "GET //about_us/about_us HTTP/1.1" 200 6782 "-" "Mozilla/5.0 (compatible; AhrefsBot/5.0; +http://ahrefs.com/robot/)"
66.249.75.181 - - [13/Aug/2013:16:33:22 -0400] "GET /robots.txt HTTP/1.1" 200 6782 "-" "Mozilla/5.0 (compatible; Googlebot/2.1; +http://www.google.com/bot.html)"
209.190.1.131 - - [13/Aug/2013:07:02:55 -0400] "GET /clients HTTP/1.1" 200 22072 "-" "M"
46.119.118.152 - - [13/Aug/2013:07:23:42 -0400] "GET / HTTP/1.1" 200 9018 "http://seotrast.ru/" "Mozilla/4.0 (compatible; MSIE 6.0; Windows NT 5.1; SV1; .NET CLR 1.1.4322)"
131.252.233.124 - - [13/Aug/2013:22:20:55 -0400] "GET //css/dropdown/themes/nvidia.com/default.advanced.css HTTP/1.1" 200 1342 "http://www.warnerconsultinggroup.com/about_us/meet_the_team" "Mozilla/5.0 (compatible; MSIE 9.0; Windows NT 6.1; WOW64; Trident/5.0)"
131.252.233.124 - - [13/Aug/2013:22:20:55 -0400] "GET /images/theteam/Meredith.jpg HTTP/1.1" 200 3991 "http://www.warnerconsultinggroup.com/about_us/meet_the_team" "Mozilla/5.0 (compatible; MSIE 9.0; Windows NT 6.1; WOW64; Trident/5.0)"
131.252.233.124 - - [13/Aug/2013:22:20:58 -0400] "GET //css/dropdown/themes/nvidia.com/default.css HTTP/1.1" 200 1866 "http://www.warnerconsultinggroup.com/about_us/meet_the_team" "Mozilla/5.0 (compatible; MSIE 9.0; Windows NT 6.1; WOW64; Trident/5.0)"
131.252.233.124 - - [13/Aug/2013:22:20:58 -0400] "GET //images/bg.jpg HTTP/1.1" 200 94591 "http://www.warnerconsultinggroup.com/about_us/meet_the_team" "Mozilla/5.0 (compatible; MSIE 9.0; Windows NT 6.1; WOW64; Trident/5.0)"
199.30.228.153 - - [13/Aug/2013:22:32:51 -0400] "GET /images/gallery/services-2.jpg HTTP/1.1" 200 13974 "http://warnerconsultinggroup.com/" "Mozilla/5.0 (X11; Linux i686) AppleWebKit/534.34 (KHTML, like Gecko) Qt/4.8.4 Safari/534.34"
199.30.228.153 - - [13/Aug/2013:22:32:51 -0400] "GET /piecemaker.swf HTTP/1.1" 200 208139 "-" "Mozilla/5.0 (X11; Linux i686) AppleWebKit/534.34 (KHTML, like Gecko) Qt/4.8.4 Safari/534.34"
199.30.228.153 - - [13/Aug/2013:22:32:52 -0400] "GET /piecemaker1.xml HTTP/1.1" 200 1730 "-" "Mozilla/5.0 (X11; Linux i686) AppleWebKit/534.34 (KHTML, like Gecko) Qt/4.8.4 Safari/534.34"
199.30.228.153 - - [13/Aug/2013:22:32:52 -0400] "GET /piecemaker.css HTTP/1.1" 200 791 "-" "Mozilla/5.0 (X11; Linux i686) AppleWebKit/534.34 (KHTML, like Gecko) Qt/4.8.4 Safari/534.34"
199.30.228.153 - - [13/Aug/2013:22:32:52 -0400] "GET /images/image1.jpg HTTP/1.1" 200 88539 "-" "Mozilla/5.0 (X11; Linux i686) AppleWebKit/534.34 (KHTML, like Gecko) Qt/4.8.4 Safari/534.34"
199.30.228.153 - - [13/Aug/2013:22:32:53 -0400] "GET /images/image2.jpg HTTP/1.1" 200 106569 "-" "Mozilla/5.0 (X11; Linux i686) AppleWebKit/534.34 (KHTML, like Gecko) Qt/4.8.4 Safari/534.34"
199.30.228.153 - - [13/Aug/2013:22:32:53 -0400] "GET /images/image3.jpg HTTP/1.1" 200 85417 "-" "Mozilla/5.0 (X11; Linux i686) AppleWebKit/534.34 (KHTML, like Gecko) Qt/4.8.4 Safari/534.34"
5.63.151.190 - - [13/Aug/2013:23:06:22 -0400] "HEAD / HTTP/1.1" 200 - "-" "checks.panopta.com"
209.190.1.131 - - [13/Aug/2013:07:03:09 -0400] "GET /a.html HTTP/1.1" 200 1082 "-" "M"
5.63.151.190 - - [13/Aug/2013:07:17:46 -0400] "HEAD / HTTP/1.1" 200 - "-" "checks.panopta.com"
50.16.121.194 - - [13/Aug/2013:01:10:11 -0400] "GET /clients HTTP/1.1" 200 22072 "http://www.google.com" "Mozilla/5.0 Macintosh Intel Mac OS X 10_7_4 AppleWebKit/536.11 KHTML, like Gecko Chrome/20.0.1132.57 Safari/536.11"
50.16.121.194 - - [13/Aug/2013:01:10:18 -0400] "GET /inspiring_innovation HTTP/1.1" 200 11658 "http://www.google.com" "Mozilla/5.0 Macintosh Intel Mac OS X 10_7_4 AppleWebKit/536.11 KHTML, like Gecko Chrome/20.0.1132.57 Safari/536.11"
5.63.151.190 - - [13/Aug/2013:04:01:26 -0400] "HEAD / HTTP/1.1" 200 - "-" "checks.panopta.com"
66.249.75.181 - - [13/Aug/2013:19:01:54 -0400] "GET /robots.txt HTTP/1.1" 200 6782 "-" "Mozilla/5.0 (compatible; Googlebot/2.1; +http://www.google.com/bot.html)"
66.249.75.181 - - [13/Aug/2013:19:08:11 -0400] "GET /clients HTTP/1.1" 200 22510 "-" "Mozilla/5.0 (compatible; Googlebot/2.1; +http://www.google.com/bot.html)"
66.249.72.181 - - [13/Aug/2013:19:23:07 -0400] "GET /robots.txt HTTP/1.1" 200 6782 "-" "Mozilla/5.0 (compatible; Googlebot/2.1; +http://www.google.com/bot.html)"
157.55.33.146 - - [13/Aug/2013:09:53:57 -0400] "GET /aboutus/consulting HTTP/1.0" 200 6782 "-" "Mozilla/5.0 (compatible; bingbot/2.0; +http://www.bing.com/bingbot.htm)"
5.63.151.190 - - [13/Aug/2013:13:01:53 -0400] "HEAD / HTTP/1.1" 200 - "-" "checks.panopta.com"
17.16.92.46 - - [13/Aug/2013:13:15:00 -0400] "GET /images/social-bg.png HTTP/1.1" 200 3056 "http://www.warnerconsultinggroup.com/" "Mozilla/5.0 (Macintosh; Intel Mac OS X 10_8_4) AppleWebKit/536.30.1 (KHTML, like Gecko) Version/6.0.5 Safari/536.30.1"
91.207.9.226 - - [13/Aug/2013:13:28:13 -0400] "GET / HTTP/1.1" 200 9018 "http://dt93.ru/" "Mozilla/4.0 (compatible; MSIE 6.0; Windows ME) Opera 7.11 [en]"
4.31.68.130 - - [13/Aug/2013:14:48:20 -0400] "GET /images/head-welcome.jpg HTTP/1.1" 200 15302 "http://www.warnerconsultinggroup.com/" "Mozilla/4.0 (compatible; MSIE 8.0; Windows NT 5.1; Trident/4.0; .NET CLR 2.0.50727; .NET CLR 3.0.4506.2152; .NET CLR 3.5.30729; MS-RTC LM 8)"
4.31.68.130 - - [13/Aug/2013:14:48:21 -0400] "GET /Scripts/swfobject/swfobject.js HTTP/1.1" 200 9759 "http://www.warnerconsultinggroup.com/a.html" "Mozilla/4.0 (compatible; MSIE 8.0; Windows NT 5.1; Trident/4.0; .NET CLR 2.0.50727; .NET CLR 3.0.4506.2152; .NET CLR 3.5.30729; MS-RTC LM 8)"
24.92.220.10 - - [13/Aug/2013:15:32:40 -0400] "GET /images/logo.jpg HTTP/1.1" 200 6004 "http://www.warnerconsultinggroup.com/" "Mozilla/4.0 (compatible; MSIE 8.0; Windows NT 5.1; Trident/4.0; .NET CLR 1.1.4322; .NET CLR 2.0.50727; .NET CLR 3.0.04506.30; .NET CLR 3.0.4506.2152; .NET CLR 3.5.30729; MDDR; InfoPath.2; .NET4.0C; .NET4.0E; MS-RTC LM 8)"
24.92.220.10 - - [13/Aug/2013:15:32:40 -0400] "GET /images/gallery/services-1.jpg HTTP/1.1" 200 14545 "http://www.warnerconsultinggroup.com/" "Mozilla/4.0 (compatible; MSIE 8.0; Windows NT 5.1; Trident/4.0; .NET CLR 1.1.4322; .NET CLR 2.0.50727; .NET CLR 3.0.04506.30; .NET CLR 3.0.4506.2152; .NET CLR 3.5.30729; MDDR; InfoPath.2; .NET4.0C; .NET4.0E; MS-RTC LM 8)"
24.92.220.10 - - [13/Aug/2013:15:32:40 -0400] "GET /images/btn-readmore.jpg HTTP/1.1" 200 1587 "http://www.warnerconsultinggroup.com/" "Mozilla/4.0 (compatible; MSIE 8.0; Windows NT 5.1; Trident/4.0; .NET CLR 1.1.4322; .NET CLR 2.0.50727; .NET CLR 3.0.04506.30; .NET CLR 3.0.4506.2152; .NET CLR 3.5.30729; MDDR; InfoPath.2; .NET4.0C; .NET4.0E; MS-RTC LM 8)"
24.92.220.10 - - [13/Aug/2013:15:33:35 -0400] "GET //css/dropdown/themes/nvidia.com/default.advanced.css HTTP/1.1" 200 1342 "http://www.warnerconsultinggroup.com//clients" "Mozilla/4.0 (compatible; MSIE 8.0; Windows NT 5.1; Trident/4.0; .NET CLR 1.1.4322; .NET CLR 2.0.50727; .NET CLR 3.0.04506.30; .NET CLR 3.0.4506.2152; .NET CLR 3.5.30729; MDDR; InfoPath.2; .NET4.0C; .NET4.0E; MS-RTC LM 8)"
24.92.220.10 - - [13/Aug/2013:15:33:35 -0400] "GET //js/jquery-1.3.2.min.js HTTP/1.1" 200 57254 "http://www.warnerconsultinggroup.com//clients" "Mozilla/4.0 (compatible; MSIE 8.0; Windows NT 5.1; Trident/4.0; .NET CLR 1.1.4322; .NET CLR 2.0.50727; .NET CLR 3.0.04506.30; .NET CLR 3.0.4506.2152; .NET CLR 3.5.30729; MDDR; InfoPath.2; .NET4.0C; .NET4.0E; MS-RTC LM 8)"
24.92.220.10 - - [13/Aug/2013:15:33:37 -0400] "GET //images/fb.png HTTP/1.1" 200 1264 "http://www.warnerconsultinggroup.com//clients" "Mozilla/4.0 (compatible; MSIE 8.0; Windows NT 5.1; Trident/4.0; .NET CLR 1.1.4322; .NET CLR 2.0.50727; .NET CLR 3.0.04506.30; .NET CLR 3.0.4506.2152; .NET CLR 3.5.30729; MDDR; InfoPath.2; .NET4.0C; .NET4.0E; MS-RTC LM 8)"
131.252.233.124 - - [13/Aug/2013:22:20:54 -0400] "GET //css/dropdown/dropdown.css HTTP/1.1" 200 1026 "http://www.warnerconsultinggroup.com/about_us/meet_the_team" "Mozilla/5.0 (compatible; MSIE 9.0; Windows NT 6.1; WOW64; Trident/5.0)"
5.63.151.190 - - [13/Aug/2013:12:31:23 -0400] "HEAD / HTTP/1.1" 503 - "-" "checks.panopta.com"
107.0.200.134 - - [13/Aug/2013:13:58:10 -0400] "GET //about_us/meet_the_team HTTP/1.1" 503 823 "http://warnerconsultinggroup.com/" "Mozilla/5.0 (Windows NT 6.2; WOW64) AppleWebKit/537.36 (KHTML, like Gecko) Chrome/28.0.1500.95 Safari/537.36"
209.190.1.131 - - [13/Aug/2013:07:03:07 -0400] "GET /inspiring_innovation HTTP/1.1" 200 585 "-" "M"
173.199.114.147 - - [13/Aug/2013:08:07:32 -0400] "GET /pages/1/lighterside HTTP/1.1" 503 823 "-" "Mozilla/5.0 (compatible; AhrefsBot/4.0; +http://ahrefs.com/robot/)"
199.30.228.153 - - [13/Aug/2013:22:32:51 -0400] "GET /images/gallery/services-1.jpg HTTP/1.1" 200 14545 "http://warnerconsultinggroup.com/" "Mozilla/5.0 (X11; Linux i686) AppleWebKit/534.34 (KHTML, like Gecko) Qt/4.8.4 Safari/534.34"
194.29.0.110 - - [13/Aug/2013:10:32:41 -0400] "GET //css/style.css HTTP/1.1" 200 7000 "http://www.warnerconsultinggroup.com//contact_us" "Mozilla/5.0 (compatible; MSIE 10.0; Windows NT 6.1; WOW64; Trident/6.0; MATM)"
194.29.0.110 - - [13/Aug/2013:10:32:41 -0400] "GET //css/dropdown/themes/nvidia.com/default.css HTTP/1.1" 200 1866 "http://www.warnerconsultinggroup.com//contact_us" "Mozilla/5.0 (compatible; MSIE 10.0; Windows NT 6.1; WOW64; Trident/6.0; MATM)"
194.29.0.110 - - [13/Aug/2013:10:32:41 -0400] "GET //images/footer-bg.jpg HTTP/1.1" 200 1167 "http://www.warnerconsultinggroup.com//contact_us" "Mozilla/5.0 (compatible; MSIE 10.0; Windows NT 6.1; WOW64; Trident/6.0; MATM)"
194.29.0.110 - - [13/Aug/2013:10:32:42 -0400] "GET //images/inner-content-bot.png HTTP/1.1" 200 1411 "http://www.warnerconsultinggroup.com//contact_us" "Mozilla/5.0 (compatible; MSIE 10.0; Windows NT 6.1; WOW64; Trident/6.0; MATM)"
194.29.0.110 - - [13/Aug/2013:10:32:42 -0400] "GET //images/right-box-bot.png HTTP/1.1" 200 411 "http://www.warnerconsultinggroup.com//contact_us" "Mozilla/5.0 (compatible; MSIE 10.0; Windows NT 6.1; WOW64; Trident/6.0; MATM)"
5.63.151.190 - - [13/Aug/2013:10:39:57 -0400] "HEAD / HTTP/1.1" 503 - "-" "checks.panopta.com"
157.56.229.190 - - [13/Aug/2013:11:14:56 -0400] "GET /about_us/meet_the_team HTTP/1.1" 503 323 "-" "Mozilla/5.0 (compatible; bingbot/2.0; +http://www.bing.com/bingbot.htm)"
50.16.121.194 - - [13/Aug/2013:01:10:08 -0400] "GET /warner_services HTTP/1.1" 200 20229 "http://www.google.com" "Mozilla/5.0 Macintosh Intel Mac OS X 10_7_4 AppleWebKit/536.11 KHTML, like Gecko Chrome/20.0.1132.57 Safari/536.11"
199.30.20.5 - - [13/Aug/2013:01:45:32 -0400] "GET /news/images/logo.jpg HTTP/1.1" 200 6782 "-" "msnbot-media/1.1 (+http://search.msn.com/msnbot.htm)"
5.63.151.190 - - [13/Aug/2013:05:01:42 -0400] "HEAD / HTTP/1.1" 200 - "-" "checks.panopta.com"
5.63.151.190 - - [13/Aug/2013:18:34:21 -0400] "HEAD / HTTP/1.1" 200 - "-" "checks.panopta.com"
129.188.33.27 - - [13/Aug/2013:20:00:38 -0400] "GET /images/logo.jpg HTTP/1.1" 200 6004 "http://www.warnerconsultinggroup.com/" "Mozilla/4.0 (compatible; MSIE 8.0; Windows NT 6.1; WOW64; Trident/4.0; SLCC2; .NET CLR 2.0.50727; .NET CLR 3.5.30729; .NET CLR 3.0.30729; Media Center PC 6.0; .NET4.0C; .NET4.0E; InfoPath.2)"
69.248.184.114 - - [13/Aug/2013:09:40:01 -0400] "GET //www.litchfieldbeach.com HTTP/1.1" 200 6782 "http://www.warnerconsultinggroup.com//contact_us" "Mozilla/5.0 (Windows NT 6.1; WOW64) AppleWebKit/537.36 (KHTML, like Gecko) Chrome/28.0.1500.95 Safari/537.36"
17.16.92.46 - - [13/Aug/2013:13:15:00 -0400] "GET /css/dropdown/themes/nvidia.com/default.advanced.css HTTP/1.1" 200 1342 "http://www.warnerconsultinggroup.com/" "Mozilla/5.0 (Macintosh; Intel Mac OS X 10_8_4) AppleWebKit/536.30.1 (KHTML, like Gecko) Version/6.0.5 Safari/536.30.1"
17.16.92.46 - - [13/Aug/2013:13:15:00 -0400] "GET /css/dropdown/themes/nvidia.com/default.css HTTP/1.1" 200 1866 "http://www.warnerconsultinggroup.com/" "Mozilla/5.0 (Macintosh; Intel Mac OS X 10_8_4) AppleWebKit/536.30.1 (KHTML, like Gecko) Version/6.0.5 Safari/536.30.1"
17.16.92.46 - - [13/Aug/2013:13:15:00 -0400] "GET /images/bg.jpg HTTP/1.1" 200 94591 "http://www.warnerconsultinggroup.com/" "Mozilla/5.0 (Macintosh; Intel Mac OS X 10_8_4) AppleWebKit/536.30.1 (KHTML, like Gecko) Version/6.0.5 Safari/536.30.1"
17.16.92.46 - - [13/Aug/2013:13:15:02 -0400] "GET /images/nav-left.png HTTP/1.1" 200 1223 "http://www.warnerconsultinggroup.com/" "Mozilla/5.0 (Macintosh; Intel Mac OS X 10_8_4) AppleWebKit/536.30.1 (KHTML, like Gecko) Version/6.0.5 Safari/536.30.1"
17.16.92.46 - - [13/Aug/2013:13:15:04 -0400] "GET /images/image3.jpg HTTP/1.1" 200 85417 "http://www.warnerconsultinggroup.com/a.html" "Mozilla/5.0 (Macintosh; Intel Mac OS X 10_8_4) AppleWebKit/536.30.1 (KHTML, like Gecko) Version/6.0.5 Safari/536.30.1"
107.0.200.134 - - [13/Aug/2013:13:57:49 -0400] "GET /css/dropdown/themes/nvidia.com/default.advanced.css HTTP/1.1" 200 1342 "http://warnerconsultinggroup.com/" "Mozilla/5.0 (Windows NT 6.2; WOW64) AppleWebKit/537.36 (KHTML, like Gecko) Chrome/28.0.1500.95 Safari/537.36"
107.0.200.134 - - [13/Aug/2013:13:57:49 -0400] "GET /css/dropdown/themes/nvidia.com/default.css HTTP/1.1" 200 1866 "http://warnerconsultinggroup.com/" "Mozilla/5.0 (Windows NT 6.2; WOW64) AppleWebKit/537.36 (KHTML, like Gecko) Chrome/28.0.1500.95 Safari/537.36"
107.0.200.134 - - [13/Aug/2013:13:57:49 -0400] "GET /images/bg.jpg HTTP/1.1" 200 94591 "http://warnerconsultinggroup.com/" "Mozilla/5.0 (Windows NT 6.2; WOW64) AppleWebKit/537.36 (KHTML, like Gecko) Chrome/28.0.1500.95 Safari/537.36"
4.31.68.130 - - [13/Aug/2013:14:48:20 -0400] "GET /images/gallery/services-2.jpg HTTP/1.1" 200 13974 "http://www.warnerconsultinggroup.com/" "Mozilla/4.0 (compatible; MSIE 8.0; Windows NT 5.1; Trident/4.0; .NET CLR 2.0.50727; .NET CLR 3.0.4506.2152; .NET CLR 3.5.30729; MS-RTC LM 8)"
4.31.68.130 - - [13/Aug/2013:14:48:21 -0400] "GET /Scripts/swfobject/swfobject.js HTTP/1.1" 200 9759 "http://www.warnerconsultinggroup.com/a.html" "Mozilla/4.0 (compatible; MSIE 8.0; Windows NT 5.1; Trident/4.0; .NET CLR 2.0.50727; .NET CLR 3.0.4506.2152; .NET CLR 3.5.30729; MS-RTC LM 8)"
24.92.220.10 - - [13/Aug/2013:15:33:35 -0400] "GET //css/dropdown/dropdown.css HTTP/1.1" 200 1026 "http://www.warnerconsultinggroup.com//clients" "Mozilla/4.0 (compatible; MSIE 8.0; Windows NT 5.1; Trident/4.0; .NET CLR 1.1.4322; .NET CLR 2.0.50727; .NET CLR 3.0.04506.30; .NET CLR 3.0.4506.2152; .NET CLR 3.5.30729; MDDR; InfoPath.2; .NET4.0C; .NET4.0E; MS-RTC LM 8)"
24.92.220.10 - - [13/Aug/2013:15:33:35 -0400] "GET //css/diQuery-collapsiblePanel.css HTTP/1.1" 200 506 "http://www.warnerconsultinggroup.com//clients" "Mozilla/4.0 (compatible; MSIE 8.0; Windows NT 5.1; Trident/4.0; .NET CLR 1.1.4322; .NET CLR 2.0.50727; .NET CLR 3.0.04506.30; .NET CLR 3.0.4506.2152; .NET CLR 3.5.30729; MDDR; InfoPath.2; .NET4.0C; .NET4.0E; MS-RTC LM 8)"
24.92.220.10 - - [13/Aug/2013:15:33:35 -0400] "GET //css/diQuery-collapsiblePanel.css HTTP/1.1" 304 - "http://www.warnerconsultinggroup.com//clients" "Mozilla/4.0 (compatible; MSIE 8.0; Windows NT 5.1; Trident/4.0; .NET CLR 1.1.4322; .NET CLR 2.0.50727; .NET CLR 3.0.04506.30; .NET CLR 3.0.4506.2152; .NET CLR 3.5.30729; MDDR; InfoPath.2; .NET4.0C; .NET4.0E; MS-RTC LM 8)"
24.92.220.10 - - [13/Aug/2013:15:33:35 -0400] "GET //css/dropdown/themes/nvidia.com/default.css HTTP/1.1" 200 1866 "http://www.warnerconsultinggroup.com//clients" "Mozilla/4.0 (compatible; MSIE 8.0; Windows NT 5.1; Trident/4.0; .NET CLR 1.1.4322; .NET CLR 2.0.50727; .NET CLR 3.0.04506.30; .NET CLR 3.0.4506.2152; .NET CLR 3.5.30729; MDDR; InfoPath.2; .NET4.0C; .NET4.0E; MS-RTC LM 8)"
24.92.220.10 - - [13/Aug/2013:15:33:37 -0400] "GET //images/social-head.png HTTP/1.1" 200 2344 "http://www.warnerconsultinggroup.com//clients" "Mozilla/4.0 (compatible; MSIE 8.0; Windows NT 5.1; Trident/4.0; .NET CLR 1.1.4322; .NET CLR 2.0.50727; .NET CLR 3.0.04506.30; .NET CLR 3.0.4506.2152; .NET CLR 3.5.30729; MDDR; InfoPath.2; .NET4.0C; .NET4.0E; MS-RTC LM 8)"
24.92.220.10 - - [13/Aug/2013:15:33:37 -0400] "GET //images/right-box-bot.png HTTP/1.1" 200 411 "http://www.warnerconsultinggroup.com//clients" "Mozilla/4.0 (compatible; MSIE 8.0; Windows NT 5.1; Trident/4.0; .NET CLR 1.1.4322; .NET CLR 2.0.50727; .NET CLR 3.0.04506.30; .NET CLR 3.0.4506.2152; .NET CLR 3.5.30729; MDDR; InfoPath.2; .NET4.0C; .NET4.0E; MS-RTC LM 8)"
24.92.220.10 - - [13/Aug/2013:15:33:37 -0400] "GET //images/nav-left.png HTTP/1.1" 200 1223 "http://www.warnerconsultinggroup.com//clients" "Mozilla/4.0 (compatible; MSIE 8.0; Windows NT 5.1; Trident/4.0; .NET CLR 1.1.4322; .NET CLR 2.0.50727; .NET CLR 3.0.04506.30; .NET CLR 3.0.4506.2152; .NET CLR 3.5.30729; MDDR; InfoPath.2; .NET4.0C; .NET4.0E; MS-RTC LM 8)"
24.92.220.10 - - [13/Aug/2013:15:33:37 -0400] "GET //images/twitr.png HTTP/1.1" 200 1543 "http://www.warnerconsultinggroup.com//clients" "Mozilla/4.0 (compatible; MSIE 8.0; Windows NT 5.1; Trident/4.0; .NET CLR 1.1.4322; .NET CLR 2.0.50727; .NET CLR 3.0.04506.30; .NET CLR 3.0.4506.2152; .NET CLR 3.5.30729; MDDR; InfoPath.2; .NET4.0C; .NET4.0E; MS-RTC LM 8)"
24.92.220.10 - - [13/Aug/2013:15:33:37 -0400] "GET /favicon.ico HTTP/1.1" 404 9018 "-" "Mozilla/4.0 (compatible; MSIE 8.0; Windows NT 5.1; Trident/4.0; .NET CLR 1.1.4322; .NET CLR 2.0.50727; .NET CLR 3.0.04506.30; .NET CLR 3.0.4506.2152; .NET CLR 3.5.30729; MDDR; InfoPath.2; .NET4.0C; .NET4.0E; MS-RTC LM 8)"
173.199.114.147 - - [13/Aug/2013:16:40:05 -0400] "GET //clients HTTP/1.1" 200 22510 "-" "Mozilla/5.0 (compatible; AhrefsBot/4.0; +http://ahrefs.com/robot/)"
129.188.33.27 - - [13/Aug/2013:20:00:41 -0400] "GET /images/nav-right.png HTTP/1.1" 200 1282 "http://www.warnerconsultinggroup.com/" "Mozilla/4.0 (compatible; MSIE 8.0; Windows NT 6.1; WOW64; Trident/4.0; SLCC2; .NET CLR 2.0.50727; .NET CLR 3.5.30729; .NET CLR 3.0.30729; Media Center PC 6.0; .NET4.0C; .NET4.0E; InfoPath.2)"
129.188.33.27 - - [13/Aug/2013:20:00:45 -0400] "GET //contact_us HTTP/1.1" 200 15410 "http://www.warnerconsultinggroup.com/" "Mozilla/4.0 (compatible; MSIE 8.0; Windows NT 6.1; WOW64; Trident/4.0; SLCC2; .NET CLR 2.0.50727; .NET CLR 3.5.30729; .NET CLR 3.0.30729; Media Center PC 6.0; .NET4.0C; .NET4.0E; InfoPath.2)"
209.190.1.131 - - [13/Aug/2013:07:02:48 -0400] "GET /a.html HTTP/1.1" 200 1082 "-" "M"
5.63.151.190 - - [13/Aug/2013:08:02:54 -0400] "HEAD / HTTP/1.1" 200 - "-" "checks.panopta.com"
194.29.0.110 - - [13/Aug/2013:10:32:37 -0400] "GET //images/logo.jpg HTTP/1.1" 200 6004 "http://www.warnerconsultinggroup.com//contact_us" "Mozilla/5.0 (compatible; MSIE 10.0; Windows NT 6.1; WOW64; Trident/6.0; MATM)"
194.29.0.110 - - [13/Aug/2013:10:32:42 -0400] "GET //images/right-box-mid.png HTTP/1.1" 200 134 "http://www.warnerconsultinggroup.com//contact_us" "Mozilla/5.0 (compatible; MSIE 10.0; Windows NT 6.1; WOW64; Trident/6.0; MATM)"
194.29.0.110 - - [13/Aug/2013:10:32:42 -0400] "GET //images/inner-content-top.png HTTP/1.1" 200 1386 "http://www.warnerconsultinggroup.com//contact_us" "Mozilla/5.0 (compatible; MSIE 10.0; Windows NT 6.1; WOW64; Trident/6.0; MATM)"
17.16.92.46 - - [13/Aug/2013:13:15:21 -0400] "GET //images/fb.png HTTP/1.1" 200 1264 "http://www.warnerconsultinggroup.com//consulting/warner_services" "Mozilla/5.0 (Macintosh; Intel Mac OS X 10_8_4) AppleWebKit/536.30.1 (KHTML, like Gecko) Version/6.0.5 Safari/536.30.1"
17.16.92.46 - - [13/Aug/2013:13:15:21 -0400] "GET //images/inner-content-top.png HTTP/1.1" 200 1386 "http://www.warnerconsultinggroup.com//consulting/warner_services" "Mozilla/5.0 (Macintosh; Intel Mac OS X 10_8_4) AppleWebKit/536.30.1 (KHTML, like Gecko) Version/6.0.5 Safari/536.30.1"
17.16.92.46 - - [13/Aug/2013:13:15:22 -0400] "GET //consulting/images/bullet2.png HTTP/1.1" 200 6782 "http://www.warnerconsultinggroup.com//consulting/warner_services" "Mozilla/5.0 (Macintosh; Intel Mac OS X 10_8_4) AppleWebKit/536.30.1 (KHTML, like Gecko) Version/6.0.5 Safari/536.30.1"
100.43.83.144 - - [13/Aug/2013:13:35:57 -0400] "GET / HTTP/1.1" 200 9018 "-" "Mozilla/5.0 (compatible; YandexBot/3.0; +http://yandex.com/bots)"
107.0.200.134 - - [13/Aug/2013:13:58:22 -0400] "GET /favicon.ico HTTP/1.1" 404 9018 "-" "Mozilla/5.0 (Windows NT 6.2; WOW64) AppleWebKit/537.36 (KHTML, like Gecko) Chrome/28.0.1500.95 Safari/537.36"
5.63.151.190 - - [13/Aug/2013:07:02:29 -0400] "HEAD / HTTP/1.1" 200 - "-" "checks.panopta.com"
17.16.92.46 - - [13/Aug/2013:13:14:47 -0400] "GET / HTTP/1.1" 200 9018 "http://www.google.com/url?sa=t&rct=j&q=&esrc=s&source=web&cd=1&ved=0CCsQFjAA&url=http%3A%2F%2Fwww.warnerconsultinggroup.com%2F&ei=MGkKUpCdMozyqwGumIHYAw&usg=AFQjCNFn_pMzUjkkAXCW_ESS-q7bg9f65g&sig2=TgCHPv_El9c4x8o9Bhk7xA&bvm=bv.50500085,d.aWM" "Mozilla/5.0 (Macintosh; Intel Mac OS X 10_8_4) AppleWebKit/536.30.1 (KHTML, like Gecko) Version/6.0.5 Safari/536.30.1"
17.16.92.46 - - [13/Aug/2013:13:14:49 -0400] "GET /images/social-head.png HTTP/1.1" 200 2344 "http://www.warnerconsultinggroup.com/" "Mozilla/5.0 (Macintosh; Intel Mac OS X 10_8_4) AppleWebKit/536.30.1 (KHTML, like Gecko) Version/6.0.5 Safari/536.30.1"
17.16.92.46 - - [13/Aug/2013:13:14:49 -0400] "GET /images/fb.png HTTP/1.1" 200 1264 "http://www.warnerconsultinggroup.com/" "Mozilla/5.0 (Macintosh; Intel Mac OS X 10_8_4) AppleWebKit/536.30.1 (KHTML, like Gecko) Version/6.0.5 Safari/536.30.1"
17.16.92.46 - - [13/Aug/2013:13:14:49 -0400] "GET /images/gallery/services-1.jpg HTTP/1.1" 200 14545 "http://www.warnerconsultinggroup.com/" "Mozilla/5.0 (Macintosh; Intel Mac OS X 10_8_4) AppleWebKit/536.30.1 (KHTML, like Gecko) Version/6.0.5 Safari/536.30.1"
17.16.92.46 - - [13/Aug/2013:13:14:49 -0400] "GET /images/footer-sep.jpg HTTP/1.1" 200 1127 "http://www.warnerconsultinggroup.com/" "Mozilla/5.0 (Macintosh; Intel Mac OS X 10_8_4) AppleWebKit/536.30.1 (KHTML, like Gecko) Version/6.0.5 Safari/536.30.1"
17.16.92.46 - - [13/Aug/2013:13:14:50 -0400] "GET /piecemaker.swf HTTP/1.1" 200 208139 "http://www.warnerconsultinggroup.com/a.html" "Mozilla/5.0 (Macintosh; Intel Mac OS X 10_8_4) AppleWebKit/536.30.1 (KHTML, like Gecko) Version/6.0.5 Safari/536.30.1"
17.16.92.46 - - [13/Aug/2013:13:14:51 -0400] "GET /piecemaker1.xml HTTP/1.1" 200 1730 "http://www.warnerconsultinggroup.com/a.html" "Mozilla/5.0 (Macintosh; Intel Mac OS X 10_8_4) AppleWebKit/536.30.1 (KHTML, like Gecko) Version/6.0.5 Safari/536.30.1"
17.16.92.46 - - [13/Aug/2013:13:14:51 -0400] "GET /piecemaker.css HTTP/1.1" 200 791 "http://www.warnerconsultinggroup.com/a.html" "Mozilla/5.0 (Macintosh; Intel Mac OS X 10_8_4) AppleWebKit/536.30.1 (KHTML, like Gecko) Version/6.0.5 Safari/536.30.1"
17.16.92.46 - - [13/Aug/2013:13:14:52 -0400] "GET /images/image1.jpg HTTP/1.1" 200 88539 "http://www.warnerconsultinggroup.com/a.html" "Mozilla/5.0 (Macintosh; Intel Mac OS X 10_8_4) AppleWebKit/536.30.1 (KHTML, like Gecko) Version/6.0.5 Safari/536.30.1"
17.16.92.46 - - [13/Aug/2013:13:14:54 -0400] "GET /images/image2.jpg HTTP/1.1" 200 106569 "http://www.warnerconsultinggroup.com/a.html" "Mozilla/5.0 (Macintosh; Intel Mac OS X 10_8_4) AppleWebKit/536.30.1 (KHTML, like Gecko) Version/6.0.5 Safari/536.30.1"
91.207.9.226 - - [13/Aug/2013:13:28:14 -0400] "GET / HTTP/1.1" 200 9018 "http://dt93.ru/" "Mozilla/4.0 (compatible; MSIE 6.0; Windows ME) Opera 7.11 [en]"
173.199.114.147 - - [13/Aug/2013:14:02:58 -0400] "GET /www.elfiq.com HTTP/1.1" 200 6782 "-" "Mozilla/5.0 (compatible; AhrefsBot/4.0; +http://ahrefs.com/robot/)"
66.249.72.181 - - [13/Aug/2013:00:06:21 -0400] "GET /robots.txt HTTP/1.1" 200 6782 "-" "Mozilla/5.0 (compatible; Googlebot/2.1; +http://www.google.com/bot.html)"
5.10.83.81 - - [13/Aug/2013:01:13:47 -0400] "GET //about_us/contact_us HTTP/1.1" 200 6782 "-" "Mozilla/5.0 (compatible; AhrefsBot/5.0; +http://ahrefs.com/robot/)"
5.63.151.190 - - [13/Aug/2013:01:46:09 -0400] "GET / HTTP/1.1" 200 9018 "-" "checks.panopta.com"
69.248.184.114 - - [13/Aug/2013:09:40:03 -0400] "GET //images/sep.jpg HTTP/1.1" 200 2186 "http://www.warnerconsultinggroup.com//www.litchfieldbeach.com" "Mozilla/5.0 (Windows NT 6.1; WOW64) AppleWebKit/537.36 (KHTML, like Gecko) Chrome/28.0.1500.95 Safari/537.36"
128.204.195.249 - - [13/Aug/2013:10:40:16 -0400] "HEAD / HTTP/1.1" 503 - "-" "checks.panopta.com"
208.78.96.220 - - [13/Aug/2013:15:00:14 -0400] "GET /robots.txt HTTP/1.1" 200 6782 "-" "Mozilla/5.0 (compatible; Mozilla/5.0; +http://wiki.github.com/bixo/bixo/bixocrawler; bixo-dev@yahoogroups.com)"
24.92.220.10 - - [13/Aug/2013:15:34:39 -0400] "GET //the_lighter_side HTTP/1.1" 200 14151 "http://www.warnerconsultinggroup.com//clients" "Mozilla/4.0 (compatible; MSIE 8.0; Windows NT 5.1; Trident/4.0; .NET CLR 1.1.4322; .NET CLR 2.0.50727; .NET CLR 3.0.04506.30; .NET CLR 3.0.4506.2152; .NET CLR 3.5.30729; MDDR; InfoPath.2; .NET4.0C; .NET4.0E; MS-RTC LM 8)"
50.17.65.121 - - [13/Aug/2013:18:29:12 -0400] "GET / HTTP/1.1" 200 9018 "-" "Mozilla/5.0 (compatible; URLAppendBot/1.0; +http://www.profound.net/urlappendbot.html)"
180.76.5.89 - - [13/Aug/2013:20:42:13 -0400] "GET /robots.txt HTTP/1.1" 200 6782 "-" "Mozilla/5.0 (Windows NT 5.1; rv:6.0.2) Gecko/20100101 Firefox/6.0.2"
173.65.153.188 - - [13/Aug/2013:19:52:49 -0400] "GET //css/dropdown/dropdown.css HTTP/1.1" 200 1026 "http://www.warnerconsultinggroup.com//about_us" "Mozilla/5.0 (Windows NT 6.1; WOW64) AppleWebKit/537.36 (KHTML, like Gecko) Chrome/28.0.1500.95 Safari/537.36"
173.65.153.188 - - [13/Aug/2013:19:52:50 -0400] "GET //images/twitr.png HTTP/1.1" 200 1543 "http://www.warnerconsultinggroup.com//about_us" "Mozilla/5.0 (Windows NT 6.1; WOW64) AppleWebKit/537.36 (KHTML, like Gecko) Chrome/28.0.1500.95 Safari/537.36"
173.65.153.188 - - [13/Aug/2013:19:52:50 -0400] "GET //images/right-box-top.png HTTP/1.1" 200 617 "http://www.warnerconsultinggroup.com//about_us" "Mozilla/5.0 (Windows NT 6.1; WOW64) AppleWebKit/537.36 (KHTML, like Gecko) Chrome/28.0.1500.95 Safari/537.36"
129.188.33.27 - - [13/Aug/2013:20:00:38 -0400] "GET /images/gallery/services-1.jpg HTTP/1.1" 200 14545 "http://www.warnerconsultinggroup.com/" "Mozilla/4.0 (compatible; MSIE 8.0; Windows NT 6.1; WOW64; Trident/4.0; SLCC2; .NET CLR 2.0.50727; .NET CLR 3.5.30729; .NET CLR 3.0.30729; Media Center PC 6.0; .NET4.0C; .NET4.0E; InfoPath.2)"
5.63.151.190 - - [13/Aug/2013:20:50:24 -0400] "HEAD / HTTP/1.1" 200 - "-" "checks.panopta.com"
173.199.114.147 - - [13/Aug/2013:07:10:38 -0400] "GET //about_us/meet_the_team HTTP/1.1" 200 23851 "-" "Mozilla/5.0 (compatible; AhrefsBot/4.0; +http://ahrefs.com/robot/)"
5.63.151.190 - - [13/Aug/2013:07:47:51 -0400] "HEAD / HTTP/1.1" 200 - "-" "checks.panopta.com"
131.252.233.124 - - [13/Aug/2013:22:20:58 -0400] "GET //images/social-bg.png HTTP/1.1" 200 3056 "http://www.warnerconsultinggroup.com/about_us/meet_the_team" "Mozilla/5.0 (compatible; MSIE 9.0; Windows NT 6.1; WOW64; Trident/5.0)"
131.252.233.124 - - [13/Aug/2013:22:20:58 -0400] "GET //images/right-box-top.png HTTP/1.1" 200 617 "http://www.warnerconsultinggroup.com/about_us/meet_the_team" "Mozilla/5.0 (compatible; MSIE 9.0; Windows NT 6.1; WOW64; Trident/5.0)"
131.252.233.124 - - [13/Aug/2013:22:20:58 -0400] "GET //images/inner-content-bot.png HTTP/1.1" 200 1411 "http://www.warnerconsultinggroup.com/about_us/meet_the_team" "Mozilla/5.0 (compatible; MSIE 9.0; Windows NT 6.1; WOW64; Trident/5.0)"
5.63.151.190 - - [13/Aug/2013:22:21:07 -0400] "HEAD / HTTP/1.1" 200 - "-" "checks.panopta.com"
100.43.83.144 - - [13/Aug/2013:13:36:09 -0400] "GET / HTTP/1.1" 200 9018 "-" "Mozilla/5.0 (compatible; YandexBot/3.0; +http://yandex.com/bots)"
5.63.151.190 - - [13/Aug/2013:14:32:38 -0400] "GET / HTTP/1.1" 200 9018 "-" "checks.panopta.com"
8.28.16.254 - - [13/Aug/2013:15:34:38 -0400] "GET /the_lighter_side HTTP/1.1" 200 14151 "-" "Mozilla/4.0 (compatible; MSIE 7.0; Windows NT 5.1; InfoPath.1; .NET CLR 2.0.50727; .NET CLR 1.1.4322; MS-RTC LM 8; .NET CLR 3.0.4506.2152; .NET CLR 3.5.30729)"
79.143.190.141 - - [13/Aug/2013:01:15:49 -0400] "GET / HTTP/1.1" 200 9018 "-" "checks.panopta.com"
199.30.20.24 - - [13/Aug/2013:01:54:01 -0400] "GET /robots.txt HTTP/1.1" 200 6782 "-" "msnbot-media/1.1 (+http://search.msn.com/msnbot.htm)"
209.190.1.131 - - [13/Aug/2013:07:02:44 -0400] "GET /a.html HTTP/1.1" 200 1082 "-" "M"
209.190.1.131 - - [13/Aug/2013:07:03:00 -0400] "GET /consulting/inspiring_innovation HTTP/1.1" 200 11658 "-" "M"
209.190.1.131 - - [13/Aug/2013:07:03:01 -0400] "GET /consulting/warner_services HTTP/1.1" 200 20229 "-" "M"
67.214.156.12 - - [13/Aug/2013:03:38:07 -0400] "GET /robots.txt HTTP/1.0" 200 6782 "-" "My Nutch Spider/Nutch-1.7"
157.56.229.190 - - [13/Aug/2013:03:52:25 -0400] "GET /robots.txt HTTP/1.1" 200 6782 "-" "Mozilla/5.0 (compatible; bingbot/2.0; +http://www.bing.com/bingbot.htm)"
220.181.108.115 - - [13/Aug/2013:23:05:04 -0400] "GET / HTTP/1.1" 200 9018 "-" "Mozilla/5.0 (compatible; Baiduspider/2.0; +http://www.baidu.com/search/spider.html)"
66.249.75.181 - - [13/Aug/2013:15:03:43 -0400] "GET /robots.txt HTTP/1.1" 200 6782 "-" "Mozilla/5.0 (compatible; Googlebot/2.1; +http://www.google.com/bot.html)"
5.63.151.190 - - [13/Aug/2013:15:33:04 -0400] "HEAD / HTTP/1.1" 200 - "-" "checks.panopta.com"
24.92.220.10 - - [13/Aug/2013:15:35:53 -0400] "GET / HTTP/1.1" 200 9018 "http://www.google.com/url?sa=t&rct=j&q=warnerconsultinggroup.com&source=web&cd=1&ved=0CC0QFjAA&url=http%3A%2F%2Fwww.warnerconsultinggroup.com%2F&ei=ZooKUsvHCYO48wTM4oCIBQ&usg=AFQjCNFn_pMzUjkkAXCW_ESS-q7bg9f65g&bvm=bv.50500085,d.eWU" "Mozilla/4.0 (compatible; MSIE 8.0; Windows NT 5.1; Trident/4.0; .NET CLR 1.1.4322; .NET CLR 2.0.50727; .NET CLR 3.0.04506.30; .NET CLR 3.0.4506.2152; .NET CLR 3.5.30729; MDDR; InfoPath.2; .NET4.0C; .NET4.0E; MS-RTC LM 8)"
5.63.151.190 - - [13/Aug/2013:17:33:49 -0400] "HEAD / HTTP/1.1" 200 - "-" "checks.panopta.com"
128.204.195.249 - - [13/Aug/2013:09:49:12 -0400] "HEAD / HTTP/1.1" 200 - "-" "checks.panopta.com"
113.142.8.170 - - [13/Aug/2013:10:39:09 -0400] "GET /robots.txt HTTP/1.1" 200 6782 "http://www.warnerconsultinggroup.com/" "Mozilla/5.0 (compatible; MSIE 8.0; Windows NT 6.1)"
129.188.33.27 - - [13/Aug/2013:20:00:45 -0400] "GET //images/fb.png HTTP/1.1" 200 1264 "http://www.warnerconsultinggroup.com//contact_us" "Mozilla/4.0 (compatible; MSIE 8.0; Windows NT 6.1; WOW64; Trident/4.0; SLCC2; .NET CLR 2.0.50727; .NET CLR 3.5.30729; .NET CLR 3.0.30729; Media Center PC 6.0; .NET4.0C; .NET4.0E; InfoPath.2)"
100.43.83.144 - - [13/Aug/2013:13:35:49 -0400] "GET /robots.txt HTTP/1.1" 200 6782 "-" "Mozilla/5.0 (compatible; YandexBot/3.0; +http://yandex.com/bots)"
107.0.200.134 - - [13/Aug/2013:13:57:49 -0400] "GET /images/social-head.png HTTP/1.1" 200 2344 "http://warnerconsultinggroup.com/" "Mozilla/5.0 (Windows NT 6.2; WOW64) AppleWebKit/537.36 (KHTML, like Gecko) Chrome/28.0.1500.95 Safari/537.36"
107.0.200.134 - - [13/Aug/2013:13:57:49 -0400] "GET /images/btn-readmore.jpg HTTP/1.1" 200 1587 "http://warnerconsultinggroup.com/" "Mozilla/5.0 (Windows NT 6.2; WOW64) AppleWebKit/537.36 (KHTML, like Gecko) Chrome/28.0.1500.95 Safari/537.36"
208.78.96.220 - - [13/Aug/2013:14:28:53 -0400] "GET /robots.txt HTTP/1.1" 200 6782 "-" "Mozilla/5.0 (compatible; Mozilla/5.0; +http://wiki.github.com/bixo/bixo/bixocrawler; bixo-dev@yahoogroups.com)"
5.63.151.190 - - [13/Aug/2013:21:35:47 -0400] "HEAD / HTTP/1.1" 200 - "-" "checks.panopta.com"
131.252.233.124 - - [13/Aug/2013:22:20:54 -0400] "GET //css/style.css HTTP/1.1" 200 7000 "http://www.warnerconsultinggroup.com/about_us/meet_the_team" "Mozilla/5.0 (compatible; MSIE 9.0; Windows NT 6.1; WOW64; Trident/5.0)"
131.252.233.124 - - [13/Aug/2013:22:20:55 -0400] "GET //images/fb.png HTTP/1.1" 200 1264 "http://www.warnerconsultinggroup.com/about_us/meet_the_team" "Mozilla/5.0 (compatible; MSIE 9.0; Windows NT 6.1; WOW64; Trident/5.0)"
131.252.233.124 - - [13/Aug/2013:22:20:55 -0400] "GET /images/theteam/1-Trevor.jpg HTTP/1.1" 200 14332 "http://www.warnerconsultinggroup.com/about_us/meet_the_team" "Mozilla/5.0 (compatible; MSIE 9.0; Windows NT 6.1; WOW64; Trident/5.0)"
131.252.233.124 - - [13/Aug/2013:22:20:55 -0400] "GET /images/theteam/2-Pam.jpg HTTP/1.1" 200 2813 "http://www.warnerconsultinggroup.com/about_us/meet_the_team" "Mozilla/5.0 (compatible; MSIE 9.0; Windows NT 6.1; WOW64; Trident/5.0)"
199.30.228.153 - - [13/Aug/2013:22:32:45 -0400] "GET / HTTP/1.1" 200 9018 "-" "Mozilla/5.0 (X11; Linux i686) AppleWebKit/534.34 (KHTML, like Gecko) Qt/4.8.4 Safari/534.34"
199.30.228.153 - - [13/Aug/2013:22:32:46 -0400] "GET /css/style.css HTTP/1.1" 200 7000 "http://warnerconsultinggroup.com/" "Mozilla/5.0 (X11; Linux i686) AppleWebKit/534.34 (KHTML, like Gecko) Qt/4.8.4 Safari/534.34"
54.224.52.130 - - [13/Aug/2013:22:57:05 -0400] "GET /css/style.css HTTP/1.1" 200 7000 "http://www.warnerconsultinggroup.com/" "Mozilla/4.0 (compatible; MSIE 8.0; Windows NT 6.0)"
54.224.52.130 - - [13/Aug/2013:22:57:05 -0400] "GET /css/dropdown/dropdown.css HTTP/1.1" 200 1026 "http://www.warnerconsultinggroup.com/" "Mozilla/4.0 (compatible; MSIE 8.0; Windows NT 6.0)"
54.224.52.130 - - [13/Aug/2013:22:57:05 -0400] "GET /css/dropdown/themes/nvidia.com/default.advanced.css HTTP/1.1" 200 1342 "http://www.warnerconsultinggroup.com/" "Mozilla/4.0 (compatible; MSIE 8.0; Windows NT 6.0)"
54.224.52.130 - - [13/Aug/2013:22:57:05 -0400] "GET /css/dropdown/themes/nvidia.com/default.css HTTP/1.1" 200 1866 "http://www.warnerconsultinggroup.com/" "Mozilla/4.0 (compatible; MSIE 8.0; Windows NT 6.0)"
209.190.1.131 - - [13/Aug/2013:07:02:51 -0400] "GET /a.html HTTP/1.1" 200 1082 "-" "M"
5.63.151.190 - - [13/Aug/2013:13:32:13 -0400] "HEAD / HTTP/1.1" 200 - "-" "checks.panopta.com"
107.0.200.134 - - [13/Aug/2013:13:57:49 -0400] "GET /images/logo.jpg HTTP/1.1" 200 6004 "http://warnerconsultinggroup.com/" "Mozilla/5.0 (Windows NT 6.2; WOW64) AppleWebKit/537.36 (KHTML, like Gecko) Chrome/28.0.1500.95 Safari/537.36"
107.0.200.134 - - [13/Aug/2013:13:57:49 -0400] "GET /images/social-bg.png HTTP/1.1" 200 3056 "http://warnerconsultinggroup.com/" "Mozilla/5.0 (Windows NT 6.2; WOW64) AppleWebKit/537.36 (KHTML, like Gecko) Chrome/28.0.1500.95 Safari/537.36"
157.55.35.31 - - [13/Aug/2013:00:03:21 -0400] "GET /about_us HTTP/1.1" 503 323 "-" "Mozilla/5.0 (compatible; bingbot/2.0; +http://www.bing.com/bingbot.htm)"
66.249.75.181 - - [13/Aug/2013:10:09:13 -0400] "GET /robots.txt HTTP/1.1" 200 6782 "-" "Mozilla/5.0 (compatible; Googlebot/2.1; +http://www.google.com/bot.html)"
8.28.16.254 - - [13/Aug/2013:15:33:18 -0400] "GET /about_us/meet_the_team HTTP/1.1" 200 24289 "-" "Mozilla/4.0 (compatible; MSIE 7.0; Windows NT 5.1; InfoPath.1; .NET CLR 2.0.50727; .NET CLR 1.1.4322; MS-RTC LM 8; .NET CLR 3.0.4506.2152; .NET CLR 3.5.30729)"
129.188.33.27 - - [13/Aug/2013:20:00:47 -0400] "GET //images/social-bg.png HTTP/1.1" 200 3056 "http://www.warnerconsultinggroup.com//contact_us" "Mozilla/4.0 (compatible; MSIE 8.0; Windows NT 6.1; WOW64; Trident/4.0; SLCC2; .NET CLR 2.0.50727; .NET CLR 3.5.30729; .NET CLR 3.0.30729; Media Center PC 6.0; .NET4.0C; .NET4.0E; InfoPath.2)"
129.188.33.27 - - [13/Aug/2013:20:00:47 -0400] "GET //images/footer-bg.jpg HTTP/1.1" 200 1167 "http://www.warnerconsultinggroup.com//contact_us" "Mozilla/4.0 (compatible; MSIE 8.0; Windows NT 6.1; WOW64; Trident/4.0; SLCC2; .NET CLR 2.0.50727; .NET CLR 3.5.30729; .NET CLR 3.0.30729; Media Center PC 6.0; .NET4.0C; .NET4.0E; InfoPath.2)"
129.188.33.27 - - [13/Aug/2013:20:00:47 -0400] "GET //images/inner-content-mid.png HTTP/1.1" 200 211 "http://www.warnerconsultinggroup.com//contact_us" "Mozilla/4.0 (compatible; MSIE 8.0; Windows NT 6.1; WOW64; Trident/4.0; SLCC2; .NET CLR 2.0.50727; .NET CLR 3.5.30729; .NET CLR 3.0.30729; Media Center PC 6.0; .NET4.0C; .NET4.0E; InfoPath.2)"
129.188.33.27 - - [13/Aug/2013:20:00:47 -0400] "GET //images/nav-right.png HTTP/1.1" 200 1282 "http://www.warnerconsultinggroup.com//contact_us" "Mozilla/4.0 (compatible; MSIE 8.0; Windows NT 6.1; WOW64; Trident/4.0; SLCC2; .NET CLR 2.0.50727; .NET CLR 3.5.30729; .NET CLR 3.0.30729; Media Center PC 6.0; .NET4.0C; .NET4.0E; InfoPath.2)"
