194.29.0.110 - - [13/Aug/2013:10:32:25 -0400] "GET /images/head-welcome.jpg HTTP/1.1" 200 15302 "http://www.warnerconsultinggroup.com/" "Mozilla/5.0 (compatible; MSIE 10.0; Windows NT 6.1; WOW64; Trident/6.0; MATM)"
194.29.0.110 - - [13/Aug/2013:10:32:25 -0400] "GET /images/btn-readmore.jpg HTTP/1.1" 200 1587 "http://www.warnerconsultinggroup.com/" "Mozilla/5.0 (compatible; MSIE 10.0; Windows NT 6.1; WOW64; Trident/6.0; MATM)"
5.63.151.190 - - [13/Aug/2013:01:30:48 -0400] "GET / HTTP/1.1" 200 9018 "-" "checks.panopta.com"
5.63.151.190 - - [13/Aug/2013:02:46:15 -0400] "HEAD / HTTP/1.1" 200 - "-" "checks.panopta.com"
24.92.220.10 - - [13/Aug/2013:15:34:54 -0400] "GET //about_us/meet_the_team HTTP/1.1" 200 24289 "http://www.warnerconsultinggroup.com/" "Mozilla/4.0 (compatible; MSIE 8.0; Windows NT 5.1; Trident/4.0; .NET CLR 1.1.4322; .NET CLR 2.0.50727; .NET CLR 3.0.04506.30; .NET CLR 3.0.4506.2152; .NET CLR 3.5.30729; MDDR; InfoPath.2; .NET4.0C; .NET4.0E; MS-RTC LM 8)"
107.0.200.134 - - [13/Aug/2013:13:57:48 -0400] "GET / HTTP/1.1" 200 9018 "-" "Mozilla/5.0 (Windows NT 6.2; WOW64) AppleWebKit/537.36 (KHTML, like Gecko) Chrome/28.0.1500.95 Safari/537.36"
107.0.200.134 - - [13/Aug/2013:13:57:49 -0400] "GET /css/style.css HTTP/1.1" 200 7000 "http://warnerconsultinggroup.com/" "Mozilla/5.0 (Windows NT 6.2; WOW64) AppleWebKit/537.36 (KHTML, like Gecko) Chrome/28.0.1500.95 Safari/537.36"
107.0.200.134 - - [13/Aug/2013:13:57:49 -0400] "GET /images/twitr.png HTTP/1.1" 200 1543 "http://warnerconsultinggroup.com/" "Mozilla/5.0 (Windows NT 6.2; WOW64) AppleWebKit/537.36 (KHTML, like Gecko) Chrome/28.0.1500.95 Safari/537.36"
107.0.200.134 - - [13/Aug/2013:13:57:49 -0400] "GET /images/footer-sep.jpg HTTP/1.1" 200 1127 "http://warnerconsultinggroup.com/" "Mozilla/5.0 (Windows NT 6.2; WOW64) AppleWebKit/537.36 (KHTML, like Gecko) Chrome/28.0.1500.95 Safari/537.36"
107.0.200.134 - - [13/Aug/2013:13:57:49 -0400] "GET /images/sep.jpg HTTP/1.1" 200 2186 "http://warnerconsultinggroup.com/" "Mozilla/5.0 (Windows NT 6.2; WOW64) AppleWebKit/537.36 (KHTML, like Gecko) Chrome/28.0.1500.95 Safari/537.36"
4.31.68.130 - - [13/Aug/2013:14:48:20 -0400] "GET /images/fb.png HTTP/1.1" 200 1264 "http://www.warnerconsultinggroup.com/" "Mozilla/4.0 (compatible; MSIE 8.0; Windows NT 5.1; Trident/4.0; .NET CLR 2.0.50727; .NET CLR 3.0.4506.2152; .NET CLR 3.5.30729; MS-RTC LM 8)"
4.31.68.130 - - [13/Aug/2013:14:48:20 -0400] "GET /a.html HTTP/1.1" 200 1082 "http://www.warnerconsultinggroup.com/" "Mozilla/4.0 (compatible; MSIE 8.0; Windows NT 5.1; Trident/4.0; .NET CLR 2.0.50727; .NET CLR 3.0.4506.2152; .NET CLR 3.5.30729; MS-RTC LM 8)"
209.190.1.131 - - [13/Aug/2013:07:03:05 -0400] "GET /the_lighter_side HTTP/1.1" 200 585 "-" "M"
209.190.1.131 - - [13/Aug/2013:07:03:09 -0400] "GET /lighterside HTTP/1.1" 200 585 "-" "M"
66.249.72.181 - - [13/Aug/2013:03:58:32 -0400] "GET /robots.txt HTTP/1.1" 200 6782 "-" "Mozilla/5.0 (compatible; Googlebot/2.1; +http://www.google.com/bot.html)"
199.30.228.153 - - [13/Aug/2013:22:32:46 -0400] "GET /css/dropdown/themes/nvidia.com/default.advanced.css HTTP/1.1" 200 1342 "http://warnerconsultinggroup.com/" "Mozilla/5.0 (X11; Linux i686) AppleWebKit/534.34 (KHTML, like Gecko) Qt/4.8.4 Safari/534.34"
208.78.96.220 - - [13/Aug/2013:14:33:34 -0400] "GET / HTTP/1.1" 200 9018 "-" "Mozilla/5.0 (compatible; Mozilla/5.0; +http://wiki.github.com/bixo/bixo/bixocrawler; bixo-dev@yahoogroups.com)"
5.63.151.190 - - [13/Aug/2013:14:47:41 -0400] "HEAD / HTTP/1.1" 200 - "-" "checks.panopta.com"
50.16.121.194 - - [13/Aug/2013:01:10:32 -0400] "GET /creating_efficiency HTTP/1.1" 200 11923 "http://www.google.com" "Mozilla/5.0 Macintosh Intel Mac OS X 10_7_4 AppleWebKit/536.11 KHTML, like Gecko Chrome/20.0.1132.57 Safari/536.11"
50.16.121.194 - - [13/Aug/2013:01:10:37 -0400] "GET /index.php HTTP/1.1" 200 9018 "http://www.google.com" "Mozilla/5.0 Macintosh Intel Mac OS X 10_7_4 AppleWebKit/536.11 KHTML, like Gecko Chrome/20.0.1132.57 Safari/536.11"
74.218.10.66 - - [13/Aug/2013:09:22:02 -0400] "GET /images/gallery/services-2.jpg HTTP/1.1" 200 13974 "http://warnerconsultinggroup.com/" "Mozilla/5.0 (Windows NT 6.1; WOW64; rv:22.0) Gecko/20100101 Firefox/22.0"
69.248.184.114 - - [13/Aug/2013:09:36:59 -0400] "GET //contact_us HTTP/1.1" 200 14972 "http://warnerconsultinggroup.com/" "Mozilla/5.0 (Windows NT 6.1; WOW64) AppleWebKit/537.36 (KHTML, like Gecko) Chrome/28.0.1500.95 Safari/537.36"
69.248.184.114 - - [13/Aug/2013:10:00:51 -0400] "GET //contact_us HTTP/1.1" 200 14972 "http://warnerconsultinggroup.com/" "Mozilla/5.0 (Windows NT 6.1; WOW64) AppleWebKit/537.36 (KHTML, like Gecko) Chrome/28.0.1500.95 Safari/537.36"
5.63.151.190 - - [13/Aug/2013:16:18:25 -0400] "HEAD / HTTP/1.1" 200 - "-" "checks.panopta.com"
5.63.151.190 - - [13/Aug/2013:19:19:41 -0400] "HEAD / HTTP/1.1" 200 - "-" "checks.panopta.com"
129.188.33.27 - - [13/Aug/2013:20:00:38 -0400] "GET /images/social-head.png HTTP/1.1" 200 2344 "http://www.warnerconsultinggroup.com/" "Mozilla/4.0 (compatible; MSIE 8.0; Windows NT 6.1; WOW64; Trident/4.0; SLCC2; .NET CLR 2.0.50727; .NET CLR 3.5.30729; .NET CLR 3.0.30729; Media Center PC 6.0; .NET4.0C; .NET4.0E; InfoPath.2)"
129.188.33.27 - - [13/Aug/2013:20:00:38 -0400] "GET /images/social-bg.png HTTP/1.1" 200 3056 "http://www.warnerconsultinggroup.com/" "Mozilla/4.0 (compatible; MSIE 8.0; Windows NT 6.1; WOW64; Trident/4.0; SLCC2; .NET CLR 2.0.50727; .NET CLR 3.5.30729; .NET CLR 3.0.30729; Media Center PC 6.0; .NET4.0C; .NET4.0E; InfoPath.2)"
129.188.33.27 - - [13/Aug/2013:20:00:38 -0400] "GET /images/footer-bg.jpg HTTP/1.1" 200 1167 "http://www.warnerconsultinggroup.com/" "Mozilla/4.0 (compatible; MSIE 8.0; Windows NT 6.1; WOW64; Trident/4.0; SLCC2; .NET CLR 2.0.50727; .NET CLR 3.5.30729; .NET CLR 3.0.30729; Media Center PC 6.0; .NET4.0C; .NET4.0E; InfoPath.2)"
129.188.33.27 - - [13/Aug/2013:20:00:38 -0400] "GET /images/btn-readmore.jpg HTTP/1.1" 200 1587 "http://www.warnerconsultinggroup.com/" "Mozilla/4.0 (compatible; MSIE 8.0; Windows NT 6.1; WOW64; Trident/4.0; SLCC2; .NET CLR 2.0.50727; .NET CLR 3.5.30729; .NET CLR 3.0.30729; Media Center PC 6.0; .NET4.0C; .NET4.0E; InfoPath.2)"
5.63.151.190 - - [13/Aug/2013:09:48:50 -0400] "HEAD / HTTP/1.1" 200 - "-" "checks.panopta.com"
157.56.229.190 - - [13/Aug/2013:11:13:42 -0400] "GET /robots.txt HTTP/1.1" 200 6782 "-" "Mozilla/5.0 (compatible; bingbot/2.0; +http://www.bing.com/bingbot.htm)"
66.249.75.181 - - [13/Aug/2013:13:26:22 -0400] "GET /downloads/consulting/Marriott_Mt_Laurel_White_Paper.pdf HTTP/1.1" 200 111706 "-" "Mozilla/5.0 (compatible; Googlebot/2.1; +http://www.google.com/bot.html)"
8.28.16.254 - - [13/Aug/2013:15:32:44 -0400] "GET /piecemaker1.xml HTTP/1.1" 200 1730 "-" "Mozilla/4.0 (compatible; MSIE 7.0; Windows NT 5.1; InfoPath.1; .NET CLR 2.0.50727; .NET CLR 1.1.4322; MS-RTC LM 8; .NET CLR 3.0.4506.2152; .NET CLR 3.5.30729)"
5.63.151.190 - - [13/Aug/2013:16:33:27 -0400] "HEAD / HTTP/1.1" 200 - "-" "checks.panopta.com"
5.63.151.190 - - [13/Aug/2013:17:03:32 -0400] "HEAD / HTTP/1.1" 200 - "-" "checks.panopta.com"
66.249.72.181 - - [13/Aug/2013:06:16:50 -0400] "GET /robots.txt HTTP/1.1" 200 6782 "-" "Mozilla/5.0 (compatible; Googlebot/2.1; +http://www.google.com/bot.html)"
209.190.1.131 - - [13/Aug/2013:07:02:56 -0400] "GET /a.html HTTP/1.1" 200 1082 "-" "M"
5.63.151.190 - - [13/Aug/2013:22:51:20 -0400] "HEAD / HTTP/1.1" 200 - "-" "checks.panopta.com"
69.248.184.114 - - [13/Aug/2013:09:40:03 -0400] "GET //images/btn-readmore.jpg HTTP/1.1" 200 1587 "http://www.warnerconsultinggroup.com//www.litchfieldbeach.com" "Mozilla/5.0 (Windows NT 6.1; WOW64) AppleWebKit/537.36 (KHTML, like Gecko) Chrome/28.0.1500.95 Safari/537.36"
157.55.33.146 - - [13/Aug/2013:09:45:14 -0400] "GET /robots.txt HTTP/1.1" 200 6782 "-" "Mozilla/5.0 (compatible; bingbot/2.0; +http://www.bing.com/bingbot.htm)"
5.63.151.190 - - [13/Aug/2013:10:24:52 -0400] "HEAD / HTTP/1.1" 200 - "-" "checks.panopta.com"
173.65.153.188 - - [13/Aug/2013:19:52:50 -0400] "GET //images/inner-content-top.png HTTP/1.1" 200 1386 "http://www.warnerconsultinggroup.com//about_us" "Mozilla/5.0 (Windows NT 6.1; WOW64) AppleWebKit/537.36 (KHTML, like Gecko) Chrome/28.0.1500.95 Safari/537.36"
173.65.153.188 - - [13/Aug/2013:19:52:50 -0400] "GET //images/footer-bg.jpg HTTP/1.1" 200 1167 "http://www.warnerconsultinggroup.com//about_us" "Mozilla/5.0 (Windows NT 6.1; WOW64) AppleWebKit/537.36 (KHTML, like Gecko) Chrome/28.0.1500.95 Safari/537.36"
173.65.153.188 - - [13/Aug/2013:19:52:50 -0400] "GET //images/footer-sep.jpg HTTP/1.1" 200 1127 "http://www.warnerconsultinggroup.com//about_us" "Mozilla/5.0 (Windows NT 6.1; WOW64) AppleWebKit/537.36 (KHTML, like Gecko) Chrome/28.0.1500.95 Safari/537.36"
173.65.153.188 - - [13/Aug/2013:19:52:50 -0400] "GET //contact_us HTTP/1.1" 200 15410 "http://www.warnerconsultinggroup.com//about_us" "Mozilla/5.0 (Windows NT 6.1; WOW64) AppleWebKit/537.36 (KHTML, like Gecko) Chrome/28.0.1500.95 Safari/537.36"
173.65.153.188 - - [13/Aug/2013:19:52:51 -0400] "GET //images/bg.jpg HTTP/1.1" 206 1 "http://www.warnerconsultinggroup.com//contact_us" "Mozilla/5.0 (Windows NT 6.1; WOW64) AppleWebKit/537.36 (KHTML, like Gecko) Chrome/28.0.1500.95 Safari/537.36"
173.65.153.188 - - [13/Aug/2013:19:52:51 -0400] "GET //images/bg.jpg HTTP/1.1" 206 76187 "http://www.warnerconsultinggroup.com//contact_us" "Mozilla/5.0 (Windows NT 6.1; WOW64) AppleWebKit/537.36 (KHTML, like Gecko) Chrome/28.0.1500.95 Safari/537.36"
173.65.153.188 - - [13/Aug/2013:19:52:51 -0400] "GET /favicon.ico HTTP/1.1" 404 9018 "-" "Mozilla/5.0 (Windows NT 6.1; WOW64) AppleWebKit/537.36 (KHTML, like Gecko) Chrome/28.0.1500.95 Safari/537.36"
129.188.33.27 - - [13/Aug/2013:20:00:38 -0400] "GET /images/head-welcome.jpg HTTP/1.1" 200 15302 "http://www.warnerconsultinggroup.com/" "Mozilla/4.0 (compatible; MSIE 8.0; Windows NT 6.1; WOW64; Trident/4.0; SLCC2; .NET CLR 2.0.50727; .NET CLR 3.5.30729; .NET CLR 3.0.30729; Media Center PC 6.0; .NET4.0C; .NET4.0E; InfoPath.2)"
129.188.33.27 - - [13/Aug/2013:20:00:45 -0400] "GET //images/social-head.png HTTP/1.1" 200 2344 "http://www.warnerconsultinggroup.com//contact_us" "Mozilla/4.0 (compatible; MSIE 8.0; Windows NT 6.1; WOW64; Trident/4.0; SLCC2; .NET CLR 2.0.50727; .NET CLR 3.5.30729; .NET CLR 3.0.30729; Media Center PC 6.0; .NET4.0C; .NET4.0E; InfoPath.2)"
74.218.10.66 - - [13/Aug/2013:09:22:02 -0400] "GET /images/footer-sep.jpg HTTP/1.1" 200 1127 "http://warnerconsultinggroup.com/" "Mozilla/5.0 (Windows NT 6.1; WOW64; rv:22.0) Gecko/20100101 Firefox/22.0"
128.204.195.249 - - [13/Aug/2013:09:33:45 -0400] "HEAD / HTTP/1.1" 200 - "-" "checks.panopta.com"
194.29.0.110 - - [13/Aug/2013:10:32:42 -0400] "GET //images/bg.jpg HTTP/1.1" 200 94591 "http://www.warnerconsultinggroup.com//contact_us" "Mozilla/5.0 (compatible; MSIE 10.0; Windows NT 6.1; WOW64; Trident/6.0; MATM)"
157.56.229.190 - - [13/Aug/2013:11:16:34 -0400] "GET /about_us/meet_the_team HTTP/1.0" 200 24716 "-" "Mozilla/5.0 (compatible; bingbot/2.0; +http://www.bing.com/bingbot.htm)"
79.143.190.141 - - [13/Aug/2013:15:33:22 -0400] "HEAD / HTTP/1.1" 200 - "-" "checks.panopta.com"
209.190.1.131 - - [13/Aug/2013:07:02:57 -0400] "GET /consulting HTTP/1.1" 200 14034 "-" "M"
178.137.128.238 - - [13/Aug/2013:12:26:02 -0400] "GET / HTTP/1.1" 200 9018 "http://www.rospromtest.ru/" "Mozilla/4.0 (compatible; MSIE 6.0; Windows NT 5.2; Win64; x64; SV1; .NET CLR 2.0.50727)"
131.252.233.124 - - [13/Aug/2013:22:21:03 -0400] "GET /piecemaker1.xml HTTP/1.1" 200 1730 "http://www.warnerconsultinggroup.com/piecemaker.swf" "Mozilla/5.0 (compatible; MSIE 9.0; Windows NT 6.1; WOW64; Trident/5.0)"
131.252.233.124 - - [13/Aug/2013:22:21:03 -0400] "GET /piecemaker.css HTTP/1.1" 200 791 "http://www.warnerconsultinggroup.com/piecemaker.swf" "Mozilla/5.0 (compatible; MSIE 9.0; Windows NT 6.1; WOW64; Trident/5.0)"
131.252.233.124 - - [13/Aug/2013:22:21:03 -0400] "GET /images/image1.jpg HTTP/1.1" 200 88539 "http://www.warnerconsultinggroup.com/piecemaker.swf" "Mozilla/5.0 (compatible; MSIE 9.0; Windows NT 6.1; WOW64; Trident/5.0)"
5.63.151.190 - - [13/Aug/2013:18:03:53 -0400] "HEAD / HTTP/1.1" 200 - "-" "checks.panopta.com"
129.188.33.27 - - [13/Aug/2013:20:00:38 -0400] "GET /a.html HTTP/1.1" 200 1082 "http://www.warnerconsultinggroup.com/" "Mozilla/4.0 (compatible; MSIE 8.0; Windows NT 6.1; WOW64; Trident/4.0; SLCC2; .NET CLR 2.0.50727; .NET CLR 3.5.30729; .NET CLR 3.0.30729; Media Center PC 6.0; .NET4.0C; .NET4.0E; InfoPath.2)"
50.16.121.194 - - [13/Aug/2013:01:10:35 -0400] "GET /news HTTP/1.1" 200 17995 "http://www.google.com" "Mozilla/5.0 Macintosh Intel Mac OS X 10_7_4 AppleWebKit/536.11 KHTML, like Gecko Chrome/20.0.1132.57 Safari/536.11"
17.16.92.46 - - [13/Aug/2013:13:15:00 -0400] "GET /images/btn-readmore.jpg HTTP/1.1" 200 1587 "http://www.warnerconsultinggroup.com/" "Mozilla/5.0 (Macintosh; Intel Mac OS X 10_8_4) AppleWebKit/536.30.1 (KHTML, like Gecko) Version/6.0.5 Safari/536.30.1"
17.16.92.46 - - [13/Aug/2013:13:15:02 -0400] "GET /images/nav-right.png HTTP/1.1" 200 1282 "http://www.warnerconsultinggroup.com/" "Mozilla/5.0 (Macintosh; Intel Mac OS X 10_8_4) AppleWebKit/536.30.1 (KHTML, like Gecko) Version/6.0.5 Safari/536.30.1"
5.63.151.190 - - [13/Aug/2013:14:02:23 -0400] "HEAD / HTTP/1.1" 200 - "-" "checks.panopta.com"
208.78.96.220 - - [13/Aug/2013:15:00:52 -0400] "GET /robots.txt HTTP/1.1" 200 6782 "-" "Mozilla/5.0 (compatible; Mozilla/5.0; +http://wiki.github.com/bixo/bixo/bixocrawler; bixo-dev@yahoogroups.com)"
5.63.151.190 - - [13/Aug/2013:15:18:00 -0400] "HEAD / HTTP/1.1" 200 - "-" "checks.panopta.com"
24.92.220.10 - - [13/Aug/2013:15:32:40 -0400] "GET /images/social-head.png HTTP/1.1" 200 2344 "http://www.warnerconsultinggroup.com/" "Mozilla/4.0 (compatible; MSIE 8.0; Windows NT 5.1; Trident/4.0; .NET CLR 1.1.4322; .NET CLR 2.0.50727; .NET CLR 3.0.04506.30; .NET CLR 3.0.4506.2152; .NET CLR 3.5.30729; MDDR; InfoPath.2; .NET4.0C; .NET4.0E; MS-RTC LM 8)"
24.92.220.10 - - [13/Aug/2013:15:32:40 -0400] "GET /images/gallery/services-3.jpg HTTP/1.1" 200 16546 "http://www.warnerconsultinggroup.com/" "Mozilla/4.0 (compatible; MSIE 8.0; Windows NT 5.1; Trident/4.0; .NET CLR 1.1.4322; .NET CLR 2.0.50727; .NET CLR 3.0.04506.30; .NET CLR 3.0.4506.2152; .NET CLR 3.5.30729; MDDR; InfoPath.2; .NET4.0C; .NET4.0E; MS-RTC LM 8)"
24.92.220.10 - - [13/Aug/2013:15:32:40 -0400] "GET /css/dropdown/themes/nvidia.com/default.css HTTP/1.1" 200 1866 "http://www.warnerconsultinggroup.com/" "Mozilla/4.0 (compatible; MSIE 8.0; Windows NT 5.1; Trident/4.0; .NET CLR 1.1.4322; .NET CLR 2.0.50727; .NET CLR 3.0.04506.30; .NET CLR 3.0.4506.2152; .NET CLR 3.5.30729; MDDR; InfoPath.2; .NET4.0C; .NET4.0E; MS-RTC LM 8)"
24.92.220.10 - - [13/Aug/2013:15:32:40 -0400] "GET /images/social-bg.png HTTP/1.1" 200 3056 "http://www.warnerconsultinggroup.com/" "Mozilla/4.0 (compatible; MSIE 8.0; Windows NT 5.1; Trident/4.0; .NET CLR 1.1.4322; .NET CLR 2.0.50727; .NET CLR 3.0.04506.30; .NET CLR 3.0.4506.2152; .NET CLR 3.5.30729; MDDR; InfoPath.2; .NET4.0C; .NET4.0E; MS-RTC LM 8)"
24.92.220.10 - - [13/Aug/2013:15:32:40 -0400] "GET /images/sep.jpg HTTP/1.1" 200 2186 "http://www.warnerconsultinggroup.com/" "Mozilla/4.0 (compatible; MSIE 8.0; Windows NT 5.1; Trident/4.0; .NET CLR 1.1.4322; .NET CLR 2.0.50727; .NET CLR 3.0.04506.30; .NET CLR 3.0.4506.2152; .NET CLR 3.5.30729; MDDR; InfoPath.2; .NET4.0C; .NET4.0E; MS-RTC LM 8)"
24.92.220.10 - - [13/Aug/2013:15:32:42 -0400] "GET /favicon.ico HTTP/1.1" 404 9018 "-" "Mozilla/4.0 (compatible; MSIE 8.0; Windows NT 5.1; Trident/4.0; .NET CLR 1.1.4322; .NET CLR 2.0.50727; .NET CLR 3.0.04506.30; .NET CLR 3.0.4506.2152; .NET CLR 3.5.30729; MDDR; InfoPath.2; .NET4.0C; .NET4.0E; MS-RTC LM 8)"
24.92.220.10 - - [13/Aug/2013:15:32:44 -0400] "GET /piecemaker1.xml HTTP/1.1" 200 1730 "http://www.warnerconsultinggroup.com/piecemaker.swf" "Mozilla/4.0 (compatible; MSIE 8.0; Windows NT 5.1; Trident/4.0; .NET CLR 1.1.4322; .NET CLR 2.0.50727; .NET CLR 3.0.04506.30; .NET CLR 3.0.4506.2152; .NET CLR 3.5.30729; MDDR; InfoPath.2; .NET4.0C; .NET4.0E; MS-RTC LM 8)"
24.92.220.10 - - [13/Aug/2013:15:32:45 -0400] "GET /piecemaker.css HTTP/1.1" 200 791 "http://www.warnerconsultinggroup.com/piecemaker.swf" "Mozilla/4.0 (compatible; MSIE 8.0; Windows NT 5.1; Trident/4.0; .NET CLR 1.1.4322; .NET CLR 2.0.50727; .NET CLR 3.0.04506.30; .NET CLR 3.0.4506.2152; .NET CLR 3.5.30729; MDDR; InfoPath.2; .NET4.0C; .NET4.0E; MS-RTC LM 8)"
24.92.220.10 - - [13/Aug/2013:15:32:46 -0400] "GET /images/image1.jpg HTTP/1.1" 200 88539 "http://www.warnerconsultinggroup.com/piecemaker.swf" "Mozilla/4.0 (compatible; MSIE 8.0; Windows NT 5.1; Trident/4.0; .NET CLR 1.1.4322; .NET CLR 2.0.50727; .NET CLR 3.0.04506.30; .NET CLR 3.0.4506.2152; .NET CLR 3.5.30729; MDDR; InfoPath.2; .NET4.0C; .NET4.0E; MS-RTC LM 8)"
24.92.220.10 - - [13/Aug/2013:15:32:47 -0400] "GET /images/image2.jpg HTTP/1.1" 200 106569 "http://www.warnerconsultinggroup.com/piecemaker.swf" "Mozilla/4.0 (compatible; MSIE 8.0; Windows NT 5.1; Trident/4.0; .NET CLR 1.1.4322; .NET CLR 2.0.50727; .NET CLR 3.0.04506.30; .NET CLR 3.0.4506.2152; .NET CLR 3.5.30729; MDDR; InfoPath.2; .NET4.0C; .NET4.0E; MS-RTC LM 8)"
24.92.220.10 - - [13/Aug/2013:15:32:48 -0400] "GET /images/image3.jpg HTTP/1.1" 200 85417 "http://www.warnerconsultinggroup.com/piecemaker.swf" "Mozilla/4.0 (compatible; MSIE 8.0; Windows NT 5.1; Trident/4.0; .NET CLR 1.1.4322; .NET CLR 2.0.50727; .NET CLR 3.0.04506.30; .NET CLR 3.0.4506.2152; .NET CLR 3.5.30729; MDDR; InfoPath.2; .NET4.0C; .NET4.0E; MS-RTC LM 8)"
173.199.114.147 - - [13/Aug/2013:04:11:55 -0400] "GET //news/published_articles HTTP/1.1" 200 16094 "-" "Mozilla/5.0 (compatible; AhrefsBot/4.0; +http://ahrefs.com/robot/)"
5.63.151.190 - - [13/Aug/2013:06:17:24 -0400] "HEAD / HTTP/1.1" 200 - "-" "checks.panopta.com"
209.190.1.131 - - [13/Aug/2013:07:02:44 -0400] "GET / HTTP/1.1" 200 9018 "-" "M"
5.63.151.190 - - [13/Aug/2013:08:33:00 -0400] "HEAD / HTTP/1.1" 200 - "-" "checks.panopta.com"
74.218.10.66 - - [13/Aug/2013:09:22:17 -0400] "GET /images/image3.jpg HTTP/1.1" 200 85417 "http://www.warnerconsultinggroup.com/piecemaker.swf" "Mozilla/5.0 (Windows NT 6.1; WOW64; rv:22.0) Gecko/20100101 Firefox/22.0"
5.63.151.190 - - [13/Aug/2013:10:09:50 -0400] "HEAD / HTTP/1.1" 200 - "-" "checks.panopta.com"
194.29.0.110 - - [13/Aug/2013:10:32:24 -0400] "GET /css/dropdown/themes/nvidia.com/default.advanced.css HTTP/1.1" 200 1342 "http://www.warnerconsultinggroup.com/" "Mozilla/5.0 (compatible; MSIE 10.0; Windows NT 6.1; WOW64; Trident/6.0; MATM)"
194.29.0.110 - - [13/Aug/2013:10:32:25 -0400] "GET /images/gallery/services-1.jpg HTTP/1.1" 200 14545 "http://www.warnerconsultinggroup.com/" "Mozilla/5.0 (compatible; MSIE 10.0; Windows NT 6.1; WOW64; Trident/6.0; MATM)"
194.29.0.110 - - [13/Aug/2013:10:32:25 -0400] "GET /images/bg.jpg HTTP/1.1" 200 94591 "http://www.warnerconsultinggroup.com/" "Mozilla/5.0 (compatible; MSIE 10.0; Windows NT 6.1; WOW64; Trident/6.0; MATM)"
194.29.0.110 - - [13/Aug/2013:10:32:25 -0400] "GET /piecemaker.swf HTTP/1.1" 200 208139 "http://www.warnerconsultinggroup.com/a.html" "Mozilla/5.0 (compatible; MSIE 10.0; Windows NT 6.1; WOW64; Trident/6.0; MATM)"
194.29.0.110 - - [13/Aug/2013:10:32:26 -0400] "GET /piecemaker1.xml HTTP/1.1" 200 1730 "http://www.warnerconsultinggroup.com/piecemaker.swf" "Mozilla/5.0 (compatible; MSIE 10.0; Windows NT 6.1; WOW64; Trident/6.0; MATM)"
194.29.0.110 - - [13/Aug/2013:10:32:26 -0400] "GET /piecemaker.css HTTP/1.1" 200 791 "http://www.warnerconsultinggroup.com/piecemaker.swf" "Mozilla/5.0 (compatible; MSIE 10.0; Windows NT 6.1; WOW64; Trident/6.0; MATM)"
194.29.0.110 - - [13/Aug/2013:10:32:26 -0400] "GET /images/image1.jpg HTTP/1.1" 200 88539 "http://www.warnerconsultinggroup.com/piecemaker.swf" "Mozilla/5.0 (compatible; MSIE 10.0; Windows NT 6.1; WOW64; Trident/6.0; MATM)"
194.29.0.110 - - [13/Aug/2013:10:32:27 -0400] "GET /images/image2.jpg HTTP/1.1" 200 106569 "http://www.warnerconsultinggroup.com/piecemaker.swf" "Mozilla/5.0 (compatible; MSIE 10.0; Windows NT 6.1; WOW64; Trident/6.0; MATM)"
220.181.108.105 - - [13/Aug/2013:11:50:29 -0400] "GET /consulting HTTP/1.1" 200 14899 "-" "Mozilla/5.0 (compatible; Baiduspider/2.0; +http://www.baidu.com/search/spider.html)"
199.30.228.153 - - [13/Aug/2013:22:32:51 -0400] "GET /images/twitr.png HTTP/1.1" 200 1543 "http://warnerconsultinggroup.com/" "Mozilla/5.0 (X11; Linux i686) AppleWebKit/534.34 (KHTML, like Gecko) Qt/4.8.4 Safari/534.34"
199.30.228.153 - - [13/Aug/2013:22:32:51 -0400] "GET /images/sep.jpg HTTP/1.1" 200 2186 "http://warnerconsultinggroup.com/" "Mozilla/5.0 (X11; Linux i686) AppleWebKit/534.34 (KHTML, like Gecko) Qt/4.8.4 Safari/534.34"
5.10.83.81 - - [13/Aug/2013:01:16:11 -0400] "GET //news/about_us HTTP/1.1" 200 6782 "-" "Mozilla/5.0 (compatible; AhrefsBot/5.0; +http://ahrefs.com/robot/)"
173.199.114.147 - - [13/Aug/2013:02:56:57 -0400] "GET //news HTTP/1.1" 200 17995 "-" "Mozilla/5.0 (compatible; AhrefsBot/4.0; +http://ahrefs.com/robot/)"
17.16.92.46 - - [13/Aug/2013:13:15:01 -0400] "GET /favicon.ico HTTP/1.1" 404 9018 "http://www.warnerconsultinggroup.com/" "Mozilla/5.0 (Macintosh; Intel Mac OS X 10_8_4) AppleWebKit/536.30.1 (KHTML, like Gecko) Version/6.0.5 Safari/536.30.1"
100.43.83.144 - - [13/Aug/2013:13:35:49 -0400] "GET /robots.txt HTTP/1.1" 200 6782 "-" "Mozilla/5.0 (compatible; YandexBot/3.0; +http://yandex.com/bots)"
107.0.200.134 - - [13/Aug/2013:13:57:49 -0400] "GET /css/dropdown/dropdown.css HTTP/1.1" 200 1026 "http://warnerconsultinggroup.com/" "Mozilla/5.0 (Windows NT 6.2; WOW64) AppleWebKit/537.36 (KHTML, like Gecko) Chrome/28.0.1500.95 Safari/537.36"
107.0.200.134 - - [13/Aug/2013:13:57:49 -0400] "GET /images/head-welcome.jpg HTTP/1.1" 200 15302 "http://warnerconsultinggroup.com/" "Mozilla/5.0 (Windows NT 6.2; WOW64) AppleWebKit/537.36 (KHTML, like Gecko) Chrome/28.0.1500.95 Safari/537.36"
107.0.200.134 - - [13/Aug/2013:13:57:49 -0400] "GET /images/gallery/services-1.jpg HTTP/1.1" 200 14545 "http://warnerconsultinggroup.com/" "Mozilla/5.0 (Windows NT 6.2; WOW64) AppleWebKit/537.36 (KHTML, like Gecko) Chrome/28.0.1500.95 Safari/537.36"
107.0.200.134 - - [13/Aug/2013:13:57:50 -0400] "GET /favicon.ico HTTP/1.1" 404 9018 "-" "Mozilla/5.0 (Windows NT 6.2; WOW64) AppleWebKit/537.36 (KHTML, like Gecko) Chrome/28.0.1500.95 Safari/537.36"
4.31.68.130 - - [13/Aug/2013:14:48:20 -0400] "GET /css/dropdown/dropdown.css HTTP/1.1" 200 1026 "http://www.warnerconsultinggroup.com/" "Mozilla/4.0 (compatible; MSIE 8.0; Windows NT 5.1; Trident/4.0; .NET CLR 2.0.50727; .NET CLR 3.0.4506.2152; .NET CLR 3.5.30729; MS-RTC LM 8)"
4.31.68.130 - - [13/Aug/2013:14:48:20 -0400] "GET /images/bg.jpg HTTP/1.1" 200 94591 "http://www.warnerconsultinggroup.com/" "Mozilla/4.0 (compatible; MSIE 8.0; Windows NT 5.1; Trident/4.0; .NET CLR 2.0.50727; .NET CLR 3.0.4506.2152; .NET CLR 3.5.30729; MS-RTC LM 8)"
5.63.151.190 - - [13/Aug/2013:23:36:35 -0400] "HEAD / HTTP/1.1" 200 - "-" "checks.panopta.com"
5.63.151.190 - - [13/Aug/2013:23:51:39 -0400] "HEAD / HTTP/1.1" 200 - "-" "checks.panopta.com"
50.17.65.121 - - [13/Aug/2013:18:31:18 -0400] "GET /contact_us HTTP/1.1" 200 15410 "-" "Mozilla/5.0 (compatible; URLAppendBot/1.0; +http://www.profound.net/urlappendbot.html)"
173.65.153.188 - - [13/Aug/2013:19:52:49 -0400] "GET //css/dropdown/themes/nvidia.com/default.advanced.css HTTP/1.1" 200 1342 "http://www.warnerconsultinggroup.com//about_us" "Mozilla/5.0 (Windows NT 6.1; WOW64) AppleWebKit/537.36 (KHTML, like Gecko) Chrome/28.0.1500.95 Safari/537.36"
173.65.153.188 - - [13/Aug/2013:19:52:49 -0400] "GET //css/dropdown/themes/nvidia.com/default.css HTTP/1.1" 200 1866 "http://www.warnerconsultinggroup.com//about_us" "Mozilla/5.0 (Windows NT 6.1; WOW64) AppleWebKit/537.36 (KHTML, like Gecko) Chrome/28.0.1500.95 Safari/537.36"
173.65.153.188 - - [13/Aug/2013:19:52:50 -0400] "GET //images/logo.jpg HTTP/1.1" 200 6004 "http://www.warnerconsultinggroup.com//about_us" "Mozilla/5.0 (Windows NT 6.1; WOW64) AppleWebKit/537.36 (KHTML, like Gecko) Chrome/28.0.1500.95 Safari/537.36"
173.65.153.188 - - [13/Aug/2013:19:52:50 -0400] "GET //images/inner-content-mid.png HTTP/1.1" 200 211 "http://www.warnerconsultinggroup.com//about_us" "Mozilla/5.0 (Windows NT 6.1; WOW64) AppleWebKit/537.36 (KHTML, like Gecko) Chrome/28.0.1500.95 Safari/537.36"
173.65.153.188 - - [13/Aug/2013:19:52:50 -0400] "GET //images/inner-content-bot.png HTTP/1.1" 200 1411 "http://www.warnerconsultinggroup.com//about_us" "Mozilla/5.0 (Windows NT 6.1; WOW64) AppleWebKit/537.36 (KHTML, like Gecko) Chrome/28.0.1500.95 Safari/537.36"
24.92.220.10 - - [13/Aug/2013:15:32:39 -0400] "GET / HTTP/1.1" 200 9018 "http://www.google.com/url?sa=t&rct=j&q=warnerconsultinggroup.com&source=web&cd=1&ved=0CC0QFjAA&url=http%3A%2F%2Fwww.warnerconsultinggroup.com%2F&ei=z4kKUrvWJYGY9QTg8IHgDQ&usg=AFQjCNFn_pMzUjkkAXCW_ESS-q7bg9f65g&bvm=bv.50500085,d.eWU" "Mozilla/4.0 (compatible; MSIE 8.0; Windows NT 5.1; Trident/4.0; .NET CLR 1.1.4322; .NET CLR 2.0.50727; .NET CLR 3.0.04506.30; .NET CLR 3.0.4506.2152; .NET CLR 3.5.30729; MDDR; InfoPath.2; .NET4.0C; .NET4.0E; MS-RTC LM 8)"
24.92.220.10 - - [13/Aug/2013:15:32:40 -0400] "GET /css/dropdown/themes/nvidia.com/default.advanced.css HTTP/1.1" 200 1342 "http://www.warnerconsultinggroup.com/" "Mozilla/4.0 (compatible; MSIE 8.0; Windows NT 5.1; Trident/4.0; .NET CLR 1.1.4322; .NET CLR 2.0.50727; .NET CLR 3.0.04506.30; .NET CLR 3.0.4506.2152; .NET CLR 3.5.30729; MDDR; InfoPath.2; .NET4.0C; .NET4.0E; MS-RTC LM 8)"
24.92.220.10 - - [13/Aug/2013:15:32:40 -0400] "GET /images/footer-sep.jpg HTTP/1.1" 200 1127 "http://www.warnerconsultinggroup.com/" "Mozilla/4.0 (compatible; MSIE 8.0; Windows NT 5.1; Trident/4.0; .NET CLR 1.1.4322; .NET CLR 2.0.50727; .NET CLR 3.0.04506.30; .NET CLR 3.0.4506.2152; .NET CLR 3.5.30729; MDDR; InfoPath.2; .NET4.0C; .NET4.0E; MS-RTC LM 8)"
24.92.220.10 - - [13/Aug/2013:15:32:40 -0400] "GET /images/footer-bg.jpg HTTP/1.1" 200 1167 "http://www.warnerconsultinggroup.com/" "Mozilla/4.0 (compatible; MSIE 8.0; Windows NT 5.1; Trident/4.0; .NET CLR 1.1.4322; .NET CLR 2.0.50727; .NET CLR 3.0.04506.30; .NET CLR 3.0.4506.2152; .NET CLR 3.5.30729; MDDR; InfoPath.2; .NET4.0C; .NET4.0E; MS-RTC LM 8)"
8.28.16.254 - - [13/Aug/2013:15:32:40 -0400] "GET /a.html HTTP/1.1" 200 1082 "-" "Mozilla/4.0 (compatible; MSIE 7.0; Windows NT 5.1; InfoPath.1; .NET CLR 2.0.50727; .NET CLR 1.1.4322; MS-RTC LM 8; .NET CLR 3.0.4506.2152; .NET CLR 3.5.30729)"
24.92.220.10 - - [13/Aug/2013:15:34:54 -0400] "GET //about_us/meet_the_team HTTP/1.1" 200 24289 "http://www.warnerconsultinggroup.com//clients" "Mozilla/4.0 (compatible; MSIE 8.0; Windows NT 5.1; Trident/4.0; .NET CLR 1.1.4322; .NET CLR 2.0.50727; .NET CLR 3.0.04506.30; .NET CLR 3.0.4506.2152; .NET CLR 3.5.30729; MDDR; InfoPath.2; .NET4.0C; .NET4.0E; MS-RTC LM 8)"
5.63.151.190 - - [13/Aug/2013:17:18:48 -0400] "HEAD / HTTP/1.1" 200 - "-" "checks.panopta.com"
17.16.92.46 - - [13/Aug/2013:13:14:49 -0400] "GET /a.html HTTP/1.1" 200 1082 "http://www.warnerconsultinggroup.com/" "Mozilla/5.0 (Macintosh; Intel Mac OS X 10_8_4) AppleWebKit/536.30.1 (KHTML, like Gecko) Version/6.0.5 Safari/536.30.1"
17.16.92.46 - - [13/Aug/2013:13:14:49 -0400] "GET /images/head-welcome.jpg HTTP/1.1" 200 15302 "http://www.warnerconsultinggroup.com/" "Mozilla/5.0 (Macintosh; Intel Mac OS X 10_8_4) AppleWebKit/536.30.1 (KHTML, like Gecko) Version/6.0.5 Safari/536.30.1"
17.16.92.46 - - [13/Aug/2013:13:14:49 -0400] "GET /Scripts/swfobject/swfobject.js HTTP/1.1" 200 9759 "http://www.warnerconsultinggroup.com/a.html" "Mozilla/5.0 (Macintosh; Intel Mac OS X 10_8_4) AppleWebKit/536.30.1 (KHTML, like Gecko) Version/6.0.5 Safari/536.30.1"
17.16.92.46 - - [13/Aug/2013:13:15:16 -0400] "GET //css/dropdown/dropdown.css HTTP/1.1" 200 1026 "http://www.warnerconsultinggroup.com//consulting/warner_services" "Mozilla/5.0 (Macintosh; Intel Mac OS X 10_8_4) AppleWebKit/536.30.1 (KHTML, like Gecko) Version/6.0.5 Safari/536.30.1"
173.65.153.188 - - [13/Aug/2013:19:52:42 -0400] "GET /images/social-head.png HTTP/1.1" 200 2344 "http://warnerconsultinggroup.com/" "Mozilla/5.0 (Windows NT 6.1; WOW64) AppleWebKit/537.36 (KHTML, like Gecko) Chrome/28.0.1500.95 Safari/537.36"
173.65.153.188 - - [13/Aug/2013:19:52:42 -0400] "GET /images/social-bg.png HTTP/1.1" 200 3056 "http://warnerconsultinggroup.com/" "Mozilla/5.0 (Windows NT 6.1; WOW64) AppleWebKit/537.36 (KHTML, like Gecko) Chrome/28.0.1500.95 Safari/537.36"
129.188.33.27 - - [13/Aug/2013:20:00:38 -0400] "GET /css/dropdown/themes/nvidia.com/default.advanced.css HTTP/1.1" 200 1342 "http://www.warnerconsultinggroup.com/" "Mozilla/4.0 (compatible; MSIE 8.0; Windows NT 6.1; WOW64; Trident/4.0; SLCC2; .NET CLR 2.0.50727; .NET CLR 3.5.30729; .NET CLR 3.0.30729; Media Center PC 6.0; .NET4.0C; .NET4.0E; InfoPath.2)"
69.248.184.114 - - [13/Aug/2013:09:40:02 -0400] "GET //images/head-welcome.jpg HTTP/1.1" 200 15302 "http://www.warnerconsultinggroup.com//www.litchfieldbeach.com" "Mozilla/5.0 (Windows NT 6.1; WOW64) AppleWebKit/537.36 (KHTML, like Gecko) Chrome/28.0.1500.95 Safari/537.36"
69.248.184.114 - - [13/Aug/2013:09:40:03 -0400] "GET /favicon.ico HTTP/1.1" 404 9018 "-" "Mozilla/5.0 (Windows NT 6.1; WOW64) AppleWebKit/537.36 (KHTML, like Gecko) Chrome/28.0.1500.95 Safari/537.36"
157.55.33.146 - - [13/Aug/2013:09:50:58 -0400] "GET /aboutus/consulting HTTP/1.1" 200 6282 "-" "Mozilla/5.0 (compatible; bingbot/2.0; +http://www.bing.com/bingbot.htm)"
209.190.1.131 - - [13/Aug/2013:07:02:55 -0400] "GET /a.html HTTP/1.1" 200 1082 "-" "M"
209.190.1.131 - - [13/Aug/2013:07:03:11 -0400] "GET /a.html HTTP/1.1" 200 1082 "-" "M"
24.92.220.10 - - [13/Aug/2013:15:33:20 -0400] "GET //about_us/meet_the_team HTTP/1.1" 200 24289 "http://www.warnerconsultinggroup.com/" "Mozilla/4.0 (compatible; MSIE 8.0; Windows NT 5.1; Trident/4.0; .NET CLR 1.1.4322; .NET CLR 2.0.50727; .NET CLR 3.0.04506.30; .NET CLR 3.0.4506.2152; .NET CLR 3.5.30729; MDDR; InfoPath.2; .NET4.0C; .NET4.0E; MS-RTC LM 8)"
50.16.121.194 - - [13/Aug/2013:01:10:21 -0400] "GET /contact_us HTTP/1.1" 200 14972 "http://www.google.com" "Mozilla/5.0 Macintosh Intel Mac OS X 10_7_4 AppleWebKit/536.11 KHTML, like Gecko Chrome/20.0.1132.57 Safari/536.11"
173.65.153.188 - - [13/Aug/2013:19:52:50 -0400] "GET //images/bullet2.png HTTP/1.1" 200 451 "http://www.warnerconsultinggroup.com//about_us" "Mozilla/5.0 (Windows NT 6.1; WOW64) AppleWebKit/537.36 (KHTML, like Gecko) Chrome/28.0.1500.95 Safari/537.36"
173.65.153.188 - - [13/Aug/2013:19:52:50 -0400] "GET //images/right-box-mid.png HTTP/1.1" 200 134 "http://www.warnerconsultinggroup.com//about_us" "Mozilla/5.0 (Windows NT 6.1; WOW64) AppleWebKit/537.36 (KHTML, like Gecko) Chrome/28.0.1500.95 Safari/537.36"
173.65.153.188 - - [13/Aug/2013:19:52:50 -0400] "GET //images/nav-right.png HTTP/1.1" 200 1282 "http://www.warnerconsultinggroup.com//about_us" "Mozilla/5.0 (Windows NT 6.1; WOW64) AppleWebKit/537.36 (KHTML, like Gecko) Chrome/28.0.1500.95 Safari/537.36"
69.248.184.114 - - [13/Aug/2013:09:36:48 -0400] "GET / HTTP/1.1" 200 9018 "-" "Mozilla/5.0 (Windows NT 6.1; WOW64) AppleWebKit/537.36 (KHTML, like Gecko) Chrome/28.0.1500.95 Safari/537.36"
69.248.184.114 - - [13/Aug/2013:09:36:50 -0400] "GET /favicon.ico HTTP/1.1" 404 9018 "-" "Mozilla/5.0 (Windows NT 6.1; WOW64) AppleWebKit/537.36 (KHTML, like Gecko) Chrome/28.0.1500.95 Safari/537.36"
5.63.151.190 - - [13/Aug/2013:09:54:30 -0400] "HEAD / HTTP/1.1" 200 - "-" "checks.panopta.com"
66.249.72.181 - - [13/Aug/2013:06:55:37 -0400] "GET /robots.txt HTTP/1.1" 200 6782 "-" "Mozilla/5.0 (compatible; Googlebot/2.1; +http://www.google.com/bot.html)"
5.63.151.190 - - [13/Aug/2013:00:44:58 -0400] "GET / HTTP/1.1" 200 9018 "-" "checks.panopta.com"
5.63.151.190 - - [13/Aug/2013:02:31:14 -0400] "HEAD / HTTP/1.1" 200 - "-" "checks.panopta.com"
173.65.153.188 - - [13/Aug/2013:19:52:46 -0400] "GET /images/nav-left.png HTTP/1.1" 200 1223 "http://warnerconsultinggroup.com/" "Mozilla/5.0 (Windows NT 6.1; WOW64) AppleWebKit/537.36 (KHTML, like Gecko) Chrome/28.0.1500.95 Safari/537.36"
79.143.190.141 - - [13/Aug/2013:10:45:41 -0400] "HEAD / HTTP/1.1" 200 - "-" "checks.panopta.com"
198.105.219.55 - - [13/Aug/2013:12:31:46 -0400] "HEAD / HTTP/1.1" 200 - "-" "checks.panopta.com"
17.16.92.46 - - [13/Aug/2013:13:14:49 -0400] "GET /images/logo.jpg HTTP/1.1" 200 6004 "http://www.warnerconsultinggroup.com/" "Mozilla/5.0 (Macintosh; Intel Mac OS X 10_8_4) AppleWebKit/536.30.1 (KHTML, like Gecko) Version/6.0.5 Safari/536.30.1"
17.16.92.46 - - [13/Aug/2013:13:14:49 -0400] "GET /images/gallery/services-2.jpg HTTP/1.1" 200 13974 "http://www.warnerconsultinggroup.com/" "Mozilla/5.0 (Macintosh; Intel Mac OS X 10_8_4) AppleWebKit/536.30.1 (KHTML, like Gecko) Version/6.0.5 Safari/536.30.1"
17.16.92.46 - - [13/Aug/2013:13:15:16 -0400] "GET //css/diQuery-collapsiblePanel.css HTTP/1.1" 200 506 "http://www.warnerconsultinggroup.com//consulting/warner_services" "Mozilla/5.0 (Macintosh; Intel Mac OS X 10_8_4) AppleWebKit/536.30.1 (KHTML, like Gecko) Version/6.0.5 Safari/536.30.1"
100.43.83.144 - - [13/Aug/2013:13:42:50 -0400] "GET /robots.txt HTTP/1.1" 200 6782 "-" "Mozilla/5.0 (compatible; YandexBot/3.0; +http://yandex.com/bots)"
4.31.68.130 - - [13/Aug/2013:14:48:20 -0400] "GET /images/gallery/services-1.jpg HTTP/1.1" 200 14545 "http://www.warnerconsultinggroup.com/" "Mozilla/4.0 (compatible; MSIE 8.0; Windows NT 5.1; Trident/4.0; .NET CLR 2.0.50727; .NET CLR 3.0.4506.2152; .NET CLR 3.5.30729; MS-RTC LM 8)"
4.31.68.130 - - [13/Aug/2013:14:48:21 -0400] "GET /piecemaker.swf HTTP/1.1" 200 208139 "http://www.warnerconsultinggroup.com/a.html" "Mozilla/4.0 (compatible; MSIE 8.0; Windows NT 5.1; Trident/4.0; .NET CLR 2.0.50727; .NET CLR 3.0.4506.2152; .NET CLR 3.5.30729; MS-RTC LM 8)"
131.252.233.124 - - [13/Aug/2013:22:21:09 -0400] "GET /images/image2.jpg HTTP/1.1" 200 106569 "http://www.warnerconsultinggroup.com/piecemaker.swf" "Mozilla/5.0 (compatible; MSIE 9.0; Windows NT 6.1; WOW64; Trident/5.0)"
66.249.72.181 - - [13/Aug/2013:23:55:55 -0400] "GET /robots.txt HTTP/1.1" 200 6782 "-" "Mozilla/5.0 (compatible; Googlebot/2.1; +http://www.google.com/bot.html)"
180.76.6.26 - - [13/Aug/2013:06:16:07 -0400] "GET /aboutus/css/ HTTP/1.1" 200 6782 "-" "Mozilla/5.0 (compatible; Baiduspider/2.0; +http://www.baidu.com/search/spider.html)"
209.190.1.131 - - [13/Aug/2013:07:02:52 -0400] "GET /a.html HTTP/1.1" 200 1082 "-" "M"
209.190.1.131 - - [13/Aug/2013:07:03:06 -0400] "GET /index.php HTTP/1.1" 200 85 "-" "M"
5.63.151.190 - - [13/Aug/2013:15:02:42 -0400] "HEAD / HTTP/1.1" 200 - "-" "checks.panopta.com"
5.10.83.81 - - [13/Aug/2013:00:01:45 -0400] "GET //consulting/news HTTP/1.1" 200 6782 "-" "Mozilla/5.0 (compatible; AhrefsBot/5.0; +http://ahrefs.com/robot/)"
50.16.121.194 - - [13/Aug/2013:01:10:25 -0400] "GET /lighterside HTTP/1.1" 200 6782 "http://www.google.com" "Mozilla/5.0 Macintosh Intel Mac OS X 10_7_4 AppleWebKit/536.11 KHTML, like Gecko Chrome/20.0.1132.57 Safari/536.11"
173.65.153.188 - - [13/Aug/2013:19:52:40 -0400] "GET / HTTP/1.1" 200 9018 "-" "Mozilla/5.0 (Windows NT 6.1; WOW64) AppleWebKit/537.36 (KHTML, like Gecko) Chrome/28.0.1500.95 Safari/537.36"
173.65.153.188 - - [13/Aug/2013:19:52:42 -0400] "GET /css/dropdown/dropdown.css HTTP/1.1" 200 1026 "http://warnerconsultinggroup.com/" "Mozilla/5.0 (Windows NT 6.1; WOW64) AppleWebKit/537.36 (KHTML, like Gecko) Chrome/28.0.1500.95 Safari/537.36"
173.65.153.188 - - [13/Aug/2013:19:52:42 -0400] "GET /images/twitr.png HTTP/1.1" 200 1543 "http://warnerconsultinggroup.com/" "Mozilla/5.0 (Windows NT 6.1; WOW64) AppleWebKit/537.36 (KHTML, like Gecko) Chrome/28.0.1500.95 Safari/537.36"
173.65.153.188 - - [13/Aug/2013:19:52:42 -0400] "GET /images/sep.jpg HTTP/1.1" 200 2186 "http://warnerconsultinggroup.com/" "Mozilla/5.0 (Windows NT 6.1; WOW64) AppleWebKit/537.36 (KHTML, like Gecko) Chrome/28.0.1500.95 Safari/537.36"
173.65.153.188 - - [13/Aug/2013:19:52:43 -0400] "GET /images/gallery/services-1.jpg HTTP/1.1" 200 14545 "http://warnerconsultinggroup.com/" "Mozilla/5.0 (Windows NT 6.1; WOW64) AppleWebKit/537.36 (KHTML, like Gecko) Chrome/28.0.1500.95 Safari/537.36"
173.65.153.188 - - [13/Aug/2013:19:52:43 -0400] "GET /images/gallery/services-3.jpg HTTP/1.1" 200 16546 "http://warnerconsultinggroup.com/" "Mozilla/5.0 (Windows NT 6.1; WOW64) AppleWebKit/537.36 (KHTML, like Gecko) Chrome/28.0.1500.95 Safari/537.36"
129.188.33.27 - - [13/Aug/2013:20:00:38 -0400] "GET /Scripts/swfobject/swfobject.js HTTP/1.1" 200 9759 "-" "Mozilla/4.0 (compatible;)"
199.30.228.153 - - [13/Aug/2013:22:32:51 -0400] "GET /images/social-head.png HTTP/1.1" 200 2344 "http://warnerconsultinggroup.com/" "Mozilla/5.0 (X11; Linux i686) AppleWebKit/534.34 (KHTML, like Gecko) Qt/4.8.4 Safari/534.34"
199.30.228.153 - - [13/Aug/2013:22:32:51 -0400] "GET /images/gallery/services-3.jpg HTTP/1.1" 200 16546 "http://warnerconsultinggroup.com/" "Mozilla/5.0 (X11; Linux i686) AppleWebKit/534.34 (KHTML, like Gecko) Qt/4.8.4 Safari/534.34"
199.30.228.153 - - [13/Aug/2013:22:32:51 -0400] "GET /images/social-bg.png HTTP/1.1" 200 3056 "http://warnerconsultinggroup.com/" "Mozilla/5.0 (X11; Linux i686) AppleWebKit/534.34 (KHTML, like Gecko) Qt/4.8.4 Safari/534.34"
198.105.219.52 - - [13/Aug/2013:15:33:33 -0400] "HEAD / HTTP/1.1" 200 - "-" "checks.panopta.com"
180.76.5.186 - - [13/Aug/2013:06:16:05 -0400] "GET /aboutus/css/index.php HTTP/1.1" 200 6782 "-" "Mozilla/5.0 (compatible; Baiduspider/2.0; +http://www.baidu.com/search/spider.html)"
209.190.1.131 - - [13/Aug/2013:07:03:04 -0400] "GET /a.html HTTP/1.1" 200 1082 "-" "M"
5.63.151.190 - - [13/Aug/2013:05:31:59 -0400] "HEAD / HTTP/1.1" 200 - "-" "checks.panopta.com"
173.199.114.147 - - [13/Aug/2013:22:40:16 -0400] "GET //warner_services HTTP/1.1" 200 20667 "-" "Mozilla/5.0 (compatible; AhrefsBot/4.0; +http://ahrefs.com/robot/)"
5.63.151.190 - - [13/Aug/2013:03:31:20 -0400] "HEAD / HTTP/1.1" 200 - "-" "checks.panopta.com"
5.63.151.190 - - [13/Aug/2013:09:33:25 -0400] "HEAD / HTTP/1.1" 200 - "-" "checks.panopta.com"
194.29.0.110 - - [13/Aug/2013:10:32:23 -0400] "GET / HTTP/1.1" 200 9018 "http://www.google.ch/url?sa=t&rct=j&q=&esrc=s&frm=1&source=web&cd=1&ved=0CCoQFjAA&url=http%3A%2F%2Fwww.warnerconsultinggroup.com%2F&ei=dUMKUoH1Do7Q4QTIk4HoBA&usg=AFQjCNFn_pMzUjkkAXCW_ESS-q7bg9f65g&sig2=QSVJJa5IZRcSbDmoLHJmfg&bvm=bv.50500085,d.bGE" "Mozilla/5.0 (compatible; MSIE 10.0; Windows NT 6.1; WOW64; Trident/6.0; MATM)"
194.29.0.110 - - [13/Aug/2013:10:32:24 -0400] "GET /css/dropdown/dropdown.css HTTP/1.1" 200 1026 "http://www.warnerconsultinggroup.com/" "Mozilla/5.0 (compatible; MSIE 10.0; Windows NT 6.1; WOW64; Trident/6.0; MATM)"
194.29.0.110 - - [13/Aug/2013:10:32:25 -0400] "GET /images/twitr.png HTTP/1.1" 200 1543 "http://www.warnerconsultinggroup.com/" "Mozilla/5.0 (compatible; MSIE 10.0; Windows NT 6.1; WOW64; Trident/6.0; MATM)"
194.29.0.110 - - [13/Aug/2013:10:32:25 -0400] "GET /images/footer-sep.jpg HTTP/1.1" 200 1127 "http://www.warnerconsultinggroup.com/" "Mozilla/5.0 (compatible; MSIE 10.0; Windows NT 6.1; WOW64; Trident/6.0; MATM)"
194.29.0.110 - - [13/Aug/2013:10:32:25 -0400] "GET /images/sep.jpg HTTP/1.1" 200 2186 "http://www.warnerconsultinggroup.com/" "Mozilla/5.0 (compatible; MSIE 10.0; Windows NT 6.1; WOW64; Trident/6.0; MATM)"
194.29.0.110 - - [13/Aug/2013:10:32:25 -0400] "GET /Scripts/swfobject/swfobject.js HTTP/1.1" 200 9759 "http://www.warnerconsultinggroup.com/a.html" "Mozilla/5.0 (compatible; MSIE 10.0; Windows NT 6.1; WOW64; Trident/6.0; MATM)"
194.29.0.110 - - [13/Aug/2013:10:32:27 -0400] "GET /images/nav-left.png HTTP/1.1" 200 1223 "http://www.warnerconsultinggroup.com/" "Mozilla/5.0 (compatible; MSIE 10.0; Windows NT 6.1; WOW64; Trident/6.0; MATM)"
194.29.0.110 - - [13/Aug/2013:10:32:37 -0400] "GET //js/jquery-1.3.2.min.js HTTP/1.1" 200 57254 "http://www.warnerconsultinggroup.com//contact_us" "Mozilla/5.0 (compatible; MSIE 10.0; Windows NT 6.1; WOW64; Trident/6.0; MATM)"
50.17.65.121 - - [13/Aug/2013:18:28:51 -0400] "GET / HTTP/1.1" 200 9018 "-" "Mozilla/5.0 (compatible; URLAppendBot/1.0; +http://www.profound.net/urlappendbot.html)"
5.10.83.81 - - [13/Aug/2013:00:12:04 -0400] "GET //consulting/about_us HTTP/1.1" 200 6782 "-" "Mozilla/5.0 (compatible; AhrefsBot/5.0; +http://ahrefs.com/robot/)"
5.63.151.190 - - [13/Aug/2013:17:48:51 -0400] "HEAD / HTTP/1.1" 200 - "-" "checks.panopta.com"
17.16.92.46 - - [13/Aug/2013:13:14:49 -0400] "GET /css/dropdown/dropdown.css HTTP/1.1" 200 1026 "http://www.warnerconsultinggroup.com/" "Mozilla/5.0 (Macintosh; Intel Mac OS X 10_8_4) AppleWebKit/536.30.1 (KHTML, like Gecko) Version/6.0.5 Safari/536.30.1"
17.16.92.46 - - [13/Aug/2013:13:14:49 -0400] "GET /images/twitr.png HTTP/1.1" 200 1543 "http://www.warnerconsultinggroup.com/" "Mozilla/5.0 (Macintosh; Intel Mac OS X 10_8_4) AppleWebKit/536.30.1 (KHTML, like Gecko) Version/6.0.5 Safari/536.30.1"
17.16.92.46 - - [13/Aug/2013:13:14:49 -0400] "GET /images/gallery/services-3.jpg HTTP/1.1" 200 16546 "http://www.warnerconsultinggroup.com/" "Mozilla/5.0 (Macintosh; Intel Mac OS X 10_8_4) AppleWebKit/536.30.1 (KHTML, like Gecko) Version/6.0.5 Safari/536.30.1"
107.0.200.134 - - [13/Aug/2013:13:57:49 -0400] "GET /images/gallery/services-2.jpg HTTP/1.1" 200 13974 "http://warnerconsultinggroup.com/" "Mozilla/5.0 (Windows NT 6.2; WOW64) AppleWebKit/537.36 (KHTML, like Gecko) Chrome/28.0.1500.95 Safari/537.36"
66.249.75.181 - - [13/Aug/2013:14:07:37 -0400] "GET /downloads/consulting/Marriott_Mt_Laurel_White_Paper.pdf HTTP/1.1" 200 111706 "-" "SAMSUNG-SGH-E250/1.0 Profile/MIDP-2.0 Configuration/CLDC-1.1 UP.Browser/6.2.3.3.c.1.101 (GUI) MMP/2.0 (compatible; Googlebot-Mobile/2.1; +http://www.google.com/bot.html)"
24.92.220.10 - - [13/Aug/2013:15:35:53 -0400] "GET / HTTP/1.1" 200 9018 "http://www.google.com/url?sa=t&rct=j&q=warnerconsultinggroup.com&source=web&cd=1&ved=0CCsQFjAA&url=http%3A%2F%2Fwww.warnerconsultinggroup.com%2F&ei=f4oKUtqgCIfk8gSSwYDQBg&usg=AFQjCNFn_pMzUjkkAXCW_ESS-q7bg9f65g&bvm=bv.50500085,d.eWU" "Mozilla/4.0 (compatible; MSIE 8.0; Windows NT 5.1; Trident/4.0; .NET CLR 1.1.4322; .NET CLR 2.0.50727; .NET CLR 3.0.04506.30; .NET CLR 3.0.4506.2152; .NET CLR 3.5.30729; MDDR; InfoPath.2; .NET4.0C; .NET4.0E; MS-RTC LM 8)"
50.17.65.121 - - [13/Aug/2013:18:32:12 -0400] "GET /about_us HTTP/1.1" 200 14635 "-" "Mozilla/5.0 (compatible; URLAppendBot/1.0; +http://www.profound.net/urlappendbot.html)"
5.63.151.190 - - [13/Aug/2013:19:34:42 -0400] "HEAD / HTTP/1.1" 200 - "-" "checks.panopta.com"
178.137.128.238 - - [13/Aug/2013:12:26:01 -0400] "GET / HTTP/1.1" 200 9018 "http://www.rospromtest.ru/" "Mozilla/4.0 (compatible; MSIE 6.0; Windows NT 5.2; Win64; x64; SV1; .NET CLR 2.0.50727)"
66.249.75.181 - - [13/Aug/2013:13:07:48 -0400] "GET /robots.txt HTTP/1.1" 200 6782 "-" "Mozilla/5.0 (compatible; Googlebot/2.1; +http://www.google.com/bot.html)"
17.16.92.46 - - [13/Aug/2013:13:14:54 -0400] "GET /css/style.css HTTP/1.1" 200 7000 "http://www.warnerconsultinggroup.com/" "Mozilla/5.0 (Macintosh; Intel Mac OS X 10_8_4) AppleWebKit/536.30.1 (KHTML, like Gecko) Version/6.0.5 Safari/536.30.1"
17.16.92.46 - - [13/Aug/2013:13:15:12 -0400] "GET //consulting/warner_services HTTP/1.1" 200 21094 "http://www.warnerconsultinggroup.com/" "Mozilla/5.0 (Macintosh; Intel Mac OS X 10_8_4) AppleWebKit/536.30.1 (KHTML, like Gecko) Version/6.0.5 Safari/536.30.1"
17.16.92.46 - - [13/Aug/2013:13:15:21 -0400] "GET //css/style.css HTTP/1.1" 200 7000 "http://www.warnerconsultinggroup.com//consulting/warner_services" "Mozilla/5.0 (Macintosh; Intel Mac OS X 10_8_4) AppleWebKit/536.30.1 (KHTML, like Gecko) Version/6.0.5 Safari/536.30.1"
17.16.92.46 - - [13/Aug/2013:13:15:21 -0400] "GET /a.html HTTP/1.1" 200 1082 "http://www.warnerconsultinggroup.com//consulting/warner_services" "Mozilla/5.0 (Macintosh; Intel Mac OS X 10_8_4) AppleWebKit/536.30.1 (KHTML, like Gecko) Version/6.0.5 Safari/536.30.1"
17.16.92.46 - - [13/Aug/2013:13:15:21 -0400] "GET //images/twitr.png HTTP/1.1" 200 1543 "http://www.warnerconsultinggroup.com//consulting/warner_services" "Mozilla/5.0 (Macintosh; Intel Mac OS X 10_8_4) AppleWebKit/536.30.1 (KHTML, like Gecko) Version/6.0.5 Safari/536.30.1"
17.16.92.46 - - [13/Aug/2013:13:15:21 -0400] "GET //images/inner-content-mid.png HTTP/1.1" 200 211 "http://www.warnerconsultinggroup.com//consulting/warner_services" "Mozilla/5.0 (Macintosh; Intel Mac OS X 10_8_4) AppleWebKit/536.30.1 (KHTML, like Gecko) Version/6.0.5 Safari/536.30.1"
17.16.92.46 - - [13/Aug/2013:13:15:22 -0400] "GET //images/right-box-mid.png HTTP/1.1" 200 134 "http://www.warnerconsultinggroup.com//consulting/warner_services" "Mozilla/5.0 (Macintosh; Intel Mac OS X 10_8_4) AppleWebKit/536.30.1 (KHTML, like Gecko) Version/6.0.5 Safari/536.30.1"
17.16.92.46 - - [13/Aug/2013:13:15:22 -0400] "GET //images/inner-content-bot.png HTTP/1.1" 200 1411 "http://www.warnerconsultinggroup.com//consulting/warner_services" "Mozilla/5.0 (Macintosh; Intel Mac OS X 10_8_4) AppleWebKit/536.30.1 (KHTML, like Gecko) Version/6.0.5 Safari/536.30.1"
5.63.151.190 - - [13/Aug/2013:04:16:33 -0400] "HEAD / HTTP/1.1" 200 - "-" "checks.panopta.com"
5.63.151.190 - - [13/Aug/2013:04:31:36 -0400] "HEAD / HTTP/1.1" 200 - "-" "checks.panopta.com"
5.63.151.190 - - [13/Aug/2013:00:29:56 -0400] "GET / HTTP/1.1" 200 9018 "-" "checks.panopta.com"
50.16.121.194 - - [13/Aug/2013:01:10:23 -0400] "GET /about_us HTTP/1.1" 200 14197 "http://www.google.com" "Mozilla/5.0 Macintosh Intel Mac OS X 10_7_4 AppleWebKit/536.11 KHTML, like Gecko Chrome/20.0.1132.57 Safari/536.11"
131.252.233.124 - - [13/Aug/2013:22:20:53 -0400] "GET /about_us/meet_the_team HTTP/1.1" 200 24289 "http://search.yahoo.com/search;_ylt=A0oGdVht6ApSGWgAse9XNyoA;_ylc=X1MDMjc2NjY3OQRfcgMyBGJjawM0bnRmdDhkOTBsbG9wJTI2YiUzRDQlMjZkJTNEeGRvWXlXVnBZRWVkWHdoaDU2aWhNX3JjT3dOS09KT2Y5T043JTI2cyUzRDYwJTI2aSUzRGd3c1AzS000X1pUUDdkbVlWVXlxBGNzcmNwdmlkA2hNRHpsVW9HZEVkTDlmMURVZ3JYR1F6VWdfenBmRklLNkcwQUNvSVkEZnIDeWZwLXQtOTAwBGZyMgNzYi10b3AEZ3ByaWQDBG5fcnNsdAMxMARuX3N1Z2cDMARvcmlnaW4Dc2VhcmNoLnlhaG9vLmNvbQRwb3MDMARwcXN0cgMEcHFzdHJsAwRxc3RybAMyNgRxdWVyeQNwaGFydG1hbkB3YXJuZXJwYWNpZmljLmVkdQR0X3N0bXADMTM3NjQ0Njc2ODc5NAR2dGVzdGlkA1NNRTI0OQ--?p=phartman@warnerpacific.edu&fr2=sb-top&fr=yfp-t-900" "Mozilla/5.0 (compatible; MSIE 9.0; Windows NT 6.1; WOW64; Trident/5.0)"
131.252.233.124 - - [13/Aug/2013:22:20:54 -0400] "GET //images/logo.jpg HTTP/1.1" 200 6004 "http://www.warnerconsultinggroup.com/about_us/meet_the_team" "Mozilla/5.0 (compatible; MSIE 9.0; Windows NT 6.1; WOW64; Trident/5.0)"
131.252.233.124 - - [13/Aug/2013:22:20:55 -0400] "GET //images/social-head.png HTTP/1.1" 200 2344 "http://www.warnerconsultinggroup.com/about_us/meet_the_team" "Mozilla/5.0 (compatible; MSIE 9.0; Windows NT 6.1; WOW64; Trident/5.0)"
131.252.233.124 - - [13/Aug/2013:22:20:55 -0400] "GET //images/twitr.png HTTP/1.1" 200 1543 "http://www.warnerconsultinggroup.com/about_us/meet_the_team" "Mozilla/5.0 (compatible; MSIE 9.0; Windows NT 6.1; WOW64; Trident/5.0)"
131.252.233.124 - - [13/Aug/2013:22:20:55 -0400] "GET /images/theteam/Chris.jpg HTTP/1.1" 200 14530 "http://www.warnerconsultinggroup.com/about_us/meet_the_team" "Mozilla/5.0 (compatible; MSIE 9.0; Windows NT 6.1; WOW64; Trident/5.0)"
131.252.233.124 - - [13/Aug/2013:22:20:55 -0400] "GET /images/theteam/5-Jan.jpg HTTP/1.1" 200 2858 "http://www.warnerconsultinggroup.com/about_us/meet_the_team" "Mozilla/5.0 (compatible; MSIE 9.0; Windows NT 6.1; WOW64; Trident/5.0)"
131.252.233.124 - - [13/Aug/2013:22:20:55 -0400] "GET /about_us/images/bullet2.png HTTP/1.1" 200 6782 "http://www.warnerconsultinggroup.com/about_us/meet_the_team" "Mozilla/5.0 (compatible; MSIE 9.0; Windows NT 6.1; WOW64; Trident/5.0)"
199.30.228.153 - - [13/Aug/2013:22:32:51 -0400] "GET /images/footer-sep.jpg HTTP/1.1" 200 1127 "http://warnerconsultinggroup.com/" "Mozilla/5.0 (X11; Linux i686) AppleWebKit/534.34 (KHTML, like Gecko) Qt/4.8.4 Safari/534.34"
199.30.228.153 - - [13/Aug/2013:22:32:51 -0400] "GET /css/dropdown/themes/nvidia.com/default.css HTTP/1.1" 200 1866 "http://warnerconsultinggroup.com/" "Mozilla/5.0 (X11; Linux i686) AppleWebKit/534.34 (KHTML, like Gecko) Qt/4.8.4 Safari/534.34"
199.30.228.153 - - [13/Aug/2013:22:32:51 -0400] "GET /images/btn-readmore.jpg HTTP/1.1" 200 1587 "http://warnerconsultinggroup.com/" "Mozilla/5.0 (X11; Linux i686) AppleWebKit/534.34 (KHTML, like Gecko) Qt/4.8.4 Safari/534.34"
198.105.219.54 - - [13/Aug/2013:09:34:00 -0400] "HEAD / HTTP/1.1" 200 - "-" "checks.panopta.com"
5.63.151.190 - - [13/Aug/2013:07:17:47 -0400] "GET / HTTP/1.1" 200 9018 "-" "checks.panopta.com"
5.63.151.190 - - [13/Aug/2013:18:19:19 -0400] "HEAD / HTTP/1.1" 200 - "-" "checks.panopta.com"
129.188.33.27 - - [13/Aug/2013:20:00:38 -0400] "GET /images/gallery/services-3.jpg HTTP/1.1" 200 16546 "http://www.warnerconsultinggroup.com/" "Mozilla/4.0 (compatible; MSIE 8.0; Windows NT 6.1; WOW64; Trident/4.0; SLCC2; .NET CLR 2.0.50727; .NET CLR 3.5.30729; .NET CLR 3.0.30729; Media Center PC 6.0; .NET4.0C; .NET4.0E; InfoPath.2)"
129.188.33.27 - - [13/Aug/2013:20:00:45 -0400] "GET //images/footer-sep.jpg HTTP/1.1" 200 1127 "http://www.warnerconsultinggroup.com//contact_us" "Mozilla/4.0 (compatible; MSIE 8.0; Windows NT 6.1; WOW64; Trident/4.0; SLCC2; .NET CLR 2.0.50727; .NET CLR 3.5.30729; .NET CLR 3.0.30729; Media Center PC 6.0; .NET4.0C; .NET4.0E; InfoPath.2)"
123.125.71.102 - - [13/Aug/2013:20:39:35 -0400] "GET / HTTP/1.1" 200 9018 "-" "Mozilla/5.0 (compatible; Baiduspider/2.0; +http://www.baidu.com/search/spider.html)"
74.218.10.66 - - [13/Aug/2013:09:22:02 -0400] "GET /images/fb.png HTTP/1.1" 200 1264 "http://warnerconsultinggroup.com/" "Mozilla/5.0 (Windows NT 6.1; WOW64; rv:22.0) Gecko/20100101 Firefox/22.0"
74.218.10.66 - - [13/Aug/2013:09:22:03 -0400] "GET /images/footer-bg.jpg HTTP/1.1" 200 1167 "http://warnerconsultinggroup.com/css/style.css" "Mozilla/5.0 (Windows NT 6.1; WOW64; rv:22.0) Gecko/20100101 Firefox/22.0"
