129.188.33.27 - - [13/Aug/2013:20:00:48 -0400] "GET /images/image3.jpg HTTP/1.1" 200 85417 "http://www.warnerconsultinggroup.com/piecemaker.swf" "Mozilla/4.0 (compatible; MSIE 8.0; Windows NT 6.1; WOW64; Trident/4.0; SLCC2; .NET CLR 2.0.50727; .NET CLR 3.5.30729; .NET CLR 3.0.30729; Media Center PC 6.0; .NET4.0C; .NET4.0E; InfoPath.2)"
131.252.233.124 - - [13/Aug/2013:22:20:54 -0400] "GET //css/diQuery-collapsiblePanel.css HTTP/1.1" 200 506 "http://www.warnerconsultinggroup.com/about_us/meet_the_team" "Mozilla/5.0 (compatible; MSIE 9.0; Windows NT 6.1; WOW64; Trident/5.0)"
5.63.151.190 - - [13/Aug/2013:03:01:16 -0400] "HEAD / HTTP/1.1" 200 - "-" "checks.panopta.com"
194.29.0.110 - - [13/Aug/2013:10:32:37 -0400] "GET //css/diQuery-collapsiblePanel.css HTTP/1.1" 200 506 "http://www.warnerconsultinggroup.com//contact_us" "Mozilla/5.0 (compatible; MSIE 10.0; Windows NT 6.1; WOW64; Trident/6.0; MATM)"
194.29.0.110 - - [13/Aug/2013:10:32:37 -0400] "GET //images/social-head.png HTTP/1.1" 200 2344 "http://www.warnerconsultinggroup.com//contact_us" "Mozilla/5.0 (compatible; MSIE 10.0; Windows NT 6.1; WOW64; Trident/6.0; MATM)"
194.29.0.110 - - [13/Aug/2013:10:32:37 -0400] "GET //images/twitr.png HTTP/1.1" 200 1543 "http://www.warnerconsultinggroup.com//contact_us" "Mozilla/5.0 (compatible; MSIE 10.0; Windows NT 6.1; WOW64; Trident/6.0; MATM)"
194.29.0.110 - - [13/Aug/2013:10:32:42 -0400] "GET //images/bullet2.png HTTP/1.1" 200 451 "http://www.warnerconsultinggroup.com//contact_us" "Mozilla/5.0 (compatible; MSIE 10.0; Windows NT 6.1; WOW64; Trident/6.0; MATM)"
24.92.220.10 - - [13/Aug/2013:15:33:17 -0400] "GET /images/nav-left.png HTTP/1.1" 200 1223 "http://www.warnerconsultinggroup.com/" "Mozilla/4.0 (compatible; MSIE 8.0; Windows NT 5.1; Trident/4.0; .NET CLR 1.1.4322; .NET CLR 2.0.50727; .NET CLR 3.0.04506.30; .NET CLR 3.0.4506.2152; .NET CLR 3.5.30729; MDDR; InfoPath.2; .NET4.0C; .NET4.0E; MS-RTC LM 8)"
24.92.220.10 - - [13/Aug/2013:15:33:17 -0400] "GET /images/nav-right.png HTTP/1.1" 200 1282 "http://www.warnerconsultinggroup.com/" "Mozilla/4.0 (compatible; MSIE 8.0; Windows NT 5.1; Trident/4.0; .NET CLR 1.1.4322; .NET CLR 2.0.50727; .NET CLR 3.0.04506.30; .NET CLR 3.0.4506.2152; .NET CLR 3.5.30729; MDDR; InfoPath.2; .NET4.0C; .NET4.0E; MS-RTC LM 8)"
24.92.220.10 - - [13/Aug/2013:15:33:37 -0400] "GET //images/social-bg.png HTTP/1.1" 200 3056 "http://www.warnerconsultinggroup.com//clients" "Mozilla/4.0 (compatible; MSIE 8.0; Windows NT 5.1; Trident/4.0; .NET CLR 1.1.4322; .NET CLR 2.0.50727; .NET CLR 3.0.04506.30; .NET CLR 3.0.4506.2152; .NET CLR 3.5.30729; MDDR; InfoPath.2; .NET4.0C; .NET4.0E; MS-RTC LM 8)"
24.92.220.10 - - [13/Aug/2013:15:33:37 -0400] "GET //images/inner-content-mid.png HTTP/1.1" 200 211 "http://www.warnerconsultinggroup.com//clients" "Mozilla/4.0 (compatible; MSIE 8.0; Windows NT 5.1; Trident/4.0; .NET CLR 1.1.4322; .NET CLR 2.0.50727; .NET CLR 3.0.04506.30; .NET CLR 3.0.4506.2152; .NET CLR 3.5.30729; MDDR; InfoPath.2; .NET4.0C; .NET4.0E; MS-RTC LM 8)"
24.92.220.10 - - [13/Aug/2013:15:33:37 -0400] "GET //images/footer-sep.jpg HTTP/1.1" 200 1127 "http://www.warnerconsultinggroup.com//clients" "Mozilla/4.0 (compatible; MSIE 8.0; Windows NT 5.1; Trident/4.0; .NET CLR 1.1.4322; .NET CLR 2.0.50727; .NET CLR 3.0.04506.30; .NET CLR 3.0.4506.2152; .NET CLR 3.5.30729; MDDR; InfoPath.2; .NET4.0C; .NET4.0E; MS-RTC LM 8)"
24.92.220.10 - - [13/Aug/2013:15:33:37 -0400] "GET //images/bullet2.png HTTP/1.1" 200 451 "http://www.warnerconsultinggroup.com//clients" "Mozilla/4.0 (compatible; MSIE 8.0; Windows NT 5.1; Trident/4.0; .NET CLR 1.1.4322; .NET CLR 2.0.50727; .NET CLR 3.0.04506.30; .NET CLR 3.0.4506.2152; .NET CLR 3.5.30729; MDDR; InfoPath.2; .NET4.0C; .NET4.0E; MS-RTC LM 8)"
24.92.220.10 - - [13/Aug/2013:15:33:37 -0400] "GET //images/footer-bg.jpg HTTP/1.1" 200 1167 "http://www.warnerconsultinggroup.com//clients" "Mozilla/4.0 (compatible; MSIE 8.0; Windows NT 5.1; Trident/4.0; .NET CLR 1.1.4322; .NET CLR 2.0.50727; .NET CLR 3.0.04506.30; .NET CLR 3.0.4506.2152; .NET CLR 3.5.30729; MDDR; InfoPath.2; .NET4.0C; .NET4.0E; MS-RTC LM 8)"
24.92.220.10 - - [13/Aug/2013:15:33:37 -0400] "GET //images/right-box-top.png HTTP/1.1" 200 617 "http://www.warnerconsultinggroup.com//clients" "Mozilla/4.0 (compatible; MSIE 8.0; Windows NT 5.1; Trident/4.0; .NET CLR 1.1.4322; .NET CLR 2.0.50727; .NET CLR 3.0.04506.30; .NET CLR 3.0.4506.2152; .NET CLR 3.5.30729; MDDR; InfoPath.2; .NET4.0C; .NET4.0E; MS-RTC LM 8)"
24.92.220.10 - - [13/Aug/2013:15:33:37 -0400] "GET //images/inner-content-bot.png HTTP/1.1" 200 1411 "http://www.warnerconsultinggroup.com//clients" "Mozilla/4.0 (compatible; MSIE 8.0; Windows NT 5.1; Trident/4.0; .NET CLR 1.1.4322; .NET CLR 2.0.50727; .NET CLR 3.0.04506.30; .NET CLR 3.0.4506.2152; .NET CLR 3.5.30729; MDDR; InfoPath.2; .NET4.0C; .NET4.0E; MS-RTC LM 8)"
17.16.92.46 - - [13/Aug/2013:13:15:21 -0400] "GET //images/bg.jpg HTTP/1.1" 200 94591 "http://www.warnerconsultinggroup.com//consulting/warner_services" "Mozilla/5.0 (Macintosh; Intel Mac OS X 10_8_4) AppleWebKit/536.30.1 (KHTML, like Gecko) Version/6.0.5 Safari/536.30.1"
107.0.200.134 - - [13/Aug/2013:13:57:49 -0400] "GET /images/gallery/services-3.jpg HTTP/1.1" 200 16546 "http://warnerconsultinggroup.com/" "Mozilla/5.0 (Windows NT 6.2; WOW64) AppleWebKit/537.36 (KHTML, like Gecko) Chrome/28.0.1500.95 Safari/537.36"
107.0.200.134 - - [13/Aug/2013:13:57:49 -0400] "GET /piecemaker.swf HTTP/1.1" 200 208139 "http://www.warnerconsultinggroup.com/a.html" "Mozilla/5.0 (Windows NT 6.2; WOW64) AppleWebKit/537.36 (KHTML, like Gecko) Chrome/28.0.1500.95 Safari/537.36"
107.0.200.134 - - [13/Aug/2013:13:58:04 -0400] "GET /images/nav-right.png HTTP/1.1" 200 1282 "http://warnerconsultinggroup.com/" "Mozilla/5.0 (Windows NT 6.2; WOW64) AppleWebKit/537.36 (KHTML, like Gecko) Chrome/28.0.1500.95 Safari/537.36"
5.63.151.190 - - [13/Aug/2013:14:17:36 -0400] "HEAD / HTTP/1.1" 200 - "-" "checks.panopta.com"
50.17.65.121 - - [13/Aug/2013:18:32:09 -0400] "GET /about_us/code_of_ethics HTTP/1.1" 200 13577 "-" "Mozilla/5.0 (compatible; URLAppendBot/1.0; +http://www.profound.net/urlappendbot.html)"
173.65.153.188 - - [13/Aug/2013:19:52:42 -0400] "GET /images/logo.jpg HTTP/1.1" 200 6004 "http://warnerconsultinggroup.com/" "Mozilla/5.0 (Windows NT 6.1; WOW64) AppleWebKit/537.36 (KHTML, like Gecko) Chrome/28.0.1500.95 Safari/537.36"
173.65.153.188 - - [13/Aug/2013:19:52:42 -0400] "GET /images/btn-readmore.jpg HTTP/1.1" 200 1587 "http://warnerconsultinggroup.com/" "Mozilla/5.0 (Windows NT 6.1; WOW64) AppleWebKit/537.36 (KHTML, like Gecko) Chrome/28.0.1500.95 Safari/537.36"
173.65.153.188 - - [13/Aug/2013:19:52:44 -0400] "GET /favicon.ico HTTP/1.1" 404 9018 "-" "Mozilla/5.0 (Windows NT 6.1; WOW64) AppleWebKit/537.36 (KHTML, like Gecko) Chrome/28.0.1500.95 Safari/537.36"
173.65.153.188 - - [13/Aug/2013:19:52:46 -0400] "GET /images/nav-right.png HTTP/1.1" 200 1282 "http://warnerconsultinggroup.com/" "Mozilla/5.0 (Windows NT 6.1; WOW64) AppleWebKit/537.36 (KHTML, like Gecko) Chrome/28.0.1500.95 Safari/537.36"
129.188.33.27 - - [13/Aug/2013:20:00:38 -0400] "GET /images/twitr.png HTTP/1.1" 200 1543 "http://www.warnerconsultinggroup.com/" "Mozilla/4.0 (compatible; MSIE 8.0; Windows NT 6.1; WOW64; Trident/4.0; SLCC2; .NET CLR 2.0.50727; .NET CLR 3.5.30729; .NET CLR 3.0.30729; Media Center PC 6.0; .NET4.0C; .NET4.0E; InfoPath.2)"
123.125.71.72 - - [13/Aug/2013:20:42:55 -0400] "GET /index.php HTTP/1.1" 200 9018 "-" "Mozilla/5.0 (compatible; Baiduspider/2.0; +http://www.baidu.com/search/spider.html)"
194.29.0.110 - - [13/Aug/2013:10:32:24 -0400] "GET /css/style.css HTTP/1.1" 200 7000 "http://www.warnerconsultinggroup.com/" "Mozilla/5.0 (compatible; MSIE 10.0; Windows NT 6.1; WOW64; Trident/6.0; MATM)"
194.29.0.110 - - [13/Aug/2013:10:32:24 -0400] "GET /images/logo.jpg HTTP/1.1" 200 6004 "http://www.warnerconsultinggroup.com/" "Mozilla/5.0 (compatible; MSIE 10.0; Windows NT 6.1; WOW64; Trident/6.0; MATM)"
194.29.0.110 - - [13/Aug/2013:10:32:25 -0400] "GET /images/gallery/services-3.jpg HTTP/1.1" 200 16546 "http://www.warnerconsultinggroup.com/" "Mozilla/5.0 (compatible; MSIE 10.0; Windows NT 6.1; WOW64; Trident/6.0; MATM)"
194.29.0.110 - - [13/Aug/2013:10:32:25 -0400] "GET /css/dropdown/themes/nvidia.com/default.css HTTP/1.1" 200 1866 "http://www.warnerconsultinggroup.com/" "Mozilla/5.0 (compatible; MSIE 10.0; Windows NT 6.1; WOW64; Trident/6.0; MATM)"
194.29.0.110 - - [13/Aug/2013:10:32:25 -0400] "GET /a.html HTTP/1.1" 200 1082 "http://www.warnerconsultinggroup.com/" "Mozilla/5.0 (compatible; MSIE 10.0; Windows NT 6.1; WOW64; Trident/6.0; MATM)"
194.29.0.110 - - [13/Aug/2013:10:32:25 -0400] "GET /images/footer-bg.jpg HTTP/1.1" 200 1167 "http://www.warnerconsultinggroup.com/" "Mozilla/5.0 (compatible; MSIE 10.0; Windows NT 6.1; WOW64; Trident/6.0; MATM)"
194.29.0.110 - - [13/Aug/2013:10:32:27 -0400] "GET /images/nav-right.png HTTP/1.1" 200 1282 "http://www.warnerconsultinggroup.com/" "Mozilla/5.0 (compatible; MSIE 10.0; Windows NT 6.1; WOW64; Trident/6.0; MATM)"
194.29.0.110 - - [13/Aug/2013:10:32:27 -0400] "GET /images/image3.jpg HTTP/1.1" 200 85417 "http://www.warnerconsultinggroup.com/piecemaker.swf" "Mozilla/5.0 (compatible; MSIE 10.0; Windows NT 6.1; WOW64; Trident/6.0; MATM)"
5.63.151.190 - - [13/Aug/2013:11:30:56 -0400] "HEAD / HTTP/1.1" 200 - "-" "checks.panopta.com"
199.30.228.153 - - [13/Aug/2013:22:32:51 -0400] "GET /images/fb.png HTTP/1.1" 200 1264 "http://warnerconsultinggroup.com/" "Mozilla/5.0 (X11; Linux i686) AppleWebKit/534.34 (KHTML, like Gecko) Qt/4.8.4 Safari/534.34"
199.30.228.153 - - [13/Aug/2013:22:32:51 -0400] "GET /images/bg.jpg HTTP/1.1" 200 94591 "http://warnerconsultinggroup.com/" "Mozilla/5.0 (X11; Linux i686) AppleWebKit/534.34 (KHTML, like Gecko) Qt/4.8.4 Safari/534.34"
5.63.151.190 - - [13/Aug/2013:12:46:42 -0400] "HEAD / HTTP/1.1" 200 - "-" "checks.panopta.com"
100.43.83.144 - - [13/Aug/2013:13:35:05 -0400] "GET /robots.txt HTTP/1.1" 200 6782 "-" "Mozilla/5.0 (compatible; YandexBot/3.0; +http://yandex.com/bots)"
107.0.200.134 - - [13/Aug/2013:13:58:04 -0400] "GET /images/nav-left.png HTTP/1.1" 200 1223 "http://warnerconsultinggroup.com/" "Mozilla/5.0 (Windows NT 6.2; WOW64) AppleWebKit/537.36 (KHTML, like Gecko) Chrome/28.0.1500.95 Safari/537.36"
4.31.68.130 - - [13/Aug/2013:14:48:20 -0400] "GET /images/twitr.png HTTP/1.1" 200 1543 "http://www.warnerconsultinggroup.com/" "Mozilla/4.0 (compatible; MSIE 8.0; Windows NT 5.1; Trident/4.0; .NET CLR 2.0.50727; .NET CLR 3.0.4506.2152; .NET CLR 3.5.30729; MS-RTC LM 8)"
4.31.68.130 - - [13/Aug/2013:14:48:20 -0400] "GET /css/dropdown/themes/nvidia.com/default.css HTTP/1.1" 200 1866 "http://www.warnerconsultinggroup.com/" "Mozilla/4.0 (compatible; MSIE 8.0; Windows NT 5.1; Trident/4.0; .NET CLR 2.0.50727; .NET CLR 3.0.4506.2152; .NET CLR 3.5.30729; MS-RTC LM 8)"
4.31.68.130 - - [13/Aug/2013:14:48:22 -0400] "GET /favicon.ico HTTP/1.1" 404 9018 "-" "Mozilla/4.0 (compatible; MSIE 8.0; Windows NT 5.1; Trident/4.0; .NET CLR 2.0.50727; .NET CLR 3.0.4506.2152; .NET CLR 3.5.30729; MS-RTC LM 8)"
173.199.114.147 - - [13/Aug/2013:04:24:38 -0400] "GET /inspiring_innovation HTTP/1.1" 200 11658 "-" "Mozilla/5.0 (compatible; AhrefsBot/4.0; +http://ahrefs.com/robot/)"
8.28.16.254 - - [13/Aug/2013:15:33:34 -0400] "GET /clients HTTP/1.1" 200 22510 "-" "Mozilla/4.0 (compatible; MSIE 7.0; Windows NT 5.1; InfoPath.1; .NET CLR 2.0.50727; .NET CLR 1.1.4322; MS-RTC LM 8; .NET CLR 3.0.4506.2152; .NET CLR 3.5.30729)"
209.190.1.133 - - [13/Aug/2013:07:01:31 -0400] "GET / HTTP/1.1" 200 9018 "-" "Mozilla/5.0 (compatible; MSIE 8.0; Windows NT 5.1) KomodiaBot/1.0"
5.63.151.190 - - [13/Aug/2013:08:17:56 -0400] "HEAD / HTTP/1.1" 200 - "-" "checks.panopta.com"
66.249.72.181 - - [13/Aug/2013:00:37:35 -0400] "GET /robots.txt HTTP/1.1" 200 6782 "-" "Mozilla/5.0 (compatible; Googlebot/2.1; +http://www.google.com/bot.html)"
5.10.83.81 - - [13/Aug/2013:01:18:09 -0400] "GET //about_us/inspiring_innovation HTTP/1.1" 200 6782 "-" "Mozilla/5.0 (compatible; AhrefsBot/5.0; +http://ahrefs.com/robot/)"
5.63.151.190 - - [13/Aug/2013:02:16:13 -0400] "HEAD / HTTP/1.1" 200 - "-" "checks.panopta.com"
17.16.92.46 - - [13/Aug/2013:13:15:00 -0400] "GET /images/sep.jpg HTTP/1.1" 200 2186 "http://www.warnerconsultinggroup.com/" "Mozilla/5.0 (Macintosh; Intel Mac OS X 10_8_4) AppleWebKit/536.30.1 (KHTML, like Gecko) Version/6.0.5 Safari/536.30.1"
5.63.151.190 - - [13/Aug/2013:04:46:38 -0400] "HEAD / HTTP/1.1" 200 - "-" "checks.panopta.com"
173.65.153.188 - - [13/Aug/2013:19:52:49 -0400] "GET //css/style.css HTTP/1.1" 200 7000 "http://www.warnerconsultinggroup.com//about_us" "Mozilla/5.0 (Windows NT 6.1; WOW64) AppleWebKit/537.36 (KHTML, like Gecko) Chrome/28.0.1500.95 Safari/537.36"
173.65.153.188 - - [13/Aug/2013:19:52:50 -0400] "GET //images/social-head.png HTTP/1.1" 200 2344 "http://www.warnerconsultinggroup.com//about_us" "Mozilla/5.0 (Windows NT 6.1; WOW64) AppleWebKit/537.36 (KHTML, like Gecko) Chrome/28.0.1500.95 Safari/537.36"
173.65.153.188 - - [13/Aug/2013:19:52:50 -0400] "GET //images/bg.jpg HTTP/1.1" 200 94591 "http://www.warnerconsultinggroup.com//about_us" "Mozilla/5.0 (Windows NT 6.1; WOW64) AppleWebKit/537.36 (KHTML, like Gecko) Chrome/28.0.1500.95 Safari/537.36"
129.188.33.27 - - [13/Aug/2013:20:00:45 -0400] "GET //images/bullet2.png HTTP/1.1" 200 451 "http://www.warnerconsultinggroup.com//contact_us" "Mozilla/4.0 (compatible; MSIE 8.0; Windows NT 6.1; WOW64; Trident/4.0; SLCC2; .NET CLR 2.0.50727; .NET CLR 3.5.30729; .NET CLR 3.0.30729; Media Center PC 6.0; .NET4.0C; .NET4.0E; InfoPath.2)"
131.252.233.124 - - [13/Aug/2013:22:20:58 -0400] "GET //images/inner-content-top.png HTTP/1.1" 200 1386 "http://www.warnerconsultinggroup.com/about_us/meet_the_team" "Mozilla/5.0 (compatible; MSIE 9.0; Windows NT 6.1; WOW64; Trident/5.0)"
131.252.233.124 - - [13/Aug/2013:22:20:58 -0400] "GET //images/footer-bg.jpg HTTP/1.1" 200 1167 "http://www.warnerconsultinggroup.com/about_us/meet_the_team" "Mozilla/5.0 (compatible; MSIE 9.0; Windows NT 6.1; WOW64; Trident/5.0)"
131.252.233.124 - - [13/Aug/2013:22:20:58 -0400] "GET //images/bullet2.png HTTP/1.1" 200 451 "http://www.warnerconsultinggroup.com/about_us/meet_the_team" "Mozilla/5.0 (compatible; MSIE 9.0; Windows NT 6.1; WOW64; Trident/5.0)"
131.252.233.124 - - [13/Aug/2013:22:20:58 -0400] "GET //images/inner-content-mid.png HTTP/1.1" 200 211 "http://www.warnerconsultinggroup.com/about_us/meet_the_team" "Mozilla/5.0 (compatible; MSIE 9.0; Windows NT 6.1; WOW64; Trident/5.0)"
199.30.228.153 - - [13/Aug/2013:22:32:51 -0400] "GET /Scripts/swfobject/swfobject.js HTTP/1.1" 200 9759 "http://www.warnerconsultinggroup.com/a.html" "Mozilla/5.0 (X11; Linux i686) AppleWebKit/534.34 (KHTML, like Gecko) Qt/4.8.4 Safari/534.34"
74.218.10.66 - - [13/Aug/2013:09:22:02 -0400] "GET /images/logo.jpg HTTP/1.1" 200 6004 "http://warnerconsultinggroup.com/" "Mozilla/5.0 (Windows NT 6.1; WOW64; rv:22.0) Gecko/20100101 Firefox/22.0"
74.218.10.66 - - [13/Aug/2013:09:22:03 -0400] "GET /images/social-bg.png HTTP/1.1" 200 3056 "http://warnerconsultinggroup.com/css/style.css" "Mozilla/5.0 (Windows NT 6.1; WOW64; rv:22.0) Gecko/20100101 Firefox/22.0"
69.248.184.114 - - [13/Aug/2013:09:37:02 -0400] "GET /favicon.ico HTTP/1.1" 404 9018 "-" "Mozilla/5.0 (Windows NT 6.1; WOW64) AppleWebKit/537.36 (KHTML, like Gecko) Chrome/28.0.1500.95 Safari/537.36"
69.248.184.114 - - [13/Aug/2013:09:42:45 -0400] "GET /favicon.ico HTTP/1.1" 404 9018 "-" "Mozilla/5.0 (Windows NT 6.1; WOW64) AppleWebKit/537.36 (KHTML, like Gecko) Chrome/28.0.1500.95 Safari/537.36"
66.249.75.181 - - [13/Aug/2013:10:24:06 -0400] "GET /robots.txt HTTP/1.1" 200 6782 "-" "Mozilla/5.0 (compatible; Googlebot/2.1; +http://www.google.com/bot.html)"
24.92.220.10 - - [13/Aug/2013:15:32:40 -0400] "GET /css/style.css HTTP/1.1" 200 7000 "http://www.warnerconsultinggroup.com/" "Mozilla/4.0 (compatible; MSIE 8.0; Windows NT 5.1; Trident/4.0; .NET CLR 1.1.4322; .NET CLR 2.0.50727; .NET CLR 3.0.04506.30; .NET CLR 3.0.4506.2152; .NET CLR 3.5.30729; MDDR; InfoPath.2; .NET4.0C; .NET4.0E; MS-RTC LM 8)"
24.92.220.10 - - [13/Aug/2013:15:32:40 -0400] "GET /images/gallery/services-2.jpg HTTP/1.1" 200 13974 "http://www.warnerconsultinggroup.com/" "Mozilla/4.0 (compatible; MSIE 8.0; Windows NT 5.1; Trident/4.0; .NET CLR 1.1.4322; .NET CLR 2.0.50727; .NET CLR 3.0.04506.30; .NET CLR 3.0.4506.2152; .NET CLR 3.5.30729; MDDR; InfoPath.2; .NET4.0C; .NET4.0E; MS-RTC LM 8)"
24.92.220.10 - - [13/Aug/2013:15:32:40 -0400] "GET /images/bg.jpg HTTP/1.1" 200 94591 "http://www.warnerconsultinggroup.com/" "Mozilla/4.0 (compatible; MSIE 8.0; Windows NT 5.1; Trident/4.0; .NET CLR 1.1.4322; .NET CLR 2.0.50727; .NET CLR 3.0.04506.30; .NET CLR 3.0.4506.2152; .NET CLR 3.5.30729; MDDR; InfoPath.2; .NET4.0C; .NET4.0E; MS-RTC LM 8)"
24.92.220.10 - - [13/Aug/2013:15:32:40 -0400] "GET /a.html HTTP/1.1" 200 1082 "http://www.warnerconsultinggroup.com/" "Mozilla/4.0 (compatible; MSIE 8.0; Windows NT 5.1; Trident/4.0; .NET CLR 1.1.4322; .NET CLR 2.0.50727; .NET CLR 3.0.04506.30; .NET CLR 3.0.4506.2152; .NET CLR 3.5.30729; MDDR; InfoPath.2; .NET4.0C; .NET4.0E; MS-RTC LM 8)"
24.92.220.10 - - [13/Aug/2013:15:32:40 -0400] "GET /Scripts/swfobject/swfobject.js HTTP/1.1" 200 9759 "http://www.warnerconsultinggroup.com/a.html" "Mozilla/4.0 (compatible; MSIE 8.0; Windows NT 5.1; Trident/4.0; .NET CLR 1.1.4322; .NET CLR 2.0.50727; .NET CLR 3.0.04506.30; .NET CLR 3.0.4506.2152; .NET CLR 3.5.30729; MDDR; InfoPath.2; .NET4.0C; .NET4.0E; MS-RTC LM 8)"
24.92.220.10 - - [13/Aug/2013:15:32:40 -0400] "GET /Scripts/swfobject/swfobject.js HTTP/1.1" 304 - "http://www.warnerconsultinggroup.com/a.html" "Mozilla/4.0 (compatible; MSIE 8.0; Windows NT 5.1; Trident/4.0; .NET CLR 1.1.4322; .NET CLR 2.0.50727; .NET CLR 3.0.04506.30; .NET CLR 3.0.4506.2152; .NET CLR 3.5.30729; MDDR; InfoPath.2; .NET4.0C; .NET4.0E; MS-RTC LM 8)"
24.92.220.10 - - [13/Aug/2013:15:32:42 -0400] "GET /piecemaker.swf HTTP/1.1" 200 208139 "http://www.warnerconsultinggroup.com/a.html" "Mozilla/4.0 (compatible; MSIE 8.0; Windows NT 5.1; Trident/4.0; .NET CLR 1.1.4322; .NET CLR 2.0.50727; .NET CLR 3.0.04506.30; .NET CLR 3.0.4506.2152; .NET CLR 3.5.30729; MDDR; InfoPath.2; .NET4.0C; .NET4.0E; MS-RTC LM 8)"
24.92.220.10 - - [13/Aug/2013:15:33:35 -0400] "GET //css/style.css HTTP/1.1" 200 7000 "http://www.warnerconsultinggroup.com//clients" "Mozilla/4.0 (compatible; MSIE 8.0; Windows NT 5.1; Trident/4.0; .NET CLR 1.1.4322; .NET CLR 2.0.50727; .NET CLR 3.0.04506.30; .NET CLR 3.0.4506.2152; .NET CLR 3.5.30729; MDDR; InfoPath.2; .NET4.0C; .NET4.0E; MS-RTC LM 8)"
24.92.220.10 - - [13/Aug/2013:15:33:37 -0400] "GET //images/bg.jpg HTTP/1.1" 200 94591 "http://www.warnerconsultinggroup.com//clients" "Mozilla/4.0 (compatible; MSIE 8.0; Windows NT 5.1; Trident/4.0; .NET CLR 1.1.4322; .NET CLR 2.0.50727; .NET CLR 3.0.04506.30; .NET CLR 3.0.4506.2152; .NET CLR 3.5.30729; MDDR; InfoPath.2; .NET4.0C; .NET4.0E; MS-RTC LM 8)"
24.92.220.10 - - [13/Aug/2013:15:33:37 -0400] "GET //images/right-box-mid.png HTTP/1.1" 200 134 "http://www.warnerconsultinggroup.com//clients" "Mozilla/4.0 (compatible; MSIE 8.0; Windows NT 5.1; Trident/4.0; .NET CLR 1.1.4322; .NET CLR 2.0.50727; .NET CLR 3.0.04506.30; .NET CLR 3.0.4506.2152; .NET CLR 3.5.30729; MDDR; InfoPath.2; .NET4.0C; .NET4.0E; MS-RTC LM 8)"
24.92.220.10 - - [13/Aug/2013:15:33:37 -0400] "GET //images/nav-right.png HTTP/1.1" 200 1282 "http://www.warnerconsultinggroup.com//clients" "Mozilla/4.0 (compatible; MSIE 8.0; Windows NT 5.1; Trident/4.0; .NET CLR 1.1.4322; .NET CLR 2.0.50727; .NET CLR 3.0.04506.30; .NET CLR 3.0.4506.2152; .NET CLR 3.5.30729; MDDR; InfoPath.2; .NET4.0C; .NET4.0E; MS-RTC LM 8)"
5.63.151.190 - - [13/Aug/2013:16:03:22 -0400] "HEAD / HTTP/1.1" 200 - "-" "checks.panopta.com"
5.63.151.190 - - [13/Aug/2013:21:20:45 -0400] "HEAD / HTTP/1.1" 200 - "-" "checks.panopta.com"
131.252.233.124 - - [13/Aug/2013:22:20:54 -0400] "GET //js/jquery-1.3.2.min.js HTTP/1.1" 200 57254 "http://www.warnerconsultinggroup.com/about_us/meet_the_team" "Mozilla/5.0 (compatible; MSIE 9.0; Windows NT 6.1; WOW64; Trident/5.0)"
131.252.233.124 - - [13/Aug/2013:22:20:55 -0400] "GET /images/theteam/3-Kelly.jpg HTTP/1.1" 200 2815 "http://www.warnerconsultinggroup.com/about_us/meet_the_team" "Mozilla/5.0 (compatible; MSIE 9.0; Windows NT 6.1; WOW64; Trident/5.0)"
131.252.233.124 - - [13/Aug/2013:22:20:58 -0400] "GET /a.html HTTP/1.1" 200 1082 "http://www.warnerconsultinggroup.com/about_us/meet_the_team" "Mozilla/5.0 (compatible; MSIE 9.0; Windows NT 6.1; WOW64; Trident/5.0)"
131.252.233.124 - - [13/Aug/2013:22:20:58 -0400] "GET //images/right-box-mid.png HTTP/1.1" 200 134 "http://www.warnerconsultinggroup.com/about_us/meet_the_team" "Mozilla/5.0 (compatible; MSIE 9.0; Windows NT 6.1; WOW64; Trident/5.0)"
131.252.233.124 - - [13/Aug/2013:22:20:58 -0400] "GET //images/right-box-bot.png HTTP/1.1" 200 411 "http://www.warnerconsultinggroup.com/about_us/meet_the_team" "Mozilla/5.0 (compatible; MSIE 9.0; Windows NT 6.1; WOW64; Trident/5.0)"
131.252.233.124 - - [13/Aug/2013:22:20:59 -0400] "GET /piecemaker.swf HTTP/1.1" 200 208139 "http://www.warnerconsultinggroup.com/a.html" "Mozilla/5.0 (compatible; MSIE 9.0; Windows NT 6.1; WOW64; Trident/5.0)"
5.63.151.190 - - [13/Aug/2013:06:02:12 -0400] "HEAD / HTTP/1.1" 200 - "-" "checks.panopta.com"
209.190.1.131 - - [13/Aug/2013:07:02:58 -0400] "GET /a.html HTTP/1.1" 200 1082 "-" "M"
209.190.1.131 - - [13/Aug/2013:07:03:09 -0400] "GET /warner_services HTTP/1.1" 200 20229 "-" "M"
193.106.136.58 - - [13/Aug/2013:13:15:22 -0400] "GET / HTTP/1.1" 200 9018 "http://aztraf.pw/?az54461" "Mozilla/3.0 (compatible; WebCapture 2.0; Auto; Windows)"
208.78.96.220 - - [13/Aug/2013:14:28:59 -0400] "GET /robots.txt HTTP/1.1" 200 6782 "-" "Mozilla/5.0 (compatible; Mozilla/5.0; +http://wiki.github.com/bixo/bixo/bixocrawler; bixo-dev@yahoogroups.com)"
157.55.35.31 - - [13/Aug/2013:03:27:22 -0400] "GET /robots.txt HTTP/1.1" 200 6782 "-" "Mozilla/5.0 (compatible; bingbot/2.0; +http://www.bing.com/bingbot.htm)"
5.10.83.81 - - [13/Aug/2013:00:23:14 -0400] "GET //about_us/clients HTTP/1.1" 200 6782 "-" "Mozilla/5.0 (compatible; AhrefsBot/5.0; +http://ahrefs.com/robot/)"
5.63.151.190 - - [13/Aug/2013:11:46:03 -0400] "HEAD / HTTP/1.1" 200 - "-" "checks.panopta.com"
24.92.220.10 - - [13/Aug/2013:15:34:55 -0400] "GET //about_us/meet_the_team HTTP/1.1" 200 24289 "-" "Mozilla/4.0 (compatible; MSIE 8.0; Windows NT 5.1; Trident/4.0; .NET CLR 1.1.4322; .NET CLR 2.0.50727; .NET CLR 3.0.04506.30; .NET CLR 3.0.4506.2152; .NET CLR 3.5.30729; MDDR; InfoPath.2; .NET4.0C; .NET4.0E; MS-RTC LM 8)"
50.17.65.121 - - [13/Aug/2013:18:31:56 -0400] "GET /about_us/meet_the_team HTTP/1.1" 200 24289 "-" "Mozilla/5.0 (compatible; URLAppendBot/1.0; +http://www.profound.net/urlappendbot.html)"
5.63.151.190 - - [13/Aug/2013:20:04:48 -0400] "HEAD / HTTP/1.1" 200 - "-" "checks.panopta.com"
209.190.1.131 - - [13/Aug/2013:07:03:02 -0400] "GET /news HTTP/1.1" 200 17995 "-" "M"
74.218.10.66 - - [13/Aug/2013:09:22:11 -0400] "GET /piecemaker1.xml HTTP/1.1" 200 1730 "http://www.warnerconsultinggroup.com/piecemaker.swf" "Mozilla/5.0 (Windows NT 6.1; WOW64; rv:22.0) Gecko/20100101 Firefox/22.0"
74.218.10.66 - - [13/Aug/2013:09:22:12 -0400] "GET /piecemaker.css HTTP/1.1" 200 791 "http://www.warnerconsultinggroup.com/piecemaker.swf" "Mozilla/5.0 (Windows NT 6.1; WOW64; rv:22.0) Gecko/20100101 Firefox/22.0"
74.218.10.66 - - [13/Aug/2013:09:22:12 -0400] "GET /images/image1.jpg HTTP/1.1" 200 88539 "http://www.warnerconsultinggroup.com/piecemaker.swf" "Mozilla/5.0 (Windows NT 6.1; WOW64; rv:22.0) Gecko/20100101 Firefox/22.0"
74.218.10.66 - - [13/Aug/2013:09:22:14 -0400] "GET /images/image2.jpg HTTP/1.1" 200 106569 "http://www.warnerconsultinggroup.com/piecemaker.swf" "Mozilla/5.0 (Windows NT 6.1; WOW64; rv:22.0) Gecko/20100101 Firefox/22.0"
5.63.151.190 - - [13/Aug/2013:11:15:51 -0400] "HEAD / HTTP/1.1" 200 - "-" "checks.panopta.com"
4.31.68.130 - - [13/Aug/2013:14:48:20 -0400] "GET /images/logo.jpg HTTP/1.1" 200 6004 "http://www.warnerconsultinggroup.com/" "Mozilla/4.0 (compatible; MSIE 8.0; Windows NT 5.1; Trident/4.0; .NET CLR 2.0.50727; .NET CLR 3.0.4506.2152; .NET CLR 3.5.30729; MS-RTC LM 8)"
4.31.68.130 - - [13/Aug/2013:14:48:20 -0400] "GET /images/sep.jpg HTTP/1.1" 200 2186 "http://www.warnerconsultinggroup.com/" "Mozilla/4.0 (compatible; MSIE 8.0; Windows NT 5.1; Trident/4.0; .NET CLR 2.0.50727; .NET CLR 3.0.4506.2152; .NET CLR 3.5.30729; MS-RTC LM 8)"
173.65.153.188 - - [13/Aug/2013:19:52:42 -0400] "GET /css/dropdown/themes/nvidia.com/default.advanced.css HTTP/1.1" 200 1342 "http://warnerconsultinggroup.com/" "Mozilla/5.0 (Windows NT 6.1; WOW64) AppleWebKit/537.36 (KHTML, like Gecko) Chrome/28.0.1500.95 Safari/537.36"
173.65.153.188 - - [13/Aug/2013:19:52:42 -0400] "GET /images/head-welcome.jpg HTTP/1.1" 200 15302 "http://warnerconsultinggroup.com/" "Mozilla/5.0 (Windows NT 6.1; WOW64) AppleWebKit/537.36 (KHTML, like Gecko) Chrome/28.0.1500.95 Safari/537.36"
209.190.1.131 - - [13/Aug/2013:07:02:52 -0400] "GET /creating_efficiency HTTP/1.1" 200 11923 "-" "M"
209.190.1.131 - - [13/Aug/2013:07:03:04 -0400] "GET /news/news_letter HTTP/1.1" 200 15065 "-" "M"
209.190.1.131 - - [13/Aug/2013:07:03:05 -0400] "GET /news/published_articles HTTP/1.1" 200 16094 "-" "M"
46.119.118.152 - - [13/Aug/2013:07:23:41 -0400] "GET / HTTP/1.1" 200 9018 "http://seotrast.ru/" "Mozilla/4.0 (compatible; MSIE 6.0; Windows NT 5.1; SV1; .NET CLR 1.1.4322)"
5.63.151.190 - - [13/Aug/2013:05:47:09 -0400] "HEAD / HTTP/1.1" 200 - "-" "checks.panopta.com"
5.63.151.190 - - [13/Aug/2013:09:03:03 -0400] "HEAD / HTTP/1.1" 200 - "-" "checks.panopta.com"
74.218.10.66 - - [13/Aug/2013:09:22:00 -0400] "GET / HTTP/1.1" 200 9018 "-" "Mozilla/5.0 (Windows NT 6.1; WOW64; rv:22.0) Gecko/20100101 Firefox/22.0"
74.218.10.66 - - [13/Aug/2013:09:22:02 -0400] "GET /css/style.css HTTP/1.1" 200 7000 "http://warnerconsultinggroup.com/" "Mozilla/5.0 (Windows NT 6.1; WOW64; rv:22.0) Gecko/20100101 Firefox/22.0"
74.218.10.66 - - [13/Aug/2013:09:22:02 -0400] "GET /css/dropdown/dropdown.css HTTP/1.1" 200 1026 "http://warnerconsultinggroup.com/" "Mozilla/5.0 (Windows NT 6.1; WOW64; rv:22.0) Gecko/20100101 Firefox/22.0"
74.218.10.66 - - [13/Aug/2013:09:22:02 -0400] "GET /a.html HTTP/1.1" 200 1082 "http://warnerconsultinggroup.com/" "Mozilla/5.0 (Windows NT 6.1; WOW64; rv:22.0) Gecko/20100101 Firefox/22.0"
74.218.10.66 - - [13/Aug/2013:09:22:02 -0400] "GET /css/dropdown/themes/nvidia.com/default.advanced.css HTTP/1.1" 200 1342 "http://warnerconsultinggroup.com/" "Mozilla/5.0 (Windows NT 6.1; WOW64; rv:22.0) Gecko/20100101 Firefox/22.0"
74.218.10.66 - - [13/Aug/2013:09:22:02 -0400] "GET /images/head-welcome.jpg HTTP/1.1" 200 15302 "http://warnerconsultinggroup.com/" "Mozilla/5.0 (Windows NT 6.1; WOW64; rv:22.0) Gecko/20100101 Firefox/22.0"
74.218.10.66 - - [13/Aug/2013:09:22:02 -0400] "GET /images/gallery/services-1.jpg HTTP/1.1" 200 14545 "http://warnerconsultinggroup.com/" "Mozilla/5.0 (Windows NT 6.1; WOW64; rv:22.0) Gecko/20100101 Firefox/22.0"
74.218.10.66 - - [13/Aug/2013:09:22:03 -0400] "GET /css/dropdown/themes/nvidia.com/default.css HTTP/1.1" 200 1866 "http://warnerconsultinggroup.com/css/dropdown/themes/nvidia.com/default.advanced.css" "Mozilla/5.0 (Windows NT 6.1; WOW64; rv:22.0) Gecko/20100101 Firefox/22.0"
74.218.10.66 - - [13/Aug/2013:09:22:03 -0400] "GET /images/bg.jpg HTTP/1.1" 200 94591 "http://warnerconsultinggroup.com/css/style.css" "Mozilla/5.0 (Windows NT 6.1; WOW64; rv:22.0) Gecko/20100101 Firefox/22.0"
115.236.138.103 - - [13/Aug/2013:10:39:17 -0400] "GET /robots.txt HTTP/1.1" 200 6782 "http://warnerconsultinggroup.com/" "Mozilla/5.0 (compatible; MSIE 8.0; Windows NT 6.1)"
66.249.72.181 - - [13/Aug/2013:19:17:54 -0400] "GET /robots.txt HTTP/1.1" 200 6782 "-" "Mozilla/5.0 (compatible; Googlebot/2.1; +http://www.google.com/bot.html)"
123.125.71.81 - - [13/Aug/2013:20:42:56 -0400] "GET / HTTP/1.1" 200 9018 "-" "Mozilla/5.0 (compatible; Baiduspider/2.0; +http://www.baidu.com/search/spider.html)"
107.0.200.134 - - [13/Aug/2013:13:57:49 -0400] "GET /images/fb.png HTTP/1.1" 200 1264 "http://warnerconsultinggroup.com/" "Mozilla/5.0 (Windows NT 6.2; WOW64) AppleWebKit/537.36 (KHTML, like Gecko) Chrome/28.0.1500.95 Safari/537.36"
107.0.200.134 - - [13/Aug/2013:13:57:49 -0400] "GET /images/footer-bg.jpg HTTP/1.1" 200 1167 "http://warnerconsultinggroup.com/" "Mozilla/5.0 (Windows NT 6.2; WOW64) AppleWebKit/537.36 (KHTML, like Gecko) Chrome/28.0.1500.95 Safari/537.36"
107.0.200.134 - - [13/Aug/2013:13:57:56 -0400] "GET /piecemaker1.xml HTTP/1.1" 200 1730 "http://www.warnerconsultinggroup.com/a.html" "Mozilla/5.0 (Windows NT 6.2; WOW64) AppleWebKit/537.36 (KHTML, like Gecko) Chrome/28.0.1500.95 Safari/537.36"
107.0.200.134 - - [13/Aug/2013:13:57:56 -0400] "GET /piecemaker.css HTTP/1.1" 200 791 "http://www.warnerconsultinggroup.com/a.html" "Mozilla/5.0 (Windows NT 6.2; WOW64) AppleWebKit/537.36 (KHTML, like Gecko) Chrome/28.0.1500.95 Safari/537.36"
107.0.200.134 - - [13/Aug/2013:13:57:56 -0400] "GET /images/image1.jpg HTTP/1.1" 200 88539 "http://www.warnerconsultinggroup.com/a.html" "Mozilla/5.0 (Windows NT 6.2; WOW64) AppleWebKit/537.36 (KHTML, like Gecko) Chrome/28.0.1500.95 Safari/537.36"
107.0.200.134 - - [13/Aug/2013:13:57:57 -0400] "GET /images/image2.jpg HTTP/1.1" 200 106569 "http://www.warnerconsultinggroup.com/a.html" "Mozilla/5.0 (Windows NT 6.2; WOW64) AppleWebKit/537.36 (KHTML, like Gecko) Chrome/28.0.1500.95 Safari/537.36"
107.0.200.134 - - [13/Aug/2013:13:58:00 -0400] "GET /images/image3.jpg HTTP/1.1" 200 85417 "http://www.warnerconsultinggroup.com/a.html" "Mozilla/5.0 (Windows NT 6.2; WOW64) AppleWebKit/537.36 (KHTML, like Gecko) Chrome/28.0.1500.95 Safari/537.36"
129.188.33.27 - - [13/Aug/2013:20:00:45 -0400] "GET //css/diQuery-collapsiblePanel.css HTTP/1.1" 200 506 "http://www.warnerconsultinggroup.com//contact_us" "Mozilla/4.0 (compatible; MSIE 8.0; Windows NT 6.1; WOW64; Trident/4.0; SLCC2; .NET CLR 2.0.50727; .NET CLR 3.5.30729; .NET CLR 3.0.30729; Media Center PC 6.0; .NET4.0C; .NET4.0E; InfoPath.2)"
194.29.0.110 - - [13/Aug/2013:10:32:26 -0400] "GET /favicon.ico HTTP/1.1" 404 9018 "-" "Mozilla/5.0 (compatible; MSIE 10.0; Windows NT 6.1; Win64; x64; Trident/6.0; MATM)"
5.63.151.190 - - [13/Aug/2013:06:32:26 -0400] "HEAD / HTTP/1.1" 200 - "-" "checks.panopta.com"
209.190.1.131 - - [13/Aug/2013:07:03:04 -0400] "GET /a.html HTTP/1.1" 200 1082 "-" "M"
66.249.75.181 - - [13/Aug/2013:16:11:19 -0400] "GET /robots.txt HTTP/1.1" 200 6782 "-" "Mozilla/5.0 (compatible; Googlebot/2.1; +http://www.google.com/bot.html)"
5.63.151.190 - - [13/Aug/2013:01:15:28 -0400] "GET / HTTP/1.1" 200 9018 "-" "checks.panopta.com"
5.63.151.190 - - [13/Aug/2013:01:45:51 -0400] "HEAD / HTTP/1.1" 200 - "-" "checks.panopta.com"
199.30.228.153 - - [13/Aug/2013:22:32:46 -0400] "GET /a.html HTTP/1.1" 200 1082 "http://warnerconsultinggroup.com/" "Mozilla/5.0 (X11; Linux i686) AppleWebKit/534.34 (KHTML, like Gecko) Qt/4.8.4 Safari/534.34"
207.172.191.39 - - [13/Aug/2013:23:05:44 -0400] "HEAD / HTTP/1.1" 200 - "-" "Mozilla/5.0 (compatible; pmoz.info ODP link checker; +http://pmoz.info/doc/botinfo.htm)"
217.69.133.12 - - [13/Aug/2013:23:30:58 -0400] "GET /www.magnoliahotels.com HTTP/1.0" 200 6782 "-" "Mozilla/5.0 (compatible; Linux x86_64; Mail.RU_Bot/2.0; +http://go.mail.ru/help/robots)"
209.190.1.131 - - [13/Aug/2013:07:02:48 -0400] "GET /clients HTTP/1.1" 200 22072 "-" "M"
1.202.219.159 - - [13/Aug/2013:08:48:29 -0400] "GET /robots.txt HTTP/1.1" 200 6782 "-" "Mozilla/5.0 ()"
17.16.92.46 - - [13/Aug/2013:13:15:16 -0400] "GET //css/dropdown/themes/nvidia.com/default.advanced.css HTTP/1.1" 200 1342 "http://www.warnerconsultinggroup.com//consulting/warner_services" "Mozilla/5.0 (Macintosh; Intel Mac OS X 10_8_4) AppleWebKit/536.30.1 (KHTML, like Gecko) Version/6.0.5 Safari/536.30.1"
17.16.92.46 - - [13/Aug/2013:13:15:16 -0400] "GET //css/dropdown/themes/nvidia.com/default.css HTTP/1.1" 200 1866 "http://www.warnerconsultinggroup.com//consulting/warner_services" "Mozilla/5.0 (Macintosh; Intel Mac OS X 10_8_4) AppleWebKit/536.30.1 (KHTML, like Gecko) Version/6.0.5 Safari/536.30.1"
100.43.83.144 - - [13/Aug/2013:13:37:49 -0400] "GET /robots.txt HTTP/1.1" 200 6782 "-" "Mozilla/5.0 (compatible; YandexBot/3.0; +http://yandex.com/bots)"
157.55.35.31 - - [13/Aug/2013:00:05:16 -0400] "GET /about_us HTTP/1.0" 200 14197 "-" "Mozilla/5.0 (compatible; bingbot/2.0; +http://www.bing.com/bingbot.htm)"
5.10.83.81 - - [13/Aug/2013:01:27:11 -0400] "GET //news/warner_services HTTP/1.1" 200 6782 "-" "Mozilla/5.0 (compatible; AhrefsBot/5.0; +http://ahrefs.com/robot/)"
69.248.184.114 - - [13/Aug/2013:10:00:47 -0400] "GET / HTTP/1.1" 200 9018 "-" "Mozilla/5.0 (Windows NT 6.1; WOW64) AppleWebKit/537.36 (KHTML, like Gecko) Chrome/28.0.1500.95 Safari/537.36"
69.248.184.114 - - [13/Aug/2013:10:00:49 -0400] "GET /favicon.ico HTTP/1.1" 404 9018 "-" "Mozilla/5.0 (Windows NT 6.1; WOW64) AppleWebKit/537.36 (KHTML, like Gecko) Chrome/28.0.1500.95 Safari/537.36"
194.29.0.110 - - [13/Aug/2013:10:32:42 -0400] "GET //images/social-bg.png HTTP/1.1" 200 3056 "http://www.warnerconsultinggroup.com//contact_us" "Mozilla/5.0 (compatible; MSIE 10.0; Windows NT 6.1; WOW64; Trident/6.0; MATM)"
66.249.75.181 - - [13/Aug/2013:19:02:02 -0400] "GET / HTTP/1.1" 200 9018 "-" "Mozilla/5.0 (compatible; Googlebot/2.1; +http://www.google.com/bot.html)"
129.188.33.27 - - [13/Aug/2013:20:00:38 -0400] "GET / HTTP/1.1" 200 9018 "-" "Mozilla/4.0 (compatible; MSIE 8.0; Windows NT 6.1; WOW64; Trident/4.0; SLCC2; .NET CLR 2.0.50727; .NET CLR 3.5.30729; .NET CLR 3.0.30729; Media Center PC 6.0; .NET4.0C; .NET4.0E; InfoPath.2)"
129.188.33.27 - - [13/Aug/2013:20:00:38 -0400] "GET /images/fb.png HTTP/1.1" 200 1264 "http://www.warnerconsultinggroup.com/" "Mozilla/4.0 (compatible; MSIE 8.0; Windows NT 6.1; WOW64; Trident/4.0; SLCC2; .NET CLR 2.0.50727; .NET CLR 3.5.30729; .NET CLR 3.0.30729; Media Center PC 6.0; .NET4.0C; .NET4.0E; InfoPath.2)"
129.188.33.27 - - [13/Aug/2013:20:00:38 -0400] "GET /css/dropdown/themes/nvidia.com/default.css HTTP/1.1" 200 1866 "http://www.warnerconsultinggroup.com/" "Mozilla/4.0 (compatible; MSIE 8.0; Windows NT 6.1; WOW64; Trident/4.0; SLCC2; .NET CLR 2.0.50727; .NET CLR 3.5.30729; .NET CLR 3.0.30729; Media Center PC 6.0; .NET4.0C; .NET4.0E; InfoPath.2)"
129.188.33.27 - - [13/Aug/2013:20:00:38 -0400] "GET /images/bg.jpg HTTP/1.1" 200 94591 "http://www.warnerconsultinggroup.com/" "Mozilla/4.0 (compatible; MSIE 8.0; Windows NT 6.1; WOW64; Trident/4.0; SLCC2; .NET CLR 2.0.50727; .NET CLR 3.5.30729; .NET CLR 3.0.30729; Media Center PC 6.0; .NET4.0C; .NET4.0E; InfoPath.2)"
129.188.33.27 - - [13/Aug/2013:20:00:40 -0400] "GET /piecemaker.swf HTTP/1.1" 200 208139 "http://www.warnerconsultinggroup.com/a.html" "Mozilla/4.0 (compatible; MSIE 8.0; Windows NT 6.1; WOW64; Trident/4.0; SLCC2; .NET CLR 2.0.50727; .NET CLR 3.5.30729; .NET CLR 3.0.30729; Media Center PC 6.0; .NET4.0C; .NET4.0E; InfoPath.2)"
129.188.33.27 - - [13/Aug/2013:20:00:43 -0400] "GET /piecemaker1.xml HTTP/1.1" 200 1730 "http://www.warnerconsultinggroup.com/piecemaker.swf" "Mozilla/4.0 (compatible; MSIE 8.0; Windows NT 6.1; WOW64; Trident/4.0; SLCC2; .NET CLR 2.0.50727; .NET CLR 3.5.30729; .NET CLR 3.0.30729; Media Center PC 6.0; .NET4.0C; .NET4.0E; InfoPath.2)"
129.188.33.27 - - [13/Aug/2013:20:00:43 -0400] "GET /piecemaker.css HTTP/1.1" 200 791 "http://www.warnerconsultinggroup.com/piecemaker.swf" "Mozilla/4.0 (compatible; MSIE 8.0; Windows NT 6.1; WOW64; Trident/4.0; SLCC2; .NET CLR 2.0.50727; .NET CLR 3.5.30729; .NET CLR 3.0.30729; Media Center PC 6.0; .NET4.0C; .NET4.0E; InfoPath.2)"
129.188.33.27 - - [13/Aug/2013:20:00:43 -0400] "GET /images/image1.jpg HTTP/1.1" 200 88539 "http://www.warnerconsultinggroup.com/piecemaker.swf" "Mozilla/4.0 (compatible; MSIE 8.0; Windows NT 6.1; WOW64; Trident/4.0; SLCC2; .NET CLR 2.0.50727; .NET CLR 3.5.30729; .NET CLR 3.0.30729; Media Center PC 6.0; .NET4.0C; .NET4.0E; InfoPath.2)"
129.188.33.27 - - [13/Aug/2013:20:00:44 -0400] "GET /images/image2.jpg HTTP/1.1" 200 106569 "http://www.warnerconsultinggroup.com/piecemaker.swf" "Mozilla/4.0 (compatible; MSIE 8.0; Windows NT 6.1; WOW64; Trident/4.0; SLCC2; .NET CLR 2.0.50727; .NET CLR 3.5.30729; .NET CLR 3.0.30729; Media Center PC 6.0; .NET4.0C; .NET4.0E; InfoPath.2)"
129.188.33.27 - - [13/Aug/2013:20:00:46 -0400] "GET //css/dropdown/themes/nvidia.com/default.css HTTP/1.1" 200 1866 "http://www.warnerconsultinggroup.com//contact_us" "Mozilla/4.0 (compatible; MSIE 8.0; Windows NT 6.1; WOW64; Trident/4.0; SLCC2; .NET CLR 2.0.50727; .NET CLR 3.5.30729; .NET CLR 3.0.30729; Media Center PC 6.0; .NET4.0C; .NET4.0E; InfoPath.2)"
129.188.33.27 - - [13/Aug/2013:20:00:46 -0400] "GET //images/bg.jpg HTTP/1.1" 200 94591 "http://www.warnerconsultinggroup.com//contact_us" "Mozilla/4.0 (compatible; MSIE 8.0; Windows NT 6.1; WOW64; Trident/4.0; SLCC2; .NET CLR 2.0.50727; .NET CLR 3.5.30729; .NET CLR 3.0.30729; Media Center PC 6.0; .NET4.0C; .NET4.0E; InfoPath.2)"
129.188.33.27 - - [13/Aug/2013:20:00:47 -0400] "GET //images/nav-left.png HTTP/1.1" 200 1223 "http://www.warnerconsultinggroup.com//contact_us" "Mozilla/4.0 (compatible; MSIE 8.0; Windows NT 6.1; WOW64; Trident/4.0; SLCC2; .NET CLR 2.0.50727; .NET CLR 3.5.30729; .NET CLR 3.0.30729; Media Center PC 6.0; .NET4.0C; .NET4.0E; InfoPath.2)"
66.249.75.181 - - [13/Aug/2013:11:39:43 -0400] "GET /robots.txt HTTP/1.1" 200 6782 "-" "Mozilla/5.0 (compatible; Googlebot/2.1; +http://www.google.com/bot.html)"
5.63.151.190 - - [13/Aug/2013:12:16:19 -0400] "HEAD / HTTP/1.1" 200 - "-" "checks.panopta.com"
100.43.83.144 - - [13/Aug/2013:13:35:19 -0400] "GET /robots.txt HTTP/1.1" 200 6782 "-" "Mozilla/5.0 (compatible; YandexBot/3.0; +http://yandex.com/bots)"
107.0.200.134 - - [13/Aug/2013:13:58:20 -0400] "GET //about_us/meet_the_team HTTP/1.1" 200 24716 "http://warnerconsultinggroup.com/" "Mozilla/5.0 (Windows NT 6.2; WOW64) AppleWebKit/537.36 (KHTML, like Gecko) Chrome/28.0.1500.95 Safari/537.36"
5.63.151.190 - - [13/Aug/2013:18:49:21 -0400] "HEAD / HTTP/1.1" 200 - "-" "checks.panopta.com"
5.63.151.190 - - [13/Aug/2013:06:47:27 -0400] "HEAD / HTTP/1.1" 200 - "-" "checks.panopta.com"
199.30.20.24 - - [13/Aug/2013:01:54:03 -0400] "GET /images/images/logo.jpg HTTP/1.1" 200 6782 "-" "msnbot-media/1.1 (+http://search.msn.com/msnbot.htm)"
5.63.151.190 - - [13/Aug/2013:15:48:21 -0400] "HEAD / HTTP/1.1" 200 - "-" "checks.panopta.com"
209.190.1.131 - - [13/Aug/2013:07:03:10 -0400] "GET / HTTP/1.1" 200 9018 "-" "M"
46.119.118.152 - - [13/Aug/2013:07:23:43 -0400] "GET / HTTP/1.1" 200 9018 "http://seotrast.ru/" "Mozilla/4.0 (compatible; MSIE 6.0; Windows NT 5.1; SV1; .NET CLR 1.1.4322)"
74.218.10.66 - - [13/Aug/2013:09:22:02 -0400] "GET /images/gallery/services-3.jpg HTTP/1.1" 200 16546 "http://warnerconsultinggroup.com/" "Mozilla/5.0 (Windows NT 6.1; WOW64; rv:22.0) Gecko/20100101 Firefox/22.0"
74.218.10.66 - - [13/Aug/2013:09:22:03 -0400] "GET /Scripts/swfobject/swfobject.js HTTP/1.1" 200 9759 "http://www.warnerconsultinggroup.com/a.html" "Mozilla/5.0 (Windows NT 6.1; WOW64; rv:22.0) Gecko/20100101 Firefox/22.0"
74.218.10.66 - - [13/Aug/2013:09:22:04 -0400] "GET /piecemaker.swf HTTP/1.1" 200 208139 "http://www.warnerconsultinggroup.com/a.html" "Mozilla/5.0 (Windows NT 6.1; WOW64; rv:22.0) Gecko/20100101 Firefox/22.0"
193.106.136.58 - - [13/Aug/2013:13:15:21 -0400] "GET / HTTP/1.1" 200 9018 "http://aztraf.pw/?az54461" "Mozilla/3.0 (compatible; WebCapture 2.0; Auto; Windows)"
129.188.33.27 - - [13/Aug/2013:20:00:38 -0400] "GET /images/gallery/services-2.jpg HTTP/1.1" 200 13974 "http://www.warnerconsultinggroup.com/" "Mozilla/4.0 (compatible; MSIE 8.0; Windows NT 6.1; WOW64; Trident/4.0; SLCC2; .NET CLR 2.0.50727; .NET CLR 3.5.30729; .NET CLR 3.0.30729; Media Center PC 6.0; .NET4.0C; .NET4.0E; InfoPath.2)"
199.30.228.153 - - [13/Aug/2013:22:32:46 -0400] "GET /css/dropdown/dropdown.css HTTP/1.1" 200 1026 "http://warnerconsultinggroup.com/" "Mozilla/5.0 (X11; Linux i686) AppleWebKit/534.34 (KHTML, like Gecko) Qt/4.8.4 Safari/534.34"
5.63.151.190 - - [13/Aug/2013:21:05:26 -0400] "HEAD / HTTP/1.1" 200 - "-" "checks.panopta.com"
131.252.233.124 - - [13/Aug/2013:22:20:55 -0400] "GET //css/diQuery-collapsiblePanel.css HTTP/1.1" 200 506 "http://www.warnerconsultinggroup.com/about_us/meet_the_team" "Mozilla/5.0 (compatible; MSIE 9.0; Windows NT 6.1; WOW64; Trident/5.0)"
131.252.233.124 - - [13/Aug/2013:22:20:55 -0400] "GET /images/theteam/4-Angela.jpg HTTP/1.1" 200 2627 "http://www.warnerconsultinggroup.com/about_us/meet_the_team" "Mozilla/5.0 (compatible; MSIE 9.0; Windows NT 6.1; WOW64; Trident/5.0)"
131.252.233.124 - - [13/Aug/2013:22:20:58 -0400] "GET //images/footer-sep.jpg HTTP/1.1" 200 1127 "http://www.warnerconsultinggroup.com/about_us/meet_the_team" "Mozilla/5.0 (compatible; MSIE 9.0; Windows NT 6.1; WOW64; Trident/5.0)"
131.252.233.124 - - [13/Aug/2013:22:20:58 -0400] "GET /Scripts/swfobject/swfobject.js HTTP/1.1" 200 9759 "http://www.warnerconsultinggroup.com/a.html" "Mozilla/5.0 (compatible; MSIE 9.0; Windows NT 6.1; WOW64; Trident/5.0)"
199.30.228.153 - - [13/Aug/2013:22:32:51 -0400] "GET /images/head-welcome.jpg HTTP/1.1" 200 15302 "http://warnerconsultinggroup.com/" "Mozilla/5.0 (X11; Linux i686) AppleWebKit/534.34 (KHTML, like Gecko) Qt/4.8.4 Safari/534.34"
24.92.220.10 - - [13/Aug/2013:15:35:53 -0400] "GET / HTTP/1.1" 200 9018 "http://www.google.com/url?sa=t&rct=j&q=warnerconsultinggroup.com&source=web&cd=1&ved=0CCsQFjAA&url=http%3A%2F%2Fwww.warnerconsultinggroup.com%2F&ei=f4oKUtqgCIfk8gSSwYDQBg&usg=AFQjCNFn_pMzUjkkAXCW_ESS-q7bg9f65g&bvm=bv.50500085,d.eWU" "Mozilla/4.0 (compatible; MSIE 8.0; Windows NT 5.1; Trident/4.0; .NET CLR 1.1.4322; .NET CLR 2.0.50727; .NET CLR 3.0.04506.30; .NET CLR 3.0.4506.2152; .NET CLR 3.5.30729; MDDR; InfoPath.2; .NET4.0C; .NET4.0E; MS-RTC LM 8)"
5.63.151.190 - - [13/Aug/2013:00:14:53 -0400] "GET / HTTP/1.1" 200 9018 "-" "checks.panopta.com"
50.16.121.194 - - [13/Aug/2013:01:10:06 -0400] "GET / HTTP/1.1" 200 9018 "http://www.google.com" "Mozilla/5.0 Macintosh Intel Mac OS X 10_7_4 AppleWebKit/536.11 KHTML, like Gecko Chrome/20.0.1132.57 Safari/536.11"
198.105.219.58 - - [13/Aug/2013:01:15:51 -0400] "GET / HTTP/1.1" 200 9018 "-" "checks.panopta.com"
5.63.151.190 - - [13/Aug/2013:02:01:11 -0400] "HEAD / HTTP/1.1" 200 - "-" "checks.panopta.com"
66.249.72.181 - - [13/Aug/2013:02:34:06 -0400] "GET /robots.txt HTTP/1.1" 200 6782 "-" "Mozilla/5.0 (compatible; Googlebot/2.1; +http://www.google.com/bot.html)"
194.29.0.110 - - [13/Aug/2013:10:32:36 -0400] "GET //contact_us HTTP/1.1" 200 14972 "http://www.warnerconsultinggroup.com/" "Mozilla/5.0 (compatible; MSIE 10.0; Windows NT 6.1; WOW64; Trident/6.0; MATM)"
194.29.0.110 - - [13/Aug/2013:10:32:37 -0400] "GET //css/dropdown/themes/nvidia.com/default.advanced.css HTTP/1.1" 200 1342 "http://www.warnerconsultinggroup.com//contact_us" "Mozilla/5.0 (compatible; MSIE 10.0; Windows NT 6.1; WOW64; Trident/6.0; MATM)"
194.29.0.110 - - [13/Aug/2013:10:32:37 -0400] "GET //images/footer-sep.jpg HTTP/1.1" 200 1127 "http://www.warnerconsultinggroup.com//contact_us" "Mozilla/5.0 (compatible; MSIE 10.0; Windows NT 6.1; WOW64; Trident/6.0; MATM)"
66.249.72.181 - - [13/Aug/2013:19:34:09 -0400] "GET /robots.txt HTTP/1.1" 200 6782 "-" "Mozilla/5.0 (compatible; Googlebot/2.1; +http://www.google.com/bot.html)"
129.188.33.27 - - [13/Aug/2013:20:00:38 -0400] "GET /css/style.css HTTP/1.1" 200 7000 "http://www.warnerconsultinggroup.com/" "Mozilla/4.0 (compatible; MSIE 8.0; Windows NT 6.1; WOW64; Trident/4.0; SLCC2; .NET CLR 2.0.50727; .NET CLR 3.5.30729; .NET CLR 3.0.30729; Media Center PC 6.0; .NET4.0C; .NET4.0E; InfoPath.2)"
129.188.33.27 - - [13/Aug/2013:20:00:47 -0400] "GET //images/inner-content-top.png HTTP/1.1" 200 1386 "http://www.warnerconsultinggroup.com//contact_us" "Mozilla/4.0 (compatible; MSIE 8.0; Windows NT 6.1; WOW64; Trident/4.0; SLCC2; .NET CLR 2.0.50727; .NET CLR 3.5.30729; .NET CLR 3.0.30729; Media Center PC 6.0; .NET4.0C; .NET4.0E; InfoPath.2)"
129.188.33.27 - - [13/Aug/2013:20:00:47 -0400] "GET //images/right-box-mid.png HTTP/1.1" 200 134 "http://www.warnerconsultinggroup.com//contact_us" "Mozilla/4.0 (compatible; MSIE 8.0; Windows NT 6.1; WOW64; Trident/4.0; SLCC2; .NET CLR 2.0.50727; .NET CLR 3.5.30729; .NET CLR 3.0.30729; Media Center PC 6.0; .NET4.0C; .NET4.0E; InfoPath.2)"
66.249.72.181 - - [13/Aug/2013:20:05:20 -0400] "GET /robots.txt HTTP/1.1" 200 6782 "-" "Mozilla/5.0 (compatible; Googlebot/2.1; +http://www.google.com/bot.html)"
5.63.151.190 - - [13/Aug/2013:08:48:01 -0400] "HEAD / HTTP/1.1" 200 - "-" "checks.panopta.com"
17.16.92.46 - - [13/Aug/2013:13:15:21 -0400] "GET //images/logo.jpg HTTP/1.1" 200 6004 "http://www.warnerconsultinggroup.com//consulting/warner_services" "Mozilla/5.0 (Macintosh; Intel Mac OS X 10_8_4) AppleWebKit/536.30.1 (KHTML, like Gecko) Version/6.0.5 Safari/536.30.1"
17.16.92.46 - - [13/Aug/2013:13:15:22 -0400] "GET //images/right-box-bot.png HTTP/1.1" 200 411 "http://www.warnerconsultinggroup.com//consulting/warner_services" "Mozilla/5.0 (Macintosh; Intel Mac OS X 10_8_4) AppleWebKit/536.30.1 (KHTML, like Gecko) Version/6.0.5 Safari/536.30.1"
17.16.92.46 - - [13/Aug/2013:13:15:22 -0400] "GET //images/footer-bg.jpg HTTP/1.1" 200 1167 "http://www.warnerconsultinggroup.com//consulting/warner_services" "Mozilla/5.0 (Macintosh; Intel Mac OS X 10_8_4) AppleWebKit/536.30.1 (KHTML, like Gecko) Version/6.0.5 Safari/536.30.1"
100.43.83.144 - - [13/Aug/2013:13:36:49 -0400] "GET /robots.txt HTTP/1.1" 200 6782 "-" "Mozilla/5.0 (compatible; YandexBot/3.0; +http://yandex.com/bots)"
4.31.68.130 - - [13/Aug/2013:14:48:20 -0400] "GET / HTTP/1.1" 200 9018 "http://www.google.com/url?sa=t&rct=j&q=&esrc=s&frm=1&source=web&cd=1&cad=rja&ved=0CCsQFjAA&url=http%3A%2F%2Fwww.warnerconsultinggroup.com%2F&ei=cH8KUvjjH6rwyAHCjYCgBw&usg=AFQjCNFn_pMzUjkkAXCW_ESS-q7bg9f65g&sig2=SsrMZil4UvN8BB3Y4qcFkA&bvm=bv.50500085,d.aWc" "Mozilla/4.0 (compatible; MSIE 8.0; Windows NT 5.1; Trident/4.0; .NET CLR 2.0.50727; .NET CLR 3.0.4506.2152; .NET CLR 3.5.30729; MS-RTC LM 8)"
4.31.68.130 - - [13/Aug/2013:14:48:20 -0400] "GET /css/style.css HTTP/1.1" 200 7000 "http://www.warnerconsultinggroup.com/" "Mozilla/4.0 (compatible; MSIE 8.0; Windows NT 5.1; Trident/4.0; .NET CLR 2.0.50727; .NET CLR 3.0.4506.2152; .NET CLR 3.5.30729; MS-RTC LM 8)"
4.31.68.130 - - [13/Aug/2013:14:48:20 -0400] "GET /images/gallery/services-3.jpg HTTP/1.1" 200 16546 "http://www.warnerconsultinggroup.com/" "Mozilla/4.0 (compatible; MSIE 8.0; Windows NT 5.1; Trident/4.0; .NET CLR 2.0.50727; .NET CLR 3.0.4506.2152; .NET CLR 3.5.30729; MS-RTC LM 8)"
4.31.68.130 - - [13/Aug/2013:14:48:20 -0400] "GET /images/footer-sep.jpg HTTP/1.1" 200 1127 "http://www.warnerconsultinggroup.com/" "Mozilla/4.0 (compatible; MSIE 8.0; Windows NT 5.1; Trident/4.0; .NET CLR 2.0.50727; .NET CLR 3.0.4506.2152; .NET CLR 3.5.30729; MS-RTC LM 8)"
4.31.68.130 - - [13/Aug/2013:14:48:20 -0400] "GET /images/btn-readmore.jpg HTTP/1.1" 200 1587 "http://www.warnerconsultinggroup.com/" "Mozilla/4.0 (compatible; MSIE 8.0; Windows NT 5.1; Trident/4.0; .NET CLR 2.0.50727; .NET CLR 3.0.4506.2152; .NET CLR 3.5.30729; MS-RTC LM 8)"
157.55.35.31 - - [13/Aug/2013:03:27:53 -0400] "GET /news/www.magnoliahotels.com HTTP/1.1" 200 6782 "-" "Mozilla/5.0 (compatible; bingbot/2.0; +http://www.bing.com/bingbot.htm)"
173.199.114.147 - - [13/Aug/2013:02:26:23 -0400] "GET //news/news HTTP/1.1" 200 15065 "-" "Mozilla/5.0 (compatible; AhrefsBot/4.0; +http://ahrefs.com/robot/)"
5.63.151.190 - - [13/Aug/2013:09:18:24 -0400] "HEAD / HTTP/1.1" 200 - "-" "checks.panopta.com"
74.218.10.66 - - [13/Aug/2013:09:22:02 -0400] "GET /images/twitr.png HTTP/1.1" 200 1543 "http://warnerconsultinggroup.com/" "Mozilla/5.0 (Windows NT 6.1; WOW64; rv:22.0) Gecko/20100101 Firefox/22.0"
74.218.10.66 - - [13/Aug/2013:09:22:03 -0400] "GET /images/btn-readmore.jpg HTTP/1.1" 200 1587 "http://warnerconsultinggroup.com/css/style.css" "Mozilla/5.0 (Windows NT 6.1; WOW64; rv:22.0) Gecko/20100101 Firefox/22.0"
173.199.114.147 - - [13/Aug/2013:15:09:09 -0400] "GET //consulting/consulting HTTP/1.1" 200 6782 "-" "Mozilla/5.0 (compatible; AhrefsBot/4.0; +http://ahrefs.com/robot/)"
8.28.16.254 - - [13/Aug/2013:15:32:38 -0400] "GET / HTTP/1.1" 200 9018 "-" "Mozilla/4.0 (compatible; MSIE 7.0; Windows NT 5.1; InfoPath.1; .NET CLR 2.0.50727; .NET CLR 1.1.4322; MS-RTC LM 8; .NET CLR 3.0.4506.2152; .NET CLR 3.5.30729)"
180.76.5.92 - - [13/Aug/2013:17:44:06 -0400] "GET / HTTP/1.1" 200 9018 "-" "Mozilla/5.0 (compatible; Baiduspider/2.0; +http://www.baidu.com/search/spider.html)"
5.63.151.190 - - [13/Aug/2013:19:04:23 -0400] "HEAD / HTTP/1.1" 200 - "-" "checks.panopta.com"
46.118.126.194 - - [13/Aug/2013:19:38:43 -0400] "GET / HTTP/1.1" 200 9018 "http://wreune.ru/" "Mozilla/4.0 (compatible; MSIE 6.0; Windows NT 5.1; SV1; .NET CLR 1.1.4322)"
173.65.153.188 - - [13/Aug/2013:19:52:43 -0400] "GET /images/gallery/services-2.jpg HTTP/1.1" 200 13974 "http://warnerconsultinggroup.com/" "Mozilla/5.0 (Windows NT 6.1; WOW64) AppleWebKit/537.36 (KHTML, like Gecko) Chrome/28.0.1500.95 Safari/537.36"
129.188.33.27 - - [13/Aug/2013:20:00:45 -0400] "GET //css/dropdown/themes/nvidia.com/default.advanced.css HTTP/1.1" 200 1342 "http://www.warnerconsultinggroup.com//contact_us" "Mozilla/4.0 (compatible; MSIE 8.0; Windows NT 6.1; WOW64; Trident/4.0; SLCC2; .NET CLR 2.0.50727; .NET CLR 3.5.30729; .NET CLR 3.0.30729; Media Center PC 6.0; .NET4.0C; .NET4.0E; InfoPath.2)"
150.70.173.55 - - [13/Aug/2013:09:24:16 -0400] "GET /Scripts/swfobject/swfobject.js HTTP/1.1" 200 9759 "-" "Mozilla/4.0 (compatible; MSIE 8.0; Windows NT 5.1; Trident/4.0)"
194.29.0.110 - - [13/Aug/2013:10:32:24 -0400] "GET /images/social-head.png HTTP/1.1" 200 2344 "http://www.warnerconsultinggroup.com/" "Mozilla/5.0 (compatible; MSIE 10.0; Windows NT 6.1; WOW64; Trident/6.0; MATM)"
