150.70.173.42 - - [13/Aug/2013:09:23:26 -0400] "GET /piecemaker.swf HTTP/1.1" 200 208139 "-" "Mozilla/4.0 (compatible; MSIE 8.0; Windows NT 5.1; Trident/4.0)"
194.29.0.110 - - [13/Aug/2013:10:32:46 -0400] "GET / HTTP/1.1" 200 9018 "http://www.google.ch/url?sa=t&rct=j&q=&esrc=s&frm=1&source=web&cd=1&ved=0CCoQFjAA&url=http%3A%2F%2Fwww.warnerconsultinggroup.com%2F&ei=dUMKUoH1Do7Q4QTIk4HoBA&usg=AFQjCNFn_pMzUjkkAXCW_ESS-q7bg9f65g&sig2=QSVJJa5IZRcSbDmoLHJmfg&bvm=bv.50500085,d.bGE" "Mozilla/5.0 (compatible; MSIE 10.0; Windows NT 6.1; WOW64; Trident/6.0; MATM)"
209.190.1.131 - - [13/Aug/2013:07:03:01 -0400] "GET /index.php HTTP/1.1" 200 9018 "-" "M"
24.92.220.10 - - [13/Aug/2013:15:32:40 -0400] "GET /images/fb.png HTTP/1.1" 200 1264 "http://www.warnerconsultinggroup.com/" "Mozilla/4.0 (compatible; MSIE 8.0; Windows NT 5.1; Trident/4.0; .NET CLR 1.1.4322; .NET CLR 2.0.50727; .NET CLR 3.0.04506.30; .NET CLR 3.0.4506.2152; .NET CLR 3.5.30729; MDDR; InfoPath.2; .NET4.0C; .NET4.0E; MS-RTC LM 8)"
24.92.220.10 - - [13/Aug/2013:15:32:40 -0400] "GET /css/dropdown/dropdown.css HTTP/1.1" 200 1026 "http://www.warnerconsultinggroup.com/" "Mozilla/4.0 (compatible; MSIE 8.0; Windows NT 5.1; Trident/4.0; .NET CLR 1.1.4322; .NET CLR 2.0.50727; .NET CLR 3.0.04506.30; .NET CLR 3.0.4506.2152; .NET CLR 3.5.30729; MDDR; InfoPath.2; .NET4.0C; .NET4.0E; MS-RTC LM 8)"
24.92.220.10 - - [13/Aug/2013:15:32:40 -0400] "GET /images/twitr.png HTTP/1.1" 200 1543 "http://www.warnerconsultinggroup.com/" "Mozilla/4.0 (compatible; MSIE 8.0; Windows NT 5.1; Trident/4.0; .NET CLR 1.1.4322; .NET CLR 2.0.50727; .NET CLR 3.0.04506.30; .NET CLR 3.0.4506.2152; .NET CLR 3.5.30729; MDDR; InfoPath.2; .NET4.0C; .NET4.0E; MS-RTC LM 8)"
24.92.220.10 - - [13/Aug/2013:15:32:40 -0400] "GET /images/head-welcome.jpg HTTP/1.1" 200 15302 "http://www.warnerconsultinggroup.com/" "Mozilla/4.0 (compatible; MSIE 8.0; Windows NT 5.1; Trident/4.0; .NET CLR 1.1.4322; .NET CLR 2.0.50727; .NET CLR 3.0.04506.30; .NET CLR 3.0.4506.2152; .NET CLR 3.5.30729; MDDR; InfoPath.2; .NET4.0C; .NET4.0E; MS-RTC LM 8)"
5.63.151.190 - - [13/Aug/2013:19:49:45 -0400] "HEAD / HTTP/1.1" 200 - "-" "checks.panopta.com"
129.188.33.27 - - [13/Aug/2013:20:00:38 -0400] "GET /css/dropdown/dropdown.css HTTP/1.1" 200 1026 "http://www.warnerconsultinggroup.com/" "Mozilla/4.0 (compatible; MSIE 8.0; Windows NT 6.1; WOW64; Trident/4.0; SLCC2; .NET CLR 2.0.50727; .NET CLR 3.5.30729; .NET CLR 3.0.30729; Media Center PC 6.0; .NET4.0C; .NET4.0E; InfoPath.2)"
129.188.33.27 - - [13/Aug/2013:20:00:41 -0400] "GET /images/nav-left.png HTTP/1.1" 200 1223 "http://www.warnerconsultinggroup.com/" "Mozilla/4.0 (compatible; MSIE 8.0; Windows NT 6.1; WOW64; Trident/4.0; SLCC2; .NET CLR 2.0.50727; .NET CLR 3.5.30729; .NET CLR 3.0.30729; Media Center PC 6.0; .NET4.0C; .NET4.0E; InfoPath.2)"
173.199.114.147 - - [13/Aug/2013:06:23:21 -0400] "GET /pages/1/index.htm HTTP/1.1" 200 6782 "-" "Mozilla/5.0 (compatible; AhrefsBot/4.0; +http://ahrefs.com/robot/)"
209.190.1.131 - - [13/Aug/2013:07:02:58 -0400] "GET /consulting/creating_efficiency HTTP/1.1" 200 11923 "-" "M"
209.190.1.131 - - [13/Aug/2013:07:03:02 -0400] "GET /a.html HTTP/1.1" 200 1082 "-" "M"
157.55.33.146 - - [13/Aug/2013:01:10:29 -0400] "GET /thelighterside.html HTTP/1.1" 200 6282 "-" "Mozilla/5.0 (compatible; bingbot/2.0; +http://www.bing.com/bingbot.htm)"
5.63.151.190 - - [13/Aug/2013:13:17:10 -0400] "HEAD / HTTP/1.1" 200 - "-" "checks.panopta.com"
91.207.9.226 - - [13/Aug/2013:13:28:15 -0400] "GET / HTTP/1.1" 200 9018 "http://dt93.ru/" "Mozilla/4.0 (compatible; MSIE 6.0; Windows ME) Opera 7.11 [en]"
5.63.151.190 - - [13/Aug/2013:13:47:14 -0400] "HEAD / HTTP/1.1" 200 - "-" "checks.panopta.com"
4.31.68.130 - - [13/Aug/2013:14:48:20 -0400] "GET /images/social-head.png HTTP/1.1" 200 2344 "http://www.warnerconsultinggroup.com/" "Mozilla/4.0 (compatible; MSIE 8.0; Windows NT 5.1; Trident/4.0; .NET CLR 2.0.50727; .NET CLR 3.0.4506.2152; .NET CLR 3.5.30729; MS-RTC LM 8)"
4.31.68.130 - - [13/Aug/2013:14:48:20 -0400] "GET /images/social-bg.png HTTP/1.1" 200 3056 "http://www.warnerconsultinggroup.com/" "Mozilla/4.0 (compatible; MSIE 8.0; Windows NT 5.1; Trident/4.0; .NET CLR 2.0.50727; .NET CLR 3.0.4506.2152; .NET CLR 3.5.30729; MS-RTC LM 8)"
173.199.114.147 - - [13/Aug/2013:23:06:36 -0400] "GET /contact_us HTTP/1.1" 200 15410 "-" "Mozilla/5.0 (compatible; AhrefsBot/4.0; +http://ahrefs.com/robot/)"
173.199.114.147 - - [13/Aug/2013:02:32:33 -0400] "GET /images/index.php HTTP/1.1" 200 6782 "-" "Mozilla/5.0 (compatible; AhrefsBot/4.0; +http://ahrefs.com/robot/)"
46.118.126.194 - - [13/Aug/2013:19:38:42 -0400] "GET / HTTP/1.1" 200 9018 "http://wreune.ru/" "Mozilla/4.0 (compatible; MSIE 6.0; Windows NT 5.1; SV1; .NET CLR 1.1.4322)"
129.188.33.27 - - [13/Aug/2013:20:00:38 -0400] "GET /images/footer-sep.jpg HTTP/1.1" 200 1127 "http://www.warnerconsultinggroup.com/" "Mozilla/4.0 (compatible; MSIE 8.0; Windows NT 6.1; WOW64; Trident/4.0; SLCC2; .NET CLR 2.0.50727; .NET CLR 3.5.30729; .NET CLR 3.0.30729; Media Center PC 6.0; .NET4.0C; .NET4.0E; InfoPath.2)"
129.188.33.27 - - [13/Aug/2013:20:00:45 -0400] "GET //js/jquery-1.3.2.min.js HTTP/1.1" 200 57254 "http://www.warnerconsultinggroup.com//contact_us" "Mozilla/4.0 (compatible; MSIE 8.0; Windows NT 6.1; WOW64; Trident/4.0; SLCC2; .NET CLR 2.0.50727; .NET CLR 3.5.30729; .NET CLR 3.0.30729; Media Center PC 6.0; .NET4.0C; .NET4.0E; InfoPath.2)"
74.218.10.66 - - [13/Aug/2013:09:22:20 -0400] "GET /favicon.ico HTTP/1.1" 404 9018 "-" "Mozilla/5.0 (Windows NT 6.1; WOW64; rv:22.0) Gecko/20100101 Firefox/22.0"
74.218.10.66 - - [13/Aug/2013:09:22:21 -0400] "GET /favicon.ico HTTP/1.1" 404 9018 "-" "Mozilla/5.0 (Windows NT 6.1; WOW64; rv:22.0) Gecko/20100101 Firefox/22.0"
79.143.190.141 - - [13/Aug/2013:09:54:32 -0400] "HEAD / HTTP/1.1" 200 - "-" "checks.panopta.com"
66.249.75.181 - - [13/Aug/2013:10:25:08 -0400] "GET /robots.txt HTTP/1.1" 200 6782 "-" "Mozilla/5.0 (compatible; Googlebot/2.1; +http://www.google.com/bot.html)"
5.63.151.190 - - [13/Aug/2013:22:05:53 -0400] "HEAD / HTTP/1.1" 200 - "-" "checks.panopta.com"
131.252.233.124 - - [13/Aug/2013:22:21:11 -0400] "GET /images/image3.jpg HTTP/1.1" 200 85417 "http://www.warnerconsultinggroup.com/piecemaker.swf" "Mozilla/5.0 (compatible; MSIE 9.0; Windows NT 6.1; WOW64; Trident/5.0)"
5.63.151.190 - - [13/Aug/2013:03:16:18 -0400] "HEAD / HTTP/1.1" 200 - "-" "checks.panopta.com"
4.31.68.130 - - [13/Aug/2013:14:48:20 -0400] "GET /css/dropdown/themes/nvidia.com/default.advanced.css HTTP/1.1" 200 1342 "http://www.warnerconsultinggroup.com/" "Mozilla/4.0 (compatible; MSIE 8.0; Windows NT 5.1; Trident/4.0; .NET CLR 2.0.50727; .NET CLR 3.0.4506.2152; .NET CLR 3.5.30729; MS-RTC LM 8)"
4.31.68.130 - - [13/Aug/2013:14:48:20 -0400] "GET /images/footer-bg.jpg HTTP/1.1" 200 1167 "http://www.warnerconsultinggroup.com/" "Mozilla/4.0 (compatible; MSIE 8.0; Windows NT 5.1; Trident/4.0; .NET CLR 2.0.50727; .NET CLR 3.0.4506.2152; .NET CLR 3.5.30729; MS-RTC LM 8)"
24.92.220.10 - - [13/Aug/2013:15:34:54 -0400] "GET //about_us/meet_the_team HTTP/1.1" 200 24289 "http://www.warnerconsultinggroup.com//clients" "Mozilla/4.0 (compatible; MSIE 8.0; Windows NT 5.1; Trident/4.0; .NET CLR 1.1.4322; .NET CLR 2.0.50727; .NET CLR 3.0.04506.30; .NET CLR 3.0.4506.2152; .NET CLR 3.5.30729; MDDR; InfoPath.2; .NET4.0C; .NET4.0E; MS-RTC LM 8)"
157.56.229.190 - - [13/Aug/2013:03:53:55 -0400] "GET / HTTP/1.1" 200 9018 "-" "Mozilla/5.0 (compatible; bingbot/2.0; +http://www.bing.com/bingbot.htm)"
5.63.151.190 - - [13/Aug/2013:23:21:34 -0400] "HEAD / HTTP/1.1" 200 - "-" "checks.panopta.com"
5.63.151.190 - - [13/Aug/2013:07:32:48 -0400] "HEAD / HTTP/1.1" 200 - "-" "checks.panopta.com"
157.55.33.146 - - [13/Aug/2013:01:13:08 -0400] "GET /thelighterside.html HTTP/1.0" 200 6782 "-" "Mozilla/5.0 (compatible; bingbot/2.0; +http://www.bing.com/bingbot.htm)"
173.65.153.188 - - [13/Aug/2013:19:52:42 -0400] "GET /css/style.css HTTP/1.1" 200 7000 "http://warnerconsultinggroup.com/" "Mozilla/5.0 (Windows NT 6.1; WOW64) AppleWebKit/537.36 (KHTML, like Gecko) Chrome/28.0.1500.95 Safari/537.36"
173.65.153.188 - - [13/Aug/2013:19:52:42 -0400] "GET /images/footer-sep.jpg HTTP/1.1" 200 1127 "http://warnerconsultinggroup.com/" "Mozilla/5.0 (Windows NT 6.1; WOW64) AppleWebKit/537.36 (KHTML, like Gecko) Chrome/28.0.1500.95 Safari/537.36"
173.65.153.188 - - [13/Aug/2013:19:52:42 -0400] "GET /images/footer-bg.jpg HTTP/1.1" 200 1167 "http://warnerconsultinggroup.com/" "Mozilla/5.0 (Windows NT 6.1; WOW64) AppleWebKit/537.36 (KHTML, like Gecko) Chrome/28.0.1500.95 Safari/537.36"
173.65.153.188 - - [13/Aug/2013:19:52:43 -0400] "GET /a.html HTTP/1.1" 200 1082 "http://warnerconsultinggroup.com/" "Mozilla/5.0 (Windows NT 6.1; WOW64) AppleWebKit/537.36 (KHTML, like Gecko) Chrome/28.0.1500.95 Safari/537.36"
173.65.153.188 - - [13/Aug/2013:19:52:43 -0400] "GET /Scripts/swfobject/swfobject.js HTTP/1.1" 200 9759 "http://www.warnerconsultinggroup.com/a.html" "Mozilla/5.0 (Windows NT 6.1; WOW64) AppleWebKit/537.36 (KHTML, like Gecko) Chrome/28.0.1500.95 Safari/537.36"
173.65.153.188 - - [13/Aug/2013:19:52:44 -0400] "GET /piecemaker.swf HTTP/1.1" 200 208139 "http://www.warnerconsultinggroup.com/a.html" "Mozilla/5.0 (Windows NT 6.1; WOW64) AppleWebKit/537.36 (KHTML, like Gecko) Chrome/28.0.1500.95 Safari/537.36"
173.65.153.188 - - [13/Aug/2013:19:52:45 -0400] "GET /piecemaker1.xml HTTP/1.1" 200 1730 "http://www.warnerconsultinggroup.com/a.html" "Mozilla/5.0 (Windows NT 6.1; WOW64) AppleWebKit/537.36 (KHTML, like Gecko) Chrome/28.0.1500.95 Safari/537.36"
173.65.153.188 - - [13/Aug/2013:19:52:45 -0400] "GET /piecemaker.css HTTP/1.1" 200 791 "http://www.warnerconsultinggroup.com/a.html" "Mozilla/5.0 (Windows NT 6.1; WOW64) AppleWebKit/537.36 (KHTML, like Gecko) Chrome/28.0.1500.95 Safari/537.36"
173.65.153.188 - - [13/Aug/2013:19:52:46 -0400] "GET /images/image1.jpg HTTP/1.1" 200 88539 "http://www.warnerconsultinggroup.com/a.html" "Mozilla/5.0 (Windows NT 6.1; WOW64) AppleWebKit/537.36 (KHTML, like Gecko) Chrome/28.0.1500.95 Safari/537.36"
173.65.153.188 - - [13/Aug/2013:19:52:46 -0400] "GET /images/image2.jpg HTTP/1.1" 200 106569 "http://www.warnerconsultinggroup.com/a.html" "Mozilla/5.0 (Windows NT 6.1; WOW64) AppleWebKit/537.36 (KHTML, like Gecko) Chrome/28.0.1500.95 Safari/537.36"
173.65.153.188 - - [13/Aug/2013:19:52:46 -0400] "GET /images/image3.jpg HTTP/1.1" 200 85417 "http://www.warnerconsultinggroup.com/a.html" "Mozilla/5.0 (Windows NT 6.1; WOW64) AppleWebKit/537.36 (KHTML, like Gecko) Chrome/28.0.1500.95 Safari/537.36"
173.65.153.188 - - [13/Aug/2013:19:52:47 -0400] "GET //about_us HTTP/1.1" 200 14635 "http://warnerconsultinggroup.com/" "Mozilla/5.0 (Windows NT 6.1; WOW64) AppleWebKit/537.36 (KHTML, like Gecko) Chrome/28.0.1500.95 Safari/537.36"
173.65.153.188 - - [13/Aug/2013:19:52:49 -0400] "GET //css/diQuery-collapsiblePanel.css HTTP/1.1" 200 506 "http://www.warnerconsultinggroup.com//about_us" "Mozilla/5.0 (Windows NT 6.1; WOW64) AppleWebKit/537.36 (KHTML, like Gecko) Chrome/28.0.1500.95 Safari/537.36"
173.65.153.188 - - [13/Aug/2013:19:52:49 -0400] "GET //js/jquery-1.3.2.min.js HTTP/1.1" 200 57254 "http://www.warnerconsultinggroup.com//about_us" "Mozilla/5.0 (Windows NT 6.1; WOW64) AppleWebKit/537.36 (KHTML, like Gecko) Chrome/28.0.1500.95 Safari/537.36"
173.65.153.188 - - [13/Aug/2013:19:52:50 -0400] "GET //images/fb.png HTTP/1.1" 200 1264 "http://www.warnerconsultinggroup.com//about_us" "Mozilla/5.0 (Windows NT 6.1; WOW64) AppleWebKit/537.36 (KHTML, like Gecko) Chrome/28.0.1500.95 Safari/537.36"
173.65.153.188 - - [13/Aug/2013:19:52:50 -0400] "GET //images/social-bg.png HTTP/1.1" 200 3056 "http://www.warnerconsultinggroup.com//about_us" "Mozilla/5.0 (Windows NT 6.1; WOW64) AppleWebKit/537.36 (KHTML, like Gecko) Chrome/28.0.1500.95 Safari/537.36"
173.65.153.188 - - [13/Aug/2013:19:52:50 -0400] "GET //images/right-box-bot.png HTTP/1.1" 200 411 "http://www.warnerconsultinggroup.com//about_us" "Mozilla/5.0 (Windows NT 6.1; WOW64) AppleWebKit/537.36 (KHTML, like Gecko) Chrome/28.0.1500.95 Safari/537.36"
173.65.153.188 - - [13/Aug/2013:19:52:50 -0400] "GET //images/nav-left.png HTTP/1.1" 200 1223 "http://www.warnerconsultinggroup.com//about_us" "Mozilla/5.0 (Windows NT 6.1; WOW64) AppleWebKit/537.36 (KHTML, like Gecko) Chrome/28.0.1500.95 Safari/537.36"
173.65.153.188 - - [13/Aug/2013:19:52:50 -0400] "GET /favicon.ico HTTP/1.1" 404 9018 "-" "Mozilla/5.0 (Windows NT 6.1; WOW64) AppleWebKit/537.36 (KHTML, like Gecko) Chrome/28.0.1500.95 Safari/537.36"
173.65.153.188 - - [13/Aug/2013:19:52:51 -0400] "GET //images/right-box-top.png HTTP/1.1" 200 617 "http://www.warnerconsultinggroup.com//contact_us" "Mozilla/5.0 (Windows NT 6.1; WOW64) AppleWebKit/537.36 (KHTML, like Gecko) Chrome/28.0.1500.95 Safari/537.36"
129.188.33.27 - - [13/Aug/2013:20:00:45 -0400] "GET //css/dropdown/dropdown.css HTTP/1.1" 200 1026 "http://www.warnerconsultinggroup.com//contact_us" "Mozilla/4.0 (compatible; MSIE 8.0; Windows NT 6.1; WOW64; Trident/4.0; SLCC2; .NET CLR 2.0.50727; .NET CLR 3.5.30729; .NET CLR 3.0.30729; Media Center PC 6.0; .NET4.0C; .NET4.0E; InfoPath.2)"
5.63.151.190 - - [13/Aug/2013:20:20:15 -0400] "HEAD / HTTP/1.1" 200 - "-" "checks.panopta.com"
194.29.0.110 - - [13/Aug/2013:10:32:24 -0400] "GET /images/fb.png HTTP/1.1" 200 1264 "http://www.warnerconsultinggroup.com/" "Mozilla/5.0 (compatible; MSIE 10.0; Windows NT 6.1; WOW64; Trident/6.0; MATM)"
194.29.0.110 - - [13/Aug/2013:10:32:25 -0400] "GET /images/gallery/services-2.jpg HTTP/1.1" 200 13974 "http://www.warnerconsultinggroup.com/" "Mozilla/5.0 (compatible; MSIE 10.0; Windows NT 6.1; WOW64; Trident/6.0; MATM)"
194.29.0.110 - - [13/Aug/2013:10:32:25 -0400] "GET /images/social-bg.png HTTP/1.1" 200 3056 "http://www.warnerconsultinggroup.com/" "Mozilla/5.0 (compatible; MSIE 10.0; Windows NT 6.1; WOW64; Trident/6.0; MATM)"
194.29.0.110 - - [13/Aug/2013:10:32:37 -0400] "GET //css/dropdown/dropdown.css HTTP/1.1" 200 1026 "http://www.warnerconsultinggroup.com//contact_us" "Mozilla/5.0 (compatible; MSIE 10.0; Windows NT 6.1; WOW64; Trident/6.0; MATM)"
194.29.0.110 - - [13/Aug/2013:10:32:37 -0400] "GET //images/fb.png HTTP/1.1" 200 1264 "http://www.warnerconsultinggroup.com//contact_us" "Mozilla/5.0 (compatible; MSIE 10.0; Windows NT 6.1; WOW64; Trident/6.0; MATM)"
194.29.0.110 - - [13/Aug/2013:10:32:42 -0400] "GET //images/inner-content-mid.png HTTP/1.1" 200 211 "http://www.warnerconsultinggroup.com//contact_us" "Mozilla/5.0 (compatible; MSIE 10.0; Windows NT 6.1; WOW64; Trident/6.0; MATM)"
194.29.0.110 - - [13/Aug/2013:10:32:42 -0400] "GET //images/right-box-top.png HTTP/1.1" 200 617 "http://www.warnerconsultinggroup.com//contact_us" "Mozilla/5.0 (compatible; MSIE 10.0; Windows NT 6.1; WOW64; Trident/6.0; MATM)"
5.63.151.190 - - [13/Aug/2013:12:01:11 -0400] "HEAD / HTTP/1.1" 200 - "-" "checks.panopta.com"
17.16.92.46 - - [13/Aug/2013:13:15:21 -0400] "GET //images/social-bg.png HTTP/1.1" 200 3056 "http://www.warnerconsultinggroup.com//consulting/warner_services" "Mozilla/5.0 (Macintosh; Intel Mac OS X 10_8_4) AppleWebKit/536.30.1 (KHTML, like Gecko) Version/6.0.5 Safari/536.30.1"
17.16.92.46 - - [13/Aug/2013:13:15:21 -0400] "GET //images/right-box-top.png HTTP/1.1" 200 617 "http://www.warnerconsultinggroup.com//consulting/warner_services" "Mozilla/5.0 (Macintosh; Intel Mac OS X 10_8_4) AppleWebKit/536.30.1 (KHTML, like Gecko) Version/6.0.5 Safari/536.30.1"
17.16.92.46 - - [13/Aug/2013:13:15:22 -0400] "GET //images/bullet2.png HTTP/1.1" 200 451 "http://www.warnerconsultinggroup.com//consulting/warner_services" "Mozilla/5.0 (Macintosh; Intel Mac OS X 10_8_4) AppleWebKit/536.30.1 (KHTML, like Gecko) Version/6.0.5 Safari/536.30.1"
17.16.92.46 - - [13/Aug/2013:13:15:22 -0400] "GET //images/footer-sep.jpg HTTP/1.1" 200 1127 "http://www.warnerconsultinggroup.com//consulting/warner_services" "Mozilla/5.0 (Macintosh; Intel Mac OS X 10_8_4) AppleWebKit/536.30.1 (KHTML, like Gecko) Version/6.0.5 Safari/536.30.1"
5.63.151.190 - - [13/Aug/2013:16:48:30 -0400] "HEAD / HTTP/1.1" 200 - "-" "checks.panopta.com"
129.188.33.27 - - [13/Aug/2013:20:00:45 -0400] "GET //images/twitr.png HTTP/1.1" 200 1543 "http://www.warnerconsultinggroup.com//contact_us" "Mozilla/4.0 (compatible; MSIE 8.0; Windows NT 6.1; WOW64; Trident/4.0; SLCC2; .NET CLR 2.0.50727; .NET CLR 3.5.30729; .NET CLR 3.0.30729; Media Center PC 6.0; .NET4.0C; .NET4.0E; InfoPath.2)"
180.76.6.231 - - [13/Aug/2013:09:38:24 -0400] "GET /pages/1/css/css/ HTTP/1.1" 200 6782 "-" "Mozilla/5.0 (compatible; Baiduspider/2.0; +http://www.baidu.com/search/spider.html)"
5.63.151.190 - - [13/Aug/2013:10:45:39 -0400] "HEAD / HTTP/1.1" 200 - "-" "checks.panopta.com"
5.63.151.190 - - [13/Aug/2013:21:50:49 -0400] "HEAD / HTTP/1.1" 200 - "-" "checks.panopta.com"
199.30.228.153 - - [13/Aug/2013:22:32:51 -0400] "GET /images/logo.jpg HTTP/1.1" 200 6004 "http://warnerconsultinggroup.com/" "Mozilla/5.0 (X11; Linux i686) AppleWebKit/534.34 (KHTML, like Gecko) Qt/4.8.4 Safari/534.34"
199.30.228.153 - - [13/Aug/2013:22:32:51 -0400] "GET /images/footer-bg.jpg HTTP/1.1" 200 1167 "http://warnerconsultinggroup.com/" "Mozilla/5.0 (X11; Linux i686) AppleWebKit/534.34 (KHTML, like Gecko) Qt/4.8.4 Safari/534.34"
5.63.151.190 - - [13/Aug/2013:22:36:15 -0400] "HEAD / HTTP/1.1" 200 - "-" "checks.panopta.com"
173.199.114.147 - - [13/Aug/2013:17:31:49 -0400] "GET //consulting HTTP/1.1" 200 14472 "-" "Mozilla/5.0 (compatible; AhrefsBot/4.0; +http://ahrefs.com/robot/)"