0byt3m1n1
Path:
/
data
/
0
/
0
/
69
/
102
/
69265
/
meta
/
70501
/
logs
/
[
Home
]
File: x-access_log.2013-08-18
157.56.92.159 - - [18/Aug/2013:15:46:09 -0400] "GET /pages/1/lighterside HTTP/1.0" 200 6782 "-" "Mozilla/5.0 (compatible; bingbot/2.0; +http://www.bing.com/bingbot.htm)"
220.181.108.83 - - [18/Aug/2013:16:11:01 -0400] "GET /inspiring_innovation HTTP/1.1" 200 11658 "-" "Mozilla/5.0 (compatible; Baiduspider/2.0; +http://www.baidu.com/search/spider.html)"
220.181.108.114 - - [18/Aug/2013:16:17:41 -0400] "GET /lighterside HTTP/1.1" 200 6782 "-" "Mozilla/5.0 (compatible; Baiduspider/2.0; +http://www.baidu.com/search/spider.html)"
220.181.108.171 - - [18/Aug/2013:16:21:01 -0400] "GET /clients HTTP/1.1" 200 22072 "-" "Mozilla/5.0 (compatible; Baiduspider/2.0; +http://www.baidu.com/search/spider.html)"
157.56.229.190 - - [18/Aug/2013:17:34:10 -0400] "GET //js/jquery-1.3.2.min.js HTTP/1.1" 200 57254 "-" "Mozilla/5.0 (compatible; bingbot/2.0; +http://www.bing.com/bingbot.htm)"
5.63.151.190 - - [18/Aug/2013:20:07:50 -0400] "HEAD / HTTP/1.1" 200 - "-" "checks.panopta.com"
5.63.151.190 - - [18/Aug/2013:21:38:40 -0400] "HEAD / HTTP/1.1" 200 - "-" "checks.panopta.com"
5.63.151.190 - - [18/Aug/2013:03:46:38 -0400] "HEAD / HTTP/1.1" 200 - "-" "checks.panopta.com"
5.63.151.190 - - [18/Aug/2013:05:32:12 -0400] "HEAD / HTTP/1.1" 200 - "-" "checks.panopta.com"
205.203.134.197 - - [18/Aug/2013:02:09:58 -0400] "GET /aboutus/clients HTTP/1.0" 200 585 "-" "Mozilla/5.0 (compatible; Dow Jones Searchbot)"
220.181.51.144 - - [18/Aug/2013:06:42:28 -0400] "GET /css/dropdown/themes/nvidia.com/default.advanced.css HTTP/1.0" 200 1342 "http://warnerconsultinggroup.com/" "Mozilla/4.0 (compatible; MSIE 7.0; Windows NT 5.1)"
5.63.151.190 - - [18/Aug/2013:07:47:49 -0400] "HEAD / HTTP/1.1" 200 - "-" "checks.panopta.com"
66.249.74.134 - - [18/Aug/2013:11:13:26 -0400] "GET /css/dropdown/themes/nvidia.com/default.css HTTP/1.1" 200 1866 "-" "Mozilla/5.0 (compatible; Googlebot/2.1; +http://www.google.com/bot.html)"
5.63.151.190 - - [18/Aug/2013:12:19:46 -0400] "HEAD / HTTP/1.1" 503 - "-" "checks.panopta.com"
157.56.92.159 - - [18/Aug/2013:15:17:51 -0400] "GET /pages/1/lighterside HTTP/1.1" 503 323 "-" "Mozilla/5.0 (compatible; bingbot/2.0; +http://www.bing.com/bingbot.htm)"
5.63.151.190 - - [18/Aug/2013:16:51:41 -0400] "HEAD / HTTP/1.1" 503 - "-" "checks.panopta.com"
5.63.151.190 - - [18/Aug/2013:00:45:19 -0400] "HEAD / HTTP/1.1" 200 - "-" "checks.panopta.com"
205.203.134.197 - - [18/Aug/2013:02:09:59 -0400] "GET /aboutus/lighterside HTTP/1.0" 200 6782 "-" "Mozilla/5.0 (compatible; Dow Jones Searchbot)"
205.203.134.197 - - [18/Aug/2013:02:10:17 -0400] "GET /piecemaker.css HTTP/1.0" 200 791 "-" "Mozilla/5.0 (compatible; Dow Jones Searchbot)"
205.203.134.197 - - [18/Aug/2013:02:08:54 -0400] "GET //css/diQuery-collapsiblePanel.css HTTP/1.0" 200 506 "-" "Mozilla/5.0 (compatible; Dow Jones Searchbot)"
205.203.134.197 - - [18/Aug/2013:02:10:00 -0400] "GET //inspiring_innovation HTTP/1.0" 200 11658 "-" "Mozilla/5.0 (compatible; Dow Jones Searchbot)"
5.63.151.190 - - [18/Aug/2013:13:35:24 -0400] "HEAD / HTTP/1.1" 200 - "-" "checks.panopta.com"
37.9.53.51 - - [18/Aug/2013:19:26:32 -0400] "GET /fckeditor/editor/filemanager/connectors/uploadtest.html HTTP/1.0" 200 6782 "http://WARNERCONSULTINGGROUP.COM/fckeditor/editor/filemanager/connectors/uploadtest.html" "Mozilla/4.0 (compatible; MSIE 6.0; Windows 98; Win 9x 4.90)"
5.63.151.190 - - [18/Aug/2013:23:54:26 -0400] "HEAD / HTTP/1.1" 200 - "-" "checks.panopta.com"
5.63.151.190 - - [18/Aug/2013:09:18:32 -0400] "HEAD / HTTP/1.1" 200 - "-" "checks.panopta.com"
5.63.151.190 - - [18/Aug/2013:10:18:54 -0400] "HEAD / HTTP/1.1" 200 - "-" "checks.panopta.com"
100.43.83.144 - - [18/Aug/2013:11:25:39 -0400] "GET /pages/1/images/twitr.png HTTP/1.1" 200 6782 "-" "Mozilla/5.0 (compatible; YandexImages/3.0; +http://yandex.com/bots)"
66.249.75.181 - - [18/Aug/2013:04:58:15 -0400] "GET /www.litchfieldbeach.com HTTP/1.1" 200 6782 "-" "Mozilla/5.0 (compatible; Googlebot/2.1; +http://www.google.com/bot.html)"
66.249.75.181 - - [18/Aug/2013:01:56:23 -0400] "GET /robots.txt HTTP/1.1" 200 6782 "-" "Mozilla/5.0 (compatible; Googlebot/2.1; +http://www.google.com/bot.html)"
123.151.148.200 - - [18/Aug/2013:16:12:28 -0400] "GET /css/style.css HTTP/1.1" 200 7000 "http://www.warnerconsultinggroup.com/" "Mozilla/5.0 (compatible; Sosospider/2.0; +http://help.soso.com/webspider.htm)"
220.181.108.182 - - [18/Aug/2013:16:14:21 -0400] "GET /contact_us HTTP/1.1" 200 14972 "-" "Mozilla/5.0 (compatible; Baiduspider/2.0; +http://www.baidu.com/search/spider.html)"
157.56.229.190 - - [18/Aug/2013:17:14:12 -0400] "GET /about_us/meet_the_team HTTP/1.1" 200 23851 "-" "Mozilla/5.0 (compatible; bingbot/2.0; +http://www.bing.com/bingbot.htm)"
66.249.74.134 - - [18/Aug/2013:18:29:31 -0400] "GET /robots.txt HTTP/1.1" 200 6782 "-" "Mozilla/5.0 (compatible; Googlebot/2.1; +http://www.google.com/bot.html)"
205.203.134.197 - - [18/Aug/2013:02:09:22 -0400] "GET //consulting/warner_services HTTP/1.0" 200 20229 "-" "Mozilla/5.0 (compatible; Dow Jones Searchbot)"
205.203.134.197 - - [18/Aug/2013:02:09:47 -0400] "GET /lighterside HTTP/1.0" 200 6782 "-" "Mozilla/5.0 (compatible; Dow Jones Searchbot)"
5.63.151.190 - - [18/Aug/2013:04:16:52 -0400] "HEAD / HTTP/1.1" 200 - "-" "checks.panopta.com"
205.203.134.197 - - [18/Aug/2013:02:09:19 -0400] "GET //about_us/code_of_ethics HTTP/1.0" 200 13139 "-" "Mozilla/5.0 (compatible; Dow Jones Searchbot)"
5.63.151.190 - - [18/Aug/2013:11:19:16 -0400] "HEAD / HTTP/1.1" 200 - "-" "checks.panopta.com"
180.76.5.15 - - [18/Aug/2013:11:55:35 -0400] "GET /aboutus/css/css/consulting HTTP/1.1" 200 6782 "-" "Mozilla/5.0 (compatible; Baiduspider/2.0; +http://www.baidu.com/search/spider.html)"
5.63.151.190 - - [18/Aug/2013:16:06:13 -0400] "HEAD / HTTP/1.1" 200 - "-" "checks.panopta.com"
205.203.134.197 - - [18/Aug/2013:02:08:53 -0400] "GET //about_us/meet_the_team HTTP/1.0" 200 23851 "-" "Mozilla/5.0 (compatible; Dow Jones Searchbot)"
205.203.134.197 - - [18/Aug/2013:02:10:11 -0400] "GET //consulting/css/style.css HTTP/1.0" 200 6782 "-" "Mozilla/5.0 (compatible; Dow Jones Searchbot)"
100.43.83.144 - - [18/Aug/2013:11:27:59 -0400] "GET /pages/1/images/twitr.png HTTP/1.1" 200 6782 "-" "Mozilla/5.0 (compatible; YandexImages/3.0; +http://yandex.com/bots)"
220.181.51.147 - - [18/Aug/2013:06:42:28 -0400] "GET /css/dropdown/themes/nvidia.com/default.css HTTP/1.0" 200 1866 "http://warnerconsultinggroup.com/" "Mozilla/4.0 (compatible; MSIE 7.0; Windows NT 5.1)"
5.63.151.190 - - [18/Aug/2013:08:03:07 -0400] "HEAD / HTTP/1.1" 200 - "-" "checks.panopta.com"
5.63.151.190 - - [18/Aug/2013:21:08:19 -0400] "HEAD / HTTP/1.1" 200 - "-" "checks.panopta.com"
5.63.151.190 - - [18/Aug/2013:14:20:46 -0400] "HEAD / HTTP/1.1" 200 - "-" "checks.panopta.com"
67.159.44.55 - - [18/Aug/2013:04:48:48 -0400] "GET / HTTP/1.1" 200 9018 "-" "Mozilla/5.0 (Windows; U; Windows NT 5.1; rv:1.7.3) Gecko/20041001 Firefox/0.10.1"
205.203.134.197 - - [18/Aug/2013:02:10:12 -0400] "GET //consulting/css/dropdown/dropdown.css HTTP/1.0" 200 585 "-" "Mozilla/5.0 (compatible; Dow Jones Searchbot)"
5.63.151.190 - - [18/Aug/2013:01:15:38 -0400] "HEAD / HTTP/1.1" 200 - "-" "checks.panopta.com"
157.55.35.94 - - [18/Aug/2013:15:08:52 -0400] "GET /about_us HTTP/1.1" 200 14197 "-" "Mozilla/5.0 (compatible; bingbot/2.0; +http://www.bing.com/bingbot.htm)"
157.56.229.190 - - [18/Aug/2013:17:16:09 -0400] "GET //css/style.css HTTP/1.1" 200 7000 "-" "Mozilla/5.0 (compatible; bingbot/2.0; +http://www.bing.com/bingbot.htm)"
66.249.74.134 - - [18/Aug/2013:10:26:28 -0400] "GET //css/dropdown/themes/nvidia.com/default.advanced.css HTTP/1.1" 200 1342 "-" "Mozilla/5.0 (compatible; Googlebot/2.1; +http://www.google.com/bot.html)"
66.249.74.134 - - [18/Aug/2013:11:06:27 -0400] "GET / HTTP/1.1" 200 9018 "-" "Mozilla/5.0 (compatible; Googlebot/2.1; +http://www.google.com/bot.html)"
5.63.151.190 - - [18/Aug/2013:06:17:24 -0400] "HEAD / HTTP/1.1" 200 - "-" "checks.panopta.com"
5.63.151.190 - - [18/Aug/2013:06:47:32 -0400] "HEAD / HTTP/1.1" 200 - "-" "checks.panopta.com"
5.63.151.190 - - [18/Aug/2013:07:32:48 -0400] "HEAD / HTTP/1.1" 200 - "-" "checks.panopta.com"
180.76.6.26 - - [18/Aug/2013:07:51:37 -0400] "GET /consulting/css/css/dropdown/themes/nvidia.com/ HTTP/1.1" 200 6782 "-" "Mozilla/5.0 (compatible; Baiduspider/2.0; +http://www.baidu.com/search/spider.html)"
5.63.151.190 - - [18/Aug/2013:08:33:13 -0400] "GET / HTTP/1.1" 200 9018 "-" "checks.panopta.com"
66.249.75.181 - - [18/Aug/2013:03:20:25 -0400] "GET /robots.txt HTTP/1.1" 200 6782 "-" "Mozilla/5.0 (compatible; Googlebot/2.1; +http://www.google.com/bot.html)"
157.56.93.52 - - [18/Aug/2013:19:03:28 -0400] "GET /Scripts/swfobject/swfobject.js HTTP/1.1" 200 9759 "-" "Mozilla/5.0 (compatible; bingbot/2.0; +http://www.bing.com/bingbot.htm)"
37.9.53.51 - - [18/Aug/2013:19:26:32 -0400] "GET /admin/FCKeditor/editor/filemanager/connectors/uploadtest.html HTTP/1.0" 200 6782 "http://WARNERCONSULTINGGROUP.COM/admin/FCKeditor/editor/filemanager/connectors/uploadtest.html" "Mozilla/4.0 (compatible; MSIE 6.0; Windows 98; Win 9x 4.90)"
37.9.53.51 - - [18/Aug/2013:19:26:32 -0400] "GET /FCKeditor/editor/filemanager/connectors/uploadtest.html HTTP/1.0" 200 6782 "http://WARNERCONSULTINGGROUP.COM/FCKeditor/editor/filemanager/connectors/uploadtest.html" "Mozilla/4.0 (compatible; MSIE 6.0; Windows 98; Win 9x 4.90)"
5.63.151.190 - - [18/Aug/2013:19:52:46 -0400] "HEAD / HTTP/1.1" 200 - "-" "checks.panopta.com"
206.253.226.23 - - [18/Aug/2013:03:47:01 -0400] "GET / HTTP/1.1" 200 9018 "-" "Mozilla/5.0 (compatible; oBot/2.3.1; +http://filterdb.iss.net/crawler/)"
206.253.226.23 - - [18/Aug/2013:03:47:15 -0400] "GET /a.html HTTP/1.1" 200 1082 "-" "Mozilla/5.0 (compatible; oBot/2.3.1; +http://filterdb.iss.net/crawler/)"
66.249.75.181 - - [18/Aug/2013:04:54:35 -0400] "GET /www.litchfieldbeach.com HTTP/1.1" 200 6782 "-" "Mozilla/5.0 (compatible; Googlebot/2.1; +http://www.google.com/bot.html)"
5.9.149.166 - - [18/Aug/2013:23:49:30 -0400] "GET /robots.txt HTTP/1.1" 200 6782 "-" "Mozilla/4.0 (compatible; MSIE 5.5; Windows NT)"
205.203.134.197 - - [18/Aug/2013:02:08:52 -0400] "GET /css/style.css HTTP/1.0" 200 7000 "-" "Mozilla/5.0 (compatible; Dow Jones Searchbot)"
205.203.134.197 - - [18/Aug/2013:02:09:29 -0400] "GET //news/news_letter HTTP/1.0" 200 15065 "-" "Mozilla/5.0 (compatible; Dow Jones Searchbot)"
5.63.151.190 - - [18/Aug/2013:09:03:30 -0400] "HEAD / HTTP/1.1" 200 - "-" "checks.panopta.com"
220.181.108.159 - - [18/Aug/2013:15:57:40 -0400] "GET /the_lighter_side HTTP/1.1" 200 13713 "-" "Mozilla/5.0 (compatible; Baiduspider/2.0; +http://www.baidu.com/search/spider.html)"
66.249.74.134 - - [18/Aug/2013:16:20:27 -0400] "GET /robots.txt HTTP/1.1" 200 6782 "-" "Mozilla/5.0 (compatible; Googlebot/2.1; +http://www.google.com/bot.html)"
123.125.71.94 - - [18/Aug/2013:16:27:41 -0400] "GET /css/dropdown/themes/nvidia.com/ HTTP/1.1" 403 660 "-" "Mozilla/5.0 (compatible; Baiduspider/2.0; +http://www.baidu.com/search/spider.html)"
100.43.83.144 - - [18/Aug/2013:10:42:46 -0400] "GET /robots.txt HTTP/1.1" 200 6782 "-" "Mozilla/5.0 (compatible; YandexBot/3.0; +http://yandex.com/bots)"
100.43.83.144 - - [18/Aug/2013:11:25:45 -0400] "GET /pages/1/images/twitr.png HTTP/1.1" 503 823 "-" "Mozilla/5.0 (compatible; YandexImages/3.0; +http://yandex.com/bots)"
220.181.108.113 - - [18/Aug/2013:07:13:38 -0400] "GET /a.html HTTP/1.1" 200 1082 "http://www.warnerconsultinggroup.com/index.php" "Mozilla/5.0 (X11; U; Linux x86_64; en-US; rv:1.9) Gecko Minefield/3.0"
5.63.151.190 - - [18/Aug/2013:08:18:10 -0400] "HEAD / HTTP/1.1" 200 - "-" "checks.panopta.com"
5.63.151.190 - - [18/Aug/2013:20:22:55 -0400] "HEAD / HTTP/1.1" 200 - "-" "checks.panopta.com"
205.203.134.197 - - [18/Aug/2013:02:08:59 -0400] "GET /aboutus/meettheteam.html HTTP/1.0" 200 6782 "-" "Mozilla/5.0 (compatible; Dow Jones Searchbot)"
205.203.134.197 - - [18/Aug/2013:02:09:08 -0400] "GET /news HTTP/1.0" 200 17995 "-" "Mozilla/5.0 (compatible; Dow Jones Searchbot)"
123.125.71.49 - - [18/Aug/2013:07:13:26 -0400] "GET / HTTP/1.1" 200 9018 "-" "Mozilla/5.0 (compatible; Baiduspider/2.0; +http://www.baidu.com/search/spider.html)"
205.203.134.197 - - [18/Aug/2013:02:09:17 -0400] "GET //diQuery-collapsiblePanel.css HTTP/1.0" 200 6782 "-" "Mozilla/5.0 (compatible; Dow Jones Searchbot)"
205.203.134.197 - - [18/Aug/2013:02:09:40 -0400] "GET /Scripts/swfobject/swfobject.js HTTP/1.0" 200 9759 "-" "Mozilla/5.0 (compatible; Dow Jones Searchbot)"
205.203.134.197 - - [18/Aug/2013:02:09:50 -0400] "GET //www.magnoliahotels.com HTTP/1.0" 200 585 "-" "Mozilla/5.0 (compatible; Dow Jones Searchbot)"
5.63.151.190 - - [18/Aug/2013:09:33:35 -0400] "HEAD / HTTP/1.1" 200 - "-" "checks.panopta.com"
5.63.151.190 - - [18/Aug/2013:14:05:45 -0400] "HEAD / HTTP/1.1" 200 - "-" "checks.panopta.com"
128.204.195.249 - - [18/Aug/2013:16:21:39 -0400] "HEAD / HTTP/1.1" 200 - "-" "checks.panopta.com"
79.143.190.141 - - [18/Aug/2013:03:01:36 -0400] "HEAD / HTTP/1.1" 200 - "-" "checks.panopta.com"
206.253.226.23 - - [18/Aug/2013:03:47:26 -0400] "GET / HTTP/1.1" 200 9018 "-" "Mozilla/5.0 (compatible; oBot/2.3.1; +http://filterdb.iss.net/crawler/)"
206.253.226.23 - - [18/Aug/2013:03:47:29 -0400] "GET /a.html HTTP/1.1" 200 1082 "-" "Mozilla/5.0 (compatible; oBot/2.3.1; +http://filterdb.iss.net/crawler/)"
5.63.151.190 - - [18/Aug/2013:00:00:11 -0400] "HEAD / HTTP/1.1" 200 - "-" "checks.panopta.com"
205.203.134.197 - - [18/Aug/2013:02:10:09 -0400] "GET //www.elfiq.com HTTP/1.0" 200 585 "-" "Mozilla/5.0 (compatible; Dow Jones Searchbot)"
5.63.151.190 - - [18/Aug/2013:03:01:16 -0400] "GET / HTTP/1.1" 200 9018 "-" "checks.panopta.com"
5.63.151.190 - - [18/Aug/2013:06:02:20 -0400] "HEAD / HTTP/1.1" 200 - "-" "checks.panopta.com"
66.249.74.134 - - [18/Aug/2013:10:26:24 -0400] "GET //css/dropdown/themes/nvidia.com/default.css HTTP/1.1" 200 1866 "-" "Mozilla/5.0 (compatible; Googlebot/2.1; +http://www.google.com/bot.html)"
66.249.74.134 - - [18/Aug/2013:11:13:26 -0400] "GET /css/style.css HTTP/1.1" 200 7000 "-" "Mozilla/5.0 (compatible; Googlebot/2.1; +http://www.google.com/bot.html)"
157.56.92.159 - - [18/Aug/2013:15:01:09 -0400] "GET /robots.txt HTTP/1.1" 200 6782 "-" "Mozilla/5.0 (compatible; bingbot/2.0; +http://www.bing.com/bingbot.htm)"
157.56.93.52 - - [18/Aug/2013:19:02:21 -0400] "GET /images/css/dropdown/dropdown.css HTTP/1.1" 200 6782 "-" "Mozilla/5.0 (compatible; bingbot/2.0; +http://www.bing.com/bingbot.htm)"
66.249.74.134 - - [18/Aug/2013:10:26:32 -0400] "GET //css/style.css HTTP/1.1" 200 7000 "-" "Mozilla/5.0 (compatible; Googlebot/2.1; +http://www.google.com/bot.html)"
123.151.148.200 - - [18/Aug/2013:16:12:18 -0400] "GET / HTTP/1.1" 200 9018 "http://www.warnerconsultinggroup.com/" "Mozilla/5.0 (compatible; Sosospider/2.0; +http://help.soso.com/webspider.htm)"
123.125.71.80 - - [18/Aug/2013:16:27:41 -0400] "GET /css/dropdown/themes/nvidia.com/default.advanced.css HTTP/1.1" 200 1342 "-" "Mozilla/5.0 (compatible; Baiduspider/2.0; +http://www.baidu.com/search/spider.html)"
66.249.74.134 - - [18/Aug/2013:17:27:41 -0400] "GET /pages/1/images/consulting HTTP/1.1" 200 6782 "-" "Mozilla/5.0 (compatible; Googlebot/2.1; +http://www.google.com/bot.html)"
199.30.25.77 - - [18/Aug/2013:18:16:01 -0400] "GET /a.html HTTP/1.1" 200 1082 "http://www.warnerconsultinggroup.com/about_us/meet_the_team" "Mozilla/5.0 (Windows NT 6.1; WOW64) AppleWebKit/534+ (KHTML, like Gecko) BingPreview/1.0b"
199.30.25.77 - - [18/Aug/2013:18:16:01 -0400] "GET /Scripts/swfobject/swfobject.js HTTP/1.1" 200 9759 "http://www.warnerconsultinggroup.com/a.html" "Mozilla/5.0 (Windows NT 6.1; WOW64) AppleWebKit/534+ (KHTML, like Gecko) BingPreview/1.0b"
199.30.25.77 - - [18/Aug/2013:18:16:01 -0400] "GET //images/twitr.png HTTP/1.1" 200 1543 "http://www.warnerconsultinggroup.com/about_us/meet_the_team" "Mozilla/5.0 (Windows NT 6.1; WOW64) AppleWebKit/534+ (KHTML, like Gecko) BingPreview/1.0b"
199.30.25.77 - - [18/Aug/2013:18:16:02 -0400] "GET //images/inner-content-mid.png HTTP/1.1" 200 211 "http://www.warnerconsultinggroup.com/about_us/meet_the_team" "Mozilla/5.0 (Windows NT 6.1; WOW64) AppleWebKit/534+ (KHTML, like Gecko) BingPreview/1.0b"
199.30.25.77 - - [18/Aug/2013:18:16:02 -0400] "GET //images/right-box-top.png HTTP/1.1" 200 617 "http://www.warnerconsultinggroup.com/about_us/meet_the_team" "Mozilla/5.0 (Windows NT 6.1; WOW64) AppleWebKit/534+ (KHTML, like Gecko) BingPreview/1.0b"
199.30.25.77 - - [18/Aug/2013:18:16:02 -0400] "GET //images/right-box-mid.png HTTP/1.1" 200 134 "http://www.warnerconsultinggroup.com/about_us/meet_the_team" "Mozilla/5.0 (Windows NT 6.1; WOW64) AppleWebKit/534+ (KHTML, like Gecko) BingPreview/1.0b"
199.30.25.77 - - [18/Aug/2013:18:16:02 -0400] "GET //images/bullet2.png HTTP/1.1" 200 451 "http://www.warnerconsultinggroup.com/about_us/meet_the_team" "Mozilla/5.0 (Windows NT 6.1; WOW64) AppleWebKit/534+ (KHTML, like Gecko) BingPreview/1.0b"
199.30.25.77 - - [18/Aug/2013:18:16:03 -0400] "GET //images/inner-content-bot.png HTTP/1.1" 200 1411 "http://www.warnerconsultinggroup.com/about_us/meet_the_team" "Mozilla/5.0 (Windows NT 6.1; WOW64) AppleWebKit/534+ (KHTML, like Gecko) BingPreview/1.0b"
157.56.229.190 - - [18/Aug/2013:20:56:17 -0400] "GET / HTTP/1.1" 200 9018 "-" "Mozilla/5.0 (compatible; bingbot/2.0; +http://www.bing.com/bingbot.htm)"
205.203.134.197 - - [18/Aug/2013:02:08:56 -0400] "GET /contact_us HTTP/1.0" 200 14972 "-" "Mozilla/5.0 (compatible; Dow Jones Searchbot)"
205.203.134.197 - - [18/Aug/2013:02:09:39 -0400] "GET //the_lighter_side HTTP/1.0" 200 13713 "-" "Mozilla/5.0 (compatible; Dow Jones Searchbot)"
5.9.149.166 - - [18/Aug/2013:23:49:34 -0400] "GET / HTTP/1.1" 200 9018 "-" "Mozilla/4.0 (compatible; MSIE 5.5; Windows NT)"
5.63.151.190 - - [18/Aug/2013:02:00:58 -0400] "HEAD / HTTP/1.1" 200 - "-" "checks.panopta.com"
205.203.134.197 - - [18/Aug/2013:02:10:08 -0400] "GET //news/css/dropdown/themes/nvidia.com/default.advanced.css HTTP/1.0" 200 585 "-" "Mozilla/5.0 (compatible; Dow Jones Searchbot)"
5.63.151.190 - - [18/Aug/2013:08:33:12 -0400] "HEAD / HTTP/1.1" 200 - "-" "checks.panopta.com"
5.63.151.190 - - [18/Aug/2013:15:05:56 -0400] "HEAD / HTTP/1.1" 200 - "-" "checks.panopta.com"
5.63.151.190 - - [18/Aug/2013:01:00:36 -0400] "HEAD / HTTP/1.1" 200 - "-" "checks.panopta.com"
205.203.134.197 - - [18/Aug/2013:02:09:09 -0400] "GET //www.litchfieldbeach.com HTTP/1.0" 200 585 "-" "Mozilla/5.0 (compatible; Dow Jones Searchbot)"
205.203.134.197 - - [18/Aug/2013:02:09:30 -0400] "GET //news/published_articles HTTP/1.0" 200 16094 "-" "Mozilla/5.0 (compatible; Dow Jones Searchbot)"
205.203.134.197 - - [18/Aug/2013:02:09:42 -0400] "GET /creating_efficiency HTTP/1.0" 200 11923 "-" "Mozilla/5.0 (compatible; Dow Jones Searchbot)"
123.125.71.73 - - [18/Aug/2013:15:54:21 -0400] "GET / HTTP/1.1" 200 9018 "-" "Mozilla/5.0 (compatible; Baiduspider/2.0; +http://www.baidu.com/search/spider.html)"
157.56.92.159 - - [18/Aug/2013:18:43:34 -0400] "GET /images/Lodging_Magazine_Beware_of_Pirates_and_Bootlegers_3_2008.pdf HTTP/1.1" 200 6782 "-" "Mozilla/5.0 (compatible; bingbot/2.0; +http://www.bing.com/bingbot.htm)"
66.249.74.134 - - [18/Aug/2013:18:53:16 -0400] "GET /www.magnoliahotels.com HTTP/1.1" 200 6782 "-" "Mozilla/5.0 (compatible; Googlebot/2.1; +http://www.google.com/bot.html)"
157.55.32.57 - - [18/Aug/2013:20:59:55 -0400] "GET /css/dropdown/dropdown.css HTTP/1.1" 200 1026 "-" "Mozilla/5.0 (compatible; bingbot/2.0; +http://www.bing.com/bingbot.htm)"
5.63.151.190 - - [18/Aug/2013:03:31:36 -0400] "HEAD / HTTP/1.1" 200 - "-" "checks.panopta.com"
66.249.75.181 - - [18/Aug/2013:04:02:09 -0400] "GET /pages/1/images/news HTTP/1.1" 200 6782 "-" "Mozilla/5.0 (compatible; Googlebot/2.1; +http://www.google.com/bot.html)"
66.249.75.181 - - [18/Aug/2013:04:32:07 -0400] "GET /robots.txt HTTP/1.1" 200 6782 "-" "Mozilla/5.0 (compatible; Googlebot/2.1; +http://www.google.com/bot.html)"
62.149.1.75 - - [18/Aug/2013:05:10:06 -0400] "GET / HTTP/1.1" 200 9018 "-" "Mozilla/5.0 (Windows; U; Windows NT 5.1; ru; rv:1.9.0.1) Gecko/2008070208 Firefox/3.0.1"
66.249.75.181 - - [18/Aug/2013:03:48:24 -0400] "GET /news.html HTTP/1.1" 200 6782 "-" "Mozilla/5.0 (compatible; Googlebot/2.1; +http://www.google.com/bot.html)"
5.63.151.190 - - [18/Aug/2013:04:31:54 -0400] "HEAD / HTTP/1.1" 200 - "-" "checks.panopta.com"
5.63.151.190 - - [18/Aug/2013:04:46:56 -0400] "HEAD / HTTP/1.1" 200 - "-" "checks.panopta.com"
205.203.134.197 - - [18/Aug/2013:02:09:05 -0400] "GET /aboutus/about_us HTTP/1.0" 200 585 "-" "Mozilla/5.0 (compatible; Dow Jones Searchbot)"
205.203.134.197 - - [18/Aug/2013:02:10:10 -0400] "GET //consulting/www.magnoliahotels.com HTTP/1.0" 200 6782 "-" "Mozilla/5.0 (compatible; Dow Jones Searchbot)"
205.203.134.197 - - [18/Aug/2013:02:10:13 -0400] "GET //consulting/css/dropdown/themes/nvidia.com/default.advanced.css HTTP/1.0" 200 6782 "-" "Mozilla/5.0 (compatible; Dow Jones Searchbot)"
5.63.151.190 - - [18/Aug/2013:18:07:26 -0400] "HEAD / HTTP/1.1" 200 - "-" "checks.panopta.com"
37.9.53.51 - - [18/Aug/2013:19:26:32 -0400] "GET /admin/fckeditor/editor/filemanager/connectors/uploadtest.html HTTP/1.0" 200 6782 "http://WARNERCONSULTINGGROUP.COM/admin/fckeditor/editor/filemanager/connectors/uploadtest.html" "Mozilla/4.0 (compatible; MSIE 6.0; Windows 98; Win 9x 4.90)"
157.56.229.190 - - [18/Aug/2013:20:55:50 -0400] "GET /robots.txt HTTP/1.1" 200 6782 "-" "Mozilla/5.0 (compatible; bingbot/2.0; +http://www.bing.com/bingbot.htm)"
198.105.219.55 - - [18/Aug/2013:21:08:45 -0400] "HEAD / HTTP/1.1" 200 - "-" "checks.panopta.com"
208.115.111.75 - - [18/Aug/2013:21:44:57 -0400] "GET /robots.txt HTTP/1.1" 200 6782 "-" "Mozilla/5.0 (compatible; Ezooms/1.0; ezooms.bot@gmail.com)"
5.63.151.190 - - [18/Aug/2013:12:35:00 -0400] "HEAD / HTTP/1.1" 200 - "-" "checks.panopta.com"
5.63.151.190 - - [18/Aug/2013:13:20:22 -0400] "HEAD / HTTP/1.1" 200 - "-" "checks.panopta.com"
205.203.134.197 - - [18/Aug/2013:02:09:20 -0400] "GET //consulting/creating_efficiency HTTP/1.0" 200 585 "-" "Mozilla/5.0 (compatible; Dow Jones Searchbot)"
66.249.75.181 - - [18/Aug/2013:04:03:10 -0400] "GET /pages/1/images/news HTTP/1.1" 200 6782 "-" "Mozilla/5.0 (compatible; Googlebot/2.1; +http://www.google.com/bot.html)"
5.63.151.190 - - [18/Aug/2013:15:05:58 -0400] "GET / HTTP/1.1" 200 9018 "-" "checks.panopta.com"
79.143.190.141 - - [18/Aug/2013:16:52:01 -0400] "HEAD / HTTP/1.1" 200 - "-" "checks.panopta.com"
157.56.229.190 - - [18/Aug/2013:17:34:09 -0400] "GET //css/diQuery-collapsiblePanel.css HTTP/1.1" 200 506 "-" "Mozilla/5.0 (compatible; bingbot/2.0; +http://www.bing.com/bingbot.htm)"
157.56.93.52 - - [18/Aug/2013:08:44:44 -0400] "GET /robots.txt HTTP/1.1" 200 6782 "-" "Mozilla/5.0 (compatible; bingbot/2.0; +http://www.bing.com/bingbot.htm)"
5.63.151.190 - - [18/Aug/2013:14:35:49 -0400] "HEAD / HTTP/1.1" 200 - "-" "checks.panopta.com"
5.63.151.190 - - [18/Aug/2013:19:07:40 -0400] "HEAD / HTTP/1.1" 200 - "-" "checks.panopta.com"
66.249.74.90 - - [18/Aug/2013:20:35:05 -0400] "GET /robots.txt HTTP/1.1" 200 6782 "-" "Mozilla/5.0 (compatible; Googlebot/2.1; +http://www.google.com/bot.html)"
5.63.151.190 - - [18/Aug/2013:10:33:55 -0400] "HEAD / HTTP/1.1" 200 - "-" "checks.panopta.com"
205.203.134.197 - - [18/Aug/2013:02:10:06 -0400] "GET //news/www.magnoliahotels.com HTTP/1.0" 200 6782 "-" "Mozilla/5.0 (compatible; Dow Jones Searchbot)"
5.63.151.190 - - [18/Aug/2013:00:30:17 -0400] "HEAD / HTTP/1.1" 200 - "-" "checks.panopta.com"
205.203.134.197 - - [18/Aug/2013:02:08:51 -0400] "GET / HTTP/1.0" 200 9018 "-" "Mozilla/5.0 (compatible; Dow Jones Searchbot)"
205.203.134.197 - - [18/Aug/2013:02:09:11 -0400] "GET //index.php HTTP/1.0" 200 9018 "-" "Mozilla/5.0 (compatible; Dow Jones Searchbot)"
5.63.151.190 - - [18/Aug/2013:22:08:52 -0400] "HEAD / HTTP/1.1" 200 - "-" "checks.panopta.com"
5.63.151.190 - - [18/Aug/2013:11:04:15 -0400] "HEAD / HTTP/1.1" 200 - "-" "checks.panopta.com"
66.249.74.134 - - [18/Aug/2013:11:13:25 -0400] "GET /robots.txt HTTP/1.1" 200 6782 "-" "Mozilla/5.0 (compatible; Googlebot/2.1; +http://www.google.com/bot.html)"
123.125.71.76 - - [18/Aug/2013:16:07:41 -0400] "GET /consulting HTTP/1.1" 200 14034 "-" "Mozilla/5.0 (compatible; Baiduspider/2.0; +http://www.baidu.com/search/spider.html)"
5.63.151.190 - - [18/Aug/2013:17:07:01 -0400] "HEAD / HTTP/1.1" 200 - "-" "checks.panopta.com"
66.249.74.134 - - [18/Aug/2013:20:33:42 -0400] "GET /robots.txt HTTP/1.1" 200 6782 "-" "Mozilla/5.0 (compatible; Googlebot/2.1; +http://www.google.com/bot.html)"
66.249.74.134 - - [18/Aug/2013:20:44:41 -0400] "GET /robots.txt HTTP/1.1" 200 6782 "-" "Mozilla/5.0 (compatible; Googlebot/2.1; +http://www.google.com/bot.html)"
66.249.75.181 - - [18/Aug/2013:03:20:26 -0400] "GET /downloads/consulting/Marriott_Mt_Laurel_White_Paper.pdf HTTP/1.1" 304 - "-" "DoCoMo/2.0 N905i(c100;TB;W24H16) (compatible; Googlebot-Mobile/2.1; +http://www.google.com/bot.html)"
5.63.151.190 - - [18/Aug/2013:05:17:10 -0400] "HEAD / HTTP/1.1" 200 - "-" "checks.panopta.com"
5.63.151.190 - - [18/Aug/2013:05:47:13 -0400] "HEAD / HTTP/1.1" 200 - "-" "checks.panopta.com"
65.55.215.98 - - [18/Aug/2013:11:42:04 -0400] "GET /robots.txt HTTP/1.1" 200 6782 "-" "msnbot-media/1.1 (+http://search.msn.com/msnbot.htm)"
65.55.215.49 - - [18/Aug/2013:01:03:01 -0400] "GET /images/gallery/services-2.jpg HTTP/1.1" 200 13974 "-" "msnbot-media/1.1 (+http://search.msn.com/msnbot.htm)"
5.63.151.190 - - [18/Aug/2013:01:30:42 -0400] "HEAD / HTTP/1.1" 200 - "-" "checks.panopta.com"
205.203.134.197 - - [18/Aug/2013:02:09:44 -0400] "GET /consulting HTTP/1.0" 200 14034 "-" "Mozilla/5.0 (compatible; Dow Jones Searchbot)"
205.203.134.197 - - [18/Aug/2013:02:10:02 -0400] "GET //warner_services HTTP/1.0" 200 20229 "-" "Mozilla/5.0 (compatible; Dow Jones Searchbot)"
5.63.151.190 - - [18/Aug/2013:17:52:25 -0400] "HEAD / HTTP/1.1" 200 - "-" "checks.panopta.com"
198.199.66.231 - - [18/Aug/2013:00:04:11 -0400] "GET /clients HTTP/1.1" 200 22072 "-" "Mozilla/5.0 (Windows NT 6.1; WOW64; rv:21.0) Gecko/20100101 Firefox/21.0"
199.30.25.77 - - [18/Aug/2013:18:16:01 -0400] "GET //images/bg.jpg HTTP/1.1" 200 94591 "http://www.warnerconsultinggroup.com/about_us/meet_the_team" "Mozilla/5.0 (Windows NT 6.1; WOW64) AppleWebKit/534+ (KHTML, like Gecko) BingPreview/1.0b"
199.30.25.77 - - [18/Aug/2013:18:16:03 -0400] "GET //images/footer-bg.jpg HTTP/1.1" 200 1167 "http://www.warnerconsultinggroup.com/about_us/meet_the_team" "Mozilla/5.0 (Windows NT 6.1; WOW64) AppleWebKit/534+ (KHTML, like Gecko) BingPreview/1.0b"
5.63.151.190 - - [18/Aug/2013:09:48:36 -0400] "HEAD / HTTP/1.1" 200 - "-" "checks.panopta.com"
5.63.151.190 - - [18/Aug/2013:22:53:59 -0400] "HEAD / HTTP/1.1" 200 - "-" "checks.panopta.com"
5.63.151.190 - - [18/Aug/2013:23:09:21 -0400] "HEAD / HTTP/1.1" 200 - "-" "checks.panopta.com"
198.199.66.231 - - [18/Aug/2013:00:04:16 -0400] "GET /contact_us HTTP/1.1" 200 14972 "-" "Mozilla/5.0 (Windows NT 6.1; WOW64; rv:21.0) Gecko/20100101 Firefox/21.0"
205.203.134.197 - - [18/Aug/2013:02:08:51 -0400] "GET / HTTP/1.0" 200 9018 "-" "Mozilla/5.0 (compatible; Dow Jones Searchbot)"
205.203.134.197 - - [18/Aug/2013:02:09:05 -0400] "GET /aboutus/index.php HTTP/1.0" 200 6782 "-" "Mozilla/5.0 (compatible; Dow Jones Searchbot)"
157.56.229.190 - - [18/Aug/2013:17:13:32 -0400] "GET /robots.txt HTTP/1.1" 200 6782 "-" "Mozilla/5.0 (compatible; bingbot/2.0; +http://www.bing.com/bingbot.htm)"
66.249.74.134 - - [18/Aug/2013:19:53:35 -0400] "GET /whywarnerconsulting/images/fb.png HTTP/1.1" 200 6782 "-" "Googlebot-Image/1.0"
5.63.151.190 - - [18/Aug/2013:20:37:57 -0400] "HEAD / HTTP/1.1" 200 - "-" "checks.panopta.com"
66.249.74.134 - - [18/Aug/2013:08:56:10 -0400] "GET /robots.txt HTTP/1.1" 200 6782 "-" "Mozilla/5.0 (compatible; Googlebot/2.1; +http://www.google.com/bot.html)"
198.199.66.231 - - [18/Aug/2013:00:04:11 -0400] "GET /warner_services HTTP/1.1" 200 20229 "-" "Mozilla/5.0 (Windows NT 6.1; WOW64; rv:21.0) Gecko/20100101 Firefox/21.0"
199.30.80.105 - - [18/Aug/2013:00:39:20 -0400] "GET / HTTP/1.1" 200 9018 "-" "Mozilla/5.0 (Windows NT 6.1; rv:12.0; StumbleUpon; noc@stumbleupon.com) Gecko/20100101 Firefox/12.0"
199.30.25.77 - - [18/Aug/2013:18:16:01 -0400] "GET //images/logo.jpg HTTP/1.1" 200 6004 "http://www.warnerconsultinggroup.com/about_us/meet_the_team" "Mozilla/5.0 (Windows NT 6.1; WOW64) AppleWebKit/534+ (KHTML, like Gecko) BingPreview/1.0b"
199.30.25.77 - - [18/Aug/2013:18:16:01 -0400] "GET //images/social-head.png HTTP/1.1" 200 2344 "http://www.warnerconsultinggroup.com/about_us/meet_the_team" "Mozilla/5.0 (Windows NT 6.1; WOW64) AppleWebKit/534+ (KHTML, like Gecko) BingPreview/1.0b"
199.30.25.77 - - [18/Aug/2013:18:16:01 -0400] "GET //images/inner-content-top.png HTTP/1.1" 200 1386 "http://www.warnerconsultinggroup.com/about_us/meet_the_team" "Mozilla/5.0 (Windows NT 6.1; WOW64) AppleWebKit/534+ (KHTML, like Gecko) BingPreview/1.0b"
199.30.25.77 - - [18/Aug/2013:18:16:02 -0400] "GET //images/right-box-bot.png HTTP/1.1" 200 411 "http://www.warnerconsultinggroup.com/about_us/meet_the_team" "Mozilla/5.0 (Windows NT 6.1; WOW64) AppleWebKit/534+ (KHTML, like Gecko) BingPreview/1.0b"
199.30.25.77 - - [18/Aug/2013:18:16:03 -0400] "GET /piecemaker.swf HTTP/1.1" 200 208139 "http://www.warnerconsultinggroup.com/piecemaker.swf" "Mozilla/5.0 (Windows NT 6.1; WOW64) AppleWebKit/534+ (KHTML, like Gecko) BingPreview/1.0b"
5.63.151.190 - - [18/Aug/2013:05:02:08 -0400] "HEAD / HTTP/1.1" 200 - "-" "checks.panopta.com"
205.203.134.197 - - [18/Aug/2013:02:08:55 -0400] "GET //css/dropdown/themes/nvidia.com/default.advanced.css HTTP/1.0" 200 1342 "-" "Mozilla/5.0 (compatible; Dow Jones Searchbot)"
205.203.134.197 - - [18/Aug/2013:02:09:04 -0400] "GET /aboutus/contact_us HTTP/1.0" 200 585 "-" "Mozilla/5.0 (compatible; Dow Jones Searchbot)"
205.203.134.197 - - [18/Aug/2013:02:09:49 -0400] "GET /www.magnoliahotels.com HTTP/1.0" 200 585 "-" "Mozilla/5.0 (compatible; Dow Jones Searchbot)"
205.203.134.197 - - [18/Aug/2013:02:10:17 -0400] "GET /piecemaker1.xml HTTP/1.0" 200 1730 "-" "Mozilla/5.0 (compatible; Dow Jones Searchbot)"
5.63.151.190 - - [18/Aug/2013:15:21:01 -0400] "HEAD / HTTP/1.1" 200 - "-" "checks.panopta.com"
5.63.151.190 - - [18/Aug/2013:16:21:19 -0400] "HEAD / HTTP/1.1" 200 - "-" "checks.panopta.com"
5.63.151.190 - - [18/Aug/2013:03:16:35 -0400] "HEAD / HTTP/1.1" 200 - "-" "checks.panopta.com"
5.63.151.190 - - [18/Aug/2013:11:49:19 -0400] "HEAD / HTTP/1.1" 200 - "-" "checks.panopta.com"
173.199.115.131 - - [18/Aug/2013:21:20:04 -0400] "GET //about_us/creating_efficiency HTTP/1.1" 200 6782 "-" "Mozilla/5.0 (compatible; AhrefsBot/4.0; +http://ahrefs.com/robot/)"
5.63.151.190 - - [18/Aug/2013:03:01:14 -0400] "HEAD / HTTP/1.1" 200 - "-" "checks.panopta.com"
198.199.66.231 - - [18/Aug/2013:00:04:11 -0400] "GET /index.php HTTP/1.1" 200 9018 "-" "Mozilla/5.0 (Windows NT 6.1; WOW64; rv:21.0) Gecko/20100101 Firefox/21.0"
205.203.134.197 - - [18/Aug/2013:02:09:21 -0400] "GET //consulting/inspiring_innovation HTTP/1.0" 200 585 "-" "Mozilla/5.0 (compatible; Dow Jones Searchbot)"
205.203.134.197 - - [18/Aug/2013:02:09:57 -0400] "GET /aboutus/consulting HTTP/1.0" 200 585 "-" "Mozilla/5.0 (compatible; Dow Jones Searchbot)"
205.203.134.197 - - [18/Aug/2013:02:10:08 -0400] "GET //news/css/dropdown/dropdown.css HTTP/1.0" 200 585 "-" "Mozilla/5.0 (compatible; Dow Jones Searchbot)"
100.43.83.144 - - [18/Aug/2013:10:42:16 -0400] "GET /robots.txt HTTP/1.1" 200 6782 "-" "Mozilla/5.0 (compatible; YandexBot/3.0; +http://yandex.com/bots)"
66.249.74.134 - - [18/Aug/2013:17:31:09 -0400] "GET /pages/1/images/consulting HTTP/1.1" 200 6782 "-" "Mozilla/5.0 (compatible; Googlebot/2.1; +http://www.google.com/bot.html)"
198.105.219.53 - - [18/Aug/2013:17:37:50 -0400] "HEAD / HTTP/1.1" 200 - "-" "checks.panopta.com"
5.63.151.190 - - [18/Aug/2013:13:50:29 -0400] "HEAD / HTTP/1.1" 200 - "-" "checks.panopta.com"
198.105.219.58 - - [18/Aug/2013:16:21:50 -0400] "HEAD / HTTP/1.1" 200 - "-" "checks.panopta.com"
198.105.219.55 - - [18/Aug/2013:16:52:03 -0400] "HEAD / HTTP/1.1" 200 - "-" "checks.panopta.com"
157.56.93.52 - - [18/Aug/2013:21:13:36 -0400] "GET /css/style.css HTTP/1.1" 200 7000 "-" "Mozilla/5.0 (compatible; bingbot/2.0; +http://www.bing.com/bingbot.htm)"
5.63.151.190 - - [18/Aug/2013:23:24:23 -0400] "HEAD / HTTP/1.1" 200 - "-" "checks.panopta.com"
205.203.134.197 - - [18/Aug/2013:02:08:55 -0400] "GET //css/dropdown/dropdown.css HTTP/1.0" 200 1026 "-" "Mozilla/5.0 (compatible; Dow Jones Searchbot)"
205.203.134.197 - - [18/Aug/2013:02:08:55 -0400] "GET //contact_us HTTP/1.0" 200 14972 "-" "Mozilla/5.0 (compatible; Dow Jones Searchbot)"
205.203.134.197 - - [18/Aug/2013:02:09:45 -0400] "GET /clients HTTP/1.0" 200 22072 "-" "Mozilla/5.0 (compatible; Dow Jones Searchbot)"
205.203.134.197 - - [18/Aug/2013:02:09:53 -0400] "GET /consulting.html HTTP/1.0" 200 6782 "-" "Mozilla/5.0 (compatible; Dow Jones Searchbot)"
205.203.134.197 - - [18/Aug/2013:02:09:54 -0400] "GET /aboutus/codeofethics.html HTTP/1.0" 200 6782 "-" "Mozilla/5.0 (compatible; Dow Jones Searchbot)"
66.249.74.134 - - [18/Aug/2013:10:25:51 -0400] "GET //css/diQuery-collapsiblePanel.css HTTP/1.1" 200 506 "-" "Mozilla/5.0 (compatible; Googlebot/2.1; +http://www.google.com/bot.html)"
220.181.108.158 - - [18/Aug/2013:04:15:58 -0400] "GET /consulting/warner_services HTTP/1.1" 200 20229 "-" "Mozilla/5.0 (compatible; Baiduspider/2.0; +http://www.baidu.com/search/spider.html)"
220.181.51.139 - - [18/Aug/2013:06:42:30 -0400] "GET /Scripts/swfobject/swfobject.js HTTP/1.0" 200 9759 "http://www.warnerconsultinggroup.com/a.html" "Mozilla/4.0 (compatible; MSIE 7.0; Windows NT 5.1)"
198.199.66.231 - - [18/Aug/2013:00:04:11 -0400] "GET /consulting HTTP/1.1" 200 14034 "-" "Mozilla/5.0 (Windows NT 6.1; WOW64; rv:21.0) Gecko/20100101 Firefox/21.0"
205.203.134.197 - - [18/Aug/2013:02:08:55 -0400] "GET //css/style.css HTTP/1.0" 200 7000 "-" "Mozilla/5.0 (compatible; Dow Jones Searchbot)"
205.203.134.197 - - [18/Aug/2013:02:09:40 -0400] "GET /piecemaker.css HTTP/1.0" 200 791 "-" "Mozilla/5.0 (compatible; Dow Jones Searchbot)"
66.249.74.90 - - [18/Aug/2013:23:11:18 -0400] "GET /robots.txt HTTP/1.1" 200 6782 "-" "Mozilla/5.0 (compatible; Googlebot/2.1; +http://www.google.com/bot.html)"
180.76.5.168 - - [18/Aug/2013:07:51:35 -0400] "GET /consulting/css/css/dropdown/themes/nvidia.com/default.advanced.css HTTP/1.1" 200 6782 "-" "Mozilla/5.0 (compatible; Baiduspider/2.0; +http://www.baidu.com/search/spider.html)"
198.105.219.53 - - [18/Aug/2013:03:01:45 -0400] "HEAD / HTTP/1.1" 200 - "-" "checks.panopta.com"
123.151.148.200 - - [18/Aug/2013:05:22:27 -0400] "GET / HTTP/1.1" 200 9018 "http://www.warnerconsultinggroup.com/" "Mozilla/5.0 (compatible; Sosospider/2.0; +http://help.soso.com/webspider.htm)"
205.203.134.197 - - [18/Aug/2013:02:09:40 -0400] "GET /a.html HTTP/1.0" 200 1082 "-" "Mozilla/5.0 (compatible; Dow Jones Searchbot)"
5.63.151.190 - - [18/Aug/2013:10:48:59 -0400] "HEAD / HTTP/1.1" 200 - "-" "checks.panopta.com"
66.249.74.134 - - [18/Aug/2013:11:13:28 -0400] "GET /css/dropdown/themes/nvidia.com/default.advanced.css HTTP/1.1" 200 1342 "-" "Mozilla/5.0 (compatible; Googlebot/2.1; +http://www.google.com/bot.html)"
220.181.108.184 - - [18/Aug/2013:16:01:03 -0400] "GET /a.html HTTP/1.1" 200 1082 "-" "Mozilla/5.0 (compatible; Baiduspider/2.0; +http://www.baidu.com/search/spider.html)"
5.63.151.190 - - [18/Aug/2013:17:37:06 -0400] "HEAD / HTTP/1.1" 503 - "-" "checks.panopta.com"
157.56.229.190 - - [18/Aug/2013:20:58:15 -0400] "GET /css/dropdown/themes/nvidia.com/default.advanced.css HTTP/1.1" 200 1342 "-" "Mozilla/5.0 (compatible; bingbot/2.0; +http://www.bing.com/bingbot.htm)"
5.63.151.190 - - [18/Aug/2013:13:05:19 -0400] "HEAD / HTTP/1.1" 200 - "-" "checks.panopta.com"
205.237.88.147 - - [18/Aug/2013:01:33:42 -0400] "GET / HTTP/1.0" 200 9018 "-" "=Mozilla/5.0 (Windows; U; Windows NT 6.1; en-US) AppleWebKit/534.16 (KHTML, like Gecko) Chrome/10.0.648.204 Safari/534.16"
205.203.134.197 - - [18/Aug/2013:02:09:00 -0400] "GET /aboutus/css/dropdown/dropdown.css HTTP/1.0" 200 6782 "-" "Mozilla/5.0 (compatible; Dow Jones Searchbot)"
205.203.134.197 - - [18/Aug/2013:02:09:10 -0400] "GET /www.litchfieldbeach.com HTTP/1.0" 200 6782 "-" "Mozilla/5.0 (compatible; Dow Jones Searchbot)"
205.203.134.197 - - [18/Aug/2013:02:09:16 -0400] "GET //consulting HTTP/1.0" 200 14034 "-" "Mozilla/5.0 (compatible; Dow Jones Searchbot)"
173.199.115.131 - - [18/Aug/2013:23:49:46 -0400] "GET //about_us/lighterside HTTP/1.1" 200 6782 "-" "Mozilla/5.0 (compatible; AhrefsBot/4.0; +http://ahrefs.com/robot/)"
5.63.151.190 - - [18/Aug/2013:14:50:50 -0400] "HEAD / HTTP/1.1" 200 - "-" "checks.panopta.com"
220.181.108.173 - - [18/Aug/2013:16:14:28 -0400] "GET //js/jquery-1.3.2.min.js HTTP/1.1" 200 57254 "http://www.warnerconsultinggroup.com/contact_us" "Mozilla/5.0 (X11; U; Linux x86_64; en-US; rv:1.9) Gecko Minefield/3.0"
157.56.229.190 - - [18/Aug/2013:18:44:50 -0400] "GET /images/css/style.css HTTP/1.1" 200 6782 "-" "Mozilla/5.0 (compatible; bingbot/2.0; +http://www.bing.com/bingbot.htm)"
220.181.51.149 - - [18/Aug/2013:06:42:30 -0400] "GET /a.html HTTP/1.0" 200 1082 "http://warnerconsultinggroup.com/" "Mozilla/4.0 (compatible; MSIE 7.0; Windows NT 5.1)"
100.43.83.144 - - [18/Aug/2013:10:44:45 -0400] "GET /robots.txt HTTP/1.1" 200 6782 "-" "Mozilla/5.0 (compatible; YandexBot/3.0; +http://yandex.com/bots)"
157.56.229.190 - - [18/Aug/2013:19:26:15 -0400] "GET / HTTP/1.1" 200 9018 "-" "Mozilla/5.0 (compatible; bingbot/2.0; +http://www.bing.com/bingbot.htm)"
198.199.66.231 - - [18/Aug/2013:00:04:11 -0400] "GET /inspiring_innovation HTTP/1.1" 200 11658 "-" "Mozilla/5.0 (Windows NT 6.1; WOW64; rv:21.0) Gecko/20100101 Firefox/21.0"
66.249.75.181 - - [18/Aug/2013:01:56:24 -0400] "GET /downloads/news/April_2008_-_Full_Newsletter.pdf HTTP/1.1" 200 43236 "-" "Googlebot/2.1 (+http://www.google.com/bot.html)"
205.203.134.197 - - [18/Aug/2013:02:09:53 -0400] "GET /clients.html HTTP/1.0" 200 585 "-" "Mozilla/5.0 (compatible; Dow Jones Searchbot)"
205.203.134.197 - - [18/Aug/2013:02:10:06 -0400] "GET //creating_efficiency HTTP/1.0" 200 11923 "-" "Mozilla/5.0 (compatible; Dow Jones Searchbot)"
5.63.151.190 - - [18/Aug/2013:02:46:05 -0400] "HEAD / HTTP/1.1" 200 - "-" "checks.panopta.com"
5.63.151.190 - - [18/Aug/2013:07:02:42 -0400] "HEAD / HTTP/1.1" 200 - "-" "checks.panopta.com"
198.199.66.231 - - [18/Aug/2013:00:03:43 -0400] "GET / HTTP/1.1" 200 9018 "-" "Mozilla/5.0 (Windows NT 6.1; WOW64; rv:21.0) Gecko/20100101 Firefox/21.0"
66.249.75.181 - - [18/Aug/2013:00:50:39 -0400] "GET /contact_us HTTP/1.1" 200 14972 "-" "SAMSUNG-SGH-E250/1.0 Profile/MIDP-2.0 Configuration/CLDC-1.1 UP.Browser/6.2.3.3.c.1.101 (GUI) MMP/2.0 (compatible; Googlebot-Mobile/2.1; +http://www.google.com/bot.html)"
46.119.118.152 - - [18/Aug/2013:00:51:42 -0400] "GET / HTTP/1.1" 200 9018 "http://seotrast.ru/" "Mozilla/4.0 (compatible; MSIE 6.0; Windows NT 5.1; SV1; .NET CLR 1.1.4322)"
220.181.108.95 - - [18/Aug/2013:10:14:59 -0400] "GET /warner_services HTTP/1.1" 200 20229 "-" "Mozilla/5.0 (compatible; Baiduspider/2.0; +http://www.baidu.com/search/spider.html)"
100.43.83.144 - - [18/Aug/2013:11:28:02 -0400] "GET /pages/1/images/twitr.png HTTP/1.1" 200 6782 "-" "Mozilla/5.0 (compatible; YandexImages/3.0; +http://yandex.com/bots)"
220.181.108.106 - - [18/Aug/2013:16:14:30 -0400] "GET /Scripts/swfobject/swfobject.js HTTP/1.1" 200 9759 "http://www.warnerconsultinggroup.com/a.html" "Mozilla/5.0 (X11; U; Linux x86_64; en-US; rv:1.9) Gecko Minefield/3.0"
128.204.195.249 - - [18/Aug/2013:17:37:26 -0400] "HEAD / HTTP/1.1" 200 - "-" "checks.panopta.com"
66.249.74.134 - - [18/Aug/2013:10:09:52 -0400] "GET /creating_efficiency HTTP/1.1" 200 11923 "-" "Mozilla/5.0 (compatible; Googlebot/2.1; +http://www.google.com/bot.html)"
100.43.83.144 - - [18/Aug/2013:10:43:46 -0400] "GET /robots.txt HTTP/1.1" 200 6782 "-" "Mozilla/5.0 (compatible; YandexBot/3.0; +http://yandex.com/bots)"
46.119.118.152 - - [18/Aug/2013:00:51:40 -0400] "GET / HTTP/1.1" 200 9018 "http://seotrast.ru/" "Mozilla/4.0 (compatible; MSIE 6.0; Windows NT 5.1; SV1; .NET CLR 1.1.4322)"
205.203.134.197 - - [18/Aug/2013:02:09:41 -0400] "GET /warner_services HTTP/1.0" 200 20229 "-" "Mozilla/5.0 (compatible; Dow Jones Searchbot)"
5.63.151.190 - - [18/Aug/2013:12:50:03 -0400] "HEAD / HTTP/1.1" 200 - "-" "checks.panopta.com"
5.63.151.190 - - [18/Aug/2013:07:17:47 -0400] "HEAD / HTTP/1.1" 200 - "-" "checks.panopta.com"
66.249.75.181 - - [18/Aug/2013:04:50:53 -0400] "GET /robots.txt HTTP/1.1" 200 6782 "-" "Mozilla/5.0 (compatible; Googlebot/2.1; +http://www.google.com/bot.html)"
5.63.151.190 - - [18/Aug/2013:11:34:17 -0400] "HEAD / HTTP/1.1" 200 - "-" "checks.panopta.com"
66.249.74.134 - - [18/Aug/2013:18:53:15 -0400] "GET /robots.txt HTTP/1.1" 200 6782 "-" "Mozilla/5.0 (compatible; Googlebot/2.1; +http://www.google.com/bot.html)"
37.9.53.51 - - [18/Aug/2013:19:26:32 -0400] "GET /FCKeditor/editor/filemanager/upload/test.html HTTP/1.0" 200 6782 "http://WARNERCONSULTINGGROUP.COM/FCKeditor/editor/filemanager/upload/test.html" "Mozilla/4.0 (compatible; MSIE 6.0; Windows 98; Win 9x 4.90)"
220.181.108.151 - - [18/Aug/2013:16:24:21 -0400] "GET /css/dropdown/dropdown.css HTTP/1.1" 200 1026 "-" "Mozilla/5.0 (compatible; Baiduspider/2.0; +http://www.baidu.com/search/spider.html)"
220.181.108.97 - - [18/Aug/2013:16:31:01 -0400] "GET /news HTTP/1.1" 200 17995 "-" "Mozilla/5.0 (compatible; Baiduspider/2.0; +http://www.baidu.com/search/spider.html)"
5.63.151.190 - - [18/Aug/2013:01:45:45 -0400] "HEAD / HTTP/1.1" 200 - "-" "checks.panopta.com"
205.203.134.197 - - [18/Aug/2013:02:09:52 -0400] "GET //about_us/www.litchfieldbeach.com HTTP/1.0" 200 585 "-" "Mozilla/5.0 (compatible; Dow Jones Searchbot)"
5.63.151.190 - - [18/Aug/2013:02:16:01 -0400] "HEAD / HTTP/1.1" 200 - "-" "checks.panopta.com"
220.181.108.142 - - [18/Aug/2013:16:04:21 -0400] "GET /news/news_letter HTTP/1.1" 200 15065 "-" "Mozilla/5.0 (compatible; Baiduspider/2.0; +http://www.baidu.com/search/spider.html)"
109.120.137.68 - - [18/Aug/2013:07:48:14 -0400] "GET / HTTP/1.1" 200 9018 "http://asupro.com/building/documents/gost-2039.html" "Mozilla/5.0 (Windows; U; Win98; en-US; rv:0.9.2) Gecko/20010726 Netscape6/6.1"
157.56.93.52 - - [18/Aug/2013:08:46:33 -0400] "GET /whywarnerconsulting/news HTTP/1.1" 200 6782 "-" "Mozilla/5.0 (compatible; bingbot/2.0; +http://www.bing.com/bingbot.htm)"
199.30.25.77 - - [18/Aug/2013:18:15:54 -0400] "GET //css/dropdown/themes/nvidia.com/default.advanced.css HTTP/1.1" 200 1342 "http://www.warnerconsultinggroup.com/about_us/meet_the_team" "Mozilla/5.0 (Windows NT 6.1; WOW64) AppleWebKit/534+ (KHTML, like Gecko) BingPreview/1.0b"
5.63.151.190 - - [18/Aug/2013:18:22:28 -0400] "HEAD / HTTP/1.1" 200 - "-" "checks.panopta.com"
5.63.151.190 - - [18/Aug/2013:20:52:59 -0400] "HEAD / HTTP/1.1" 200 - "-" "checks.panopta.com"
198.199.66.231 - - [18/Aug/2013:00:04:11 -0400] "GET /creating_efficiency HTTP/1.1" 200 11923 "-" "Mozilla/5.0 (Windows NT 6.1; WOW64; rv:21.0) Gecko/20100101 Firefox/21.0"
5.63.151.190 - - [18/Aug/2013:02:31:03 -0400] "HEAD / HTTP/1.1" 200 - "-" "checks.panopta.com"
5.63.151.190 - - [18/Aug/2013:22:23:53 -0400] "HEAD / HTTP/1.1" 200 - "-" "checks.panopta.com"
66.249.74.134 - - [18/Aug/2013:10:09:51 -0400] "GET /robots.txt HTTP/1.1" 200 6782 "-" "Mozilla/5.0 (compatible; Googlebot/2.1; +http://www.google.com/bot.html)"
5.63.151.190 - - [18/Aug/2013:12:04:39 -0400] "HEAD / HTTP/1.1" 200 - "-" "checks.panopta.com"
123.125.71.29 - - [18/Aug/2013:07:13:24 -0400] "GET /index.php HTTP/1.1" 200 9018 "-" "Mozilla/5.0 (compatible; Baiduspider/2.0; +http://www.baidu.com/search/spider.html)"
205.203.134.197 - - [18/Aug/2013:02:08:58 -0400] "GET //about_us HTTP/1.0" 200 14197 "-" "Mozilla/5.0 (compatible; Dow Jones Searchbot)"
205.203.134.197 - - [18/Aug/2013:02:09:00 -0400] "GET /aboutus/css/style.css HTTP/1.0" 200 6782 "-" "Mozilla/5.0 (compatible; Dow Jones Searchbot)"
205.203.134.197 - - [18/Aug/2013:02:09:05 -0400] "GET /about_us HTTP/1.0" 200 14197 "-" "Mozilla/5.0 (compatible; Dow Jones Searchbot)"
205.203.134.197 - - [18/Aug/2013:02:09:43 -0400] "GET /index.php HTTP/1.0" 200 9018 "-" "Mozilla/5.0 (compatible; Dow Jones Searchbot)"
205.203.134.197 - - [18/Aug/2013:02:09:56 -0400] "GET /aboutus/creating_efficiency HTTP/1.0" 200 6782 "-" "Mozilla/5.0 (compatible; Dow Jones Searchbot)"
5.63.151.190 - - [18/Aug/2013:18:52:30 -0400] "HEAD / HTTP/1.1" 200 - "-" "checks.panopta.com"
66.249.74.134 - - [18/Aug/2013:19:57:36 -0400] "GET /robots.txt HTTP/1.1" 200 6782 "-" "Mozilla/5.0 (compatible; Googlebot/2.1; +http://www.google.com/bot.html)"
66.249.74.134 - - [18/Aug/2013:20:14:18 -0400] "GET /robots.txt HTTP/1.1" 200 6782 "-" "Mozilla/5.0 (compatible; Googlebot/2.1; +http://www.google.com/bot.html)"
66.249.74.134 - - [18/Aug/2013:20:20:31 -0400] "GET /robots.txt HTTP/1.1" 200 6782 "-" "Mozilla/5.0 (compatible; Googlebot/2.1; +http://www.google.com/bot.html)"
66.249.74.134 - - [18/Aug/2013:10:26:19 -0400] "GET //css/dropdown/dropdown.css HTTP/1.1" 200 1026 "-" "Mozilla/5.0 (compatible; Googlebot/2.1; +http://www.google.com/bot.html)"
65.55.215.98 - - [18/Aug/2013:11:42:05 -0400] "GET /aboutus/images/logo.jpg HTTP/1.1" 200 6782 "-" "msnbot-media/1.1 (+http://search.msn.com/msnbot.htm)"
5.63.151.190 - - [18/Aug/2013:23:39:26 -0400] "HEAD / HTTP/1.1" 200 - "-" "checks.panopta.com"
5.63.151.190 - - [18/Aug/2013:04:01:49 -0400] "HEAD / HTTP/1.1" 200 - "-" "checks.panopta.com"
66.249.74.134 - - [18/Aug/2013:11:13:27 -0400] "GET /css/dropdown/dropdown.css HTTP/1.1" 200 1026 "-" "Mozilla/5.0 (compatible; Googlebot/2.1; +http://www.google.com/bot.html)"
79.143.190.141 - - [18/Aug/2013:12:20:00 -0400] "HEAD / HTTP/1.1" 200 - "-" "checks.panopta.com"
220.181.51.150 - - [18/Aug/2013:06:42:12 -0400] "GET / HTTP/1.0" 200 9018 "http://www.baidu.com/s?wd=site%3Awarnerconsultinggroup.com" "Mozilla/4.0 (compatible; MSIE 7.0; Windows NT 5.1)"
205.203.134.197 - - [18/Aug/2013:02:08:50 -0400] "GET / HTTP/1.0" 200 9018 "-" "Mozilla/5.0 (compatible; Dow Jones Searchbot)"
205.203.134.197 - - [18/Aug/2013:02:08:52 -0400] "GET /css/dropdown/dropdown.css HTTP/1.0" 200 1026 "-" "Mozilla/5.0 (compatible; Dow Jones Searchbot)"
205.203.134.197 - - [18/Aug/2013:02:09:51 -0400] "GET //about_us/www.magnoliahotels.com HTTP/1.0" 200 585 "-" "Mozilla/5.0 (compatible; Dow Jones Searchbot)"
220.181.108.152 - - [18/Aug/2013:18:16:14 -0400] "GET / HTTP/1.1" 200 9018 "-" "Mozilla/5.0 (compatible; Baiduspider/2.0; +http://www.baidu.com/search/spider.html)"
220.181.51.145 - - [18/Aug/2013:06:42:27 -0400] "GET /css/style.css HTTP/1.0" 200 7000 "http://warnerconsultinggroup.com/" "Mozilla/4.0 (compatible; MSIE 7.0; Windows NT 5.1)"
5.63.151.190 - - [18/Aug/2013:21:23:39 -0400] "HEAD / HTTP/1.1" 200 - "-" "checks.panopta.com"
198.199.66.231 - - [18/Aug/2013:00:04:11 -0400] "GET /news HTTP/1.1" 200 17995 "-" "Mozilla/5.0 (Windows NT 6.1; WOW64; rv:21.0) Gecko/20100101 Firefox/21.0"
205.203.134.197 - - [18/Aug/2013:02:09:08 -0400] "GET /aboutus/news HTTP/1.0" 200 6782 "-" "Mozilla/5.0 (compatible; Dow Jones Searchbot)"
205.203.134.197 - - [18/Aug/2013:02:09:47 -0400] "GET //lighterside HTTP/1.0" 200 6782 "-" "Mozilla/5.0 (compatible; Dow Jones Searchbot)"
207.241.226.239 - - [18/Aug/2013:16:15:28 -0400] "GET /robots.txt HTTP/1.1" 200 6782 "-" "ia_archiver(OS-Wayback)"
157.56.93.52 - - [18/Aug/2013:09:11:19 -0400] "GET /consulting/warner_services HTTP/1.1" 200 20229 "-" "Mozilla/5.0 (compatible; bingbot/2.0; +http://www.bing.com/bingbot.htm)"
100.43.83.144 - - [18/Aug/2013:10:42:00 -0400] "GET /robots.txt HTTP/1.1" 200 6782 "-" "Mozilla/5.0 (compatible; YandexBot/3.0; +http://yandex.com/bots)"
5.63.151.190 - - [18/Aug/2013:15:36:03 -0400] "HEAD / HTTP/1.1" 200 - "-" "checks.panopta.com"
5.63.151.190 - - [18/Aug/2013:17:22:04 -0400] "HEAD / HTTP/1.1" 200 - "-" "checks.panopta.com"
66.249.75.181 - - [18/Aug/2013:04:50:54 -0400] "GET /www.litchfieldbeach.com HTTP/1.1" 200 6782 "-" "Mozilla/5.0 (compatible; Googlebot/2.1; +http://www.google.com/bot.html)"
5.63.151.190 - - [18/Aug/2013:00:15:15 -0400] "HEAD / HTTP/1.1" 200 - "-" "checks.panopta.com"
66.249.75.181 - - [18/Aug/2013:00:50:38 -0400] "GET /robots.txt HTTP/1.1" 200 6782 "-" "Mozilla/5.0 (compatible; Googlebot/2.1; +http://www.google.com/bot.html)"
205.203.134.197 - - [18/Aug/2013:02:09:40 -0400] "GET /inspiring_innovation HTTP/1.0" 200 11658 "-" "Mozilla/5.0 (compatible; Dow Jones Searchbot)"
205.203.134.197 - - [18/Aug/2013:02:09:54 -0400] "GET /g, HTTP/1.0" 200 6782 "-" "Mozilla/5.0 (compatible; Dow Jones Searchbot)"
199.30.25.77 - - [18/Aug/2013:18:15:54 -0400] "GET //css/dropdown/dropdown.css HTTP/1.1" 200 1026 "http://www.warnerconsultinggroup.com/about_us/meet_the_team" "Mozilla/5.0 (Windows NT 6.1; WOW64) AppleWebKit/534+ (KHTML, like Gecko) BingPreview/1.0b"
199.30.25.77 - - [18/Aug/2013:18:15:55 -0400] "GET //css/dropdown/themes/nvidia.com/default.css HTTP/1.1" 200 1866 "http://www.warnerconsultinggroup.com/about_us/meet_the_team" "Mozilla/5.0 (Windows NT 6.1; WOW64) AppleWebKit/534+ (KHTML, like Gecko) BingPreview/1.0b"
199.30.25.77 - - [18/Aug/2013:18:16:01 -0400] "GET //images/social-bg.png HTTP/1.1" 200 3056 "http://www.warnerconsultinggroup.com/about_us/meet_the_team" "Mozilla/5.0 (Windows NT 6.1; WOW64) AppleWebKit/534+ (KHTML, like Gecko) BingPreview/1.0b"
199.30.25.77 - - [18/Aug/2013:18:16:01 -0400] "GET //images/fb.png HTTP/1.1" 200 1264 "http://www.warnerconsultinggroup.com/about_us/meet_the_team" "Mozilla/5.0 (Windows NT 6.1; WOW64) AppleWebKit/534+ (KHTML, like Gecko) BingPreview/1.0b"
5.63.151.190 - - [18/Aug/2013:18:37:29 -0400] "HEAD / HTTP/1.1" 200 - "-" "checks.panopta.com"
5.63.151.190 - - [18/Aug/2013:22:38:56 -0400] "HEAD / HTTP/1.1" 200 - "-" "checks.panopta.com"
