38.223.231.252 - - [19/Aug/2013:16:52:29 -0400] "GET /images/fb.png HTTP/1.1" 200 1264 "http://www.warnerconsultinggroup.com/home.html" "Mozilla/4.0 (compatible; MSIE 8.0; Windows NT 6.1; WOW64; Trident/4.0; SLCC2; .NET CLR 2.0.50727; .NET CLR 3.5.30729; .NET CLR 3.0.30729; Media Center PC 6.0; InfoPath.3; MS-RTC LM 8; .NET4.0C; .NET4.0E)"
38.223.231.252 - - [19/Aug/2013:16:52:29 -0400] "GET /images/twitr.png HTTP/1.1" 200 1543 "http://www.warnerconsultinggroup.com/home.html" "Mozilla/4.0 (compatible; MSIE 8.0; Windows NT 6.1; WOW64; Trident/4.0; SLCC2; .NET CLR 2.0.50727; .NET CLR 3.5.30729; .NET CLR 3.0.30729; Media Center PC 6.0; InfoPath.3; MS-RTC LM 8; .NET4.0C; .NET4.0E)"
38.223.231.252 - - [19/Aug/2013:16:52:29 -0400] "GET /images/bg.jpg HTTP/1.1" 200 94591 "http://www.warnerconsultinggroup.com/home.html" "Mozilla/4.0 (compatible; MSIE 8.0; Windows NT 6.1; WOW64; Trident/4.0; SLCC2; .NET CLR 2.0.50727; .NET CLR 3.5.30729; .NET CLR 3.0.30729; Media Center PC 6.0; InfoPath.3; MS-RTC LM 8; .NET4.0C; .NET4.0E)"
198.211.99.110 - - [19/Aug/2013:21:27:36 -0400] "GET /about_us HTTP/1.1" 200 14197 "-" "Mozilla/5.0 (Windows NT 6.1; WOW64; rv:21.0) Gecko/20100101 Firefox/21.0"
74.218.10.66 - - [19/Aug/2013:09:35:09 -0400] "GET / HTTP/1.1" 200 9018 "-" "Mozilla/5.0 (Windows NT 6.1; WOW64; rv:22.0) Gecko/20100101 Firefox/22.0"
74.218.10.66 - - [19/Aug/2013:09:35:10 -0400] "GET /css/style.css HTTP/1.1" 200 7000 "http://warnerconsultinggroup.com/" "Mozilla/5.0 (Windows NT 6.1; WOW64; rv:22.0) Gecko/20100101 Firefox/22.0"
74.218.10.66 - - [19/Aug/2013:09:35:10 -0400] "GET /css/dropdown/dropdown.css HTTP/1.1" 200 1026 "http://warnerconsultinggroup.com/" "Mozilla/5.0 (Windows NT 6.1; WOW64; rv:22.0) Gecko/20100101 Firefox/22.0"
74.218.10.66 - - [19/Aug/2013:09:35:11 -0400] "GET /images/logo.jpg HTTP/1.1" 200 6004 "http://warnerconsultinggroup.com/" "Mozilla/5.0 (Windows NT 6.1; WOW64; rv:22.0) Gecko/20100101 Firefox/22.0"
74.218.10.66 - - [19/Aug/2013:09:35:11 -0400] "GET /images/social-bg.png HTTP/1.1" 200 3056 "http://warnerconsultinggroup.com/css/style.css" "Mozilla/5.0 (Windows NT 6.1; WOW64; rv:22.0) Gecko/20100101 Firefox/22.0"
74.218.10.66 - - [19/Aug/2013:09:35:14 -0400] "GET /favicon.ico HTTP/1.1" 404 9018 "-" "Mozilla/5.0 (Windows NT 6.1; WOW64; rv:22.0) Gecko/20100101 Firefox/22.0"
70.62.160.86 - - [19/Aug/2013:09:46:48 -0400] "GET //images/theteam/Meredith.jpg HTTP/1.1" 200 3991 "http://www.warnerconsultinggroup.com//about_us/meet_the_team" "Mozilla/5.0 (Windows NT 5.1) AppleWebKit/537.36 (KHTML, like Gecko) Chrome/28.0.1500.95 Safari/537.36"
91.207.9.226 - - [19/Aug/2013:15:52:28 -0400] "GET / HTTP/1.1" 200 9018 "http://myvigre.ru/" "Opera/7.11 (Windows NT 5.1; U) [en]"
173.199.115.131 - - [19/Aug/2013:12:55:33 -0400] "GET //news/news_letter HTTP/1.1" 200 15065 "-" "Mozilla/5.0 (compatible; AhrefsBot/4.0; +http://ahrefs.com/robot/)"
173.199.115.131 - - [19/Aug/2013:13:18:02 -0400] "GET /pages/1/index.htm HTTP/1.1" 200 6782 "-" "Mozilla/5.0 (compatible; AhrefsBot/4.0; +http://ahrefs.com/robot/)"
74.218.10.66 - - [19/Aug/2013:09:35:11 -0400] "GET /images/fb.png HTTP/1.1" 200 1264 "http://warnerconsultinggroup.com/" "Mozilla/5.0 (Windows NT 6.1; WOW64; rv:22.0) Gecko/20100101 Firefox/22.0"
74.218.10.66 - - [19/Aug/2013:09:35:11 -0400] "GET /css/dropdown/themes/nvidia.com/default.css HTTP/1.1" 200 1866 "http://warnerconsultinggroup.com/css/dropdown/themes/nvidia.com/default.advanced.css" "Mozilla/5.0 (Windows NT 6.1; WOW64; rv:22.0) Gecko/20100101 Firefox/22.0"
74.218.10.66 - - [19/Aug/2013:09:35:11 -0400] "GET /images/btn-readmore.jpg HTTP/1.1" 200 1587 "http://warnerconsultinggroup.com/css/style.css" "Mozilla/5.0 (Windows NT 6.1; WOW64; rv:22.0) Gecko/20100101 Firefox/22.0"
5.63.151.190 - - [19/Aug/2013:09:40:37 -0400] "HEAD / HTTP/1.1" 200 - "-" "checks.panopta.com"
70.62.160.86 - - [19/Aug/2013:09:45:24 -0400] "GET /css/dropdown/themes/nvidia.com/default.advanced.css HTTP/1.1" 200 1342 "http://warnerconsultinggroup.com/" "Mozilla/5.0 (Windows NT 5.1) AppleWebKit/537.36 (KHTML, like Gecko) Chrome/28.0.1500.95 Safari/537.36"
70.62.160.86 - - [19/Aug/2013:09:45:24 -0400] "GET /images/footer-bg.jpg HTTP/1.1" 200 1167 "http://warnerconsultinggroup.com/" "Mozilla/5.0 (Windows NT 5.1) AppleWebKit/537.36 (KHTML, like Gecko) Chrome/28.0.1500.95 Safari/537.36"
5.63.151.190 - - [19/Aug/2013:07:54:51 -0400] "HEAD / HTTP/1.1" 200 - "-" "checks.panopta.com"
66.185.110.38 - - [19/Aug/2013:17:38:40 -0400] "GET /images/twitr.png HTTP/1.1" 200 1543 "http://www.warnerconsultinggroup.com/" "Mozilla/4.0 (compatible; MSIE 8.0; Windows NT 6.1; WOW64; Trident/4.0; SLCC2; .NET CLR 2.0.50727; .NET CLR 3.5.30729; .NET CLR 3.0.30729; Media Center PC 6.0; .NET4.0C; .NET4.0E)"
66.185.110.38 - - [19/Aug/2013:17:38:40 -0400] "GET /piecemaker1.xml HTTP/1.1" 200 1730 "http://www.warnerconsultinggroup.com/piecemaker.swf" "Mozilla/4.0 (compatible; MSIE 8.0; Windows NT 6.1; WOW64; Trident/4.0; SLCC2; .NET CLR 2.0.50727; .NET CLR 3.5.30729; .NET CLR 3.0.30729; Media Center PC 6.0; .NET4.0C; .NET4.0E)"
66.185.110.38 - - [19/Aug/2013:17:38:40 -0400] "GET /piecemaker.css HTTP/1.1" 200 791 "http://www.warnerconsultinggroup.com/piecemaker.swf" "Mozilla/4.0 (compatible; MSIE 8.0; Windows NT 6.1; WOW64; Trident/4.0; SLCC2; .NET CLR 2.0.50727; .NET CLR 3.5.30729; .NET CLR 3.0.30729; Media Center PC 6.0; .NET4.0C; .NET4.0E)"
66.185.110.38 - - [19/Aug/2013:17:38:40 -0400] "GET /images/image1.jpg HTTP/1.1" 200 88539 "http://www.warnerconsultinggroup.com/piecemaker.swf" "Mozilla/4.0 (compatible; MSIE 8.0; Windows NT 6.1; WOW64; Trident/4.0; SLCC2; .NET CLR 2.0.50727; .NET CLR 3.5.30729; .NET CLR 3.0.30729; Media Center PC 6.0; .NET4.0C; .NET4.0E)"
66.185.110.38 - - [19/Aug/2013:17:38:41 -0400] "GET /images/image2.jpg HTTP/1.1" 200 106569 "http://www.warnerconsultinggroup.com/piecemaker.swf" "Mozilla/4.0 (compatible; MSIE 8.0; Windows NT 6.1; WOW64; Trident/4.0; SLCC2; .NET CLR 2.0.50727; .NET CLR 3.5.30729; .NET CLR 3.0.30729; Media Center PC 6.0; .NET4.0C; .NET4.0E)"
5.63.151.190 - - [19/Aug/2013:18:29:39 -0400] "HEAD / HTTP/1.1" 200 - "-" "checks.panopta.com"
5.63.151.190 - - [19/Aug/2013:03:23:00 -0400] "HEAD / HTTP/1.1" 200 - "-" "checks.panopta.com"
199.30.24.234 - - [19/Aug/2013:04:07:37 -0400] "GET /images/images/fb.png HTTP/1.1" 200 6782 "http://www.warnerconsultinggroup.com/images/Lodging_Magazine_Bandwidth_Article_11_2007.pdf" "Mozilla/5.0 (Windows NT 6.1; WOW64) AppleWebKit/534+ (KHTML, like Gecko) BingPreview/1.0b"
5.63.151.190 - - [19/Aug/2013:00:24:38 -0400] "HEAD / HTTP/1.1" 200 - "-" "checks.panopta.com"
128.204.195.249 - - [19/Aug/2013:01:46:26 -0400] "HEAD / HTTP/1.1" 200 - "-" "checks.panopta.com"
193.106.136.50 - - [19/Aug/2013:14:06:42 -0400] "GET / HTTP/1.1" 200 9018 "http://dagitalgaz.ru/" "Mozilla/4.0 (compatible; MSIE 6.0; MSIE 5.5; Windows NT 5.0) Opera 7.02 Bork-edition [en]"
38.223.231.252 - - [19/Aug/2013:16:51:02 -0400] "GET /images/nav-left.png HTTP/1.1" 200 1223 "http://warnerconsultinggroup.com/" "Mozilla/4.0 (compatible; MSIE 8.0; Windows NT 6.1; WOW64; Trident/4.0; SLCC2; .NET CLR 2.0.50727; .NET CLR 3.5.30729; .NET CLR 3.0.30729; Media Center PC 6.0; InfoPath.3; MS-RTC LM 8; .NET4.0C; .NET4.0E)"
38.223.231.252 - - [19/Aug/2013:16:52:15 -0400] "GET / HTTP/1.1" 200 9018 "http://www.bing.com/search?q=warner+consulting+group&src=IE-SearchBox&FORM=IE8SRC" "Mozilla/4.0 (compatible; MSIE 8.0; Windows NT 6.1; WOW64; Trident/4.0; SLCC2; .NET CLR 2.0.50727; .NET CLR 3.5.30729; .NET CLR 3.0.30729; Media Center PC 6.0; InfoPath.3; MS-RTC LM 8; .NET4.0C; .NET4.0E)"
92.249.127.111 - - [19/Aug/2013:03:54:47 -0400] "GET / HTTP/1.1" 200 9018 "http://kredit.mybb.ru/" "Mozilla/5.0 (compatible; news bot /2.1)"
66.249.74.134 - - [19/Aug/2013:04:31:19 -0400] "GET /robots.txt HTTP/1.1" 200 6782 "-" "Mozilla/5.0 (compatible; Googlebot/2.1; +http://www.google.com/bot.html)"
74.218.10.66 - - [19/Aug/2013:09:35:11 -0400] "GET /images/gallery/services-2.jpg HTTP/1.1" 200 13974 "http://warnerconsultinggroup.com/" "Mozilla/5.0 (Windows NT 6.1; WOW64; rv:22.0) Gecko/20100101 Firefox/22.0"
70.62.160.86 - - [19/Aug/2013:09:45:24 -0400] "GET /images/head-welcome.jpg HTTP/1.1" 200 15302 "http://warnerconsultinggroup.com/" "Mozilla/5.0 (Windows NT 5.1) AppleWebKit/537.36 (KHTML, like Gecko) Chrome/28.0.1500.95 Safari/537.36"
70.62.160.86 - - [19/Aug/2013:09:46:35 -0400] "GET /aboutus/css/dropdown/dropdown.css HTTP/1.1" 200 6782 "http://www.warnerconsultinggroup.com/aboutus/meettheteam.html" "Mozilla/5.0 (Windows NT 5.1) AppleWebKit/537.36 (KHTML, like Gecko) Chrome/28.0.1500.95 Safari/537.36"
70.62.160.86 - - [19/Aug/2013:09:49:54 -0400] "GET //lighterside HTTP/1.1" 200 6782 "http://www.warnerconsultinggroup.com//about_us/meet_the_team" "Mozilla/5.0 (Windows NT 5.1) AppleWebKit/537.36 (KHTML, like Gecko) Chrome/28.0.1500.95 Safari/537.36"
70.62.160.86 - - [19/Aug/2013:09:49:56 -0400] "GET //images/head-welcome.jpg HTTP/1.1" 200 15302 "http://www.warnerconsultinggroup.com//lighterside" "Mozilla/5.0 (Windows NT 5.1) AppleWebKit/537.36 (KHTML, like Gecko) Chrome/28.0.1500.95 Safari/537.36"
5.63.151.190 - - [19/Aug/2013:11:41:29 -0400] "HEAD / HTTP/1.1" 200 - "-" "checks.panopta.com"
91.207.9.226 - - [19/Aug/2013:00:56:27 -0400] "GET / HTTP/1.1" 200 9018 "http://www.socioforum.su/" "Mozilla/4.76 [en] (Windows NT 5.0; U)"
66.249.74.134 - - [19/Aug/2013:07:13:30 -0400] "GET /whywarnerconsulting/images/twitr.png HTTP/1.1" 200 6782 "-" "Googlebot-Image/1.0"
74.218.10.66 - - [19/Aug/2013:09:35:11 -0400] "GET /images/gallery/services-3.jpg HTTP/1.1" 200 16546 "http://warnerconsultinggroup.com/" "Mozilla/5.0 (Windows NT 6.1; WOW64; rv:22.0) Gecko/20100101 Firefox/22.0"
74.218.10.66 - - [19/Aug/2013:09:35:12 -0400] "GET /piecemaker.swf HTTP/1.1" 200 208139 "http://www.warnerconsultinggroup.com/a.html" "Mozilla/5.0 (Windows NT 6.1; WOW64; rv:22.0) Gecko/20100101 Firefox/22.0"
74.218.10.66 - - [19/Aug/2013:09:35:14 -0400] "GET /piecemaker1.xml HTTP/1.1" 200 1730 "http://www.warnerconsultinggroup.com/piecemaker.swf" "Mozilla/5.0 (Windows NT 6.1; WOW64; rv:22.0) Gecko/20100101 Firefox/22.0"
74.218.10.66 - - [19/Aug/2013:09:35:14 -0400] "GET /piecemaker.css HTTP/1.1" 200 791 "http://www.warnerconsultinggroup.com/piecemaker.swf" "Mozilla/5.0 (Windows NT 6.1; WOW64; rv:22.0) Gecko/20100101 Firefox/22.0"
74.218.10.66 - - [19/Aug/2013:09:35:14 -0400] "GET /images/image1.jpg HTTP/1.1" 200 88539 "http://www.warnerconsultinggroup.com/piecemaker.swf" "Mozilla/5.0 (Windows NT 6.1; WOW64; rv:22.0) Gecko/20100101 Firefox/22.0"
74.218.10.66 - - [19/Aug/2013:09:35:14 -0400] "GET /images/image2.jpg HTTP/1.1" 200 106569 "http://www.warnerconsultinggroup.com/piecemaker.swf" "Mozilla/5.0 (Windows NT 6.1; WOW64; rv:22.0) Gecko/20100101 Firefox/22.0"
74.218.10.66 - - [19/Aug/2013:09:35:14 -0400] "GET /images/image3.jpg HTTP/1.1" 200 85417 "http://www.warnerconsultinggroup.com/piecemaker.swf" "Mozilla/5.0 (Windows NT 6.1; WOW64; rv:22.0) Gecko/20100101 Firefox/22.0"
74.218.10.66 - - [19/Aug/2013:09:35:21 -0400] "GET /images/nav-right.png HTTP/1.1" 200 1282 "http://warnerconsultinggroup.com/css/style.css" "Mozilla/5.0 (Windows NT 6.1; WOW64; rv:22.0) Gecko/20100101 Firefox/22.0"
70.62.160.86 - - [19/Aug/2013:09:46:35 -0400] "GET /aboutus/images/social-head.png HTTP/1.1" 200 6782 "http://www.warnerconsultinggroup.com/aboutus/meettheteam.html" "Mozilla/5.0 (Windows NT 5.1) AppleWebKit/537.36 (KHTML, like Gecko) Chrome/28.0.1500.95 Safari/537.36"
5.63.151.190 - - [19/Aug/2013:18:44:41 -0400] "HEAD / HTTP/1.1" 200 - "-" "checks.panopta.com"
198.105.219.52 - - [19/Aug/2013:20:00:22 -0400] "HEAD / HTTP/1.1" 200 - "-" "checks.panopta.com"
5.63.151.190 - - [19/Aug/2013:04:38:27 -0400] "HEAD / HTTP/1.1" 200 - "-" "checks.panopta.com"
198.211.99.110 - - [19/Aug/2013:21:27:36 -0400] "GET /lighterside HTTP/1.1" 200 6782 "-" "Mozilla/5.0 (Windows NT 6.1; WOW64; rv:21.0) Gecko/20100101 Firefox/21.0"
5.63.151.190 - - [19/Aug/2013:21:45:52 -0400] "HEAD / HTTP/1.1" 200 - "-" "checks.panopta.com"
5.63.151.190 - - [19/Aug/2013:23:31:29 -0400] "HEAD / HTTP/1.1" 200 - "-" "checks.panopta.com"
66.185.110.38 - - [19/Aug/2013:17:38:36 -0400] "GET / HTTP/1.1" 200 9018 "http://www.google.com/url?sa=t&rct=j&q=&esrc=s&frm=1&source=web&cd=1&ved=0CCsQFjAA&url=http%3A%2F%2Fwww.warnerconsultinggroup.com%2F&ei=UJASUo2HJIS0yAHfiYEw&usg=AFQjCNFn_pMzUjkkAXCW_ESS-q7bg9f65g" "Mozilla/4.0 (compatible; MSIE 8.0; Windows NT 6.1; WOW64; Trident/4.0; SLCC2; .NET CLR 2.0.50727; .NET CLR 3.5.30729; .NET CLR 3.0.30729; Media Center PC 6.0; .NET4.0C; .NET4.0E)"
66.185.110.38 - - [19/Aug/2013:17:38:36 -0400] "GET /css/style.css HTTP/1.1" 200 7000 "http://www.warnerconsultinggroup.com/" "Mozilla/4.0 (compatible; MSIE 8.0; Windows NT 6.1; WOW64; Trident/4.0; SLCC2; .NET CLR 2.0.50727; .NET CLR 3.5.30729; .NET CLR 3.0.30729; Media Center PC 6.0; .NET4.0C; .NET4.0E)"
66.185.110.38 - - [19/Aug/2013:17:38:36 -0400] "GET /css/dropdown/themes/nvidia.com/default.advanced.css HTTP/1.1" 200 1342 "http://www.warnerconsultinggroup.com/" "Mozilla/4.0 (compatible; MSIE 8.0; Windows NT 6.1; WOW64; Trident/4.0; SLCC2; .NET CLR 2.0.50727; .NET CLR 3.5.30729; .NET CLR 3.0.30729; Media Center PC 6.0; .NET4.0C; .NET4.0E)"
66.185.110.38 - - [19/Aug/2013:17:38:37 -0400] "GET /images/head-welcome.jpg HTTP/1.1" 200 15302 "http://www.warnerconsultinggroup.com/" "Mozilla/4.0 (compatible; MSIE 8.0; Windows NT 6.1; WOW64; Trident/4.0; SLCC2; .NET CLR 2.0.50727; .NET CLR 3.5.30729; .NET CLR 3.0.30729; Media Center PC 6.0; .NET4.0C; .NET4.0E)"
66.185.110.38 - - [19/Aug/2013:17:38:37 -0400] "GET /images/gallery/services-1.jpg HTTP/1.1" 200 14545 "http://www.warnerconsultinggroup.com/" "Mozilla/4.0 (compatible; MSIE 8.0; Windows NT 6.1; WOW64; Trident/4.0; SLCC2; .NET CLR 2.0.50727; .NET CLR 3.5.30729; .NET CLR 3.0.30729; Media Center PC 6.0; .NET4.0C; .NET4.0E)"
66.185.110.38 - - [19/Aug/2013:17:38:37 -0400] "GET /css/dropdown/themes/nvidia.com/default.css HTTP/1.1" 200 1866 "http://www.warnerconsultinggroup.com/" "Mozilla/4.0 (compatible; MSIE 8.0; Windows NT 6.1; WOW64; Trident/4.0; SLCC2; .NET CLR 2.0.50727; .NET CLR 3.5.30729; .NET CLR 3.0.30729; Media Center PC 6.0; .NET4.0C; .NET4.0E)"
66.185.110.38 - - [19/Aug/2013:17:38:37 -0400] "GET /a.html HTTP/1.1" 200 1082 "http://www.warnerconsultinggroup.com/" "Mozilla/4.0 (compatible; MSIE 8.0; Windows NT 6.1; WOW64; Trident/4.0; SLCC2; .NET CLR 2.0.50727; .NET CLR 3.5.30729; .NET CLR 3.0.30729; Media Center PC 6.0; .NET4.0C; .NET4.0E)"
66.185.110.38 - - [19/Aug/2013:17:38:37 -0400] "GET /images/btn-readmore.jpg HTTP/1.1" 200 1587 "http://www.warnerconsultinggroup.com/" "Mozilla/4.0 (compatible; MSIE 8.0; Windows NT 6.1; WOW64; Trident/4.0; SLCC2; .NET CLR 2.0.50727; .NET CLR 3.5.30729; .NET CLR 3.0.30729; Media Center PC 6.0; .NET4.0C; .NET4.0E)"
66.185.110.38 - - [19/Aug/2013:17:38:49 -0400] "GET //css/dropdown/themes/nvidia.com/default.advanced.css HTTP/1.1" 200 1342 "http://www.warnerconsultinggroup.com//contact_us" "Mozilla/4.0 (compatible; MSIE 8.0; Windows NT 6.1; WOW64; Trident/4.0; SLCC2; .NET CLR 2.0.50727; .NET CLR 3.5.30729; .NET CLR 3.0.30729; Media Center PC 6.0; .NET4.0C; .NET4.0E)"
5.63.151.190 - - [19/Aug/2013:04:23:24 -0400] "HEAD / HTTP/1.1" 200 - "-" "checks.panopta.com"
5.63.151.190 - - [19/Aug/2013:01:16:03 -0400] "HEAD / HTTP/1.1" 200 - "-" "checks.panopta.com"
5.63.151.190 - - [19/Aug/2013:09:10:31 -0400] "HEAD / HTTP/1.1" 200 - "-" "checks.panopta.com"
5.63.151.190 - - [19/Aug/2013:12:11:48 -0400] "HEAD / HTTP/1.1" 200 - "-" "checks.panopta.com"
100.43.83.144 - - [19/Aug/2013:12:39:24 -0400] "GET /robots.txt HTTP/1.1" 200 6782 "-" "Mozilla/5.0 (compatible; YandexBot/3.0; +http://yandex.com/bots)"
5.63.151.190 - - [19/Aug/2013:13:27:23 -0400] "HEAD / HTTP/1.1" 200 - "-" "checks.panopta.com"
5.63.151.190 - - [19/Aug/2013:03:07:57 -0400] "GET / HTTP/1.1" 200 9018 "-" "checks.panopta.com"
100.43.83.144 - - [19/Aug/2013:01:22:34 -0400] "GET /pages/1/images/head-welcome.jpg HTTP/1.1" 200 6782 "-" "Mozilla/5.0 (compatible; YandexImages/3.0; +http://yandex.com/bots)"
198.105.219.54 - - [19/Aug/2013:01:46:28 -0400] "HEAD / HTTP/1.1" 200 - "-" "checks.panopta.com"
5.63.151.190 - - [19/Aug/2013:09:10:32 -0400] "GET / HTTP/1.1" 200 9018 "-" "checks.panopta.com"
70.62.160.86 - - [19/Aug/2013:09:46:35 -0400] "GET /aboutus/images/logo.jpg HTTP/1.1" 200 6782 "http://www.warnerconsultinggroup.com/aboutus/meettheteam.html" "Mozilla/5.0 (Windows NT 5.1) AppleWebKit/537.36 (KHTML, like Gecko) Chrome/28.0.1500.95 Safari/537.36"
70.62.160.86 - - [19/Aug/2013:09:50:02 -0400] "GET //images/nav-right.png HTTP/1.1" 200 1282 "http://www.warnerconsultinggroup.com//lighterside" "Mozilla/5.0 (Windows NT 5.1) AppleWebKit/537.36 (KHTML, like Gecko) Chrome/28.0.1500.95 Safari/537.36"
66.249.74.134 - - [19/Aug/2013:16:22:06 -0400] "GET /robots.txt HTTP/1.1" 200 6782 "-" "Mozilla/5.0 (compatible; Googlebot/2.1; +http://www.google.com/bot.html)"
66.249.74.134 - - [19/Aug/2013:22:46:08 -0400] "GET /robots.txt HTTP/1.1" 200 6782 "-" "Mozilla/5.0 (compatible; Googlebot/2.1; +http://www.google.com/bot.html)"
66.249.74.134 - - [19/Aug/2013:07:06:25 -0400] "GET /whywarnerconsulting/images/twitr.png HTTP/1.1" 200 6782 "-" "Googlebot-Image/1.0"
5.63.151.190 - - [19/Aug/2013:09:25:35 -0400] "HEAD / HTTP/1.1" 200 - "-" "checks.panopta.com"
66.249.74.134 - - [19/Aug/2013:11:15:33 -0400] "GET /about_us/contact_us HTTP/1.1" 200 6782 "-" "Mozilla/5.0 (compatible; Googlebot/2.1; +http://www.google.com/bot.html)"
5.63.151.190 - - [19/Aug/2013:23:01:03 -0400] "HEAD / HTTP/1.1" 200 - "-" "checks.panopta.com"
66.249.74.134 - - [19/Aug/2013:16:16:09 -0400] "GET /robots.txt HTTP/1.1" 200 6782 "-" "Mozilla/5.0 (compatible; Googlebot/2.1; +http://www.google.com/bot.html)"
38.223.231.252 - - [19/Aug/2013:16:52:29 -0400] "GET /images/logo.jpg HTTP/1.1" 200 6004 "http://www.warnerconsultinggroup.com/home.html" "Mozilla/4.0 (compatible; MSIE 8.0; Windows NT 6.1; WOW64; Trident/4.0; SLCC2; .NET CLR 2.0.50727; .NET CLR 3.5.30729; .NET CLR 3.0.30729; Media Center PC 6.0; InfoPath.3; MS-RTC LM 8; .NET4.0C; .NET4.0E)"
38.223.231.252 - - [19/Aug/2013:16:52:29 -0400] "GET /images/social-bg.png HTTP/1.1" 200 3056 "http://www.warnerconsultinggroup.com/home.html" "Mozilla/4.0 (compatible; MSIE 8.0; Windows NT 6.1; WOW64; Trident/4.0; SLCC2; .NET CLR 2.0.50727; .NET CLR 3.5.30729; .NET CLR 3.0.30729; Media Center PC 6.0; InfoPath.3; MS-RTC LM 8; .NET4.0C; .NET4.0E)"
66.185.110.38 - - [19/Aug/2013:17:38:56 -0400] "GET //images/twitr.png HTTP/1.1" 200 1543 "http://www.warnerconsultinggroup.com//contact_us" "Mozilla/4.0 (compatible; MSIE 8.0; Windows NT 6.1; WOW64; Trident/4.0; SLCC2; .NET CLR 2.0.50727; .NET CLR 3.5.30729; .NET CLR 3.0.30729; Media Center PC 6.0; .NET4.0C; .NET4.0E)"
66.185.110.38 - - [19/Aug/2013:17:38:56 -0400] "GET //images/inner-content-top.png HTTP/1.1" 200 1386 "http://www.warnerconsultinggroup.com//contact_us" "Mozilla/4.0 (compatible; MSIE 8.0; Windows NT 6.1; WOW64; Trident/4.0; SLCC2; .NET CLR 2.0.50727; .NET CLR 3.5.30729; .NET CLR 3.0.30729; Media Center PC 6.0; .NET4.0C; .NET4.0E)"
66.185.110.38 - - [19/Aug/2013:17:38:58 -0400] "GET //images/right-box-mid.png HTTP/1.1" 200 134 "http://www.warnerconsultinggroup.com//contact_us" "Mozilla/4.0 (compatible; MSIE 8.0; Windows NT 6.1; WOW64; Trident/4.0; SLCC2; .NET CLR 2.0.50727; .NET CLR 3.5.30729; .NET CLR 3.0.30729; Media Center PC 6.0; .NET4.0C; .NET4.0E)"
66.185.110.38 - - [19/Aug/2013:17:38:58 -0400] "GET //images/right-box-top.png HTTP/1.1" 200 617 "http://www.warnerconsultinggroup.com//contact_us" "Mozilla/4.0 (compatible; MSIE 8.0; Windows NT 6.1; WOW64; Trident/4.0; SLCC2; .NET CLR 2.0.50727; .NET CLR 3.5.30729; .NET CLR 3.0.30729; Media Center PC 6.0; .NET4.0C; .NET4.0E)"
66.185.110.38 - - [19/Aug/2013:17:38:58 -0400] "GET //images/bullet2.png HTTP/1.1" 200 451 "http://www.warnerconsultinggroup.com//contact_us" "Mozilla/4.0 (compatible; MSIE 8.0; Windows NT 6.1; WOW64; Trident/4.0; SLCC2; .NET CLR 2.0.50727; .NET CLR 3.5.30729; .NET CLR 3.0.30729; Media Center PC 6.0; .NET4.0C; .NET4.0E)"
66.185.110.38 - - [19/Aug/2013:17:38:58 -0400] "GET //images/nav-left.png HTTP/1.1" 200 1223 "http://www.warnerconsultinggroup.com//contact_us" "Mozilla/4.0 (compatible; MSIE 8.0; Windows NT 6.1; WOW64; Trident/4.0; SLCC2; .NET CLR 2.0.50727; .NET CLR 3.5.30729; .NET CLR 3.0.30729; Media Center PC 6.0; .NET4.0C; .NET4.0E)"
79.143.190.141 - - [19/Aug/2013:20:00:19 -0400] "HEAD / HTTP/1.1" 200 - "-" "checks.panopta.com"
5.63.151.190 - - [19/Aug/2013:19:14:55 -0400] "HEAD / HTTP/1.1" 200 - "-" "checks.panopta.com"
100.43.83.144 - - [19/Aug/2013:00:16:04 -0400] "GET /robots.txt HTTP/1.1" 200 6782 "-" "Mozilla/5.0 (compatible; YandexBot/3.0; +http://yandex.com/bots)"
218.30.103.35 - - [19/Aug/2013:00:26:04 -0400] "GET /robots.txt HTTP/1.1" 200 6782 "-" "Sogou web spider/4.0"
113.142.13.21 - - [19/Aug/2013:01:58:34 -0400] "GET /robots.txt HTTP/1.1" 200 6782 "http://www.warnerconsultinggroup.com/" "Mozilla/5.0 (compatible; MSIE 8.0; Windows NT 6.1)"
173.199.115.131 - - [19/Aug/2013:02:20:39 -0400] "GET //the_lighter_side HTTP/1.1" 200 13713 "-" "Mozilla/5.0 (compatible; AhrefsBot/4.0; +http://ahrefs.com/robot/)"
151.138.13.244 - - [19/Aug/2013:10:06:15 -0400] "GET / HTTP/1.1" 200 9018 "-" "SuperPagesUrlVerifyBot/1.0"
66.249.74.134 - - [19/Aug/2013:06:10:09 -0400] "GET /robots.txt HTTP/1.1" 200 6782 "-" "Mozilla/5.0 (compatible; Googlebot/2.1; +http://www.google.com/bot.html)"
157.56.93.52 - - [19/Aug/2013:03:07:16 -0400] "GET /images/css/dropdown/themes/nvidia.com/default.advanced.css HTTP/1.1" 200 6782 "-" "Mozilla/5.0 (compatible; bingbot/2.0; +http://www.bing.com/bingbot.htm)"
217.69.133.14 - - [19/Aug/2013:06:22:07 -0400] "GET /robots.txt HTTP/1.0" 200 6782 "-" "Mozilla/5.0 (compatible; Linux x86_64; Mail.RU_Bot/2.0; +http://go.mail.ru/help/robots)"
70.62.160.86 - - [19/Aug/2013:09:45:24 -0400] "GET /images/gallery/services-1.jpg HTTP/1.1" 200 14545 "http://warnerconsultinggroup.com/" "Mozilla/5.0 (Windows NT 5.1) AppleWebKit/537.36 (KHTML, like Gecko) Chrome/28.0.1500.95 Safari/537.36"
70.62.160.86 - - [19/Aug/2013:09:46:47 -0400] "GET //about_us/meet_the_team HTTP/1.1" 200 23851 "http://www.warnerconsultinggroup.com/aboutus/meettheteam.html" "Mozilla/5.0 (Windows NT 5.1) AppleWebKit/537.36 (KHTML, like Gecko) Chrome/28.0.1500.95 Safari/537.36"
70.62.160.86 - - [19/Aug/2013:09:46:48 -0400] "GET //images/theteam/1-Trevor.jpg HTTP/1.1" 200 14332 "http://www.warnerconsultinggroup.com//about_us/meet_the_team" "Mozilla/5.0 (Windows NT 5.1) AppleWebKit/537.36 (KHTML, like Gecko) Chrome/28.0.1500.95 Safari/537.36"
70.62.160.86 - - [19/Aug/2013:09:46:48 -0400] "GET //images/theteam/2-Pam.jpg HTTP/1.1" 200 2813 "http://www.warnerconsultinggroup.com//about_us/meet_the_team" "Mozilla/5.0 (Windows NT 5.1) AppleWebKit/537.36 (KHTML, like Gecko) Chrome/28.0.1500.95 Safari/537.36"
91.207.9.226 - - [19/Aug/2013:00:56:24 -0400] "GET / HTTP/1.1" 200 9018 "http://www.socioforum.su/" "Mozilla/4.76 [en] (Windows NT 5.0; U)"
66.249.74.134 - - [19/Aug/2013:01:46:44 -0400] "GET /robots.txt HTTP/1.1" 200 6782 "-" "Mozilla/5.0 (compatible; Googlebot/2.1; +http://www.google.com/bot.html)"
157.56.93.96 - - [19/Aug/2013:02:40:56 -0400] "GET /robots.txt HTTP/1.1" 200 6782 "-" "Mozilla/5.0 (compatible; bingbot/2.0; +http://www.bing.com/bingbot.htm)"
208.115.111.75 - - [19/Aug/2013:15:55:15 -0400] "GET /page12.html HTTP/1.1" 200 6782 "-" "Mozilla/5.0 (compatible; Ezooms/1.0; ezooms.bot@gmail.com)"
100.43.83.144 - - [19/Aug/2013:00:16:07 -0400] "GET /pages/1/images/fb.png HTTP/1.1" 200 6782 "-" "Mozilla/5.0 (compatible; YandexImages/3.0; +http://yandex.com/bots)"
66.249.74.134 - - [19/Aug/2013:02:39:30 -0400] "GET /robots.txt HTTP/1.1" 200 6782 "-" "Mozilla/5.0 (compatible; Googlebot/2.1; +http://www.google.com/bot.html)"
38.223.231.252 - - [19/Aug/2013:16:50:44 -0400] "GET /css/dropdown/themes/nvidia.com/default.advanced.css HTTP/1.1" 200 1342 "http://warnerconsultinggroup.com/" "Mozilla/4.0 (compatible; MSIE 8.0; Windows NT 6.1; WOW64; Trident/4.0; SLCC2; .NET CLR 2.0.50727; .NET CLR 3.5.30729; .NET CLR 3.0.30729; Media Center PC 6.0; InfoPath.3; MS-RTC LM 8; .NET4.0C; .NET4.0E)"
38.223.231.252 - - [19/Aug/2013:16:50:45 -0400] "GET /images/head-welcome.jpg HTTP/1.1" 200 15302 "http://warnerconsultinggroup.com/" "Mozilla/4.0 (compatible; MSIE 8.0; Windows NT 6.1; WOW64; Trident/4.0; SLCC2; .NET CLR 2.0.50727; .NET CLR 3.5.30729; .NET CLR 3.0.30729; Media Center PC 6.0; InfoPath.3; MS-RTC LM 8; .NET4.0C; .NET4.0E)"
38.223.231.252 - - [19/Aug/2013:16:50:45 -0400] "GET /images/sep.jpg HTTP/1.1" 200 2186 "http://warnerconsultinggroup.com/" "Mozilla/4.0 (compatible; MSIE 8.0; Windows NT 6.1; WOW64; Trident/4.0; SLCC2; .NET CLR 2.0.50727; .NET CLR 3.5.30729; .NET CLR 3.0.30729; Media Center PC 6.0; InfoPath.3; MS-RTC LM 8; .NET4.0C; .NET4.0E)"
66.185.110.38 - - [19/Aug/2013:17:38:49 -0400] "GET //css/dropdown/dropdown.css HTTP/1.1" 200 1026 "http://www.warnerconsultinggroup.com//contact_us" "Mozilla/4.0 (compatible; MSIE 8.0; Windows NT 6.1; WOW64; Trident/4.0; SLCC2; .NET CLR 2.0.50727; .NET CLR 3.5.30729; .NET CLR 3.0.30729; Media Center PC 6.0; .NET4.0C; .NET4.0E)"
70.62.160.86 - - [19/Aug/2013:09:45:24 -0400] "GET /css/dropdown/dropdown.css HTTP/1.1" 200 1026 "http://warnerconsultinggroup.com/" "Mozilla/5.0 (Windows NT 5.1) AppleWebKit/537.36 (KHTML, like Gecko) Chrome/28.0.1500.95 Safari/537.36"
70.62.160.86 - - [19/Aug/2013:09:45:24 -0400] "GET /images/twitr.png HTTP/1.1" 200 1543 "http://warnerconsultinggroup.com/" "Mozilla/5.0 (Windows NT 5.1) AppleWebKit/537.36 (KHTML, like Gecko) Chrome/28.0.1500.95 Safari/537.36"
70.62.160.86 - - [19/Aug/2013:09:45:24 -0400] "GET /images/sep.jpg HTTP/1.1" 200 2186 "http://warnerconsultinggroup.com/" "Mozilla/5.0 (Windows NT 5.1) AppleWebKit/537.36 (KHTML, like Gecko) Chrome/28.0.1500.95 Safari/537.36"
70.62.160.86 - - [19/Aug/2013:09:46:48 -0400] "GET //images/theteam/3-Kelly.jpg HTTP/1.1" 200 2815 "http://www.warnerconsultinggroup.com//about_us/meet_the_team" "Mozilla/5.0 (Windows NT 5.1) AppleWebKit/537.36 (KHTML, like Gecko) Chrome/28.0.1500.95 Safari/537.36"
5.63.151.190 - - [19/Aug/2013:11:56:32 -0400] "HEAD / HTTP/1.1" 200 - "-" "checks.panopta.com"
5.63.151.190 - - [19/Aug/2013:21:15:47 -0400] "HEAD / HTTP/1.1" 200 - "-" "checks.panopta.com"
5.63.151.190 - - [19/Aug/2013:06:39:22 -0400] "HEAD / HTTP/1.1" 200 - "-" "checks.panopta.com"
5.63.151.190 - - [19/Aug/2013:06:54:24 -0400] "HEAD / HTTP/1.1" 200 - "-" "checks.panopta.com"
178.255.215.72 - - [19/Aug/2013:19:16:51 -0400] "GET /robots.txt HTTP/1.1" 200 6782 "-" "Mozilla/5.0 (compatible; Exabot/3.0; +http://www.exabot.com/go/robot)"
5.63.151.190 - - [19/Aug/2013:06:09:15 -0400] "HEAD / HTTP/1.1" 200 - "-" "checks.panopta.com"
5.63.151.190 - - [19/Aug/2013:03:07:57 -0400] "HEAD / HTTP/1.1" 200 - "-" "checks.panopta.com"
207.241.226.238 - - [19/Aug/2013:05:13:47 -0400] "GET /robots.txt HTTP/1.1" 200 6782 "-" "ia_archiver(OS-Wayback)"
5.63.151.190 - - [19/Aug/2013:05:23:49 -0400] "HEAD / HTTP/1.1" 200 - "-" "checks.panopta.com"
70.62.160.86 - - [19/Aug/2013:09:46:19 -0400] "GET //images/right-box-mid.png HTTP/1.1" 200 134 "http://warnerconsultinggroup.com/about_us" "Mozilla/5.0 (Windows NT 5.1) AppleWebKit/537.36 (KHTML, like Gecko) Chrome/28.0.1500.95 Safari/537.36"
70.62.160.86 - - [19/Aug/2013:09:46:48 -0400] "GET //images/theteam/Chris.jpg HTTP/1.1" 200 14530 "http://www.warnerconsultinggroup.com//about_us/meet_the_team" "Mozilla/5.0 (Windows NT 5.1) AppleWebKit/537.36 (KHTML, like Gecko) Chrome/28.0.1500.95 Safari/537.36"
70.62.160.86 - - [19/Aug/2013:09:46:49 -0400] "GET /favicon.ico HTTP/1.1" 404 9018 "-" "Mozilla/5.0 (Windows NT 5.1) AppleWebKit/537.36 (KHTML, like Gecko) Chrome/28.0.1500.95 Safari/537.36"
128.204.195.249 - - [19/Aug/2013:10:11:01 -0400] "HEAD / HTTP/1.1" 200 - "-" "checks.panopta.com"
173.199.115.131 - - [19/Aug/2013:10:49:43 -0400] "GET /pages/1/about_us HTTP/1.1" 200 6782 "-" "Mozilla/5.0 (compatible; AhrefsBot/4.0; +http://ahrefs.com/robot/)"
5.63.151.190 - - [19/Aug/2013:12:26:49 -0400] "HEAD / HTTP/1.1" 200 - "-" "checks.panopta.com"
173.199.115.131 - - [19/Aug/2013:14:52:28 -0400] "GET /pages/1/clients HTTP/1.1" 200 6782 "-" "Mozilla/5.0 (compatible; AhrefsBot/4.0; +http://ahrefs.com/robot/)"
91.207.9.226 - - [19/Aug/2013:15:52:31 -0400] "GET / HTTP/1.1" 200 9018 "http://myvigre.ru/" "Opera/7.11 (Windows NT 5.1; U) [en]"
5.63.151.190 - - [19/Aug/2013:02:37:39 -0400] "HEAD / HTTP/1.1" 200 - "-" "checks.panopta.com"
66.249.74.134 - - [19/Aug/2013:00:01:22 -0400] "GET /robots.txt HTTP/1.1" 200 6782 "-" "Mozilla/5.0 (compatible; Googlebot/2.1; +http://www.google.com/bot.html)"
100.43.83.144 - - [19/Aug/2013:00:16:10 -0400] "GET /pages/1/images/fb.png HTTP/1.1" 200 6782 "-" "Mozilla/5.0 (compatible; YandexImages/3.0; +http://yandex.com/bots)"
100.43.83.144 - - [19/Aug/2013:12:40:55 -0400] "GET / HTTP/1.1" 200 9018 "-" "Mozilla/5.0 (compatible; YandexBot/3.0; +http://yandex.com/bots)"
5.63.151.190 - - [19/Aug/2013:12:56:53 -0400] "HEAD / HTTP/1.1" 200 - "-" "checks.panopta.com"
199.30.20.17 - - [19/Aug/2013:07:19:36 -0400] "GET /news/images/logo.jpg HTTP/1.1" 200 6782 "-" "msnbot-media/1.1 (+http://search.msn.com/msnbot.htm)"
5.63.151.190 - - [19/Aug/2013:08:55:20 -0400] "HEAD / HTTP/1.1" 200 - "-" "checks.panopta.com"
70.62.160.86 - - [19/Aug/2013:09:49:56 -0400] "GET //images/sep.jpg HTTP/1.1" 200 2186 "http://www.warnerconsultinggroup.com//lighterside" "Mozilla/5.0 (Windows NT 5.1) AppleWebKit/537.36 (KHTML, like Gecko) Chrome/28.0.1500.95 Safari/537.36"
70.62.160.86 - - [19/Aug/2013:09:49:56 -0400] "GET //images/btn-readmore.jpg HTTP/1.1" 200 1587 "http://www.warnerconsultinggroup.com//lighterside" "Mozilla/5.0 (Windows NT 5.1) AppleWebKit/537.36 (KHTML, like Gecko) Chrome/28.0.1500.95 Safari/537.36"
70.62.160.86 - - [19/Aug/2013:09:49:56 -0400] "GET /favicon.ico HTTP/1.1" 404 9018 "-" "Mozilla/5.0 (Windows NT 5.1) AppleWebKit/537.36 (KHTML, like Gecko) Chrome/28.0.1500.95 Safari/537.36"
38.223.231.252 - - [19/Aug/2013:16:50:44 -0400] "GET /images/fb.png HTTP/1.1" 200 1264 "http://warnerconsultinggroup.com/" "Mozilla/4.0 (compatible; MSIE 8.0; Windows NT 6.1; WOW64; Trident/4.0; SLCC2; .NET CLR 2.0.50727; .NET CLR 3.5.30729; .NET CLR 3.0.30729; Media Center PC 6.0; InfoPath.3; MS-RTC LM 8; .NET4.0C; .NET4.0E)"
38.223.231.252 - - [19/Aug/2013:16:50:45 -0400] "GET /css/dropdown/themes/nvidia.com/default.css HTTP/1.1" 200 1866 "http://warnerconsultinggroup.com/" "Mozilla/4.0 (compatible; MSIE 8.0; Windows NT 6.1; WOW64; Trident/4.0; SLCC2; .NET CLR 2.0.50727; .NET CLR 3.5.30729; .NET CLR 3.0.30729; Media Center PC 6.0; InfoPath.3; MS-RTC LM 8; .NET4.0C; .NET4.0E)"
38.223.231.252 - - [19/Aug/2013:16:50:45 -0400] "GET /images/btn-readmore.jpg HTTP/1.1" 200 1587 "http://warnerconsultinggroup.com/" "Mozilla/4.0 (compatible; MSIE 8.0; Windows NT 6.1; WOW64; Trident/4.0; SLCC2; .NET CLR 2.0.50727; .NET CLR 3.5.30729; .NET CLR 3.0.30729; Media Center PC 6.0; InfoPath.3; MS-RTC LM 8; .NET4.0C; .NET4.0E)"
5.63.151.190 - - [19/Aug/2013:18:14:28 -0400] "HEAD / HTTP/1.1" 200 - "-" "checks.panopta.com"
5.63.151.190 - - [19/Aug/2013:19:29:56 -0400] "HEAD / HTTP/1.1" 200 - "-" "checks.panopta.com"
178.137.128.12 - - [19/Aug/2013:03:26:23 -0400] "GET / HTTP/1.1" 200 9018 "http://el96.ru/" "Mozilla/4.0 (compatible; MSIE 6.0; Windows NT 5.2; WOW64; SV1; .NET CLR 2.0.50727)"
5.63.151.190 - - [19/Aug/2013:04:53:28 -0400] "HEAD / HTTP/1.1" 200 - "-" "checks.panopta.com"
178.137.128.12 - - [19/Aug/2013:03:26:25 -0400] "GET / HTTP/1.1" 200 9018 "http://el96.ru/" "Mozilla/4.0 (compatible; MSIE 6.0; Windows NT 5.2; WOW64; SV1; .NET CLR 2.0.50727)"
91.207.9.226 - - [19/Aug/2013:15:52:29 -0400] "GET / HTTP/1.1" 200 9018 "http://myvigre.ru/" "Opera/7.11 (Windows NT 5.1; U) [en]"
218.30.103.35 - - [19/Aug/2013:00:41:04 -0400] "GET /images/The_Impact_of_4_G_Winter_2009_Hospitality_Upgrade.pdf HTTP/1.1" 200 6782 "-" "Sogou web spider/4.0(+http://www.sogou.com/docs/help/webmasters.htm#07)"
173.199.115.131 - - [19/Aug/2013:02:06:23 -0400] "GET //consulting/creating_efficiency HTTP/1.1" 200 11923 "-" "Mozilla/5.0 (compatible; AhrefsBot/4.0; +http://ahrefs.com/robot/)"
180.76.5.160 - - [19/Aug/2013:19:50:50 -0400] "GET / HTTP/1.1" 200 9018 "-" "Mozilla/5.0 (compatible; Baiduspider/2.0; +http://www.baidu.com/search/spider.html)"
5.63.151.190 - - [19/Aug/2013:08:40:18 -0400] "HEAD / HTTP/1.1" 200 - "-" "checks.panopta.com"
46.119.118.152 - - [19/Aug/2013:08:51:18 -0400] "GET / HTTP/1.1" 200 9018 "http://remont-mobile-phones.ru/" "Mozilla/4.0 (compatible; MSIE 6.0; Windows NT 5.1; SV1; MRA 4.6 (build 01425); MRSPUTNIK 1, 5, 0, 19 SW)"
198.211.99.110 - - [19/Aug/2013:21:27:36 -0400] "GET /inspiring_innovation HTTP/1.1" 200 11658 "-" "Mozilla/5.0 (Windows NT 6.1; WOW64; rv:21.0) Gecko/20100101 Firefox/21.0"
5.63.151.190 - - [19/Aug/2013:21:30:48 -0400] "HEAD / HTTP/1.1" 200 - "-" "checks.panopta.com"
70.62.160.86 - - [19/Aug/2013:09:45:23 -0400] "GET / HTTP/1.1" 200 9018 "-" "Mozilla/5.0 (Windows NT 5.1) AppleWebKit/537.36 (KHTML, like Gecko) Chrome/28.0.1500.95 Safari/537.36"
70.62.160.86 - - [19/Aug/2013:09:45:24 -0400] "GET /css/style.css HTTP/1.1" 200 7000 "http://warnerconsultinggroup.com/" "Mozilla/5.0 (Windows NT 5.1) AppleWebKit/537.36 (KHTML, like Gecko) Chrome/28.0.1500.95 Safari/537.36"
70.62.160.86 - - [19/Aug/2013:09:45:24 -0400] "GET /images/logo.jpg HTTP/1.1" 200 6004 "http://warnerconsultinggroup.com/" "Mozilla/5.0 (Windows NT 5.1) AppleWebKit/537.36 (KHTML, like Gecko) Chrome/28.0.1500.95 Safari/537.36"
70.62.160.86 - - [19/Aug/2013:09:45:24 -0400] "GET /a.html HTTP/1.1" 200 1082 "http://warnerconsultinggroup.com/" "Mozilla/5.0 (Windows NT 5.1) AppleWebKit/537.36 (KHTML, like Gecko) Chrome/28.0.1500.95 Safari/537.36"
70.62.160.86 - - [19/Aug/2013:09:45:24 -0400] "GET /images/footer-sep.jpg HTTP/1.1" 200 1127 "http://warnerconsultinggroup.com/" "Mozilla/5.0 (Windows NT 5.1) AppleWebKit/537.36 (KHTML, like Gecko) Chrome/28.0.1500.95 Safari/537.36"
70.62.160.86 - - [19/Aug/2013:09:45:24 -0400] "GET /images/gallery/services-2.jpg HTTP/1.1" 200 13974 "http://warnerconsultinggroup.com/" "Mozilla/5.0 (Windows NT 5.1) AppleWebKit/537.36 (KHTML, like Gecko) Chrome/28.0.1500.95 Safari/537.36"
70.62.160.86 - - [19/Aug/2013:09:45:24 -0400] "GET /css/dropdown/themes/nvidia.com/default.css HTTP/1.1" 200 1866 "http://warnerconsultinggroup.com/" "Mozilla/5.0 (Windows NT 5.1) AppleWebKit/537.36 (KHTML, like Gecko) Chrome/28.0.1500.95 Safari/537.36"
70.62.160.86 - - [19/Aug/2013:09:45:24 -0400] "GET /Scripts/swfobject/swfobject.js HTTP/1.1" 200 9759 "http://www.warnerconsultinggroup.com/a.html" "Mozilla/5.0 (Windows NT 5.1) AppleWebKit/537.36 (KHTML, like Gecko) Chrome/28.0.1500.95 Safari/537.36"
70.62.160.86 - - [19/Aug/2013:09:45:24 -0400] "GET /images/bg.jpg HTTP/1.1" 200 94591 "http://warnerconsultinggroup.com/" "Mozilla/5.0 (Windows NT 5.1) AppleWebKit/537.36 (KHTML, like Gecko) Chrome/28.0.1500.95 Safari/537.36"
70.62.160.86 - - [19/Aug/2013:09:45:24 -0400] "GET /piecemaker.swf HTTP/1.1" 200 208139 "http://www.warnerconsultinggroup.com/a.html" "Mozilla/5.0 (Windows NT 5.1) AppleWebKit/537.36 (KHTML, like Gecko) Chrome/28.0.1500.95 Safari/537.36"
70.62.160.86 - - [19/Aug/2013:09:45:24 -0400] "GET /favicon.ico HTTP/1.1" 404 9018 "-" "Mozilla/5.0 (Windows NT 5.1) AppleWebKit/537.36 (KHTML, like Gecko) Chrome/28.0.1500.95 Safari/537.36"
70.62.160.86 - - [19/Aug/2013:09:45:25 -0400] "GET /piecemaker1.xml HTTP/1.1" 200 1730 "http://www.warnerconsultinggroup.com/a.html" "Mozilla/5.0 (Windows NT 5.1) AppleWebKit/537.36 (KHTML, like Gecko) Chrome/28.0.1500.95 Safari/537.36"
70.62.160.86 - - [19/Aug/2013:09:45:25 -0400] "GET /piecemaker.css HTTP/1.1" 200 791 "http://www.warnerconsultinggroup.com/a.html" "Mozilla/5.0 (Windows NT 5.1) AppleWebKit/537.36 (KHTML, like Gecko) Chrome/28.0.1500.95 Safari/537.36"
70.62.160.86 - - [19/Aug/2013:09:45:25 -0400] "GET /images/image1.jpg HTTP/1.1" 200 88539 "http://www.warnerconsultinggroup.com/a.html" "Mozilla/5.0 (Windows NT 5.1) AppleWebKit/537.36 (KHTML, like Gecko) Chrome/28.0.1500.95 Safari/537.36"
70.62.160.86 - - [19/Aug/2013:09:45:25 -0400] "GET /images/image2.jpg HTTP/1.1" 200 106569 "http://www.warnerconsultinggroup.com/a.html" "Mozilla/5.0 (Windows NT 5.1) AppleWebKit/537.36 (KHTML, like Gecko) Chrome/28.0.1500.95 Safari/537.36"
70.62.160.86 - - [19/Aug/2013:09:45:25 -0400] "GET /images/image3.jpg HTTP/1.1" 200 85417 "http://www.warnerconsultinggroup.com/a.html" "Mozilla/5.0 (Windows NT 5.1) AppleWebKit/537.36 (KHTML, like Gecko) Chrome/28.0.1500.95 Safari/537.36"
5.63.151.190 - - [19/Aug/2013:13:42:25 -0400] "HEAD / HTTP/1.1" 200 - "-" "checks.panopta.com"
5.63.151.190 - - [19/Aug/2013:14:12:47 -0400] "HEAD / HTTP/1.1" 200 - "-" "checks.panopta.com"
5.63.151.190 - - [19/Aug/2013:09:55:39 -0400] "HEAD / HTTP/1.1" 200 - "-" "checks.panopta.com"
5.63.151.190 - - [19/Aug/2013:23:16:25 -0400] "HEAD / HTTP/1.1" 200 - "-" "checks.panopta.com"
37.139.52.23 - - [19/Aug/2013:03:51:03 -0400] "GET / HTTP/1.1" 200 9018 "http://otziv.mybb.ru/" "Mozilla/4.0 (compatible; MSIE 6.0; Windows NT 5.1; SV1; YPC 3.0.2; .NET CLR 1.1.4322; yplus 4.4.02b)"
5.63.151.190 - - [19/Aug/2013:05:08:46 -0400] "HEAD / HTTP/1.1" 200 - "-" "checks.panopta.com"
173.199.115.131 - - [19/Aug/2013:05:52:00 -0400] "GET //news/contact_us HTTP/1.1" 200 6782 "-" "Mozilla/5.0 (compatible; AhrefsBot/4.0; +http://ahrefs.com/robot/)"
5.63.151.190 - - [19/Aug/2013:16:13:35 -0400] "HEAD / HTTP/1.1" 200 - "-" "checks.panopta.com"
66.185.110.38 - - [19/Aug/2013:17:38:37 -0400] "GET /images/fb.png HTTP/1.1" 200 1264 "http://www.warnerconsultinggroup.com/" "Mozilla/4.0 (compatible; MSIE 8.0; Windows NT 6.1; WOW64; Trident/4.0; SLCC2; .NET CLR 2.0.50727; .NET CLR 3.5.30729; .NET CLR 3.0.30729; Media Center PC 6.0; .NET4.0C; .NET4.0E)"
66.185.110.38 - - [19/Aug/2013:17:38:37 -0400] "GET /images/footer-sep.jpg HTTP/1.1" 200 1127 "http://www.warnerconsultinggroup.com/" "Mozilla/4.0 (compatible; MSIE 8.0; Windows NT 6.1; WOW64; Trident/4.0; SLCC2; .NET CLR 2.0.50727; .NET CLR 3.5.30729; .NET CLR 3.0.30729; Media Center PC 6.0; .NET4.0C; .NET4.0E)"
66.185.110.38 - - [19/Aug/2013:17:38:37 -0400] "GET /images/social-bg.png HTTP/1.1" 200 3056 "http://www.warnerconsultinggroup.com/" "Mozilla/4.0 (compatible; MSIE 8.0; Windows NT 6.1; WOW64; Trident/4.0; SLCC2; .NET CLR 2.0.50727; .NET CLR 3.5.30729; .NET CLR 3.0.30729; Media Center PC 6.0; .NET4.0C; .NET4.0E)"
66.185.110.38 - - [19/Aug/2013:17:38:37 -0400] "GET /images/sep.jpg HTTP/1.1" 200 2186 "http://www.warnerconsultinggroup.com/" "Mozilla/4.0 (compatible; MSIE 8.0; Windows NT 6.1; WOW64; Trident/4.0; SLCC2; .NET CLR 2.0.50727; .NET CLR 3.5.30729; .NET CLR 3.0.30729; Media Center PC 6.0; .NET4.0C; .NET4.0E)"
66.185.110.38 - - [19/Aug/2013:17:38:37 -0400] "GET /piecemaker.swf HTTP/1.1" 200 208139 "http://www.warnerconsultinggroup.com/a.html" "Mozilla/4.0 (compatible; MSIE 8.0; Windows NT 6.1; WOW64; Trident/4.0; SLCC2; .NET CLR 2.0.50727; .NET CLR 3.5.30729; .NET CLR 3.0.30729; Media Center PC 6.0; .NET4.0C; .NET4.0E)"
5.63.151.190 - - [19/Aug/2013:07:09:41 -0400] "HEAD / HTTP/1.1" 200 - "-" "checks.panopta.com"
100.43.83.144 - - [19/Aug/2013:13:09:34 -0400] "GET /pages/1/images/head-welcome.jpg HTTP/1.1" 200 6782 "-" "Mozilla/5.0 (compatible; YandexImages/3.0; +http://yandex.com/bots)"
50.17.4.254 - - [19/Aug/2013:00:00:35 -0400] "GET / HTTP/1.1" 200 9018 "-" "Mozilla/5.0 (Windows; U; Windows NT 6.0; en-US; rv:1.9.2.3) Gecko/20100401 Firefox/3.6.3 GTB6 (.NET CLR 3.5.30729)"
208.115.111.75 - - [19/Aug/2013:00:08:35 -0400] "GET /pages/1/creating_efficiency HTTP/1.1" 200 6782 "-" "Mozilla/5.0 (compatible; Ezooms/1.0; ezooms.bot@gmail.com)"
66.249.74.134 - - [19/Aug/2013:06:15:14 -0400] "GET /robots.txt HTTP/1.1" 200 6782 "-" "Mozilla/5.0 (compatible; Googlebot/2.1; +http://www.google.com/bot.html)"
220.181.108.181 - - [19/Aug/2013:07:45:44 -0400] "GET /consulting HTTP/1.1" 200 14034 "-" "Mozilla/5.0 (compatible; Baiduspider/2.0; +http://www.baidu.com/search/spider.html)"
5.63.151.190 - - [19/Aug/2013:17:44:03 -0400] "HEAD / HTTP/1.1" 200 - "-" "checks.panopta.com"
100.43.83.144 - - [19/Aug/2013:05:55:29 -0400] "GET /pages/1/images/twitr.png HTTP/1.1" 200 6782 "-" "Mozilla/5.0 (compatible; YandexImages/3.0; +http://yandex.com/bots)"
5.63.151.190 - - [19/Aug/2013:01:10:13 -0400] "HEAD / HTTP/1.1" 503 - "-" "checks.panopta.com"
123.125.71.34 - - [19/Aug/2013:01:45:30 -0400] "GET /css/dropdown/themes/nvidia.com/default.advanced.css HTTP/1.1" 200 1342 "-" "Mozilla/5.0 (compatible; Baiduspider/2.0; +http://www.baidu.com/search/spider.html)"
5.63.151.190 - - [19/Aug/2013:01:46:06 -0400] "HEAD / HTTP/1.1" 503 - "-" "checks.panopta.com"
70.62.160.86 - - [19/Aug/2013:09:46:19 -0400] "GET //js/jquery-1.3.2.min.js HTTP/1.1" 200 57254 "http://warnerconsultinggroup.com/about_us" "Mozilla/5.0 (Windows NT 5.1) AppleWebKit/537.36 (KHTML, like Gecko) Chrome/28.0.1500.95 Safari/537.36"
70.62.160.86 - - [19/Aug/2013:09:46:19 -0400] "GET //images/logo.jpg HTTP/1.1" 200 6004 "http://warnerconsultinggroup.com/about_us" "Mozilla/5.0 (Windows NT 5.1) AppleWebKit/537.36 (KHTML, like Gecko) Chrome/28.0.1500.95 Safari/537.36"
70.62.160.86 - - [19/Aug/2013:09:46:19 -0400] "GET //images/inner-content-mid.png HTTP/1.1" 200 211 "http://warnerconsultinggroup.com/about_us" "Mozilla/5.0 (Windows NT 5.1) AppleWebKit/537.36 (KHTML, like Gecko) Chrome/28.0.1500.95 Safari/537.36"
70.62.160.86 - - [19/Aug/2013:09:46:19 -0400] "GET //images/right-box-bot.png HTTP/1.1" 200 411 "http://warnerconsultinggroup.com/about_us" "Mozilla/5.0 (Windows NT 5.1) AppleWebKit/537.36 (KHTML, like Gecko) Chrome/28.0.1500.95 Safari/537.36"
70.62.160.86 - - [19/Aug/2013:09:46:35 -0400] "GET /aboutus/images/twitr.png HTTP/1.1" 200 6782 "http://www.warnerconsultinggroup.com/aboutus/meettheteam.html" "Mozilla/5.0 (Windows NT 5.1) AppleWebKit/537.36 (KHTML, like Gecko) Chrome/28.0.1500.95 Safari/537.36"
160.83.72.209 - - [19/Aug/2013:10:49:57 -0400] "GET / HTTP/1.1" 200 9018 "https://www.google.com/" "Mozilla/5.0 (Windows NT 6.1; WOW64) AppleWebKit/537.36 (KHTML, like Gecko) Chrome/28.0.1500.95 Safari/537.36"
198.211.99.110 - - [19/Aug/2013:21:27:36 -0400] "GET /contact_us HTTP/1.1" 200 14972 "-" "Mozilla/5.0 (Windows NT 6.1; WOW64; rv:21.0) Gecko/20100101 Firefox/21.0"
5.63.151.190 - - [19/Aug/2013:22:31:00 -0400] "HEAD / HTTP/1.1" 200 - "-" "checks.panopta.com"
173.224.125.209 - - [19/Aug/2013:09:51:14 -0400] "GET /a.html HTTP/1.1" 200 1082 "http://www.warnerconsultinggroup.com" "Mozilla/5.0 (Windows NT 6.1; WOW64; rv:18.0) Gecko/20100101 Firefox/18.0"
66.249.74.134 - - [19/Aug/2013:10:34:56 -0400] "GET /warner_services HTTP/1.1" 200 20229 "-" "DoCoMo/2.0 N905i(c100;TB;W24H16) (compatible; Googlebot-Mobile/2.1; +http://www.google.com/bot.html)"
5.63.151.190 - - [19/Aug/2013:07:39:48 -0400] "HEAD / HTTP/1.1" 200 - "-" "checks.panopta.com"
5.63.151.190 - - [19/Aug/2013:19:44:58 -0400] "HEAD / HTTP/1.1" 200 - "-" "checks.panopta.com"
178.137.128.12 - - [19/Aug/2013:00:59:33 -0400] "GET / HTTP/1.1" 200 9018 "http://bidla.net/" "Opera/9.80 (Windows NT 6.0; U; en) Presto/2.7.62 Version/11.00"
66.249.74.134 - - [19/Aug/2013:02:42:36 -0400] "GET /about_us/consulting HTTP/1.1" 200 6782 "-" "Mozilla/5.0 (compatible; Googlebot/2.1; +http://www.google.com/bot.html)"
66.249.74.134 - - [19/Aug/2013:02:46:38 -0400] "GET /about_us/consulting HTTP/1.1" 200 6782 "-" "Mozilla/5.0 (compatible; Googlebot/2.1; +http://www.google.com/bot.html)"
38.223.231.252 - - [19/Aug/2013:16:50:48 -0400] "GET /favicon.ico HTTP/1.1" 404 9018 "-" "Mozilla/4.0 (compatible; MSIE 8.0; Windows NT 6.1; WOW64; Trident/4.0; SLCC2; .NET CLR 2.0.50727; .NET CLR 3.5.30729; .NET CLR 3.0.30729; Media Center PC 6.0; InfoPath.3; MS-RTC LM 8; .NET4.0C; .NET4.0E)"
198.211.99.110 - - [19/Aug/2013:21:27:14 -0400] "GET / HTTP/1.1" 200 9018 "-" "Mozilla/5.0 (Windows NT 6.1; WOW64; rv:21.0) Gecko/20100101 Firefox/21.0"
5.63.151.190 - - [19/Aug/2013:05:53:53 -0400] "HEAD / HTTP/1.1" 200 - "-" "checks.panopta.com"
150.70.173.45 - - [19/Aug/2013:09:36:29 -0400] "GET /piecemaker.swf HTTP/1.1" 200 208139 "-" "Mozilla/4.0 (compatible; MSIE 8.0; Windows NT 5.1; Trident/4.0)"
70.62.160.86 - - [19/Aug/2013:09:50:02 -0400] "GET //images/nav-left.png HTTP/1.1" 200 1223 "http://www.warnerconsultinggroup.com//lighterside" "Mozilla/5.0 (Windows NT 5.1) AppleWebKit/537.36 (KHTML, like Gecko) Chrome/28.0.1500.95 Safari/537.36"
66.249.74.90 - - [19/Aug/2013:01:08:36 -0400] "GET /robots.txt HTTP/1.1" 200 6782 "-" "Mozilla/5.0 (compatible; Googlebot/2.1; +http://www.google.com/bot.html)"
5.63.151.190 - - [19/Aug/2013:02:01:26 -0400] "HEAD / HTTP/1.1" 200 - "-" "checks.panopta.com"
173.224.125.209 - - [19/Aug/2013:09:51:13 -0400] "GET / HTTP/1.1" 200 9018 "http://www.webwiki.com/www.warnerconsultinggroup.com" "Mozilla/5.0 (Windows NT 6.1; WOW64; rv:18.0) Gecko/20100101 Firefox/18.0"
38.223.231.252 - - [19/Aug/2013:16:50:44 -0400] "GET /css/style.css HTTP/1.1" 200 7000 "http://warnerconsultinggroup.com/" "Mozilla/4.0 (compatible; MSIE 8.0; Windows NT 6.1; WOW64; Trident/4.0; SLCC2; .NET CLR 2.0.50727; .NET CLR 3.5.30729; .NET CLR 3.0.30729; Media Center PC 6.0; InfoPath.3; MS-RTC LM 8; .NET4.0C; .NET4.0E)"
38.223.231.252 - - [19/Aug/2013:16:50:45 -0400] "GET /images/footer-bg.jpg HTTP/1.1" 200 1167 "http://warnerconsultinggroup.com/" "Mozilla/4.0 (compatible; MSIE 8.0; Windows NT 6.1; WOW64; Trident/4.0; SLCC2; .NET CLR 2.0.50727; .NET CLR 3.5.30729; .NET CLR 3.0.30729; Media Center PC 6.0; InfoPath.3; MS-RTC LM 8; .NET4.0C; .NET4.0E)"
38.223.231.252 - - [19/Aug/2013:16:52:30 -0400] "GET /favicon.ico HTTP/1.1" 404 9018 "-" "Mozilla/4.0 (compatible; MSIE 8.0; Windows NT 6.1; WOW64; Trident/4.0; SLCC2; .NET CLR 2.0.50727; .NET CLR 3.5.30729; .NET CLR 3.0.30729; Media Center PC 6.0; InfoPath.3; MS-RTC LM 8; .NET4.0C; .NET4.0E)"
66.185.110.38 - - [19/Aug/2013:17:38:46 -0400] "GET //contact_us HTTP/1.1" 200 14972 "http://www.warnerconsultinggroup.com/" "Mozilla/4.0 (compatible; MSIE 8.0; Windows NT 6.1; WOW64; Trident/4.0; SLCC2; .NET CLR 2.0.50727; .NET CLR 3.5.30729; .NET CLR 3.0.30729; Media Center PC 6.0; .NET4.0C; .NET4.0E)"
178.137.128.12 - - [19/Aug/2013:00:59:34 -0400] "GET / HTTP/1.1" 503 323 "http://bidla.net/" "Opera/9.80 (Windows NT 6.0; U; en) Presto/2.7.62 Version/11.00"
5.63.151.190 - - [19/Aug/2013:02:16:42 -0400] "HEAD / HTTP/1.1" 503 - "-" "checks.panopta.com"
198.211.99.110 - - [19/Aug/2013:21:27:36 -0400] "GET /warner_services HTTP/1.1" 200 20229 "-" "Mozilla/5.0 (Windows NT 6.1; WOW64; rv:21.0) Gecko/20100101 Firefox/21.0"
5.63.151.190 - - [19/Aug/2013:15:13:11 -0400] "HEAD / HTTP/1.1" 200 - "-" "checks.panopta.com"
66.185.110.38 - - [19/Aug/2013:17:38:49 -0400] "GET //css/style.css HTTP/1.1" 200 7000 "http://www.warnerconsultinggroup.com//contact_us" "Mozilla/4.0 (compatible; MSIE 8.0; Windows NT 6.1; WOW64; Trident/4.0; SLCC2; .NET CLR 2.0.50727; .NET CLR 3.5.30729; .NET CLR 3.0.30729; Media Center PC 6.0; .NET4.0C; .NET4.0E)"
208.115.113.91 - - [19/Aug/2013:21:20:02 -0400] "GET /news/warner_services HTTP/1.1" 200 6782 "-" "Mozilla/5.0 (compatible; Ezooms/1.0; ezooms.bot@gmail.com)"
178.77.126.55 - - [19/Aug/2013:12:56:33 -0400] "GET /robots.txt HTTP/1.1" 200 6782 "-" "Mozilla/5.0 (compatible; CareerBot/1.1; +http://www.career-x.de/bot.html)"
66.249.74.134 - - [19/Aug/2013:07:58:12 -0400] "GET /aboutus/images/about_us HTTP/1.1" 200 6782 "-" "Mozilla/5.0 (compatible; Googlebot/2.1; +http://www.google.com/bot.html)"
173.199.115.131 - - [19/Aug/2013:10:24:46 -0400] "GET /aboutus/news HTTP/1.1" 200 6782 "-" "Mozilla/5.0 (compatible; AhrefsBot/4.0; +http://ahrefs.com/robot/)"
66.249.74.134 - - [19/Aug/2013:10:34:55 -0400] "GET /robots.txt HTTP/1.1" 200 6782 "-" "Mozilla/5.0 (compatible; Googlebot/2.1; +http://www.google.com/bot.html)"
157.56.229.190 - - [19/Aug/2013:16:34:23 -0400] "GET /about_us/meet_the_team HTTP/1.1" 200 23851 "-" "Mozilla/5.0 (compatible; bingbot/2.0; +http://www.bing.com/bingbot.htm)"
38.223.231.252 - - [19/Aug/2013:16:50:44 -0400] "GET /images/social-head.png HTTP/1.1" 200 2344 "http://warnerconsultinggroup.com/" "Mozilla/4.0 (compatible; MSIE 8.0; Windows NT 6.1; WOW64; Trident/4.0; SLCC2; .NET CLR 2.0.50727; .NET CLR 3.5.30729; .NET CLR 3.0.30729; Media Center PC 6.0; InfoPath.3; MS-RTC LM 8; .NET4.0C; .NET4.0E)"
38.223.231.252 - - [19/Aug/2013:16:50:45 -0400] "GET /images/twitr.png HTTP/1.1" 200 1543 "http://warnerconsultinggroup.com/" "Mozilla/4.0 (compatible; MSIE 8.0; Windows NT 6.1; WOW64; Trident/4.0; SLCC2; .NET CLR 2.0.50727; .NET CLR 3.5.30729; .NET CLR 3.0.30729; Media Center PC 6.0; InfoPath.3; MS-RTC LM 8; .NET4.0C; .NET4.0E)"
38.223.231.252 - - [19/Aug/2013:16:50:45 -0400] "GET /images/bg.jpg HTTP/1.1" 200 94591 "http://warnerconsultinggroup.com/" "Mozilla/4.0 (compatible; MSIE 8.0; Windows NT 6.1; WOW64; Trident/4.0; SLCC2; .NET CLR 2.0.50727; .NET CLR 3.5.30729; .NET CLR 3.0.30729; Media Center PC 6.0; InfoPath.3; MS-RTC LM 8; .NET4.0C; .NET4.0E)"
66.249.74.134 - - [19/Aug/2013:07:06:24 -0400] "GET /robots.txt HTTP/1.1" 200 6782 "-" "Mozilla/5.0 (compatible; Googlebot/2.1; +http://www.google.com/bot.html)"
66.249.74.134 - - [19/Aug/2013:07:09:29 -0400] "GET /whywarnerconsulting/images/twitr.png HTTP/1.1" 200 6782 "-" "Googlebot-Image/1.0"
202.46.50.164 - - [19/Aug/2013:18:57:24 -0400] "GET /consulting/css/ HTTP/1.1" 200 6782 "-" "Mozilla/5.0 (Windows; U; Windows NT 5.1; zh-CN; rv:1.9.1.2) Firefox/3.5.2"
84.95.88.100 - - [19/Aug/2013:18:58:25 -0400] "GET /robots.txt HTTP/1.0" 200 6782 "-" "Mozilla/4.0 (PDA; SL-C750/1.0,Embedix/Qtopia/1.3.0) NetFront/3.0 Zaurus C750"
70.62.160.86 - - [19/Aug/2013:09:45:24 -0400] "GET /images/fb.png HTTP/1.1" 200 1264 "http://warnerconsultinggroup.com/" "Mozilla/5.0 (Windows NT 5.1) AppleWebKit/537.36 (KHTML, like Gecko) Chrome/28.0.1500.95 Safari/537.36"
