0byt3m1n1
Path:
/
data
/
0
/
0
/
69
/
102
/
69265
/
meta
/
70501
/
logs
/
[
Home
]
File: x-access_log.2013-08-19
37.139.52.23 - - [19/Aug/2013:03:51:04 -0400] "GET / HTTP/1.1" 200 9018 "http://otziv.mybb.ru/" "Mozilla/4.0 (compatible; MSIE 6.0; Windows NT 5.1; SV1; YPC 3.0.2; .NET CLR 1.1.4322; yplus 4.4.02b)"
211.244.83.215 - - [19/Aug/2013:23:33:40 -0400] "GET /robots.txt HTTP/1.1" 200 6782 "http://search.daum.net/" "Mozilla/5.0 (compatible; MSIE or Firefox mutant; not on Windows server; + http://tab.search.daum.net/aboutWebSearch.html) Daumoa/3.0"
5.63.151.190 - - [19/Aug/2013:11:11:25 -0400] "HEAD / HTTP/1.1" 200 - "-" "checks.panopta.com"
66.249.74.134 - - [19/Aug/2013:11:11:32 -0400] "GET /about_us/contact_us HTTP/1.1" 200 6782 "-" "Mozilla/5.0 (compatible; Googlebot/2.1; +http://www.google.com/bot.html)"
5.63.151.190 - - [19/Aug/2013:10:10:43 -0400] "HEAD / HTTP/1.1" 503 - "-" "checks.panopta.com"
66.249.74.90 - - [19/Aug/2013:00:16:52 -0400] "GET /robots.txt HTTP/1.1" 200 6782 "-" "Mozilla/5.0 (compatible; Googlebot/2.1; +http://www.google.com/bot.html)"
198.105.219.59 - - [19/Aug/2013:00:40:02 -0400] "HEAD / HTTP/1.1" 200 - "-" "checks.panopta.com"
178.137.128.12 - - [19/Aug/2013:00:59:31 -0400] "GET / HTTP/1.1" 200 9018 "http://bidla.net/" "Opera/9.80 (Windows NT 6.0; U; en) Presto/2.7.62 Version/11.00"
100.43.83.144 - - [19/Aug/2013:12:39:49 -0400] "GET / HTTP/1.1" 503 323 "-" "Mozilla/5.0 (compatible; YandexBot/3.0; +http://yandex.com/bots)"
157.55.35.36 - - [19/Aug/2013:14:58:19 -0400] "GET /robots.txt HTTP/1.1" 200 6782 "-" "Mozilla/5.0 (compatible; bingbot/2.0; +http://www.bing.com/bingbot.htm)"
211.244.83.215 - - [19/Aug/2013:23:20:28 -0400] "GET / HTTP/1.1" 503 323 "http://search.daum.net/" "Mozilla/5.0 (compatible; MSIE or Firefox mutant; not on Windows server; + http://tab.search.daum.net/aboutWebSearch.html) Daumoa/3.0"
66.249.74.134 - - [19/Aug/2013:13:17:10 -0400] "GET /robots.txt HTTP/1.1" 200 6782 "-" "Mozilla/5.0 (compatible; Googlebot/2.1; +http://www.google.com/bot.html)"
66.249.74.134 - - [19/Aug/2013:02:39:31 -0400] "GET /about_us/consulting HTTP/1.1" 200 6782 "-" "Mozilla/5.0 (compatible; Googlebot/2.1; +http://www.google.com/bot.html)"
5.63.151.190 - - [19/Aug/2013:15:28:14 -0400] "HEAD / HTTP/1.1" 200 - "-" "checks.panopta.com"
38.223.231.252 - - [19/Aug/2013:16:52:29 -0400] "GET /css/dropdown/themes/nvidia.com/default.advanced.css HTTP/1.1" 200 1342 "http://www.warnerconsultinggroup.com/home.html" "Mozilla/4.0 (compatible; MSIE 8.0; Windows NT 6.1; WOW64; Trident/4.0; SLCC2; .NET CLR 2.0.50727; .NET CLR 3.5.30729; .NET CLR 3.0.30729; Media Center PC 6.0; InfoPath.3; MS-RTC LM 8; .NET4.0C; .NET4.0E)"
38.223.231.252 - - [19/Aug/2013:16:52:29 -0400] "GET /css/dropdown/themes/nvidia.com/default.css HTTP/1.1" 200 1866 "http://www.warnerconsultinggroup.com/home.html" "Mozilla/4.0 (compatible; MSIE 8.0; Windows NT 6.1; WOW64; Trident/4.0; SLCC2; .NET CLR 2.0.50727; .NET CLR 3.5.30729; .NET CLR 3.0.30729; Media Center PC 6.0; InfoPath.3; MS-RTC LM 8; .NET4.0C; .NET4.0E)"
202.46.54.60 - - [19/Aug/2013:18:57:22 -0400] "GET /consulting/css/index.php HTTP/1.1" 200 6782 "-" "Mozilla/5.0 (Windows; U; Windows NT 5.1; zh-CN; rv:1.9.1.2) Firefox/3.5.2"
173.199.115.131 - - [19/Aug/2013:03:22:00 -0400] "GET /www.magnoliahotels.com HTTP/1.1" 200 6782 "-" "Mozilla/5.0 (compatible; AhrefsBot/4.0; +http://ahrefs.com/robot/)"
5.63.151.190 - - [19/Aug/2013:14:27:50 -0400] "HEAD / HTTP/1.1" 200 - "-" "checks.panopta.com"
66.185.110.38 - - [19/Aug/2013:17:38:55 -0400] "GET //css/diQuery-collapsiblePanel.css HTTP/1.1" 200 506 "http://www.warnerconsultinggroup.com//contact_us" "Mozilla/4.0 (compatible; MSIE 8.0; Windows NT 6.1; WOW64; Trident/4.0; SLCC2; .NET CLR 2.0.50727; .NET CLR 3.5.30729; .NET CLR 3.0.30729; Media Center PC 6.0; .NET4.0C; .NET4.0E)"
66.185.110.38 - - [19/Aug/2013:17:38:55 -0400] "GET //css/dropdown/themes/nvidia.com/default.css HTTP/1.1" 200 1866 "http://www.warnerconsultinggroup.com//contact_us" "Mozilla/4.0 (compatible; MSIE 8.0; Windows NT 6.1; WOW64; Trident/4.0; SLCC2; .NET CLR 2.0.50727; .NET CLR 3.5.30729; .NET CLR 3.0.30729; Media Center PC 6.0; .NET4.0C; .NET4.0E)"
66.185.110.38 - - [19/Aug/2013:17:38:56 -0400] "GET //images/fb.png HTTP/1.1" 200 1264 "http://www.warnerconsultinggroup.com//contact_us" "Mozilla/4.0 (compatible; MSIE 8.0; Windows NT 6.1; WOW64; Trident/4.0; SLCC2; .NET CLR 2.0.50727; .NET CLR 3.5.30729; .NET CLR 3.0.30729; Media Center PC 6.0; .NET4.0C; .NET4.0E)"
66.185.110.38 - - [19/Aug/2013:17:38:56 -0400] "GET //images/logo.jpg HTTP/1.1" 200 6004 "http://www.warnerconsultinggroup.com//contact_us" "Mozilla/4.0 (compatible; MSIE 8.0; Windows NT 6.1; WOW64; Trident/4.0; SLCC2; .NET CLR 2.0.50727; .NET CLR 3.5.30729; .NET CLR 3.0.30729; Media Center PC 6.0; .NET4.0C; .NET4.0E)"
66.185.110.38 - - [19/Aug/2013:17:38:56 -0400] "GET /images/image3.jpg HTTP/1.1" 200 85417 "http://www.warnerconsultinggroup.com/piecemaker.swf" "Mozilla/4.0 (compatible; MSIE 8.0; Windows NT 6.1; WOW64; Trident/4.0; SLCC2; .NET CLR 2.0.50727; .NET CLR 3.5.30729; .NET CLR 3.0.30729; Media Center PC 6.0; .NET4.0C; .NET4.0E)"
70.62.160.86 - - [19/Aug/2013:09:46:34 -0400] "GET /aboutus/meettheteam.html HTTP/1.1" 200 6782 "http://warnerconsultinggroup.com/about_us" "Mozilla/5.0 (Windows NT 5.1) AppleWebKit/537.36 (KHTML, like Gecko) Chrome/28.0.1500.95 Safari/537.36"
70.62.160.86 - - [19/Aug/2013:09:46:35 -0400] "GET /aboutus/css/style.css HTTP/1.1" 200 6782 "http://www.warnerconsultinggroup.com/aboutus/meettheteam.html" "Mozilla/5.0 (Windows NT 5.1) AppleWebKit/537.36 (KHTML, like Gecko) Chrome/28.0.1500.95 Safari/537.36"
100.43.83.144 - - [19/Aug/2013:00:15:04 -0400] "GET /robots.txt HTTP/1.1" 200 6782 "-" "Mozilla/5.0 (compatible; YandexBot/3.0; +http://yandex.com/bots)"
91.207.9.226 - - [19/Aug/2013:00:56:26 -0400] "GET / HTTP/1.1" 200 9018 "http://www.socioforum.su/" "Mozilla/4.76 [en] (Windows NT 5.0; U)"
123.151.148.200 - - [19/Aug/2013:03:47:10 -0400] "GET / HTTP/1.1" 200 9018 "http://www.warnerconsultinggroup.com/" "Mozilla/5.0 (compatible; Sosospider/2.0; +http://help.soso.com/webspider.htm)"
66.249.74.134 - - [19/Aug/2013:03:45:51 -0400] "GET /robots.txt HTTP/1.1" 200 6782 "-" "Mozilla/5.0 (compatible; Googlebot/2.1; +http://www.google.com/bot.html)"
5.63.151.190 - - [19/Aug/2013:15:58:17 -0400] "HEAD / HTTP/1.1" 200 - "-" "checks.panopta.com"
38.223.231.252 - - [19/Aug/2013:16:51:02 -0400] "GET /images/nav-right.png HTTP/1.1" 200 1282 "http://warnerconsultinggroup.com/" "Mozilla/4.0 (compatible; MSIE 8.0; Windows NT 6.1; WOW64; Trident/4.0; SLCC2; .NET CLR 2.0.50727; .NET CLR 3.5.30729; .NET CLR 3.0.30729; Media Center PC 6.0; InfoPath.3; MS-RTC LM 8; .NET4.0C; .NET4.0E)"
5.63.151.190 - - [19/Aug/2013:17:14:00 -0400] "HEAD / HTTP/1.1" 200 - "-" "checks.panopta.com"
66.185.110.38 - - [19/Aug/2013:17:38:45 -0400] "GET /images/nav-right.png HTTP/1.1" 200 1282 "http://www.warnerconsultinggroup.com/" "Mozilla/4.0 (compatible; MSIE 8.0; Windows NT 6.1; WOW64; Trident/4.0; SLCC2; .NET CLR 2.0.50727; .NET CLR 3.5.30729; .NET CLR 3.0.30729; Media Center PC 6.0; .NET4.0C; .NET4.0E)"
66.185.110.38 - - [19/Aug/2013:17:38:45 -0400] "GET /images/image3.jpg HTTP/1.1" 200 85417 "http://www.warnerconsultinggroup.com/piecemaker.swf" "Mozilla/4.0 (compatible; MSIE 8.0; Windows NT 6.1; WOW64; Trident/4.0; SLCC2; .NET CLR 2.0.50727; .NET CLR 3.5.30729; .NET CLR 3.0.30729; Media Center PC 6.0; .NET4.0C; .NET4.0E)"
66.185.110.38 - - [19/Aug/2013:17:39:05 -0400] "GET //images/social-head.png HTTP/1.1" 200 2344 "http://www.warnerconsultinggroup.com//contact_us" "Mozilla/4.0 (compatible; MSIE 8.0; Windows NT 6.1; WOW64; Trident/4.0; SLCC2; .NET CLR 2.0.50727; .NET CLR 3.5.30729; .NET CLR 3.0.30729; Media Center PC 6.0; .NET4.0C; .NET4.0E)"
66.185.110.38 - - [19/Aug/2013:17:39:05 -0400] "GET /favicon.ico HTTP/1.1" 404 9018 "-" "Mozilla/4.0 (compatible; MSIE 8.0; Windows NT 6.1; WOW64; Trident/4.0; SLCC2; .NET CLR 2.0.50727; .NET CLR 3.5.30729; .NET CLR 3.0.30729; Media Center PC 6.0; .NET4.0C; .NET4.0E)"
92.249.127.111 - - [19/Aug/2013:12:25:12 -0400] "GET / HTTP/1.1" 200 9018 "http://www.bravica.im/ru/" "Mozilla/5.0 (compatible; news bot /2.1)"
100.43.83.144 - - [19/Aug/2013:12:39:22 -0400] "GET /robots.txt HTTP/1.1" 200 6782 "-" "Mozilla/5.0 (compatible; YandexBot/3.0; +http://yandex.com/bots)"
66.249.74.134 - - [19/Aug/2013:06:01:30 -0400] "GET /robots.txt HTTP/1.1" 200 6782 "-" "Mozilla/5.0 (compatible; Googlebot/2.1; +http://www.google.com/bot.html)"
5.63.151.190 - - [19/Aug/2013:18:59:43 -0400] "HEAD / HTTP/1.1" 200 - "-" "checks.panopta.com"
157.56.93.74 - - [19/Aug/2013:20:02:12 -0400] "GET /whywarnerconsulting/creating_efficiency HTTP/1.1" 200 6782 "-" "Mozilla/5.0 (compatible; bingbot/2.0; +http://www.bing.com/bingbot.htm)"
74.218.10.66 - - [19/Aug/2013:09:35:11 -0400] "GET /images/footer-sep.jpg HTTP/1.1" 200 1127 "http://warnerconsultinggroup.com/" "Mozilla/5.0 (Windows NT 6.1; WOW64; rv:22.0) Gecko/20100101 Firefox/22.0"
150.70.172.102 - - [19/Aug/2013:09:42:01 -0400] "GET /piecemaker.swf HTTP/1.0" 200 208139 "-" "Mozilla/4.0 (compatible; MSIE 6.0; Windows NT 5.1)"
5.63.151.190 - - [19/Aug/2013:02:52:40 -0400] "HEAD / HTTP/1.1" 200 - "-" "checks.panopta.com"
5.63.151.190 - - [19/Aug/2013:22:00:53 -0400] "HEAD / HTTP/1.1" 200 - "-" "checks.panopta.com"
5.63.151.190 - - [19/Aug/2013:04:08:21 -0400] "HEAD / HTTP/1.1" 200 - "-" "checks.panopta.com"
5.63.151.190 - - [19/Aug/2013:00:09:35 -0400] "HEAD / HTTP/1.1" 200 - "-" "checks.panopta.com"
5.63.151.190 - - [19/Aug/2013:01:31:05 -0400] "HEAD / HTTP/1.1" 200 - "-" "checks.panopta.com"
74.218.10.66 - - [19/Aug/2013:09:35:11 -0400] "GET /images/social-head.png HTTP/1.1" 200 2344 "http://warnerconsultinggroup.com/" "Mozilla/5.0 (Windows NT 6.1; WOW64; rv:22.0) Gecko/20100101 Firefox/22.0"
74.218.10.66 - - [19/Aug/2013:09:35:11 -0400] "GET /images/sep.jpg HTTP/1.1" 200 2186 "http://warnerconsultinggroup.com/css/style.css" "Mozilla/5.0 (Windows NT 6.1; WOW64; rv:22.0) Gecko/20100101 Firefox/22.0"
74.218.10.66 - - [19/Aug/2013:09:35:14 -0400] "GET /favicon.ico HTTP/1.1" 404 9018 "-" "Mozilla/5.0 (Windows NT 6.1; WOW64; rv:22.0) Gecko/20100101 Firefox/22.0"
66.249.74.134 - - [19/Aug/2013:11:08:15 -0400] "GET /about_us/contact_us HTTP/1.1" 200 6782 "-" "Mozilla/5.0 (compatible; Googlebot/2.1; +http://www.google.com/bot.html)"
100.43.83.144 - - [19/Aug/2013:12:39:26 -0400] "GET / HTTP/1.1" 200 9018 "-" "Mozilla/5.0 (compatible; YandexBot/3.0; +http://yandex.com/bots)"
100.43.83.144 - - [19/Aug/2013:13:09:48 -0400] "GET /pages/1/images/head-welcome.jpg HTTP/1.1" 200 6782 "-" "Mozilla/5.0 (compatible; YandexImages/3.0; +http://yandex.com/bots)"
66.249.74.134 - - [19/Aug/2013:13:11:59 -0400] "GET /robots.txt HTTP/1.1" 200 6782 "-" "Mozilla/5.0 (compatible; Googlebot/2.1; +http://www.google.com/bot.html)"
46.229.170.197 - - [19/Aug/2013:14:38:36 -0400] "GET / HTTP/1.1" 200 9018 "-" "Mozilla/5.0 (X11; U; Linux x86_64; en-US; rv:1.9.2a1pre) Gecko/20090428 Firefox/3.6a1pre"
5.63.151.190 - - [19/Aug/2013:14:57:56 -0400] "HEAD / HTTP/1.1" 200 - "-" "checks.panopta.com"
5.63.151.190 - - [19/Aug/2013:15:43:16 -0400] "HEAD / HTTP/1.1" 200 - "-" "checks.panopta.com"
5.63.151.190 - - [19/Aug/2013:16:43:38 -0400] "HEAD / HTTP/1.1" 200 - "-" "checks.panopta.com"
38.223.231.252 - - [19/Aug/2013:16:50:45 -0400] "GET /images/gallery/services-2.jpg HTTP/1.1" 200 13974 "http://warnerconsultinggroup.com/" "Mozilla/4.0 (compatible; MSIE 8.0; Windows NT 6.1; WOW64; Trident/4.0; SLCC2; .NET CLR 2.0.50727; .NET CLR 3.5.30729; .NET CLR 3.0.30729; Media Center PC 6.0; InfoPath.3; MS-RTC LM 8; .NET4.0C; .NET4.0E)"
38.223.231.252 - - [19/Aug/2013:16:50:46 -0400] "GET /piecemaker.swf HTTP/1.1" 200 208139 "http://www.warnerconsultinggroup.com/a.html" "Mozilla/4.0 (compatible; MSIE 8.0; Windows NT 6.1; WOW64; Trident/4.0; SLCC2; .NET CLR 2.0.50727; .NET CLR 3.5.30729; .NET CLR 3.0.30729; Media Center PC 6.0; InfoPath.3; MS-RTC LM 8; .NET4.0C; .NET4.0E)"
38.223.231.252 - - [19/Aug/2013:16:50:47 -0400] "GET /images/image1.jpg HTTP/1.1" 200 88539 "http://www.warnerconsultinggroup.com/piecemaker.swf" "Mozilla/4.0 (compatible; MSIE 8.0; Windows NT 6.1; WOW64; Trident/4.0; SLCC2; .NET CLR 2.0.50727; .NET CLR 3.5.30729; .NET CLR 3.0.30729; Media Center PC 6.0; InfoPath.3; MS-RTC LM 8; .NET4.0C; .NET4.0E)"
198.211.99.110 - - [19/Aug/2013:21:27:36 -0400] "GET /news HTTP/1.1" 200 17995 "-" "Mozilla/5.0 (Windows NT 6.1; WOW64; rv:21.0) Gecko/20100101 Firefox/21.0"
198.211.99.110 - - [19/Aug/2013:21:27:36 -0400] "GET /clients HTTP/1.1" 200 22072 "-" "Mozilla/5.0 (Windows NT 6.1; WOW64; rv:21.0) Gecko/20100101 Firefox/21.0"
100.43.83.144 - - [19/Aug/2013:12:39:25 -0400] "GET / HTTP/1.1" 200 9018 "-" "Mozilla/5.0 (compatible; YandexBot/3.0; +http://yandex.com/bots)"
184.173.238.168 - - [19/Aug/2013:08:03:26 -0400] "GET //clients HTTP/1.1" 200 22072 "-" "Mozilla/4.0 (compatible; MSIE 8.0; Windows NT 6.0 ; Claritybot)"
38.223.231.252 - - [19/Aug/2013:16:50:43 -0400] "GET / HTTP/1.1" 200 9018 "http://www.bing.com/search?q=warner+consulting+group&src=IE-SearchBox&FORM=IE8SRC" "Mozilla/4.0 (compatible; MSIE 8.0; Windows NT 6.1; WOW64; Trident/4.0; SLCC2; .NET CLR 2.0.50727; .NET CLR 3.5.30729; .NET CLR 3.0.30729; Media Center PC 6.0; InfoPath.3; MS-RTC LM 8; .NET4.0C; .NET4.0E)"
38.223.231.252 - - [19/Aug/2013:16:50:44 -0400] "GET /css/dropdown/dropdown.css HTTP/1.1" 200 1026 "http://warnerconsultinggroup.com/" "Mozilla/4.0 (compatible; MSIE 8.0; Windows NT 6.1; WOW64; Trident/4.0; SLCC2; .NET CLR 2.0.50727; .NET CLR 3.5.30729; .NET CLR 3.0.30729; Media Center PC 6.0; InfoPath.3; MS-RTC LM 8; .NET4.0C; .NET4.0E)"
38.223.231.252 - - [19/Aug/2013:16:50:45 -0400] "GET /images/footer-sep.jpg HTTP/1.1" 200 1127 "http://warnerconsultinggroup.com/" "Mozilla/4.0 (compatible; MSIE 8.0; Windows NT 6.1; WOW64; Trident/4.0; SLCC2; .NET CLR 2.0.50727; .NET CLR 3.5.30729; .NET CLR 3.0.30729; Media Center PC 6.0; InfoPath.3; MS-RTC LM 8; .NET4.0C; .NET4.0E)"
38.223.231.252 - - [19/Aug/2013:16:50:45 -0400] "GET /images/social-bg.png HTTP/1.1" 200 3056 "http://warnerconsultinggroup.com/" "Mozilla/4.0 (compatible; MSIE 8.0; Windows NT 6.1; WOW64; Trident/4.0; SLCC2; .NET CLR 2.0.50727; .NET CLR 3.5.30729; .NET CLR 3.0.30729; Media Center PC 6.0; InfoPath.3; MS-RTC LM 8; .NET4.0C; .NET4.0E)"
66.249.74.134 - - [19/Aug/2013:04:14:25 -0400] "GET /robots.txt HTTP/1.1" 200 6782 "-" "Mozilla/5.0 (compatible; Googlebot/2.1; +http://www.google.com/bot.html)"
46.119.118.152 - - [19/Aug/2013:08:51:20 -0400] "GET / HTTP/1.1" 200 9018 "http://remont-mobile-phones.ru/" "Mozilla/4.0 (compatible; MSIE 6.0; Windows NT 5.1; SV1; MRA 4.6 (build 01425); MRSPUTNIK 1, 5, 0, 19 SW)"
38.223.231.252 - - [19/Aug/2013:16:52:29 -0400] "GET /css/dropdown/dropdown.css HTTP/1.1" 200 1026 "http://www.warnerconsultinggroup.com/home.html" "Mozilla/4.0 (compatible; MSIE 8.0; Windows NT 6.1; WOW64; Trident/4.0; SLCC2; .NET CLR 2.0.50727; .NET CLR 3.5.30729; .NET CLR 3.0.30729; Media Center PC 6.0; InfoPath.3; MS-RTC LM 8; .NET4.0C; .NET4.0E)"
38.223.231.252 - - [19/Aug/2013:16:52:29 -0400] "GET /images/head-welcome.jpg HTTP/1.1" 200 15302 "http://www.warnerconsultinggroup.com/home.html" "Mozilla/4.0 (compatible; MSIE 8.0; Windows NT 6.1; WOW64; Trident/4.0; SLCC2; .NET CLR 2.0.50727; .NET CLR 3.5.30729; .NET CLR 3.0.30729; Media Center PC 6.0; InfoPath.3; MS-RTC LM 8; .NET4.0C; .NET4.0E)"
38.223.231.252 - - [19/Aug/2013:16:52:29 -0400] "GET /images/btn-readmore.jpg HTTP/1.1" 200 1587 "http://www.warnerconsultinggroup.com/home.html" "Mozilla/4.0 (compatible; MSIE 8.0; Windows NT 6.1; WOW64; Trident/4.0; SLCC2; .NET CLR 2.0.50727; .NET CLR 3.5.30729; .NET CLR 3.0.30729; Media Center PC 6.0; InfoPath.3; MS-RTC LM 8; .NET4.0C; .NET4.0E)"
66.249.74.134 - - [19/Aug/2013:17:03:28 -0400] "GET /robots.txt HTTP/1.1" 200 6782 "-" "Mozilla/5.0 (compatible; Googlebot/2.1; +http://www.google.com/bot.html)"
66.185.110.38 - - [19/Aug/2013:17:38:56 -0400] "GET //images/social-bg.png HTTP/1.1" 200 3056 "http://www.warnerconsultinggroup.com//contact_us" "Mozilla/4.0 (compatible; MSIE 8.0; Windows NT 6.1; WOW64; Trident/4.0; SLCC2; .NET CLR 2.0.50727; .NET CLR 3.5.30729; .NET CLR 3.0.30729; Media Center PC 6.0; .NET4.0C; .NET4.0E)"
66.185.110.38 - - [19/Aug/2013:17:38:56 -0400] "GET //images/footer-sep.jpg HTTP/1.1" 200 1127 "http://www.warnerconsultinggroup.com//contact_us" "Mozilla/4.0 (compatible; MSIE 8.0; Windows NT 6.1; WOW64; Trident/4.0; SLCC2; .NET CLR 2.0.50727; .NET CLR 3.5.30729; .NET CLR 3.0.30729; Media Center PC 6.0; .NET4.0C; .NET4.0E)"
66.185.110.38 - - [19/Aug/2013:17:38:56 -0400] "GET //images/inner-content-mid.png HTTP/1.1" 200 211 "http://www.warnerconsultinggroup.com//contact_us" "Mozilla/4.0 (compatible; MSIE 8.0; Windows NT 6.1; WOW64; Trident/4.0; SLCC2; .NET CLR 2.0.50727; .NET CLR 3.5.30729; .NET CLR 3.0.30729; Media Center PC 6.0; .NET4.0C; .NET4.0E)"
66.185.110.38 - - [19/Aug/2013:17:38:57 -0400] "GET //images/footer-bg.jpg HTTP/1.1" 200 1167 "http://www.warnerconsultinggroup.com//contact_us" "Mozilla/4.0 (compatible; MSIE 8.0; Windows NT 6.1; WOW64; Trident/4.0; SLCC2; .NET CLR 2.0.50727; .NET CLR 3.5.30729; .NET CLR 3.0.30729; Media Center PC 6.0; .NET4.0C; .NET4.0E)"
66.185.110.38 - - [19/Aug/2013:17:38:59 -0400] "GET //images/right-box-bot.png HTTP/1.1" 200 411 "http://www.warnerconsultinggroup.com//contact_us" "Mozilla/4.0 (compatible; MSIE 8.0; Windows NT 6.1; WOW64; Trident/4.0; SLCC2; .NET CLR 2.0.50727; .NET CLR 3.5.30729; .NET CLR 3.0.30729; Media Center PC 6.0; .NET4.0C; .NET4.0E)"
79.143.190.141 - - [19/Aug/2013:02:17:02 -0400] "HEAD / HTTP/1.1" 200 - "-" "checks.panopta.com"
70.62.160.86 - - [19/Aug/2013:09:46:35 -0400] "GET /aboutus/images/fb.png HTTP/1.1" 200 6782 "http://www.warnerconsultinggroup.com/aboutus/meettheteam.html" "Mozilla/5.0 (Windows NT 5.1) AppleWebKit/537.36 (KHTML, like Gecko) Chrome/28.0.1500.95 Safari/537.36"
173.224.125.209 - - [19/Aug/2013:09:51:14 -0400] "GET /robots.txt HTTP/1.1" 200 6782 "" "Mozilla/5.0 (Windows NT 6.1; WOW64; rv:18.0) Gecko/20100101 Firefox/18.0"
198.105.219.52 - - [19/Aug/2013:10:11:03 -0400] "HEAD / HTTP/1.1" 200 - "-" "checks.panopta.com"
5.63.151.190 - - [19/Aug/2013:10:56:10 -0400] "HEAD / HTTP/1.1" 200 - "-" "checks.panopta.com"
66.249.74.134 - - [19/Aug/2013:01:00:33 -0400] "GET /robots.txt HTTP/1.1" 200 6782 "-" "Mozilla/5.0 (compatible; Googlebot/2.1; +http://www.google.com/bot.html)"
128.204.195.249 - - [19/Aug/2013:02:22:40 -0400] "HEAD / HTTP/1.1" 200 - "-" "checks.panopta.com"
217.73.208.109 - - [19/Aug/2013:15:58:21 -0400] "GET /robots.txt HTTP/1.1" 200 6782 "-" "Mozilla/5.0 (compatible; IstellaBot/1.10.2 +http://www.tiscali.it/)"
38.223.231.252 - - [19/Aug/2013:16:50:45 -0400] "GET /images/gallery/services-1.jpg HTTP/1.1" 200 14545 "http://warnerconsultinggroup.com/" "Mozilla/4.0 (compatible; MSIE 8.0; Windows NT 6.1; WOW64; Trident/4.0; SLCC2; .NET CLR 2.0.50727; .NET CLR 3.5.30729; .NET CLR 3.0.30729; Media Center PC 6.0; InfoPath.3; MS-RTC LM 8; .NET4.0C; .NET4.0E)"
38.223.231.252 - - [19/Aug/2013:16:50:45 -0400] "GET /images/gallery/services-3.jpg HTTP/1.1" 200 16546 "http://warnerconsultinggroup.com/" "Mozilla/4.0 (compatible; MSIE 8.0; Windows NT 6.1; WOW64; Trident/4.0; SLCC2; .NET CLR 2.0.50727; .NET CLR 3.5.30729; .NET CLR 3.0.30729; Media Center PC 6.0; InfoPath.3; MS-RTC LM 8; .NET4.0C; .NET4.0E)"
38.223.231.252 - - [19/Aug/2013:16:50:47 -0400] "GET /piecemaker1.xml HTTP/1.1" 200 1730 "http://www.warnerconsultinggroup.com/piecemaker.swf" "Mozilla/4.0 (compatible; MSIE 8.0; Windows NT 6.1; WOW64; Trident/4.0; SLCC2; .NET CLR 2.0.50727; .NET CLR 3.5.30729; .NET CLR 3.0.30729; Media Center PC 6.0; InfoPath.3; MS-RTC LM 8; .NET4.0C; .NET4.0E)"
38.223.231.252 - - [19/Aug/2013:16:50:48 -0400] "GET /images/image2.jpg HTTP/1.1" 200 106569 "http://www.warnerconsultinggroup.com/piecemaker.swf" "Mozilla/4.0 (compatible; MSIE 8.0; Windows NT 6.1; WOW64; Trident/4.0; SLCC2; .NET CLR 2.0.50727; .NET CLR 3.5.30729; .NET CLR 3.0.30729; Media Center PC 6.0; InfoPath.3; MS-RTC LM 8; .NET4.0C; .NET4.0E)"
5.63.151.190 - - [19/Aug/2013:16:58:39 -0400] "HEAD / HTTP/1.1" 200 - "-" "checks.panopta.com"
157.56.93.74 - - [19/Aug/2013:18:57:08 -0400] "GET /robots.txt HTTP/1.1" 200 6782 "-" "Mozilla/5.0 (compatible; bingbot/2.0; +http://www.bing.com/bingbot.htm)"
157.56.93.96 - - [19/Aug/2013:03:06:01 -0400] "GET /images/Lodging_Magazine_Bandwidth_Article_11_2007.pdf HTTP/1.1" 200 6782 "-" "Mozilla/5.0 (compatible; bingbot/2.0; +http://www.bing.com/bingbot.htm)"
157.56.229.190 - - [19/Aug/2013:03:11:55 -0400] "GET /images/images/social-head.png HTTP/1.1" 200 6782 "-" "Mozilla/5.0 (compatible; bingbot/2.0; +http://www.bing.com/bingbot.htm)"
66.249.74.134 - - [19/Aug/2013:22:40:37 -0400] "GET /robots.txt HTTP/1.1" 200 6782 "-" "Mozilla/5.0 (compatible; Googlebot/2.1; +http://www.google.com/bot.html)"
74.218.10.66 - - [19/Aug/2013:09:35:11 -0400] "GET /images/twitr.png HTTP/1.1" 200 1543 "http://warnerconsultinggroup.com/" "Mozilla/5.0 (Windows NT 6.1; WOW64; rv:22.0) Gecko/20100101 Firefox/22.0"
74.218.10.66 - - [19/Aug/2013:09:35:11 -0400] "GET /images/footer-bg.jpg HTTP/1.1" 200 1167 "http://warnerconsultinggroup.com/css/style.css" "Mozilla/5.0 (Windows NT 6.1; WOW64; rv:22.0) Gecko/20100101 Firefox/22.0"
66.249.74.134 - - [19/Aug/2013:10:08:19 -0400] "GET /robots.txt HTTP/1.1" 200 6782 "-" "Mozilla/5.0 (compatible; Googlebot/2.1; +http://www.google.com/bot.html)"
5.63.151.190 - - [19/Aug/2013:10:41:07 -0400] "HEAD / HTTP/1.1" 200 - "-" "checks.panopta.com"
66.249.74.134 - - [19/Aug/2013:08:34:06 -0400] "GET /robots.txt HTTP/1.1" 200 6782 "-" "Mozilla/5.0 (compatible; Googlebot/2.1; +http://www.google.com/bot.html)"
46.119.118.152 - - [19/Aug/2013:08:51:21 -0400] "GET / HTTP/1.1" 200 9018 "http://remont-mobile-phones.ru/" "Mozilla/4.0 (compatible; MSIE 6.0; Windows NT 5.1; SV1; MRA 4.6 (build 01425); MRSPUTNIK 1, 5, 0, 19 SW)"
66.249.74.134 - - [19/Aug/2013:13:09:26 -0400] "GET /robots.txt HTTP/1.1" 200 6782 "-" "Mozilla/5.0 (compatible; Googlebot/2.1; +http://www.google.com/bot.html)"
5.63.151.190 - - [19/Aug/2013:14:42:53 -0400] "HEAD / HTTP/1.1" 200 - "-" "checks.panopta.com"
66.249.74.134 - - [19/Aug/2013:09:10:48 -0400] "GET /robots.txt HTTP/1.1" 200 6782 "-" "Mozilla/5.0 (compatible; Googlebot/2.1; +http://www.google.com/bot.html)"
74.218.10.66 - - [19/Aug/2013:09:35:11 -0400] "GET /css/dropdown/themes/nvidia.com/default.advanced.css HTTP/1.1" 200 1342 "http://warnerconsultinggroup.com/" "Mozilla/5.0 (Windows NT 6.1; WOW64; rv:22.0) Gecko/20100101 Firefox/22.0"
74.218.10.66 - - [19/Aug/2013:09:35:11 -0400] "GET /images/head-welcome.jpg HTTP/1.1" 200 15302 "http://warnerconsultinggroup.com/" "Mozilla/5.0 (Windows NT 6.1; WOW64; rv:22.0) Gecko/20100101 Firefox/22.0"
74.218.10.66 - - [19/Aug/2013:09:35:11 -0400] "GET /images/bg.jpg HTTP/1.1" 200 94591 "http://warnerconsultinggroup.com/css/style.css" "Mozilla/5.0 (Windows NT 6.1; WOW64; rv:22.0) Gecko/20100101 Firefox/22.0"
74.218.10.66 - - [19/Aug/2013:09:35:14 -0400] "GET /favicon.ico HTTP/1.1" 404 9018 "-" "Mozilla/5.0 (Windows NT 6.1; WOW64; rv:22.0) Gecko/20100101 Firefox/22.0"
123.151.148.200 - - [19/Aug/2013:09:36:46 -0400] "GET / HTTP/1.1" 200 9018 "http://www.warnerconsultinggroup.com/" "Mozilla/5.0 (compatible; Sosospider/2.0; +http://help.soso.com/webspider.htm)"
100.43.83.144 - - [19/Aug/2013:12:39:51 -0400] "GET / HTTP/1.1" 200 9018 "-" "Mozilla/5.0 (compatible; YandexBot/3.0; +http://yandex.com/bots)"
5.63.151.190 - - [19/Aug/2013:00:39:40 -0400] "HEAD / HTTP/1.1" 200 - "-" "checks.panopta.com"
5.63.151.190 - - [19/Aug/2013:02:22:38 -0400] "HEAD / HTTP/1.1" 200 - "-" "checks.panopta.com"
5.63.151.190 - - [19/Aug/2013:22:15:58 -0400] "HEAD / HTTP/1.1" 200 - "-" "checks.panopta.com"
38.223.231.252 - - [19/Aug/2013:16:52:29 -0400] "GET /images/social-head.png HTTP/1.1" 200 2344 "http://www.warnerconsultinggroup.com/home.html" "Mozilla/4.0 (compatible; MSIE 8.0; Windows NT 6.1; WOW64; Trident/4.0; SLCC2; .NET CLR 2.0.50727; .NET CLR 3.5.30729; .NET CLR 3.0.30729; Media Center PC 6.0; InfoPath.3; MS-RTC LM 8; .NET4.0C; .NET4.0E)"
38.223.231.252 - - [19/Aug/2013:16:52:29 -0400] "GET /images/footer-sep.jpg HTTP/1.1" 200 1127 "http://www.warnerconsultinggroup.com/home.html" "Mozilla/4.0 (compatible; MSIE 8.0; Windows NT 6.1; WOW64; Trident/4.0; SLCC2; .NET CLR 2.0.50727; .NET CLR 3.5.30729; .NET CLR 3.0.30729; Media Center PC 6.0; InfoPath.3; MS-RTC LM 8; .NET4.0C; .NET4.0E)"
38.223.231.252 - - [19/Aug/2013:16:52:29 -0400] "GET /images/sep.jpg HTTP/1.1" 200 2186 "http://www.warnerconsultinggroup.com/home.html" "Mozilla/4.0 (compatible; MSIE 8.0; Windows NT 6.1; WOW64; Trident/4.0; SLCC2; .NET CLR 2.0.50727; .NET CLR 3.5.30729; .NET CLR 3.0.30729; Media Center PC 6.0; InfoPath.3; MS-RTC LM 8; .NET4.0C; .NET4.0E)"
92.249.127.111 - - [19/Aug/2013:12:25:13 -0400] "GET / HTTP/1.1" 200 9018 "http://www.bravica.im/ru/" "Mozilla/5.0 (compatible; news bot /2.1)"
178.77.126.55 - - [19/Aug/2013:12:56:34 -0400] "GET / HTTP/1.1" 200 9018 "-" "Mozilla/5.0 (compatible; CareerBot/1.1; +http://www.career-x.de/bot.html)"
198.211.99.110 - - [19/Aug/2013:21:27:36 -0400] "GET /creating_efficiency HTTP/1.1" 200 11923 "-" "Mozilla/5.0 (Windows NT 6.1; WOW64; rv:21.0) Gecko/20100101 Firefox/21.0"
5.63.151.190 - - [19/Aug/2013:22:46:02 -0400] "HEAD / HTTP/1.1" 200 - "-" "checks.panopta.com"
5.63.151.190 - - [19/Aug/2013:23:46:31 -0400] "HEAD / HTTP/1.1" 200 - "-" "checks.panopta.com"
100.43.83.144 - - [19/Aug/2013:00:14:34 -0400] "GET /robots.txt HTTP/1.1" 200 6782 "-" "Mozilla/5.0 (compatible; YandexBot/3.0; +http://yandex.com/bots)"
128.204.195.249 - - [19/Aug/2013:00:40:00 -0400] "HEAD / HTTP/1.1" 200 - "-" "checks.panopta.com"
128.204.195.249 - - [19/Aug/2013:01:16:04 -0400] "HEAD / HTTP/1.1" 200 - "-" "checks.panopta.com"
173.224.125.209 - - [19/Aug/2013:09:51:15 -0400] "GET /a.html HTTP/1.1" 200 1082 "http://www.warnerconsultinggroup.com/robots.txt" "Mozilla/5.0 (Windows NT 6.1; WOW64; rv:18.0) Gecko/20100101 Firefox/18.0"
199.30.24.234 - - [19/Aug/2013:04:07:37 -0400] "GET /images/images/logo.jpg HTTP/1.1" 200 6782 "http://www.warnerconsultinggroup.com/images/Lodging_Magazine_Bandwidth_Article_11_2007.pdf" "Mozilla/5.0 (Windows NT 6.1; WOW64) AppleWebKit/534+ (KHTML, like Gecko) BingPreview/1.0b"
123.125.71.87 - - [19/Aug/2013:04:46:10 -0400] "GET /consulting/warner_services HTTP/1.1" 200 20229 "-" "Mozilla/5.0 (compatible; Baiduspider/2.0; +http://www.baidu.com/search/spider.html)"
5.63.151.190 - - [19/Aug/2013:05:38:50 -0400] "HEAD / HTTP/1.1" 200 - "-" "checks.panopta.com"
5.63.151.190 - - [19/Aug/2013:21:00:39 -0400] "HEAD / HTTP/1.1" 200 - "-" "checks.panopta.com"
198.211.99.110 - - [19/Aug/2013:21:27:36 -0400] "GET /consulting HTTP/1.1" 200 14034 "-" "Mozilla/5.0 (Windows NT 6.1; WOW64; rv:21.0) Gecko/20100101 Firefox/21.0"
66.249.74.134 - - [19/Aug/2013:21:46:42 -0400] "GET /robots.txt HTTP/1.1" 200 6782 "-" "Mozilla/5.0 (compatible; Googlebot/2.1; +http://www.google.com/bot.html)"
211.244.83.215 - - [19/Aug/2013:23:20:15 -0400] "GET /robots.txt HTTP/1.1" 200 6782 "http://search.daum.net/" "Mozilla/5.0 (compatible; MSIE or Firefox mutant; not on Windows server; + http://tab.search.daum.net/aboutWebSearch.html) Daumoa/3.0"
211.244.83.215 - - [19/Aug/2013:23:33:38 -0400] "GET / HTTP/1.1" 200 9018 "http://search.daum.net/" "Mozilla/5.0 (compatible; MSIE or Firefox mutant; not on Windows server; + http://tab.search.daum.net/aboutWebSearch.html) Daumoa/3.0"
66.249.74.134 - - [19/Aug/2013:07:55:04 -0400] "GET /aboutus/images/about_us HTTP/1.1" 200 6782 "-" "Mozilla/5.0 (compatible; Googlebot/2.1; +http://www.google.com/bot.html)"
5.63.151.190 - - [19/Aug/2013:08:25:16 -0400] "HEAD / HTTP/1.1" 200 - "-" "checks.panopta.com"
70.62.160.86 - - [19/Aug/2013:09:46:19 -0400] "GET //css/style.css HTTP/1.1" 200 7000 "http://warnerconsultinggroup.com/about_us" "Mozilla/5.0 (Windows NT 5.1) AppleWebKit/537.36 (KHTML, like Gecko) Chrome/28.0.1500.95 Safari/537.36"
70.62.160.86 - - [19/Aug/2013:09:46:19 -0400] "GET //css/dropdown/dropdown.css HTTP/1.1" 200 1026 "http://warnerconsultinggroup.com/about_us" "Mozilla/5.0 (Windows NT 5.1) AppleWebKit/537.36 (KHTML, like Gecko) Chrome/28.0.1500.95 Safari/537.36"
70.62.160.86 - - [19/Aug/2013:09:46:19 -0400] "GET //css/dropdown/themes/nvidia.com/default.css HTTP/1.1" 200 1866 "http://warnerconsultinggroup.com/about_us" "Mozilla/5.0 (Windows NT 5.1) AppleWebKit/537.36 (KHTML, like Gecko) Chrome/28.0.1500.95 Safari/537.36"
70.62.160.86 - - [19/Aug/2013:09:46:19 -0400] "GET //images/social-head.png HTTP/1.1" 200 2344 "http://warnerconsultinggroup.com/about_us" "Mozilla/5.0 (Windows NT 5.1) AppleWebKit/537.36 (KHTML, like Gecko) Chrome/28.0.1500.95 Safari/537.36"
70.62.160.86 - - [19/Aug/2013:09:46:19 -0400] "GET //images/fb.png HTTP/1.1" 200 1264 "http://warnerconsultinggroup.com/about_us" "Mozilla/5.0 (Windows NT 5.1) AppleWebKit/537.36 (KHTML, like Gecko) Chrome/28.0.1500.95 Safari/537.36"
70.62.160.86 - - [19/Aug/2013:09:46:19 -0400] "GET //images/bg.jpg HTTP/1.1" 200 94591 "http://warnerconsultinggroup.com/about_us" "Mozilla/5.0 (Windows NT 5.1) AppleWebKit/537.36 (KHTML, like Gecko) Chrome/28.0.1500.95 Safari/537.36"
70.62.160.86 - - [19/Aug/2013:09:46:19 -0400] "GET //images/right-box-top.png HTTP/1.1" 200 617 "http://warnerconsultinggroup.com/about_us" "Mozilla/5.0 (Windows NT 5.1) AppleWebKit/537.36 (KHTML, like Gecko) Chrome/28.0.1500.95 Safari/537.36"
70.62.160.86 - - [19/Aug/2013:09:46:19 -0400] "GET //images/inner-content-bot.png HTTP/1.1" 200 1411 "http://warnerconsultinggroup.com/about_us" "Mozilla/5.0 (Windows NT 5.1) AppleWebKit/537.36 (KHTML, like Gecko) Chrome/28.0.1500.95 Safari/537.36"
180.76.5.50 - - [19/Aug/2013:10:19:10 -0400] "GET /news/css/css/dropdown/clients HTTP/1.1" 200 6782 "-" "Mozilla/5.0 (compatible; Baiduspider/2.0; +http://www.baidu.com/search/spider.html)"
100.43.83.144 - - [19/Aug/2013:13:09:32 -0400] "GET /pages/1/images/head-welcome.jpg HTTP/1.1" 200 6782 "-" "Mozilla/5.0 (compatible; YandexImages/3.0; +http://yandex.com/bots)"
5.63.151.190 - - [19/Aug/2013:20:15:29 -0400] "HEAD / HTTP/1.1" 200 - "-" "checks.panopta.com"
5.63.151.190 - - [19/Aug/2013:20:15:30 -0400] "GET / HTTP/1.1" 200 9018 "-" "checks.panopta.com"
66.249.74.134 - - [19/Aug/2013:06:40:28 -0400] "GET /robots.txt HTTP/1.1" 200 6782 "-" "Mozilla/5.0 (compatible; Googlebot/2.1; +http://www.google.com/bot.html)"
46.119.118.152 - - [19/Aug/2013:08:51:19 -0400] "GET / HTTP/1.1" 200 9018 "http://www.bravica.ch/ru/" "Mozilla/4.0 (compatible; MSIE 6.0; Windows NT 5.1; SV1; MRA 4.6 (build 01425); MRSPUTNIK 1, 5, 0, 19 SW)"
5.63.151.190 - - [19/Aug/2013:03:53:06 -0400] "HEAD / HTTP/1.1" 200 - "-" "checks.panopta.com"
217.73.208.109 - - [19/Aug/2013:15:58:27 -0400] "GET / HTTP/1.1" 200 9018 "-" "Mozilla/5.0 (compatible; IstellaBot/1.10.2 +http://www.tiscali.it/)"
66.185.110.38 - - [19/Aug/2013:17:38:29 -0400] "GET /about_us HTTP/1.1" 200 14197 "http://www.google.com/url?sa=t&rct=j&q=&esrc=s&frm=1&source=web&cd=2&ved=0CDQQjBAwAQ&url=http%3A%2F%2Fwww.warnerconsultinggroup.com%2Fabout_us&ei=UJASUo2HJIS0yAHfiYEw&usg=AFQjCNFjnX4tsTuIzVthh_hJmUWDK3GlQA&bvm=bv.50768961,d.aWc" "Mozilla/4.0 (compatible; MSIE 8.0; Windows NT 6.1; WOW64; Trident/4.0; SLCC2; .NET CLR 2.0.50727; .NET CLR 3.5.30729; .NET CLR 3.0.30729; Media Center PC 6.0; .NET4.0C; .NET4.0E)"
199.30.20.17 - - [19/Aug/2013:07:19:35 -0400] "GET /robots.txt HTTP/1.1" 200 6782 "-" "msnbot-media/1.1 (+http://search.msn.com/msnbot.htm)"
220.181.108.100 - - [19/Aug/2013:07:45:54 -0400] "GET /a.html HTTP/1.1" 200 1082 "http://www.warnerconsultinggroup.com/consulting" "Mozilla/5.0 (X11; U; Linux x86_64; en-US; rv:1.9) Gecko Minefield/3.0"
74.218.10.66 - - [19/Aug/2013:09:35:10 -0400] "GET /a.html HTTP/1.1" 200 1082 "http://warnerconsultinggroup.com/" "Mozilla/5.0 (Windows NT 6.1; WOW64; rv:22.0) Gecko/20100101 Firefox/22.0"
74.218.10.66 - - [19/Aug/2013:09:35:10 -0400] "GET /Scripts/swfobject/swfobject.js HTTP/1.1" 200 9759 "http://www.warnerconsultinggroup.com/a.html" "Mozilla/5.0 (Windows NT 6.1; WOW64; rv:22.0) Gecko/20100101 Firefox/22.0"
74.218.10.66 - - [19/Aug/2013:09:35:11 -0400] "GET /images/gallery/services-1.jpg HTTP/1.1" 200 14545 "http://warnerconsultinggroup.com/" "Mozilla/5.0 (Windows NT 6.1; WOW64; rv:22.0) Gecko/20100101 Firefox/22.0"
150.70.172.108 - - [19/Aug/2013:09:38:06 -0400] "GET /Scripts/swfobject/swfobject.js HTTP/1.0" 200 9759 "-" "Mozilla/4.0 (compatible; MSIE 6.0; Windows NT 5.1)"
70.62.160.86 - - [19/Aug/2013:09:45:24 -0400] "GET /images/gallery/services-3.jpg HTTP/1.1" 200 16546 "http://warnerconsultinggroup.com/" "Mozilla/5.0 (Windows NT 5.1) AppleWebKit/537.36 (KHTML, like Gecko) Chrome/28.0.1500.95 Safari/537.36"
70.62.160.86 - - [19/Aug/2013:09:46:17 -0400] "GET /about_us HTTP/1.1" 200 14197 "http://warnerconsultinggroup.com/" "Mozilla/5.0 (Windows NT 5.1) AppleWebKit/537.36 (KHTML, like Gecko) Chrome/28.0.1500.95 Safari/537.36"
70.62.160.86 - - [19/Aug/2013:09:46:19 -0400] "GET //css/diQuery-collapsiblePanel.css HTTP/1.1" 200 506 "http://warnerconsultinggroup.com/about_us" "Mozilla/5.0 (Windows NT 5.1) AppleWebKit/537.36 (KHTML, like Gecko) Chrome/28.0.1500.95 Safari/537.36"
70.62.160.86 - - [19/Aug/2013:09:46:19 -0400] "GET //images/footer-sep.jpg HTTP/1.1" 200 1127 "http://warnerconsultinggroup.com/about_us" "Mozilla/5.0 (Windows NT 5.1) AppleWebKit/537.36 (KHTML, like Gecko) Chrome/28.0.1500.95 Safari/537.36"
70.62.160.86 - - [19/Aug/2013:09:46:19 -0400] "GET //images/inner-content-top.png HTTP/1.1" 200 1386 "http://warnerconsultinggroup.com/about_us" "Mozilla/5.0 (Windows NT 5.1) AppleWebKit/537.36 (KHTML, like Gecko) Chrome/28.0.1500.95 Safari/537.36"
70.62.160.86 - - [19/Aug/2013:09:46:19 -0400] "GET //images/bullet2.png HTTP/1.1" 200 451 "http://warnerconsultinggroup.com/about_us" "Mozilla/5.0 (Windows NT 5.1) AppleWebKit/537.36 (KHTML, like Gecko) Chrome/28.0.1500.95 Safari/537.36"
70.62.160.86 - - [19/Aug/2013:09:46:19 -0400] "GET /favicon.ico HTTP/1.1" 404 9018 "-" "Mozilla/5.0 (Windows NT 5.1) AppleWebKit/537.36 (KHTML, like Gecko) Chrome/28.0.1500.95 Safari/537.36"
123.125.71.35 - - [19/Aug/2013:01:45:30 -0400] "GET /css/dropdown/themes/nvidia.com/ HTTP/1.1" 403 660 "-" "Mozilla/5.0 (compatible; Baiduspider/2.0; +http://www.baidu.com/search/spider.html)"
199.30.16.20 - - [19/Aug/2013:21:54:02 -0400] "GET /robots.txt HTTP/1.1" 200 6782 "-" "msnbot-media/1.1 (+http://search.msn.com/msnbot.htm)"
123.151.148.200 - - [19/Aug/2013:23:15:28 -0400] "GET / HTTP/1.1" 200 9018 "http://www.warnerconsultinggroup.com/" "Mozilla/5.0 (compatible; Sosospider/2.0; +http://help.soso.com/webspider.htm)"
209.190.1.133 - - [19/Aug/2013:16:31:20 -0400] "GET / HTTP/1.1" 503 323 "-" "Mozilla/5.0 (compatible; MSIE 8.0; Windows NT 5.1) KomodiaBot/1.0"
38.223.231.252 - - [19/Aug/2013:16:50:48 -0400] "GET /images/logo.jpg HTTP/1.1" 200 6004 "http://warnerconsultinggroup.com/" "Mozilla/4.0 (compatible; MSIE 8.0; Windows NT 6.1; WOW64; Trident/4.0; SLCC2; .NET CLR 2.0.50727; .NET CLR 3.5.30729; .NET CLR 3.0.30729; Media Center PC 6.0; InfoPath.3; MS-RTC LM 8; .NET4.0C; .NET4.0E)"
38.223.231.252 - - [19/Aug/2013:16:51:09 -0400] "GET //contact_us HTTP/1.1" 503 823 "http://warnerconsultinggroup.com/" "Mozilla/4.0 (compatible; MSIE 8.0; Windows NT 6.1; WOW64; Trident/4.0; SLCC2; .NET CLR 2.0.50727; .NET CLR 3.5.30729; .NET CLR 3.0.30729; Media Center PC 6.0; InfoPath.3; MS-RTC LM 8; .NET4.0C; .NET4.0E)"
5.63.151.190 - - [19/Aug/2013:20:00:02 -0400] "HEAD / HTTP/1.1" 503 - "-" "checks.panopta.com"
70.62.160.86 - - [19/Aug/2013:09:45:24 -0400] "GET /images/social-head.png HTTP/1.1" 200 2344 "http://warnerconsultinggroup.com/" "Mozilla/5.0 (Windows NT 5.1) AppleWebKit/537.36 (KHTML, like Gecko) Chrome/28.0.1500.95 Safari/537.36"
70.62.160.86 - - [19/Aug/2013:09:45:24 -0400] "GET /images/btn-readmore.jpg HTTP/1.1" 200 1587 "http://warnerconsultinggroup.com/" "Mozilla/5.0 (Windows NT 5.1) AppleWebKit/537.36 (KHTML, like Gecko) Chrome/28.0.1500.95 Safari/537.36"
92.249.127.111 - - [19/Aug/2013:12:25:11 -0400] "GET / HTTP/1.1" 200 9018 "http://www.bravica.im/ru/" "Mozilla/5.0 (compatible; news bot /2.1)"
208.115.111.75 - - [19/Aug/2013:13:41:43 -0400] "GET /robots.txt HTTP/1.1" 200 6782 "-" "Mozilla/5.0 (compatible; Ezooms/1.0; ezooms.bot@gmail.com)"
100.43.83.144 - - [19/Aug/2013:00:14:17 -0400] "GET /robots.txt HTTP/1.1" 200 6782 "-" "Mozilla/5.0 (compatible; YandexBot/3.0; +http://yandex.com/bots)"
70.62.160.86 - - [19/Aug/2013:09:46:35 -0400] "GET /aboutus/css/dropdown/themes/nvidia.com/default.advanced.css HTTP/1.1" 200 6782 "http://www.warnerconsultinggroup.com/aboutus/meettheteam.html" "Mozilla/5.0 (Windows NT 5.1) AppleWebKit/537.36 (KHTML, like Gecko) Chrome/28.0.1500.95 Safari/537.36"
70.62.160.86 - - [19/Aug/2013:09:46:37 -0400] "GET /aboutus/images/head-welcome.jpg HTTP/1.1" 200 6782 "http://www.warnerconsultinggroup.com/aboutus/meettheteam.html" "Mozilla/5.0 (Windows NT 5.1) AppleWebKit/537.36 (KHTML, like Gecko) Chrome/28.0.1500.95 Safari/537.36"
38.223.231.252 - - [19/Aug/2013:16:52:29 -0400] "GET /css/style.css HTTP/1.1" 200 7000 "http://www.warnerconsultinggroup.com/home.html" "Mozilla/4.0 (compatible; MSIE 8.0; Windows NT 6.1; WOW64; Trident/4.0; SLCC2; .NET CLR 2.0.50727; .NET CLR 3.5.30729; .NET CLR 3.0.30729; Media Center PC 6.0; InfoPath.3; MS-RTC LM 8; .NET4.0C; .NET4.0E)"
38.223.231.252 - - [19/Aug/2013:16:52:29 -0400] "GET /images/footer-bg.jpg HTTP/1.1" 200 1167 "http://www.warnerconsultinggroup.com/home.html" "Mozilla/4.0 (compatible; MSIE 8.0; Windows NT 6.1; WOW64; Trident/4.0; SLCC2; .NET CLR 2.0.50727; .NET CLR 3.5.30729; .NET CLR 3.0.30729; Media Center PC 6.0; InfoPath.3; MS-RTC LM 8; .NET4.0C; .NET4.0E)"
5.63.151.190 - - [19/Aug/2013:12:41:51 -0400] "HEAD / HTTP/1.1" 200 - "-" "checks.panopta.com"
5.63.151.190 - - [19/Aug/2013:13:12:21 -0400] "HEAD / HTTP/1.1" 200 - "-" "checks.panopta.com"
208.115.113.91 - - [19/Aug/2013:18:59:24 -0400] "GET /robots.txt HTTP/1.1" 200 6782 "-" "Mozilla/5.0 (compatible; Ezooms/1.0; ezooms.bot@gmail.com)"
66.249.74.134 - - [19/Aug/2013:07:51:37 -0400] "GET /aboutus/images/about_us HTTP/1.1" 200 6782 "-" "Mozilla/5.0 (compatible; Googlebot/2.1; +http://www.google.com/bot.html)"
5.63.151.190 - - [19/Aug/2013:00:55:01 -0400] "HEAD / HTTP/1.1" 200 - "-" "checks.panopta.com"
5.63.151.190 - - [19/Aug/2013:13:57:28 -0400] "HEAD / HTTP/1.1" 200 - "-" "checks.panopta.com"
157.55.35.36 - - [19/Aug/2013:15:00:07 -0400] "GET /about_us HTTP/1.1" 200 14197 "-" "Mozilla/5.0 (compatible; bingbot/2.0; +http://www.bing.com/bingbot.htm)"
66.185.110.38 - - [19/Aug/2013:17:38:37 -0400] "GET /images/social-head.png HTTP/1.1" 200 2344 "http://www.warnerconsultinggroup.com/" "Mozilla/4.0 (compatible; MSIE 8.0; Windows NT 6.1; WOW64; Trident/4.0; SLCC2; .NET CLR 2.0.50727; .NET CLR 3.5.30729; .NET CLR 3.0.30729; Media Center PC 6.0; .NET4.0C; .NET4.0E)"
66.185.110.38 - - [19/Aug/2013:17:38:37 -0400] "GET /images/gallery/services-2.jpg HTTP/1.1" 200 13974 "http://www.warnerconsultinggroup.com/" "Mozilla/4.0 (compatible; MSIE 8.0; Windows NT 6.1; WOW64; Trident/4.0; SLCC2; .NET CLR 2.0.50727; .NET CLR 3.5.30729; .NET CLR 3.0.30729; Media Center PC 6.0; .NET4.0C; .NET4.0E)"
66.185.110.38 - - [19/Aug/2013:17:38:37 -0400] "GET /images/footer-bg.jpg HTTP/1.1" 200 1167 "http://www.warnerconsultinggroup.com/" "Mozilla/4.0 (compatible; MSIE 8.0; Windows NT 6.1; WOW64; Trident/4.0; SLCC2; .NET CLR 2.0.50727; .NET CLR 3.5.30729; .NET CLR 3.0.30729; Media Center PC 6.0; .NET4.0C; .NET4.0E)"
66.185.110.38 - - [19/Aug/2013:17:38:37 -0400] "GET /Scripts/swfobject/swfobject.js HTTP/1.1" 200 9759 "http://www.warnerconsultinggroup.com/a.html" "Mozilla/4.0 (compatible; MSIE 8.0; Windows NT 6.1; WOW64; Trident/4.0; SLCC2; .NET CLR 2.0.50727; .NET CLR 3.5.30729; .NET CLR 3.0.30729; Media Center PC 6.0; .NET4.0C; .NET4.0E)"
66.249.74.134 - - [19/Aug/2013:21:25:36 -0400] "GET /robots.txt HTTP/1.1" 503 823 "-" "Mozilla/5.0 (compatible; Googlebot/2.1; +http://www.google.com/bot.html)"
211.244.83.215 - - [19/Aug/2013:23:34:02 -0400] "GET /a.html HTTP/1.1" 200 1082 "http://search.daum.net/" "Mozilla/5.0 (compatible; MSIE or Firefox mutant; not on Windows server; + http://tab.search.daum.net/aboutWebSearch.html) Daumoa/3.0"
211.244.83.215 - - [19/Aug/2013:23:33:52 -0400] "GET /robots.txt HTTP/1.1" 503 823 "http://search.daum.net/" "Mozilla/5.0 (compatible; MSIE or Firefox mutant; not on Windows server; + http://tab.search.daum.net/aboutWebSearch.html) Daumoa/3.0"
5.63.151.190 - - [19/Aug/2013:03:38:01 -0400] "HEAD / HTTP/1.1" 200 - "-" "checks.panopta.com"
84.95.88.100 - - [19/Aug/2013:20:19:59 -0400] "GET / HTTP/1.0" 200 9018 "-" "Mozilla/4.0 (PDA; SL-C750/1.0,Embedix/Qtopia/1.3.0) NetFront/3.0 Zaurus C750"
74.218.10.66 - - [19/Aug/2013:09:34:15 -0400] "GET / HTTP/1.1" 200 9018 "-" "Mozilla/5.0 (Windows NT 6.1; WOW64) AppleWebKit/537.36 (KHTML, like Gecko) Chrome/28.0.1500.95 Safari/537.36"
150.70.173.40 - - [19/Aug/2013:09:36:30 -0400] "GET /Scripts/swfobject/swfobject.js HTTP/1.1" 200 9759 "-" "Mozilla/4.0 (compatible; MSIE 8.0; Windows NT 5.1; Trident/4.0)"
70.62.160.86 - - [19/Aug/2013:09:46:19 -0400] "GET //css/dropdown/themes/nvidia.com/default.advanced.css HTTP/1.1" 200 1342 "http://warnerconsultinggroup.com/about_us" "Mozilla/5.0 (Windows NT 5.1) AppleWebKit/537.36 (KHTML, like Gecko) Chrome/28.0.1500.95 Safari/537.36"
70.62.160.86 - - [19/Aug/2013:09:46:19 -0400] "GET //images/twitr.png HTTP/1.1" 200 1543 "http://warnerconsultinggroup.com/about_us" "Mozilla/5.0 (Windows NT 5.1) AppleWebKit/537.36 (KHTML, like Gecko) Chrome/28.0.1500.95 Safari/537.36"
70.62.160.86 - - [19/Aug/2013:09:46:19 -0400] "GET //images/social-bg.png HTTP/1.1" 200 3056 "http://warnerconsultinggroup.com/about_us" "Mozilla/5.0 (Windows NT 5.1) AppleWebKit/537.36 (KHTML, like Gecko) Chrome/28.0.1500.95 Safari/537.36"
70.62.160.86 - - [19/Aug/2013:09:46:19 -0400] "GET //images/footer-bg.jpg HTTP/1.1" 200 1167 "http://warnerconsultinggroup.com/about_us" "Mozilla/5.0 (Windows NT 5.1) AppleWebKit/537.36 (KHTML, like Gecko) Chrome/28.0.1500.95 Safari/537.36"
5.63.151.190 - - [19/Aug/2013:11:26:28 -0400] "HEAD / HTTP/1.1" 200 - "-" "checks.panopta.com"
66.249.74.134 - - [19/Aug/2013:23:53:22 -0400] "GET /robots.txt HTTP/1.1" 200 6782 "-" "Mozilla/5.0 (compatible; Googlebot/2.1; +http://www.google.com/bot.html)"
92.249.127.111 - - [19/Aug/2013:03:54:46 -0400] "GET / HTTP/1.1" 200 9018 "http://kredit.mybb.ru/" "Mozilla/5.0 (compatible; news bot /2.1)"
5.63.151.190 - - [19/Aug/2013:06:24:19 -0400] "HEAD / HTTP/1.1" 200 - "-" "checks.panopta.com"
66.185.110.38 - - [19/Aug/2013:17:38:37 -0400] "GET /images/logo.jpg HTTP/1.1" 200 6004 "http://www.warnerconsultinggroup.com/" "Mozilla/4.0 (compatible; MSIE 8.0; Windows NT 6.1; WOW64; Trident/4.0; SLCC2; .NET CLR 2.0.50727; .NET CLR 3.5.30729; .NET CLR 3.0.30729; Media Center PC 6.0; .NET4.0C; .NET4.0E)"
66.185.110.38 - - [19/Aug/2013:17:38:39 -0400] "GET /images/bg.jpg HTTP/1.1" 200 94591 "http://www.warnerconsultinggroup.com/" "Mozilla/4.0 (compatible; MSIE 8.0; Windows NT 6.1; WOW64; Trident/4.0; SLCC2; .NET CLR 2.0.50727; .NET CLR 3.5.30729; .NET CLR 3.0.30729; Media Center PC 6.0; .NET4.0C; .NET4.0E)"
66.185.110.38 - - [19/Aug/2013:17:38:41 -0400] "GET /favicon.ico HTTP/1.1" 404 9018 "-" "Mozilla/4.0 (compatible; MSIE 8.0; Windows NT 6.1; WOW64; Trident/4.0; SLCC2; .NET CLR 2.0.50727; .NET CLR 3.5.30729; .NET CLR 3.0.30729; Media Center PC 6.0; .NET4.0C; .NET4.0E)"
66.185.110.38 - - [19/Aug/2013:17:38:56 -0400] "GET //images/bg.jpg HTTP/1.1" 200 94591 "http://www.warnerconsultinggroup.com//contact_us" "Mozilla/4.0 (compatible; MSIE 8.0; Windows NT 6.1; WOW64; Trident/4.0; SLCC2; .NET CLR 2.0.50727; .NET CLR 3.5.30729; .NET CLR 3.0.30729; Media Center PC 6.0; .NET4.0C; .NET4.0E)"
66.185.110.38 - - [19/Aug/2013:17:38:58 -0400] "GET //images/inner-content-bot.png HTTP/1.1" 200 1411 "http://www.warnerconsultinggroup.com//contact_us" "Mozilla/4.0 (compatible; MSIE 8.0; Windows NT 6.1; WOW64; Trident/4.0; SLCC2; .NET CLR 2.0.50727; .NET CLR 3.5.30729; .NET CLR 3.0.30729; Media Center PC 6.0; .NET4.0C; .NET4.0E)"
66.185.110.38 - - [19/Aug/2013:17:38:58 -0400] "GET //images/nav-right.png HTTP/1.1" 200 1282 "http://www.warnerconsultinggroup.com//contact_us" "Mozilla/4.0 (compatible; MSIE 8.0; Windows NT 6.1; WOW64; Trident/4.0; SLCC2; .NET CLR 2.0.50727; .NET CLR 3.5.30729; .NET CLR 3.0.30729; Media Center PC 6.0; .NET4.0C; .NET4.0E)"
5.63.151.190 - - [19/Aug/2013:20:45:37 -0400] "HEAD / HTTP/1.1" 200 - "-" "checks.panopta.com"
100.43.83.144 - - [19/Aug/2013:00:16:25 -0400] "GET /pages/1/images/fb.png HTTP/1.1" 200 6782 "-" "Mozilla/5.0 (compatible; YandexImages/3.0; +http://yandex.com/bots)"
70.62.160.86 - - [19/Aug/2013:09:46:48 -0400] "GET //images/theteam/5-Jan.jpg HTTP/1.1" 200 2858 "http://www.warnerconsultinggroup.com//about_us/meet_the_team" "Mozilla/5.0 (Windows NT 5.1) AppleWebKit/537.36 (KHTML, like Gecko) Chrome/28.0.1500.95 Safari/537.36"
70.62.160.86 - - [19/Aug/2013:09:46:48 -0400] "GET //images/theteam/4-Angela.jpg HTTP/1.1" 200 2627 "http://www.warnerconsultinggroup.com//about_us/meet_the_team" "Mozilla/5.0 (Windows NT 5.1) AppleWebKit/537.36 (KHTML, like Gecko) Chrome/28.0.1500.95 Safari/537.36"
66.249.74.134 - - [19/Aug/2013:14:00:44 -0400] "GET /robots.txt HTTP/1.1" 200 6782 "-" "Mozilla/5.0 (compatible; Googlebot/2.1; +http://www.google.com/bot.html)"
5.63.151.190 - - [19/Aug/2013:14:57:57 -0400] "GET / HTTP/1.1" 200 9018 "-" "checks.panopta.com"
157.56.229.190 - - [19/Aug/2013:04:01:00 -0400] "GET /clients HTTP/1.1" 200 22072 "-" "Mozilla/5.0 (compatible; bingbot/2.0; +http://www.bing.com/bingbot.htm)"
198.211.99.110 - - [19/Aug/2013:21:27:36 -0400] "GET /index.php HTTP/1.1" 200 9018 "-" "Mozilla/5.0 (Windows NT 6.1; WOW64; rv:21.0) Gecko/20100101 Firefox/21.0"
5.63.151.190 - - [19/Aug/2013:16:28:36 -0400] "HEAD / HTTP/1.1" 200 - "-" "checks.panopta.com"
66.185.110.38 - - [19/Aug/2013:17:38:37 -0400] "GET /css/dropdown/dropdown.css HTTP/1.1" 200 1026 "http://www.warnerconsultinggroup.com/" "Mozilla/4.0 (compatible; MSIE 8.0; Windows NT 6.1; WOW64; Trident/4.0; SLCC2; .NET CLR 2.0.50727; .NET CLR 3.5.30729; .NET CLR 3.0.30729; Media Center PC 6.0; .NET4.0C; .NET4.0E)"
66.185.110.38 - - [19/Aug/2013:17:38:37 -0400] "GET /images/gallery/services-3.jpg HTTP/1.1" 200 16546 "http://www.warnerconsultinggroup.com/" "Mozilla/4.0 (compatible; MSIE 8.0; Windows NT 6.1; WOW64; Trident/4.0; SLCC2; .NET CLR 2.0.50727; .NET CLR 3.5.30729; .NET CLR 3.0.30729; Media Center PC 6.0; .NET4.0C; .NET4.0E)"
70.62.160.86 - - [19/Aug/2013:09:46:37 -0400] "GET /aboutus/images/footer-sep.jpg HTTP/1.1" 200 6782 "http://www.warnerconsultinggroup.com/aboutus/meettheteam.html" "Mozilla/5.0 (Windows NT 5.1) AppleWebKit/537.36 (KHTML, like Gecko) Chrome/28.0.1500.95 Safari/537.36"
70.62.160.86 - - [19/Aug/2013:09:46:38 -0400] "GET /favicon.ico HTTP/1.1" 404 9018 "-" "Mozilla/5.0 (Windows NT 5.1) AppleWebKit/537.36 (KHTML, like Gecko) Chrome/28.0.1500.95 Safari/537.36"
5.63.151.190 - - [19/Aug/2013:20:30:35 -0400] "HEAD / HTTP/1.1" 200 - "-" "checks.panopta.com"
220.181.108.122 - - [19/Aug/2013:07:45:54 -0400] "GET /Scripts/swfobject/swfobject.js HTTP/1.1" 200 9759 "http://www.warnerconsultinggroup.com/a.html" "Mozilla/5.0 (X11; U; Linux x86_64; en-US; rv:1.9) Gecko Minefield/3.0"
193.106.136.50 - - [19/Aug/2013:14:06:45 -0400] "GET / HTTP/1.1" 200 9018 "http://dagitalgaz.ru/" "Mozilla/4.0 (compatible; MSIE 6.0; MSIE 5.5; Windows NT 5.0) Opera 7.02 Bork-edition [en]"
178.137.128.12 - - [19/Aug/2013:03:26:24 -0400] "GET / HTTP/1.1" 200 9018 "http://el96.ru/" "Mozilla/4.0 (compatible; MSIE 6.0; Windows NT 5.2; WOW64; SV1; .NET CLR 2.0.50727)"
66.249.74.134 - - [19/Aug/2013:05:33:29 -0400] "GET /robots.txt HTTP/1.1" 200 6782 "-" "Mozilla/5.0 (compatible; Googlebot/2.1; +http://www.google.com/bot.html)"
220.181.108.79 - - [19/Aug/2013:07:45:52 -0400] "GET //js/jquery-1.3.2.min.js HTTP/1.1" 200 57254 "http://www.warnerconsultinggroup.com/consulting" "Mozilla/5.0 (X11; U; Linux x86_64; en-US; rv:1.9) Gecko Minefield/3.0"
38.223.231.252 - - [19/Aug/2013:16:50:45 -0400] "GET /a.html HTTP/1.1" 200 1082 "http://warnerconsultinggroup.com/" "Mozilla/4.0 (compatible; MSIE 8.0; Windows NT 6.1; WOW64; Trident/4.0; SLCC2; .NET CLR 2.0.50727; .NET CLR 3.5.30729; .NET CLR 3.0.30729; Media Center PC 6.0; InfoPath.3; MS-RTC LM 8; .NET4.0C; .NET4.0E)"
38.223.231.252 - - [19/Aug/2013:16:50:45 -0400] "GET /Scripts/swfobject/swfobject.js HTTP/1.1" 200 9759 "http://www.warnerconsultinggroup.com/a.html" "Mozilla/4.0 (compatible; MSIE 8.0; Windows NT 6.1; WOW64; Trident/4.0; SLCC2; .NET CLR 2.0.50727; .NET CLR 3.5.30729; .NET CLR 3.0.30729; Media Center PC 6.0; InfoPath.3; MS-RTC LM 8; .NET4.0C; .NET4.0E)"
38.223.231.252 - - [19/Aug/2013:16:50:47 -0400] "GET /piecemaker.css HTTP/1.1" 200 791 "http://www.warnerconsultinggroup.com/piecemaker.swf" "Mozilla/4.0 (compatible; MSIE 8.0; Windows NT 6.1; WOW64; Trident/4.0; SLCC2; .NET CLR 2.0.50727; .NET CLR 3.5.30729; .NET CLR 3.0.30729; Media Center PC 6.0; InfoPath.3; MS-RTC LM 8; .NET4.0C; .NET4.0E)"
38.223.231.252 - - [19/Aug/2013:16:50:49 -0400] "GET /images/image3.jpg HTTP/1.1" 200 85417 "http://www.warnerconsultinggroup.com/piecemaker.swf" "Mozilla/4.0 (compatible; MSIE 8.0; Windows NT 6.1; WOW64; Trident/4.0; SLCC2; .NET CLR 2.0.50727; .NET CLR 3.5.30729; .NET CLR 3.0.30729; Media Center PC 6.0; InfoPath.3; MS-RTC LM 8; .NET4.0C; .NET4.0E)"
38.223.231.252 - - [19/Aug/2013:16:52:28 -0400] "GET /home.html HTTP/1.1" 200 6782 "http://www.bing.com/search?q=warner+consulting+group&src=IE-SearchBox&FORM=IE8SRC" "Mozilla/4.0 (compatible; MSIE 8.0; Windows NT 6.1; WOW64; Trident/4.0; SLCC2; .NET CLR 2.0.50727; .NET CLR 3.5.30729; .NET CLR 3.0.30729; Media Center PC 6.0; InfoPath.3; MS-RTC LM 8; .NET4.0C; .NET4.0E)"
