0byt3m1n1
Path:
/
data
/
0
/
0
/
69
/
102
/
69265
/
meta
/
70501
/
logs
/
[
Home
]
File: x-access_log.2014-10-23
207.46.13.7 - - [23/Oct/2014:00:38:18 -0400] "GET /news/warner_services HTTP/1.1" 200 6782 "-" "Mozilla/5.0 (compatible; bingbot/2.0; +http://www.bing.com/bingbot.htm)"
123.125.71.23 - - [23/Oct/2014:01:26:18 -0400] "GET /images/head-welcome.jpg HTTP/1.1" 200 15302 "http://image.baidu.com/i?ct=503316480&z=0&tn=baiduimagedetail" "Baiduspider-image+(+http://www.baidu.com/search/spider.htm)"
180.76.6.233 - - [23/Oct/2014:01:58:42 -0400] "GET /downloads/consulting/css/css/dropdown/themes/nvidia.com/news HTTP/1.1" 200 6782 "-" "Mozilla/5.0 (compatible; Baiduspider/2.0; +http://www.baidu.com/search/spider.html)"
66.249.65.72 - - [23/Oct/2014:02:52:21 -0400] "GET /robots.txt HTTP/1.1" 200 6782 "-" "Mozilla/5.0 (compatible; Googlebot/2.1; +http://www.google.com/bot.html)"
66.249.65.72 - - [23/Oct/2014:02:52:22 -0400] "GET / HTTP/1.1" 200 8829 "-" "SAMSUNG-SGH-E250/1.0 Profile/MIDP-2.0 Configuration/CLDC-1.1 UP.Browser/6.2.3.3.c.1.101 (GUI) MMP/2.0 (compatible; Googlebot-Mobile/2.1; +http://www.google.com/bot.html)"
66.249.65.76 - - [23/Oct/2014:03:01:36 -0400] "GET /about_us HTTP/1.1" 200 14419 "-" "Mozilla/5.0 (compatible; Googlebot/2.1; +http://www.google.com/bot.html)"
66.249.65.76 - - [23/Oct/2014:03:05:24 -0400] "GET /about_us HTTP/1.1" 200 14419 "-" "Mozilla/5.0 (compatible; Googlebot/2.1; +http://www.google.com/bot.html)"
66.249.65.72 - - [23/Oct/2014:03:19:04 -0400] "GET /images/bullet2.png HTTP/1.1" 200 451 "-" "Googlebot-Image/1.0"
66.249.65.76 - - [23/Oct/2014:03:28:12 -0400] "GET /downloads/consulting/Marriott_Mt_Laurel_White_Paper.pdf HTTP/1.1" 304 - "-" "Mozilla/5.0 (compatible; Googlebot/2.1; +http://www.google.com/bot.html)"
66.249.65.72 - - [23/Oct/2014:04:10:55 -0400] "GET /robots.txt HTTP/1.1" 200 6782 "-" "Mozilla/5.0 (compatible; Googlebot/2.1; +http://www.google.com/bot.html)"
66.249.65.72 - - [23/Oct/2014:04:15:00 -0400] "GET /clients HTTP/1.1" 200 19930 "-" "Mozilla/5.0 (compatible; Googlebot/2.1; +http://www.google.com/bot.html)"
66.249.65.72 - - [23/Oct/2014:04:20:44 -0400] "GET /lighterside HTTP/1.1" 200 6782 "-" "Mozilla/5.0 (compatible; Googlebot/2.1; +http://www.google.com/bot.html)"
66.249.65.76 - - [23/Oct/2014:04:21:42 -0400] "GET /clients HTTP/1.1" 200 19930 "-" "Mozilla/5.0 (compatible; Googlebot/2.1; +http://www.google.com/bot.html)"
66.249.65.72 - - [23/Oct/2014:04:22:05 -0400] "GET /about_us HTTP/1.1" 200 14419 "-" "Mozilla/5.0 (iPhone; CPU iPhone OS 6_0 like Mac OS X) AppleWebKit/536.26 (KHTML, like Gecko) Version/6.0 Mobile/10A5376e Safari/8536.25 (compatible; Googlebot/2.1; +http://www.google.com/bot.html)"
66.249.65.76 - - [23/Oct/2014:04:29:24 -0400] "GET /about_us HTTP/1.1" 200 14419 "-" "Mozilla/5.0 (iPhone; CPU iPhone OS 6_0 like Mac OS X) AppleWebKit/536.26 (KHTML, like Gecko) Version/6.0 Mobile/10A5376e Safari/8536.25 (compatible; Googlebot/2.1; +http://www.google.com/bot.html)"
123.125.68.158 - - [23/Oct/2014:05:31:10 -0400] "GET /images/head-welcome.jpg HTTP/1.1" 200 15302 "-" "Mozilla/5.0 (Windows NT 5.1; rv:6.0.2) Gecko/20100101 Firefox/6.0.2"
54.191.165.69 - - [23/Oct/2014:05:46:05 -0400] "GET / HTTP/1.1" 200 8829 "-" "Mozilla/5.0 (Windows NT 6.3; WOW64) AppleWebKit/537.36 (KHTML, like Gecko) Chrome/36.0.1985.143 Safari/537.36"
54.191.165.69 - - [23/Oct/2014:05:46:06 -0400] "GET //contact_us HTTP/1.1" 200 15182 "-" "Mozilla/5.0 (Windows NT 6.3; WOW64) AppleWebKit/537.36 (KHTML, like Gecko) Chrome/36.0.1985.143 Safari/537.36"
178.255.215.88 - - [23/Oct/2014:08:23:07 -0400] "GET /robots.txt HTTP/1.1" 200 6782 "-" "Mozilla/5.0 (compatible; Exabot/3.0 (BiggerBetter); +http://www.exabot.com/go/robot)"
178.255.215.88 - - [23/Oct/2014:08:23:09 -0400] "GET /news/news HTTP/1.1" 200 15287 "-" "Mozilla/5.0 (compatible; Exabot/3.0 (BiggerBetter); +http://www.exabot.com/go/robot)"
123.125.68.143 - - [23/Oct/2014:08:47:27 -0400] "GET /lighterside HTTP/1.1" 200 6782 "-" "Mozilla/5.0 (Windows NT 5.1; rv:6.0.2) Gecko/20100101 Firefox/6.0.2"
183.60.212.188 - - [23/Oct/2014:09:20:37 -0400] "GET /pages/1/about_us HTTP/1.1" 200 6782 "-" "Mozilla/5.0 (compatible; EasouSpider; +http://www.easou.com/search/spider.html)"
180.76.6.138 - - [23/Oct/2014:10:08:16 -0400] "GET /downloads/consulting/css/css/dropdown/themes/nvidia.com/lighterside HTTP/1.1" 200 6782 "-" "Mozilla/5.0 (compatible; Baiduspider/2.0; +http://www.baidu.com/search/spider.html)"
208.115.111.75 - - [23/Oct/2014:13:48:50 -0400] "GET /robots.txt HTTP/1.1" 200 6782 "-" "Mozilla/5.0 (compatible; DotBot/1.1; http://www.opensiteexplorer.org/dotbot, help@moz.com)"
208.115.111.75 - - [23/Oct/2014:13:48:50 -0400] "GET /robots.txt HTTP/1.1" 200 6782 "-" "Mozilla/5.0 (compatible; DotBot/1.1; http://www.opensiteexplorer.org/dotbot, help@moz.com)"
208.115.111.75 - - [23/Oct/2014:15:24:37 -0400] "GET /pages/1/inspiring_innovation HTTP/1.1" 200 6782 "-" "Mozilla/5.0 (compatible; DotBot/1.1; http://www.opensiteexplorer.org/dotbot, help@moz.com)"
208.115.111.75 - - [23/Oct/2014:15:24:37 -0400] "GET /www.magnoliahotels.com HTTP/1.1" 200 6782 "-" "Mozilla/5.0 (compatible; DotBot/1.1; http://www.opensiteexplorer.org/dotbot, help@moz.com)"
208.115.111.75 - - [23/Oct/2014:15:24:40 -0400] "GET /pages/1/lighterside HTTP/1.1" 200 6782 "-" "Mozilla/5.0 (compatible; DotBot/1.1; http://www.opensiteexplorer.org/dotbot, help@moz.com)"
209.133.77.163 - - [23/Oct/2014:17:47:12 -0400] "GET / HTTP/1.1" 200 8829 "-" "Mozilla/5.0 (compatible; MSIE 9.0; Windows NT 6.1; WOW64; Trident/5.0)"
209.133.77.163 - - [23/Oct/2014:17:47:14 -0400] "GET /a.html HTTP/1.1" 200 1082 "-" "Mozilla/5.0 (compatible; MSIE 9.0; Windows NT 6.1; WOW64; Trident/5.0)"
209.133.77.167 - - [23/Oct/2014:17:53:40 -0400] "GET / HTTP/1.1" 200 8829 "-" "Mozilla/5.0 (compatible; MSIE 9.0; Windows NT 6.1; WOW64; Trident/5.0)"
209.133.77.167 - - [23/Oct/2014:17:53:42 -0400] "GET /a.html HTTP/1.1" 200 1082 "-" "Mozilla/5.0 (compatible; MSIE 9.0; Windows NT 6.1; WOW64; Trident/5.0)"
202.46.50.38 - - [23/Oct/2014:18:14:18 -0400] "GET /news HTTP/1.1" 200 19352 "-" "Mozilla/5.0 (Windows NT 6.1; WOW64; rv:22.0) Gecko/20100101 Firefox/22.0"
96.254.233.81 - - [23/Oct/2014:18:18:35 -0400] "HEAD / HTTP/1.1" 200 - "-" "Spiceworks/7.2.00223"
96.254.233.81 - - [23/Oct/2014:18:22:19 -0400] "HEAD / HTTP/1.1" 200 - "-" "Spiceworks/7.2.00223"
207.46.13.7 - - [23/Oct/2014:18:22:40 -0400] "GET /news/news_letter HTTP/1.1" 200 16013 "-" "Mozilla/5.0 (compatible; bingbot/2.0; +http://www.bing.com/bingbot.htm)"
66.249.65.80 - - [23/Oct/2014:21:51:09 -0400] "GET /robots.txt HTTP/1.1" 200 6782 "-" "Mozilla/5.0 (compatible; Googlebot/2.1; +http://www.google.com/bot.html)"
180.76.6.21 - - [23/Oct/2014:22:08:01 -0400] "GET /lighterside HTTP/1.1" 200 6782 "-" "Mozilla/5.0 (compatible; Baiduspider/2.0; +http://www.baidu.com/search/spider.html)"
66.249.65.76 - - [23/Oct/2014:22:38:48 -0400] "GET /robots.txt HTTP/1.1" 200 6782 "-" "Mozilla/5.0 (compatible; Googlebot/2.1; +http://www.google.com/bot.html)"
66.249.65.76 - - [23/Oct/2014:22:38:49 -0400] "GET /consulting HTTP/1.1" 200 14982 "-" "Mozilla/5.0 (compatible; Googlebot/2.1; +http://www.google.com/bot.html)"
66.249.65.80 - - [23/Oct/2014:23:43:22 -0400] "GET /warner_services HTTP/1.1" 200 21177 "-" "Mozilla/5.0 (iPhone; CPU iPhone OS 6_0 like Mac OS X) AppleWebKit/536.26 (KHTML, like Gecko) Version/6.0 Mobile/10A5376e Safari/8536.25 (compatible; Googlebot/2.1; +http://www.google.com/bot.html)"
66.249.65.80 - - [23/Oct/2014:23:46:36 -0400] "GET /warner_services HTTP/1.1" 200 21177 "-" "Mozilla/5.0 (iPhone; CPU iPhone OS 6_0 like Mac OS X) AppleWebKit/536.26 (KHTML, like Gecko) Version/6.0 Mobile/10A5376e Safari/8536.25 (compatible; Googlebot/2.1; +http://www.google.com/bot.html)"
66.249.65.80 - - [23/Oct/2014:23:47:11 -0400] "GET /creating_efficiency HTTP/1.1" 200 12871 "-" "DoCoMo/2.0 N905i(c100;TB;W24H16) (compatible; Googlebot-Mobile/2.1; +http://www.google.com/bot.html)"
66.249.65.76 - - [23/Oct/2014:23:49:57 -0400] "GET /warner_services HTTP/1.1" 200 21177 "-" "Mozilla/5.0 (iPhone; CPU iPhone OS 6_0 like Mac OS X) AppleWebKit/536.26 (KHTML, like Gecko) Version/6.0 Mobile/10A5376e Safari/8536.25 (compatible; Googlebot/2.1; +http://www.google.com/bot.html)"
66.249.65.80 - - [23/Oct/2014:23:50:22 -0400] "GET /creating_efficiency HTTP/1.1" 200 12871 "-" "DoCoMo/2.0 N905i(c100;TB;W24H16) (compatible; Googlebot-Mobile/2.1; +http://www.google.com/bot.html)"
66.249.65.80 - - [23/Oct/2014:23:54:40 -0400] "GET /lighterside HTTP/1.1" 200 6782 "-" "Mozilla/5.0 (compatible; Googlebot/2.1; +http://www.google.com/bot.html)"
207.46.13.122 - - [23/Oct/2014:03:34:49 -0400] "GET /robots.txt HTTP/1.1" 200 6782 "-" "Mozilla/5.0 (compatible; bingbot/2.0; +http://www.bing.com/bingbot.htm)"
66.249.65.108 - - [23/Oct/2014:05:25:53 -0400] "GET / HTTP/1.1" 200 8829 "-" "Mozilla/5.0 (iPhone; CPU iPhone OS 6_0 like Mac OS X) AppleWebKit/536.26 (KHTML, like Gecko) Version/6.0 Mobile/10A5376e Safari/8536.25 (compatible; Googlebot/2.1; +http://www.google.com/bot.html)"
207.46.13.122 - - [23/Oct/2014:05:27:59 -0400] "GET /robots.txt HTTP/1.1" 200 6782 "-" "Mozilla/5.0 (compatible; bingbot/2.0; +http://www.bing.com/bingbot.htm)"
207.46.13.7 - - [23/Oct/2014:05:38:21 -0400] "GET //images/logo.jpg HTTP/1.1" 200 6004 "-" "Mozilla/5.0 (compatible; bingbot/2.0; +http://www.bing.com/bingbot.htm)"
188.165.15.165 - - [23/Oct/2014:06:03:16 -0400] "GET //consulting/www.litchfieldbeach.com HTTP/1.1" 200 6782 "-" "Mozilla/5.0 (compatible; AhrefsBot/5.0; +http://ahrefs.com/robot/)"
207.46.13.122 - - [23/Oct/2014:06:31:58 -0400] "GET /Frame-6-aboutwcgpage6.html?refresh=1204212198909 HTTP/1.1" 200 6782 "-" "Mozilla/5.0 (compatible; bingbot/2.0; +http://www.bing.com/bingbot.htm)"
207.46.13.122 - - [23/Oct/2014:06:31:58 -0400] "GET //css/diQuery-collapsiblePanel.css HTTP/1.1" 200 506 "-" "Mozilla/5.0 (compatible; bingbot/2.0; +http://www.bing.com/bingbot.htm)"
207.46.13.122 - - [23/Oct/2014:06:31:58 -0400] "GET //css/dropdown/themes/nvidia.com/default.advanced.css HTTP/1.1" 200 1342 "-" "Mozilla/5.0 (compatible; bingbot/2.0; +http://www.bing.com/bingbot.htm)"
207.46.13.122 - - [23/Oct/2014:06:31:58 -0400] "GET //css/style.css HTTP/1.1" 200 7000 "-" "Mozilla/5.0 (compatible; bingbot/2.0; +http://www.bing.com/bingbot.htm)"
207.46.13.122 - - [23/Oct/2014:06:31:58 -0400] "GET //images/fb.png HTTP/1.1" 200 1264 "-" "Mozilla/5.0 (compatible; bingbot/2.0; +http://www.bing.com/bingbot.htm)"
66.249.65.80 - - [23/Oct/2014:06:59:20 -0400] "GET /robots.txt HTTP/1.1" 200 6782 "-" "Mozilla/5.0 (compatible; Googlebot/2.1; +http://www.google.com/bot.html)"
123.125.68.142 - - [23/Oct/2014:08:47:30 -0400] "GET /lighterside HTTP/1.1" 200 6782 "-" "Mozilla/5.0 (Windows NT 5.1; rv:6.0.2) Gecko/20100101 Firefox/6.0.2"
207.46.13.122 - - [23/Oct/2014:10:04:29 -0400] "GET / HTTP/1.1" 200 8829 "-" "Mozilla/5.0 (compatible; bingbot/2.0; +http://www.bing.com/bingbot.htm)"
66.249.65.72 - - [23/Oct/2014:11:41:20 -0400] "GET /robots.txt HTTP/1.1" 200 6782 "-" "Mozilla/5.0 (compatible; Googlebot/2.1; +http://www.google.com/bot.html)"
66.249.65.72 - - [23/Oct/2014:11:47:59 -0400] "GET /robots.txt HTTP/1.1" 200 6782 "-" "Mozilla/5.0 (compatible; Googlebot/2.1; +http://www.google.com/bot.html)"
123.125.71.69 - - [23/Oct/2014:12:27:50 -0400] "GET /consulting HTTP/1.1" 200 14982 "-" "Mozilla/5.0 (compatible; Baiduspider/2.0; +http://www.baidu.com/search/spider.html)"
207.46.13.7 - - [23/Oct/2014:13:11:27 -0400] "GET /contact_us HTTP/1.1" 200 15908 "-" "Mozilla/5.0 (compatible; bingbot/2.0; +http://www.bing.com/bingbot.htm)"
78.54.10.37 - - [23/Oct/2014:14:52:52 -0400] "GET //about_us/meet_the_team HTTP/1.1" 200 21814 "-" "Mozilla/5.0 (iPad; CPU OS 6_0_1 like Mac OS X) AppleWebKit/536.26 (KHTML, like Gecko) Version/6.0 Mobile/10A523 Safari/8536.25"
98.24.62.41 - - [23/Oct/2014:15:08:29 -0400] "HEAD / HTTP/1.1" 200 - "-" "Xenu Link Sleuth/1.3.8"
66.249.65.72 - - [23/Oct/2014:15:11:28 -0400] "GET /warner_services HTTP/1.1" 200 21177 "-" "Mozilla/5.0 (iPhone; CPU iPhone OS 6_0 like Mac OS X) AppleWebKit/536.26 (KHTML, like Gecko) Version/6.0 Mobile/10A5376e Safari/8536.25 (compatible; Googlebot/2.1; +http://www.google.com/bot.html)"
66.249.65.80 - - [23/Oct/2014:15:18:33 -0400] "GET /warner_services HTTP/1.1" 200 21177 "-" "Mozilla/5.0 (iPhone; CPU iPhone OS 6_0 like Mac OS X) AppleWebKit/536.26 (KHTML, like Gecko) Version/6.0 Mobile/10A5376e Safari/8536.25 (compatible; Googlebot/2.1; +http://www.google.com/bot.html)"
66.249.65.72 - - [23/Oct/2014:15:51:58 -0400] "GET /robots.txt HTTP/1.1" 200 6782 "-" "Mozilla/5.0 (compatible; Googlebot/2.1; +http://www.google.com/bot.html)"
66.249.65.72 - - [23/Oct/2014:15:51:59 -0400] "GET /a.html HTTP/1.1" 200 1082 "-" "DoCoMo/2.0 N905i(c100;TB;W24H16) (compatible; Googlebot-Mobile/2.1; +http://www.google.com/bot.html)"
66.249.65.72 - - [23/Oct/2014:16:16:21 -0400] "GET /creating_efficiency HTTP/1.1" 200 12871 "-" "DoCoMo/2.0 N905i(c100;TB;W24H16) (compatible; Googlebot-Mobile/2.1; +http://www.google.com/bot.html)"
66.249.65.72 - - [23/Oct/2014:16:19:44 -0400] "GET /creating_efficiency HTTP/1.1" 200 12871 "-" "DoCoMo/2.0 N905i(c100;TB;W24H16) (compatible; Googlebot-Mobile/2.1; +http://www.google.com/bot.html)"
66.249.65.72 - - [23/Oct/2014:16:23:45 -0400] "GET /creating_efficiency HTTP/1.1" 200 12871 "-" "DoCoMo/2.0 N905i(c100;TB;W24H16) (compatible; Googlebot-Mobile/2.1; +http://www.google.com/bot.html)"
66.249.65.80 - - [23/Oct/2014:16:28:32 -0400] "GET /consulting HTTP/1.1" 200 14982 "-" "DoCoMo/2.0 N905i(c100;TB;W24H16) (compatible; Googlebot-Mobile/2.1; +http://www.google.com/bot.html)"
207.46.13.7 - - [23/Oct/2014:17:22:39 -0400] "GET /home/contact_us HTTP/1.1" 200 6782 "-" "Mozilla/5.0 (compatible; bingbot/2.0; +http://www.bing.com/bingbot.htm)"
66.249.65.72 - - [23/Oct/2014:17:23:24 -0400] "GET /robots.txt HTTP/1.1" 200 6782 "-" "Mozilla/5.0 (compatible; Googlebot/2.1; +http://www.google.com/bot.html)"
66.249.69.192 - - [23/Oct/2014:17:29:48 -0400] "GET /robots.txt HTTP/1.1" 200 6782 "-" "Mozilla/5.0 (compatible; Googlebot/2.1; +http://www.google.com/bot.html)"
66.249.69.192 - - [23/Oct/2014:17:50:00 -0400] "GET /robots.txt HTTP/1.1" 200 6782 "-" "Mozilla/5.0 (compatible; Googlebot/2.1; +http://www.google.com/bot.html)"
66.249.69.192 - - [23/Oct/2014:17:50:01 -0400] "GET /warner_services HTTP/1.1" 200 21177 "-" "Mozilla/5.0 (compatible; Googlebot/2.1; +http://www.google.com/bot.html)"
66.249.69.192 - - [23/Oct/2014:17:53:21 -0400] "GET /warner_services HTTP/1.1" 200 21177 "-" "Mozilla/5.0 (compatible; Googlebot/2.1; +http://www.google.com/bot.html)"
207.46.13.7 - - [23/Oct/2014:19:03:26 -0400] "GET /about_us HTTP/1.1" 200 15145 "-" "Mozilla/5.0 (compatible; bingbot/2.0; +http://www.bing.com/bingbot.htm)"
96.254.233.81 - - [23/Oct/2014:19:22:19 -0400] "HEAD / HTTP/1.1" 200 - "-" "Spiceworks/7.2.00223"
66.249.65.76 - - [23/Oct/2014:19:53:00 -0400] "GET /robots.txt HTTP/1.1" 200 6782 "-" "Mozilla/5.0 (compatible; Googlebot/2.1; +http://www.google.com/bot.html)"
96.254.233.81 - - [23/Oct/2014:20:07:19 -0400] "HEAD / HTTP/1.1" 200 - "-" "Spiceworks/7.2.00223"
66.249.65.76 - - [23/Oct/2014:20:19:13 -0400] "GET /robots.txt HTTP/1.1" 200 6782 "-" "Mozilla/5.0 (compatible; Googlebot/2.1; +http://www.google.com/bot.html)"
207.46.13.103 - - [23/Oct/2014:20:56:07 -0400] "GET /news HTTP/1.1" 200 19352 "-" "Mozilla/5.0 (compatible; bingbot/2.0; +http://www.bing.com/bingbot.htm)"
66.249.65.80 - - [23/Oct/2014:21:19:30 -0400] "GET /robots.txt HTTP/1.1" 200 6782 "-" "Mozilla/5.0 (compatible; Googlebot/2.1; +http://www.google.com/bot.html)"
207.46.13.103 - - [23/Oct/2014:21:19:41 -0400] "GET //news/news_letter HTTP/1.1" 200 16013 "-" "Mozilla/5.0 (compatible; bingbot/2.0; +http://www.bing.com/bingbot.htm)"
208.115.113.91 - - [23/Oct/2014:01:45:27 -0400] "GET /pages/1/clients HTTP/1.1" 200 6782 "-" "Mozilla/5.0 (compatible; DotBot/1.1; http://www.opensiteexplorer.org/dotbot, help@moz.com)"
162.210.196.98 - - [23/Oct/2014:03:18:05 -0400] "GET /robots.txt HTTP/1.0" 200 6782 "-" "Mozilla/5.0 (compatible; MJ12bot/v1.4.5; http://www.majestic12.co.uk/bot.php?+)"
162.210.196.98 - - [23/Oct/2014:03:18:07 -0400] "GET / HTTP/1.0" 200 8829 "-" "Mozilla/5.0 (compatible; MJ12bot/v1.4.5; http://www.majestic12.co.uk/bot.php?+)"
207.46.13.7 - - [23/Oct/2014:06:37:31 -0400] "GET /images/The_Impact_of_4_G_Winter_2009_Hospitality_Upgrade.pdf HTTP/1.1" 200 6782 "-" "Mozilla/5.0 (compatible; bingbot/2.0; +http://www.bing.com/bingbot.htm)"
207.46.13.122 - - [23/Oct/2014:06:38:38 -0400] "GET //js/jquery-1.3.2.min.js HTTP/1.1" 200 57254 "-" "Mozilla/5.0 (compatible; bingbot/2.0; +http://www.bing.com/bingbot.htm)"
199.30.24.151 - - [23/Oct/2014:06:39:19 -0400] "GET //css/dropdown/themes/nvidia.com/default.css HTTP/1.1" 200 1866 "http://www.warnerconsultinggroup.com/the_lighter_side" "Mozilla/5.0 (Windows NT 6.1; WOW64) AppleWebKit/534+ (KHTML, like Gecko) BingPreview/1.0b"
199.30.24.151 - - [23/Oct/2014:06:39:20 -0400] "GET /Scripts/swfobject/swfobject.js HTTP/1.1" 200 9759 "http://www.warnerconsultinggroup.com/a.html" "Mozilla/5.0 (Windows NT 6.1; WOW64) AppleWebKit/534+ (KHTML, like Gecko) BingPreview/1.0b"
199.30.24.151 - - [23/Oct/2014:06:39:22 -0400] "GET //images/bg.jpg HTTP/1.1" 200 94591 "http://www.warnerconsultinggroup.com/the_lighter_side" "Mozilla/5.0 (Windows NT 6.1; WOW64) AppleWebKit/534+ (KHTML, like Gecko) BingPreview/1.0b"
199.30.24.151 - - [23/Oct/2014:06:39:22 -0400] "GET //images/inner-content-mid.png HTTP/1.1" 200 211 "http://www.warnerconsultinggroup.com/the_lighter_side" "Mozilla/5.0 (Windows NT 6.1; WOW64) AppleWebKit/534+ (KHTML, like Gecko) BingPreview/1.0b"
199.30.24.151 - - [23/Oct/2014:06:39:22 -0400] "GET //images/inner-content-top.png HTTP/1.1" 200 1386 "http://www.warnerconsultinggroup.com/the_lighter_side" "Mozilla/5.0 (Windows NT 6.1; WOW64) AppleWebKit/534+ (KHTML, like Gecko) BingPreview/1.0b"
199.30.24.151 - - [23/Oct/2014:06:39:22 -0400] "GET //images/right-box-mid.png HTTP/1.1" 200 134 "http://www.warnerconsultinggroup.com/the_lighter_side" "Mozilla/5.0 (Windows NT 6.1; WOW64) AppleWebKit/534+ (KHTML, like Gecko) BingPreview/1.0b"
199.30.24.151 - - [23/Oct/2014:06:39:22 -0400] "GET //images/right-box-top.png HTTP/1.1" 200 617 "http://www.warnerconsultinggroup.com/the_lighter_side" "Mozilla/5.0 (Windows NT 6.1; WOW64) AppleWebKit/534+ (KHTML, like Gecko) BingPreview/1.0b"
199.30.24.151 - - [23/Oct/2014:06:39:23 -0400] "GET //images/right-box-bot.png HTTP/1.1" 200 411 "http://www.warnerconsultinggroup.com/the_lighter_side" "Mozilla/5.0 (Windows NT 6.1; WOW64) AppleWebKit/534+ (KHTML, like Gecko) BingPreview/1.0b"
199.30.24.151 - - [23/Oct/2014:06:39:23 -0400] "GET //images/inner-content-bot.png HTTP/1.1" 200 1411 "http://www.warnerconsultinggroup.com/the_lighter_side" "Mozilla/5.0 (Windows NT 6.1; WOW64) AppleWebKit/534+ (KHTML, like Gecko) BingPreview/1.0b"
199.30.24.151 - - [23/Oct/2014:06:39:23 -0400] "GET //images/bullet2.png HTTP/1.1" 200 451 "http://www.warnerconsultinggroup.com/the_lighter_side" "Mozilla/5.0 (Windows NT 6.1; WOW64) AppleWebKit/534+ (KHTML, like Gecko) BingPreview/1.0b"
199.30.24.151 - - [23/Oct/2014:06:39:23 -0400] "GET //images/footer-bg.jpg HTTP/1.1" 200 1167 "http://www.warnerconsultinggroup.com/the_lighter_side" "Mozilla/5.0 (Windows NT 6.1; WOW64) AppleWebKit/534+ (KHTML, like Gecko) BingPreview/1.0b"
199.30.24.151 - - [23/Oct/2014:06:39:24 -0400] "GET /piecemaker.swf HTTP/1.1" 200 208139 "http://www.warnerconsultinggroup.com/piecemaker.swf" "Mozilla/5.0 (Windows NT 6.1; WOW64) AppleWebKit/534+ (KHTML, like Gecko) BingPreview/1.0b"
66.249.65.72 - - [23/Oct/2014:06:59:20 -0400] "GET /aboutus/images/head-welcome.jpg HTTP/1.1" 200 6782 "-" "Googlebot-Image/1.0"
66.249.65.72 - - [23/Oct/2014:07:02:45 -0400] "GET /aboutus/images/head-welcome.jpg HTTP/1.1" 200 6782 "-" "Googlebot-Image/1.0"
66.249.65.72 - - [23/Oct/2014:07:45:04 -0400] "GET /about_us HTTP/1.1" 200 14419 "-" "SAMSUNG-SGH-E250/1.0 Profile/MIDP-2.0 Configuration/CLDC-1.1 UP.Browser/6.2.3.3.c.1.101 (GUI) MMP/2.0 (compatible; Googlebot-Mobile/2.1; +http://www.google.com/bot.html)"
66.249.65.80 - - [23/Oct/2014:07:49:06 -0400] "GET /about_us HTTP/1.1" 200 14419 "-" "SAMSUNG-SGH-E250/1.0 Profile/MIDP-2.0 Configuration/CLDC-1.1 UP.Browser/6.2.3.3.c.1.101 (GUI) MMP/2.0 (compatible; Googlebot-Mobile/2.1; +http://www.google.com/bot.html)"
66.249.65.72 - - [23/Oct/2014:08:09:24 -0400] "GET /robots.txt HTTP/1.1" 200 6782 "-" "Mozilla/5.0 (compatible; Googlebot/2.1; +http://www.google.com/bot.html)"
66.249.65.72 - - [23/Oct/2014:08:09:25 -0400] "GET /about_us/images/bullet2.png HTTP/1.1" 200 6782 "-" "Googlebot-Image/1.0"
180.76.6.47 - - [23/Oct/2014:09:38:16 -0400] "GET / HTTP/1.1" 200 8829 "-" "Mozilla/5.0 (compatible; Baiduspider/2.0; +http://www.baidu.com/search/spider.html)"
54.193.175.102 - - [23/Oct/2014:10:19:56 -0400] "GET / HTTP/1.1" 200 8829 "-" "'User-Agent': 'Mozilla/5.0 (Macintosh; U; Intel Mac OS X 10_6_4; en-US) AppleWebKit/534.10 (KHTML, like Gecko) Chrome/8.0.552.231 Safari/534.10'"
101.226.166.216 - - [23/Oct/2014:10:43:47 -0400] "GET / HTTP/1.1" 200 8829 "http://www.warnerconsultinggroup.com/" "Mozilla/5.0 (Windows NT 6.1) AppleWebKit/537.1 (KHTML, like Gecko) Chrome/21.0.1180.89 Safari/537.1; 360Spider"
204.155.149.26 - - [23/Oct/2014:13:03:27 -0400] "GET / HTTP/1.1" 200 8829 "-" "Mozilla/5.0 (X11; U; Linux x86_64; en-US; rv:1.9.2.16) Gecko/20110323 Ubuntu/10.10 (maverick) Firefox/3.6.16"
27.153.171.104 - - [23/Oct/2014:14:06:11 -0400] "GET /consulting HTTP/1.1" 200 14982 "-" "Mozilla/4.0 (compatible; MSIE 6.0; Windows NT 5.1; SV1; Mozilla/4.0 (compatible; MSIE 6.0; Windows NT 5.1; SV1) )"
27.153.171.104 - - [23/Oct/2014:14:06:22 -0400] "POST /consulting/trackback/ HTTP/1.1" 200 6782 "http://www.warnerconsultinggroup.com/consulting" "Mozilla/4.0 (compatible; MSIE 6.0; Windows NT 5.1; SV1; Mozilla/4.0 (compatible; MSIE 6.0; Windows NT 5.1; SV1) ; .NET CLR 1.0.3705)"
207.46.13.103 - - [23/Oct/2014:14:30:32 -0400] "GET /robots.txt HTTP/1.1" 200 6782 "-" "Mozilla/5.0 (compatible; bingbot/2.0; +http://www.bing.com/bingbot.htm)"
207.46.13.103 - - [23/Oct/2014:14:31:32 -0400] "GET /consulting/about_us HTTP/1.1" 200 6782 "-" "Mozilla/5.0 (compatible; bingbot/2.0; +http://www.bing.com/bingbot.htm)"
180.76.6.59 - - [23/Oct/2014:17:56:36 -0400] "GET /robots.txt HTTP/1.1" 200 6782 "-" "Mozilla/5.0 (Windows NT 5.1; rv:6.0.2) Gecko/20100101 Firefox/6.0.2"
180.76.6.139 - - [23/Oct/2014:17:59:19 -0400] "GET /news HTTP/1.1" 200 19352 "-" "Mozilla/5.0 (compatible; Baiduspider/2.0; +http://www.baidu.com/search/spider.html)"
23.23.43.122 - - [23/Oct/2014:18:33:40 -0400] "HEAD / HTTP/1.1" 200 - "-" "Mozilla/5.0 (Macintosh; Intel Mac OS X 10_7_4) AppleWebKit/537.11 (KHTML, like Gecko) Chrome/23.0.1271.95 Safari/537.11"
88.208.200.99 - - [23/Oct/2014:19:04:54 -0400] "GET / HTTP/1.1" 200 8829 "-" "Mozilla/5.0 (Windows NT 6.1; WOW64) AppleWebKit/537.36 (KHTML, like Gecko) Chrome/34.0.1847.131 Safari/537.36"
88.208.200.99 - - [23/Oct/2014:19:04:56 -0400] "GET //index.php HTTP/1.1" 200 8829 "-" "Mozilla/5.0 (Windows NT 6.1; WOW64) AppleWebKit/537.36 (KHTML, like Gecko) Chrome/34.0.1847.131 Safari/537.36"
88.208.200.99 - - [23/Oct/2014:19:04:56 -0400] "GET //about_us HTTP/1.1" 200 15145 "-" "Mozilla/5.0 (Windows NT 6.1; WOW64) AppleWebKit/537.36 (KHTML, like Gecko) Chrome/34.0.1847.131 Safari/537.36"
88.208.200.99 - - [23/Oct/2014:19:04:57 -0400] "GET //about_us/meet_the_team HTTP/1.1" 200 21814 "-" "Mozilla/5.0 (Windows NT 6.1; WOW64) AppleWebKit/537.36 (KHTML, like Gecko) Chrome/34.0.1847.131 Safari/537.36"
88.208.200.99 - - [23/Oct/2014:19:04:57 -0400] "GET //about_us/code_of_ethics HTTP/1.1" 200 14087 "-" "Mozilla/5.0 (Windows NT 6.1; WOW64) AppleWebKit/537.36 (KHTML, like Gecko) Chrome/34.0.1847.131 Safari/537.36"
88.208.200.99 - - [23/Oct/2014:19:04:58 -0400] "GET //consulting HTTP/1.1" 200 14982 "-" "Mozilla/5.0 (Windows NT 6.1; WOW64) AppleWebKit/537.36 (KHTML, like Gecko) Chrome/34.0.1847.131 Safari/537.36"
88.208.200.99 - - [23/Oct/2014:19:04:59 -0400] "GET //consulting/creating_efficiency HTTP/1.1" 200 12871 "-" "Mozilla/5.0 (Windows NT 6.1; WOW64) AppleWebKit/537.36 (KHTML, like Gecko) Chrome/34.0.1847.131 Safari/537.36"
88.208.200.99 - - [23/Oct/2014:19:04:59 -0400] "GET //consulting/inspiring_innovation HTTP/1.1" 200 12606 "-" "Mozilla/5.0 (Windows NT 6.1; WOW64) AppleWebKit/537.36 (KHTML, like Gecko) Chrome/34.0.1847.131 Safari/537.36"
88.208.200.99 - - [23/Oct/2014:19:05:00 -0400] "GET //consulting/warner_services HTTP/1.1" 200 21177 "-" "Mozilla/5.0 (Windows NT 6.1; WOW64) AppleWebKit/537.36 (KHTML, like Gecko) Chrome/34.0.1847.131 Safari/537.36"
88.208.200.99 - - [23/Oct/2014:19:05:00 -0400] "GET //clients HTTP/1.1" 200 20656 "-" "Mozilla/5.0 (Windows NT 6.1; WOW64) AppleWebKit/537.36 (KHTML, like Gecko) Chrome/34.0.1847.131 Safari/537.36"
88.208.200.99 - - [23/Oct/2014:19:05:01 -0400] "GET //news HTTP/1.1" 200 19352 "-" "Mozilla/5.0 (Windows NT 6.1; WOW64) AppleWebKit/537.36 (KHTML, like Gecko) Chrome/34.0.1847.131 Safari/537.36"
88.208.200.99 - - [23/Oct/2014:19:05:01 -0400] "GET //news/news_letter HTTP/1.1" 200 16013 "-" "Mozilla/5.0 (Windows NT 6.1; WOW64) AppleWebKit/537.36 (KHTML, like Gecko) Chrome/34.0.1847.131 Safari/537.36"
88.208.200.99 - - [23/Oct/2014:19:05:01 -0400] "GET //news/published_articles HTTP/1.1" 200 17042 "-" "Mozilla/5.0 (Windows NT 6.1; WOW64) AppleWebKit/537.36 (KHTML, like Gecko) Chrome/34.0.1847.131 Safari/537.36"
88.208.200.99 - - [23/Oct/2014:19:05:01 -0400] "GET //the_lighter_side HTTP/1.1" 200 14661 "-" "Mozilla/5.0 (Windows NT 6.1; WOW64) AppleWebKit/537.36 (KHTML, like Gecko) Chrome/34.0.1847.131 Safari/537.36"
88.208.200.99 - - [23/Oct/2014:19:05:02 -0400] "GET //contact_us HTTP/1.1" 200 15908 "-" "Mozilla/5.0 (Windows NT 6.1; WOW64) AppleWebKit/537.36 (KHTML, like Gecko) Chrome/34.0.1847.131 Safari/537.36"
88.208.200.99 - - [23/Oct/2014:19:05:02 -0400] "GET /consulting.html HTTP/1.1" 200 6782 "-" "Mozilla/5.0 (Windows NT 6.1; WOW64) AppleWebKit/537.36 (KHTML, like Gecko) Chrome/34.0.1847.131 Safari/537.36"
88.208.200.99 - - [23/Oct/2014:19:05:03 -0400] "GET /clients.html HTTP/1.1" 200 6782 "-" "Mozilla/5.0 (Windows NT 6.1; WOW64) AppleWebKit/537.36 (KHTML, like Gecko) Chrome/34.0.1847.131 Safari/537.36"
88.208.200.99 - - [23/Oct/2014:19:05:03 -0400] "GET /aboutus/meettheteam.html HTTP/1.1" 200 6782 "-" "Mozilla/5.0 (Windows NT 6.1; WOW64) AppleWebKit/537.36 (KHTML, like Gecko) Chrome/34.0.1847.131 Safari/537.36"
88.208.200.99 - - [23/Oct/2014:19:05:04 -0400] "GET /aboutus/codeofethics.html HTTP/1.1" 200 6782 "-" "Mozilla/5.0 (Windows NT 6.1; WOW64) AppleWebKit/537.36 (KHTML, like Gecko) Chrome/34.0.1847.131 Safari/537.36"
88.208.200.99 - - [23/Oct/2014:19:05:04 -0400] "GET //lighterside HTTP/1.1" 200 6782 "-" "Mozilla/5.0 (Windows NT 6.1; WOW64) AppleWebKit/537.36 (KHTML, like Gecko) Chrome/34.0.1847.131 Safari/537.36"
66.249.65.72 - - [23/Oct/2014:19:34:54 -0400] "GET /robots.txt HTTP/1.1" 200 6782 "-" "Mozilla/5.0 (compatible; Googlebot/2.1; +http://www.google.com/bot.html)"
96.254.233.81 - - [23/Oct/2014:19:37:19 -0400] "HEAD / HTTP/1.1" 200 - "-" "Spiceworks/7.2.00223"
96.254.233.81 - - [23/Oct/2014:20:22:19 -0400] "HEAD / HTTP/1.1" 200 - "-" "Spiceworks/7.2.00223"
96.254.233.81 - - [23/Oct/2014:20:52:19 -0400] "HEAD / HTTP/1.1" 200 - "-" "Spiceworks/7.2.00223"
188.65.117.140 - - [23/Oct/2014:22:31:24 -0400] "GET /robots.txt HTTP/1.0" 200 6782 "-" "CB/Nutch-1.7"
188.65.117.140 - - [23/Oct/2014:22:31:25 -0400] "GET /creating_efficiency HTTP/1.0" 200 12871 "-" "CB/Nutch-1.7"
188.65.117.140 - - [23/Oct/2014:22:31:31 -0400] "GET /inspiring_innovation HTTP/1.0" 200 12606 "-" "CB/Nutch-1.7"
188.65.117.140 - - [23/Oct/2014:22:31:36 -0400] "GET /consulting HTTP/1.0" 200 14982 "-" "CB/Nutch-1.7"
188.65.117.140 - - [23/Oct/2014:22:31:41 -0400] "GET /clients HTTP/1.0" 200 20656 "-" "CB/Nutch-1.7"
188.65.117.140 - - [23/Oct/2014:22:31:47 -0400] "GET /about_us HTTP/1.0" 200 15145 "-" "CB/Nutch-1.7"
188.65.117.140 - - [23/Oct/2014:22:31:52 -0400] "GET /warner_services HTTP/1.0" 200 21177 "-" "CB/Nutch-1.7"
188.65.117.140 - - [23/Oct/2014:22:31:57 -0400] "GET /index.php HTTP/1.0" 200 8829 "-" "CB/Nutch-1.7"
188.65.117.140 - - [23/Oct/2014:22:32:03 -0400] "GET /news HTTP/1.0" 200 19352 "-" "CB/Nutch-1.7"
188.65.117.140 - - [23/Oct/2014:22:32:08 -0400] "GET /lighterside HTTP/1.0" 200 6782 "-" "CB/Nutch-1.7"
188.65.117.140 - - [23/Oct/2014:22:32:13 -0400] "GET /contact_us HTTP/1.0" 200 15908 "-" "CB/Nutch-1.7"
66.249.65.72 - - [23/Oct/2014:23:43:21 -0400] "GET /robots.txt HTTP/1.1" 200 6782 "-" "Mozilla/5.0 (compatible; Googlebot/2.1; +http://www.google.com/bot.html)"
66.249.65.72 - - [23/Oct/2014:23:51:32 -0400] "GET /lighterside HTTP/1.1" 200 6782 "-" "Mozilla/5.0 (compatible; Googlebot/2.1; +http://www.google.com/bot.html)"
208.115.113.91 - - [23/Oct/2014:23:52:10 -0400] "GET /robots.txt HTTP/1.1" 200 6782 "-" "Mozilla/5.0 (compatible; DotBot/1.1; http://www.opensiteexplorer.org/dotbot, help@moz.com)"
54.69.39.135 - - [23/Oct/2014:03:41:30 -0400] "GET /robots.txt HTTP/1.1" 200 6782 "-" "Mozilla/5.0 (compatible; DomainAppender /1.0; +http://www.profound.net/domainappender)"
54.69.39.135 - - [23/Oct/2014:03:41:36 -0400] "GET /robots.txt HTTP/1.1" 200 6782 "-" "Mozilla/5.0 (compatible; DomainAppender /1.0; +http://www.profound.net/domainappender)"
54.69.39.135 - - [23/Oct/2014:03:42:20 -0400] "GET / HTTP/1.1" 200 8829 "-" "Mozilla/5.0 (compatible; DomainAppender /1.0; +http://www.profound.net/domainappender)"
54.69.39.135 - - [23/Oct/2014:03:42:47 -0400] "GET /contact_us HTTP/1.1" 200 15182 "-" "Mozilla/5.0 (compatible; DomainAppender /1.0; +http://www.profound.net/domainappender)"
54.69.39.135 - - [23/Oct/2014:03:42:50 -0400] "GET /about_us HTTP/1.1" 200 14419 "-" "Mozilla/5.0 (compatible; DomainAppender /1.0; +http://www.profound.net/domainappender)"
162.210.196.130 - - [23/Oct/2014:04:07:37 -0400] "GET /robots.txt HTTP/1.0" 200 6782 "-" "Mozilla/5.0 (compatible; MJ12bot/v1.4.5; http://www.majestic12.co.uk/bot.php?+)"
162.210.196.130 - - [23/Oct/2014:04:07:39 -0400] "GET //about_us HTTP/1.0" 200 14419 "-" "Mozilla/5.0 (compatible; MJ12bot/v1.4.5; http://www.majestic12.co.uk/bot.php?+)"
162.210.196.130 - - [23/Oct/2014:04:07:41 -0400] "GET //about_us/code_of_ethics HTTP/1.0" 200 13361 "-" "Mozilla/5.0 (compatible; MJ12bot/v1.4.5; http://www.majestic12.co.uk/bot.php?+)"
162.210.196.130 - - [23/Oct/2014:04:07:43 -0400] "GET //about_us/meet_the_team HTTP/1.0" 200 21088 "-" "Mozilla/5.0 (compatible; MJ12bot/v1.4.5; http://www.majestic12.co.uk/bot.php?+)"
162.210.196.130 - - [23/Oct/2014:04:07:44 -0400] "GET //clients HTTP/1.0" 200 19930 "-" "Mozilla/5.0 (compatible; MJ12bot/v1.4.5; http://www.majestic12.co.uk/bot.php?+)"
162.210.196.130 - - [23/Oct/2014:04:07:46 -0400] "GET //consulting HTTP/1.0" 200 14256 "-" "Mozilla/5.0 (compatible; MJ12bot/v1.4.5; http://www.majestic12.co.uk/bot.php?+)"
162.210.196.130 - - [23/Oct/2014:04:07:47 -0400] "GET //consulting/creating_efficiency HTTP/1.0" 200 12145 "-" "Mozilla/5.0 (compatible; MJ12bot/v1.4.5; http://www.majestic12.co.uk/bot.php?+)"
162.210.196.130 - - [23/Oct/2014:04:07:48 -0400] "GET //consulting/inspiring_innovation HTTP/1.0" 200 11880 "-" "Mozilla/5.0 (compatible; MJ12bot/v1.4.5; http://www.majestic12.co.uk/bot.php?+)"
162.210.196.130 - - [23/Oct/2014:04:07:50 -0400] "GET //consulting/warner_services HTTP/1.0" 200 20451 "-" "Mozilla/5.0 (compatible; MJ12bot/v1.4.5; http://www.majestic12.co.uk/bot.php?+)"
162.210.196.130 - - [23/Oct/2014:04:07:51 -0400] "GET //contact_us HTTP/1.0" 200 15182 "-" "Mozilla/5.0 (compatible; MJ12bot/v1.4.5; http://www.majestic12.co.uk/bot.php?+)"
162.210.196.130 - - [23/Oct/2014:04:07:53 -0400] "GET //news HTTP/1.0" 200 18626 "-" "Mozilla/5.0 (compatible; MJ12bot/v1.4.5; http://www.majestic12.co.uk/bot.php?+)"
162.210.196.130 - - [23/Oct/2014:04:07:54 -0400] "GET //news/news_letter HTTP/1.0" 200 15287 "-" "Mozilla/5.0 (compatible; MJ12bot/v1.4.5; http://www.majestic12.co.uk/bot.php?+)"
162.210.196.130 - - [23/Oct/2014:04:07:55 -0400] "GET //news/published_articles HTTP/1.0" 200 16316 "-" "Mozilla/5.0 (compatible; MJ12bot/v1.4.5; http://www.majestic12.co.uk/bot.php?+)"
162.210.196.130 - - [23/Oct/2014:04:07:57 -0400] "GET //the_lighter_side HTTP/1.0" 200 13935 "-" "Mozilla/5.0 (compatible; MJ12bot/v1.4.5; http://www.majestic12.co.uk/bot.php?+)"
66.249.65.112 - - [23/Oct/2014:05:25:52 -0400] "GET /robots.txt HTTP/1.1" 200 6782 "-" "Mozilla/5.0 (compatible; Googlebot/2.1; +http://www.google.com/bot.html)"
207.46.13.103 - - [23/Oct/2014:05:38:02 -0400] "GET /the_lighter_side HTTP/1.1" 200 13935 "-" "Mozilla/5.0 (compatible; bingbot/2.0; +http://www.bing.com/bingbot.htm)"
74.218.10.66 - - [23/Oct/2014:09:24:35 -0400] "GET / HTTP/1.1" 200 8829 "-" "Mozilla/5.0 (Windows NT 6.3; WOW64) AppleWebKit/537.36 (KHTML, like Gecko) Chrome/38.0.2125.104 Safari/537.36"
74.218.10.66 - - [23/Oct/2014:09:24:49 -0400] "GET / HTTP/1.1" 200 8829 "-" "Mozilla/5.0 (Windows NT 6.3; WOW64; rv:32.0) Gecko/20100101 Firefox/32.0"
74.218.10.66 - - [23/Oct/2014:09:24:58 -0400] "GET /favicon.ico HTTP/1.1" 404 8829 "-" "Mozilla/5.0 (Windows NT 6.3; WOW64; rv:32.0) Gecko/20100101 Firefox/32.0"
74.218.10.66 - - [23/Oct/2014:09:24:58 -0400] "GET /favicon.ico HTTP/1.1" 404 8829 "-" "Mozilla/5.0 (Windows NT 6.3; WOW64; rv:32.0) Gecko/20100101 Firefox/32.0"
208.115.113.91 - - [23/Oct/2014:11:56:52 -0400] "GET /robots.txt HTTP/1.1" 200 6782 "-" "Mozilla/5.0 (compatible; DotBot/1.1; http://www.opensiteexplorer.org/dotbot, help@moz.com)"
182.73.148.94 - - [23/Oct/2014:12:16:52 -0400] "GET / HTTP/1.1" 200 8829 "http://www.google.co.in/url?sa=t&rct=j&q=&esrc=s&source=web&cd=3&ved=0CCkQFjAC&url=http%3A%2F%2Fwww.warnerconsultinggroup.com%2F&ei=7ilJVMWdMYPY8gWpqoCoBA&usg=AFQjCNFn_pMzUjkkAXCW_ESS-q7bg9f65g" "Mozilla/5.0 (Windows NT 5.1; rv:32.0) Gecko/20100101 Firefox/32.0"
182.73.148.94 - - [23/Oct/2014:12:16:54 -0400] "GET /css/style.css HTTP/1.1" 200 7000 "http://www.warnerconsultinggroup.com/" "Mozilla/5.0 (Windows NT 5.1; rv:32.0) Gecko/20100101 Firefox/32.0"
182.73.148.94 - - [23/Oct/2014:12:16:54 -0400] "GET /css/dropdown/dropdown.css HTTP/1.1" 200 1026 "http://www.warnerconsultinggroup.com/" "Mozilla/5.0 (Windows NT 5.1; rv:32.0) Gecko/20100101 Firefox/32.0"
182.73.148.94 - - [23/Oct/2014:12:16:54 -0400] "GET /css/dropdown/themes/nvidia.com/default.advanced.css HTTP/1.1" 200 1342 "http://www.warnerconsultinggroup.com/" "Mozilla/5.0 (Windows NT 5.1; rv:32.0) Gecko/20100101 Firefox/32.0"
182.73.148.94 - - [23/Oct/2014:12:16:54 -0400] "GET /a.html HTTP/1.1" 200 1082 "http://www.warnerconsultinggroup.com/" "Mozilla/5.0 (Windows NT 5.1; rv:32.0) Gecko/20100101 Firefox/32.0"
182.73.148.94 - - [23/Oct/2014:12:16:54 -0400] "GET /css/dropdown/themes/nvidia.com/default.css HTTP/1.1" 200 1866 "http://www.warnerconsultinggroup.com/css/dropdown/themes/nvidia.com/default.advanced.css" "Mozilla/5.0 (Windows NT 5.1; rv:32.0) Gecko/20100101 Firefox/32.0"
182.73.148.94 - - [23/Oct/2014:12:16:55 -0400] "GET /Scripts/swfobject/swfobject.js HTTP/1.1" 200 9759 "http://www.warnerconsultinggroup.com/a.html" "Mozilla/5.0 (Windows NT 5.1; rv:32.0) Gecko/20100101 Firefox/32.0"
182.73.148.94 - - [23/Oct/2014:12:16:55 -0400] "GET /images/social-head.png HTTP/1.1" 200 2344 "http://www.warnerconsultinggroup.com/" "Mozilla/5.0 (Windows NT 5.1; rv:32.0) Gecko/20100101 Firefox/32.0"
182.73.148.94 - - [23/Oct/2014:12:16:55 -0400] "GET /images/twitr.png HTTP/1.1" 200 1543 "http://www.warnerconsultinggroup.com/" "Mozilla/5.0 (Windows NT 5.1; rv:32.0) Gecko/20100101 Firefox/32.0"
182.73.148.94 - - [23/Oct/2014:12:16:55 -0400] "GET /images/logo.jpg HTTP/1.1" 200 6004 "http://www.warnerconsultinggroup.com/" "Mozilla/5.0 (Windows NT 5.1; rv:32.0) Gecko/20100101 Firefox/32.0"
182.73.148.94 - - [23/Oct/2014:12:16:55 -0400] "GET /images/fb.png HTTP/1.1" 200 1264 "http://www.warnerconsultinggroup.com/" "Mozilla/5.0 (Windows NT 5.1; rv:32.0) Gecko/20100101 Firefox/32.0"
182.73.148.94 - - [23/Oct/2014:12:16:55 -0400] "GET /images/head-welcome.jpg HTTP/1.1" 200 15302 "http://www.warnerconsultinggroup.com/" "Mozilla/5.0 (Windows NT 5.1; rv:32.0) Gecko/20100101 Firefox/32.0"
182.73.148.94 - - [23/Oct/2014:12:16:55 -0400] "GET /images/footer-sep.jpg HTTP/1.1" 200 1127 "http://www.warnerconsultinggroup.com/" "Mozilla/5.0 (Windows NT 5.1; rv:32.0) Gecko/20100101 Firefox/32.0"
182.73.148.94 - - [23/Oct/2014:12:16:55 -0400] "GET /images/gallery/services-3.jpg HTTP/1.1" 200 16546 "http://www.warnerconsultinggroup.com/" "Mozilla/5.0 (Windows NT 5.1; rv:32.0) Gecko/20100101 Firefox/32.0"
182.73.148.94 - - [23/Oct/2014:12:16:55 -0400] "GET /images/gallery/services-2.jpg HTTP/1.1" 200 13974 "http://www.warnerconsultinggroup.com/" "Mozilla/5.0 (Windows NT 5.1; rv:32.0) Gecko/20100101 Firefox/32.0"
182.73.148.94 - - [23/Oct/2014:12:16:55 -0400] "GET /images/gallery/services-1.jpg HTTP/1.1" 200 14545 "http://www.warnerconsultinggroup.com/" "Mozilla/5.0 (Windows NT 5.1; rv:32.0) Gecko/20100101 Firefox/32.0"
182.73.148.94 - - [23/Oct/2014:12:16:55 -0400] "GET /images/bg.jpg HTTP/1.1" 200 94591 "http://www.warnerconsultinggroup.com/css/style.css" "Mozilla/5.0 (Windows NT 5.1; rv:32.0) Gecko/20100101 Firefox/32.0"
182.73.148.94 - - [23/Oct/2014:12:16:55 -0400] "GET /images/social-bg.png HTTP/1.1" 200 3056 "http://www.warnerconsultinggroup.com/css/style.css" "Mozilla/5.0 (Windows NT 5.1; rv:32.0) Gecko/20100101 Firefox/32.0"
182.73.148.94 - - [23/Oct/2014:12:16:55 -0400] "GET /images/sep.jpg HTTP/1.1" 200 2186 "http://www.warnerconsultinggroup.com/css/style.css" "Mozilla/5.0 (Windows NT 5.1; rv:32.0) Gecko/20100101 Firefox/32.0"
182.73.148.94 - - [23/Oct/2014:12:16:56 -0400] "GET /images/btn-readmore.jpg HTTP/1.1" 200 1587 "http://www.warnerconsultinggroup.com/css/style.css" "Mozilla/5.0 (Windows NT 5.1; rv:32.0) Gecko/20100101 Firefox/32.0"
182.73.148.94 - - [23/Oct/2014:12:16:56 -0400] "GET /images/footer-bg.jpg HTTP/1.1" 200 1167 "http://www.warnerconsultinggroup.com/css/style.css" "Mozilla/5.0 (Windows NT 5.1; rv:32.0) Gecko/20100101 Firefox/32.0"
182.73.148.94 - - [23/Oct/2014:12:16:57 -0400] "GET /favicon.ico HTTP/1.1" 404 8829 "-" "Mozilla/5.0 (Windows NT 5.1; rv:32.0) Gecko/20100101 Firefox/32.0"
182.73.148.94 - - [23/Oct/2014:12:16:57 -0400] "GET /favicon.ico HTTP/1.1" 404 8829 "-" "Mozilla/5.0 (Windows NT 5.1; rv:32.0) Gecko/20100101 Firefox/32.0"
182.73.148.94 - - [23/Oct/2014:12:17:18 -0400] "GET /images/nav-right.png HTTP/1.1" 200 1282 "http://www.warnerconsultinggroup.com/css/style.css" "Mozilla/5.0 (Windows NT 5.1; rv:32.0) Gecko/20100101 Firefox/32.0"
182.73.148.94 - - [23/Oct/2014:12:17:18 -0400] "GET /images/nav-left.png HTTP/1.1" 200 1223 "http://www.warnerconsultinggroup.com/css/style.css" "Mozilla/5.0 (Windows NT 5.1; rv:32.0) Gecko/20100101 Firefox/32.0"
182.73.148.94 - - [23/Oct/2014:12:17:19 -0400] "GET //about_us/meet_the_team HTTP/1.1" 200 21814 "http://www.warnerconsultinggroup.com/" "Mozilla/5.0 (Windows NT 5.1; rv:32.0) Gecko/20100101 Firefox/32.0"
182.73.148.94 - - [23/Oct/2014:12:17:21 -0400] "GET //css/diQuery-collapsiblePanel.css HTTP/1.1" 200 506 "http://www.warnerconsultinggroup.com//about_us/meet_the_team" "Mozilla/5.0 (Windows NT 5.1; rv:32.0) Gecko/20100101 Firefox/32.0"
182.73.148.94 - - [23/Oct/2014:12:17:21 -0400] "GET //about_us/meet_the_team HTTP/1.1" 200 21814 "http://www.warnerconsultinggroup.com/" "Mozilla/5.0 (Windows NT 5.1; rv:32.0) Gecko/20100101 Firefox/32.0"
182.73.148.94 - - [23/Oct/2014:12:17:21 -0400] "GET //css/dropdown/dropdown.css HTTP/1.1" 200 1026 "http://www.warnerconsultinggroup.com//about_us/meet_the_team" "Mozilla/5.0 (Windows NT 5.1; rv:32.0) Gecko/20100101 Firefox/32.0"
182.73.148.94 - - [23/Oct/2014:12:17:21 -0400] "GET //css/style.css HTTP/1.1" 200 7000 "http://www.warnerconsultinggroup.com//about_us/meet_the_team" "Mozilla/5.0 (Windows NT 5.1; rv:32.0) Gecko/20100101 Firefox/32.0"
182.73.148.94 - - [23/Oct/2014:12:17:21 -0400] "GET //css/dropdown/themes/nvidia.com/default.advanced.css HTTP/1.1" 200 1342 "http://www.warnerconsultinggroup.com//about_us/meet_the_team" "Mozilla/5.0 (Windows NT 5.1; rv:32.0) Gecko/20100101 Firefox/32.0"
182.73.148.94 - - [23/Oct/2014:12:17:21 -0400] "GET //js/jquery-1.3.2.min.js HTTP/1.1" 200 57254 "http://www.warnerconsultinggroup.com//about_us/meet_the_team" "Mozilla/5.0 (Windows NT 5.1; rv:32.0) Gecko/20100101 Firefox/32.0"
182.73.148.94 - - [23/Oct/2014:12:17:22 -0400] "GET //css/dropdown/themes/nvidia.com/default.css HTTP/1.1" 200 1866 "http://www.warnerconsultinggroup.com//css/dropdown/themes/nvidia.com/default.advanced.css" "Mozilla/5.0 (Windows NT 5.1; rv:32.0) Gecko/20100101 Firefox/32.0"
182.73.148.94 - - [23/Oct/2014:12:17:25 -0400] "GET //images/fb.png HTTP/1.1" 200 1264 "http://www.warnerconsultinggroup.com//about_us/meet_the_team" "Mozilla/5.0 (Windows NT 5.1; rv:32.0) Gecko/20100101 Firefox/32.0"
182.73.148.94 - - [23/Oct/2014:12:17:25 -0400] "GET //images/social-head.png HTTP/1.1" 200 2344 "http://www.warnerconsultinggroup.com//about_us/meet_the_team" "Mozilla/5.0 (Windows NT 5.1; rv:32.0) Gecko/20100101 Firefox/32.0"
182.73.148.94 - - [23/Oct/2014:12:17:25 -0400] "GET //images/twitr.png HTTP/1.1" 200 1543 "http://www.warnerconsultinggroup.com//about_us/meet_the_team" "Mozilla/5.0 (Windows NT 5.1; rv:32.0) Gecko/20100101 Firefox/32.0"
182.73.148.94 - - [23/Oct/2014:12:17:25 -0400] "GET //images/social-bg.png HTTP/1.1" 200 3056 "http://www.warnerconsultinggroup.com//css/style.css" "Mozilla/5.0 (Windows NT 5.1; rv:32.0) Gecko/20100101 Firefox/32.0"
182.73.148.94 - - [23/Oct/2014:12:17:25 -0400] "GET //images/bg.jpg HTTP/1.1" 200 94591 "http://www.warnerconsultinggroup.com//css/style.css" "Mozilla/5.0 (Windows NT 5.1; rv:32.0) Gecko/20100101 Firefox/32.0"
182.73.148.94 - - [23/Oct/2014:12:17:25 -0400] "GET //images/inner-content-top.png HTTP/1.1" 200 1386 "http://www.warnerconsultinggroup.com//css/style.css" "Mozilla/5.0 (Windows NT 5.1; rv:32.0) Gecko/20100101 Firefox/32.0"
182.73.148.94 - - [23/Oct/2014:12:17:25 -0400] "GET //images/logo.jpg HTTP/1.1" 200 6004 "http://www.warnerconsultinggroup.com//about_us/meet_the_team" "Mozilla/5.0 (Windows NT 5.1; rv:32.0) Gecko/20100101 Firefox/32.0"
182.73.148.94 - - [23/Oct/2014:12:17:25 -0400] "GET //images/inner-content-mid.png HTTP/1.1" 200 211 "http://www.warnerconsultinggroup.com//css/style.css" "Mozilla/5.0 (Windows NT 5.1; rv:32.0) Gecko/20100101 Firefox/32.0"
182.73.148.94 - - [23/Oct/2014:12:17:28 -0400] "GET //images/nav-right.png HTTP/1.1" 200 1282 "http://www.warnerconsultinggroup.com//css/style.css" "Mozilla/5.0 (Windows NT 5.1; rv:32.0) Gecko/20100101 Firefox/32.0"
182.73.148.94 - - [23/Oct/2014:12:17:28 -0400] "GET //images/nav-left.png HTTP/1.1" 200 1223 "http://www.warnerconsultinggroup.com//css/style.css" "Mozilla/5.0 (Windows NT 5.1; rv:32.0) Gecko/20100101 Firefox/32.0"
182.73.148.94 - - [23/Oct/2014:12:17:29 -0400] "GET / HTTP/1.1" 200 8829 "-" "Mozilla/5.0 (Windows NT 5.1; rv:32.0) Gecko/20100101 Firefox/32.0"
208.115.113.91 - - [23/Oct/2014:13:53:28 -0400] "GET /about_us/lighterside HTTP/1.1" 200 6782 "-" "Mozilla/5.0 (compatible; DotBot/1.1; http://www.opensiteexplorer.org/dotbot, help@moz.com)"
195.242.218.133 - - [23/Oct/2014:15:16:43 -0400] "GET / HTTP/1.1" 200 8829 "http://ehose-store.com/" "Mozilla/1.22 (compatible; MSIE 2.0d; Windows NT)"
195.242.218.133 - - [23/Oct/2014:15:16:44 -0400] "GET / HTTP/1.1" 200 8829 "http://ehose-store.com/" "Mozilla/1.22 (compatible; MSIE 2.0d; Windows NT)"
195.242.218.133 - - [23/Oct/2014:15:16:45 -0400] "GET / HTTP/1.1" 200 8829 "http://ehose-store.com/" "Mozilla/1.22 (compatible; MSIE 2.0d; Windows NT)"
66.249.65.147 - - [23/Oct/2014:16:16:36 -0400] "GET /robots.txt HTTP/1.1" 200 6782 "-" "Mozilla/5.0 (compatible; Googlebot/2.1; +http://www.google.com/bot.html)"
54.183.153.209 - - [23/Oct/2014:16:44:10 -0400] "HEAD / HTTP/1.1" 200 - "-" "Owler"
66.249.69.195 - - [23/Oct/2014:18:17:45 -0400] "GET /consulting HTTP/1.1" 200 14982 "-" "Mozilla/5.0 (compatible; Googlebot/2.1; +http://www.google.com/bot.html)"
96.254.233.81 - - [23/Oct/2014:18:52:19 -0400] "HEAD / HTTP/1.1" 200 - "-" "Spiceworks/7.2.00223"
207.46.13.7 - - [23/Oct/2014:19:56:21 -0400] "GET /downloads/news/Nov_2008_-_Full_Newsletter.pdf HTTP/1.1" 200 106477 "-" "Mozilla/5.0 (compatible; bingbot/2.0; +http://www.bing.com/bingbot.htm)"
183.60.214.111 - - [23/Oct/2014:20:09:22 -0400] "GET /www.elfiq.com HTTP/1.1" 200 6782 "-" "Mozilla/5.0 (compatible; EasouSpider; +http://www.easou.com/search/spider.html)"
208.115.111.75 - - [23/Oct/2014:21:45:09 -0400] "GET /robots.txt HTTP/1.1" 200 6782 "-" "Mozilla/5.0 (compatible; DotBot/1.1; http://www.opensiteexplorer.org/dotbot, help@moz.com)"
183.60.214.111 - - [23/Oct/2014:21:53:01 -0400] "GET /pages/1/index.php HTTP/1.1" 200 6782 "-" "Mozilla/5.0 (compatible; EasouSpider; +http://www.easou.com/search/spider.html)"
220.181.108.179 - - [23/Oct/2014:21:59:07 -0400] "GET / HTTP/1.1" 200 8829 "-" "Mozilla/5.0 (compatible; Baiduspider/2.0; +http://www.baidu.com/search/spider.html)"
174.16.48.224 - - [23/Oct/2014:22:30:50 -0400] "GET / HTTP/1.1" 200 8829 "https://www.google.com/" "Mozilla/5.0 (iPhone; CPU iPhone OS 7_1_2 like Mac OS X) AppleWebKit/537.51.2 (KHTML, like Gecko) Version/7.0 Mobile/11D257 Safari/9537.53"
174.16.48.224 - - [23/Oct/2014:22:30:52 -0400] "GET /css/style.css HTTP/1.1" 200 7000 "http://www.warnerconsultinggroup.com/" "Mozilla/5.0 (iPhone; CPU iPhone OS 7_1_2 like Mac OS X) AppleWebKit/537.51.2 (KHTML, like Gecko) Version/7.0 Mobile/11D257 Safari/9537.53"
174.16.48.224 - - [23/Oct/2014:22:30:52 -0400] "GET /css/dropdown/dropdown.css HTTP/1.1" 200 1026 "http://www.warnerconsultinggroup.com/" "Mozilla/5.0 (iPhone; CPU iPhone OS 7_1_2 like Mac OS X) AppleWebKit/537.51.2 (KHTML, like Gecko) Version/7.0 Mobile/11D257 Safari/9537.53"
174.16.48.224 - - [23/Oct/2014:22:30:52 -0400] "GET /css/dropdown/themes/nvidia.com/default.advanced.css HTTP/1.1" 200 1342 "http://www.warnerconsultinggroup.com/" "Mozilla/5.0 (iPhone; CPU iPhone OS 7_1_2 like Mac OS X) AppleWebKit/537.51.2 (KHTML, like Gecko) Version/7.0 Mobile/11D257 Safari/9537.53"
174.16.48.224 - - [23/Oct/2014:22:30:52 -0400] "GET /a.html HTTP/1.1" 200 1082 "http://www.warnerconsultinggroup.com/" "Mozilla/5.0 (iPhone; CPU iPhone OS 7_1_2 like Mac OS X) AppleWebKit/537.51.2 (KHTML, like Gecko) Version/7.0 Mobile/11D257 Safari/9537.53"
174.16.48.224 - - [23/Oct/2014:22:30:52 -0400] "GET /css/dropdown/themes/nvidia.com/default.css HTTP/1.1" 200 1866 "http://www.warnerconsultinggroup.com/" "Mozilla/5.0 (iPhone; CPU iPhone OS 7_1_2 like Mac OS X) AppleWebKit/537.51.2 (KHTML, like Gecko) Version/7.0 Mobile/11D257 Safari/9537.53"
174.16.48.224 - - [23/Oct/2014:22:30:52 -0400] "GET /Scripts/swfobject/swfobject.js HTTP/1.1" 200 9759 "http://www.warnerconsultinggroup.com/a.html" "Mozilla/5.0 (iPhone; CPU iPhone OS 7_1_2 like Mac OS X) AppleWebKit/537.51.2 (KHTML, like Gecko) Version/7.0 Mobile/11D257 Safari/9537.53"
174.16.48.224 - - [23/Oct/2014:22:30:52 -0400] "GET /images/logo.jpg HTTP/1.1" 200 6004 "http://www.warnerconsultinggroup.com/" "Mozilla/5.0 (iPhone; CPU iPhone OS 7_1_2 like Mac OS X) AppleWebKit/537.51.2 (KHTML, like Gecko) Version/7.0 Mobile/11D257 Safari/9537.53"
174.16.48.224 - - [23/Oct/2014:22:30:52 -0400] "GET /images/social-head.png HTTP/1.1" 200 2344 "http://www.warnerconsultinggroup.com/" "Mozilla/5.0 (iPhone; CPU iPhone OS 7_1_2 like Mac OS X) AppleWebKit/537.51.2 (KHTML, like Gecko) Version/7.0 Mobile/11D257 Safari/9537.53"
174.16.48.224 - - [23/Oct/2014:22:30:52 -0400] "GET /images/fb.png HTTP/1.1" 200 1264 "http://www.warnerconsultinggroup.com/" "Mozilla/5.0 (iPhone; CPU iPhone OS 7_1_2 like Mac OS X) AppleWebKit/537.51.2 (KHTML, like Gecko) Version/7.0 Mobile/11D257 Safari/9537.53"
174.16.48.224 - - [23/Oct/2014:22:30:52 -0400] "GET /images/twitr.png HTTP/1.1" 200 1543 "http://www.warnerconsultinggroup.com/" "Mozilla/5.0 (iPhone; CPU iPhone OS 7_1_2 like Mac OS X) AppleWebKit/537.51.2 (KHTML, like Gecko) Version/7.0 Mobile/11D257 Safari/9537.53"
174.16.48.224 - - [23/Oct/2014:22:30:52 -0400] "GET /images/btn-readmore.jpg HTTP/1.1" 200 1587 "http://www.warnerconsultinggroup.com/" "Mozilla/5.0 (iPhone; CPU iPhone OS 7_1_2 like Mac OS X) AppleWebKit/537.51.2 (KHTML, like Gecko) Version/7.0 Mobile/11D257 Safari/9537.53"
174.16.48.224 - - [23/Oct/2014:22:30:52 -0400] "GET /images/gallery/services-1.jpg HTTP/1.1" 200 14545 "http://www.warnerconsultinggroup.com/" "Mozilla/5.0 (iPhone; CPU iPhone OS 7_1_2 like Mac OS X) AppleWebKit/537.51.2 (KHTML, like Gecko) Version/7.0 Mobile/11D257 Safari/9537.53"
174.16.48.224 - - [23/Oct/2014:22:30:52 -0400] "GET /images/gallery/services-2.jpg HTTP/1.1" 200 13974 "http://www.warnerconsultinggroup.com/" "Mozilla/5.0 (iPhone; CPU iPhone OS 7_1_2 like Mac OS X) AppleWebKit/537.51.2 (KHTML, like Gecko) Version/7.0 Mobile/11D257 Safari/9537.53"
174.16.48.224 - - [23/Oct/2014:22:30:52 -0400] "GET /images/gallery/services-3.jpg HTTP/1.1" 200 16546 "http://www.warnerconsultinggroup.com/" "Mozilla/5.0 (iPhone; CPU iPhone OS 7_1_2 like Mac OS X) AppleWebKit/537.51.2 (KHTML, like Gecko) Version/7.0 Mobile/11D257 Safari/9537.53"
174.16.48.224 - - [23/Oct/2014:22:30:53 -0400] "GET /images/bg.jpg HTTP/1.1" 200 94591 "http://www.warnerconsultinggroup.com/" "Mozilla/5.0 (iPhone; CPU iPhone OS 7_1_2 like Mac OS X) AppleWebKit/537.51.2 (KHTML, like Gecko) Version/7.0 Mobile/11D257 Safari/9537.53"
174.16.48.224 - - [23/Oct/2014:22:30:53 -0400] "GET /images/social-bg.png HTTP/1.1" 200 3056 "http://www.warnerconsultinggroup.com/" "Mozilla/5.0 (iPhone; CPU iPhone OS 7_1_2 like Mac OS X) AppleWebKit/537.51.2 (KHTML, like Gecko) Version/7.0 Mobile/11D257 Safari/9537.53"
