0byt3m1n1
Path:
/
data
/
0
/
0
/
69
/
144
/
69470
/
meta
/
70706
/
logs
/
[
Home
]
File: x-access_log.2013-08-11
142.0.139.162 - - [11/Aug/2013:23:18:00 -0400] "GET /wordpress1/guestbook/guestbook-archives/ HTTP/1.0" 200 70866 "http://jodyyoung.com/wordpress1/guestbook/guestbook-archives/" "Opera/9.80 (Windows NT 6.2; U; en) Presto/2.10.289 Version/12.02"
142.0.139.162 - - [11/Aug/2013:23:18:03 -0400] "POST /wordpress1/wp-comments-post.php HTTP/1.0" 403 4134 "http://jodyyoung.com/wordpress1/guestbook/" "Mozilla/5.0 (Windows NT 5.1; rv:7.0.1) Gecko/20100101 Firefox/7.0.1"
90.19.106.252 - - [11/Aug/2013:14:16:36 -0400] "GET /wordpress1/wp-content/plugins/flash-album-gallery/admin/js/swfobject.js HTTP/1.1" 200 11754 "http://jodyyoung.com/wordpress1/flagallery/utah-photos/" "Mozilla/5.0 (Windows NT 5.1; rv:23.0) Gecko/20100101 Firefox/23.0"
90.19.106.252 - - [11/Aug/2013:14:16:37 -0400] "GET /wordpress1/wp-content/plugins/flash-album-gallery/admin/js/photoswipe/code.photoswipe.jquery-3.0.5.min.js HTTP/1.1" 200 77126 "http://jodyyoung.com/wordpress1/flagallery/utah-photos/" "Mozilla/5.0 (Windows NT 5.1; rv:23.0) Gecko/20100101 Firefox/23.0"
188.163.4.92 - - [11/Aug/2013:09:09:12 -0400] "GET /wordpress1/ HTTP/1.0" 301 - "http://www.jodyyoung.com/wordpress1/" "Opera/9.80 (Windows NT 6.1; MRA 6.0 (build 6001)) Presto/2.12.388 Version/12.10"
188.163.4.92 - - [11/Aug/2013:09:09:20 -0400] "POST /wordpress1/wp-comments-post.php HTTP/1.0" 500 4120 "http://jodyyoung.com/wordpress1/guestbook/" "Opera/9.80 (Windows NT 6.1; MRA 6.0 (build 6001)) Presto/2.12.388 Version/12.10"
218.30.103.156 - - [11/Aug/2013:10:14:31 -0400] "GET /robots.txt HTTP/1.1" 404 575 "-" "Sogou web spider/4.0"
218.30.103.156 - - [11/Aug/2013:10:15:20 -0400] "GET /wordpress1/ HTTP/1.1" 200 58297 "-" "Sogou web spider/4.0(+http://www.sogou.com/docs/help/webmasters.htm#07)"
82.16.212.140 - - [11/Aug/2013:10:59:32 -0400] "GET /wordpress1/wp-content/ata-images/jyat-logo1.jpg HTTP/1.1" 200 10086 "http://jodyyoung.com/wordpress1/" "Mozilla/5.0 (Windows NT 6.0) AppleWebKit/537.36 (KHTML, like Gecko) Chrome/28.0.1500.95 Safari/537.36"
82.16.212.140 - - [11/Aug/2013:10:59:32 -0400] "GET /wordpress1/wp-content/plugins/kino-event-calendar-plugin/rpc.php?action=get_events&start=1374966000000&end=1378594800000&event_id=null HTTP/1.1" 200 3609 "http://jodyyoung.com/wordpress1/" "Mozilla/5.0 (Windows NT 6.0) AppleWebKit/537.36 (KHTML, like Gecko) Chrome/28.0.1500.95 Safari/537.36"
78.146.94.66 - - [11/Aug/2013:11:01:21 -0400] "GET /wordpress1/wp-content/plugins/kino-event-calendar-plugin/js/tools.tooptip.slide-1.0.0.min.js HTTP/1.1" 200 1087 "http://jodyyoung.com/wordpress1/" "Mozilla/5.0 (Linux; U; Android 4.1.2; en-gb; GT-I8190N Build/JZO54K) AppleWebKit/534.30 (KHTML, like Gecko) Version/4.0 Mobile Safari/534.30"
82.132.237.101 - - [11/Aug/2013:11:17:06 -0400] "GET /wordpress1/wp-content/plugins/flash-album-gallery/admin/js/swfobject.js?ver=2.2 HTTP/1.1" 200 11754 "-" "Mozilla/5.0 (Linux; Android 4.2.2; en-gb; SAMSUNG GT-I9505 Build/JDQ39) AppleWebKit/535.19 (KHTML, like Gecko) Version/1.0 Chrome/18.0.1025.308 Mobile Safari/535.19"
82.132.237.101 - - [11/Aug/2013:11:17:09 -0400] "GET /wordpress1/wp-content/themes/atahualpa/images/inputbackgr.gif HTTP/1.1" 200 4765 "http://jodyyoung.com/wordpress1/" "Mozilla/5.0 (Linux; Android 4.2.2; en-gb; SAMSUNG GT-I9505 Build/JDQ39) AppleWebKit/535.19 (KHTML, like Gecko) Version/1.0 Chrome/18.0.1025.308 Mobile Safari/535.19"
82.132.237.101 - - [11/Aug/2013:11:17:11 -0400] "GET /wordpress1/wp-content/themes/atahualpa/images/expand-down.gif HTTP/1.1" 200 57 "http://jodyyoung.com/wordpress1/" "Mozilla/5.0 (Linux; Android 4.2.2; en-gb; SAMSUNG GT-I9505 Build/JDQ39) AppleWebKit/535.19 (KHTML, like Gecko) Version/1.0 Chrome/18.0.1025.308 Mobile Safari/535.19"
5.10.83.60 - - [11/Aug/2013:00:08:25 -0400] "GET /wordpress1/wp-content/flagallery/colorado-photos/p9210040ao.jpg HTTP/1.1" 200 356062 "-" "Mozilla/5.0 (compatible; AhrefsBot/5.0; +http://ahrefs.com/robot/)"
108.5.131.146 - - [11/Aug/2013:15:39:12 -0400] "GET /wordpress1/wp-content/plugins/flash-album-gallery/admin/js/flagscroll.js?ver=1.0 HTTP/1.1" 200 955 "-" "panscient.com"
108.5.131.146 - - [11/Aug/2013:15:39:13 -0400] "GET /wordpress1/wp-content/plugins/kino-event-calendar-plugin/js/tools.tooltip.dynamic-1.0.1.min.js HTTP/1.1" 200 1928 "-" "panscient.com"
108.5.131.146 - - [11/Aug/2013:15:39:14 -0400] "GET /wordpress1/wp-content/plugins/flash-album-gallery/admin/js/?MMplayerType= HTTP/1.1" 403 660 "-" "panscient.com"
65.55.215.96 - - [11/Aug/2013:16:23:40 -0400] "GET /robots.txt HTTP/1.1" 404 575 "-" "msnbot-media/1.1 (+http://search.msn.com/msnbot.htm)"
142.0.139.162 - - [11/Aug/2013:17:11:41 -0400] "GET /wordpress1/guestbook/guestbook-archives/ HTTP/1.0" 200 70866 "http://jodyyoung.com/wordpress1/guestbook/guestbook-archives/#comment-304" "Mozilla/5.0 (Windows NT 5.1; rv:16.0) Gecko/20100101 Firefox/16.0"
10.30.72.4 - - [11/Aug/2013:06:28:46 -0400] "POST /wordpress1/wp-cron.php?doing_wp_cron=1376216926.7863159179687500000000 HTTP/1.0" 200 - "-" "WordPress/3.5.2; http://jodyyoung.com/wordpress1"
91.236.74.95 - - [11/Aug/2013:04:17:22 -0400] "POST /wordpress1/wp-comments-post.php HTTP/1.0" 500 4120 "http://jodyyoung.com/wordpress1/guestbook/guestbook-archives/" "Mozilla/5.0 (Windows NT 6.1; WOW64) AppleWebKit/535.19 (KHTML, like Gecko) Chrome/18.0.1025.1634 Safari/535.19 YE"
142.0.139.162 - - [11/Aug/2013:19:19:29 -0400] "GET /wordpress1/guestbook/guestbook-archives/ HTTP/1.0" 200 70866 "http://jodyyoung.com/wordpress1/guestbook/guestbook-archives/#comment-304" "Opera/9.80 (Windows NT 5.1; U; ru) Presto/2.10.289 Version/12.01"
110.85.250.75 - - [11/Aug/2013:19:33:29 -0400] "GET /wordpress1/guestbook/ HTTP/1.1" 200 59403 "-" "Mozilla/4.0 (compatible; MSIE 6.0; Windows NT 5.1; SV1; Mozilla/4.0 (compatible; MSIE 6.0; Windows NT 5.1; SV1) )"
193.105.210.216 - - [11/Aug/2013:19:51:58 -0400] "POST /wordpress1/wp-comments-post.php HTTP/1.0" 500 4120 "http://jodyyoung.com/wordpress1/2013/04/13/arches-canyonlands/" "Mozilla/5.0 (Windows NT 6.1; WOW64; rv:18.0) Gecko/20100101 Firefox/18.0"
10.30.72.4 - - [11/Aug/2013:17:26:02 -0400] "POST /wordpress1/wp-cron.php?doing_wp_cron=1376256362.1211359500885009765625 HTTP/1.0" 200 - "-" "WordPress/3.5.2; http://jodyyoung.com/wordpress1"
180.76.5.140 - - [11/Aug/2013:10:08:34 -0400] "GET /customtours.html HTTP/1.1" 200 13273 "-" "Mozilla/5.0 (compatible; Baiduspider/2.0; +http://www.baidu.com/search/spider.html)"
82.16.212.140 - - [11/Aug/2013:10:50:12 -0400] "GET /wordpress1/wp-content/plugins/flash-album-gallery/admin/js/swfobject.js?ver=2.2 HTTP/1.1" 200 11754 "http://jodyyoung.com/wordpress1/" "Mozilla/5.0 (iPhone; CPU iPhone OS 6_1_3 like Mac OS X) AppleWebKit/536.26 (KHTML, like Gecko) Version/6.0 Mobile/10B329 Safari/8536.25"
78.146.94.66 - - [11/Aug/2013:11:01:19 -0400] "GET /wordpress1/ HTTP/1.1" 200 58293 "-" "Mozilla/5.0 (Linux; U; Android 4.1.2; en-gb; GT-I8190N Build/JZO54K) AppleWebKit/534.30 (KHTML, like Gecko) Version/4.0 Mobile Safari/534.30"
142.0.139.162 - - [11/Aug/2013:23:18:26 -0400] "GET /wordpress1/guestbook/ HTTP/1.0" 200 59403 "http://jodyyoung.com/wordpress1/guestbook/" "Mozilla/5.0 (Windows NT 6.1; rv:10.0.2) Gecko/20100101 Firefox/10.0.2"
142.0.139.162 - - [11/Aug/2013:23:31:14 -0400] "POST /wordpress1/wp-comments-post.php HTTP/1.0" 302 - "http://jodyyoung.com/wordpress1/guestbook/guestbook-archives/#comment-304" "Mozilla/5.0 (Windows NT 6.1; WOW64) AppleWebKit/535.19 (KHTML, like Gecko) Chrome/18.0.1025.152 Safari/535.19 CoolNovo/2.0.3.55"
142.0.139.162 - - [11/Aug/2013:23:31:16 -0400] "GET /wordpress1/guestbook/guestbook-archives/ HTTP/1.0" 200 90413 "http://jodyyoung.com/wordpress1/guestbook/guestbook-archives/#comment-351" "Mozilla/5.0 (Windows NT 6.1; WOW64) AppleWebKit/535.19 (KHTML, like Gecko) Chrome/18.0.1025.152 Safari/535.19 CoolNovo/2.0.3.55"
142.0.139.162 - - [11/Aug/2013:23:18:00 -0400] "GET /wordpress1/guestbook/guestbook-archives/ HTTP/1.0" 200 70866 "http://jodyyoung.com/wordpress1/guestbook/guestbook-archives/" "Opera/9.80 (Windows NT 6.2; U; en) Presto/2.10.289 Version/12.02"
142.0.139.162 - - [11/Aug/2013:23:18:03 -0400] "POST /wordpress1/wp-comments-post.php HTTP/1.0" 403 4134 "http://jodyyoung.com/wordpress1/guestbook/" "Mozilla/5.0 (Windows NT 5.1; rv:7.0.1) Gecko/20100101 Firefox/7.0.1"
90.19.106.252 - - [11/Aug/2013:14:16:36 -0400] "GET /wordpress1/wp-content/plugins/flash-album-gallery/admin/js/swfobject.js HTTP/1.1" 200 11754 "http://jodyyoung.com/wordpress1/flagallery/utah-photos/" "Mozilla/5.0 (Windows NT 5.1; rv:23.0) Gecko/20100101 Firefox/23.0"
90.19.106.252 - - [11/Aug/2013:14:16:37 -0400] "GET /wordpress1/wp-content/plugins/flash-album-gallery/admin/js/photoswipe/code.photoswipe.jquery-3.0.5.min.js HTTP/1.1" 200 77126 "http://jodyyoung.com/wordpress1/flagallery/utah-photos/" "Mozilla/5.0 (Windows NT 5.1; rv:23.0) Gecko/20100101 Firefox/23.0"
188.163.4.92 - - [11/Aug/2013:09:09:12 -0400] "GET /wordpress1/ HTTP/1.0" 301 - "http://www.jodyyoung.com/wordpress1/" "Opera/9.80 (Windows NT 6.1; MRA 6.0 (build 6001)) Presto/2.12.388 Version/12.10"
188.163.4.92 - - [11/Aug/2013:09:09:20 -0400] "POST /wordpress1/wp-comments-post.php HTTP/1.0" 500 4120 "http://jodyyoung.com/wordpress1/guestbook/" "Opera/9.80 (Windows NT 6.1; MRA 6.0 (build 6001)) Presto/2.12.388 Version/12.10"
218.30.103.156 - - [11/Aug/2013:10:14:31 -0400] "GET /robots.txt HTTP/1.1" 404 575 "-" "Sogou web spider/4.0"
218.30.103.156 - - [11/Aug/2013:10:15:20 -0400] "GET /wordpress1/ HTTP/1.1" 200 58297 "-" "Sogou web spider/4.0(+http://www.sogou.com/docs/help/webmasters.htm#07)"
82.16.212.140 - - [11/Aug/2013:10:59:32 -0400] "GET /wordpress1/wp-content/ata-images/jyat-logo1.jpg HTTP/1.1" 200 10086 "http://jodyyoung.com/wordpress1/" "Mozilla/5.0 (Windows NT 6.0) AppleWebKit/537.36 (KHTML, like Gecko) Chrome/28.0.1500.95 Safari/537.36"
82.16.212.140 - - [11/Aug/2013:10:59:32 -0400] "GET /wordpress1/wp-content/plugins/kino-event-calendar-plugin/rpc.php?action=get_events&start=1374966000000&end=1378594800000&event_id=null HTTP/1.1" 200 3609 "http://jodyyoung.com/wordpress1/" "Mozilla/5.0 (Windows NT 6.0) AppleWebKit/537.36 (KHTML, like Gecko) Chrome/28.0.1500.95 Safari/537.36"
78.146.94.66 - - [11/Aug/2013:11:01:21 -0400] "GET /wordpress1/wp-content/plugins/kino-event-calendar-plugin/js/tools.tooptip.slide-1.0.0.min.js HTTP/1.1" 200 1087 "http://jodyyoung.com/wordpress1/" "Mozilla/5.0 (Linux; U; Android 4.1.2; en-gb; GT-I8190N Build/JZO54K) AppleWebKit/534.30 (KHTML, like Gecko) Version/4.0 Mobile Safari/534.30"
82.132.237.101 - - [11/Aug/2013:11:17:06 -0400] "GET /wordpress1/wp-content/plugins/flash-album-gallery/admin/js/swfobject.js?ver=2.2 HTTP/1.1" 200 11754 "-" "Mozilla/5.0 (Linux; Android 4.2.2; en-gb; SAMSUNG GT-I9505 Build/JDQ39) AppleWebKit/535.19 (KHTML, like Gecko) Version/1.0 Chrome/18.0.1025.308 Mobile Safari/535.19"
82.132.237.101 - - [11/Aug/2013:11:17:09 -0400] "GET /wordpress1/wp-content/themes/atahualpa/images/inputbackgr.gif HTTP/1.1" 200 4765 "http://jodyyoung.com/wordpress1/" "Mozilla/5.0 (Linux; Android 4.2.2; en-gb; SAMSUNG GT-I9505 Build/JDQ39) AppleWebKit/535.19 (KHTML, like Gecko) Version/1.0 Chrome/18.0.1025.308 Mobile Safari/535.19"
82.132.237.101 - - [11/Aug/2013:11:17:11 -0400] "GET /wordpress1/wp-content/themes/atahualpa/images/expand-down.gif HTTP/1.1" 200 57 "http://jodyyoung.com/wordpress1/" "Mozilla/5.0 (Linux; Android 4.2.2; en-gb; SAMSUNG GT-I9505 Build/JDQ39) AppleWebKit/535.19 (KHTML, like Gecko) Version/1.0 Chrome/18.0.1025.308 Mobile Safari/535.19"
5.10.83.60 - - [11/Aug/2013:00:08:25 -0400] "GET /wordpress1/wp-content/flagallery/colorado-photos/p9210040ao.jpg HTTP/1.1" 200 356062 "-" "Mozilla/5.0 (compatible; AhrefsBot/5.0; +http://ahrefs.com/robot/)"
108.5.131.146 - - [11/Aug/2013:15:39:12 -0400] "GET /wordpress1/wp-content/plugins/flash-album-gallery/admin/js/flagscroll.js?ver=1.0 HTTP/1.1" 200 955 "-" "panscient.com"
108.5.131.146 - - [11/Aug/2013:15:39:13 -0400] "GET /wordpress1/wp-content/plugins/kino-event-calendar-plugin/js/tools.tooltip.dynamic-1.0.1.min.js HTTP/1.1" 200 1928 "-" "panscient.com"
108.5.131.146 - - [11/Aug/2013:15:39:14 -0400] "GET /wordpress1/wp-content/plugins/flash-album-gallery/admin/js/?MMplayerType= HTTP/1.1" 403 660 "-" "panscient.com"
65.55.215.96 - - [11/Aug/2013:16:23:40 -0400] "GET /robots.txt HTTP/1.1" 404 575 "-" "msnbot-media/1.1 (+http://search.msn.com/msnbot.htm)"
142.0.139.162 - - [11/Aug/2013:17:11:41 -0400] "GET /wordpress1/guestbook/guestbook-archives/ HTTP/1.0" 200 70866 "http://jodyyoung.com/wordpress1/guestbook/guestbook-archives/#comment-304" "Mozilla/5.0 (Windows NT 5.1; rv:16.0) Gecko/20100101 Firefox/16.0"
10.30.72.4 - - [11/Aug/2013:06:28:46 -0400] "POST /wordpress1/wp-cron.php?doing_wp_cron=1376216926.7863159179687500000000 HTTP/1.0" 200 - "-" "WordPress/3.5.2; http://jodyyoung.com/wordpress1"
91.236.74.95 - - [11/Aug/2013:04:17:22 -0400] "POST /wordpress1/wp-comments-post.php HTTP/1.0" 500 4120 "http://jodyyoung.com/wordpress1/guestbook/guestbook-archives/" "Mozilla/5.0 (Windows NT 6.1; WOW64) AppleWebKit/535.19 (KHTML, like Gecko) Chrome/18.0.1025.1634 Safari/535.19 YE"
142.0.139.162 - - [11/Aug/2013:19:19:29 -0400] "GET /wordpress1/guestbook/guestbook-archives/ HTTP/1.0" 200 70866 "http://jodyyoung.com/wordpress1/guestbook/guestbook-archives/#comment-304" "Opera/9.80 (Windows NT 5.1; U; ru) Presto/2.10.289 Version/12.01"
110.85.250.75 - - [11/Aug/2013:19:33:29 -0400] "GET /wordpress1/guestbook/ HTTP/1.1" 200 59403 "-" "Mozilla/4.0 (compatible; MSIE 6.0; Windows NT 5.1; SV1; Mozilla/4.0 (compatible; MSIE 6.0; Windows NT 5.1; SV1) )"
193.105.210.216 - - [11/Aug/2013:19:51:58 -0400] "POST /wordpress1/wp-comments-post.php HTTP/1.0" 500 4120 "http://jodyyoung.com/wordpress1/2013/04/13/arches-canyonlands/" "Mozilla/5.0 (Windows NT 6.1; WOW64; rv:18.0) Gecko/20100101 Firefox/18.0"
10.30.72.4 - - [11/Aug/2013:17:26:02 -0400] "POST /wordpress1/wp-cron.php?doing_wp_cron=1376256362.1211359500885009765625 HTTP/1.0" 200 - "-" "WordPress/3.5.2; http://jodyyoung.com/wordpress1"
180.76.5.140 - - [11/Aug/2013:10:08:34 -0400] "GET /customtours.html HTTP/1.1" 200 13273 "-" "Mozilla/5.0 (compatible; Baiduspider/2.0; +http://www.baidu.com/search/spider.html)"
82.16.212.140 - - [11/Aug/2013:10:50:12 -0400] "GET /wordpress1/wp-content/plugins/flash-album-gallery/admin/js/swfobject.js?ver=2.2 HTTP/1.1" 200 11754 "http://jodyyoung.com/wordpress1/" "Mozilla/5.0 (iPhone; CPU iPhone OS 6_1_3 like Mac OS X) AppleWebKit/536.26 (KHTML, like Gecko) Version/6.0 Mobile/10B329 Safari/8536.25"
78.146.94.66 - - [11/Aug/2013:11:01:19 -0400] "GET /wordpress1/ HTTP/1.1" 200 58293 "-" "Mozilla/5.0 (Linux; U; Android 4.1.2; en-gb; GT-I8190N Build/JZO54K) AppleWebKit/534.30 (KHTML, like Gecko) Version/4.0 Mobile Safari/534.30"
142.0.139.162 - - [11/Aug/2013:23:18:26 -0400] "GET /wordpress1/guestbook/ HTTP/1.0" 200 59403 "http://jodyyoung.com/wordpress1/guestbook/" "Mozilla/5.0 (Windows NT 6.1; rv:10.0.2) Gecko/20100101 Firefox/10.0.2"
142.0.139.162 - - [11/Aug/2013:23:31:14 -0400] "POST /wordpress1/wp-comments-post.php HTTP/1.0" 302 - "http://jodyyoung.com/wordpress1/guestbook/guestbook-archives/#comment-304" "Mozilla/5.0 (Windows NT 6.1; WOW64) AppleWebKit/535.19 (KHTML, like Gecko) Chrome/18.0.1025.152 Safari/535.19 CoolNovo/2.0.3.55"
142.0.139.162 - - [11/Aug/2013:23:31:16 -0400] "GET /wordpress1/guestbook/guestbook-archives/ HTTP/1.0" 200 90413 "http://jodyyoung.com/wordpress1/guestbook/guestbook-archives/#comment-351" "Mozilla/5.0 (Windows NT 6.1; WOW64) AppleWebKit/535.19 (KHTML, like Gecko) Chrome/18.0.1025.152 Safari/535.19 CoolNovo/2.0.3.55"
108.5.131.146 - - [11/Aug/2013:15:40:27 -0400] "GET /wordpress1/wp-content/plugins/flash-album-gallery/admin/js/script.js HTTP/1.1" 200 12897 "-" "panscient.com"
97.122.76.64 - - [11/Aug/2013:15:47:52 -0400] "GET /wordpress1/wp-content/flagallery/jodys-world/pa160020ao.jpg HTTP/1.1" 200 392638 "-" "Mozilla/5.0 (iPad; CPU OS 6_1_3 like Mac OS X) AppleWebKit/536.26 (KHTML, like Gecko) Version/6.0 Mobile/10B329 Safari/8536.25"
82.28.102.238 - - [11/Aug/2013:17:26:03 -0400] "GET /wordpress1/ HTTP/1.1" 200 58295 "-" "Mozilla/5.0 (iPhone; CPU iPhone OS 6_1_3 like Mac OS X) AppleWebKit/536.26 (KHTML, like Gecko) Version/6.0 Mobile/10B329 Safari/8536.25"
82.28.102.238 - - [11/Aug/2013:17:26:05 -0400] "GET /wordpress1/wp-content/plugins/kino-event-calendar-plugin/js/tools.tooptip.slide-1.0.0.min.js HTTP/1.1" 200 1087 "http://jodyyoung.com/wordpress1/" "Mozilla/5.0 (iPhone; CPU iPhone OS 6_1_3 like Mac OS X) AppleWebKit/536.26 (KHTML, like Gecko) Version/6.0 Mobile/10B329 Safari/8536.25"
82.28.102.238 - - [11/Aug/2013:17:26:05 -0400] "GET /wordpress1/wp-content/plugins/kino-event-calendar-plugin/js/tools.tooltip.dynamic-1.0.1.min.js HTTP/1.1" 200 1928 "http://jodyyoung.com/wordpress1/" "Mozilla/5.0 (iPhone; CPU iPhone OS 6_1_3 like Mac OS X) AppleWebKit/536.26 (KHTML, like Gecko) Version/6.0 Mobile/10B329 Safari/8536.25"
82.28.102.238 - - [11/Aug/2013:17:26:05 -0400] "GET /wordpress1/wp-content/plugins/kino-event-calendar-plugin/js/calendar.js HTTP/1.1" 200 79688 "http://jodyyoung.com/wordpress1/" "Mozilla/5.0 (iPhone; CPU iPhone OS 6_1_3 like Mac OS X) AppleWebKit/536.26 (KHTML, like Gecko) Version/6.0 Mobile/10B329 Safari/8536.25"
188.163.4.92 - - [11/Aug/2013:19:04:50 -0400] "GET /wordpress1/ HTTP/1.0" 301 - "http://www.jodyyoung.com/wordpress1/" "Opera/9.80 (Windows NT 6.1; U; ru) Presto/2.10.229 Version/11.64"
75.38.164.80 - - [11/Aug/2013:13:32:05 -0400] "GET /wordpress1/ HTTP/1.1" 200 58293 "http://jodyyoung.com/wordpress1/guestbook/" "Mozilla/5.0 (compatible; MSIE 10.0; Windows NT 6.1; WOW64; Trident/6.0)"
82.16.212.140 - - [11/Aug/2013:10:50:12 -0400] "GET /wordpress1/wp-content/themes/atahualpa/js/DD_roundies.js?ver=0.0.2a HTTP/1.1" 200 16853 "http://jodyyoung.com/wordpress1/" "Mozilla/5.0 (iPhone; CPU iPhone OS 6_1_3 like Mac OS X) AppleWebKit/536.26 (KHTML, like Gecko) Version/6.0 Mobile/10B329 Safari/8536.25"
82.16.212.140 - - [11/Aug/2013:10:50:12 -0400] "GET /wordpress1/wp-content/plugins/kino-event-calendar-plugin/css/main.css HTTP/1.1" 200 710 "http://jodyyoung.com/wordpress1/" "Mozilla/5.0 (iPhone; CPU iPhone OS 6_1_3 like Mac OS X) AppleWebKit/536.26 (KHTML, like Gecko) Version/6.0 Mobile/10B329 Safari/8536.25"
82.16.212.140 - - [11/Aug/2013:10:50:29 -0400] "GET /wordpress1/wp-content/plugins/kino-event-calendar-plugin/rpc.php?action=get_events&start=1374966000000&end=1378594800000&event_id=null HTTP/1.1" 200 3609 "http://jodyyoung.com/wordpress1/" "Mozilla/5.0 (iPhone; CPU iPhone OS 6_1_3 like Mac OS X) AppleWebKit/536.26 (KHTML, like Gecko) Version/6.0 Mobile/10B329 Safari/8536.25"
82.16.212.140 - - [11/Aug/2013:10:50:30 -0400] "GET /wordpress1/wp-content/themes/atahualpa/images/header/jyatHD18.jpg HTTP/1.1" 200 59501 "http://jodyyoung.com/wordpress1/" "Mozilla/5.0 (iPhone; CPU iPhone OS 6_1_3 like Mac OS X) AppleWebKit/536.26 (KHTML, like Gecko) Version/6.0 Mobile/10B329 Safari/8536.25"
82.16.212.140 - - [11/Aug/2013:10:58:37 -0400] "GET /wordpress1/wp-content/plugins/kino-event-calendar-plugin/rpc.php?action=get_events&start=1374966000000&end=1378594800000&event_id=null HTTP/1.1" 200 3609 "http://jodyyoung.com/wordpress1/?s=Tom+Adams" "Mozilla/5.0 (iPhone; CPU iPhone OS 6_1_3 like Mac OS X) AppleWebKit/536.26 (KHTML, like Gecko) Version/6.0 Mobile/10B329 Safari/8536.25"
78.146.94.66 - - [11/Aug/2013:11:01:28 -0400] "GET /wordpress1/wp-content/themes/atahualpa/images/inputbackgr.gif HTTP/1.1" 200 4765 "http://jodyyoung.com/wordpress1/" "Mozilla/5.0 (Linux; U; Android 4.1.2; en-gb; GT-I8190N Build/JZO54K) AppleWebKit/534.30 (KHTML, like Gecko) Version/4.0 Mobile Safari/534.30"
142.0.139.162 - - [11/Aug/2013:21:58:30 -0400] "GET /wordpress1/guestbook/guestbook-archives/ HTTP/1.0" 200 82650 "http://jodyyoung.com/wordpress1/guestbook/guestbook-archives/#comment-346" "Mozilla/5.0 (Windows NT 6.1; rv:9.0.1) Gecko/20100101 Firefox/9.0.1"
66.249.75.184 - - [11/Aug/2013:22:14:15 -0400] "GET /wordpress1/wp-content/plugins/kino-event-calendar-plugin/css/calendar.css HTTP/1.1" 200 10091 "-" "Mozilla/5.0 (compatible; Googlebot/2.1; +http://www.google.com/bot.html)"
142.0.139.162 - - [11/Aug/2013:23:18:44 -0400] "POST /wordpress1/wp-comments-post.php HTTP/1.0" 403 4134 "http://jodyyoung.com/wordpress1/gallery/" "Mozilla/5.0 (Windows NT 6.1; rv:14.0) Gecko/20100101 Firefox/14.0.1"
142.0.139.162 - - [11/Aug/2013:23:18:45 -0400] "GET /wordpress1/guestbook/ HTTP/1.0" 200 64793 "http://jodyyoung.com/wordpress1/guestbook/#comment-350" "Opera/9.80 (Windows NT 6.1; MRA 6.0 (build 6001)) Presto/2.12.388 Version/12.10"
188.163.4.92 - - [11/Aug/2013:08:12:36 -0400] "GET / HTTP/1.0" 301 244 "http://www.jodyyoung.com/" "Mozilla/4.0 (compatible; MSIE 8.0; Windows NT 5.1; Trident/4.0; .NET CLR 1.1.4322; .NET CLR 2.0.50727; .NET CLR 3.0.4506.2152; .NET CLR 3.5.30729)"
199.30.20.106 - - [11/Aug/2013:01:00:43 -0400] "GET /robots.txt HTTP/1.1" 404 575 "-" "msnbot-media/1.1 (+http://search.msn.com/msnbot.htm)"
65.55.215.70 - - [11/Aug/2013:02:54:19 -0400] "GET /robots.txt HTTP/1.1" 404 575 "-" "msnbot-media/1.1 (+http://search.msn.com/msnbot.htm)"
75.38.164.80 - - [11/Aug/2013:13:29:45 -0400] "GET /wordpress1/wp-content/uploads/2011/11/g_karen.jpg HTTP/1.1" 200 25592 "http://jodyyoung.com/wordpress1/our-guides/" "Mozilla/5.0 (compatible; MSIE 10.0; Windows NT 6.1; WOW64; Trident/6.0)"
75.38.164.80 - - [11/Aug/2013:13:31:50 -0400] "GET /wordpress1/wp-content/flagallery/jodys-world/s1010002a.jpg HTTP/1.1" 200 567507 "http://jodyyoung.com/wordpress1/wp-content/plugins/flagallery-skins/green_style/gallery.swf" "Mozilla/5.0 (compatible; MSIE 10.0; Windows NT 6.1; WOW64; Trident/6.0)"
198.228.228.164 - - [11/Aug/2013:14:28:41 -0400] "GET /wordpress1/wp-content/uploads/2011/11/ak_10-2646a.jpg HTTP/1.1" 200 11559 "-" "Mozilla/5.0 (iPad; CPU OS 6_1_3 like Mac OS X) AppleWebKit/536.26 (KHTML, like Gecko) Version/6.0 Mobile/10B329 Safari/8536.25"
218.30.103.156 - - [11/Aug/2013:10:14:28 -0400] "GET / HTTP/1.1" 301 244 "-" "Sogou web spider/4.0(+http://www.sogou.com/docs/help/webmasters.htm#07)"
78.146.94.66 - - [11/Aug/2013:11:01:21 -0400] "GET /wordpress1/wp-content/plugins/kino-event-calendar-plugin/js/tools.tooltip-1.1.2.js HTTP/1.1" 200 8427 "http://jodyyoung.com/wordpress1/" "Mozilla/5.0 (Linux; U; Android 4.1.2; en-gb; GT-I8190N Build/JZO54K) AppleWebKit/534.30 (KHTML, like Gecko) Version/4.0 Mobile Safari/534.30"
78.146.94.66 - - [11/Aug/2013:11:01:28 -0400] "GET /wordpress1/wp-content/ata-images/jyat-logo1.jpg HTTP/1.1" 200 10086 "http://jodyyoung.com/wordpress1/" "Mozilla/5.0 (Linux; U; Android 4.1.2; en-gb; GT-I8190N Build/JZO54K) AppleWebKit/534.30 (KHTML, like Gecko) Version/4.0 Mobile Safari/534.30"
82.132.237.101 - - [11/Aug/2013:11:17:06 -0400] "GET /wordpress1/wp-content/plugins/flash-album-gallery/admin/js/swfaddress.js?ver=2.4 HTTP/1.1" 200 15916 "-" "Mozilla/5.0 (Linux; Android 4.2.2; en-gb; SAMSUNG GT-I9505 Build/JDQ39) AppleWebKit/535.19 (KHTML, like Gecko) Version/1.0 Chrome/18.0.1025.308 Mobile Safari/535.19"
92.40.145.108 - - [11/Aug/2013:11:39:24 -0400] "GET /wordpress1/wp-content/uploads/2011/11/ak_10-2646a.jpg HTTP/1.1" 200 11559 "http://jodyyoung.com/wordpress1/alaska/" "Mozilla/5.0 (compatible; MSIE 9.0; Windows NT 6.1; Trident/5.0)"
46.161.41.39 - - [11/Aug/2013:19:35:00 -0400] "GET /shariki=2091 HTTP/1.0" 404 575 "http://www.jodyyoung.com/shariki=2091" "Mozilla/5.0 (Windows NT 5.1; rv:15.0) Gecko/20100101 Firefox/15.0.1"
69.35.184.187 - - [11/Aug/2013:19:51:09 -0400] "GET /wordpress1/wp-includes/css/buttons.min.css?ver=3.5.2 HTTP/1.1" 200 7007 "http://jodyyoung.com/wordpress1/wp-login.php?redirect_to=http%3A%2F%2Fjodyyoung.com%2Fwordpress1%2Fwp-admin%2Fedit-comments.php%3Fcomment_status%3Dmoderated&reauth=1" "Mozilla/5.0 (Windows NT 6.1; WOW64; rv:22.0) Gecko/20100101 Firefox/22.0"
69.35.184.187 - - [11/Aug/2013:19:51:10 -0400] "GET /wordpress1/wp-content/plugins/flash-album-gallery/admin/js/swfobject.js?ver=2.2 HTTP/1.1" 200 11754 "http://jodyyoung.com/wordpress1/wp-login.php?redirect_to=http%3A%2F%2Fjodyyoung.com%2Fwordpress1%2Fwp-admin%2Fedit-comments.php%3Fcomment_status%3Dmoderated&reauth=1" "Mozilla/5.0 (Windows NT 6.1; WOW64; rv:22.0) Gecko/20100101 Firefox/22.0"
69.35.184.187 - - [11/Aug/2013:19:51:10 -0400] "GET /wordpress1/wp-login.php?redirect_to=http%3A%2F%2Fjodyyoung.com%2Fwordpress1%2Fwp-admin%2Fedit-comments.php%3Fcomment_status%3Dmoderated&reauth=1 HTTP/1.1" 200 2821 "-" "Mozilla/5.0 (Windows NT 6.1; WOW64; rv:22.0) Gecko/20100101 Firefox/22.0"
69.35.184.187 - - [11/Aug/2013:19:51:13 -0400] "GET /favicon.ico HTTP/1.1" 404 575 "-" "Mozilla/5.0 (Windows NT 6.1; WOW64; rv:22.0) Gecko/20100101 Firefox/22.0"
69.35.184.187 - - [11/Aug/2013:19:55:03 -0400] "GET /wordpress1/wp-admin/edit-comments.php?s=&comment_status=moderated&pagegen_timestamp=2013-08-11+23%3A54%3A22&_total=5&_per_page=20&_page=1&_ajax_fetch_list_nonce=e38bcd7ed2&_wp_http_referer=%2Fwordpress1%2Fwp-admin%2Fedit-comments.php%3Fcomment_status%3Dmoderated&_wpnonce=83a8e1ba37&_wp_http_referer=%2Fwordpress1%2Fwp-admin%2Fedit-comments.php%3Fcomment_status%3Dmoderated&action=spam&comment_type=&paged=1&delete_comments%5B%5D=342&delete_comments%5B%5D=341&delete_comments%5B%5D=340&delete_comments%5B%5D=339&delete_comments%5B%5D=338&action2=-1 HTTP/1.1" 302 - "http://jodyyoung.com/wordpress1/wp-admin/edit-comments.php?comment_status=moderated" "Mozilla/5.0 (Windows NT 6.1; WOW64; rv:22.0) Gecko/20100101 Firefox/22.0"
69.35.184.187 - - [11/Aug/2013:19:55:04 -0400] "GET /wordpress1/wp-admin/edit-comments.php?comment_status=moderated&paged=1&spammed=5&ids=342,341,340,339,338 HTTP/1.1" 200 41971 "-" "Mozilla/5.0 (Windows NT 6.1; WOW64; rv:22.0) Gecko/20100101 Firefox/22.0"
69.35.184.187 - - [11/Aug/2013:19:55:05 -0400] "GET /wordpress1/wp-admin/images/sort.gif HTTP/1.1" 200 54 "http://jodyyoung.com/wordpress1/wp-admin/edit-comments.php?comment_status=moderated&paged=1&spammed=5&ids=342,341,340,339,338" "Mozilla/5.0 (Windows NT 6.1; WOW64; rv:22.0) Gecko/20100101 Firefox/22.0"
69.35.184.187 - - [11/Aug/2013:19:55:05 -0400] "GET /wordpress1/wp-admin/edit-comments.php?comment_status=moderated&paged=1&spammed=5&ids=342,341,340,339,338 HTTP/1.1" 200 41971 "http://jodyyoung.com/wordpress1/wp-admin/edit-comments.php?comment_status=moderated" "Mozilla/5.0 (Windows NT 6.1; WOW64; rv:22.0) Gecko/20100101 Firefox/22.0"
69.35.184.187 - - [11/Aug/2013:19:55:06 -0400] "GET /wordpress1/wp-admin/images/sort.gif HTTP/1.1" 200 54 "http://jodyyoung.com/wordpress1/wp-admin/edit-comments.php?comment_status=moderated&paged=1&spammed=5&ids=342,341,340,339,338" "Mozilla/5.0 (Windows NT 6.1; WOW64; rv:22.0) Gecko/20100101 Firefox/22.0"
69.35.184.187 - - [11/Aug/2013:19:55:07 -0400] "GET /wordpress1/wp-content/plugins/wp-notes-remover/css/main.css?ver=0.1 HTTP/1.1" 304 - "http://jodyyoung.com/wordpress1/wp-admin/edit-comments.php?comment_status=moderated&paged=1&spammed=5&ids=342,341,340,339,338" "Mozilla/5.0 (Windows NT 6.1; WOW64; rv:22.0) Gecko/20100101 Firefox/22.0"
202.46.58.140 - - [11/Aug/2013:20:25:52 -0400] "GET / HTTP/1.1" 301 244 "-" "Mozilla/5.0 (Windows; U; Windows NT 5.1; zh-CN; rv:1.9.1.2) Firefox/3.5.2"
113.199.131.179 - - [11/Aug/2013:20:37:36 -0400] "GET /wordpress1/wp-content/plugins/kino-event-calendar-plugin/js/jquery-ui-1.7.2.custom.min.js HTTP/1.1" 200 107835 "http://jodyyoung.com/wordpress1/" "Mozilla/5.0 (Windows NT 6.1; WOW64) AppleWebKit/537.36 (KHTML, like Gecko) Chrome/28.0.1500.95 Safari/537.36"
113.199.131.179 - - [11/Aug/2013:20:38:23 -0400] "GET /wordpress1/wp-content/ata-images/jyat-logo1.jpg HTTP/1.1" 200 10086 "http://jodyyoung.com/wordpress1/" "Mozilla/5.0 (Windows NT 6.1; WOW64) AppleWebKit/537.36 (KHTML, like Gecko) Chrome/28.0.1500.95 Safari/537.36"
113.199.131.179 - - [11/Aug/2013:20:38:32 -0400] "GET /wordpress1/wp-content/ata-images/jody-tvl.ico HTTP/1.1" 200 894 "-" "Mozilla/5.0 (Windows NT 6.1; WOW64) AppleWebKit/537.36 (KHTML, like Gecko) Chrome/28.0.1500.95 Safari/537.36"
108.5.131.146 - - [11/Aug/2013:15:38:52 -0400] "GET /.swf HTTP/1.1" 404 575 "-" "panscient.com"
174.255.19.89 - - [11/Aug/2013:17:22:43 -0400] "GET /wordpress1/wp-content/uploads/2011/11/gtahike.jpg HTTP/1.1" 200 36052 "http://jodyyoung.com/wordpress1/alaska/" "Mozilla/5.0 (iPad; CPU OS 5_0 like Mac OS X) AppleWebKit/534.46 (KHTML, like Gecko) Version/5.1 Mobile/9A334 Safari/7534.48.3"
10.30.72.4 - - [11/Aug/2013:06:20:44 -0400] "POST /wordpress1/wp-cron.php?doing_wp_cron=1376216444.8900640010833740234375 HTTP/1.0" 200 - "-" "WordPress/3.5.2; http://jodyyoung.com/wordpress1"
157.55.32.143 - - [11/Aug/2013:05:15:33 -0400] "GET /alaska.html HTTP/1.1" 304 - "-" "Mozilla/5.0 (compatible; bingbot/2.0; +http://www.bing.com/bingbot.htm)"
157.56.229.186 - - [11/Aug/2013:05:58:12 -0400] "GET / HTTP/1.1" 301 240 "-" "Mozilla/5.0 (compatible; bingbot/2.0; +http://www.bing.com/bingbot.htm)"
123.125.71.30 - - [11/Aug/2013:22:51:33 -0400] "GET /robots.txt HTTP/1.1" 404 575 "-" "Mozilla/5.0 (compatible; Baiduspider/2.0; +http://www.baidu.com/search/spider.html)"
142.0.139.162 - - [11/Aug/2013:23:17:24 -0400] "GET / HTTP/1.0" 301 240 "http://jodyyoung.com/" "Mozilla/5.0 (Windows NT 6.1; rv:15.0) Gecko/20100101 Firefox/15.0.1"
166.147.120.36 - - [11/Aug/2013:12:36:51 -0400] "GET /wordpress1/ HTTP/1.1" 200 58297 "-" "Mozilla/5.0 (iPhone; CPU iPhone OS 6_1_3 like Mac OS X) AppleWebKit/536.26 (KHTML, like Gecko) Version/6.0 Mobile/10B329 Safari/8536.25"
166.147.120.36 - - [11/Aug/2013:12:36:54 -0400] "GET /wordpress1/wp-content/plugins/kino-event-calendar-plugin/rpc.php?action=get_events&start=1374987600000&end=1378616400000&event_id=null HTTP/1.1" 200 3609 "http://jodyyoung.com/wordpress1/" "Mozilla/5.0 (iPhone; CPU iPhone OS 6_1_3 like Mac OS X) AppleWebKit/536.26 (KHTML, like Gecko) Version/6.0 Mobile/10B329 Safari/8536.25"
75.38.164.80 - - [11/Aug/2013:13:29:45 -0400] "GET /wordpress1/wp-content/uploads/2011/11/g_steve.jpg HTTP/1.1" 200 18583 "http://jodyyoung.com/wordpress1/our-guides/" "Mozilla/5.0 (compatible; MSIE 10.0; Windows NT 6.1; WOW64; Trident/6.0)"
113.199.131.179 - - [11/Aug/2013:20:37:30 -0400] "GET /wordpress1/ HTTP/1.1" 200 58299 "http://lnt.org/about/guide-outfitter" "Mozilla/5.0 (Windows NT 6.1; WOW64) AppleWebKit/537.36 (KHTML, like Gecko) Chrome/28.0.1500.95 Safari/537.36"
216.152.251.19 - - [11/Aug/2013:01:44:17 -0400] "GET /wordpress1/guestbook/ HTTP/1.0" 200 59406 "http://jodyyoung.com/wordpress1/guestbook/" "Mozilla/5.0 (Windows NT 6.1; rv:14.0) Gecko/20100101 Firefox/14.0.1"
5.254.133.198 - - [11/Aug/2013:02:38:26 -0400] "GET /wordpress1/2012/10/25/new-web-site/ HTTP/1.1" 200 61413 "http://jodyyoung.com/" "Mozilla/4.0 (compatible; MSIE 6.0; Windows NT 5.1; SV1; MRA 5.8 (build 4157); .NET CLR 2.0.50727; AskTbPTV/5.11.3.15590)"
10.30.72.4 - - [11/Aug/2013:04:17:19 -0400] "POST /wordpress1/wp-cron.php?doing_wp_cron=1376209039.7880179882049560546875 HTTP/1.0" 200 - "-" "WordPress/3.5.2; http://jodyyoung.com/wordpress1"