0byt3m1n1
Path:
/
data
/
0
/
0
/
69
/
144
/
69470
/
meta
/
70706
/
logs
/
[
Home
]
File: x-access_log.2013-08-12
72.14.199.184 - - [12/Aug/2013:18:35:43 -0400] "GET /wordpress1/comments/feed/ HTTP/1.1" 200 3283 "-" "Feedfetcher-Google; (+http://www.google.com/feedfetcher.html; 1 subscribers; feed-id=8917805572480071123)"
94.27.71.91 - - [12/Aug/2013:20:29:37 -0400] "GET / HTTP/1.0" 301 244 "http://www.jodyyoung.com/" "Opera/9.80 (Windows NT 6.0; U; ru) Presto/2.10.289 Version/12.02"
178.255.215.90 - - [12/Aug/2013:20:35:45 -0400] "GET /shariki=1878 HTTP/1.1" 404 575 "-" "Mozilla/5.0 (compatible; Exabot/3.0 (BiggerBetter); +http://www.exabot.com/go/robot)"
66.249.75.184 - - [12/Aug/2013:23:06:35 -0400] "GET / HTTP/1.1" 301 240 "-" "Mozilla/5.0 (iPhone; U; CPU iPhone OS 4_1 like Mac OS X; en-us) AppleWebKit/532.9 (KHTML, like Gecko) Version/4.0.5 Mobile/8B117 Safari/6531.22.7 (compatible; Googlebot-Mobile/2.1; +http://www.google.com/bot.html)"
75.158.135.72 - - [12/Aug/2013:23:57:30 -0400] "GET /wordpress1/wp-content/plugins/kino-event-calendar-plugin/rpc.php?action=get_events&start=1374984000000&end=1378612800000&event_id=null HTTP/1.1" 200 3609 "http://jodyyoung.com/wordpress1/" "Mozilla/5.0 (iPod; U; CPU iPhone OS 4_2_1 like Mac OS X; en-us) AppleWebKit/533.17.9 (KHTML, like Gecko) Version/5.0.2 Mobile/8C148 Safari/6533.18.5"
184.148.58.240 - - [12/Aug/2013:07:47:41 -0400] "GET /wordpress1/gallery/ HTTP/1.1" 200 83264 "http://www.google.ca/url?sa=t&rct=j&q=&esrc=s&frm=1&source=web&cd=7&ved=0CDwQjBAwBg&url=http%3A%2F%2Fjodyyoung.com%2Fwordpress1%2Fgallery%2F&ei=PMsIUsnHOqTg2gWa7YCYDQ&usg=AFQjCNHU9E27-MLpekarsrG-ekbx8LPzlA&sig2=7XDocF4QrLlfnDBViHhjdA&bvm=bv.50500085,d.b2I" "Mozilla/5.0 (compatible; MSIE 10.0; Windows NT 6.1; WOW64; Trident/6.0)"
184.148.58.240 - - [12/Aug/2013:07:47:43 -0400] "GET /wordpress1/wp-content/plugins/kino-event-calendar-plugin/js/main.js HTTP/1.1" 200 1105 "http://jodyyoung.com/wordpress1/gallery/" "Mozilla/5.0 (compatible; MSIE 10.0; Windows NT 6.1; WOW64; Trident/6.0)"
184.148.58.240 - - [12/Aug/2013:07:47:43 -0400] "GET /wordpress1/wp-content/ata-images/jyat-logo1.jpg HTTP/1.1" 200 10086 "http://jodyyoung.com/wordpress1/gallery/" "Mozilla/5.0 (compatible; MSIE 10.0; Windows NT 6.1; WOW64; Trident/6.0)"
184.148.58.240 - - [12/Aug/2013:07:47:44 -0400] "GET /wordpress1/wp-content/plugins/flash-album-gallery/admin/js/photoswipe/photoswipe.css HTTP/1.1" 200 4213 "http://jodyyoung.com/wordpress1/gallery/" "Mozilla/5.0 (compatible; MSIE 10.0; Windows NT 6.1; WOW64; Trident/6.0)"
184.148.58.240 - - [12/Aug/2013:07:47:44 -0400] "GET /wordpress1/wp-content/plugins/flash-album-gallery/admin/js/script.js?ver=1.0 HTTP/1.1" 200 12897 "http://jodyyoung.com/wordpress1/gallery/" "Mozilla/5.0 (compatible; MSIE 10.0; Windows NT 6.1; WOW64; Trident/6.0)"
184.148.58.240 - - [12/Aug/2013:07:47:45 -0400] "GET /wordpress1/wp-content/flagallery/jodys-world/thumbs/thumbs_s1010002a.jpg HTTP/1.1" 200 21123 "http://jodyyoung.com/wordpress1/gallery/" "Mozilla/5.0 (compatible; MSIE 10.0; Windows NT 6.1; WOW64; Trident/6.0)"
184.148.58.240 - - [12/Aug/2013:07:47:45 -0400] "GET /wordpress1/wp-content/flagallery/jodys-world/thumbs/thumbs_s1040089a.jpg HTTP/1.1" 200 11037 "http://jodyyoung.com/wordpress1/gallery/" "Mozilla/5.0 (compatible; MSIE 10.0; Windows NT 6.1; WOW64; Trident/6.0)"
184.148.58.240 - - [12/Aug/2013:07:47:45 -0400] "GET /wordpress1/wp-content/flagallery/jodys-world/thumbs/thumbs_s1030028a.jpg HTTP/1.1" 200 15623 "http://jodyyoung.com/wordpress1/gallery/" "Mozilla/5.0 (compatible; MSIE 10.0; Windows NT 6.1; WOW64; Trident/6.0)"
184.148.58.240 - - [12/Aug/2013:07:47:45 -0400] "GET /wordpress1/wp-content/flagallery/jodys-world/thumbs/thumbs_pa160020ao.jpg HTTP/1.1" 200 13570 "http://jodyyoung.com/wordpress1/gallery/" "Mozilla/5.0 (compatible; MSIE 10.0; Windows NT 6.1; WOW64; Trident/6.0)"
184.148.58.240 - - [12/Aug/2013:07:47:45 -0400] "GET /wordpress1/wp-content/flagallery/jodys-world/thumbs/thumbs_s1060002a.jpg HTTP/1.1" 200 13906 "http://jodyyoung.com/wordpress1/gallery/" "Mozilla/5.0 (compatible; MSIE 10.0; Windows NT 6.1; WOW64; Trident/6.0)"
184.148.58.240 - - [12/Aug/2013:07:47:45 -0400] "GET /wordpress1/wp-content/flagallery/jodys-world/thumbs/thumbs_20110430_138.JPG HTTP/1.1" 200 14316 "http://jodyyoung.com/wordpress1/gallery/" "Mozilla/5.0 (compatible; MSIE 10.0; Windows NT 6.1; WOW64; Trident/6.0)"
184.148.58.240 - - [12/Aug/2013:07:47:45 -0400] "GET /wordpress1/wp-content/themes/atahualpa/images/inputbackgr.gif HTTP/1.1" 200 4765 "http://jodyyoung.com/wordpress1/gallery/" "Mozilla/5.0 (compatible; MSIE 10.0; Windows NT 6.1; WOW64; Trident/6.0)"
199.30.20.20 - - [12/Aug/2013:08:42:02 -0400] "GET /311/images/09a.jpg HTTP/1.1" 200 8894 "-" "msnbot-media/1.1 (+http://search.msn.com/msnbot.htm)"
69.35.184.188 - - [12/Aug/2013:10:07:37 -0400] "GET /wordpress1/wp-includes/css/editor.min.css?ver=3.5.2 HTTP/1.1" 304 - "http://jodyyoung.com/wordpress1/wp-admin/edit-comments.php?comment_status=spam&paged=1&deleted=16" "Mozilla/5.0 (Windows NT 6.1; WOW64; rv:22.0) Gecko/20100101 Firefox/22.0"
216.152.251.80 - - [12/Aug/2013:11:09:58 -0400] "GET /wordpress1/guestbook/ HTTP/1.0" 200 59405 "http://jodyyoung.com/wordpress1/guestbook/" "Opera/9.80 (Windows NT 6.1; U; ru) Presto/2.7.39 Version/11.00"
89.28.24.58 - - [12/Aug/2013:10:19:31 -0400] "GET /wordpress1/2013/04/13/arches-canyonlands/ HTTP/1.0" 200 59800 "http://jodyyoung.com/wordpress1/2013/04/13/arches-canyonlands/" "Mozilla/4.0 (compatible; MSIE 6.0; Windows NT 5.1; SV1)"
142.0.139.162 - - [12/Aug/2013:10:48:54 -0400] "GET /wordpress1/guestbook/guestbook-archives/ HTTP/1.0" 200 75192 "http://jodyyoung.com/wordpress1/guestbook/guestbook-archives/#comment-360" "Opera/9.80 (Windows NT 6.1; WOW64; Edition Yx) Presto/2.12.388 Version/12.11"
65.55.213.68 - - [12/Aug/2013:11:17:24 -0400] "GET /wordpress1/california/ HTTP/1.0" 200 58988 "-" "msnbot/2.0b (+http://search.msn.com/msnbot.htm)"
216.152.251.80 - - [12/Aug/2013:19:29:44 -0400] "GET /wordpress1/guestbook/ HTTP/1.0" 200 59405 "http://jodyyoung.com/wordpress1/guestbook/" "Opera/9.80 (Windows NT 6.1; Win64; x64) Presto/2.12.388 Version/12.10"
94.27.71.91 - - [12/Aug/2013:20:29:43 -0400] "GET /wordpress1/guestbook/ HTTP/1.0" 200 59399 "http://jodyyoung.com/wordpress1/guestbook/" "Opera/9.80 (Windows NT 6.0; U; ru) Presto/2.10.289 Version/12.02"
175.44.19.27 - - [12/Aug/2013:14:02:31 -0400] "GET /guestbook.html HTTP/1.0" 200 8916 "http://www.jodyyoung.com/guestbook.html" "Mozilla/5.0 (Windows NT 6.1; WOW64) AppleWebKit/535.19 (KHTML, like Gecko) Chrome/18.0.1025.1634 Safari/535.19 YI"
75.158.135.72 - - [12/Aug/2013:23:57:16 -0400] "GET / HTTP/1.1" 301 240 "-" "Mozilla/5.0 (iPod; U; CPU iPhone OS 4_2_1 like Mac OS X; en-us) AppleWebKit/533.17.9 (KHTML, like Gecko) Version/5.0.2 Mobile/8C148 Safari/6533.18.5"
75.158.135.72 - - [12/Aug/2013:23:57:17 -0400] "GET /wordpress1/ HTTP/1.1" 200 58295 "-" "Mozilla/5.0 (iPod; U; CPU iPhone OS 4_2_1 like Mac OS X; en-us) AppleWebKit/533.17.9 (KHTML, like Gecko) Version/5.0.2 Mobile/8C148 Safari/6533.18.5"
75.158.135.72 - - [12/Aug/2013:23:57:30 -0400] "GET /wordpress1/wp-content/themes/atahualpa/images/comment-gray.png HTTP/1.1" 200 296 "http://jodyyoung.com/wordpress1/" "Mozilla/5.0 (iPod; U; CPU iPhone OS 4_2_1 like Mac OS X; en-us) AppleWebKit/533.17.9 (KHTML, like Gecko) Version/5.0.2 Mobile/8C148 Safari/6533.18.5"
75.158.135.72 - - [12/Aug/2013:23:57:30 -0400] "GET /wordpress1/wp-content/themes/atahualpa/images/header/jyatHD01.jpg HTTP/1.1" 200 63437 "http://jodyyoung.com/wordpress1/" "Mozilla/5.0 (iPod; U; CPU iPhone OS 4_2_1 like Mac OS X; en-us) AppleWebKit/533.17.9 (KHTML, like Gecko) Version/5.0.2 Mobile/8C148 Safari/6533.18.5"
157.55.32.223 - - [12/Aug/2013:06:00:59 -0400] "GET /wordpress1/ HTTP/1.1" 200 57655 "-" "Mozilla/5.0 (compatible; bingbot/2.0; +http://www.bing.com/bingbot.htm)"
65.55.213.68 - - [12/Aug/2013:07:13:48 -0400] "GET /robots.txt HTTP/1.1" 404 575 "-" "msnbot/2.0b (+http://search.msn.com/msnbot.htm)"
123.125.71.106 - - [12/Aug/2013:07:40:03 -0400] "GET /shariki=1340 HTTP/1.1" 404 575 "-" "Mozilla/5.0 (compatible; Baiduspider/2.0; +http://www.baidu.com/search/spider.html)"
82.132.224.30 - - [12/Aug/2013:13:49:29 -0400] "GET /wordpress1/ HTTP/1.1" 301 - "-" "Mozilla/5.0 (Linux; U; Android 4.1.2; en-gb; GT-I8190N Build/JZO54K) AppleWebKit/534.30 (KHTML, like Gecko) Version/4.0 Mobile Safari/534.30"
65.55.213.68 - - [12/Aug/2013:07:13:49 -0400] "GET /wordpress1/ HTTP/1.1" 301 - "-" "msnbot/2.0b (+http://search.msn.com/msnbot.htm)"
178.255.215.90 - - [12/Aug/2013:20:16:27 -0400] "GET /shariki=2318 HTTP/1.1" 404 575 "-" "Mozilla/5.0 (compatible; Exabot/3.0 (BiggerBetter); +http://www.exabot.com/go/robot)"
178.255.215.90 - - [12/Aug/2013:20:20:13 -0400] "GET /shariki=2028 HTTP/1.1" 404 575 "-" "Mozilla/5.0 (compatible; Exabot/3.0 (BiggerBetter); +http://www.exabot.com/go/robot)"
178.255.215.90 - - [12/Aug/2013:20:29:56 -0400] "GET /shariki=2358 HTTP/1.1" 404 575 "-" "Mozilla/5.0 (compatible; Exabot/3.0 (BiggerBetter); +http://www.exabot.com/go/robot)"
178.255.215.90 - - [12/Aug/2013:20:32:39 -0400] "GET /shariki=1768 HTTP/1.1" 404 575 "-" "Mozilla/5.0 (compatible; Exabot/3.0 (BiggerBetter); +http://www.exabot.com/go/robot)"
178.255.215.90 - - [12/Aug/2013:20:36:06 -0400] "GET /shariki=1078 HTTP/1.1" 404 575 "-" "Mozilla/5.0 (compatible; Exabot/3.0 (BiggerBetter); +http://www.exabot.com/go/robot)"
111.174.78.48 - - [12/Aug/2013:09:37:18 -0400] "GET /wordpress1/wp-login.php HTTP/1.0" 200 2779 "http://jodyyoung.com/wordpress1/wp-login.php" "Opera/9.80 (Windows NT 5.1; U; MRA 6.0 (build 5970); ru) Presto/2.7.62 Version/11.00"
69.35.184.188 - - [12/Aug/2013:09:58:08 -0400] "GET /wordpress1/wp-includes/css/buttons.min.css?ver=3.5.2 HTTP/1.1" 200 7007 "http://jodyyoung.com/wordpress1/wp-login.php?redirect_to=http%3A%2F%2Fjodyyoung.com%2Fwordpress1%2Fwp-admin%2Fedit-comments.php%3Fcomment_status%3Dmoderated&reauth=1" "Mozilla/5.0 (Windows NT 6.1; WOW64; rv:22.0) Gecko/20100101 Firefox/22.0"
69.35.184.188 - - [12/Aug/2013:09:58:08 -0400] "GET /wordpress1/wp-content/plugins/flash-album-gallery/admin/js/swfobject.js?ver=2.2 HTTP/1.1" 200 11754 "http://jodyyoung.com/wordpress1/wp-login.php?redirect_to=http%3A%2F%2Fjodyyoung.com%2Fwordpress1%2Fwp-admin%2Fedit-comments.php%3Fcomment_status%3Dmoderated&reauth=1" "Mozilla/5.0 (Windows NT 6.1; WOW64; rv:22.0) Gecko/20100101 Firefox/22.0"
69.35.184.188 - - [12/Aug/2013:09:58:09 -0400] "GET /favicon.ico HTTP/1.1" 404 575 "-" "Mozilla/5.0 (Windows NT 6.1; WOW64; rv:22.0) Gecko/20100101 Firefox/22.0"
89.28.24.58 - - [12/Aug/2013:10:19:28 -0400] "POST /wordpress1/wp-comments-post.php HTTP/1.0" 500 4120 "http://jodyyoung.com/wordpress1/2013/04/13/arches-canyonlands/" "Mozilla/4.0 (compatible; MSIE 6.0; Windows NT 5.1; SV1)"
65.55.213.68 - - [12/Aug/2013:11:17:27 -0400] "GET /wordpress1/colorado/ HTTP/1.1" 200 61954 "-" "msnbot/2.0b (+http://search.msn.com/msnbot.htm)"
69.35.184.188 - - [12/Aug/2013:09:58:05 -0400] "GET /wordpress1/wp-admin/edit-comments.php?comment_status=moderated HTTP/1.1" 302 - "-" "Mozilla/5.0 (Windows NT 6.1; WOW64; rv:22.0) Gecko/20100101 Firefox/22.0"
69.35.184.188 - - [12/Aug/2013:09:58:06 -0400] "GET /wordpress1/wp-login.php?redirect_to=http%3A%2F%2Fjodyyoung.com%2Fwordpress1%2Fwp-admin%2Fedit-comments.php%3Fcomment_status%3Dmoderated&reauth=1 HTTP/1.1" 200 2821 "-" "Mozilla/5.0 (Windows NT 6.1; WOW64; rv:22.0) Gecko/20100101 Firefox/22.0"
69.35.184.188 - - [12/Aug/2013:09:58:07 -0400] "GET /wordpress1/wp-login.php?redirect_to=http%3A%2F%2Fjodyyoung.com%2Fwordpress1%2Fwp-admin%2Fedit-comments.php%3Fcomment_status%3Dmoderated&reauth=1 HTTP/1.1" 200 2821 "-" "Mozilla/5.0 (Windows NT 6.1; WOW64; rv:22.0) Gecko/20100101 Firefox/22.0"
69.35.184.188 - - [12/Aug/2013:09:58:08 -0400] "GET /wordpress1/wp-admin/css/wp-admin.min.css?ver=3.5.2 HTTP/1.1" 200 114483 "http://jodyyoung.com/wordpress1/wp-login.php?redirect_to=http%3A%2F%2Fjodyyoung.com%2Fwordpress1%2Fwp-admin%2Fedit-comments.php%3Fcomment_status%3Dmoderated&reauth=1" "Mozilla/5.0 (Windows NT 6.1; WOW64; rv:22.0) Gecko/20100101 Firefox/22.0"
69.35.184.188 - - [12/Aug/2013:09:58:08 -0400] "GET /wordpress1/wp-content/plugins/flash-album-gallery/admin/js/swfaddress.js?ver=2.4 HTTP/1.1" 200 15916 "http://jodyyoung.com/wordpress1/wp-login.php?redirect_to=http%3A%2F%2Fjodyyoung.com%2Fwordpress1%2Fwp-admin%2Fedit-comments.php%3Fcomment_status%3Dmoderated&reauth=1" "Mozilla/5.0 (Windows NT 6.1; WOW64; rv:22.0) Gecko/20100101 Firefox/22.0"
69.35.184.188 - - [12/Aug/2013:09:58:08 -0400] "GET /wordpress1/wp-admin/images/wordpress-logo.png?ver=20120216 HTTP/1.1" 200 2480 "http://jodyyoung.com/wordpress1/wp-login.php?redirect_to=http%3A%2F%2Fjodyyoung.com%2Fwordpress1%2Fwp-admin%2Fedit-comments.php%3Fcomment_status%3Dmoderated&reauth=1" "Mozilla/5.0 (Windows NT 6.1; WOW64; rv:22.0) Gecko/20100101 Firefox/22.0"
69.35.184.188 - - [12/Aug/2013:10:02:12 -0400] "GET /wordpress1/wp-content/plugins/wp-notes-remover/css/main.css?ver=0.1 HTTP/1.1" 200 839 "http://jodyyoung.com/wordpress1/wp-admin/edit-comments.php?comment_status=moderated" "Mozilla/5.0 (Windows NT 6.1; WOW64; rv:22.0) Gecko/20100101 Firefox/22.0"
69.35.184.188 - - [12/Aug/2013:10:02:12 -0400] "GET /wordpress1/wp-content/plugins/kino-event-calendar-plugin/css/smoothness/jquery-ui-1.7.2.custom.css HTTP/1.1" 200 27480 "http://jodyyoung.com/wordpress1/wp-admin/edit-comments.php?comment_status=moderated" "Mozilla/5.0 (Windows NT 6.1; WOW64; rv:22.0) Gecko/20100101 Firefox/22.0"
69.35.184.188 - - [12/Aug/2013:10:02:14 -0400] "GET /wordpress1/wp-admin/css/colors-fresh.min.css?ver=3.5.2 HTTP/1.1" 304 - "http://jodyyoung.com/wordpress1/wp-admin/edit-comments.php?comment_status=moderated" "Mozilla/5.0 (Windows NT 6.1; WOW64; rv:22.0) Gecko/20100101 Firefox/22.0"
69.35.184.188 - - [12/Aug/2013:10:02:14 -0400] "GET /wordpress1/wp-includes/css/editor.min.css?ver=3.5.2 HTTP/1.1" 200 44756 "http://jodyyoung.com/wordpress1/wp-admin/edit-comments.php?comment_status=moderated" "Mozilla/5.0 (Windows NT 6.1; WOW64; rv:22.0) Gecko/20100101 Firefox/22.0"
69.35.184.188 - - [12/Aug/2013:10:02:14 -0400] "GET /wordpress1/wp-includes/images/admin-bar-sprite.png?d=20120830 HTTP/1.1" 200 2470 "http://jodyyoung.com/wordpress1/wp-admin/edit-comments.php?comment_status=moderated" "Mozilla/5.0 (Windows NT 6.1; WOW64; rv:22.0) Gecko/20100101 Firefox/22.0"
69.35.184.188 - - [12/Aug/2013:10:02:14 -0400] "GET /wordpress1/wp-includes/images/smilies/icon_smile.gif HTTP/1.1" 200 174 "http://jodyyoung.com/wordpress1/wp-admin/edit-comments.php?comment_status=moderated" "Mozilla/5.0 (Windows NT 6.1; WOW64; rv:22.0) Gecko/20100101 Firefox/22.0"
178.32.183.43 - - [12/Aug/2013:18:04:55 -0400] "GET /wordpress1/guestbook/ HTTP/1.1" 200 59403 "-" "Mozilla/4.0 (compatible; MSIE 6.0; Windows NT 5.1; SV1)"
216.152.251.80 - - [12/Aug/2013:19:29:49 -0400] "GET /wordpress1/guestbook/ HTTP/1.0" 200 59405 "http://jodyyoung.com/wordpress1/guestbook/" "Opera/9.80 (Windows NT 6.1; Win64; x64) Presto/2.12.388 Version/12.10"
178.255.215.90 - - [12/Aug/2013:20:20:32 -0400] "GET /shariki=2128 HTTP/1.1" 404 575 "-" "Mozilla/5.0 (compatible; Exabot/3.0 (BiggerBetter); +http://www.exabot.com/go/robot)"
178.255.215.90 - - [12/Aug/2013:20:33:00 -0400] "GET /shariki=1168 HTTP/1.1" 404 575 "-" "Mozilla/5.0 (compatible; Exabot/3.0 (BiggerBetter); +http://www.exabot.com/go/robot)"
72.14.199.184 - - [12/Aug/2013:15:29:03 -0400] "GET /wordpress1/comments/feed/ HTTP/1.1" 200 3283 "-" "Feedfetcher-Google; (+http://www.google.com/feedfetcher.html; 1 subscribers; feed-id=8917805572480071123)"
216.152.251.19 - - [12/Aug/2013:17:12:47 -0400] "GET /wordpress1/ HTTP/1.0" 200 58297 "http://jodyyoung.com/wordpress1/" "Mozilla/5.0 (Windows NT 6.1; rv:16.0) Gecko/20100101 Firefox/16.0"
175.42.83.43 - - [12/Aug/2013:21:07:12 -0400] "GET /guestbook.html HTTP/1.0" 200 8916 "http://www.jodyyoung.com/guestbook.html" "Mozilla/5.0 (Windows NT 6.1) AppleWebKit/537.4 (KHTML, like Gecko) Chrome/22.0.1229.94 Safari/537.4"
199.30.16.29 - - [12/Aug/2013:12:08:37 -0400] "GET /311/images/08a.jpg HTTP/1.1" 200 2840 "-" "msnbot-media/1.1 (+http://search.msn.com/msnbot.htm)"
91.231.40.28 - - [12/Aug/2013:12:45:02 -0400] "GET /wordpress1/guestbook/guestbook-archives/ HTTP/1.0" 200 70864 "http://jodyyoung.com/wordpress1/guestbook/guestbook-archives/" "Opera/9.80 (Windows NT 6.1; WOW64; MRA 6.0 (build 6001)) Presto/2.12.388 Version/12.11"
67.176.12.197 - - [12/Aug/2013:13:29:41 -0400] "GET /wordpress1/wp-content/plugins/kino-event-calendar-plugin/js/jquery-ui-1.7.2.custom.min.js HTTP/1.1" 200 107835 "http://jodyyoung.com/wordpress1/" "Mozilla/5.0 (Windows NT 6.1; WOW64) AppleWebKit/537.36 (KHTML, like Gecko) Chrome/28.0.1500.95 Safari/537.36"
67.176.12.197 - - [12/Aug/2013:13:29:43 -0400] "GET /wordpress1/wp-content/plugins/kino-event-calendar-plugin/js/main.js HTTP/1.1" 200 1105 "http://jodyyoung.com/wordpress1/" "Mozilla/5.0 (Windows NT 6.1; WOW64) AppleWebKit/537.36 (KHTML, like Gecko) Chrome/28.0.1500.95 Safari/537.36"
67.176.12.197 - - [12/Aug/2013:13:29:46 -0400] "GET /wordpress1/wp-content/uploads/2011/11/JYATlogo.jpg HTTP/1.1" 200 14807 "http://jodyyoung.com/wordpress1/" "Mozilla/5.0 (Windows NT 6.1; WOW64) AppleWebKit/537.36 (KHTML, like Gecko) Chrome/28.0.1500.95 Safari/537.36"
67.176.12.197 - - [12/Aug/2013:13:29:46 -0400] "GET /wordpress1/wp-content/plugins/kino-event-calendar-plugin/rpc.php?action=get_events&start=1374991200000&end=1378620000000&event_id=null HTTP/1.1" 200 3609 "http://jodyyoung.com/wordpress1/" "Mozilla/5.0 (Windows NT 6.1; WOW64) AppleWebKit/537.36 (KHTML, like Gecko) Chrome/28.0.1500.95 Safari/537.36"
142.0.139.162 - - [12/Aug/2013:14:25:50 -0400] "POST /wordpress1/wp-comments-post.php HTTP/1.0" 302 - "http://jodyyoung.com/wordpress1/guestbook/guestbook-archives/#comment-304" "Mozilla/5.0 (Windows NT 5.2; rv:12.0) Gecko/20100101 Firefox/12.0"
82.132.220.24 - - [12/Aug/2013:04:41:00 -0400] "GET /wordpress1/wp-content/plugins/kino-event-calendar-plugin/js/tools.tooptip.slide-1.0.0.min.js HTTP/1.1" 200 1087 "-" "Mozilla/5.0 (Linux; U; Android 2.3.6; en-gb; GT-S5830i Build/GINGERBREAD) AppleWebKit/533.1 (KHTML, like Gecko) Version/4.0 Mobile Safari/533.1"
192.99.2.120 - - [12/Aug/2013:02:25:52 -0400] "POST /wordpress1/wp-comments-post.php HTTP/1.0" 500 4120 "http://jodyyoung.com/wordpress1/gallery/" "Mozilla/5.0 (Windows NT 6.0; rv:17.0) Gecko/17.0 Firefox/17.0"
66.249.75.184 - - [12/Aug/2013:15:05:35 -0400] "GET /wordpress1/flagallery/utah-photos/ HTTP/1.1" 200 27589 "-" "Mozilla/5.0 (iPhone; U; CPU iPhone OS 4_1 like Mac OS X; en-us) AppleWebKit/532.9 (KHTML, like Gecko) Version/4.0.5 Mobile/8B117 Safari/6531.22.7 (compatible; Googlebot-Mobile/2.1; +http://www.google.com/bot.html)"
216.152.251.19 - - [12/Aug/2013:17:14:55 -0400] "GET /wordpress1/guestbook/guestbook-archives/ HTTP/1.0" 200 70868 "http://jodyyoung.com/wordpress1/guestbook/guestbook-archives/" "Mozilla/5.0 (Windows NT 6.1; rv:16.0) Gecko/20100101 Firefox/16.0"
221.214.221.148 - - [12/Aug/2013:20:02:07 -0400] "POST /wordpress1/wp-comments-post.php HTTP/1.1" 500 4120 "http://jodyyoung.com/wordpress1/gallery/" "Opera/9.80 (Windows NT 6.1; WOW64; MRA 8.0 (build 5880)) Presto/2.12.388 Version/12.11"
178.255.215.90 - - [12/Aug/2013:20:23:57 -0400] "GET /shariki=2238 HTTP/1.1" 404 575 "-" "Mozilla/5.0 (compatible; Exabot/3.0 (BiggerBetter); +http://www.exabot.com/go/robot)"
178.255.215.90 - - [12/Aug/2013:20:33:03 -0400] "GET /shariki=2068 HTTP/1.1" 404 575 "-" "Mozilla/5.0 (compatible; Exabot/3.0 (BiggerBetter); +http://www.exabot.com/go/robot)"
65.128.51.102 - - [12/Aug/2013:20:39:16 -0400] "GET /wordpress1/wp-content/flagallery/jodys-world/pa160020ao.jpg HTTP/1.1" 200 392638 "-" "rarely used"
75.158.135.72 - - [12/Aug/2013:23:57:30 -0400] "GET /wordpress1/wp-content/ata-images/jyat-logo1.jpg HTTP/1.1" 200 10086 "http://jodyyoung.com/wordpress1/" "Mozilla/5.0 (iPod; U; CPU iPhone OS 4_2_1 like Mac OS X; en-us) AppleWebKit/533.17.9 (KHTML, like Gecko) Version/5.0.2 Mobile/8C148 Safari/6533.18.5"
75.158.135.72 - - [12/Aug/2013:23:57:30 -0400] "GET /wordpress1/wp-content/themes/atahualpa/images/inputbackgr.gif HTTP/1.1" 200 4765 "http://jodyyoung.com/wordpress1/" "Mozilla/5.0 (iPod; U; CPU iPhone OS 4_2_1 like Mac OS X; en-us) AppleWebKit/533.17.9 (KHTML, like Gecko) Version/5.0.2 Mobile/8C148 Safari/6533.18.5"
75.158.135.72 - - [12/Aug/2013:23:57:31 -0400] "GET /wordpress1/wp-content/uploads/2012/10/P5210108ao-300x225.jpg HTTP/1.1" 200 26577 "http://jodyyoung.com/wordpress1/" "Mozilla/5.0 (iPod; U; CPU iPhone OS 4_2_1 like Mac OS X; en-us) AppleWebKit/533.17.9 (KHTML, like Gecko) Version/5.0.2 Mobile/8C148 Safari/6533.18.5"
75.158.135.72 - - [12/Aug/2013:23:57:34 -0400] "GET /wordpress1/wp-content/plugins/kino-event-calendar-plugin/images/tooltip-bg.png HTTP/1.1" 200 453 "http://jodyyoung.com/wordpress1/" "Mozilla/5.0 (iPod; U; CPU iPhone OS 4_2_1 like Mac OS X; en-us) AppleWebKit/533.17.9 (KHTML, like Gecko) Version/5.0.2 Mobile/8C148 Safari/6533.18.5"
216.152.251.19 - - [12/Aug/2013:12:11:01 -0400] "GET /wordpress1/guestbook/ HTTP/1.0" 200 59405 "http://jodyyoung.com/wordpress1/guestbook/" "Opera/9.80 (Windows NT 5.1; Edition Yx) Presto/2.12.388 Version/12.11"
142.0.139.162 - - [12/Aug/2013:12:40:42 -0400] "GET /wordpress1/guestbook/guestbook-archives/ HTTP/1.0" 200 86532 "http://jodyyoung.com/wordpress1/guestbook/guestbook-archives/#comment-363" "Mozilla/5.0 (Windows NT 5.1) AppleWebKit/537.4 (KHTML, like Gecko) Chrome/22.0.1229.94 Safari/537.4"
69.35.184.188 - - [12/Aug/2013:10:07:45 -0400] "GET /wordpress1/wp-content/plugins/flash-album-gallery/admin/js/swfobject.js?ver=2.2 HTTP/1.1" 304 - "http://jodyyoung.com/wordpress1/wp-login.php?loggedout=true" "Mozilla/5.0 (Windows NT 6.1; WOW64; rv:22.0) Gecko/20100101 Firefox/22.0"
85.17.29.107 - - [12/Aug/2013:01:30:13 -0400] "GET /home.html HTTP/1.1" 200 13913 "-" "Mozilla/5.0 (compatible; WBSearchBot/1.1; +http://www.warebay.com/bot.html)"
82.132.220.24 - - [12/Aug/2013:04:40:56 -0400] "GET / HTTP/1.1" 301 240 "-" "Mozilla/5.0 (Linux; U; Android 2.3.6; en-gb; GT-S5830i Build/GINGERBREAD) AppleWebKit/533.1 (KHTML, like Gecko) Version/4.0 Mobile Safari/533.1"
82.132.220.24 - - [12/Aug/2013:04:40:57 -0400] "GET /wordpress1/ HTTP/1.1" 200 58294 "-" "Mozilla/5.0 (Linux; U; Android 2.3.6; en-gb; GT-S5830i Build/GINGERBREAD) AppleWebKit/533.1 (KHTML, like Gecko) Version/4.0 Mobile Safari/533.1"
82.132.220.24 - - [12/Aug/2013:04:41:00 -0400] "GET /wordpress1/wp-includes/js/jquery/jquery.js?ver=1.8.3 HTTP/1.1" 200 93658 "-" "Mozilla/5.0 (Linux; U; Android 2.3.6; en-gb; GT-S5830i Build/GINGERBREAD) AppleWebKit/533.1 (KHTML, like Gecko) Version/4.0 Mobile Safari/533.1"
82.132.220.24 - - [12/Aug/2013:04:41:00 -0400] "GET /wordpress1/wp-content/plugins/kino-event-calendar-plugin/js/tools.tooltip.dynamic-1.0.1.min.js HTTP/1.1" 200 1928 "-" "Mozilla/5.0 (Linux; U; Android 2.3.6; en-gb; GT-S5830i Build/GINGERBREAD) AppleWebKit/533.1 (KHTML, like Gecko) Version/4.0 Mobile Safari/533.1"
10.30.72.4 - - [12/Aug/2013:04:40:58 -0400] "POST /wordpress1/wp-cron.php?doing_wp_cron=1376296858.7288539409637451171875 HTTP/1.0" 200 - "-" "WordPress/3.5.2; http://jodyyoung.com/wordpress1"
178.255.215.90 - - [12/Aug/2013:20:26:26 -0400] "GET /shariki=1948 HTTP/1.1" 404 575 "-" "Mozilla/5.0 (compatible; Exabot/3.0 (BiggerBetter); +http://www.exabot.com/go/robot)"
178.255.215.90 - - [12/Aug/2013:20:38:29 -0400] "GET /shariki=1688 HTTP/1.1" 404 575 "-" "Mozilla/5.0 (compatible; Exabot/3.0 (BiggerBetter); +http://www.exabot.com/go/robot)"
178.255.215.90 - - [12/Aug/2013:20:41:26 -0400] "GET /shariki=1698 HTTP/1.1" 404 575 "-" "Mozilla/5.0 (compatible; Exabot/3.0 (BiggerBetter); +http://www.exabot.com/go/robot)"
65.55.213.68 - - [12/Aug/2013:11:17:06 -0400] "GET /wordpress1/2013/04/13/arches-canyonlands/ HTTP/1.1" 200 59164 "-" "msnbot/2.0b (+http://search.msn.com/msnbot.htm)"
37.140.165.197 - - [12/Aug/2013:21:54:21 -0400] "GET /robots.txt HTTP/1.1" 404 575 "-" "Mozilla/5.0 (compatible; YandexImages/3.0; +http://yandex.com/bots)"
199.30.20.34 - - [12/Aug/2013:02:54:44 -0400] "GET /robots.txt HTTP/1.1" 404 575 "-" "msnbot-media/1.1 (+http://search.msn.com/msnbot.htm)"
10.30.72.4 - - [12/Aug/2013:18:35:45 -0400] "POST /wordpress1/wp-cron.php?doing_wp_cron=1376346945.0645470619201660156250 HTTP/1.0" 200 - "-" "WordPress/3.5.2; http://jodyyoung.com/wordpress1"
178.255.215.90 - - [12/Aug/2013:20:20:05 -0400] "GET /shariki=1428 HTTP/1.1" 404 575 "-" "Mozilla/5.0 (compatible; Exabot/3.0 (BiggerBetter); +http://www.exabot.com/go/robot)"
178.255.215.90 - - [12/Aug/2013:20:20:28 -0400] "GET /shariki=2328 HTTP/1.1" 404 575 "-" "Mozilla/5.0 (compatible; Exabot/3.0 (BiggerBetter); +http://www.exabot.com/go/robot)"
192.74.232.133 - - [12/Aug/2013:04:22:46 -0400] "GET /wordpress1/ HTTP/1.0" 301 - "http://www.jodyyoung.com/wordpress1/" "Mozilla/5.0 (Windows NT 6.1; WOW64; rv:17.0) Gecko/20100101 Firefox/17.0"
192.74.232.133 - - [12/Aug/2013:04:22:47 -0400] "GET /wordpress1/ HTTP/1.0" 200 58297 "http://jodyyoung.com/wordpress1/" "Mozilla/5.0 (Windows NT 6.1; WOW64; rv:17.0) Gecko/20100101 Firefox/17.0"
121.223.6.193 - - [12/Aug/2013:23:35:01 -0400] "GET /wordpress1/wp-content/plugins/kino-event-calendar-plugin/js/tools.tooltip-1.1.2.js HTTP/1.1" 200 8427 "http://jodyyoung.com/wordpress1/" "Mozilla/5.0 (Windows NT 6.0) AppleWebKit/537.36 (KHTML, like Gecko) Chrome/28.0.1500.95 Safari/537.36"
121.223.6.193 - - [12/Aug/2013:23:35:01 -0400] "GET /wordpress1/wp-content/plugins/kino-event-calendar-plugin/js/tools.tooltip.dynamic-1.0.1.min.js HTTP/1.1" 200 1928 "http://jodyyoung.com/wordpress1/" "Mozilla/5.0 (Windows NT 6.0) AppleWebKit/537.36 (KHTML, like Gecko) Chrome/28.0.1500.95 Safari/537.36"
121.223.6.193 - - [12/Aug/2013:23:35:03 -0400] "GET /wordpress1/wp-content/uploads/2012/10/P5210108ao-300x225.jpg HTTP/1.1" 200 26577 "http://jodyyoung.com/wordpress1/" "Mozilla/5.0 (Windows NT 6.0) AppleWebKit/537.36 (KHTML, like Gecko) Chrome/28.0.1500.95 Safari/537.36"
121.223.6.193 - - [12/Aug/2013:23:35:06 -0400] "GET /wordpress1/wp-content/themes/atahualpa/images/rss-gray.png HTTP/1.1" 200 379 "http://jodyyoung.com/wordpress1/" "Mozilla/5.0 (Windows NT 6.0) AppleWebKit/537.36 (KHTML, like Gecko) Chrome/28.0.1500.95 Safari/537.36"
121.223.6.193 - - [12/Aug/2013:23:35:06 -0400] "GET /wordpress1/wp-content/plugins/kino-event-calendar-plugin/images/tooltip-bg.png HTTP/1.1" 200 453 "http://jodyyoung.com/wordpress1/" "Mozilla/5.0 (Windows NT 6.0) AppleWebKit/537.36 (KHTML, like Gecko) Chrome/28.0.1500.95 Safari/537.36"
72.14.199.184 - - [12/Aug/2013:12:29:57 -0400] "GET /wordpress1/comments/feed/ HTTP/1.1" 200 3283 "-" "Feedfetcher-Google; (+http://www.google.com/feedfetcher.html; 1 subscribers; feed-id=8917805572480071123)"
117.254.219.78 - - [12/Aug/2013:12:35:09 -0400] "GET /wordpress1/utah/ HTTP/1.1" 200 67332 "http://www.google.co.in/imgres?imgurl=http://jodyyoung.com/wordpress1/wp-content/uploads/2011/11/pow001-300x225.jpg&imgrefurl=http://jodyyoung.com/wordpress1/utah/&usg=___UnQrxzvUdeJcCMonAwySYKsqPE=&h=225&w=300&sz=26&hl=en&start=15&sig2=aze7isYtNi1a9Kknxd4X0g&zoom=1&tbnid=EqwHpDVrLSgMSM:&tbnh=87&tbnw=116&ei=rQ4JUp-sKc2IrAfT3IDQAQ&itbs=1&sa=X&ved=0CEgQrQMwDg" "Mozilla/5.0 (Windows NT 6.1; rv:22.0) Gecko/20100101 Firefox/22.0"
142.0.139.162 - - [12/Aug/2013:00:15:56 -0400] "GET /wordpress1/guestbook/guestbook-archives/ HTTP/1.0" 200 94121 "http://jodyyoung.com/wordpress1/guestbook/guestbook-archives/#comment-352" "Mozilla/5.0 (Windows; U; Windows NT 6.1; en-US) AppleWebKit/534.10 (KHTML, like Gecko) Chrome/8.0.552.224 Safari/534.10"
65.55.213.77 - - [12/Aug/2013:11:17:09 -0400] "GET /wordpress1/2013/05/09/more-desert-fun/ HTTP/1.1" 200 59055 "-" "msnbot/2.0b (+http://search.msn.com/msnbot.htm)"
112.5.234.92 - - [12/Aug/2013:19:43:31 -0400] "GET /wordpress1/gallery/ HTTP/1.1" 200 83260 "-" "Mozilla/4.0 (compatible; MSIE 6.0; Windows NT 5.1; SV1; TencentTraveler ; Mozilla/4.0 (compatible; MSIE 6.0; Windows NT 5.1; SV1) ; .NET CLR 2.0.50727)"
178.255.215.90 - - [12/Aug/2013:20:16:03 -0400] "GET /shariki=1918 HTTP/1.1" 404 575 "-" "Mozilla/5.0 (compatible; Exabot/3.0 (BiggerBetter); +http://www.exabot.com/go/robot)"
178.255.215.90 - - [12/Aug/2013:20:16:06 -0400] "GET /shariki=1718 HTTP/1.1" 404 575 "-" "Mozilla/5.0 (compatible; Exabot/3.0 (BiggerBetter); +http://www.exabot.com/go/robot)"
65.55.215.100 - - [12/Aug/2013:20:18:09 -0400] "GET /robots.txt HTTP/1.1" 404 575 "-" "msnbot-media/1.1 (+http://search.msn.com/msnbot.htm)"
23.23.49.145 - - [12/Aug/2013:05:02:23 -0400] "GET / HTTP/1.1" 301 244 "-" "User-Agent: Mozilla/5.0 (Windows NT 6.1; WOW64) AppleWebKit/537.31 (KHTML, like Gecko) Chrome/26.0.1410.64 Safari/537.31"
23.23.49.145 - - [12/Aug/2013:05:02:23 -0400] "GET /wordpress1/ HTTP/1.1" 403 795 "-" "User-Agent: Mozilla/5.0 (Windows NT 6.1; WOW64) AppleWebKit/537.31 (KHTML, like Gecko) Chrome/26.0.1410.64 Safari/537.31"
66.249.75.122 - - [12/Aug/2013:21:23:56 -0400] "GET /shariki=2220 HTTP/1.1" 404 575 "-" "Mozilla/5.0 (compatible; Googlebot/2.1; +http://www.google.com/bot.html)"
66.249.75.122 - - [12/Aug/2013:22:02:36 -0400] "GET /shariki=2493 HTTP/1.1" 404 575 "-" "Mozilla/5.0 (compatible; Googlebot/2.1; +http://www.google.com/bot.html)"
142.0.139.162 - - [12/Aug/2013:07:33:28 -0400] "GET /wordpress1/guestbook/guestbook-archives/ HTTP/1.0" 200 97529 "http://jodyyoung.com/wordpress1/guestbook/guestbook-archives/#comment-355" "Mozilla/5.0 (Windows NT 6.0) AppleWebKit/537.11 (KHTML, like Gecko) Chrome/23.0.1271.91 Safari/537.11"
142.0.139.162 - - [12/Aug/2013:13:15:51 -0400] "POST /wordpress1/wp-comments-post.php HTTP/1.0" 302 - "http://jodyyoung.com/wordpress1/guestbook/guestbook-archives/#comment-304" "Opera/9.80 (Windows NT 6.1; U; ru) Presto/2.7.39 Version/11.00"
216.152.251.80 - - [12/Aug/2013:11:11:12 -0400] "GET /wordpress1/guestbook/ HTTP/1.0" 200 59405 "http://jodyyoung.com/wordpress1/guestbook/" "Opera/9.80 (Windows NT 6.1; U; ru) Presto/2.7.39 Version/11.00"
65.55.213.68 - - [12/Aug/2013:11:17:12 -0400] "GET /wordpress1/2013/05/15/arches-canyonlands-again/ HTTP/1.1" 200 58600 "-" "msnbot/2.0b (+http://search.msn.com/msnbot.htm)"
157.55.35.33 - - [12/Aug/2013:05:00:46 -0400] "GET / HTTP/1.1" 301 240 "-" "Mozilla/5.0 (compatible; bingbot/2.0; +http://www.bing.com/bingbot.htm)"
65.49.14.138 - - [12/Aug/2013:10:39:24 -0400] "GET /wordpress1/california/ HTTP/1.1" 200 59626 "http://jodyyoung.com/wordpress1/california/" "Mozilla/5.0 (Windows NT 6.0) AppleWebKit/537.11 (KHTML, like Gecko) Chrome/23.0.1271.95 Safari/537.11"
142.0.139.162 - - [12/Aug/2013:10:48:44 -0400] "GET /wordpress1/guestbook/guestbook-archives/ HTTP/1.0" 200 70866 "http://jodyyoung.com/wordpress1/guestbook/guestbook-archives/#comment-304" "Opera/9.80 (Windows NT 6.1; WOW64; Edition Yx) Presto/2.12.388 Version/12.11"
192.99.2.120 - - [12/Aug/2013:02:23:40 -0400] "POST /wordpress1/wp-comments-post.php HTTP/1.0" 500 4120 "http://jodyyoung.com/wordpress1/gallery/" "Mozilla/5.0 (Windows NT 5.1) AppleWebKit/537.11 (KHTML, like Gecko) Chrome/23.0.1271.64 Safari/537.11"
142.0.139.162 - - [12/Aug/2013:07:33:20 -0400] "POST /wordpress1/wp-comments-post.php HTTP/1.0" 302 - "http://jodyyoung.com/wordpress1/guestbook/guestbook-archives/#comment-304" "Mozilla/5.0 (Windows NT 6.0) AppleWebKit/537.11 (KHTML, like Gecko) Chrome/23.0.1271.91 Safari/537.11"
5.167.79.21 - - [12/Aug/2013:14:32:05 -0400] "POST /wordpress1/wp-comments-post.php HTTP/1.0" 500 4120 "http://jodyyoung.com/wordpress1/2012/10/25/new-web-site/" "Mozilla/5.0 (Windows NT 5.1; rv:11.0) Gecko/20100101 Firefox/11.0"
10.30.72.4 - - [12/Aug/2013:17:55:12 -0400] "POST /wordpress1/wp-cron.php?doing_wp_cron=1376344512.2659299373626708984375 HTTP/1.0" 200 - "-" "WordPress/3.5.2; http://jodyyoung.com/wordpress1"
178.255.215.90 - - [12/Aug/2013:20:20:25 -0400] "GET /shariki=1328 HTTP/1.1" 404 575 "-" "Mozilla/5.0 (compatible; Exabot/3.0 (BiggerBetter); +http://www.exabot.com/go/robot)"
178.255.215.90 - - [12/Aug/2013:20:32:31 -0400] "GET /shariki=1968 HTTP/1.1" 404 575 "-" "Mozilla/5.0 (compatible; Exabot/3.0 (BiggerBetter); +http://www.exabot.com/go/robot)"
178.255.215.90 - - [12/Aug/2013:20:41:42 -0400] "GET /shariki=1198 HTTP/1.1" 404 575 "-" "Mozilla/5.0 (compatible; Exabot/3.0 (BiggerBetter); +http://www.exabot.com/go/robot)"
178.255.215.90 - - [12/Aug/2013:20:41:50 -0400] "GET /shariki=1598 HTTP/1.1" 404 575 "-" "Mozilla/5.0 (compatible; Exabot/3.0 (BiggerBetter); +http://www.exabot.com/go/robot)"
112.5.234.92 - - [12/Aug/2013:19:43:10 -0400] "GET /wordpress1/gallery/ HTTP/1.1" 200 83260 "-" "Mozilla/4.0 (compatible; MSIE 6.0; Windows NT 5.1; SV1; TencentTraveler ; Mozilla/4.0 (compatible; MSIE 6.0; Windows NT 5.1; SV1) ; .NET CLR 2.0.50727)"
178.255.215.90 - - [12/Aug/2013:20:16:18 -0400] "GET /shariki=1518 HTTP/1.1" 404 575 "-" "Mozilla/5.0 (compatible; Exabot/3.0 (BiggerBetter); +http://www.exabot.com/go/robot)"
178.255.215.90 - - [12/Aug/2013:20:19:49 -0400] "GET /shariki=1928 HTTP/1.1" 404 575 "-" "Mozilla/5.0 (compatible; Exabot/3.0 (BiggerBetter); +http://www.exabot.com/go/robot)"
178.255.215.90 - - [12/Aug/2013:20:29:48 -0400] "GET /shariki=1458 HTTP/1.1" 404 575 "-" "Mozilla/5.0 (compatible; Exabot/3.0 (BiggerBetter); +http://www.exabot.com/go/robot)"
178.255.215.90 - - [12/Aug/2013:20:32:47 -0400] "GET /shariki=1368 HTTP/1.1" 404 575 "-" "Mozilla/5.0 (compatible; Exabot/3.0 (BiggerBetter); +http://www.exabot.com/go/robot)"
178.255.215.90 - - [12/Aug/2013:20:41:34 -0400] "GET /shariki=1898 HTTP/1.1" 404 575 "-" "Mozilla/5.0 (compatible; Exabot/3.0 (BiggerBetter); +http://www.exabot.com/go/robot)"
82.132.220.24 - - [12/Aug/2013:04:41:00 -0400] "GET /wordpress1/wp-content/plugins/flash-album-gallery/admin/js/swfaddress.js?ver=2.4 HTTP/1.1" 200 15916 "-" "Mozilla/5.0 (Linux; U; Android 2.3.6; en-gb; GT-S5830i Build/GINGERBREAD) AppleWebKit/533.1 (KHTML, like Gecko) Version/4.0 Mobile Safari/533.1"
82.132.220.24 - - [12/Aug/2013:04:41:00 -0400] "GET /wordpress1/wp-content/plugins/kino-event-calendar-plugin/css/main.css HTTP/1.1" 200 710 "-" "Mozilla/5.0 (Linux; U; Android 2.3.6; en-gb; GT-S5830i Build/GINGERBREAD) AppleWebKit/533.1 (KHTML, like Gecko) Version/4.0 Mobile Safari/533.1"
157.55.35.33 - - [12/Aug/2013:04:56:29 -0400] "GET /robots.txt HTTP/1.1" 404 575 "-" "Mozilla/5.0 (compatible; bingbot/2.0; +http://www.bing.com/bingbot.htm)"
184.148.58.240 - - [12/Aug/2013:07:47:43 -0400] "GET /wordpress1/wp-content/plugins/kino-event-calendar-plugin/js/tools.tooltip-1.1.2.js HTTP/1.1" 200 8427 "http://jodyyoung.com/wordpress1/gallery/" "Mozilla/5.0 (compatible; MSIE 10.0; Windows NT 6.1; WOW64; Trident/6.0)"
184.148.58.240 - - [12/Aug/2013:07:47:43 -0400] "GET /wordpress1/wp-content/themes/atahualpa/js/DD_roundies.js?ver=0.0.2a HTTP/1.1" 200 16853 "http://jodyyoung.com/wordpress1/gallery/" "Mozilla/5.0 (compatible; MSIE 10.0; Windows NT 6.1; WOW64; Trident/6.0)"
184.148.58.240 - - [12/Aug/2013:07:47:43 -0400] "GET /wordpress1/wp-content/plugins/kino-event-calendar-plugin/css/calendar.css HTTP/1.1" 200 10091 "http://jodyyoung.com/wordpress1/gallery/" "Mozilla/5.0 (compatible; MSIE 10.0; Windows NT 6.1; WOW64; Trident/6.0)"
184.148.58.240 - - [12/Aug/2013:07:47:44 -0400] "GET /wordpress1/wp-content/plugins/flash-album-gallery/admin/css/flagallery_noflash.css HTTP/1.1" 200 2509 "http://jodyyoung.com/wordpress1/gallery/" "Mozilla/5.0 (compatible; MSIE 10.0; Windows NT 6.1; WOW64; Trident/6.0)"
184.148.58.240 - - [12/Aug/2013:07:47:44 -0400] "GET /wordpress1/wp-content/plugins/flash-album-gallery/admin/js/photoswipe/code.photoswipe.jquery-3.0.5.min.js HTTP/1.1" 200 77126 "http://jodyyoung.com/wordpress1/gallery/" "Mozilla/5.0 (compatible; MSIE 10.0; Windows NT 6.1; WOW64; Trident/6.0)"
184.148.58.240 - - [12/Aug/2013:07:47:44 -0400] "GET /wordpress1/wp-content/plugins/flash-album-gallery/admin/images/views.png HTTP/1.1" 200 251 "http://jodyyoung.com/wordpress1/gallery/" "Mozilla/5.0 (compatible; MSIE 10.0; Windows NT 6.1; WOW64; Trident/6.0)"
184.148.58.240 - - [12/Aug/2013:07:47:45 -0400] "GET /wordpress1/wp-content/plugins/kino-event-calendar-plugin/rpc.php?action=get_events&start=1374984000000&end=1378612800000&event_id=null HTTP/1.1" 200 3609 "http://jodyyoung.com/wordpress1/gallery/" "Mozilla/5.0 (compatible; MSIE 10.0; Windows NT 6.1; WOW64; Trident/6.0)"
97.116.107.32 - - [12/Aug/2013:14:51:18 -0400] "GET /wordpress1/wp-content/flagallery/alaska-photos/p8220154ao.jpg HTTP/1.1" 200 232212 "https://www.google.com/" "Mozilla/5.0 (iPhone; CPU iPhone OS 6_0_1 like Mac OS X) AppleWebKit/536.26 (KHTML, like Gecko) Version/6.0 Mobile/10A523 Safari/8536.25"
69.35.184.188 - - [12/Aug/2013:10:02:12 -0400] "GET /wordpress1/wp-admin/load-scripts.php?c=1&load%5B%5D=jquery,utils&ver=3.5.2 HTTP/1.1" 200 37340 "http://jodyyoung.com/wordpress1/wp-admin/edit-comments.php?comment_status=moderated" "Mozilla/5.0 (Windows NT 6.1; WOW64; rv:22.0) Gecko/20100101 Firefox/22.0"
69.35.184.188 - - [12/Aug/2013:10:02:14 -0400] "GET /wordpress1/wp-admin/load-styles.php?c=1&dir=ltr&load=wp-jquery-ui-dialog&ver=3.5.2 HTTP/1.1" 200 1101 "http://jodyyoung.com/wordpress1/wp-admin/edit-comments.php?comment_status=moderated" "Mozilla/5.0 (Windows NT 6.1; WOW64; rv:22.0) Gecko/20100101 Firefox/22.0"
69.35.184.188 - - [12/Aug/2013:10:02:14 -0400] "GET /wordpress1/wp-content/plugins/flash-album-gallery/admin/images/flag.png HTTP/1.1" 200 718 "http://jodyyoung.com/wordpress1/wp-admin/edit-comments.php?comment_status=moderated" "Mozilla/5.0 (Windows NT 6.1; WOW64; rv:22.0) Gecko/20100101 Firefox/22.0"
69.35.184.188 - - [12/Aug/2013:10:02:14 -0400] "GET /wordpress1/wp-admin/images/icons32.png?ver=20121105 HTTP/1.1" 200 12989 "http://jodyyoung.com/wordpress1/wp-admin/edit-comments.php?comment_status=moderated" "Mozilla/5.0 (Windows NT 6.1; WOW64; rv:22.0) Gecko/20100101 Firefox/22.0"
69.35.184.188 - - [12/Aug/2013:10:02:15 -0400] "GET /wordpress1/wp-content/plugins/kino-event-calendar-plugin/css/smoothness/images/ui-bg_flat_75_ffffff_40x100.png HTTP/1.1" 200 178 "http://jodyyoung.com/wordpress1/wp-admin/edit-comments.php?comment_status=moderated" "Mozilla/5.0 (Windows NT 6.1; WOW64; rv:22.0) Gecko/20100101 Firefox/22.0"
36.250.195.208 - - [12/Aug/2013:21:18:21 -0400] "GET //wp-content/plugins/zingiri-web-shop/readme.txt HTTP/1.1" 404 575 "-" "Wget/1.13.4 (linux-gnu)"
178.255.215.90 - - [12/Aug/2013:20:29:54 -0400] "GET /shariki=1258 HTTP/1.1" 404 575 "-" "Mozilla/5.0 (compatible; Exabot/3.0 (BiggerBetter); +http://www.exabot.com/go/robot)"
178.255.215.90 - - [12/Aug/2013:20:41:48 -0400] "GET /shariki=1398 HTTP/1.1" 404 575 "-" "Mozilla/5.0 (compatible; Exabot/3.0 (BiggerBetter); +http://www.exabot.com/go/robot)"
184.148.58.240 - - [12/Aug/2013:07:47:43 -0400] "GET /wordpress1/wp-content/plugins/flash-album-gallery/admin/js/swfaddress.js?ver=2.4 HTTP/1.1" 200 15916 "http://jodyyoung.com/wordpress1/gallery/" "Mozilla/5.0 (compatible; MSIE 10.0; Windows NT 6.1; WOW64; Trident/6.0)"
184.148.58.240 - - [12/Aug/2013:07:47:43 -0400] "GET /wordpress1/wp-content/plugins/kino-event-calendar-plugin/js/calendar.js HTTP/1.1" 200 79688 "http://jodyyoung.com/wordpress1/gallery/" "Mozilla/5.0 (compatible; MSIE 10.0; Windows NT 6.1; WOW64; Trident/6.0)"
184.148.58.240 - - [12/Aug/2013:07:47:45 -0400] "GET /wordpress1/wp-content/flagallery/jodys-world/thumbs/thumbs_P9220041.JPG HTTP/1.1" 200 17919 "http://jodyyoung.com/wordpress1/gallery/" "Mozilla/5.0 (compatible; MSIE 10.0; Windows NT 6.1; WOW64; Trident/6.0)"
184.148.58.240 - - [12/Aug/2013:07:47:45 -0400] "GET /wordpress1/wp-content/flagallery/jodys-world/thumbs/thumbs_P9220058.JPG HTTP/1.1" 200 14927 "http://jodyyoung.com/wordpress1/gallery/" "Mozilla/5.0 (compatible; MSIE 10.0; Windows NT 6.1; WOW64; Trident/6.0)"
184.148.58.240 - - [12/Aug/2013:07:47:45 -0400] "GET /wordpress1/wp-content/flagallery/jodys-world/thumbs/thumbs_P9220046.JPG HTTP/1.1" 200 17368 "http://jodyyoung.com/wordpress1/gallery/" "Mozilla/5.0 (compatible; MSIE 10.0; Windows NT 6.1; WOW64; Trident/6.0)"
184.148.58.240 - - [12/Aug/2013:07:47:45 -0400] "GET /wordpress1/wp-content/flagallery/jodys-world/thumbs/thumbs_pa060042ao.jpg HTTP/1.1" 200 14368 "http://jodyyoung.com/wordpress1/gallery/" "Mozilla/5.0 (compatible; MSIE 10.0; Windows NT 6.1; WOW64; Trident/6.0)"
184.148.58.240 - - [12/Aug/2013:07:47:45 -0400] "GET /wordpress1/wp-content/flagallery/jodys-world/thumbs/thumbs_20110430_103.JPG HTTP/1.1" 200 15634 "http://jodyyoung.com/wordpress1/gallery/" "Mozilla/5.0 (compatible; MSIE 10.0; Windows NT 6.1; WOW64; Trident/6.0)"
184.148.58.240 - - [12/Aug/2013:07:47:45 -0400] "GET /wordpress1/wp-content/flagallery/jodys-world/thumbs/thumbs_20110430_156.JPG HTTP/1.1" 200 15052 "http://jodyyoung.com/wordpress1/gallery/" "Mozilla/5.0 (compatible; MSIE 10.0; Windows NT 6.1; WOW64; Trident/6.0)"
184.148.58.240 - - [12/Aug/2013:07:47:45 -0400] "GET /wordpress1/wp-content/themes/atahualpa/images/header/jyatHD13.jpg HTTP/1.1" 200 52546 "http://jodyyoung.com/wordpress1/gallery/" "Mozilla/5.0 (compatible; MSIE 10.0; Windows NT 6.1; WOW64; Trident/6.0)"
216.152.251.19 - - [12/Aug/2013:17:16:25 -0400] "GET /wordpress1/guestbook/guestbook-archives/ HTTP/1.0" 200 70868 "http://jodyyoung.com/wordpress1/guestbook/guestbook-archives/" "Mozilla/5.0 (Windows NT 6.1; rv:16.0) Gecko/20100101 Firefox/16.0"
10.30.72.4 - - [12/Aug/2013:12:29:59 -0400] "POST /wordpress1/wp-cron.php?doing_wp_cron=1376324999.3920130729675292968750 HTTP/1.0" 200 - "-" "WordPress/3.5.2; http://jodyyoung.com/wordpress1"
82.132.224.30 - - [12/Aug/2013:13:49:37 -0400] "GET /wordpress1/wp-content/plugins/kino-event-calendar-plugin/js/tools.tooltip-1.1.2.js HTTP/1.1" 200 8427 "-" "Mozilla/5.0 (Linux; U; Android 4.1.2; en-gb; GT-I8190N Build/JZO54K) AppleWebKit/534.30 (KHTML, like Gecko) Version/4.0 Mobile Safari/534.30"
82.132.224.30 - - [12/Aug/2013:13:49:37 -0400] "GET /wordpress1/wp-content/plugins/flash-album-gallery/admin/js/swfobject.js?ver=2.2 HTTP/1.1" 200 11754 "-" "Mozilla/5.0 (Linux; U; Android 4.1.2; en-gb; GT-I8190N Build/JZO54K) AppleWebKit/534.30 (KHTML, like Gecko) Version/4.0 Mobile Safari/534.30"
69.35.184.188 - - [12/Aug/2013:10:02:12 -0400] "GET /wordpress1/wp-content/plugins/preserved-html-editor-markup/admin.js?v=1.5&ver=3.5.2 HTTP/1.1" 200 17069 "http://jodyyoung.com/wordpress1/wp-admin/edit-comments.php?comment_status=moderated" "Mozilla/5.0 (Windows NT 6.1; WOW64; rv:22.0) Gecko/20100101 Firefox/22.0"
69.35.184.188 - - [12/Aug/2013:10:02:12 -0400] "GET /wordpress1/wp-content/plugins/kino-event-calendar-plugin/js/admin.js HTTP/1.1" 200 3532 "http://jodyyoung.com/wordpress1/wp-admin/edit-comments.php?comment_status=moderated" "Mozilla/5.0 (Windows NT 6.1; WOW64; rv:22.0) Gecko/20100101 Firefox/22.0"
69.35.184.188 - - [12/Aug/2013:10:02:12 -0400] "GET /wordpress1/wp-content/plugins/kino-event-calendar-plugin/colorpicker/js/colorpicker.js HTTP/1.1" 200 16737 "http://jodyyoung.com/wordpress1/wp-admin/edit-comments.php?comment_status=moderated" "Mozilla/5.0 (Windows NT 6.1; WOW64; rv:22.0) Gecko/20100101 Firefox/22.0"
69.35.184.188 - - [12/Aug/2013:10:02:14 -0400] "GET /wordpress1/wp-admin/images/menu-shadow.png HTTP/1.1" 200 89 "http://jodyyoung.com/wordpress1/wp-admin/edit-comments.php?comment_status=moderated" "Mozilla/5.0 (Windows NT 6.1; WOW64; rv:22.0) Gecko/20100101 Firefox/22.0"
69.35.184.188 - - [12/Aug/2013:10:02:14 -0400] "GET /wordpress1/wp-admin/images/menu.png?ver=20121105 HTTP/1.1" 200 9165 "http://jodyyoung.com/wordpress1/wp-admin/edit-comments.php?comment_status=moderated" "Mozilla/5.0 (Windows NT 6.1; WOW64; rv:22.0) Gecko/20100101 Firefox/22.0"
69.35.184.188 - - [12/Aug/2013:10:02:14 -0400] "GET /wordpress1/wp-admin/images/bubble_bg.gif HTTP/1.1" 200 395 "http://jodyyoung.com/wordpress1/wp-admin/edit-comments.php?comment_status=moderated" "Mozilla/5.0 (Windows NT 6.1; WOW64; rv:22.0) Gecko/20100101 Firefox/22.0"
69.35.184.188 - - [12/Aug/2013:10:04:06 -0400] "GET /wordpress1/wp-content/plugins/preserved-html-editor-markup/admin.js?v=1.5&ver=3.5.2 HTTP/1.1" 304 - "http://jodyyoung.com/wordpress1/wp-admin/edit-comments.php?comment_status=moderated&paged=1&spammed=15&ids=359,357,356,355,354,353,352,351,350,349,348,347,346,345,344" "Mozilla/5.0 (Windows NT 6.1; WOW64; rv:22.0) Gecko/20100101 Firefox/22.0"
69.35.184.188 - - [12/Aug/2013:10:07:45 -0400] "GET /wordpress1/wp-includes/css/buttons.min.css?ver=3.5.2 HTTP/1.1" 304 - "http://jodyyoung.com/wordpress1/wp-login.php?loggedout=true" "Mozilla/5.0 (Windows NT 6.1; WOW64; rv:22.0) Gecko/20100101 Firefox/22.0"
89.28.24.58 - - [12/Aug/2013:10:19:24 -0400] "GET /wordpress1/2013/04/13/arches-canyonlands/ HTTP/1.0" 200 59800 "http://jodyyoung.com/wordpress1/2013/04/13/arches-canyonlands/" "Mozilla/4.0 (compatible; MSIE 6.0; Windows NT 5.1; SV1)"
65.55.213.68 - - [12/Aug/2013:11:17:33 -0400] "GET /wordpress1/alaska/ HTTP/1.1" 200 61099 "-" "msnbot/2.0b (+http://search.msn.com/msnbot.htm)"
199.30.16.40 - - [12/Aug/2013:10:00:48 -0400] "GET /robots.txt HTTP/1.1" 404 575 "-" "msnbot-media/1.1 (+http://search.msn.com/msnbot.htm)"
65.55.213.68 - - [12/Aug/2013:11:16:58 -0400] "GET /wordpress1/flagallery/colorado-scenes/ HTTP/1.1" 200 10316 "-" "msnbot/2.0b (+http://search.msn.com/msnbot.htm)"
198.143.132.146 - - [12/Aug/2013:23:00:09 -0400] "GET /robots.txt HTTP/1.1" 404 575 "-" "Mozilla/5.0 (compatible; BLEXBot/1.0; +http://webmeup.com/crawler.html)"
198.143.132.146 - - [12/Aug/2013:23:00:09 -0400] "GET / HTTP/1.1" 301 244 "-" "Mozilla/5.0 (compatible; BLEXBot/1.0; +http://webmeup.com/crawler.html)"
198.143.132.146 - - [12/Aug/2013:23:00:09 -0400] "GET /wordpress1/ HTTP/1.1" 503 323 "-" "Mozilla/5.0 (compatible; BLEXBot/1.0; +http://webmeup.com/crawler.html)"
10.30.72.4 - - [12/Aug/2013:07:32:42 -0400] "POST /wordpress1/wp-cron.php?doing_wp_cron=1376307162.3689510822296142578125 HTTP/1.0" 200 - "-" "WordPress/3.5.2; http://jodyyoung.com/wordpress1"
184.148.58.240 - - [12/Aug/2013:07:47:43 -0400] "GET /wordpress1/wp-includes/js/comment-reply.min.js?ver=3.5.2 HTTP/1.1" 200 786 "http://jodyyoung.com/wordpress1/gallery/" "Mozilla/5.0 (compatible; MSIE 10.0; Windows NT 6.1; WOW64; Trident/6.0)"
184.148.58.240 - - [12/Aug/2013:07:47:43 -0400] "GET /wordpress1/wp-content/plugins/kino-event-calendar-plugin/js/tools.tooptip.slide-1.0.0.min.js HTTP/1.1" 200 1087 "http://jodyyoung.com/wordpress1/gallery/" "Mozilla/5.0 (compatible; MSIE 10.0; Windows NT 6.1; WOW64; Trident/6.0)"
184.148.58.240 - - [12/Aug/2013:07:47:43 -0400] "GET /wordpress1/wp-content/plugins/kino-event-calendar-plugin/js/tools.tooltip.dynamic-1.0.1.min.js HTTP/1.1" 200 1928 "http://jodyyoung.com/wordpress1/gallery/" "Mozilla/5.0 (compatible; MSIE 10.0; Windows NT 6.1; WOW64; Trident/6.0)"
184.148.58.240 - - [12/Aug/2013:07:47:43 -0400] "GET /wordpress1/wp-content/plugins/flash-album-gallery/admin/js/swfobject.js?ver=2.2 HTTP/1.1" 200 11754 "http://jodyyoung.com/wordpress1/gallery/" "Mozilla/5.0 (compatible; MSIE 10.0; Windows NT 6.1; WOW64; Trident/6.0)"
184.148.58.240 - - [12/Aug/2013:07:47:43 -0400] "GET /wordpress1/wp-content/plugins/kino-event-calendar-plugin/css/main.css HTTP/1.1" 200 710 "http://jodyyoung.com/wordpress1/gallery/" "Mozilla/5.0 (compatible; MSIE 10.0; Windows NT 6.1; WOW64; Trident/6.0)"
184.148.58.240 - - [12/Aug/2013:07:47:44 -0400] "GET /wordpress1/wp-content/plugins/flash-album-gallery/admin/css/flagallery_nocrawler.css HTTP/1.1" 200 1071 "http://jodyyoung.com/wordpress1/gallery/" "Mozilla/5.0 (compatible; MSIE 10.0; Windows NT 6.1; WOW64; Trident/6.0)"
184.148.58.240 - - [12/Aug/2013:07:47:44 -0400] "GET /wordpress1/wp-content/plugins/flash-album-gallery/admin/js/photoswipe/klass.min.js HTTP/1.1" 200 1200 "http://jodyyoung.com/wordpress1/gallery/" "Mozilla/5.0 (compatible; MSIE 10.0; Windows NT 6.1; WOW64; Trident/6.0)"
184.148.58.240 - - [12/Aug/2013:07:47:44 -0400] "GET /wordpress1/wp-content/plugins/flash-album-gallery/admin/css/flagallery.css?ver=3.5.2 HTTP/1.1" 200 558 "http://jodyyoung.com/wordpress1/gallery/" "Mozilla/5.0 (compatible; MSIE 10.0; Windows NT 6.1; WOW64; Trident/6.0)"
184.148.58.240 - - [12/Aug/2013:07:47:44 -0400] "GET /wordpress1/wp-content/plugins/flash-album-gallery/admin/images/loadingAnimation.gif HTTP/1.1" 200 1320 "http://jodyyoung.com/wordpress1/gallery/" "Mozilla/5.0 (compatible; MSIE 10.0; Windows NT 6.1; WOW64; Trident/6.0)"
184.148.58.240 - - [12/Aug/2013:07:47:45 -0400] "GET /wordpress1/wp-content/flagallery/jodys-world/thumbs/thumbs_img_0343ao.jpg HTTP/1.1" 200 7476 "http://jodyyoung.com/wordpress1/gallery/" "Mozilla/5.0 (compatible; MSIE 10.0; Windows NT 6.1; WOW64; Trident/6.0)"
184.148.58.240 - - [12/Aug/2013:07:47:45 -0400] "GET /wordpress1/wp-content/flagallery/jodys-world/thumbs/thumbs_s1020006a.jpg HTTP/1.1" 200 19405 "http://jodyyoung.com/wordpress1/gallery/" "Mozilla/5.0 (compatible; MSIE 10.0; Windows NT 6.1; WOW64; Trident/6.0)"
184.148.58.240 - - [12/Aug/2013:07:47:45 -0400] "GET /wordpress1/wp-content/flagallery/jodys-world/thumbs/thumbs_20110430_117.JPG HTTP/1.1" 200 16649 "http://jodyyoung.com/wordpress1/gallery/" "Mozilla/5.0 (compatible; MSIE 10.0; Windows NT 6.1; WOW64; Trident/6.0)"
184.148.58.240 - - [12/Aug/2013:07:47:45 -0400] "GET /wordpress1/wp-content/flagallery/jodys-world/thumbs/thumbs_s1040074a.jpg HTTP/1.1" 200 14639 "http://jodyyoung.com/wordpress1/gallery/" "Mozilla/5.0 (compatible; MSIE 10.0; Windows NT 6.1; WOW64; Trident/6.0)"
184.148.58.240 - - [12/Aug/2013:07:47:45 -0400] "GET /wordpress1/wp-content/flagallery/jodys-world/thumbs/thumbs_20110430_136.JPG HTTP/1.1" 200 15086 "http://jodyyoung.com/wordpress1/gallery/" "Mozilla/5.0 (compatible; MSIE 10.0; Windows NT 6.1; WOW64; Trident/6.0)"
184.148.58.240 - - [12/Aug/2013:07:47:45 -0400] "GET /wordpress1/wp-content/flagallery/jodys-world/thumbs/thumbs_20110430_87.JPG HTTP/1.1" 200 15936 "http://jodyyoung.com/wordpress1/gallery/" "Mozilla/5.0 (compatible; MSIE 10.0; Windows NT 6.1; WOW64; Trident/6.0)"
