5.248.87.192 - - [12/Aug/2013:16:02:56 -0400] "POST /wordpress1/wp-comments-post.php HTTP/1.0" 503 323 "http://jodyyoung.com/wordpress1/guestbook/" "Mozilla/5.0 (Windows NT 6.1; WOW64) AppleWebKit/537.11 (KHTML, like Gecko) Chrome/23.0.1271.95 Safari/537.11"
71.200.200.184 - - [12/Aug/2013:16:37:02 -0400] "GET /wordpress1/wp-content/uploads/2011/10/jody_abt.jpg HTTP/1.1" 200 22104 "-" "rarely used"
216.152.251.19 - - [12/Aug/2013:17:11:47 -0400] "GET /wordpress1/guestbook/ HTTP/1.0" 503 323 "http://jodyyoung.com/wordpress1/guestbook/" "Mozilla/5.0 (Windows NT 6.1; rv:16.0) Gecko/20100101 Firefox/16.0"
216.152.251.19 - - [12/Aug/2013:17:13:55 -0400] "GET /wordpress1/guestbook/ HTTP/1.0" 503 323 "http://jodyyoung.com/wordpress1/guestbook/" "Mozilla/5.0 (Windows NT 6.1; rv:16.0) Gecko/20100101 Firefox/16.0"
216.152.251.19 - - [12/Aug/2013:17:15:12 -0400] "POST /wordpress1/wp-comments-post.php HTTP/1.0" 503 323 "http://jodyyoung.com/wordpress1/guestbook/guestbook-archives/" "Mozilla/5.0 (Windows NT 6.1; rv:16.0) Gecko/20100101 Firefox/16.0"
178.255.215.90 - - [12/Aug/2013:20:29:36 -0400] "GET /shariki=1758 HTTP/1.1" 404 575 "-" "Mozilla/5.0 (compatible; Exabot/3.0 (BiggerBetter); +http://www.exabot.com/go/robot)"
178.255.215.90 - - [12/Aug/2013:20:38:32 -0400] "GET /shariki=2488 HTTP/1.1" 404 575 "-" "Mozilla/5.0 (compatible; Exabot/3.0 (BiggerBetter); +http://www.exabot.com/go/robot)"
178.255.215.90 - - [12/Aug/2013:20:38:56 -0400] "GET /shariki=1188 HTTP/1.1" 404 575 "-" "Mozilla/5.0 (compatible; Exabot/3.0 (BiggerBetter); +http://www.exabot.com/go/robot)"
218.213.137.37 - - [12/Aug/2013:00:47:00 -0400] "GET /robots.txt HTTP/1.1" 404 575 "-" "DoCoMo/2.0 P900i(c100;TB;W24H11) (compatible; ichiro/mobile goo;+http://search.goo.ne.jp/option/use/sub4/sub4-1/)"
68.148.169.190 - - [12/Aug/2013:02:15:07 -0400] "GET /wordpress1/wp-content/uploads/2011/11/pow003-300x225.jpg HTTP/1.1" 200 22622 "-" "Mozilla/5.0 (Windows NT 6.1; WOW64) AppleWebKit/537.36 (KHTML, like Gecko) Chrome/28.0.1500.95 Safari/537.36"
178.255.215.90 - - [12/Aug/2013:20:16:09 -0400] "GET /shariki=1818 HTTP/1.1" 404 575 "-" "Mozilla/5.0 (compatible; Exabot/3.0 (BiggerBetter); +http://www.exabot.com/go/robot)"
178.255.215.90 - - [12/Aug/2013:20:16:29 -0400] "GET /shariki=1318 HTTP/1.1" 404 575 "-" "Mozilla/5.0 (compatible; Exabot/3.0 (BiggerBetter); +http://www.exabot.com/go/robot)"
65.55.215.100 - - [12/Aug/2013:20:18:09 -0400] "GET /311/images/04a.jpg HTTP/1.1" 200 2246 "-" "msnbot-media/1.1 (+http://search.msn.com/msnbot.htm)"
178.255.215.90 - - [12/Aug/2013:20:26:29 -0400] "GET /shariki=1648 HTTP/1.1" 404 575 "-" "Mozilla/5.0 (compatible; Exabot/3.0 (BiggerBetter); +http://www.exabot.com/go/robot)"
178.255.215.90 - - [12/Aug/2013:20:26:35 -0400] "GET /shariki=1448 HTTP/1.1" 404 575 "-" "Mozilla/5.0 (compatible; Exabot/3.0 (BiggerBetter); +http://www.exabot.com/go/robot)"
94.27.71.91 - - [12/Aug/2013:20:29:37 -0400] "GET /shariki=2091 HTTP/1.0" 404 575 "http://cialis1st.lo.gs/#6587" "Opera/9.80 (Windows NT 6.0; U; ru) Presto/2.10.289 Version/12.02"
94.27.71.91 - - [12/Aug/2013:20:29:40 -0400] "GET /wordpress1/ HTTP/1.0" 200 58291 "http://jodyyoung.com/wordpress1/" "Opera/9.80 (Windows NT 6.0; U; ru) Presto/2.10.289 Version/12.02"
178.255.215.90 - - [12/Aug/2013:20:41:56 -0400] "GET /shariki=1098 HTTP/1.1" 404 575 "-" "Mozilla/5.0 (compatible; Exabot/3.0 (BiggerBetter); +http://www.exabot.com/go/robot)"
142.0.139.162 - - [12/Aug/2013:00:15:53 -0400] "POST /wordpress1/wp-comments-post.php HTTP/1.0" 302 - "http://jodyyoung.com/wordpress1/guestbook/guestbook-archives/#comment-304" "Mozilla/5.0 (Windows; U; Windows NT 6.1; en-US) AppleWebKit/534.10 (KHTML, like Gecko) Chrome/8.0.552.224 Safari/534.10"
65.55.213.68 - - [12/Aug/2013:11:17:41 -0400] "GET /wordpress1/feed/ HTTP/1.1" 200 8101 "-" "msnbot/2.0b (+http://search.msn.com/msnbot.htm)"
198.143.132.146 - - [12/Aug/2013:23:00:12 -0400] "GET / HTTP/1.1" 301 240 "-" "Mozilla/5.0 (compatible; BLEXBot/1.0; +http://webmeup.com/crawler.html)"
198.143.132.146 - - [12/Aug/2013:23:00:12 -0400] "GET /wordpress1/ HTTP/1.1" 403 877 "-" "Mozilla/5.0 (compatible; BLEXBot/1.0; +http://webmeup.com/crawler.html)"
75.158.135.72 - - [12/Aug/2013:23:57:20 -0400] "GET /wordpress1/wp-content/plugins/flash-album-gallery/admin/js/swfobject.js?ver=2.2 HTTP/1.1" 200 11754 "http://jodyyoung.com/wordpress1/" "Mozilla/5.0 (iPod; U; CPU iPhone OS 4_2_1 like Mac OS X; en-us) AppleWebKit/533.17.9 (KHTML, like Gecko) Version/5.0.2 Mobile/8C148 Safari/6533.18.5"
75.158.135.72 - - [12/Aug/2013:23:57:22 -0400] "GET /wordpress1/wp-content/plugins/kino-event-calendar-plugin/css/main.css HTTP/1.1" 200 710 "http://jodyyoung.com/wordpress1/" "Mozilla/5.0 (iPod; U; CPU iPhone OS 4_2_1 like Mac OS X; en-us) AppleWebKit/533.17.9 (KHTML, like Gecko) Version/5.0.2 Mobile/8C148 Safari/6533.18.5"
75.158.135.72 - - [12/Aug/2013:23:57:23 -0400] "GET /wordpress1/wp-content/plugins/kino-event-calendar-plugin/js/tools.tooptip.slide-1.0.0.min.js HTTP/1.1" 200 1087 "http://jodyyoung.com/wordpress1/" "Mozilla/5.0 (iPod; U; CPU iPhone OS 4_2_1 like Mac OS X; en-us) AppleWebKit/533.17.9 (KHTML, like Gecko) Version/5.0.2 Mobile/8C148 Safari/6533.18.5"
75.158.135.72 - - [12/Aug/2013:23:57:23 -0400] "GET /wordpress1/wp-content/plugins/kino-event-calendar-plugin/js/calendar.js HTTP/1.1" 200 79688 "http://jodyyoung.com/wordpress1/" "Mozilla/5.0 (iPod; U; CPU iPhone OS 4_2_1 like Mac OS X; en-us) AppleWebKit/533.17.9 (KHTML, like Gecko) Version/5.0.2 Mobile/8C148 Safari/6533.18.5"
82.132.220.24 - - [12/Aug/2013:04:41:09 -0400] "GET /wordpress1/wp-content/uploads/2012/10/P5210108ao-300x225.jpg HTTP/1.1" 200 26577 "http://jodyyoung.com/wordpress1/" "Mozilla/5.0 (Linux; U; Android 2.3.6; en-gb; GT-S5830i Build/GINGERBREAD) AppleWebKit/533.1 (KHTML, like Gecko) Version/4.0 Mobile Safari/533.1"
66.249.75.184 - - [12/Aug/2013:05:11:45 -0400] "GET /robots.txt HTTP/1.1" 404 575 "-" "Mozilla/5.0 (compatible; Googlebot/2.1; +http://www.google.com/bot.html)"
66.249.75.184 - - [12/Aug/2013:05:21:29 -0400] "GET /wordpress1/wp-content/plugins/jetpack/modules/widgets/widgets.css?ver=20121003 HTTP/1.1" 200 204 "-" "Mozilla/5.0 (compatible; Googlebot/2.1; +http://www.google.com/bot.html)"
217.195.202.63 - - [12/Aug/2013:08:36:23 -0400] "POST /wordpress1/wp-comments-post.php HTTP/1.1" 302 - "http://jodyyoung.com/wordpress1/2012/10/25/new-web-site/" "Mozilla/5.0 (X11; Linux x86_64) AppleWebKit/537.36 (KHTML, like Gecko) Chrome/28.0.1500.63 Safari/537.36"
217.195.202.63 - - [12/Aug/2013:08:36:25 -0400] "GET /wordpress1/2012/10/25/new-web-site/ HTTP/1.1" 200 63123 "http://jodyyoung.com/wordpress1/2012/10/25/new-web-site/" "Mozilla/5.0 (X11; Linux x86_64) AppleWebKit/537.36 (KHTML, like Gecko) Chrome/28.0.1500.63 Safari/537.36"
213.186.119.135 - - [12/Aug/2013:08:54:42 -0400] "GET /wordpress1/feed/ HTTP/1.1" 200 8101 "-" "AhrefsBot.Feeds v0.1; http://ahrefs.com/"
142.0.139.162 - - [12/Aug/2013:12:05:58 -0400] "GET /wordpress1/guestbook/guestbook-archives/ HTTP/1.0" 200 82652 "http://jodyyoung.com/wordpress1/guestbook/guestbook-archives/#comment-362" "Opera/9.80 (Windows NT 6.1; U; Edition Yx; ru) Presto/2.10.289 Version/12.02"
65.55.215.80 - - [12/Aug/2013:13:19:34 -0400] "GET /311/images/02a.jpg HTTP/1.1" 200 2812 "-" "msnbot-media/1.1 (+http://search.msn.com/msnbot.htm)"
82.132.224.30 - - [12/Aug/2013:13:49:37 -0400] "GET /wordpress1/wp-content/plugins/kino-event-calendar-plugin/js/tools.tooptip.slide-1.0.0.min.js HTTP/1.1" 200 1087 "-" "Mozilla/5.0 (Linux; U; Android 4.1.2; en-gb; GT-I8190N Build/JZO54K) AppleWebKit/534.30 (KHTML, like Gecko) Version/4.0 Mobile Safari/534.30"
10.30.72.4 - - [12/Aug/2013:14:25:45 -0400] "POST /wordpress1/wp-cron.php?doing_wp_cron=1376331945.3990979194641113281250 HTTP/1.0" 200 - "-" "WordPress/3.5.2; http://jodyyoung.com/wordpress1"
69.35.184.188 - - [12/Aug/2013:09:58:08 -0400] "GET /wordpress1/wp-includes/js/jquery/jquery.js?ver=1.8.3 HTTP/1.1" 200 93658 "http://jodyyoung.com/wordpress1/wp-login.php?redirect_to=http%3A%2F%2Fjodyyoung.com%2Fwordpress1%2Fwp-admin%2Fedit-comments.php%3Fcomment_status%3Dmoderated&reauth=1" "Mozilla/5.0 (Windows NT 6.1; WOW64; rv:22.0) Gecko/20100101 Firefox/22.0"
69.35.184.188 - - [12/Aug/2013:10:07:22 -0400] "GET /wordpress1/wp-content/plugins/preserved-html-editor-markup/admin.js?v=1.5&ver=3.5.2 HTTP/1.1" 304 - "http://jodyyoung.com/wordpress1/wp-admin/edit-comments.php?comment_status=spam&paged=1&deleted=20" "Mozilla/5.0 (Windows NT 6.1; WOW64; rv:22.0) Gecko/20100101 Firefox/22.0"
10.30.72.4 - - [12/Aug/2013:11:16:38 -0400] "POST /wordpress1/wp-cron.php?doing_wp_cron=1376320598.8860559463500976562500 HTTP/1.0" 200 - "-" "WordPress/3.5.2; http://jodyyoung.com/wordpress1"
65.55.218.57 - - [12/Aug/2013:11:34:28 -0400] "GET /wordpress1/wp-content/plugins/kino-event-calendar-plugin/css/calendar.css HTTP/1.1" 200 10091 "http://jodyyoung.com/wordpress1/utah/" "Mozilla/4.0 (compatible; MSIE 7.0; Windows NT 5.2; SLCC1; .NET CLR 1.1.4325; .NET CLR 2.0.40607; .NET CLR 3.0.04506.648)"
121.205.238.166 - - [12/Aug/2013:07:02:35 -0400] "GET /guestbook.html HTTP/1.0" 200 8916 "http://www.jodyyoung.com/guestbook.html" "Mozilla/4.0 (compatible; MSIE 6.0; Windows NT 5.1; SV1; .NET CLR 2.0.50727)"
66.249.75.184 - - [12/Aug/2013:08:20:45 -0400] "GET /wordpress1/ HTTP/1.1" 200 57655 "-" "SAMSUNG-SGH-E250/1.0 Profile/MIDP-2.0 Configuration/CLDC-1.1 UP.Browser/6.2.3.3.c.1.101 (GUI) MMP/2.0 (compatible; Googlebot-Mobile/2.1; +http://www.google.com/bot.html)"
5.248.87.192 - - [12/Aug/2013:16:02:15 -0400] "GET /wordpress1/guestbook/ HTTP/1.0" 200 59402 "http://jodyyoung.com/wordpress1/guestbook/" "Mozilla/5.0 (Windows NT 6.1; WOW64) AppleWebKit/537.11 (KHTML, like Gecko) Chrome/23.0.1271.95 Safari/537.11"
216.152.251.80 - - [12/Aug/2013:19:29:47 -0400] "POST /wordpress1/wp-comments-post.php HTTP/1.0" 500 4120 "http://jodyyoung.com/wordpress1/guestbook/" "Opera/9.80 (Windows NT 6.1; Win64; x64) Presto/2.12.388 Version/12.10"
178.255.215.90 - - [12/Aug/2013:20:19:58 -0400] "GET /shariki=1628 HTTP/1.1" 404 575 "-" "Mozilla/5.0 (compatible; Exabot/3.0 (BiggerBetter); +http://www.exabot.com/go/robot)"
178.255.215.90 - - [12/Aug/2013:20:23:52 -0400] "GET /shariki=2438 HTTP/1.1" 404 575 "-" "Mozilla/5.0 (compatible; Exabot/3.0 (BiggerBetter); +http://www.exabot.com/go/robot)"
85.17.29.107 - - [12/Aug/2013:01:29:41 -0400] "GET /robots.txt HTTP/1.1" 404 575 "-" "Mozilla/5.0 (compatible; WBSearchBot/1.1; +http://www.warebay.com/bot.html)"
85.17.29.107 - - [12/Aug/2013:01:29:42 -0400] "GET /robots.txt HTTP/1.1" 404 575 "-" "Mozilla/5.0 (compatible; WBSearchBot/1.1; +http://www.warebay.com/bot.html)"
85.17.29.107 - - [12/Aug/2013:01:29:44 -0400] "GET / HTTP/1.1" 301 244 "-" "Mozilla/5.0 (compatible; WBSearchBot/1.1; +http://www.warebay.com/bot.html)"
85.17.29.107 - - [12/Aug/2013:01:29:46 -0400] "GET / HTTP/1.1" 301 240 "-" "Mozilla/5.0 (compatible; WBSearchBot/1.1; +http://www.warebay.com/bot.html)"
85.17.29.107 - - [12/Aug/2013:01:30:35 -0400] "GET /alaska/alaskaforwomenworkshops.html HTTP/1.1" 200 15486 "-" "Mozilla/5.0 (compatible; WBSearchBot/1.1; +http://www.warebay.com/bot.html)"
85.17.29.107 - - [12/Aug/2013:01:30:37 -0400] "GET /alaska/alaskaforwomenadventures.html HTTP/1.1" 200 14084 "-" "Mozilla/5.0 (compatible; WBSearchBot/1.1; +http://www.warebay.com/bot.html)"
85.17.29.107 - - [12/Aug/2013:01:30:38 -0400] "GET /reservations1.html HTTP/1.1" 200 12901 "-" "Mozilla/5.0 (compatible; WBSearchBot/1.1; +http://www.warebay.com/bot.html)"
85.17.29.107 - - [12/Aug/2013:01:30:40 -0400] "GET /alaska/alaskaexperience.html HTTP/1.1" 200 14033 "-" "Mozilla/5.0 (compatible; WBSearchBot/1.1; +http://www.warebay.com/bot.html)"
85.17.29.107 - - [12/Aug/2013:01:30:42 -0400] "GET /reservations2.html HTTP/1.1" 200 22193 "-" "Mozilla/5.0 (compatible; WBSearchBot/1.1; +http://www.warebay.com/bot.html)"
67.176.12.197 - - [12/Aug/2013:13:29:46 -0400] "GET /wordpress1/wp-content/themes/atahualpa/images/inputbackgr.gif HTTP/1.1" 200 4765 "http://jodyyoung.com/wordpress1/" "Mozilla/5.0 (Windows NT 6.1; WOW64) AppleWebKit/537.36 (KHTML, like Gecko) Chrome/28.0.1500.95 Safari/537.36"
67.176.12.197 - - [12/Aug/2013:13:29:47 -0400] "GET /wordpress1/wp-content/ata-images/jody-tvl.ico HTTP/1.1" 200 894 "-" "Mozilla/5.0 (Windows NT 6.1; WOW64) AppleWebKit/537.36 (KHTML, like Gecko) Chrome/28.0.1500.95 Safari/537.36"
10.30.72.4 - - [12/Aug/2013:13:49:31 -0400] "POST /wordpress1/wp-cron.php?doing_wp_cron=1376329771.3776319026947021484375 HTTP/1.0" 200 - "-" "WordPress/3.5.2; http://jodyyoung.com/wordpress1"
82.132.224.30 - - [12/Aug/2013:13:49:37 -0400] "GET /wordpress1/wp-content/plugins/kino-event-calendar-plugin/js/main.js HTTP/1.1" 200 1105 "-" "Mozilla/5.0 (Linux; U; Android 4.1.2; en-gb; GT-I8190N Build/JZO54K) AppleWebKit/534.30 (KHTML, like Gecko) Version/4.0 Mobile Safari/534.30"
82.132.224.30 - - [12/Aug/2013:13:49:41 -0400] "GET /wordpress1/wp-content/themes/atahualpa/images/header/jyatHD04.jpg HTTP/1.1" 200 62774 "http://jodyyoung.com/wordpress1/" "Mozilla/5.0 (Linux; U; Android 4.1.2; en-gb; GT-I8190N Build/JZO54K) AppleWebKit/534.30 (KHTML, like Gecko) Version/4.0 Mobile Safari/534.30"
142.0.139.162 - - [12/Aug/2013:13:52:12 -0400] "GET /wordpress1/guestbook/guestbook-archives/ HTTP/1.0" 200 93891 "http://jodyyoung.com/wordpress1/guestbook/guestbook-archives/#comment-365" "Mozilla/5.0 (Windows NT 6.1; WOW64; rv:18.0) Gecko/20100101 Firefox/18.0"
10.30.72.4 - - [12/Aug/2013:22:39:57 -0400] "POST /wordpress1/wp-cron.php?doing_wp_cron=1376361597.7736210823059082031250 HTTP/1.0" 200 - "-" "WordPress/3.5.2; http://jodyyoung.com/wordpress1"
137.175.68.182 - - [12/Aug/2013:22:40:00 -0400] "POST /wordpress1/wp-comments-post.php HTTP/1.0" 500 4120 "http://jodyyoung.com/wordpress1/guestbook/" "Mozilla/5.0 (Windows NT 6.2) AppleWebKit/537.11 (KHTML, like Gecko) Chrome/23.0.1271.95 Safari/537.11"
131.253.26.249 - - [12/Aug/2013:18:51:05 -0400] "GET /wordpress1/wp-content/plugins/flash-album-gallery/admin/js/flagscroll.js HTTP/1.1" 200 955 "http://jodyyoung.com/wordpress1/flagallery/247-2/" "Mozilla/4.0 (compatible; MSIE 7.0; Windows NT 5.2; SV1; .NET CLR 1.1.4322; .NET CLR 2.0.50727; .NET CLR 3.0.04506.648)"
131.253.26.249 - - [12/Aug/2013:18:51:06 -0400] "GET /wordpress1/wp-content/plugins/flash-album-gallery/skins/expressInstall.swf HTTP/1.1" 200 727 "http://jodyyoung.com/wordpress1/flagallery/247-2/" "Mozilla/4.0 (compatible; MSIE 7.0; Windows NT 5.2; SV1; .NET CLR 1.1.4322; .NET CLR 2.0.50727; .NET CLR 3.0.04506.648)"
178.255.215.90 - - [12/Aug/2013:20:26:48 -0400] "GET /shariki=2248 HTTP/1.1" 404 575 "-" "Mozilla/5.0 (compatible; Exabot/3.0 (BiggerBetter); +http://www.exabot.com/go/robot)"
178.255.215.90 - - [12/Aug/2013:20:36:01 -0400] "GET /shariki=2078 HTTP/1.1" 404 575 "-" "Mozilla/5.0 (compatible; Exabot/3.0 (BiggerBetter); +http://www.exabot.com/go/robot)"
178.255.215.90 - - [12/Aug/2013:20:38:47 -0400] "GET /shariki=1288 HTTP/1.1" 404 575 "-" "Mozilla/5.0 (compatible; Exabot/3.0 (BiggerBetter); +http://www.exabot.com/go/robot)"
66.249.75.184 - - [12/Aug/2013:00:52:34 -0400] "GET /wordpress1/flagallery/utah-photos/ HTTP/1.1" 200 27589 "-" "Mozilla/5.0 (compatible; Googlebot/2.1; +http://www.google.com/bot.html)"
142.0.139.162 - - [12/Aug/2013:10:01:46 -0400] "POST /wordpress1/wp-comments-post.php HTTP/1.0" 302 - "http://jodyyoung.com/wordpress1/guestbook/guestbook-archives/#comment-304" "Mozilla/5.0 (Windows NT 6.1) AppleWebKit/535.19 (KHTML, like Gecko) Chrome/18.0.1025.1634 Safari/535.19 YE"
69.35.184.188 - - [12/Aug/2013:10:05:47 -0400] "GET /wordpress1/wp-content/plugins/preserved-html-editor-markup/admin.js?v=1.5&ver=3.5.2 HTTP/1.1" 304 - "http://jodyyoung.com/wordpress1/wp-admin/edit-comments.php?comment_status=spam" "Mozilla/5.0 (Windows NT 6.1; WOW64; rv:22.0) Gecko/20100101 Firefox/22.0"
69.35.184.188 - - [12/Aug/2013:10:05:47 -0400] "GET /wordpress1/wp-includes/css/editor.min.css?ver=3.5.2 HTTP/1.1" 304 - "http://jodyyoung.com/wordpress1/wp-admin/edit-comments.php?comment_status=spam" "Mozilla/5.0 (Windows NT 6.1; WOW64; rv:22.0) Gecko/20100101 Firefox/22.0"
65.55.213.68 - - [12/Aug/2013:11:17:03 -0400] "GET /wordpress1/2013/03/30/death-valley/ HTTP/1.1" 200 58721 "-" "msnbot/2.0b (+http://search.msn.com/msnbot.htm)"
65.55.213.68 - - [12/Aug/2013:11:17:38 -0400] "GET /wordpress1/guestbook/ HTTP/1.1" 200 58763 "-" "msnbot/2.0b (+http://search.msn.com/msnbot.htm)"
142.0.139.162 - - [12/Aug/2013:11:27:44 -0400] "GET /wordpress1/guestbook/guestbook-archives/ HTTP/1.0" 200 70866 "http://jodyyoung.com/wordpress1/guestbook/guestbook-archives/#comment-304" "Opera/9.80 (Windows NT 5.1; Edition Yx) Presto/2.12.388 Version/12.11"
65.55.218.57 - - [12/Aug/2013:11:34:12 -0400] "GET /wordpress1/wp-includes/js/jquery/jquery.js?ver=1.8.3 HTTP/1.1" 200 93658 "http://jodyyoung.com/wordpress1/utah/" "Mozilla/4.0 (compatible; MSIE 7.0; Windows NT 5.2; SLCC1; .NET CLR 1.1.4325; .NET CLR 2.0.40607; .NET CLR 3.0.04506.648)"
65.55.218.57 - - [12/Aug/2013:11:34:12 -0400] "GET /wordpress1/wp-content/themes/atahualpa/js/DD_roundies.js?ver=0.0.2a HTTP/1.1" 200 16853 "http://jodyyoung.com/wordpress1/utah/" "Mozilla/4.0 (compatible; MSIE 7.0; Windows NT 5.2; SLCC1; .NET CLR 1.1.4325; .NET CLR 2.0.40607; .NET CLR 3.0.04506.648)"
65.55.218.57 - - [12/Aug/2013:11:34:12 -0400] "GET /wordpress1/wp-content/plugins/flash-album-gallery/admin/js/swfobject.js?ver=2.2 HTTP/1.1" 200 11754 "http://jodyyoung.com/wordpress1/utah/" "Mozilla/4.0 (compatible; MSIE 7.0; Windows NT 5.2; SLCC1; .NET CLR 1.1.4325; .NET CLR 2.0.40607; .NET CLR 3.0.04506.648)"
65.55.218.57 - - [12/Aug/2013:11:34:12 -0400] "GET /wordpress1/wp-content/plugins/flash-album-gallery/admin/js/swfaddress.js?ver=2.4 HTTP/1.1" 200 15916 "http://jodyyoung.com/wordpress1/utah/" "Mozilla/4.0 (compatible; MSIE 7.0; Windows NT 5.2; SLCC1; .NET CLR 1.1.4325; .NET CLR 2.0.40607; .NET CLR 3.0.04506.648)"
65.55.218.57 - - [12/Aug/2013:11:34:13 -0400] "GET /wordpress1/wp-content/plugins/kino-event-calendar-plugin/js/jquery-ui-1.7.2.custom.min.js HTTP/1.1" 200 107835 "http://jodyyoung.com/wordpress1/utah/" "Mozilla/4.0 (compatible; MSIE 7.0; Windows NT 5.2; SLCC1; .NET CLR 1.1.4325; .NET CLR 2.0.40607; .NET CLR 3.0.04506.648)"
65.55.218.57 - - [12/Aug/2013:11:34:13 -0400] "GET /wordpress1/wp-content/plugins/kino-event-calendar-plugin/js/tools.tooltip-1.1.2.js HTTP/1.1" 200 8427 "http://jodyyoung.com/wordpress1/utah/" "Mozilla/4.0 (compatible; MSIE 7.0; Windows NT 5.2; SLCC1; .NET CLR 1.1.4325; .NET CLR 2.0.40607; .NET CLR 3.0.04506.648)"
65.55.218.57 - - [12/Aug/2013:11:34:13 -0400] "GET /wordpress1/wp-content/plugins/kino-event-calendar-plugin/js/tools.tooptip.slide-1.0.0.min.js HTTP/1.1" 200 1087 "http://jodyyoung.com/wordpress1/utah/" "Mozilla/4.0 (compatible; MSIE 7.0; Windows NT 5.2; SLCC1; .NET CLR 1.1.4325; .NET CLR 2.0.40607; .NET CLR 3.0.04506.648)"
65.55.212.71 - - [12/Aug/2013:11:34:40 -0400] "GET /wordpress1/wp-content/plugins/kino-event-calendar-plugin/rpc.php?action=get_events&start=1374994800000&end=1378623600000&event_id=null HTTP/1.1" 200 3609 "http://jodyyoung.com/wordpress1/utah/" "Mozilla/4.0 (compatible; MSIE 7.0; Windows NT 5.2; SLCC1; .NET CLR 1.1.4325; .NET CLR 2.0.40607; .NET CLR 3.0.04506.648)"
82.132.220.24 - - [12/Aug/2013:04:41:00 -0400] "GET /wordpress1/wp-content/plugins/kino-event-calendar-plugin/css/calendar.css HTTP/1.1" 200 10091 "-" "Mozilla/5.0 (Linux; U; Android 2.3.6; en-gb; GT-S5830i Build/GINGERBREAD) AppleWebKit/533.1 (KHTML, like Gecko) Version/4.0 Mobile Safari/533.1"
184.148.58.240 - - [12/Aug/2013:07:47:45 -0400] "GET /wordpress1/wp-content/ata-images/jody-tvl.ico HTTP/1.1" 200 894 "-" "Mozilla/5.0 (compatible; MSIE 10.0; Windows NT 6.1; Win64; x64; Trident/6.0)"
5.248.87.192 - - [12/Aug/2013:13:17:55 -0400] "POST /wordpress1/wp-comments-post.php HTTP/1.0" 500 4120 "http://jodyyoung.com/wordpress1/guestbook/" "Opera/9.80 (Windows NT 6.1; MRA 6.0 (build 5970)) Presto/2.12.388 Version/12.11"
199.30.16.44 - - [12/Aug/2013:17:10:05 -0400] "GET /311/images/07a.jpg HTTP/1.1" 200 2735 "-" "msnbot-media/1.1 (+http://search.msn.com/msnbot.htm)"
216.152.251.19 - - [12/Aug/2013:17:16:29 -0400] "GET /wordpress1/guestbook/ HTTP/1.0" 200 59405 "http://jodyyoung.com/wordpress1/guestbook/" "Mozilla/5.0 (Windows NT 6.1; rv:16.0) Gecko/20100101 Firefox/16.0"
121.223.6.193 - - [12/Aug/2013:23:34:53 -0400] "GET / HTTP/1.1" 301 244 "http://www.google.com.au/search?q=jody+young&oq=jody+young&gs_l=serp.3..0l6j0i22i30l4.35181.38139.0.38653.10.9.0.1.1.0.341.1684.4j0j4j1.9.0....0...1c.1.24.serp..3.7.818.wZXGXMqn_EY" "Mozilla/5.0 (Windows NT 6.0) AppleWebKit/537.36 (KHTML, like Gecko) Chrome/28.0.1500.95 Safari/537.36"
121.223.6.193 - - [12/Aug/2013:23:34:54 -0400] "GET /wordpress1/ HTTP/1.1" 301 - "http://www.google.com.au/search?q=jody+young&oq=jody+young&gs_l=serp.3..0l6j0i22i30l4.35181.38139.0.38653.10.9.0.1.1.0.341.1684.4j0j4j1.9.0....0...1c.1.24.serp..3.7.818.wZXGXMqn_EY" "Mozilla/5.0 (Windows NT 6.0) AppleWebKit/537.36 (KHTML, like Gecko) Chrome/28.0.1500.95 Safari/537.36"
5.10.83.48 - - [12/Aug/2013:01:14:46 -0400] "GET /reservations2.html HTTP/1.1" 200 22193 "-" "Mozilla/5.0 (compatible; AhrefsBot/5.0; +http://ahrefs.com/robot/)"
173.192.235.226 - - [12/Aug/2013:02:30:04 -0400] "GET /robots.txt HTTP/1.1" 404 575 "-" "Mozilla/5.0 (compatible; SiteExplorer/1.0b; +http://siteexplorer.info/)"
216.152.251.19 - - [12/Aug/2013:12:11:06 -0400] "GET /wordpress1/guestbook/ HTTP/1.0" 200 59405 "http://jodyyoung.com/wordpress1/guestbook/" "Opera/9.80 (Windows NT 5.1; Edition Yx) Presto/2.12.388 Version/12.11"
5.248.87.192 - - [12/Aug/2013:13:17:52 -0400] "GET /wordpress1/guestbook/ HTTP/1.0" 200 59401 "http://jodyyoung.com/wordpress1/guestbook/" "Opera/9.80 (Windows NT 6.1; MRA 6.0 (build 5970)) Presto/2.12.388 Version/12.11"
82.132.224.30 - - [12/Aug/2013:13:49:41 -0400] "GET /wordpress1/wp-content/plugins/kino-event-calendar-plugin/rpc.php?action=get_events&start=1374966000000&end=1378594800000&event_id=null HTTP/1.1" 200 3609 "http://jodyyoung.com/wordpress1/" "Mozilla/5.0 (Linux; U; Android 4.1.2; en-gb; GT-I8190N Build/JZO54K) AppleWebKit/534.30 (KHTML, like Gecko) Version/4.0 Mobile Safari/534.30"
216.152.251.19 - - [12/Aug/2013:17:12:53 -0400] "GET /wordpress1/guestbook/ HTTP/1.0" 503 323 "http://jodyyoung.com/wordpress1/guestbook/" "Mozilla/5.0 (Windows NT 6.1; rv:16.0) Gecko/20100101 Firefox/16.0"
178.255.215.90 - - [12/Aug/2013:20:23:44 -0400] "GET /shariki=1638 HTTP/1.1" 404 575 "-" "Mozilla/5.0 (compatible; Exabot/3.0 (BiggerBetter); +http://www.exabot.com/go/robot)"
178.255.215.90 - - [12/Aug/2013:20:26:21 -0400] "GET /shariki=1848 HTTP/1.1" 404 575 "-" "Mozilla/5.0 (compatible; Exabot/3.0 (BiggerBetter); +http://www.exabot.com/go/robot)"
178.255.215.90 - - [12/Aug/2013:20:26:45 -0400] "GET /shariki=1248 HTTP/1.1" 404 575 "-" "Mozilla/5.0 (compatible; Exabot/3.0 (BiggerBetter); +http://www.exabot.com/go/robot)"
178.255.215.90 - - [12/Aug/2013:20:30:02 -0400] "GET /shariki=1358 HTTP/1.1" 404 575 "-" "Mozilla/5.0 (compatible; Exabot/3.0 (BiggerBetter); +http://www.exabot.com/go/robot)"
178.255.215.90 - - [12/Aug/2013:20:35:53 -0400] "GET /shariki=2478 HTTP/1.1" 404 575 "-" "Mozilla/5.0 (compatible; Exabot/3.0 (BiggerBetter); +http://www.exabot.com/go/robot)"
178.255.215.90 - - [12/Aug/2013:20:38:44 -0400] "GET /shariki=2388 HTTP/1.1" 404 575 "-" "Mozilla/5.0 (compatible; Exabot/3.0 (BiggerBetter); +http://www.exabot.com/go/robot)"
157.55.32.223 - - [12/Aug/2013:06:03:21 -0400] "GET /wordpress1/wp-content/plugins/flash-album-gallery/admin/js/swfaddress.js?ver=2.4 HTTP/1.1" 200 15916 "-" "Mozilla/5.0 (compatible; bingbot/2.0; +http://www.bing.com/bingbot.htm)"
157.55.32.223 - - [12/Aug/2013:07:03:24 -0400] "GET /wordpress1/wp-content/plugins/kino-event-calendar-plugin/js/calendar.js HTTP/1.1" 200 79688 "-" "Mozilla/5.0 (compatible; bingbot/2.0; +http://www.bing.com/bingbot.htm)"
65.55.213.68 - - [12/Aug/2013:07:15:53 -0400] "GET /wordpress1/ HTTP/1.1" 200 57655 "-" "msnbot/2.0b (+http://search.msn.com/msnbot.htm)"
178.255.215.90 - - [12/Aug/2013:20:35:40 -0400] "GET /shariki=1978 HTTP/1.1" 404 575 "-" "Mozilla/5.0 (compatible; Exabot/3.0 (BiggerBetter); +http://www.exabot.com/go/robot)"
178.255.215.90 - - [12/Aug/2013:20:38:38 -0400] "GET /shariki=1588 HTTP/1.1" 404 575 "-" "Mozilla/5.0 (compatible; Exabot/3.0 (BiggerBetter); +http://www.exabot.com/go/robot)"
10.30.72.4 - - [12/Aug/2013:02:25:40 -0400] "POST /wordpress1/wp-cron.php?doing_wp_cron=1376288739.9923250675201416015625 HTTP/1.0" 200 - "-" "WordPress/3.5.2; http://jodyyoung.com/wordpress1"
65.49.14.138 - - [12/Aug/2013:10:39:29 -0400] "GET /wordpress1/guestbook/ HTTP/1.1" 200 59401 "http://jodyyoung.com/wordpress1/guestbook/" "Mozilla/5.0 (Windows NT 6.0) AppleWebKit/537.11 (KHTML, like Gecko) Chrome/23.0.1271.95 Safari/537.11"