121.223.6.193 - - [12/Aug/2013:23:35:01 -0400] "GET /wordpress1/wp-content/plugins/kino-event-calendar-plugin/js/jquery-ui-1.7.2.custom.min.js HTTP/1.1" 200 107835 "http://jodyyoung.com/wordpress1/" "Mozilla/5.0 (Windows NT 6.0) AppleWebKit/537.36 (KHTML, like Gecko) Chrome/28.0.1500.95 Safari/537.36"
121.223.6.193 - - [12/Aug/2013:23:35:01 -0400] "GET /wordpress1/wp-content/plugins/kino-event-calendar-plugin/js/calendar.js HTTP/1.1" 200 79688 "http://jodyyoung.com/wordpress1/" "Mozilla/5.0 (Windows NT 6.0) AppleWebKit/537.36 (KHTML, like Gecko) Chrome/28.0.1500.95 Safari/537.36"
121.223.6.193 - - [12/Aug/2013:23:35:03 -0400] "GET /wordpress1/wp-content/plugins/kino-event-calendar-plugin/css/main.css HTTP/1.1" 200 710 "http://jodyyoung.com/wordpress1/" "Mozilla/5.0 (Windows NT 6.0) AppleWebKit/537.36 (KHTML, like Gecko) Chrome/28.0.1500.95 Safari/537.36"
121.223.6.193 - - [12/Aug/2013:23:35:06 -0400] "GET /wordpress1/wp-content/themes/atahualpa/images/expand-down.gif HTTP/1.1" 200 57 "http://jodyyoung.com/wordpress1/" "Mozilla/5.0 (Windows NT 6.0) AppleWebKit/537.36 (KHTML, like Gecko) Chrome/28.0.1500.95 Safari/537.36"
217.195.202.63 - - [12/Aug/2013:08:35:57 -0400] "GET /wordpress1/ HTTP/1.1" 200 58297 "http://jodyyoung.com/" "Mozilla/5.0 (X11; Linux x86_64) AppleWebKit/537.36 (KHTML, like Gecko) Chrome/28.0.1500.63 Safari/537.36"
142.0.139.162 - - [12/Aug/2013:12:40:40 -0400] "POST /wordpress1/wp-comments-post.php HTTP/1.0" 302 - "http://jodyyoung.com/wordpress1/guestbook/guestbook-archives/#comment-304" "Mozilla/5.0 (Windows NT 5.1) AppleWebKit/537.4 (KHTML, like Gecko) Chrome/22.0.1229.94 Safari/537.4"
67.176.12.197 - - [12/Aug/2013:13:29:32 -0400] "GET / HTTP/1.1" 301 244 "-" "Mozilla/5.0 (Windows NT 6.1; WOW64) AppleWebKit/537.36 (KHTML, like Gecko) Chrome/28.0.1500.95 Safari/537.36"
67.176.12.197 - - [12/Aug/2013:13:29:32 -0400] "GET /wordpress1/ HTTP/1.1" 301 - "-" "Mozilla/5.0 (Windows NT 6.1; WOW64) AppleWebKit/537.36 (KHTML, like Gecko) Chrome/28.0.1500.95 Safari/537.36"
199.30.16.16 - - [12/Aug/2013:13:31:57 -0400] "GET /robots.txt HTTP/1.1" 404 575 "-" "msnbot-media/1.1 (+http://search.msn.com/msnbot.htm)"
199.30.16.44 - - [12/Aug/2013:17:10:05 -0400] "GET /robots.txt HTTP/1.1" 404 575 "-" "msnbot-media/1.1 (+http://search.msn.com/msnbot.htm)"
178.255.215.90 - - [12/Aug/2013:20:16:35 -0400] "GET /shariki=2418 HTTP/1.1" 404 575 "-" "Mozilla/5.0 (compatible; Exabot/3.0 (BiggerBetter); +http://www.exabot.com/go/robot)"
178.255.215.90 - - [12/Aug/2013:20:16:44 -0400] "GET /shariki=1018 HTTP/1.1" 404 575 "-" "Mozilla/5.0 (compatible; Exabot/3.0 (BiggerBetter); +http://www.exabot.com/go/robot)"
178.255.215.90 - - [12/Aug/2013:20:33:06 -0400] "GET /shariki=1068 HTTP/1.1" 404 575 "-" "Mozilla/5.0 (compatible; Exabot/3.0 (BiggerBetter); +http://www.exabot.com/go/robot)"
142.0.139.162 - - [12/Aug/2013:10:01:48 -0400] "GET /wordpress1/guestbook/guestbook-archives/ HTTP/1.0" 200 105016 "http://jodyyoung.com/wordpress1/guestbook/guestbook-archives/#comment-359" "Mozilla/5.0 (Windows NT 6.1) AppleWebKit/535.19 (KHTML, like Gecko) Chrome/18.0.1025.1634 Safari/535.19 YE"
66.249.75.122 - - [12/Aug/2013:10:46:07 -0400] "GET /alaska/alaskaforwomenworkshops.html HTTP/1.1" 304 - "-" "Mozilla/5.0 (compatible; Googlebot/2.1; +http://www.google.com/bot.html)"
65.55.213.68 - - [12/Aug/2013:11:16:41 -0400] "GET /wordpress1/about-htm/ HTTP/1.1" 200 57574 "-" "msnbot/2.0b (+http://search.msn.com/msnbot.htm)"
180.76.5.146 - - [12/Aug/2013:02:57:25 -0400] "GET /shariki=2302 HTTP/1.1" 404 575 "-" "Mozilla/5.0 (compatible; Baiduspider/2.0; +http://www.baidu.com/search/spider.html)"
221.214.221.148 - - [12/Aug/2013:20:02:02 -0400] "GET /wordpress1/gallery/ HTTP/1.1" 200 83225 "http://jodyyoung.com/wordpress1/gallery/" "Opera/9.80 (Windows NT 6.1; WOW64; MRA 8.0 (build 5880)) Presto/2.12.388 Version/12.11"
178.255.215.90 - - [12/Aug/2013:20:16:47 -0400] "GET /shariki=2018 HTTP/1.1" 404 575 "-" "Mozilla/5.0 (compatible; Exabot/3.0 (BiggerBetter); +http://www.exabot.com/go/robot)"
66.249.75.184 - - [12/Aug/2013:20:26:26 -0400] "GET /wordpress1/2013/03/30/death-valley/ HTTP/1.1" 200 58721 "-" "DoCoMo/2.0 N905i(c100;TB;W24H16) (compatible; Googlebot-Mobile/2.1; +http://www.google.com/bot.html)"
178.255.215.90 - - [12/Aug/2013:20:30:04 -0400] "GET /shariki=1058 HTTP/1.1" 404 575 "-" "Mozilla/5.0 (compatible; Exabot/3.0 (BiggerBetter); +http://www.exabot.com/go/robot)"
178.255.215.90 - - [12/Aug/2013:20:35:48 -0400] "GET /shariki=1578 HTTP/1.1" 404 575 "-" "Mozilla/5.0 (compatible; Exabot/3.0 (BiggerBetter); +http://www.exabot.com/go/robot)"
192.74.232.133 - - [12/Aug/2013:04:22:51 -0400] "GET /wordpress1/guestbook/feed/ HTTP/1.0" 200 744 "http://jodyyoung.com/wordpress1/guestbook/feed/" "Mozilla/5.0 (Windows NT 6.1; WOW64; rv:17.0) Gecko/20100101 Firefox/17.0"
82.132.220.24 - - [12/Aug/2013:04:41:06 -0400] "GET /wordpress1/wp-content/ata-images/jyat-logo1.jpg HTTP/1.1" 200 10086 "http://jodyyoung.com/wordpress1/" "Mozilla/5.0 (Linux; U; Android 2.3.6; en-gb; GT-S5830i Build/GINGERBREAD) AppleWebKit/533.1 (KHTML, like Gecko) Version/4.0 Mobile Safari/533.1"
82.132.220.24 - - [12/Aug/2013:04:41:07 -0400] "GET /wordpress1/wp-content/themes/atahualpa/images/comment-gray.png HTTP/1.1" 200 296 "http://jodyyoung.com/wordpress1/" "Mozilla/5.0 (Linux; U; Android 2.3.6; en-gb; GT-S5830i Build/GINGERBREAD) AppleWebKit/533.1 (KHTML, like Gecko) Version/4.0 Mobile Safari/533.1"
82.132.220.24 - - [12/Aug/2013:04:41:07 -0400] "GET /wordpress1/wp-content/themes/atahualpa/images/rss-gray.png HTTP/1.1" 200 379 "http://jodyyoung.com/wordpress1/" "Mozilla/5.0 (Linux; U; Android 2.3.6; en-gb; GT-S5830i Build/GINGERBREAD) AppleWebKit/533.1 (KHTML, like Gecko) Version/4.0 Mobile Safari/533.1"
82.132.220.24 - - [12/Aug/2013:04:41:08 -0400] "GET /wordpress1/wp-content/themes/atahualpa/images/header/jyatHD15.jpg HTTP/1.1" 200 67532 "http://jodyyoung.com/wordpress1/" "Mozilla/5.0 (Linux; U; Android 2.3.6; en-gb; GT-S5830i Build/GINGERBREAD) AppleWebKit/533.1 (KHTML, like Gecko) Version/4.0 Mobile Safari/533.1"
82.132.220.24 - - [12/Aug/2013:04:41:10 -0400] "GET /wordpress1/wp-content/uploads/2011/11/JYATlogo.jpg HTTP/1.1" 200 14807 "http://jodyyoung.com/wordpress1/" "Mozilla/5.0 (Linux; U; Android 2.3.6; en-gb; GT-S5830i Build/GINGERBREAD) AppleWebKit/533.1 (KHTML, like Gecko) Version/4.0 Mobile Safari/533.1"
66.249.75.122 - - [12/Aug/2013:21:44:34 -0400] "GET /shariki=2242 HTTP/1.1" 404 575 "-" "Mozilla/5.0 (compatible; Googlebot/2.1; +http://www.google.com/bot.html)"
37.140.165.197 - - [12/Aug/2013:22:53:03 -0400] "GET /311/images/4/motif02.jpg HTTP/1.1" 304 - "-" "Mozilla/5.0 (compatible; YandexImages/3.0; +http://yandex.com/bots)"
142.0.139.162 - - [12/Aug/2013:09:03:06 -0400] "POST /wordpress1/wp-comments-post.php HTTP/1.0" 302 - "http://jodyyoung.com/wordpress1/guestbook/guestbook-archives/#comment-304" "Mozilla/5.0 (Windows NT 6.1) AppleWebKit/535.1 (KHTML, like Gecko) Chrome/14.0.835.163 Safari/535.1"
69.35.184.188 - - [12/Aug/2013:10:05:44 -0400] "GET /wordpress1/wp-admin/edit-comments.php?comment_status=spam HTTP/1.1" 200 200078 "http://jodyyoung.com/wordpress1/wp-admin/edit-comments.php?comment_status=moderated&paged=1&spammed=15&ids=359,357,356,355,354,353,352,351,350,349,348,347,346,345,344" "Mozilla/5.0 (Windows NT 6.1; WOW64; rv:22.0) Gecko/20100101 Firefox/22.0"
217.195.202.63 - - [12/Aug/2013:08:36:03 -0400] "GET /wordpress1/2012/10/25/new-web-site/ HTTP/1.1" 200 61415 "http://jodyyoung.com/" "Mozilla/5.0 (X11; Linux x86_64) AppleWebKit/537.36 (KHTML, like Gecko) Chrome/28.0.1500.63 Safari/537.36"
98.177.216.182 - - [12/Aug/2013:12:38:55 -0400] "GET /wordpress1/wp-content/uploads/2011/11/pow001-300x225.jpg HTTP/1.1" 200 25801 "-" "Mozilla/5.0 (Macintosh; Intel Mac OS X 10_8_4) AppleWebKit/537.36 (KHTML, like Gecko) Chrome/28.0.1500.95 Safari/537.36"
67.176.12.197 - - [12/Aug/2013:13:29:39 -0400] "GET /wordpress1/ HTTP/1.1" 200 58295 "-" "Mozilla/5.0 (Windows NT 6.1; WOW64) AppleWebKit/537.36 (KHTML, like Gecko) Chrome/28.0.1500.95 Safari/537.36"
67.176.12.197 - - [12/Aug/2013:13:29:41 -0400] "GET /wordpress1/wp-content/plugins/kino-event-calendar-plugin/js/tools.tooltip-1.1.2.js HTTP/1.1" 200 8427 "http://jodyyoung.com/wordpress1/" "Mozilla/5.0 (Windows NT 6.1; WOW64) AppleWebKit/537.36 (KHTML, like Gecko) Chrome/28.0.1500.95 Safari/537.36"
67.176.12.197 - - [12/Aug/2013:13:29:41 -0400] "GET /wordpress1/wp-content/plugins/kino-event-calendar-plugin/js/tools.tooptip.slide-1.0.0.min.js HTTP/1.1" 200 1087 "http://jodyyoung.com/wordpress1/" "Mozilla/5.0 (Windows NT 6.1; WOW64) AppleWebKit/537.36 (KHTML, like Gecko) Chrome/28.0.1500.95 Safari/537.36"
67.176.12.197 - - [12/Aug/2013:13:29:43 -0400] "GET /wordpress1/wp-content/plugins/kino-event-calendar-plugin/css/main.css HTTP/1.1" 200 710 "http://jodyyoung.com/wordpress1/" "Mozilla/5.0 (Windows NT 6.1; WOW64) AppleWebKit/537.36 (KHTML, like Gecko) Chrome/28.0.1500.95 Safari/537.36"
67.176.12.197 - - [12/Aug/2013:13:29:46 -0400] "GET /wordpress1/wp-content/uploads/2012/10/P5210108ao-300x225.jpg HTTP/1.1" 200 26577 "http://jodyyoung.com/wordpress1/" "Mozilla/5.0 (Windows NT 6.1; WOW64) AppleWebKit/537.36 (KHTML, like Gecko) Chrome/28.0.1500.95 Safari/537.36"
67.176.12.197 - - [12/Aug/2013:13:29:46 -0400] "GET /wordpress1/wp-content/themes/atahualpa/images/expand-down.gif HTTP/1.1" 200 57 "http://jodyyoung.com/wordpress1/" "Mozilla/5.0 (Windows NT 6.1; WOW64) AppleWebKit/537.36 (KHTML, like Gecko) Chrome/28.0.1500.95 Safari/537.36"
67.176.12.197 - - [12/Aug/2013:13:29:46 -0400] "GET /wordpress1/wp-content/plugins/kino-event-calendar-plugin/images/tooltip-bg.png HTTP/1.1" 200 453 "http://jodyyoung.com/wordpress1/" "Mozilla/5.0 (Windows NT 6.1; WOW64) AppleWebKit/537.36 (KHTML, like Gecko) Chrome/28.0.1500.95 Safari/537.36"
82.132.224.30 - - [12/Aug/2013:13:49:37 -0400] "GET /wordpress1/wp-includes/js/jquery/jquery.js?ver=1.8.3 HTTP/1.1" 200 93658 "-" "Mozilla/5.0 (Linux; U; Android 4.1.2; en-gb; GT-I8190N Build/JZO54K) AppleWebKit/534.30 (KHTML, like Gecko) Version/4.0 Mobile Safari/534.30"
178.255.215.90 - - [12/Aug/2013:20:16:38 -0400] "GET /shariki=1218 HTTP/1.1" 404 575 "-" "Mozilla/5.0 (compatible; Exabot/3.0 (BiggerBetter); +http://www.exabot.com/go/robot)"
178.255.215.90 - - [12/Aug/2013:20:24:00 -0400] "GET /shariki=1238 HTTP/1.1" 404 575 "-" "Mozilla/5.0 (compatible; Exabot/3.0 (BiggerBetter); +http://www.exabot.com/go/robot)"
178.255.215.90 - - [12/Aug/2013:20:29:33 -0400] "GET /shariki=1958 HTTP/1.1" 404 575 "-" "Mozilla/5.0 (compatible; Exabot/3.0 (BiggerBetter); +http://www.exabot.com/go/robot)"
178.255.215.90 - - [12/Aug/2013:20:32:36 -0400] "GET /shariki=1668 HTTP/1.1" 404 575 "-" "Mozilla/5.0 (compatible; Exabot/3.0 (BiggerBetter); +http://www.exabot.com/go/robot)"
178.255.215.90 - - [12/Aug/2013:20:36:09 -0400] "GET /shariki=2278 HTTP/1.1" 404 575 "-" "Mozilla/5.0 (compatible; Exabot/3.0 (BiggerBetter); +http://www.exabot.com/go/robot)"
178.255.215.90 - - [12/Aug/2013:20:38:35 -0400] "GET /shariki=1488 HTTP/1.1" 404 575 "-" "Mozilla/5.0 (compatible; Exabot/3.0 (BiggerBetter); +http://www.exabot.com/go/robot)"
178.255.215.90 - - [12/Aug/2013:20:38:53 -0400] "GET /shariki=2088 HTTP/1.1" 404 575 "-" "Mozilla/5.0 (compatible; Exabot/3.0 (BiggerBetter); +http://www.exabot.com/go/robot)"
178.255.215.90 - - [12/Aug/2013:20:41:53 -0400] "GET /shariki=2398 HTTP/1.1" 404 575 "-" "Mozilla/5.0 (compatible; Exabot/3.0 (BiggerBetter); +http://www.exabot.com/go/robot)"
69.35.184.188 - - [12/Aug/2013:10:07:37 -0400] "GET /wordpress1/wp-admin/css/colors-fresh.min.css?ver=3.5.2 HTTP/1.1" 304 - "http://jodyyoung.com/wordpress1/wp-admin/edit-comments.php?comment_status=spam&paged=1&deleted=16" "Mozilla/5.0 (Windows NT 6.1; WOW64; rv:22.0) Gecko/20100101 Firefox/22.0"
142.0.139.162 - - [12/Aug/2013:11:27:54 -0400] "GET /wordpress1/guestbook/guestbook-archives/ HTTP/1.0" 200 78738 "http://jodyyoung.com/wordpress1/guestbook/guestbook-archives/#comment-361" "Opera/9.80 (Windows NT 5.1; Edition Yx) Presto/2.12.388 Version/12.11"
65.55.212.77 - - [12/Aug/2013:11:34:01 -0400] "GET /wordpress1/utah/ HTTP/1.1" 200 67328 "-" "Mozilla/4.0 (compatible; MSIE 7.0; Windows NT 5.2; SLCC1; .NET CLR 1.1.4325; .NET CLR 2.0.40607; .NET CLR 3.0.04506.648)"
65.55.212.85 - - [12/Aug/2013:11:34:28 -0400] "GET /wordpress1/wp-content/plugins/kino-event-calendar-plugin/css/main.css HTTP/1.1" 200 710 "http://jodyyoung.com/wordpress1/utah/" "Mozilla/4.0 (compatible; MSIE 7.0; Windows NT 5.2; SLCC1; .NET CLR 1.1.4325; .NET CLR 2.0.40607; .NET CLR 3.0.04506.648)"
65.55.212.85 - - [12/Aug/2013:11:34:31 -0400] "GET /wordpress1/wp-content/plugins/kino-event-calendar-plugin/css/ie.css HTTP/1.1" 200 38 "http://jodyyoung.com/wordpress1/utah/" "Mozilla/4.0 (compatible; MSIE 7.0; Windows NT 5.2; SLCC1; .NET CLR 1.1.4325; .NET CLR 2.0.40607; .NET CLR 3.0.04506.648)"
10.30.72.4 - - [12/Aug/2013:07:13:51 -0400] "POST /wordpress1/wp-cron.php?doing_wp_cron=1376306031.5001549720764160156250 HTTP/1.0" 200 - "-" "WordPress/3.5.2; http://jodyyoung.com/wordpress1"
199.30.20.20 - - [12/Aug/2013:08:42:01 -0400] "GET /robots.txt HTTP/1.1" 404 575 "-" "msnbot-media/1.1 (+http://search.msn.com/msnbot.htm)"
213.186.119.135 - - [12/Aug/2013:18:01:05 -0400] "GET /wordpress1/feed/ HTTP/1.1" 200 8101 "-" "AhrefsBot.Feeds v0.1; http://ahrefs.com/"
199.30.16.26 - - [12/Aug/2013:18:06:48 -0400] "GET /robots.txt HTTP/1.1" 404 575 "-" "msnbot-media/1.1 (+http://search.msn.com/msnbot.htm)"
112.5.234.92 - - [12/Aug/2013:19:43:21 -0400] "POST /wordpress1/wp-comments-post.php HTTP/1.1" 302 - "http://jodyyoung.com/wordpress1/gallery/" "Mozilla/4.0 (compatible; MSIE 6.0; Windows NT 5.1; SV1; Mozilla/4.0 (compatible; MSIE 6.0; Windows NT 5.1; SV1) )"
178.255.215.90 - - [12/Aug/2013:20:23:46 -0400] "GET /shariki=1538 HTTP/1.1" 404 575 "-" "Mozilla/5.0 (compatible; Exabot/3.0 (BiggerBetter); +http://www.exabot.com/go/robot)"
82.132.220.24 - - [12/Aug/2013:04:41:00 -0400] "GET /wordpress1/wp-content/plugins/kino-event-calendar-plugin/js/main.js HTTP/1.1" 200 1105 "-" "Mozilla/5.0 (Linux; U; Android 2.3.6; en-gb; GT-S5830i Build/GINGERBREAD) AppleWebKit/533.1 (KHTML, like Gecko) Version/4.0 Mobile Safari/533.1"
72.14.199.184 - - [12/Aug/2013:05:00:03 -0400] "GET /wordpress1/comments/feed/ HTTP/1.1" 200 3283 "-" "Feedfetcher-Google; (+http://www.google.com/feedfetcher.html; 1 subscribers; feed-id=8917805572480071123)"
23.23.49.145 - - [12/Aug/2013:05:02:44 -0400] "GET / HTTP/1.1" 301 244 "-" "User-Agent: Mozilla/5.0 (Windows NT 6.1; WOW64) AppleWebKit/537.31 (KHTML, like Gecko) Chrome/26.0.1410.64 Safari/537.31"
23.23.49.145 - - [12/Aug/2013:05:02:44 -0400] "GET /wordpress1/ HTTP/1.1" 403 795 "-" "User-Agent: Mozilla/5.0 (Windows NT 6.1; WOW64) AppleWebKit/537.31 (KHTML, like Gecko) Chrome/26.0.1410.64 Safari/537.31"
100.43.83.155 - - [12/Aug/2013:05:30:20 -0400] "GET /wordpress1/category/travel-news/ HTTP/1.1" 200 59478 "-" "Mozilla/5.0 (compatible; YandexBot/3.0; +http://yandex.com/bots)"
82.132.224.30 - - [12/Aug/2013:13:49:37 -0400] "GET /wordpress1/wp-content/plugins/kino-event-calendar-plugin/js/tools.tooltip.dynamic-1.0.1.min.js HTTP/1.1" 200 1928 "-" "Mozilla/5.0 (Linux; U; Android 4.1.2; en-gb; GT-I8190N Build/JZO54K) AppleWebKit/534.30 (KHTML, like Gecko) Version/4.0 Mobile Safari/534.30"
50.19.65.216 - - [12/Aug/2013:10:13:45 -0400] "HEAD / HTTP/1.1" 301 - "-" "python-requests/1.1.0 CPython/2.7.4 Linux/3.8.0-19-generic"
50.19.65.216 - - [12/Aug/2013:10:13:45 -0400] "HEAD /wordpress1/ HTTP/1.1" 200 - "-" "python-requests/1.1.0 CPython/2.7.4 Linux/3.8.0-19-generic"
65.49.14.138 - - [12/Aug/2013:10:39:34 -0400] "GET /wordpress1/guestbook/feed/ HTTP/1.1" 200 744 "http://jodyyoung.com/wordpress1/guestbook/feed/" "Mozilla/5.0 (Windows NT 6.0) AppleWebKit/537.11 (KHTML, like Gecko) Chrome/23.0.1271.95 Safari/537.11"
121.205.215.137 - - [12/Aug/2013:01:14:46 -0400] "GET /wordpress1/guestbook/?sign=1 HTTP/1.0" 200 59414 "http://jodyyoung.com/wordpress1/guestbook/?sign=1" "Opera/9.80 (Windows NT 6.1; Win64; x64) Presto/2.12.388 Version/12.10"
178.255.215.90 - - [12/Aug/2013:20:23:49 -0400] "GET /shariki=1438 HTTP/1.1" 404 575 "-" "Mozilla/5.0 (compatible; Exabot/3.0 (BiggerBetter); +http://www.exabot.com/go/robot)"
178.255.215.90 - - [12/Aug/2013:20:23:54 -0400] "GET /shariki=2338 HTTP/1.1" 404 575 "-" "Mozilla/5.0 (compatible; Exabot/3.0 (BiggerBetter); +http://www.exabot.com/go/robot)"
178.255.215.90 - - [12/Aug/2013:20:26:37 -0400] "GET /shariki=2348 HTTP/1.1" 404 575 "-" "Mozilla/5.0 (compatible; Exabot/3.0 (BiggerBetter); +http://www.exabot.com/go/robot)"
178.255.215.90 - - [12/Aug/2013:20:26:40 -0400] "GET /shariki=2448 HTTP/1.1" 404 575 "-" "Mozilla/5.0 (compatible; Exabot/3.0 (BiggerBetter); +http://www.exabot.com/go/robot)"
178.255.215.90 - - [12/Aug/2013:20:30:13 -0400] "GET /shariki=2158 HTTP/1.1" 404 575 "-" "Mozilla/5.0 (compatible; Exabot/3.0 (BiggerBetter); +http://www.exabot.com/go/robot)"
178.255.215.90 - - [12/Aug/2013:20:41:45 -0400] "GET /shariki=2198 HTTP/1.1" 404 575 "-" "Mozilla/5.0 (compatible; Exabot/3.0 (BiggerBetter); +http://www.exabot.com/go/robot)"
157.56.92.151 - - [12/Aug/2013:23:19:21 -0400] "GET /robots.txt HTTP/1.1" 404 575 "-" "Mozilla/5.0 (compatible; bingbot/2.0; +http://www.bing.com/bingbot.htm)"
82.132.220.24 - - [12/Aug/2013:04:41:00 -0400] "GET /wordpress1/wp-content/themes/atahualpa/js/DD_roundies.js?ver=0.0.2a HTTP/1.1" 200 16853 "-" "Mozilla/5.0 (Linux; U; Android 2.3.6; en-gb; GT-S5830i Build/GINGERBREAD) AppleWebKit/533.1 (KHTML, like Gecko) Version/4.0 Mobile Safari/533.1"
82.132.220.24 - - [12/Aug/2013:04:41:00 -0400] "GET /wordpress1/wp-content/plugins/kino-event-calendar-plugin/js/calendar.js HTTP/1.1" 200 79688 "-" "Mozilla/5.0 (Linux; U; Android 2.3.6; en-gb; GT-S5830i Build/GINGERBREAD) AppleWebKit/533.1 (KHTML, like Gecko) Version/4.0 Mobile Safari/533.1"
66.249.75.122 - - [12/Aug/2013:21:23:55 -0400] "GET /shariki=2199 HTTP/1.1" 404 575 "-" "Mozilla/5.0 (compatible; Googlebot/2.1; +http://www.google.com/bot.html)"
137.175.68.182 - - [12/Aug/2013:22:39:42 -0400] "GET /wordpress1/guestbook/ HTTP/1.0" 200 59405 "http://jodyyoung.com/wordpress1/guestbook/" "Mozilla/5.0 (Windows NT 6.2) AppleWebKit/537.11 (KHTML, like Gecko) Chrome/23.0.1271.95 Safari/537.11"
10.30.72.4 - - [12/Aug/2013:23:34:55 -0400] "POST /wordpress1/wp-cron.php?doing_wp_cron=1376364895.6207480430603027343750 HTTP/1.0" 200 - "-" "WordPress/3.5.2; http://jodyyoung.com/wordpress1"
110.85.250.75 - - [12/Aug/2013:09:20:09 -0400] "GET /wordpress1/guestbook/ HTTP/1.1" 200 59403 "-" "Mozilla/4.0 (compatible; MSIE 6.0; Windows NT 5.1; SV1; Mozilla/4.0 (compatible; MSIE 6.0; Windows NT 5.1; SV1) ; .NET CLR 2.0.50727 ; .NET CLR 4.0.30319)"
111.174.78.48 - - [12/Aug/2013:09:37:22 -0400] "POST /wordpress1/wp-login.php HTTP/1.0" 200 3683 "http://jodyyoung.com/wordpress1/wp-login.php" "Opera/9.80 (Windows NT 5.1; U; MRA 6.0 (build 5970); ru) Presto/2.7.62 Version/11.00"
144.76.87.234 - - [12/Aug/2013:10:53:05 -0400] "GET / HTTP/1.1" 301 240 "-" "-"
144.76.87.234 - - [12/Aug/2013:10:53:11 -0400] "GET /wordpress1/contact/ HTTP/1.1" 200 60303 "-" "Ruby"
65.55.213.68 - - [12/Aug/2013:11:17:14 -0400] "GET /wordpress1/flagallery/utah-photos/ HTTP/1.1" 200 27621 "-" "msnbot/2.0b (+http://search.msn.com/msnbot.htm)"
65.55.213.68 - - [12/Aug/2013:11:17:48 -0400] "GET /wordpress1/connections/ HTTP/1.1" 200 60746 "-" "msnbot/2.0b (+http://search.msn.com/msnbot.htm)"
36.250.195.208 - - [12/Aug/2013:17:47:12 -0400] "GET //wp-content/plugins/reflex-gallery/readme.txt HTTP/1.1" 404 575 "-" "Wget/1.13.4 (linux-gnu)"
178.255.215.90 - - [12/Aug/2013:20:24:05 -0400] "GET /shariki=2038 HTTP/1.1" 404 575 "-" "Mozilla/5.0 (compatible; Exabot/3.0 (BiggerBetter); +http://www.exabot.com/go/robot)"
94.27.71.91 - - [12/Aug/2013:20:29:37 -0400] "GET /wordpress1/ HTTP/1.0" 301 - "http://www.jodyyoung.com/wordpress1/" "Opera/9.80 (Windows NT 6.0; U; ru) Presto/2.10.289 Version/12.02"
178.255.215.90 - - [12/Aug/2013:20:29:46 -0400] "GET /shariki=1558 HTTP/1.1" 404 575 "-" "Mozilla/5.0 (compatible; Exabot/3.0 (BiggerBetter); +http://www.exabot.com/go/robot)"
178.255.215.90 - - [12/Aug/2013:20:32:50 -0400] "GET /shariki=1568 HTTP/1.1" 404 575 "-" "Mozilla/5.0 (compatible; Exabot/3.0 (BiggerBetter); +http://www.exabot.com/go/robot)"
178.255.215.90 - - [12/Aug/2013:20:35:56 -0400] "GET /shariki=2378 HTTP/1.1" 404 575 "-" "Mozilla/5.0 (compatible; Exabot/3.0 (BiggerBetter); +http://www.exabot.com/go/robot)"
65.128.51.102 - - [12/Aug/2013:20:39:19 -0400] "GET /wordpress1/wp-content/flagallery/jodys-world/pa160020ao.jpg HTTP/1.1" 206 1 "-" "rarely used"
65.128.51.102 - - [12/Aug/2013:20:39:19 -0400] "GET /wordpress1/wp-content/flagallery/jodys-world/pa160020ao.jpg HTTP/1.1" 206 327166 "-" "rarely used"
67.176.12.197 - - [12/Aug/2013:13:29:41 -0400] "GET /wordpress1/wp-content/plugins/flash-album-gallery/admin/js/swfobject.js?ver=2.2 HTTP/1.1" 200 11754 "http://jodyyoung.com/wordpress1/" "Mozilla/5.0 (Windows NT 6.1; WOW64) AppleWebKit/537.36 (KHTML, like Gecko) Chrome/28.0.1500.95 Safari/537.36"
67.176.12.197 - - [12/Aug/2013:13:29:43 -0400] "GET /wordpress1/wp-content/plugins/kino-event-calendar-plugin/css/calendar.css HTTP/1.1" 200 10091 "http://jodyyoung.com/wordpress1/" "Mozilla/5.0 (Windows NT 6.1; WOW64) AppleWebKit/537.36 (KHTML, like Gecko) Chrome/28.0.1500.95 Safari/537.36"
142.0.139.162 - - [12/Aug/2013:12:05:55 -0400] "POST /wordpress1/wp-comments-post.php HTTP/1.0" 302 - "http://jodyyoung.com/wordpress1/guestbook/guestbook-archives/#comment-304" "Opera/9.80 (Windows NT 6.1; U; Edition Yx; ru) Presto/2.10.289 Version/12.02"
142.0.139.162 - - [12/Aug/2013:12:40:38 -0400] "GET /wordpress1/guestbook/guestbook-archives/ HTTP/1.0" 200 70866 "http://jodyyoung.com/wordpress1/guestbook/guestbook-archives/#comment-304" "Mozilla/5.0 (Windows NT 5.1) AppleWebKit/537.4 (KHTML, like Gecko) Chrome/22.0.1229.94 Safari/537.4"
142.0.139.162 - - [12/Aug/2013:13:15:53 -0400] "GET /wordpress1/guestbook/guestbook-archives/ HTTP/1.0" 200 90149 "http://jodyyoung.com/wordpress1/guestbook/guestbook-archives/#comment-364" "Opera/9.80 (Windows NT 6.1; U; ru) Presto/2.7.39 Version/11.00"
175.44.19.27 - - [12/Aug/2013:14:02:30 -0400] "GET /guestbook.html HTTP/1.0" 200 8916 "http://www.jodyyoung.com/guestbook.html" "Mozilla/5.0 (Windows NT 6.1; WOW64) AppleWebKit/535.19 (KHTML, like Gecko) Chrome/18.0.1025.1634 Safari/535.19 YI"
178.255.215.90 - - [12/Aug/2013:20:26:43 -0400] "GET /shariki=1348 HTTP/1.1" 404 575 "-" "Mozilla/5.0 (compatible; Exabot/3.0 (BiggerBetter); +http://www.exabot.com/go/robot)"
178.255.215.90 - - [12/Aug/2013:20:32:58 -0400] "GET /shariki=2268 HTTP/1.1" 404 575 "-" "Mozilla/5.0 (compatible; Exabot/3.0 (BiggerBetter); +http://www.exabot.com/go/robot)"
69.35.184.188 - - [12/Aug/2013:10:07:45 -0400] "GET /wordpress1/wp-content/plugins/flash-album-gallery/admin/js/swfaddress.js?ver=2.4 HTTP/1.1" 304 - "http://jodyyoung.com/wordpress1/wp-login.php?loggedout=true" "Mozilla/5.0 (Windows NT 6.1; WOW64; rv:22.0) Gecko/20100101 Firefox/22.0"
10.30.72.4 - - [12/Aug/2013:10:39:26 -0400] "POST /wordpress1/wp-cron.php?doing_wp_cron=1376318366.1638360023498535156250 HTTP/1.0" 200 - "-" "WordPress/3.5.2; http://jodyyoung.com/wordpress1"
65.55.213.68 - - [12/Aug/2013:11:17:45 -0400] "GET /wordpress1/our-guides/ HTTP/1.1" 200 60593 "-" "msnbot/2.0b (+http://search.msn.com/msnbot.htm)"
178.255.215.90 - - [12/Aug/2013:20:20:16 -0400] "GET /shariki=1228 HTTP/1.1" 404 575 "-" "Mozilla/5.0 (compatible; Exabot/3.0 (BiggerBetter); +http://www.exabot.com/go/robot)"
178.255.215.90 - - [12/Aug/2013:20:35:37 -0400] "GET /shariki=1678 HTTP/1.1" 404 575 "-" "Mozilla/5.0 (compatible; Exabot/3.0 (BiggerBetter); +http://www.exabot.com/go/robot)"
82.132.220.24 - - [12/Aug/2013:04:41:00 -0400] "GET /wordpress1/wp-content/plugins/kino-event-calendar-plugin/js/tools.tooltip-1.1.2.js HTTP/1.1" 200 8427 "-" "Mozilla/5.0 (Linux; U; Android 2.3.6; en-gb; GT-S5830i Build/GINGERBREAD) AppleWebKit/533.1 (KHTML, like Gecko) Version/4.0 Mobile Safari/533.1"
65.55.213.68 - - [12/Aug/2013:07:15:53 -0400] "GET /robots.txt HTTP/1.1" 404 575 "-" "msnbot/2.0b (+http://search.msn.com/msnbot.htm)"
69.35.184.188 - - [12/Aug/2013:10:05:36 -0400] "GET /wordpress1/wp-admin/edit-comments.php?comment_status=spam HTTP/1.1" 503 323 "http://jodyyoung.com/wordpress1/wp-admin/edit-comments.php?comment_status=moderated&paged=1&spammed=15&ids=359,357,356,355,354,353,352,351,350,349,348,347,346,345,344" "Mozilla/5.0 (Windows NT 6.1; WOW64; rv:22.0) Gecko/20100101 Firefox/22.0"
69.35.184.188 - - [12/Aug/2013:10:07:50 -0400] "GET /wordpress1/wp-admin/css/colors-fresh.min.css?ver=3.5.2 HTTP/1.1" 304 - "http://jodyyoung.com/wordpress1/wp-login.php?loggedout=true" "Mozilla/5.0 (Windows NT 6.1; WOW64; rv:22.0) Gecko/20100101 Firefox/22.0"
69.35.184.188 - - [12/Aug/2013:10:07:51 -0400] "GET /wordpress1/wp-admin/images/wordpress-logo.png?ver=20120216 HTTP/1.1" 304 - "http://jodyyoung.com/wordpress1/wp-admin/css/wp-admin.min.css?ver=3.5.2" "Mozilla/5.0 (Windows NT 6.1; WOW64; rv:22.0) Gecko/20100101 Firefox/22.0"
66.249.75.122 - - [12/Aug/2013:10:44:16 -0400] "GET /robots.txt HTTP/1.1" 404 575 "-" "Mozilla/5.0 (compatible; Googlebot/2.1; +http://www.google.com/bot.html)"
216.152.251.80 - - [12/Aug/2013:11:10:07 -0400] "POST /wordpress1/wp-comments-post.php HTTP/1.0" 503 323 "http://jodyyoung.com/wordpress1/guestbook/" "Opera/9.80 (Windows NT 6.1; U; ru) Presto/2.7.39 Version/11.00"
198.2.218.15 - - [12/Aug/2013:11:56:05 -0400] "GET /wordpress1/guestbook/ HTTP/1.0" 503 323 "http://jodyyoung.com/wordpress1/guestbook/" "Mozilla/5.0 (Windows NT 6.1; rv:16.0) Gecko/20100101 Firefox/16.0"
74.211.60.9 - - [12/Aug/2013:22:24:22 -0400] "GET /wordpress1/wp-content/flagallery/utah-photos/p9240101ao.jpg HTTP/1.1" 200 359505 "http://www.google.com/blank.html" "Mozilla/5.0 (Windows NT 6.1; WOW64; rv:22.0) Gecko/20100101 Firefox/22.0"
180.76.6.231 - - [12/Aug/2013:22:44:39 -0400] "GET /robots.txt HTTP/1.1" 404 575 "-" "Mozilla/5.0 (Windows NT 5.1; rv:6.0.2) Gecko/20100101 Firefox/6.0.2"
10.30.72.4 - - [12/Aug/2013:13:29:43 -0400] "POST /wordpress1/wp-cron.php?doing_wp_cron=1376328577.9920089244842529296875 HTTP/1.0" 503 323 "-" "WordPress/3.5.2; http://jodyyoung.com/wordpress1"
10.30.72.4 - - [12/Aug/2013:15:29:11 -0400] "POST /wordpress1/wp-cron.php?doing_wp_cron=1376335744.8235340118408203125000 HTTP/1.0" 503 323 "-" "WordPress/3.5.2; http://jodyyoung.com/wordpress1"
199.30.20.34 - - [12/Aug/2013:02:54:44 -0400] "GET /311/images/01a.jpg HTTP/1.1" 200 2368 "-" "msnbot-media/1.1 (+http://search.msn.com/msnbot.htm)"
178.255.215.90 - - [12/Aug/2013:20:23:42 -0400] "GET /shariki=1738 HTTP/1.1" 404 575 "-" "Mozilla/5.0 (compatible; Exabot/3.0 (BiggerBetter); +http://www.exabot.com/go/robot)"
178.255.215.90 - - [12/Aug/2013:20:26:24 -0400] "GET /shariki=1748 HTTP/1.1" 404 575 "-" "Mozilla/5.0 (compatible; Exabot/3.0 (BiggerBetter); +http://www.exabot.com/go/robot)"
178.255.215.90 - - [12/Aug/2013:20:26:51 -0400] "GET /shariki=2148 HTTP/1.1" 404 575 "-" "Mozilla/5.0 (compatible; Exabot/3.0 (BiggerBetter); +http://www.exabot.com/go/robot)"
178.255.215.90 - - [12/Aug/2013:20:41:20 -0400] "GET /shariki=1998 HTTP/1.1" 404 575 "-" "Mozilla/5.0 (compatible; Exabot/3.0 (BiggerBetter); +http://www.exabot.com/go/robot)"
82.132.220.24 - - [12/Aug/2013:04:41:08 -0400] "GET /wordpress1/wp-content/themes/atahualpa/images/expand-right.gif HTTP/1.1" 200 64 "http://jodyyoung.com/wordpress1/" "Mozilla/5.0 (Linux; U; Android 2.3.6; en-gb; GT-S5830i Build/GINGERBREAD) AppleWebKit/533.1 (KHTML, like Gecko) Version/4.0 Mobile Safari/533.1"
82.132.220.24 - - [12/Aug/2013:04:41:09 -0400] "GET /wordpress1/wp-content/themes/atahualpa/images/inputbackgr.gif HTTP/1.1" 200 4765 "http://jodyyoung.com/wordpress1/" "Mozilla/5.0 (Linux; U; Android 2.3.6; en-gb; GT-S5830i Build/GINGERBREAD) AppleWebKit/533.1 (KHTML, like Gecko) Version/4.0 Mobile Safari/533.1"
82.132.220.24 - - [12/Aug/2013:04:41:10 -0400] "GET /wordpress1/wp-content/plugins/kino-event-calendar-plugin/images/tooltip-bg.png HTTP/1.1" 200 453 "http://jodyyoung.com/wordpress1/" "Mozilla/5.0 (Linux; U; Android 2.3.6; en-gb; GT-S5830i Build/GINGERBREAD) AppleWebKit/533.1 (KHTML, like Gecko) Version/4.0 Mobile Safari/533.1"
69.35.184.188 - - [12/Aug/2013:10:07:37 -0400] "GET /wordpress1/wp-content/plugins/preserved-html-editor-markup/admin.js?v=1.5&ver=3.5.2 HTTP/1.1" 304 - "http://jodyyoung.com/wordpress1/wp-admin/edit-comments.php?comment_status=spam&paged=1&deleted=16" "Mozilla/5.0 (Windows NT 6.1; WOW64; rv:22.0) Gecko/20100101 Firefox/22.0"
82.132.224.30 - - [12/Aug/2013:13:49:37 -0400] "GET /wordpress1/wp-content/plugins/flash-album-gallery/admin/js/swfaddress.js?ver=2.4 HTTP/1.1" 200 15916 "-" "Mozilla/5.0 (Linux; U; Android 4.1.2; en-gb; GT-I8190N Build/JZO54K) AppleWebKit/534.30 (KHTML, like Gecko) Version/4.0 Mobile Safari/534.30"
82.132.224.30 - - [12/Aug/2013:13:49:37 -0400] "GET /wordpress1/wp-content/themes/atahualpa/js/DD_roundies.js?ver=0.0.2a HTTP/1.1" 200 16853 "-" "Mozilla/5.0 (Linux; U; Android 4.1.2; en-gb; GT-I8190N Build/JZO54K) AppleWebKit/534.30 (KHTML, like Gecko) Version/4.0 Mobile Safari/534.30"
131.253.36.197 - - [12/Aug/2013:18:50:30 -0400] "GET /wordpress1/flagallery/247-2/ HTTP/1.1" 200 20638 "-" "Mozilla/4.0 (compatible; MSIE 7.0; Windows NT 5.2; SV1; .NET CLR 1.1.4322; .NET CLR 2.0.50727; .NET CLR 3.0.04506.648)"
10.30.72.4 - - [12/Aug/2013:19:29:46 -0400] "POST /wordpress1/wp-cron.php?doing_wp_cron=1376350186.2560579776763916015625 HTTP/1.0" 200 - "-" "WordPress/3.5.2; http://jodyyoung.com/wordpress1"
178.32.183.43 - - [12/Aug/2013:03:57:40 -0400] "POST /wordpress1/wp-comments-post.php HTTP/1.1" 302 - "http://jodyyoung.com/wordpress1/gallery/" "Mozilla/4.0 (compatible; MSIE 6.0; Windows NT 5.1; SV1)"
110.85.250.75 - - [12/Aug/2013:09:19:58 -0400] "GET /wordpress1/guestbook/ HTTP/1.1" 200 59403 "-" "Mozilla/4.0 (compatible; MSIE 6.0; Windows NT 5.1; SV1; Mozilla/4.0 (compatible; MSIE 6.0; Windows NT 5.1; SV1) ; .NET CLR 2.0.50727 ; .NET CLR 4.0.30319)"
111.174.78.48 - - [12/Aug/2013:09:37:14 -0400] "GET /wordpress1/guestbook/?sign=1 HTTP/1.0" 200 59410 "http://jodyyoung.com/wordpress1/guestbook/?sign=1" "Opera/9.80 (Windows NT 5.1; U; MRA 6.0 (build 5970); ru) Presto/2.7.62 Version/11.00"
69.35.184.188 - - [12/Aug/2013:10:07:32 -0400] "GET /wordpress1/wp-admin/edit-comments.php?s=&comment_status=spam&pagegen_timestamp=2013-08-12+14%3A07%3A19&_total=16&_per_page=20&_page=1&paged=1&_ajax_fetch_list_nonce=784b9ddf16&_wp_http_referer=%2Fwordpress1%2Fwp-admin%2Fedit-comments.php%3Fcomment_status%3Dspam%26paged%3D1%26deleted%3D20&_wpnonce=fb205095c1&_wp_http_referer=%2Fwordpress1%2Fwp-admin%2Fedit-comments.php%3Fcomment_status%3Dspam%26paged%3D1%26deleted%3D20&action=delete&comment_type=&_destroy_nonce=85084652f7&_wp_http_referer=%2Fwordpress1%2Fwp-admin%2Fedit-comments.php%3Fcomment_status%3Dspam%26paged%3D1%26deleted%3D20&paged=1&delete_comments%5B%5D=339&delete_comments%5B%5D=338&delete_comments%5B%5D=337&delete_comments%5B%5D=336&delete_comments%5B%5D=335&delete_comments%5B%5D=334&delete_comments%5B%5D=333&delete_comments%5B%5D=332&delete_comments%5B%5D=331&delete_comments%5B%5D=330&delete_comments%5B%5D=329&delete_comments%5B%5D=328&delete_comments%5B%5D=327&delete_comments%5B%5D=326&delete_comments%5B%5D=325&delete_comments%5B%5D=324&action2=-1&_destroy_nonce=85084652f7&_wp_http_referer=%2Fwordpress1%2Fwp-admin%2Fedit-comments.php%3Fcomment_status%3Dspam%26paged%3D1%26deleted%3D20 HTTP/1.1" 302 - "http://jodyyoung.com/wordpress1/wp-admin/edit-comments.php?comment_status=spam&paged=1&deleted=20" "Mozilla/5.0 (Windows NT 6.1; WOW64; rv:22.0) Gecko/20100101 Firefox/22.0"
69.35.184.188 - - [12/Aug/2013:10:07:34 -0400] "GET /wordpress1/wp-admin/edit-comments.php?comment_status=spam&paged=1&deleted=16 HTTP/1.1" 200 41832 "-" "Mozilla/5.0 (Windows NT 6.1; WOW64; rv:22.0) Gecko/20100101 Firefox/22.0"
69.35.184.188 - - [12/Aug/2013:10:07:36 -0400] "GET /wordpress1/wp-admin/images/sort.gif HTTP/1.1" 200 54 "http://jodyyoung.com/wordpress1/wp-admin/edit-comments.php?comment_status=spam&paged=1&deleted=16" "Mozilla/5.0 (Windows NT 6.1; WOW64; rv:22.0) Gecko/20100101 Firefox/22.0"
69.35.184.188 - - [12/Aug/2013:10:07:37 -0400] "GET /wordpress1/wp-content/plugins/wp-notes-remover/css/main.css?ver=0.1 HTTP/1.1" 304 - "http://jodyyoung.com/wordpress1/wp-admin/edit-comments.php?comment_status=spam&paged=1&deleted=16" "Mozilla/5.0 (Windows NT 6.1; WOW64; rv:22.0) Gecko/20100101 Firefox/22.0"
69.35.184.188 - - [12/Aug/2013:10:07:42 -0400] "GET /wordpress1/wp-login.php?action=logout&_wpnonce=fa984c632b HTTP/1.1" 302 - "http://jodyyoung.com/wordpress1/wp-admin/edit-comments.php?comment_status=spam&paged=1&deleted=16" "Mozilla/5.0 (Windows NT 6.1; WOW64; rv:22.0) Gecko/20100101 Firefox/22.0"
69.35.184.188 - - [12/Aug/2013:10:07:43 -0400] "GET /wordpress1/wp-login.php?loggedout=true HTTP/1.1" 200 2814 "-" "Mozilla/5.0 (Windows NT 6.1; WOW64; rv:22.0) Gecko/20100101 Firefox/22.0"
69.35.184.188 - - [12/Aug/2013:10:07:44 -0400] "GET /wordpress1/wp-login.php?loggedout=true HTTP/1.1" 200 2814 "http://jodyyoung.com/wordpress1/wp-admin/edit-comments.php?comment_status=spam&paged=1&deleted=16" "Mozilla/5.0 (Windows NT 6.1; WOW64; rv:22.0) Gecko/20100101 Firefox/22.0"
69.35.184.188 - - [12/Aug/2013:10:07:45 -0400] "GET /wordpress1/wp-admin/css/wp-admin.min.css?ver=3.5.2 HTTP/1.1" 304 - "http://jodyyoung.com/wordpress1/wp-login.php?loggedout=true" "Mozilla/5.0 (Windows NT 6.1; WOW64; rv:22.0) Gecko/20100101 Firefox/22.0"
65.55.213.68 - - [12/Aug/2013:11:17:30 -0400] "GET /wordpress1/flagallery/247-2/ HTTP/1.1" 200 20007 "-" "msnbot/2.0b (+http://search.msn.com/msnbot.htm)"
157.55.32.223 - - [12/Aug/2013:07:03:23 -0400] "GET /wordpress1/wp-content/plugins/kino-event-calendar-plugin/css/main.css HTTP/1.1" 200 710 "-" "Mozilla/5.0 (compatible; bingbot/2.0; +http://www.bing.com/bingbot.htm)"
180.76.6.37 - - [12/Aug/2013:07:42:06 -0400] "GET /wordpress1/wp-content/plugins/kino-event-calendar-plugin/js/jquery-ui-1.7.2.custom.min.js HTTP/1.1" 200 107835 "-" "Mozilla/5.0 (compatible; Baiduspider/2.0; +http://www.baidu.com/search/spider.html)"
91.231.40.28 - - [12/Aug/2013:12:45:06 -0400] "POST /wordpress1/wp-comments-post.php HTTP/1.0" 500 4120 "http://jodyyoung.com/wordpress1/guestbook/guestbook-archives/" "Opera/9.80 (Windows NT 6.1; WOW64; MRA 6.0 (build 6001)) Presto/2.12.388 Version/12.11"
142.0.139.162 - - [12/Aug/2013:13:52:03 -0400] "GET /wordpress1/guestbook/guestbook-archives/ HTTP/1.0" 200 70866 "http://jodyyoung.com/wordpress1/guestbook/guestbook-archives/#comment-304" "Mozilla/5.0 (Windows NT 6.1; WOW64; rv:18.0) Gecko/20100101 Firefox/18.0"
131.253.36.202 - - [12/Aug/2013:18:50:53 -0400] "GET /wordpress1/wp-content/plugins/flash-album-gallery/admin/css/flagallery_nocrawler.css HTTP/1.1" 200 1071 "http://jodyyoung.com/wordpress1/flagallery/247-2/" "Mozilla/4.0 (compatible; MSIE 7.0; Windows NT 5.2; SV1; .NET CLR 1.1.4322; .NET CLR 2.0.50727; .NET CLR 3.0.04506.648)"
131.253.36.202 - - [12/Aug/2013:18:50:53 -0400] "GET /wordpress1/wp-content/plugins/flash-album-gallery/admin/css/flagallery_noflash.css HTTP/1.1" 200 2509 "http://jodyyoung.com/wordpress1/flagallery/247-2/" "Mozilla/4.0 (compatible; MSIE 7.0; Windows NT 5.2; SV1; .NET CLR 1.1.4322; .NET CLR 2.0.50727; .NET CLR 3.0.04506.648)"
178.255.215.90 - - [12/Aug/2013:20:16:32 -0400] "GET /shariki=2218 HTTP/1.1" 404 575 "-" "Mozilla/5.0 (compatible; Exabot/3.0 (BiggerBetter); +http://www.exabot.com/go/robot)"
178.255.215.90 - - [12/Aug/2013:20:20:23 -0400] "GET /shariki=2228 HTTP/1.1" 404 575 "-" "Mozilla/5.0 (compatible; Exabot/3.0 (BiggerBetter); +http://www.exabot.com/go/robot)"
178.255.215.90 - - [12/Aug/2013:20:30:10 -0400] "GET /shariki=1158 HTTP/1.1" 404 575 "-" "Mozilla/5.0 (compatible; Exabot/3.0 (BiggerBetter); +http://www.exabot.com/go/robot)"
178.255.215.90 - - [12/Aug/2013:20:35:58 -0400] "GET /shariki=1378 HTTP/1.1" 404 575 "-" "Mozilla/5.0 (compatible; Exabot/3.0 (BiggerBetter); +http://www.exabot.com/go/robot)"
66.249.75.184 - - [12/Aug/2013:20:53:49 -0400] "GET /wordpress1/wp-content/plugins/kino-event-calendar-plugin/rpc.php?action=get_events&start=1374994800000&end=1376352000000&event_id=null HTTP/1.1" 200 3609 "http://jodyyoung.com/wordpress1/about-htm/" "Mozilla/5.0 (compatible; Googlebot/2.1; +http://www.google.com/bot.html)"
66.249.75.184 - - [12/Aug/2013:09:18:41 -0400] "GET /311/scripts/master.css HTTP/1.1" 200 1951 "-" "Mozilla/5.0 (compatible; Googlebot/2.1; +http://www.google.com/bot.html)"
195.50.79.248 - - [12/Aug/2013:09:45:02 -0400] "GET /wordpress1/wp-content/uploads/2011/11/l_exodus.gif HTTP/1.1" 200 6653 "-" "Mozilla/5.0 (Macintosh; Intel Mac OS X 10_8_4) AppleWebKit/537.36 (KHTML, like Gecko) Chrome/28.0.1500.95 Safari/537.36"
69.35.184.188 - - [12/Aug/2013:09:58:08 -0400] "GET /wordpress1/wp-admin/css/colors-fresh.min.css?ver=3.5.2 HTTP/1.1" 200 36190 "http://jodyyoung.com/wordpress1/wp-login.php?redirect_to=http%3A%2F%2Fjodyyoung.com%2Fwordpress1%2Fwp-admin%2Fedit-comments.php%3Fcomment_status%3Dmoderated&reauth=1" "Mozilla/5.0 (Windows NT 6.1; WOW64; rv:22.0) Gecko/20100101 Firefox/22.0"
69.35.184.188 - - [12/Aug/2013:09:58:10 -0400] "GET /favicon.ico HTTP/1.1" 404 575 "-" "Mozilla/5.0 (Windows NT 6.1; WOW64; rv:22.0) Gecko/20100101 Firefox/22.0"
69.35.184.188 - - [12/Aug/2013:10:02:14 -0400] "GET /wordpress1/wp-admin/load-scripts.php?c=1&load%5B%5D=admin-bar,hoverIntent,common,wp-ajax-response,jquery-color,wp-lists,quicktags,jquery-query,admin-comments,word-count,jquery-ui-c&load%5B%5D=ore,jquery-ui-widget,jquery-ui-mouse,jquery-ui-resizable,jquery-ui-draggable,jquery-ui-button,jquery-ui-position,jquery-ui-dialo&load%5B%5D=g,wpdialogs,wplink,wpdialogs-popup&ver=3.5.2 HTTP/1.1" 200 49573 "http://jodyyoung.com/wordpress1/wp-admin/edit-comments.php?comment_status=moderated" "Mozilla/5.0 (Windows NT 6.1; WOW64; rv:22.0) Gecko/20100101 Firefox/22.0"
142.0.139.162 - - [12/Aug/2013:00:15:51 -0400] "GET /wordpress1/guestbook/guestbook-archives/ HTTP/1.0" 200 70866 "http://jodyyoung.com/wordpress1/guestbook/guestbook-archives/#comment-304" "Mozilla/5.0 (Windows; U; Windows NT 6.1; en-US) AppleWebKit/534.10 (KHTML, like Gecko) Chrome/8.0.552.224 Safari/534.10"
10.30.72.4 - - [12/Aug/2013:00:52:36 -0400] "POST /wordpress1/wp-cron.php?doing_wp_cron=1376283156.4710340499877929687500 HTTP/1.0" 200 - "-" "WordPress/3.5.2; http://jodyyoung.com/wordpress1"
27.159.195.82 - - [12/Aug/2013:01:42:05 -0400] "POST /wordpress1/wp-comments-post.php HTTP/1.1" 302 - "http://jodyyoung.com/wordpress1/guestbook/" "Mozilla/4.0 (compatible; MSIE 6.0; Windows NT 5.1; SV1)"
178.255.215.90 - - [12/Aug/2013:20:19:55 -0400] "GET /shariki=1828 HTTP/1.1" 404 575 "-" "Mozilla/5.0 (compatible; Exabot/3.0 (BiggerBetter); +http://www.exabot.com/go/robot)"
178.255.215.90 - - [12/Aug/2013:20:20:08 -0400] "GET /shariki=2428 HTTP/1.1" 404 575 "-" "Mozilla/5.0 (compatible; Exabot/3.0 (BiggerBetter); +http://www.exabot.com/go/robot)"
142.0.139.162 - - [12/Aug/2013:09:03:09 -0400] "GET /wordpress1/guestbook/guestbook-archives/ HTTP/1.0" 200 101287 "http://jodyyoung.com/wordpress1/guestbook/guestbook-archives/#comment-357" "Mozilla/5.0 (Windows NT 6.1) AppleWebKit/535.1 (KHTML, like Gecko) Chrome/14.0.835.163 Safari/535.1"
110.85.250.75 - - [12/Aug/2013:09:20:06 -0400] "POST /wordpress1/wp-comments-post.php HTTP/1.1" 302 - "http://jodyyoung.com/wordpress1/guestbook/" "Mozilla/4.0 (compatible; MSIE 6.0; Windows NT 5.1; SV1; Mozilla/4.0 (compatible; MSIE 6.0; Windows NT 5.1; SV1) ; .NET CLR 1.0.3705)"
65.55.213.68 - - [12/Aug/2013:11:17:17 -0400] "GET /wordpress1/contact/ HTTP/1.1" 200 59663 "-" "msnbot/2.0b (+http://search.msn.com/msnbot.htm)"
121.223.6.193 - - [12/Aug/2013:23:35:01 -0400] "GET /wordpress1/wp-content/plugins/flash-album-gallery/admin/js/swfaddress.js?ver=2.4 HTTP/1.1" 200 15916 "http://jodyyoung.com/wordpress1/" "Mozilla/5.0 (Windows NT 6.0) AppleWebKit/537.36 (KHTML, like Gecko) Chrome/28.0.1500.95 Safari/537.36"
121.223.6.193 - - [12/Aug/2013:23:35:03 -0400] "GET /wordpress1/wp-content/plugins/kino-event-calendar-plugin/css/calendar.css HTTP/1.1" 200 10091 "http://jodyyoung.com/wordpress1/" "Mozilla/5.0 (Windows NT 6.0) AppleWebKit/537.36 (KHTML, like Gecko) Chrome/28.0.1500.95 Safari/537.36"
121.223.6.193 - - [12/Aug/2013:23:35:05 -0400] "GET /wordpress1/wp-content/themes/atahualpa/images/comment-gray.png HTTP/1.1" 200 296 "http://jodyyoung.com/wordpress1/" "Mozilla/5.0 (Windows NT 6.0) AppleWebKit/537.36 (KHTML, like Gecko) Chrome/28.0.1500.95 Safari/537.36"
121.223.6.193 - - [12/Aug/2013:23:35:06 -0400] "GET /wordpress1/wp-content/plugins/kino-event-calendar-plugin/rpc.php?action=get_events&start=1374933600000&end=1378562400000&event_id=null HTTP/1.1" 200 3609 "http://jodyyoung.com/wordpress1/" "Mozilla/5.0 (Windows NT 6.0) AppleWebKit/537.36 (KHTML, like Gecko) Chrome/28.0.1500.95 Safari/537.36"
142.0.139.162 - - [12/Aug/2013:13:15:42 -0400] "GET /wordpress1/guestbook/guestbook-archives/ HTTP/1.0" 200 70866 "http://jodyyoung.com/wordpress1/guestbook/guestbook-archives/#comment-304" "Opera/9.80 (Windows NT 6.1; U; ru) Presto/2.7.39 Version/11.00"
199.30.16.16 - - [12/Aug/2013:13:31:57 -0400] "GET /311/images/slogan.jpg HTTP/1.1" 200 11317 "-" "msnbot-media/1.1 (+http://search.msn.com/msnbot.htm)"
65.55.213.68 - - [12/Aug/2013:11:17:36 -0400] "GET /wordpress1/guestbook/guestbook-archives/ HTTP/1.1" 200 70226 "-" "msnbot/2.0b (+http://search.msn.com/msnbot.htm)"
85.17.29.107 - - [12/Aug/2013:01:30:22 -0400] "GET /alaska.html HTTP/1.1" 200 16500 "-" "Mozilla/5.0 (compatible; WBSearchBot/1.1; +http://www.warebay.com/bot.html)"
85.17.29.107 - - [12/Aug/2013:01:30:24 -0400] "GET /specialprojects.html HTTP/1.1" 200 31246 "-" "Mozilla/5.0 (compatible; WBSearchBot/1.1; +http://www.warebay.com/bot.html)"
85.17.29.107 - - [12/Aug/2013:01:30:26 -0400] "GET /customtours.html HTTP/1.1" 200 13273 "-" "Mozilla/5.0 (compatible; WBSearchBot/1.1; +http://www.warebay.com/bot.html)"
85.17.29.107 - - [12/Aug/2013:01:30:27 -0400] "GET /otherareas.html HTTP/1.1" 200 10916 "-" "Mozilla/5.0 (compatible; WBSearchBot/1.1; +http://www.warebay.com/bot.html)"
85.17.29.107 - - [12/Aug/2013:01:30:29 -0400] "GET /guestbook.html HTTP/1.1" 200 8916 "-" "Mozilla/5.0 (compatible; WBSearchBot/1.1; +http://www.warebay.com/bot.html)"
85.17.29.107 - - [12/Aug/2013:01:30:30 -0400] "GET /conections.htm HTTP/1.1" 404 575 "-" "Mozilla/5.0 (compatible; WBSearchBot/1.1; +http://www.warebay.com/bot.html)"
85.17.29.107 - - [12/Aug/2013:01:30:31 -0400] "GET /connections.htm HTTP/1.1" 200 11773 "-" "Mozilla/5.0 (compatible; WBSearchBot/1.1; +http://www.warebay.com/bot.html)"
85.17.29.107 - - [12/Aug/2013:01:30:33 -0400] "GET /alaska/phototours.html HTTP/1.1" 200 20702 "-" "Mozilla/5.0 (compatible; WBSearchBot/1.1; +http://www.warebay.com/bot.html)"
85.17.29.107 - - [12/Aug/2013:01:30:34 -0400] "GET /GBArchive.htm HTTP/1.1" 200 13949 "-" "Mozilla/5.0 (compatible; WBSearchBot/1.1; +http://www.warebay.com/bot.html)"
178.255.215.90 - - [12/Aug/2013:20:24:02 -0400] "GET /shariki=1138 HTTP/1.1" 404 575 "-" "Mozilla/5.0 (compatible; Exabot/3.0 (BiggerBetter); +http://www.exabot.com/go/robot)"
178.255.215.90 - - [12/Aug/2013:20:32:53 -0400] "GET /shariki=1268 HTTP/1.1" 404 575 "-" "Mozilla/5.0 (compatible; Exabot/3.0 (BiggerBetter); +http://www.exabot.com/go/robot)"
199.30.16.29 - - [12/Aug/2013:12:08:37 -0400] "GET /robots.txt HTTP/1.1" 404 575 "-" "msnbot-media/1.1 (+http://search.msn.com/msnbot.htm)"
67.176.12.197 - - [12/Aug/2013:13:29:41 -0400] "GET /wordpress1/wp-content/themes/atahualpa/js/DD_roundies.js?ver=0.0.2a HTTP/1.1" 200 16853 "http://jodyyoung.com/wordpress1/" "Mozilla/5.0 (Windows NT 6.1; WOW64) AppleWebKit/537.36 (KHTML, like Gecko) Chrome/28.0.1500.95 Safari/537.36"
142.0.139.162 - - [12/Aug/2013:13:52:10 -0400] "POST /wordpress1/wp-comments-post.php HTTP/1.0" 302 - "http://jodyyoung.com/wordpress1/guestbook/guestbook-archives/#comment-304" "Mozilla/5.0 (Windows NT 6.1; WOW64; rv:18.0) Gecko/20100101 Firefox/18.0"
66.249.75.184 - - [12/Aug/2013:05:11:45 -0400] "GET /wordpress1 HTTP/1.1" 301 240 "-" "Mozilla/5.0 (compatible; Googlebot/2.1; +http://www.google.com/bot.html)"
10.30.72.4 - - [12/Aug/2013:20:26:28 -0400] "POST /wordpress1/wp-cron.php?doing_wp_cron=1376353588.7941629886627197265625 HTTP/1.0" 200 - "-" "WordPress/3.5.2; http://jodyyoung.com/wordpress1"
178.255.215.90 - - [12/Aug/2013:20:26:32 -0400] "GET /shariki=1548 HTTP/1.1" 404 575 "-" "Mozilla/5.0 (compatible; Exabot/3.0 (BiggerBetter); +http://www.exabot.com/go/robot)"
178.255.215.90 - - [12/Aug/2013:20:32:44 -0400] "GET /shariki=1468 HTTP/1.1" 404 575 "-" "Mozilla/5.0 (compatible; Exabot/3.0 (BiggerBetter); +http://www.exabot.com/go/robot)"
178.255.215.90 - - [12/Aug/2013:20:38:24 -0400] "GET /shariki=1888 HTTP/1.1" 404 575 "-" "Mozilla/5.0 (compatible; Exabot/3.0 (BiggerBetter); +http://www.exabot.com/go/robot)"
178.255.215.90 - - [12/Aug/2013:20:41:22 -0400] "GET /shariki=1798 HTTP/1.1" 404 575 "-" "Mozilla/5.0 (compatible; Exabot/3.0 (BiggerBetter); +http://www.exabot.com/go/robot)"
178.255.215.90 - - [12/Aug/2013:20:41:28 -0400] "GET /shariki=1498 HTTP/1.1" 404 575 "-" "Mozilla/5.0 (compatible; Exabot/3.0 (BiggerBetter); +http://www.exabot.com/go/robot)"
66.249.75.184 - - [12/Aug/2013:01:32:42 -0400] "GET /wordpress1/wp-content/plugins/flash-album-gallery/admin/css/flagallery_noflash.css HTTP/1.1" 200 2509 "-" "Mozilla/5.0 (compatible; Googlebot/2.1; +http://www.google.com/bot.html)"
72.14.199.184 - - [12/Aug/2013:09:29:11 -0400] "GET /wordpress1/comments/feed/ HTTP/1.1" 200 3283 "-" "Feedfetcher-Google; (+http://www.google.com/feedfetcher.html; 1 subscribers; feed-id=8917805572480071123)"
78.10.92.202 - - [12/Aug/2013:09:52:36 -0400] "GET /wordpress1/guestbook/ HTTP/1.0" 200 59401 "http://jodyyoung.com/wordpress1/guestbook/" "Mozilla/5.0 (Windows NT 5.2; rv:17.0) Gecko/20100101 Firefox/17.0"
142.0.139.162 - - [12/Aug/2013:10:01:05 -0400] "GET /wordpress1/guestbook/guestbook-archives/ HTTP/1.0" 200 70866 "http://jodyyoung.com/wordpress1/guestbook/guestbook-archives/#comment-304" "Mozilla/5.0 (Windows NT 6.1) AppleWebKit/535.19 (KHTML, like Gecko) Chrome/18.0.1025.1634 Safari/535.19 YE"
69.35.184.188 - - [12/Aug/2013:10:02:08 -0400] "POST /wordpress1/wp-login.php HTTP/1.1" 302 - "http://jodyyoung.com/wordpress1/wp-login.php?redirect_to=http%3A%2F%2Fjodyyoung.com%2Fwordpress1%2Fwp-admin%2Fedit-comments.php%3Fcomment_status%3Dmoderated&reauth=1" "Mozilla/5.0 (Windows NT 6.1; WOW64; rv:22.0) Gecko/20100101 Firefox/22.0"
65.55.213.68 - - [12/Aug/2013:11:16:37 -0400] "GET /wordpress1/comments/feed/ HTTP/1.1" 200 3283 "-" "msnbot/2.0b (+http://search.msn.com/msnbot.htm)"
131.253.36.198 - - [12/Aug/2013:11:34:18 -0400] "GET /wordpress1/wp-content/plugins/kino-event-calendar-plugin/js/tools.tooltip.dynamic-1.0.1.min.js HTTP/1.1" 200 1928 "http://jodyyoung.com/wordpress1/utah/" "Mozilla/4.0 (compatible; MSIE 7.0; Windows NT 5.2; SLCC1; .NET CLR 1.1.4325; .NET CLR 2.0.40607; .NET CLR 3.0.04506.648)"
131.253.36.198 - - [12/Aug/2013:11:34:21 -0400] "GET /wordpress1/wp-content/plugins/kino-event-calendar-plugin/js/calendar.js HTTP/1.1" 200 79688 "http://jodyyoung.com/wordpress1/utah/" "Mozilla/4.0 (compatible; MSIE 7.0; Windows NT 5.2; SLCC1; .NET CLR 1.1.4325; .NET CLR 2.0.40607; .NET CLR 3.0.04506.648)"
131.253.36.198 - - [12/Aug/2013:11:34:23 -0400] "GET /wordpress1/wp-content/plugins/kino-event-calendar-plugin/js/main.js HTTP/1.1" 200 1105 "http://jodyyoung.com/wordpress1/utah/" "Mozilla/4.0 (compatible; MSIE 7.0; Windows NT 5.2; SLCC1; .NET CLR 1.1.4325; .NET CLR 2.0.40607; .NET CLR 3.0.04506.648)"
117.254.219.78 - - [12/Aug/2013:12:35:09 -0400] "GET /wordpress1/wp-content/uploads/2011/11/pow001-300x225.jpg HTTP/1.1" 200 25801 "http://www.google.co.in/imgres?imgurl=http://jodyyoung.com/wordpress1/wp-content/uploads/2011/11/pow001-300x225.jpg&imgrefurl=http://jodyyoung.com/wordpress1/utah/&usg=___UnQrxzvUdeJcCMonAwySYKsqPE=&h=225&w=300&sz=26&hl=en&start=15&sig2=aze7isYtNi1a9Kknxd4X0g&zoom=1&tbnid=EqwHpDVrLSgMSM:&tbnh=87&tbnw=116&ei=rQ4JUp-sKc2IrAfT3IDQAQ&itbs=1&sa=X&ved=0CEgQrQMwDg" "Mozilla/5.0 (Windows NT 6.1; rv:22.0) Gecko/20100101 Firefox/22.0"
82.132.220.24 - - [12/Aug/2013:04:41:00 -0400] "GET /wordpress1/wp-content/plugins/flash-album-gallery/admin/js/swfobject.js?ver=2.2 HTTP/1.1" 200 11754 "-" "Mozilla/5.0 (Linux; U; Android 2.3.6; en-gb; GT-S5830i Build/GINGERBREAD) AppleWebKit/533.1 (KHTML, like Gecko) Version/4.0 Mobile Safari/533.1"
66.249.75.184 - - [12/Aug/2013:06:08:02 -0400] "GET /wordpress1/guestbook/?replytocom=5 HTTP/1.1" 200 58828 "-" "Mozilla/5.0 (compatible; Googlebot/2.1; +http://www.google.com/bot.html)"
67.176.12.197 - - [12/Aug/2013:13:29:41 -0400] "GET /wordpress1/wp-content/plugins/flash-album-gallery/admin/js/swfaddress.js?ver=2.4 HTTP/1.1" 200 15916 "http://jodyyoung.com/wordpress1/" "Mozilla/5.0 (Windows NT 6.1; WOW64) AppleWebKit/537.36 (KHTML, like Gecko) Chrome/28.0.1500.95 Safari/537.36"
67.176.12.197 - - [12/Aug/2013:13:29:43 -0400] "GET /wordpress1/wp-content/plugins/kino-event-calendar-plugin/js/calendar.js HTTP/1.1" 200 79688 "http://jodyyoung.com/wordpress1/" "Mozilla/5.0 (Windows NT 6.1; WOW64) AppleWebKit/537.36 (KHTML, like Gecko) Chrome/28.0.1500.95 Safari/537.36"
67.176.12.197 - - [12/Aug/2013:13:29:46 -0400] "GET /wordpress1/wp-content/ata-images/jyat-logo1.jpg HTTP/1.1" 200 10086 "http://jodyyoung.com/wordpress1/" "Mozilla/5.0 (Windows NT 6.1; WOW64) AppleWebKit/537.36 (KHTML, like Gecko) Chrome/28.0.1500.95 Safari/537.36"
142.0.139.162 - - [12/Aug/2013:14:25:53 -0400] "GET /wordpress1/guestbook/guestbook-archives/ HTTP/1.0" 200 97762 "http://jodyyoung.com/wordpress1/guestbook/guestbook-archives/#comment-366" "Mozilla/5.0 (Windows NT 5.2; rv:12.0) Gecko/20100101 Firefox/12.0"
