184.148.58.240 - - [12/Aug/2013:07:47:45 -0400] "GET /wordpress1/wp-content/themes/atahualpa/images/comment-gray.png HTTP/1.1" 200 296 "http://jodyyoung.com/wordpress1/gallery/" "Mozilla/5.0 (compatible; MSIE 10.0; Windows NT 6.1; WOW64; Trident/6.0)"
67.176.12.197 - - [12/Aug/2013:13:29:41 -0400] "GET /wordpress1/wp-includes/js/jquery/jquery.js?ver=1.8.3 HTTP/1.1" 200 93658 "http://jodyyoung.com/wordpress1/" "Mozilla/5.0 (Windows NT 6.1; WOW64) AppleWebKit/537.36 (KHTML, like Gecko) Chrome/28.0.1500.95 Safari/537.36"
67.176.12.197 - - [12/Aug/2013:13:29:43 -0400] "GET /wordpress1/wp-content/plugins/kino-event-calendar-plugin/js/tools.tooltip.dynamic-1.0.1.min.js HTTP/1.1" 200 1928 "http://jodyyoung.com/wordpress1/" "Mozilla/5.0 (Windows NT 6.1; WOW64) AppleWebKit/537.36 (KHTML, like Gecko) Chrome/28.0.1500.95 Safari/537.36"
67.176.12.197 - - [12/Aug/2013:13:29:46 -0400] "GET /wordpress1/wp-content/themes/atahualpa/images/comment-gray.png HTTP/1.1" 200 296 "http://jodyyoung.com/wordpress1/" "Mozilla/5.0 (Windows NT 6.1; WOW64) AppleWebKit/537.36 (KHTML, like Gecko) Chrome/28.0.1500.95 Safari/537.36"
67.176.12.197 - - [12/Aug/2013:13:29:46 -0400] "GET /wordpress1/wp-content/themes/atahualpa/images/header/jyatHD03.jpg HTTP/1.1" 200 49687 "http://jodyyoung.com/wordpress1/" "Mozilla/5.0 (Windows NT 6.1; WOW64) AppleWebKit/537.36 (KHTML, like Gecko) Chrome/28.0.1500.95 Safari/537.36"
82.132.224.30 - - [12/Aug/2013:13:49:33 -0400] "GET /wordpress1/ HTTP/1.1" 200 58293 "-" "Mozilla/5.0 (Linux; U; Android 4.1.2; en-gb; GT-I8190N Build/JZO54K) AppleWebKit/534.30 (KHTML, like Gecko) Version/4.0 Mobile Safari/534.30"
216.152.251.19 - - [12/Aug/2013:17:12:47 -0400] "GET / HTTP/1.0" 301 240 "http://jodyyoung.com/" "Mozilla/5.0 (Windows NT 6.1; rv:16.0) Gecko/20100101 Firefox/16.0"
178.255.215.90 - - [12/Aug/2013:20:35:51 -0400] "GET /shariki=1478 HTTP/1.1" 404 575 "-" "Mozilla/5.0 (compatible; Exabot/3.0 (BiggerBetter); +http://www.exabot.com/go/robot)"
178.255.215.90 - - [12/Aug/2013:20:38:50 -0400] "GET /shariki=2188 HTTP/1.1" 404 575 "-" "Mozilla/5.0 (compatible; Exabot/3.0 (BiggerBetter); +http://www.exabot.com/go/robot)"
131.253.36.202 - - [12/Aug/2013:18:50:38 -0400] "GET /wordpress1/wp-content/plugins/flash-album-gallery/admin/js/jquery.js HTTP/1.1" 200 91363 "http://jodyyoung.com/wordpress1/flagallery/247-2/" "Mozilla/4.0 (compatible; MSIE 7.0; Windows NT 5.2; SV1; .NET CLR 1.1.4322; .NET CLR 2.0.50727; .NET CLR 3.0.04506.648)"
131.253.36.202 - - [12/Aug/2013:18:50:40 -0400] "GET /wordpress1/wp-content/plugins/flash-album-gallery/admin/js/swfobject.js HTTP/1.1" 200 11754 "http://jodyyoung.com/wordpress1/flagallery/247-2/" "Mozilla/4.0 (compatible; MSIE 7.0; Windows NT 5.2; SV1; .NET CLR 1.1.4322; .NET CLR 2.0.50727; .NET CLR 3.0.04506.648)"
131.253.36.202 - - [12/Aug/2013:18:50:43 -0400] "GET /wordpress1/wp-content/plugins/flash-album-gallery/admin/js/swfaddress.js HTTP/1.1" 200 15916 "http://jodyyoung.com/wordpress1/flagallery/247-2/" "Mozilla/4.0 (compatible; MSIE 7.0; Windows NT 5.2; SV1; .NET CLR 1.1.4322; .NET CLR 2.0.50727; .NET CLR 3.0.04506.648)"
131.253.36.202 - - [12/Aug/2013:18:50:46 -0400] "GET /wordpress1/wp-content/plugins/flash-album-gallery/admin/js/photoswipe/klass.min.js HTTP/1.1" 200 1200 "http://jodyyoung.com/wordpress1/flagallery/247-2/" "Mozilla/4.0 (compatible; MSIE 7.0; Windows NT 5.2; SV1; .NET CLR 1.1.4322; .NET CLR 2.0.50727; .NET CLR 3.0.04506.648)"
178.255.215.90 - - [12/Aug/2013:20:16:23 -0400] "GET /shariki=1418 HTTP/1.1" 404 575 "-" "Mozilla/5.0 (compatible; Exabot/3.0 (BiggerBetter); +http://www.exabot.com/go/robot)"
178.255.215.90 - - [12/Aug/2013:20:24:08 -0400] "GET /shariki=2138 HTTP/1.1" 404 575 "-" "Mozilla/5.0 (compatible; Exabot/3.0 (BiggerBetter); +http://www.exabot.com/go/robot)"
178.255.215.90 - - [12/Aug/2013:20:26:59 -0400] "GET /shariki=1048 HTTP/1.1" 404 575 "-" "Mozilla/5.0 (compatible; Exabot/3.0 (BiggerBetter); +http://www.exabot.com/go/robot)"
178.255.215.90 - - [12/Aug/2013:20:29:51 -0400] "GET /shariki=2458 HTTP/1.1" 404 575 "-" "Mozilla/5.0 (compatible; Exabot/3.0 (BiggerBetter); +http://www.exabot.com/go/robot)"
178.255.215.90 - - [12/Aug/2013:20:32:34 -0400] "GET /shariki=1868 HTTP/1.1" 404 575 "-" "Mozilla/5.0 (compatible; Exabot/3.0 (BiggerBetter); +http://www.exabot.com/go/robot)"
178.255.215.90 - - [12/Aug/2013:20:38:26 -0400] "GET /shariki=1788 HTTP/1.1" 404 575 "-" "Mozilla/5.0 (compatible; Exabot/3.0 (BiggerBetter); +http://www.exabot.com/go/robot)"
175.42.83.43 - - [12/Aug/2013:21:07:11 -0400] "GET /guestbook.html HTTP/1.0" 200 8916 "http://www.jodyyoung.com/guestbook.html" "Mozilla/5.0 (Windows NT 6.1) AppleWebKit/537.4 (KHTML, like Gecko) Chrome/22.0.1229.94 Safari/537.4"
121.223.6.193 - - [12/Aug/2013:23:34:57 -0400] "GET /wordpress1/ HTTP/1.1" 200 58295 "http://www.google.com.au/search?q=jody+young&oq=jody+young&gs_l=serp.3..0l6j0i22i30l4.35181.38139.0.38653.10.9.0.1.1.0.341.1684.4j0j4j1.9.0....0...1c.1.24.serp..3.7.818.wZXGXMqn_EY" "Mozilla/5.0 (Windows NT 6.0) AppleWebKit/537.36 (KHTML, like Gecko) Chrome/28.0.1500.95 Safari/537.36"
121.223.6.193 - - [12/Aug/2013:23:35:00 -0400] "GET /wordpress1/wp-includes/js/jquery/jquery.js?ver=1.8.3 HTTP/1.1" 200 93658 "http://jodyyoung.com/wordpress1/" "Mozilla/5.0 (Windows NT 6.0) AppleWebKit/537.36 (KHTML, like Gecko) Chrome/28.0.1500.95 Safari/537.36"
121.223.6.193 - - [12/Aug/2013:23:35:01 -0400] "GET /wordpress1/wp-content/plugins/flash-album-gallery/admin/js/swfobject.js?ver=2.2 HTTP/1.1" 200 11754 "http://jodyyoung.com/wordpress1/" "Mozilla/5.0 (Windows NT 6.0) AppleWebKit/537.36 (KHTML, like Gecko) Chrome/28.0.1500.95 Safari/537.36"
121.223.6.193 - - [12/Aug/2013:23:35:01 -0400] "GET /wordpress1/wp-content/plugins/kino-event-calendar-plugin/js/tools.tooptip.slide-1.0.0.min.js HTTP/1.1" 200 1087 "http://jodyyoung.com/wordpress1/" "Mozilla/5.0 (Windows NT 6.0) AppleWebKit/537.36 (KHTML, like Gecko) Chrome/28.0.1500.95 Safari/537.36"
121.223.6.193 - - [12/Aug/2013:23:35:01 -0400] "GET /wordpress1/wp-content/plugins/kino-event-calendar-plugin/js/main.js HTTP/1.1" 200 1105 "http://jodyyoung.com/wordpress1/" "Mozilla/5.0 (Windows NT 6.0) AppleWebKit/537.36 (KHTML, like Gecko) Chrome/28.0.1500.95 Safari/537.36"
121.223.6.193 - - [12/Aug/2013:23:35:03 -0400] "GET /wordpress1/wp-content/ata-images/jyat-logo1.jpg HTTP/1.1" 200 10086 "http://jodyyoung.com/wordpress1/" "Mozilla/5.0 (Windows NT 6.0) AppleWebKit/537.36 (KHTML, like Gecko) Chrome/28.0.1500.95 Safari/537.36"
121.223.6.193 - - [12/Aug/2013:23:35:03 -0400] "GET /wordpress1/wp-content/uploads/2011/11/JYATlogo.jpg HTTP/1.1" 200 14807 "http://jodyyoung.com/wordpress1/" "Mozilla/5.0 (Windows NT 6.0) AppleWebKit/537.36 (KHTML, like Gecko) Chrome/28.0.1500.95 Safari/537.36"
121.223.6.193 - - [12/Aug/2013:23:35:06 -0400] "GET /wordpress1/wp-content/themes/atahualpa/images/inputbackgr.gif HTTP/1.1" 200 4765 "http://jodyyoung.com/wordpress1/" "Mozilla/5.0 (Windows NT 6.0) AppleWebKit/537.36 (KHTML, like Gecko) Chrome/28.0.1500.95 Safari/537.36"
121.223.6.193 - - [12/Aug/2013:23:35:06 -0400] "GET /wordpress1/wp-content/themes/atahualpa/images/header/jyatHD14.jpg HTTP/1.1" 200 62950 "http://jodyyoung.com/wordpress1/" "Mozilla/5.0 (Windows NT 6.0) AppleWebKit/537.36 (KHTML, like Gecko) Chrome/28.0.1500.95 Safari/537.36"
121.223.6.193 - - [12/Aug/2013:23:35:07 -0400] "GET /wordpress1/wp-content/ata-images/jody-tvl.ico HTTP/1.1" 200 894 "-" "Mozilla/5.0 (Windows NT 6.0) AppleWebKit/537.36 (KHTML, like Gecko) Chrome/28.0.1500.95 Safari/537.36"
75.158.135.72 - - [12/Aug/2013:23:57:21 -0400] "GET /wordpress1/wp-content/plugins/flash-album-gallery/admin/js/swfaddress.js?ver=2.4 HTTP/1.1" 200 15916 "http://jodyyoung.com/wordpress1/" "Mozilla/5.0 (iPod; U; CPU iPhone OS 4_2_1 like Mac OS X; en-us) AppleWebKit/533.17.9 (KHTML, like Gecko) Version/5.0.2 Mobile/8C148 Safari/6533.18.5"
75.158.135.72 - - [12/Aug/2013:23:57:23 -0400] "GET /wordpress1/wp-content/plugins/kino-event-calendar-plugin/js/jquery-ui-1.7.2.custom.min.js HTTP/1.1" 200 107835 "http://jodyyoung.com/wordpress1/" "Mozilla/5.0 (iPod; U; CPU iPhone OS 4_2_1 like Mac OS X; en-us) AppleWebKit/533.17.9 (KHTML, like Gecko) Version/5.0.2 Mobile/8C148 Safari/6533.18.5"
75.158.135.72 - - [12/Aug/2013:23:57:23 -0400] "GET /wordpress1/wp-content/plugins/kino-event-calendar-plugin/js/main.js HTTP/1.1" 200 1105 "http://jodyyoung.com/wordpress1/" "Mozilla/5.0 (iPod; U; CPU iPhone OS 4_2_1 like Mac OS X; en-us) AppleWebKit/533.17.9 (KHTML, like Gecko) Version/5.0.2 Mobile/8C148 Safari/6533.18.5"
192.74.232.133 - - [12/Aug/2013:04:22:48 -0400] "GET /wordpress1/guestbook/ HTTP/1.0" 200 59405 "http://jodyyoung.com/wordpress1/guestbook/" "Mozilla/5.0 (Windows NT 6.1; WOW64; rv:17.0) Gecko/20100101 Firefox/17.0"
199.30.20.117 - - [12/Aug/2013:04:32:31 -0400] "GET /robots.txt HTTP/1.1" 404 575 "-" "msnbot-media/1.1 (+http://search.msn.com/msnbot.htm)"
82.132.220.24 - - [12/Aug/2013:04:41:02 -0400] "GET /wordpress1/wp-includes/js/jquery/jquery.js?ver=1.8.3 HTTP/1.1" 200 93658 "http://jodyyoung.com/wordpress1/" "Mozilla/5.0 (Linux; U; Android 2.3.6; en-gb; GT-S5830i Build/GINGERBREAD) AppleWebKit/533.1 (KHTML, like Gecko) Version/4.0 Mobile Safari/533.1"
85.17.29.107 - - [12/Aug/2013:01:29:47 -0400] "GET /utah.html HTTP/1.1" 200 11999 "-" "Mozilla/5.0 (compatible; WBSearchBot/1.1; +http://www.warebay.com/bot.html)"
85.17.29.107 - - [12/Aug/2013:01:29:48 -0400] "GET /shariki=121 HTTP/1.1" 404 575 "-" "Mozilla/5.0 (compatible; WBSearchBot/1.1; +http://www.warebay.com/bot.html)"
85.17.29.107 - - [12/Aug/2013:01:29:49 -0400] "GET /shariki=2078 HTTP/1.1" 404 575 "-" "Mozilla/5.0 (compatible; WBSearchBot/1.1; +http://www.warebay.com/bot.html)"
85.17.29.107 - - [12/Aug/2013:01:29:50 -0400] "GET /shariki=2035 HTTP/1.1" 404 575 "-" "Mozilla/5.0 (compatible; WBSearchBot/1.1; +http://www.warebay.com/bot.html)"
85.17.29.107 - - [12/Aug/2013:01:29:53 -0400] "GET /shariki=1014 HTTP/1.1" 404 575 "-" "Mozilla/5.0 (compatible; WBSearchBot/1.1; +http://www.warebay.com/bot.html)"
85.17.29.107 - - [12/Aug/2013:01:29:54 -0400] "GET /shariki=887 HTTP/1.1" 404 575 "-" "Mozilla/5.0 (compatible; WBSearchBot/1.1; +http://www.warebay.com/bot.html)"
85.17.29.107 - - [12/Aug/2013:01:29:56 -0400] "GET /shariki=1841 HTTP/1.1" 404 575 "-" "Mozilla/5.0 (compatible; WBSearchBot/1.1; +http://www.warebay.com/bot.html)"
85.17.29.107 - - [12/Aug/2013:01:29:56 -0400] "GET /shariki=466 HTTP/1.1" 404 575 "-" "Mozilla/5.0 (compatible; WBSearchBot/1.1; +http://www.warebay.com/bot.html)"
85.17.29.107 - - [12/Aug/2013:01:29:58 -0400] "GET /shariki=1783 HTTP/1.1" 404 575 "-" "Mozilla/5.0 (compatible; WBSearchBot/1.1; +http://www.warebay.com/bot.html)"
85.17.29.107 - - [12/Aug/2013:01:29:59 -0400] "GET /shariki=1609 HTTP/1.1" 404 575 "-" "Mozilla/5.0 (compatible; WBSearchBot/1.1; +http://www.warebay.com/bot.html)"
85.17.29.107 - - [12/Aug/2013:01:30:00 -0400] "GET /shariki=1366 HTTP/1.1" 404 575 "-" "Mozilla/5.0 (compatible; WBSearchBot/1.1; +http://www.warebay.com/bot.html)"
85.17.29.107 - - [12/Aug/2013:01:30:02 -0400] "GET /shariki=700 HTTP/1.1" 404 575 "-" "Mozilla/5.0 (compatible; WBSearchBot/1.1; +http://www.warebay.com/bot.html)"
85.17.29.107 - - [12/Aug/2013:01:30:03 -0400] "GET /shariki=1448 HTTP/1.1" 404 575 "-" "Mozilla/5.0 (compatible; WBSearchBot/1.1; +http://www.warebay.com/bot.html)"
85.17.29.107 - - [12/Aug/2013:01:30:04 -0400] "GET /shariki=1919 HTTP/1.1" 404 575 "-" "Mozilla/5.0 (compatible; WBSearchBot/1.1; +http://www.warebay.com/bot.html)"
85.17.29.107 - - [12/Aug/2013:01:30:05 -0400] "GET /shariki=1340 HTTP/1.1" 404 575 "-" "Mozilla/5.0 (compatible; WBSearchBot/1.1; +http://www.warebay.com/bot.html)"
85.17.29.107 - - [12/Aug/2013:01:30:07 -0400] "GET /shariki=1278 HTTP/1.1" 404 575 "-" "Mozilla/5.0 (compatible; WBSearchBot/1.1; +http://www.warebay.com/bot.html)"
85.17.29.107 - - [12/Aug/2013:01:30:08 -0400] "GET /wordpress1/ HTTP/1.1" 301 - "-" "Mozilla/5.0 (compatible; WBSearchBot/1.1; +http://www.warebay.com/bot.html)"
10.30.72.4 - - [12/Aug/2013:17:15:09 -0400] "POST /wordpress1/wp-cron.php?doing_wp_cron=1376342109.5737819671630859375000 HTTP/1.0" 200 - "-" "WordPress/3.5.2; http://jodyyoung.com/wordpress1"
69.35.184.188 - - [12/Aug/2013:10:05:47 -0400] "GET /wordpress1/wp-admin/css/colors-fresh.min.css?ver=3.5.2 HTTP/1.1" 304 - "http://jodyyoung.com/wordpress1/wp-admin/edit-comments.php?comment_status=spam" "Mozilla/5.0 (Windows NT 6.1; WOW64; rv:22.0) Gecko/20100101 Firefox/22.0"
144.76.87.234 - - [12/Aug/2013:10:53:07 -0400] "GET /wordpress1/contact// HTTP/1.1" 301 - "-" "Ruby"
65.55.213.68 - - [12/Aug/2013:11:16:44 -0400] "GET /wordpress1/gallery/ HTTP/1.1" 200 82634 "-" "msnbot/2.0b (+http://search.msn.com/msnbot.htm)"
65.55.213.68 - - [12/Aug/2013:07:13:48 -0400] "GET / HTTP/1.1" 301 244 "-" "msnbot/2.0b (+http://search.msn.com/msnbot.htm)"
178.255.215.90 - - [12/Aug/2013:20:26:53 -0400] "GET /shariki=2048 HTTP/1.1" 404 575 "-" "Mozilla/5.0 (compatible; Exabot/3.0 (BiggerBetter); +http://www.exabot.com/go/robot)"
178.255.215.90 - - [12/Aug/2013:20:32:55 -0400] "GET /shariki=2168 HTTP/1.1" 404 575 "-" "Mozilla/5.0 (compatible; Exabot/3.0 (BiggerBetter); +http://www.exabot.com/go/robot)"
178.255.215.90 - - [12/Aug/2013:20:35:43 -0400] "GET /shariki=1778 HTTP/1.1" 404 575 "-" "Mozilla/5.0 (compatible; Exabot/3.0 (BiggerBetter); +http://www.exabot.com/go/robot)"
178.255.215.90 - - [12/Aug/2013:20:42:00 -0400] "GET /shariki=2098 HTTP/1.1" 404 575 "-" "Mozilla/5.0 (compatible; Exabot/3.0 (BiggerBetter); +http://www.exabot.com/go/robot)"
82.132.220.24 - - [12/Aug/2013:04:41:00 -0400] "GET /wordpress1/wp-content/plugins/kino-event-calendar-plugin/js/jquery-ui-1.7.2.custom.min.js HTTP/1.1" 200 107835 "-" "Mozilla/5.0 (Linux; U; Android 2.3.6; en-gb; GT-S5830i Build/GINGERBREAD) AppleWebKit/533.1 (KHTML, like Gecko) Version/4.0 Mobile Safari/533.1"
142.0.139.162 - - [12/Aug/2013:12:05:50 -0400] "GET /wordpress1/guestbook/guestbook-archives/ HTTP/1.0" 200 70866 "http://jodyyoung.com/wordpress1/guestbook/guestbook-archives/#comment-304" "Opera/9.80 (Windows NT 6.1; U; Edition Yx; ru) Presto/2.10.289 Version/12.02"
69.35.184.188 - - [12/Aug/2013:10:07:17 -0400] "GET /wordpress1/wp-admin/edit-comments.php?s=&comment_status=spam&pagegen_timestamp=2013-08-12+14%3A05%3A46&_total=36&_per_page=20&_page=1&_ajax_fetch_list_nonce=784b9ddf16&_wp_http_referer=%2Fwordpress1%2Fwp-admin%2Fedit-comments.php%3Fcomment_status%3Dspam&_wpnonce=fb205095c1&_wp_http_referer=%2Fwordpress1%2Fwp-admin%2Fedit-comments.php%3Fcomment_status%3Dspam&action=-1&comment_type=&_destroy_nonce=85084652f7&_wp_http_referer=%2Fwordpress1%2Fwp-admin%2Fedit-comments.php%3Fcomment_status%3Dspam&paged=1&delete_comments%5B%5D=359&delete_comments%5B%5D=358&delete_comments%5B%5D=357&delete_comments%5B%5D=356&delete_comments%5B%5D=355&delete_comments%5B%5D=354&delete_comments%5B%5D=353&delete_comments%5B%5D=352&delete_comments%5B%5D=351&delete_comments%5B%5D=350&delete_comments%5B%5D=349&delete_comments%5B%5D=348&delete_comments%5B%5D=347&delete_comments%5B%5D=346&delete_comments%5B%5D=345&delete_comments%5B%5D=344&delete_comments%5B%5D=343&delete_comments%5B%5D=342&delete_comments%5B%5D=341&delete_comments%5B%5D=340&action2=delete&_destroy_nonce=85084652f7&_wp_http_referer=%2Fwordpress1%2Fwp-admin%2Fedit-comments.php%3Fcomment_status%3Dspam HTTP/1.1" 302 - "http://jodyyoung.com/wordpress1/wp-admin/edit-comments.php?comment_status=spam" "Mozilla/5.0 (Windows NT 6.1; WOW64; rv:22.0) Gecko/20100101 Firefox/22.0"
69.35.184.188 - - [12/Aug/2013:10:07:19 -0400] "GET /wordpress1/wp-admin/edit-comments.php?comment_status=spam&paged=1&deleted=20 HTTP/1.1" 200 172406 "-" "Mozilla/5.0 (Windows NT 6.1; WOW64; rv:22.0) Gecko/20100101 Firefox/22.0"
69.35.184.188 - - [12/Aug/2013:10:07:22 -0400] "GET /wordpress1/wp-admin/images/sort.gif HTTP/1.1" 200 54 "http://jodyyoung.com/wordpress1/wp-admin/edit-comments.php?comment_status=spam&paged=1&deleted=20" "Mozilla/5.0 (Windows NT 6.1; WOW64; rv:22.0) Gecko/20100101 Firefox/22.0"
69.35.184.188 - - [12/Aug/2013:10:07:22 -0400] "GET /wordpress1/wp-content/plugins/wp-notes-remover/css/main.css?ver=0.1 HTTP/1.1" 304 - "http://jodyyoung.com/wordpress1/wp-admin/edit-comments.php?comment_status=spam&paged=1&deleted=20" "Mozilla/5.0 (Windows NT 6.1; WOW64; rv:22.0) Gecko/20100101 Firefox/22.0"
69.35.184.188 - - [12/Aug/2013:10:07:22 -0400] "GET /wordpress1/wp-includes/css/editor.min.css?ver=3.5.2 HTTP/1.1" 304 - "http://jodyyoung.com/wordpress1/wp-admin/edit-comments.php?comment_status=spam&paged=1&deleted=20" "Mozilla/5.0 (Windows NT 6.1; WOW64; rv:22.0) Gecko/20100101 Firefox/22.0"
192.99.2.120 - - [12/Aug/2013:02:25:38 -0400] "GET /wordpress1/gallery/ HTTP/1.0" 200 83260 "http://jodyyoung.com/wordpress1/gallery/" "Mozilla/5.0 (Windows NT 6.0; rv:17.0) Gecko/17.0 Firefox/17.0"
66.249.75.122 - - [12/Aug/2013:10:44:16 -0400] "GET /shariki=689 HTTP/1.1" 404 575 "-" "Mozilla/5.0 (compatible; Googlebot/2.1; +http://www.google.com/bot.html)"
142.0.139.162 - - [12/Aug/2013:10:48:52 -0400] "POST /wordpress1/wp-comments-post.php HTTP/1.0" 302 - "http://jodyyoung.com/wordpress1/guestbook/guestbook-archives/#comment-304" "Opera/9.80 (Windows NT 6.1; WOW64; Edition Yx) Presto/2.12.388 Version/12.11"
65.55.213.68 - - [12/Aug/2013:11:16:55 -0400] "GET /wordpress1/utah/ HTTP/1.0" 200 66690 "-" "msnbot/2.0b (+http://search.msn.com/msnbot.htm)"
199.30.16.26 - - [12/Aug/2013:18:06:48 -0400] "GET /311/images/06a.jpg HTTP/1.1" 200 2854 "-" "msnbot-media/1.1 (+http://search.msn.com/msnbot.htm)"
72.14.199.184 - - [12/Aug/2013:20:02:07 -0400] "GET /wordpress1/comments/feed/ HTTP/1.1" 200 3283 "-" "Feedfetcher-Google; (+http://www.google.com/feedfetcher.html; 1 subscribers; feed-id=8917805572480071123)"
178.255.215.90 - - [12/Aug/2013:20:16:50 -0400] "GET /shariki=1118 HTTP/1.1" 404 575 "-" "Mozilla/5.0 (compatible; Exabot/3.0 (BiggerBetter); +http://www.exabot.com/go/robot)"
180.76.5.18 - - [12/Aug/2013:20:17:47 -0400] "GET /customtours.html HTTP/1.1" 200 13273 "-" "Mozilla/5.0 (compatible; Baiduspider/2.0; +http://www.baidu.com/search/spider.html)"
178.255.215.90 - - [12/Aug/2013:20:38:41 -0400] "GET /shariki=1388 HTTP/1.1" 404 575 "-" "Mozilla/5.0 (compatible; Exabot/3.0 (BiggerBetter); +http://www.exabot.com/go/robot)"
75.158.135.72 - - [12/Aug/2013:23:57:20 -0400] "GET /wordpress1/wp-content/themes/atahualpa/js/DD_roundies.js?ver=0.0.2a HTTP/1.1" 200 16853 "http://jodyyoung.com/wordpress1/" "Mozilla/5.0 (iPod; U; CPU iPhone OS 4_2_1 like Mac OS X; en-us) AppleWebKit/533.17.9 (KHTML, like Gecko) Version/5.0.2 Mobile/8C148 Safari/6533.18.5"
75.158.135.72 - - [12/Aug/2013:23:57:22 -0400] "GET /wordpress1/wp-content/plugins/kino-event-calendar-plugin/css/calendar.css HTTP/1.1" 200 10091 "http://jodyyoung.com/wordpress1/" "Mozilla/5.0 (iPod; U; CPU iPhone OS 4_2_1 like Mac OS X; en-us) AppleWebKit/533.17.9 (KHTML, like Gecko) Version/5.0.2 Mobile/8C148 Safari/6533.18.5"
75.158.135.72 - - [12/Aug/2013:23:57:23 -0400] "GET /wordpress1/wp-content/plugins/kino-event-calendar-plugin/js/tools.tooltip-1.1.2.js HTTP/1.1" 200 8427 "http://jodyyoung.com/wordpress1/" "Mozilla/5.0 (iPod; U; CPU iPhone OS 4_2_1 like Mac OS X; en-us) AppleWebKit/533.17.9 (KHTML, like Gecko) Version/5.0.2 Mobile/8C148 Safari/6533.18.5"
75.158.135.72 - - [12/Aug/2013:23:57:23 -0400] "GET /wordpress1/wp-content/plugins/kino-event-calendar-plugin/js/tools.tooltip.dynamic-1.0.1.min.js HTTP/1.1" 200 1928 "http://jodyyoung.com/wordpress1/" "Mozilla/5.0 (iPod; U; CPU iPhone OS 4_2_1 like Mac OS X; en-us) AppleWebKit/533.17.9 (KHTML, like Gecko) Version/5.0.2 Mobile/8C148 Safari/6533.18.5"
5.10.83.65 - - [12/Aug/2013:07:46:37 -0400] "GET /robots.txt HTTP/1.1" 404 575 "-" "Mozilla/5.0 (compatible; AhrefsBot/5.0; +http://ahrefs.com/robot/)"
184.148.58.240 - - [12/Aug/2013:07:47:43 -0400] "GET /wordpress1/wp-content/plugins/kino-event-calendar-plugin/js/jquery-ui-1.7.2.custom.min.js HTTP/1.1" 200 107835 "http://jodyyoung.com/wordpress1/gallery/" "Mozilla/5.0 (compatible; MSIE 10.0; Windows NT 6.1; WOW64; Trident/6.0)"
184.148.58.240 - - [12/Aug/2013:07:47:44 -0400] "GET /wordpress1/wp-content/plugins/flash-album-gallery/admin/images/like.png HTTP/1.1" 200 224 "http://jodyyoung.com/wordpress1/gallery/" "Mozilla/5.0 (compatible; MSIE 10.0; Windows NT 6.1; WOW64; Trident/6.0)"
184.148.58.240 - - [12/Aug/2013:07:47:45 -0400] "GET /wordpress1/wp-content/plugins/flash-album-gallery/skins/expressInstall.swf HTTP/1.1" 200 727 "http://jodyyoung.com/wordpress1/gallery/" "Mozilla/5.0 (compatible; MSIE 10.0; Windows NT 6.1; WOW64; Trident/6.0)"
184.148.58.240 - - [12/Aug/2013:07:47:45 -0400] "GET /wordpress1/wp-content/flagallery/jodys-world/thumbs/thumbs_s1060035a.jpg HTTP/1.1" 200 13680 "http://jodyyoung.com/wordpress1/gallery/" "Mozilla/5.0 (compatible; MSIE 10.0; Windows NT 6.1; WOW64; Trident/6.0)"
184.148.58.240 - - [12/Aug/2013:07:47:45 -0400] "GET /wordpress1/wp-content/flagallery/jodys-world/thumbs/thumbs_IMG_3392.JPG HTTP/1.1" 200 14989 "http://jodyyoung.com/wordpress1/gallery/" "Mozilla/5.0 (compatible; MSIE 10.0; Windows NT 6.1; WOW64; Trident/6.0)"
184.148.58.240 - - [12/Aug/2013:07:47:45 -0400] "GET /wordpress1/wp-content/themes/atahualpa/images/rss-gray.png HTTP/1.1" 200 379 "http://jodyyoung.com/wordpress1/gallery/" "Mozilla/5.0 (compatible; MSIE 10.0; Windows NT 6.1; WOW64; Trident/6.0)"
157.55.32.223 - - [12/Aug/2013:05:59:21 -0400] "GET /robots.txt HTTP/1.1" 404 575 "-" "Mozilla/5.0 (compatible; bingbot/2.0; +http://www.bing.com/bingbot.htm)"
10.30.72.4 - - [12/Aug/2013:09:29:13 -0400] "POST /wordpress1/wp-cron.php?doing_wp_cron=1376314153.1662609577178955078125 HTTP/1.0" 200 - "-" "WordPress/3.5.2; http://jodyyoung.com/wordpress1"
69.35.184.188 - - [12/Aug/2013:10:04:02 -0400] "GET /wordpress1/wp-admin/edit-comments.php?s=&comment_status=moderated&pagegen_timestamp=2013-08-12+14%3A02%3A12&_total=15&_per_page=20&_page=1&_ajax_fetch_list_nonce=784b9ddf16&_wp_http_referer=%2Fwordpress1%2Fwp-admin%2Fedit-comments.php%3Fcomment_status%3Dmoderated&_wpnonce=fb205095c1&_wp_http_referer=%2Fwordpress1%2Fwp-admin%2Fedit-comments.php%3Fcomment_status%3Dmoderated&action=-1&comment_type=&paged=1&delete_comments%5B%5D=359&delete_comments%5B%5D=357&delete_comments%5B%5D=356&delete_comments%5B%5D=355&delete_comments%5B%5D=354&delete_comments%5B%5D=353&delete_comments%5B%5D=352&delete_comments%5B%5D=351&delete_comments%5B%5D=350&delete_comments%5B%5D=349&delete_comments%5B%5D=348&delete_comments%5B%5D=347&delete_comments%5B%5D=346&delete_comments%5B%5D=345&delete_comments%5B%5D=344&action2=spam HTTP/1.1" 302 - "http://jodyyoung.com/wordpress1/wp-admin/edit-comments.php?comment_status=moderated" "Mozilla/5.0 (Windows NT 6.1; WOW64; rv:22.0) Gecko/20100101 Firefox/22.0"
69.35.184.188 - - [12/Aug/2013:10:04:04 -0400] "GET /wordpress1/wp-admin/edit-comments.php?comment_status=moderated&paged=1&spammed=15&ids=359,357,356,355,354,353,352,351,350,349,348,347,346,345,344 HTTP/1.1" 200 42846 "-" "Mozilla/5.0 (Windows NT 6.1; WOW64; rv:22.0) Gecko/20100101 Firefox/22.0"
69.35.184.188 - - [12/Aug/2013:10:04:05 -0400] "GET /wordpress1/wp-admin/images/sort.gif HTTP/1.1" 200 54 "http://jodyyoung.com/wordpress1/wp-admin/edit-comments.php?comment_status=moderated&paged=1&spammed=15&ids=359,357,356,355,354,353,352,351,350,349,348,347,346,345,344" "Mozilla/5.0 (Windows NT 6.1; WOW64; rv:22.0) Gecko/20100101 Firefox/22.0"
69.35.184.188 - - [12/Aug/2013:10:04:06 -0400] "GET /wordpress1/wp-includes/css/editor.min.css?ver=3.5.2 HTTP/1.1" 304 - "http://jodyyoung.com/wordpress1/wp-admin/edit-comments.php?comment_status=moderated&paged=1&spammed=15&ids=359,357,356,355,354,353,352,351,350,349,348,347,346,345,344" "Mozilla/5.0 (Windows NT 6.1; WOW64; rv:22.0) Gecko/20100101 Firefox/22.0"
69.35.184.188 - - [12/Aug/2013:10:04:06 -0400] "GET /wordpress1/wp-content/plugins/wp-notes-remover/css/main.css?ver=0.1 HTTP/1.1" 304 - "http://jodyyoung.com/wordpress1/wp-admin/edit-comments.php?comment_status=moderated&paged=1&spammed=15&ids=359,357,356,355,354,353,352,351,350,349,348,347,346,345,344" "Mozilla/5.0 (Windows NT 6.1; WOW64; rv:22.0) Gecko/20100101 Firefox/22.0"
10.30.72.4 - - [12/Aug/2013:11:27:46 -0400] "POST /wordpress1/wp-cron.php?doing_wp_cron=1376321266.1052680015563964843750 HTTP/1.0" 200 - "-" "WordPress/3.5.2; http://jodyyoung.com/wordpress1"
75.158.135.72 - - [12/Aug/2013:23:57:20 -0400] "GET /wordpress1/wp-includes/js/jquery/jquery.js?ver=1.8.3 HTTP/1.1" 200 93658 "http://jodyyoung.com/wordpress1/" "Mozilla/5.0 (iPod; U; CPU iPhone OS 4_2_1 like Mac OS X; en-us) AppleWebKit/533.17.9 (KHTML, like Gecko) Version/5.0.2 Mobile/8C148 Safari/6533.18.5"
75.158.135.72 - - [12/Aug/2013:23:57:30 -0400] "GET /wordpress1/wp-content/themes/atahualpa/images/rss-gray.png HTTP/1.1" 200 379 "http://jodyyoung.com/wordpress1/" "Mozilla/5.0 (iPod; U; CPU iPhone OS 4_2_1 like Mac OS X; en-us) AppleWebKit/533.17.9 (KHTML, like Gecko) Version/5.0.2 Mobile/8C148 Safari/6533.18.5"
75.158.135.72 - - [12/Aug/2013:23:57:30 -0400] "GET /wordpress1/wp-content/themes/atahualpa/images/expand-down.gif HTTP/1.1" 200 57 "http://jodyyoung.com/wordpress1/" "Mozilla/5.0 (iPod; U; CPU iPhone OS 4_2_1 like Mac OS X; en-us) AppleWebKit/533.17.9 (KHTML, like Gecko) Version/5.0.2 Mobile/8C148 Safari/6533.18.5"
75.158.135.72 - - [12/Aug/2013:23:57:31 -0400] "GET /wordpress1/wp-content/uploads/2011/11/JYATlogo.jpg HTTP/1.1" 200 14807 "http://jodyyoung.com/wordpress1/" "Mozilla/5.0 (iPod; U; CPU iPhone OS 4_2_1 like Mac OS X; en-us) AppleWebKit/533.17.9 (KHTML, like Gecko) Version/5.0.2 Mobile/8C148 Safari/6533.18.5"
65.55.52.87 - - [12/Aug/2013:07:04:23 -0400] "GET /wordpress1/wp-content/plugins/kino-event-calendar-plugin/js/tools.tooltip-1.1.2.js HTTP/1.1" 200 8427 "-" "Mozilla/5.0 (compatible; bingbot/2.0; +http://www.bing.com/bingbot.htm)"
82.132.224.30 - - [12/Aug/2013:13:49:37 -0400] "GET /wordpress1/wp-content/plugins/kino-event-calendar-plugin/css/calendar.css HTTP/1.1" 200 10091 "-" "Mozilla/5.0 (Linux; U; Android 4.1.2; en-gb; GT-I8190N Build/JZO54K) AppleWebKit/534.30 (KHTML, like Gecko) Version/4.0 Mobile Safari/534.30"
142.0.139.162 - - [12/Aug/2013:14:25:43 -0400] "GET /wordpress1/guestbook/guestbook-archives/ HTTP/1.0" 200 70866 "http://jodyyoung.com/wordpress1/guestbook/guestbook-archives/#comment-304" "Mozilla/5.0 (Windows NT 5.2; rv:12.0) Gecko/20100101 Firefox/12.0"
65.55.212.65 - - [12/Aug/2013:18:50:53 -0400] "GET /wordpress1/wp-content/plugins/flash-album-gallery/admin/js/photoswipe/photoswipe.css HTTP/1.1" 200 4213 "http://jodyyoung.com/wordpress1/flagallery/247-2/" "Mozilla/4.0 (compatible; MSIE 7.0; Windows NT 5.2; SV1; .NET CLR 1.1.4322; .NET CLR 2.0.50727; .NET CLR 3.0.04506.648)"
65.55.212.65 - - [12/Aug/2013:18:50:53 -0400] "GET /wordpress1/wp-content/plugins/flash-album-gallery/admin/js/photoswipe/code.photoswipe.jquery-3.0.5.min.js HTTP/1.1" 200 77126 "http://jodyyoung.com/wordpress1/flagallery/247-2/" "Mozilla/4.0 (compatible; MSIE 7.0; Windows NT 5.2; SV1; .NET CLR 1.1.4322; .NET CLR 2.0.50727; .NET CLR 3.0.04506.648)"
78.10.92.202 - - [12/Aug/2013:09:52:39 -0400] "GET /wordpress1/guestbook/feed/ HTTP/1.0" 200 744 "http://jodyyoung.com/wordpress1/guestbook/feed/" "Mozilla/5.0 (Windows NT 5.2; rv:17.0) Gecko/20100101 Firefox/17.0"
65.55.213.68 - - [12/Aug/2013:11:17:00 -0400] "GET /wordpress1/2012/10/25/new-web-site/ HTTP/1.1" 200 60773 "-" "msnbot/2.0b (+http://search.msn.com/msnbot.htm)"
72.14.199.184 - - [12/Aug/2013:22:59:54 -0400] "GET /wordpress1/comments/feed/ HTTP/1.1" 200 3283 "-" "Feedfetcher-Google; (+http://www.google.com/feedfetcher.html; 1 subscribers; feed-id=8917805572480071123)"
10.30.72.4 - - [12/Aug/2013:01:26:45 -0400] "POST /wordpress1/wp-cron.php?doing_wp_cron=1376285205.7204608917236328125000 HTTP/1.0" 200 - "-" "WordPress/3.5.2; http://jodyyoung.com/wordpress1"
65.55.215.34 - - [12/Aug/2013:08:30:31 -0400] "GET /311/images/05a.jpg HTTP/1.1" 200 2995 "-" "msnbot-media/1.1 (+http://search.msn.com/msnbot.htm)"
66.249.75.184 - - [12/Aug/2013:12:52:54 -0400] "GET /wordpress1/wp-content/flagallery/alaska-photos/p8270344bo.jpg HTTP/1.1" 304 - "-" "Googlebot-Image/1.0"
67.176.12.197 - - [12/Aug/2013:13:29:46 -0400] "GET /wordpress1/wp-content/themes/atahualpa/images/rss-gray.png HTTP/1.1" 200 379 "http://jodyyoung.com/wordpress1/" "Mozilla/5.0 (Windows NT 6.1; WOW64) AppleWebKit/537.36 (KHTML, like Gecko) Chrome/28.0.1500.95 Safari/537.36"
65.55.215.80 - - [12/Aug/2013:13:19:34 -0400] "GET /robots.txt HTTP/1.1" 404 575 "-" "msnbot-media/1.1 (+http://search.msn.com/msnbot.htm)"
178.255.215.90 - - [12/Aug/2013:20:16:41 -0400] "GET /shariki=2118 HTTP/1.1" 404 575 "-" "Mozilla/5.0 (compatible; Exabot/3.0 (BiggerBetter); +http://www.exabot.com/go/robot)"
178.255.215.90 - - [12/Aug/2013:20:29:59 -0400] "GET /shariki=2058 HTTP/1.1" 404 575 "-" "Mozilla/5.0 (compatible; Exabot/3.0 (BiggerBetter); +http://www.exabot.com/go/robot)"
66.249.75.122 - - [12/Aug/2013:13:45:34 -0400] "GET /images/100_IMG0051.jpg HTTP/1.1" 304 - "-" "Googlebot-Image/1.0"
131.253.24.142 - - [12/Aug/2013:18:51:05 -0400] "GET /wordpress1/wp-content/plugins/flash-album-gallery/admin/js/script.js HTTP/1.1" 200 12897 "http://jodyyoung.com/wordpress1/flagallery/247-2/" "Mozilla/4.0 (compatible; MSIE 7.0; Windows NT 5.2; SV1; .NET CLR 1.1.4322; .NET CLR 2.0.50727; .NET CLR 3.0.04506.648)"
178.255.215.90 - - [12/Aug/2013:20:19:52 -0400] "GET /shariki=1728 HTTP/1.1" 404 575 "-" "Mozilla/5.0 (compatible; Exabot/3.0 (BiggerBetter); +http://www.exabot.com/go/robot)"
178.255.215.90 - - [12/Aug/2013:20:20:05 -0400] "GET /shariki=1528 HTTP/1.1" 404 575 "-" "Mozilla/5.0 (compatible; Exabot/3.0 (BiggerBetter); +http://www.exabot.com/go/robot)"
178.255.215.90 - - [12/Aug/2013:20:23:34 -0400] "GET /shariki=1838 HTTP/1.1" 404 575 "-" "Mozilla/5.0 (compatible; Exabot/3.0 (BiggerBetter); +http://www.exabot.com/go/robot)"
178.255.215.90 - - [12/Aug/2013:20:24:11 -0400] "GET /shariki=1038 HTTP/1.1" 404 575 "-" "Mozilla/5.0 (compatible; Exabot/3.0 (BiggerBetter); +http://www.exabot.com/go/robot)"
178.255.215.90 - - [12/Aug/2013:20:29:46 -0400] "GET /shariki=1658 HTTP/1.1" 404 575 "-" "Mozilla/5.0 (compatible; Exabot/3.0 (BiggerBetter); +http://www.exabot.com/go/robot)"
178.255.215.90 - - [12/Aug/2013:20:36:04 -0400] "GET /shariki=2178 HTTP/1.1" 404 575 "-" "Mozilla/5.0 (compatible; Exabot/3.0 (BiggerBetter); +http://www.exabot.com/go/robot)"
178.255.215.90 - - [12/Aug/2013:20:41:31 -0400] "GET /shariki=2498 HTTP/1.1" 404 575 "-" "Mozilla/5.0 (compatible; Exabot/3.0 (BiggerBetter); +http://www.exabot.com/go/robot)"
69.35.184.188 - - [12/Aug/2013:10:07:22 -0400] "GET /wordpress1/wp-admin/images/bubble_bg.gif HTTP/1.1" 200 395 "http://jodyyoung.com/wordpress1/wp-admin/edit-comments.php?comment_status=spam&paged=1&deleted=20" "Mozilla/5.0 (Windows NT 6.1; WOW64; rv:22.0) Gecko/20100101 Firefox/22.0"
69.35.184.188 - - [12/Aug/2013:10:07:22 -0400] "GET /wordpress1/wp-admin/css/colors-fresh.min.css?ver=3.5.2 HTTP/1.1" 304 - "http://jodyyoung.com/wordpress1/wp-admin/edit-comments.php?comment_status=spam&paged=1&deleted=20" "Mozilla/5.0 (Windows NT 6.1; WOW64; rv:22.0) Gecko/20100101 Firefox/22.0"
65.55.52.87 - - [12/Aug/2013:07:02:21 -0400] "GET /robots.txt HTTP/1.1" 404 575 "-" "Mozilla/5.0 (compatible; bingbot/2.0; +http://www.bing.com/bingbot.htm)"
157.55.32.223 - - [12/Aug/2013:07:03:21 -0400] "GET /wordpress1/wp-content/plugins/kino-event-calendar-plugin/js/jquery-ui-1.7.2.custom.min.js HTTP/1.1" 200 107835 "-" "Mozilla/5.0 (compatible; bingbot/2.0; +http://www.bing.com/bingbot.htm)"
65.55.52.87 - - [12/Aug/2013:07:04:22 -0400] "GET /wordpress1/wp-content/plugins/kino-event-calendar-plugin/js/tools.tooltip.dynamic-1.0.1.min.js HTTP/1.1" 200 1928 "-" "Mozilla/5.0 (compatible; bingbot/2.0; +http://www.bing.com/bingbot.htm)"
178.32.183.43 - - [12/Aug/2013:03:57:09 -0400] "GET /wordpress1/gallery/ HTTP/1.1" 200 83184 "-" "Mozilla/4.0 (compatible; MSIE 6.0; Windows NT 5.1; SV1)"
82.132.220.24 - - [12/Aug/2013:04:41:07 -0400] "GET /wordpress1/wp-content/plugins/kino-event-calendar-plugin/rpc.php?action=get_events&start=1374966000000&end=1378594800000&event_id=null HTTP/1.1" 200 3609 "http://jodyyoung.com/wordpress1/" "Mozilla/5.0 (Linux; U; Android 2.3.6; en-gb; GT-S5830i Build/GINGERBREAD) AppleWebKit/533.1 (KHTML, like Gecko) Version/4.0 Mobile Safari/533.1"
82.132.220.24 - - [12/Aug/2013:04:41:09 -0400] "GET /wordpress1/wp-content/themes/atahualpa/images/expand-down.gif HTTP/1.1" 200 57 "http://jodyyoung.com/wordpress1/" "Mozilla/5.0 (Linux; U; Android 2.3.6; en-gb; GT-S5830i Build/GINGERBREAD) AppleWebKit/533.1 (KHTML, like Gecko) Version/4.0 Mobile Safari/533.1"
69.35.184.188 - - [12/Aug/2013:10:02:10 -0400] "GET /wordpress1/wp-admin/edit-comments.php?comment_status=moderated HTTP/1.1" 200 128895 "http://jodyyoung.com/wordpress1/wp-login.php?redirect_to=http%3A%2F%2Fjodyyoung.com%2Fwordpress1%2Fwp-admin%2Fedit-comments.php%3Fcomment_status%3Dmoderated&reauth=1" "Mozilla/5.0 (Windows NT 6.1; WOW64; rv:22.0) Gecko/20100101 Firefox/22.0"
69.35.184.188 - - [12/Aug/2013:10:02:12 -0400] "GET /wordpress1/wp-admin/load-styles.php?c=1&dir=ltr&load=admin-bar,wp-admin,buttons&ver=3.5.2 HTTP/1.1" 200 31458 "http://jodyyoung.com/wordpress1/wp-admin/edit-comments.php?comment_status=moderated" "Mozilla/5.0 (Windows NT 6.1; WOW64; rv:22.0) Gecko/20100101 Firefox/22.0"
69.35.184.188 - - [12/Aug/2013:10:02:12 -0400] "GET /wordpress1/wp-content/plugins/kino-event-calendar-plugin/colorpicker/css/colorpicker.css HTTP/1.1" 200 3230 "http://jodyyoung.com/wordpress1/wp-admin/edit-comments.php?comment_status=moderated" "Mozilla/5.0 (Windows NT 6.1; WOW64; rv:22.0) Gecko/20100101 Firefox/22.0"
69.35.184.188 - - [12/Aug/2013:10:02:12 -0400] "GET /wordpress1/wp-content/plugins/kino-event-calendar-plugin/css/admin.css HTTP/1.1" 200 1046 "http://jodyyoung.com/wordpress1/wp-admin/edit-comments.php?comment_status=moderated" "Mozilla/5.0 (Windows NT 6.1; WOW64; rv:22.0) Gecko/20100101 Firefox/22.0"
69.35.184.188 - - [12/Aug/2013:10:02:12 -0400] "GET /wordpress1/wp-content/plugins/kino-event-calendar-plugin/js/jquery-ui-1.7.2.custom.min.js HTTP/1.1" 200 107835 "http://jodyyoung.com/wordpress1/wp-admin/edit-comments.php?comment_status=moderated" "Mozilla/5.0 (Windows NT 6.1; WOW64; rv:22.0) Gecko/20100101 Firefox/22.0"
69.35.184.188 - - [12/Aug/2013:10:02:14 -0400] "GET /wordpress1/wp-includes/css/editor.min.css?ver=3.5.2 HTTP/1.1" 200 44756 "http://jodyyoung.com/wordpress1/wp-admin/edit-comments.php?comment_status=moderated" "Mozilla/5.0 (Windows NT 6.1; WOW64; rv:22.0) Gecko/20100101 Firefox/22.0"
69.35.184.188 - - [12/Aug/2013:10:02:14 -0400] "GET /wordpress1/wp-admin/load-styles.php?c=1&dir=ltr&load=wp-jquery-ui-dialog&ver=3.5.2 HTTP/1.1" 200 1101 "http://jodyyoung.com/wordpress1/wp-admin/edit-comments.php?comment_status=moderated" "Mozilla/5.0 (Windows NT 6.1; WOW64; rv:22.0) Gecko/20100101 Firefox/22.0"
69.35.184.188 - - [12/Aug/2013:10:02:14 -0400] "GET /wordpress1/wp-admin/images/arrows.png HTTP/1.1" 200 243 "http://jodyyoung.com/wordpress1/wp-admin/edit-comments.php?comment_status=moderated" "Mozilla/5.0 (Windows NT 6.1; WOW64; rv:22.0) Gecko/20100101 Firefox/22.0"
69.35.184.188 - - [12/Aug/2013:10:02:14 -0400] "GET /wordpress1/wp-admin/images/sort.gif HTTP/1.1" 200 54 "http://jodyyoung.com/wordpress1/wp-admin/edit-comments.php?comment_status=moderated" "Mozilla/5.0 (Windows NT 6.1; WOW64; rv:22.0) Gecko/20100101 Firefox/22.0"
69.35.184.188 - - [12/Aug/2013:10:04:06 -0400] "GET /wordpress1/wp-admin/css/colors-fresh.min.css?ver=3.5.2 HTTP/1.1" 304 - "http://jodyyoung.com/wordpress1/wp-admin/edit-comments.php?comment_status=moderated&paged=1&spammed=15&ids=359,357,356,355,354,353,352,351,350,349,348,347,346,345,344" "Mozilla/5.0 (Windows NT 6.1; WOW64; rv:22.0) Gecko/20100101 Firefox/22.0"
69.35.184.188 - - [12/Aug/2013:10:07:45 -0400] "GET /wordpress1/wp-includes/js/jquery/jquery.js?ver=1.8.3 HTTP/1.1" 304 - "http://jodyyoung.com/wordpress1/wp-login.php?loggedout=true" "Mozilla/5.0 (Windows NT 6.1; WOW64; rv:22.0) Gecko/20100101 Firefox/22.0"
95.148.234.136 - - [12/Aug/2013:10:31:13 -0400] "GET /wordpress1/wp-content/flagallery/alaska-photos/p8220147ao.jpg HTTP/1.1" 200 462325 "-" "Mozilla/5.0 (Linux; U; Android 4.1.2; en-gb; SAMSUNG GT-I8190N/I8190NXXALL4 Build/JZO54K) AppleWebKit/534.30 (KHTML, like Gecko) Version/4.0 Mobile Safari/534.30"
65.55.213.68 - - [12/Aug/2013:11:17:51 -0400] "GET /wordpress1/wp-login.php HTTP/1.1" 200 2779 "-" "msnbot/2.0b (+http://search.msn.com/msnbot.htm)"
66.249.75.184 - - [12/Aug/2013:01:26:44 -0400] "GET /wordpress1/flagallery/colorado-scenes/ HTTP/1.1" 200 10316 "-" "Mozilla/5.0 (iPhone; U; CPU iPhone OS 4_1 like Mac OS X; en-us) AppleWebKit/532.9 (KHTML, like Gecko) Version/4.0.5 Mobile/8B117 Safari/6531.22.7 (compatible; Googlebot-Mobile/2.1; +http://www.google.com/bot.html)"
27.159.195.82 - - [12/Aug/2013:01:41:20 -0400] "GET /wordpress1/guestbook/ HTTP/1.1" 200 59403 "-" "Mozilla/4.0 (compatible; MSIE 6.0; Windows NT 5.1; SV1; Mozilla/4.0 (compatible; MSIE 6.0; Windows NT 5.1; SV1) ; .NET CLR 2.0.50727 ; .NET CLR 4.0.30319)"
142.0.139.162 - - [12/Aug/2013:07:32:36 -0400] "GET /wordpress1/guestbook/guestbook-archives/ HTTP/1.0" 200 70867 "http://jodyyoung.com/wordpress1/guestbook/guestbook-archives/#comment-304" "Mozilla/5.0 (Windows NT 6.0) AppleWebKit/537.11 (KHTML, like Gecko) Chrome/23.0.1271.91 Safari/537.11"
178.32.183.43 - - [12/Aug/2013:18:04:59 -0400] "POST /wordpress1/wp-comments-post.php HTTP/1.1" 302 - "http://jodyyoung.com/wordpress1/guestbook/" "Mozilla/4.0 (compatible; MSIE 6.0; Windows NT 5.1; SV1; Mozilla/4.0 (compatible; MSIE 6.0; Windows NT 5.1; SV1) ; .NET CLR 2.0.50727 ; .NET CLR 4.0.30319)"
178.255.215.90 - - [12/Aug/2013:20:20:19 -0400] "GET /shariki=1028 HTTP/1.1" 404 575 "-" "Mozilla/5.0 (compatible; Exabot/3.0 (BiggerBetter); +http://www.exabot.com/go/robot)"
178.255.215.90 - - [12/Aug/2013:20:23:37 -0400] "GET /shariki=1938 HTTP/1.1" 404 575 "-" "Mozilla/5.0 (compatible; Exabot/3.0 (BiggerBetter); +http://www.exabot.com/go/robot)"
199.30.16.40 - - [12/Aug/2013:10:00:48 -0400] "GET /wordpress1/wp-content/flagallery/jodys-world/s1020006a.jpg HTTP/1.1" 200 572282 "-" "msnbot-media/1.1 (+http://search.msn.com/msnbot.htm)"
178.77.126.55 - - [12/Aug/2013:17:54:40 -0400] "GET /robots.txt HTTP/1.1" 404 575 "-" "Mozilla/5.0 (compatible; CareerBot/1.1; +http://www.career-x.de/bot.html)"
178.77.126.55 - - [12/Aug/2013:17:54:40 -0400] "GET / HTTP/1.1" 301 244 "-" "Mozilla/5.0 (compatible; CareerBot/1.1; +http://www.career-x.de/bot.html)"
178.77.126.55 - - [12/Aug/2013:17:54:41 -0400] "GET /wordpress1/ HTTP/1.1" 301 - "-" "Mozilla/5.0 (compatible; CareerBot/1.1; +http://www.career-x.de/bot.html)"
157.55.32.223 - - [12/Aug/2013:07:03:22 -0400] "GET /wordpress1/wp-content/plugins/flash-album-gallery/admin/js/swfobject.js?ver=2.2 HTTP/1.1" 200 11754 "-" "Mozilla/5.0 (compatible; bingbot/2.0; +http://www.bing.com/bingbot.htm)"
178.255.215.90 - - [12/Aug/2013:20:20:11 -0400] "GET /shariki=1128 HTTP/1.1" 404 575 "-" "Mozilla/5.0 (compatible; Exabot/3.0 (BiggerBetter); +http://www.exabot.com/go/robot)"
178.255.215.90 - - [12/Aug/2013:20:26:56 -0400] "GET /shariki=1148 HTTP/1.1" 404 575 "-" "Mozilla/5.0 (compatible; Exabot/3.0 (BiggerBetter); +http://www.exabot.com/go/robot)"
178.255.215.90 - - [12/Aug/2013:20:36:12 -0400] "GET /shariki=1178 HTTP/1.1" 404 575 "-" "Mozilla/5.0 (compatible; Exabot/3.0 (BiggerBetter); +http://www.exabot.com/go/robot)"
216.152.251.19 - - [12/Aug/2013:12:11:04 -0400] "POST /wordpress1/wp-comments-post.php HTTP/1.0" 500 4120 "http://jodyyoung.com/wordpress1/guestbook/" "Opera/9.80 (Windows NT 5.1; Edition Yx) Presto/2.12.388 Version/12.11"
82.132.224.30 - - [12/Aug/2013:13:49:37 -0400] "GET /wordpress1/wp-content/plugins/kino-event-calendar-plugin/css/main.css HTTP/1.1" 200 710 "-" "Mozilla/5.0 (Linux; U; Android 4.1.2; en-gb; GT-I8190N Build/JZO54K) AppleWebKit/534.30 (KHTML, like Gecko) Version/4.0 Mobile Safari/534.30"
5.167.79.21 - - [12/Aug/2013:14:32:00 -0400] "GET /wordpress1/2012/10/25/new-web-site/ HTTP/1.0" 200 61409 "http://jodyyoung.com/wordpress1/2012/10/25/new-web-site/" "Mozilla/5.0 (Windows NT 5.1; rv:11.0) Gecko/20100101 Firefox/11.0"
66.249.75.184 - - [12/Aug/2013:14:56:37 -0400] "GET /wordpress1/ HTTP/1.1" 200 57655 "-" "Mozilla/5.0 (iPhone; U; CPU iPhone OS 4_1 like Mac OS X; en-us) AppleWebKit/532.9 (KHTML, like Gecko) Version/4.0.5 Mobile/8B117 Safari/6531.22.7 (compatible; Googlebot-Mobile/2.1; +http://www.google.com/bot.html)"
192.74.232.133 - - [12/Aug/2013:04:22:46 -0400] "GET / HTTP/1.0" 301 244 "http://www.jodyyoung.com/" "Mozilla/5.0 (Windows NT 6.1; WOW64; rv:17.0) Gecko/20100101 Firefox/17.0"
199.30.20.117 - - [12/Aug/2013:04:32:31 -0400] "GET /311/images/03a.jpg HTTP/1.1" 200 2375 "-" "msnbot-media/1.1 (+http://search.msn.com/msnbot.htm)"
10.30.72.4 - - [12/Aug/2013:05:31:15 -0400] "POST /wordpress1/wp-cron.php?doing_wp_cron=1376299875.4094970226287841796875 HTTP/1.0" 200 - "-" "WordPress/3.5.2; http://jodyyoung.com/wordpress1"
69.35.184.188 - - [12/Aug/2013:10:05:47 -0400] "GET /wordpress1/wp-content/plugins/wp-notes-remover/css/main.css?ver=0.1 HTTP/1.1" 304 - "http://jodyyoung.com/wordpress1/wp-admin/edit-comments.php?comment_status=spam" "Mozilla/5.0 (Windows NT 6.1; WOW64; rv:22.0) Gecko/20100101 Firefox/22.0"
198.2.218.15 - - [12/Aug/2013:11:56:02 -0400] "GET /wordpress1/guestbook/guestbook-archives/ HTTP/1.0" 200 70864 "http://jodyyoung.com/wordpress1/guestbook/guestbook-archives/" "Mozilla/5.0 (Windows NT 6.1; rv:16.0) Gecko/20100101 Firefox/16.0"
65.55.215.34 - - [12/Aug/2013:08:30:31 -0400] "GET /robots.txt HTTP/1.1" 404 575 "-" "msnbot-media/1.1 (+http://search.msn.com/msnbot.htm)"
10.30.72.4 - - [12/Aug/2013:08:35:59 -0400] "POST /wordpress1/wp-cron.php?doing_wp_cron=1376310958.9689280986785888671875 HTTP/1.0" 200 - "-" "WordPress/3.5.2; http://jodyyoung.com/wordpress1"
82.132.224.30 - - [12/Aug/2013:13:49:37 -0400] "GET /wordpress1/wp-content/plugins/kino-event-calendar-plugin/js/jquery-ui-1.7.2.custom.min.js HTTP/1.1" 200 107835 "-" "Mozilla/5.0 (Linux; U; Android 4.1.2; en-gb; GT-I8190N Build/JZO54K) AppleWebKit/534.30 (KHTML, like Gecko) Version/4.0 Mobile Safari/534.30"
82.132.224.30 - - [12/Aug/2013:13:49:37 -0400] "GET /wordpress1/wp-content/plugins/kino-event-calendar-plugin/js/calendar.js HTTP/1.1" 200 79688 "-" "Mozilla/5.0 (Linux; U; Android 4.1.2; en-gb; GT-I8190N Build/JZO54K) AppleWebKit/534.30 (KHTML, like Gecko) Version/4.0 Mobile Safari/534.30"
178.255.215.90 - - [12/Aug/2013:20:16:15 -0400] "GET /shariki=1618 HTTP/1.1" 404 575 "-" "Mozilla/5.0 (compatible; Exabot/3.0 (BiggerBetter); +http://www.exabot.com/go/robot)"
66.249.75.184 - - [12/Aug/2013:20:26:26 -0400] "GET /robots.txt HTTP/1.1" 404 575 "-" "Mozilla/5.0 (compatible; Googlebot/2.1; +http://www.google.com/bot.html)"
178.255.215.90 - - [12/Aug/2013:20:32:42 -0400] "GET /shariki=2368 HTTP/1.1" 404 575 "-" "Mozilla/5.0 (compatible; Exabot/3.0 (BiggerBetter); +http://www.exabot.com/go/robot)"
178.255.215.90 - - [12/Aug/2013:20:38:59 -0400] "GET /shariki=1088 HTTP/1.1" 404 575 "-" "Mozilla/5.0 (compatible; Exabot/3.0 (BiggerBetter); +http://www.exabot.com/go/robot)"
178.255.215.90 - - [12/Aug/2013:20:41:37 -0400] "GET /shariki=1298 HTTP/1.1" 404 575 "-" "Mozilla/5.0 (compatible; Exabot/3.0 (BiggerBetter); +http://www.exabot.com/go/robot)"
178.255.215.90 - - [12/Aug/2013:20:41:39 -0400] "GET /shariki=2298 HTTP/1.1" 404 575 "-" "Mozilla/5.0 (compatible; Exabot/3.0 (BiggerBetter); +http://www.exabot.com/go/robot)"
82.132.220.24 - - [12/Aug/2013:04:41:12 -0400] "GET /wordpress1/wp-content/ata-images/jody-tvl.ico HTTP/1.1" 200 894 "http://jodyyoung.com/wordpress1/" "Mozilla/5.0 (Linux; U; Android 2.3.6; en-gb; GT-S5830i Build/GINGERBREAD) AppleWebKit/533.1 (KHTML, like Gecko) Version/4.0 Mobile Safari/533.1"
142.0.139.162 - - [12/Aug/2013:09:02:44 -0400] "GET /wordpress1/guestbook/guestbook-archives/ HTTP/1.0" 200 70866 "http://jodyyoung.com/wordpress1/guestbook/guestbook-archives/#comment-304" "Mozilla/5.0 (Windows NT 6.1) AppleWebKit/535.1 (KHTML, like Gecko) Chrome/14.0.835.163 Safari/535.1"
142.0.139.162 - - [12/Aug/2013:11:27:52 -0400] "POST /wordpress1/wp-comments-post.php HTTP/1.0" 302 - "http://jodyyoung.com/wordpress1/guestbook/guestbook-archives/#comment-304" "Opera/9.80 (Windows NT 5.1; Edition Yx) Presto/2.12.388 Version/12.11"
218.213.137.37 - - [12/Aug/2013:00:47:08 -0400] "GET / HTTP/1.1" 301 244 "-" "DoCoMo/2.0 P900i(c100;TB;W24H11) (compatible; ichiro/mobile goo;+http://search.goo.ne.jp/option/use/sub4/sub4-1/)"
72.14.199.184 - - [12/Aug/2013:01:57:45 -0400] "GET /wordpress1/comments/feed/ HTTP/1.1" 200 3283 "-" "Feedfetcher-Google; (+http://www.google.com/feedfetcher.html; 1 subscribers; feed-id=8917805572480071123)"
192.99.2.120 - - [12/Aug/2013:02:23:30 -0400] "GET /wordpress1/gallery/ HTTP/1.0" 200 83260 "http://jodyyoung.com/wordpress1/gallery/" "Mozilla/5.0 (Windows NT 5.1) AppleWebKit/537.11 (KHTML, like Gecko) Chrome/23.0.1271.64 Safari/537.11"
65.55.52.87 - - [12/Aug/2013:06:08:51 -0400] "GET /wordpress1/wp-includes/js/jquery/jquery.js?ver=1.8.3 HTTP/1.1" 200 93658 "-" "Mozilla/5.0 (compatible; bingbot/2.0; +http://www.bing.com/bingbot.htm)"
184.148.58.240 - - [12/Aug/2013:07:47:43 -0400] "GET /wordpress1/wp-includes/js/jquery/jquery.js?ver=1.8.3 HTTP/1.1" 200 93658 "http://jodyyoung.com/wordpress1/gallery/" "Mozilla/5.0 (compatible; MSIE 10.0; Windows NT 6.1; WOW64; Trident/6.0)"
184.148.58.240 - - [12/Aug/2013:07:47:44 -0400] "GET /wordpress1/wp-content/plugins/flash-album-gallery/admin/js/flagscroll.js?ver=1.0 HTTP/1.1" 200 955 "http://jodyyoung.com/wordpress1/gallery/" "Mozilla/5.0 (compatible; MSIE 10.0; Windows NT 6.1; WOW64; Trident/6.0)"
184.148.58.240 - - [12/Aug/2013:07:47:45 -0400] "GET /wordpress1/wp-content/flagallery/jodys-world/thumbs/thumbs_p9240104ao.jpg HTTP/1.1" 200 15119 "http://jodyyoung.com/wordpress1/gallery/" "Mozilla/5.0 (compatible; MSIE 10.0; Windows NT 6.1; WOW64; Trident/6.0)"
184.148.58.240 - - [12/Aug/2013:07:47:45 -0400] "GET /wordpress1/wp-content/flagallery/jodys-world/thumbs/thumbs_p9280209ao.jpg HTTP/1.1" 200 14038 "http://jodyyoung.com/wordpress1/gallery/" "Mozilla/5.0 (compatible; MSIE 10.0; Windows NT 6.1; WOW64; Trident/6.0)"
184.148.58.240 - - [12/Aug/2013:07:47:45 -0400] "GET /wordpress1/wp-content/flagallery/jodys-world/thumbs/thumbs_s1020023a.jpg HTTP/1.1" 200 15739 "http://jodyyoung.com/wordpress1/gallery/" "Mozilla/5.0 (compatible; MSIE 10.0; Windows NT 6.1; WOW64; Trident/6.0)"
184.148.58.240 - - [12/Aug/2013:07:47:45 -0400] "GET /wordpress1/wp-content/flagallery/jodys-world/thumbs/thumbs_s1030012a.jpg HTTP/1.1" 200 15767 "http://jodyyoung.com/wordpress1/gallery/" "Mozilla/5.0 (compatible; MSIE 10.0; Windows NT 6.1; WOW64; Trident/6.0)"
184.148.58.240 - - [12/Aug/2013:07:47:45 -0400] "GET /wordpress1/wp-content/flagallery/jodys-world/thumbs/thumbs_p5220144ao.jpg HTTP/1.1" 200 12781 "http://jodyyoung.com/wordpress1/gallery/" "Mozilla/5.0 (compatible; MSIE 10.0; Windows NT 6.1; WOW64; Trident/6.0)"
184.148.58.240 - - [12/Aug/2013:07:47:45 -0400] "GET /wordpress1/wp-content/flagallery/jodys-world/thumbs/thumbs_s1040043a.jpg HTTP/1.1" 200 15155 "http://jodyyoung.com/wordpress1/gallery/" "Mozilla/5.0 (compatible; MSIE 10.0; Windows NT 6.1; WOW64; Trident/6.0)"
184.148.58.240 - - [12/Aug/2013:07:47:45 -0400] "GET /wordpress1/wp-content/themes/atahualpa/images/expand-down.gif HTTP/1.1" 200 57 "http://jodyyoung.com/wordpress1/gallery/" "Mozilla/5.0 (compatible; MSIE 10.0; Windows NT 6.1; WOW64; Trident/6.0)"
184.148.58.240 - - [12/Aug/2013:07:47:45 -0400] "GET /wordpress1/wp-content/plugins/kino-event-calendar-plugin/images/tooltip-bg.png HTTP/1.1" 200 453 "http://jodyyoung.com/wordpress1/gallery/" "Mozilla/5.0 (compatible; MSIE 10.0; Windows NT 6.1; WOW64; Trident/6.0)"
10.30.72.4 - - [12/Aug/2013:16:02:54 -0400] "POST /wordpress1/wp-cron.php?doing_wp_cron=1376337774.3239679336547851562500 HTTP/1.0" 200 - "-" "WordPress/3.5.2; http://jodyyoung.com/wordpress1"
178.255.215.90 - - [12/Aug/2013:20:16:03 -0400] "GET /robots.txt HTTP/1.1" 404 575 "-" "Mozilla/5.0 (compatible; Exabot/3.0 (BiggerBetter); +http://www.exabot.com/go/robot)"
94.27.71.91 - - [12/Aug/2013:20:29:46 -0400] "POST /wordpress1/wp-comments-post.php HTTP/1.0" 500 4120 "http://jodyyoung.com/wordpress1/guestbook/" "Opera/9.80 (Windows NT 6.0; U; ru) Presto/2.10.289 Version/12.02"
178.255.215.90 - - [12/Aug/2013:20:30:07 -0400] "GET /shariki=2258 HTTP/1.1" 404 575 "-" "Mozilla/5.0 (compatible; Exabot/3.0 (BiggerBetter); +http://www.exabot.com/go/robot)"
66.249.75.184 - - [12/Aug/2013:20:41:43 -0400] "GET /wordpress1/about-htm/ HTTP/1.1" 200 57574 "-" "Mozilla/5.0 (iPhone; U; CPU iPhone OS 4_1 like Mac OS X; en-us) AppleWebKit/532.9 (KHTML, like Gecko) Version/4.0.5 Mobile/8B117 Safari/6531.22.7 (compatible; Googlebot-Mobile/2.1; +http://www.google.com/bot.html)"
10.30.72.4 - - [12/Aug/2013:03:57:36 -0400] "POST /wordpress1/wp-cron.php?doing_wp_cron=1376294256.3726489543914794921875 HTTP/1.0" 200 - "-" "WordPress/3.5.2; http://jodyyoung.com/wordpress1"
144.76.87.234 - - [12/Aug/2013:10:53:05 -0400] "GET /wordpress1/ HTTP/1.1" 200 58295 "-" "-"
67.186.194.63 - - [12/Aug/2013:21:34:43 -0400] "GET /wordpress1/wp-content/flagallery/jodys-world/p9280209ao.jpg HTTP/1.1" 200 313958 "-" "Mozilla/5.0 (iPad; CPU OS 6_1_2 like Mac OS X) AppleWebKit/536.26 (KHTML, like Gecko) Version/6.0 Mobile/10B147 Safari/8536.25"
121.223.6.193 - - [12/Aug/2013:23:35:01 -0400] "GET /wordpress1/wp-content/themes/atahualpa/js/DD_roundies.js?ver=0.0.2a HTTP/1.1" 200 16853 "http://jodyyoung.com/wordpress1/" "Mozilla/5.0 (Windows NT 6.0) AppleWebKit/537.36 (KHTML, like Gecko) Chrome/28.0.1500.95 Safari/537.36"
