157.55.35.97 - - [13/Aug/2013:02:19:23 -0400] "GET /robots.txt HTTP/1.1" 404 575 "-" "Mozilla/5.0 (compatible; bingbot/2.0; +http://www.bing.com/bingbot.htm)"
91.236.74.95 - - [13/Aug/2013:01:22:42 -0400] "POST /wordpress1/wp-comments-post.php HTTP/1.0" 500 4120 "http://jodyyoung.com/wordpress1/guestbook/guestbook-archives/" "Mozilla/5.0 (Windows NT 6.1) AppleWebKit/537.11 (KHTML, like Gecko) Chrome/23.0.1271.95 Safari/537.11"
66.249.75.184 - - [13/Aug/2013:07:23:25 -0400] "GET /wordpress1/wp-content/flagallery/utah-photos/img_0224a.jpg HTTP/1.1" 200 63991 "-" "Googlebot-Image/1.0"
199.187.122.91 - - [13/Aug/2013:07:56:03 -0400] "GET /wordpress1/contact/ HTTP/1.1" 200 60305 "-" "Mozilla/4.0 (compatible; MSIE 6.0; Windows NT 5.1; SV1; .NET CLR 2.0.50727)"
199.187.122.91 - - [13/Aug/2013:07:56:49 -0400] "GET /wordpress1/2012/10/25/new-web-site/ HTTP/1.1" 200 61415 "-" "Mozilla/4.0 (compatible; MSIE 6.0; Windows NT 5.1; SV1; .NET CLR 2.0.50727)"
78.146.82.6 - - [13/Aug/2013:08:01:40 -0400] "GET /wordpress1/wp-content/plugins/flash-album-gallery/admin/js/swfobject.js?ver=2.2 HTTP/1.1" 304 - "http://jodyyoung.com/wordpress1/" "Mozilla/5.0 (Linux; U; Android 4.1.2; en-gb; GT-I8190N Build/JZO54K) AppleWebKit/534.30 (KHTML, like Gecko) Version/4.0 Mobile Safari/534.30"
78.146.82.6 - - [13/Aug/2013:08:01:40 -0400] "GET /wordpress1/wp-content/plugins/flash-album-gallery/admin/js/swfaddress.js?ver=2.4 HTTP/1.1" 304 - "http://jodyyoung.com/wordpress1/" "Mozilla/5.0 (Linux; U; Android 4.1.2; en-gb; GT-I8190N Build/JZO54K) AppleWebKit/534.30 (KHTML, like Gecko) Version/4.0 Mobile Safari/534.30"
78.146.82.6 - - [13/Aug/2013:08:01:41 -0400] "GET /wordpress1/wp-content/ata-images/jyat-logo1.jpg HTTP/1.1" 304 - "http://jodyyoung.com/wordpress1/" "Mozilla/5.0 (Linux; U; Android 4.1.2; en-gb; GT-I8190N Build/JZO54K) AppleWebKit/534.30 (KHTML, like Gecko) Version/4.0 Mobile Safari/534.30"
78.146.82.6 - - [13/Aug/2013:08:01:42 -0400] "GET /wordpress1/wp-content/themes/atahualpa/images/inputbackgr.gif HTTP/1.1" 304 - "http://jodyyoung.com/wordpress1/" "Mozilla/5.0 (Linux; U; Android 4.1.2; en-gb; GT-I8190N Build/JZO54K) AppleWebKit/534.30 (KHTML, like Gecko) Version/4.0 Mobile Safari/534.30"
78.146.82.6 - - [13/Aug/2013:08:01:41 -0400] "GET /wordpress1/wp-content/plugins/kino-event-calendar-plugin/rpc.php?action=get_events&start=1374966000000&end=1378594800000&event_id=null HTTP/1.1" 200 3609 "http://jodyyoung.com/wordpress1/" "Mozilla/5.0 (Linux; U; Android 4.1.2; en-gb; GT-I8190N Build/JZO54K) AppleWebKit/534.30 (KHTML, like Gecko) Version/4.0 Mobile Safari/534.30"
66.249.75.184 - - [13/Aug/2013:08:34:44 -0400] "GET /robots.txt HTTP/1.1" 404 575 "-" "Mozilla/5.0 (compatible; Googlebot/2.1; +http://www.google.com/bot.html)"
69.201.129.184 - - [13/Aug/2013:15:38:49 -0400] "GET /wordpress1/wp-content/themes/atahualpa/images/header/jyatHD13.jpg HTTP/1.1" 200 52546 "http://jodyyoung.com/wordpress1/our-guides/" "Mozilla/5.0 (Macintosh; Intel Mac OS X 10_8_4) AppleWebKit/536.30.1 (KHTML, like Gecko) Version/6.0.5 Safari/536.30.1"
66.249.75.184 - - [13/Aug/2013:15:41:44 -0400] "GET /wordpress1/wp-content/flagallery/utah-photos/pa120075ao.jpg HTTP/1.1" 200 350734 "-" "Googlebot-Image/1.0"
142.0.139.162 - - [13/Aug/2013:15:50:17 -0400] "GET /wordpress1/guestbook/guestbook-archives/ HTTP/1.0" 200 86296 "http://jodyyoung.com/wordpress1/guestbook/guestbook-archives/#comment-372" "Opera/9.80 (Windows NT 6.1; U; ru) Presto/2.7.39 Version/11.00"
142.0.139.162 - - [13/Aug/2013:16:22:47 -0400] "POST /wordpress1/wp-comments-post.php HTTP/1.0" 302 - "http://jodyyoung.com/wordpress1/guestbook/guestbook-archives/#comment-304" "Opera/9.80 (Windows NT 6.1; Edition Yx) Presto/2.12.388 Version/12.10"
66.249.75.184 - - [13/Aug/2013:10:47:31 -0400] "GET /wordpress1/wp-content/flagallery/utah-photos/p5140090ao.jpg HTTP/1.1" 200 342300 "-" "Googlebot-Image/1.0"
192.74.255.114 - - [13/Aug/2013:18:26:01 -0400] "GET /wordpress1/guestbook/guestbook-archives/ HTTP/1.0" 200 70868 "http://jodyyoung.com/wordpress1/guestbook/guestbook-archives/" "Opera/9.80 (X11; Linux i686) Presto/2.12.388 Version/12.10"
94.27.77.85 - - [13/Aug/2013:18:35:58 -0400] "GET / HTTP/1.0" 301 244 "http://www.jodyyoung.com/" "Mozilla/5.0 (Windows NT 6.0) AppleWebKit/537.11 (KHTML, like Gecko) Chrome/23.0.1271.95 Safari/537.11"
65.55.213.68 - - [13/Aug/2013:13:09:17 -0400] "GET /wordpress1/2013/05/09/more-desert-fun/ HTTP/1.1" 200 59055 "-" "msnbot/2.0b (+http://search.msn.com/msnbot.htm)"
65.55.213.68 - - [13/Aug/2013:13:10:02 -0400] "GET /wordpress1/guestbook/ HTTP/1.1" 200 58763 "-" "msnbot/2.0b (+http://search.msn.com/msnbot.htm)"
220.181.108.87 - - [13/Aug/2013:22:06:22 -0400] "GET /wordpress1/wp-content/plugins/flash-album-gallery/admin/js/swfaddress.js?ver=2.4 HTTP/1.1" 200 15916 "http://jodyyoung.com/" "Mozilla/5.0 (X11; U; Linux x86_64; en-US; rv:1.9) Gecko Minefield/3.0"
66.249.72.184 - - [13/Aug/2013:22:32:49 -0400] "GET /wordpress1/ HTTP/1.1" 200 57655 "-" "Mozilla/5.0 (compatible; Googlebot/2.1; +http://www.google.com/bot.html)"
216.137.230.37 - - [13/Aug/2013:12:34:11 -0400] "GET /wordpress1/wp-login.php?redirect_to=http%3A%2F%2Fjodyyoung.com%2Fwordpress1%2Fwp-admin%2Fedit-comments.php%3Fcomment_status%3Dmoderated&reauth=1 HTTP/1.1" 200 2821 "-" "Mozilla/5.0 (Windows NT 6.1; WOW64; rv:22.0) Gecko/20100101 Firefox/22.0"
216.137.230.37 - - [13/Aug/2013:12:34:20 -0400] "GET /wordpress1/wp-admin/css/wp-admin.min.css?ver=3.5.2 HTTP/1.1" 200 114483 "http://jodyyoung.com/wordpress1/wp-login.php?redirect_to=http%3A%2F%2Fjodyyoung.com%2Fwordpress1%2Fwp-admin%2Fedit-comments.php%3Fcomment_status%3Dmoderated&reauth=1" "Mozilla/5.0 (Windows NT 6.1; WOW64; rv:22.0) Gecko/20100101 Firefox/22.0"
142.0.139.162 - - [13/Aug/2013:13:32:25 -0400] "GET /wordpress1/guestbook/guestbook-archives/ HTTP/1.0" 200 74795 "http://jodyyoung.com/wordpress1/guestbook/guestbook-archives/#comment-369" "Opera/9.80 (Windows NT 6.1; Win64; x64; Edition Yx) Presto/2.12.388 Version/12.10"
218.30.103.156 - - [13/Aug/2013:04:55:15 -0400] "GET /wordpress1/ HTTP/1.1" 301 - "-" "Sogou web spider/4.0(+http://www.sogou.com/docs/help/webmasters.htm#07)"
175.44.10.240 - - [13/Aug/2013:05:18:56 -0400] "GET /guestbook.html HTTP/1.0" 200 8916 "http://www.jodyyoung.com/guestbook.html" "Mozilla/5.0 (Windows; U; Windows NT 5.1; en-US) AppleWebKit/534.16 (KHTML, like Gecko) Chrome/10.0.648.204 Safari/534.16"
218.30.103.156 - - [13/Aug/2013:05:47:58 -0400] "GET /wordpress1/ HTTP/1.1" 301 - "-" "Sogou web spider/4.0(+http://www.sogou.com/docs/help/webmasters.htm#07)"
110.85.68.57 - - [13/Aug/2013:09:25:08 -0400] "GET /wordpress1/guestbook/feed/ HTTP/1.0" 200 744 "http://jodyyoung.com/wordpress1/guestbook/feed/" "Mozilla/5.0 (Windows NT 6.1; rv:12.0) Gecko/20100101 Firefox/12.0"
213.186.119.135 - - [13/Aug/2013:11:55:40 -0400] "GET /wordpress1/feed/ HTTP/1.1" 200 8101 "-" "AhrefsBot.Feeds v0.1; http://ahrefs.com/"
142.0.139.162 - - [13/Aug/2013:15:17:16 -0400] "POST /wordpress1/wp-comments-post.php HTTP/1.0" 302 - "http://jodyyoung.com/wordpress1/guestbook/guestbook-archives/#comment-304" "Opera/9.80 (Windows NT 6.2; WOW64; MRA 8.0 (build 5784)) Presto/2.12.388 Version/12.11"
94.27.77.85 - - [13/Aug/2013:17:43:57 -0400] "GET / HTTP/1.0" 301 244 "http://www.jodyyoung.com/" "Mozilla/5.0 (Windows NT 6.0) AppleWebKit/537.11 (KHTML, like Gecko) Chrome/23.0.1271.91 Safari/537.11"
157.55.35.33 - - [13/Aug/2013:17:50:54 -0400] "GET /alaska.html HTTP/1.1" 200 16500 "-" "Mozilla/5.0 (compatible; bingbot/2.0; +http://www.bing.com/bingbot.htm)"
152.131.10.2 - - [13/Aug/2013:18:07:16 -0400] "GET /wordpress1/wp-includes/js/jquery/jquery.js?ver=1.8.3 HTTP/1.1" 200 93658 "http://jodyyoung.com/wordpress1/" "Mozilla/5.0 (compatible; MSIE 9.0; Windows NT 6.1; WOW64; Trident/5.0)"
152.131.10.2 - - [13/Aug/2013:18:07:16 -0400] "GET /wordpress1/wp-content/plugins/kino-event-calendar-plugin/js/jquery-ui-1.7.2.custom.min.js HTTP/1.1" 200 107835 "http://jodyyoung.com/wordpress1/" "Mozilla/5.0 (compatible; MSIE 9.0; Windows NT 6.1; WOW64; Trident/5.0)"
152.131.10.2 - - [13/Aug/2013:18:07:18 -0400] "GET /wordpress1/wp-content/uploads/2012/10/P5210108ao-300x225.jpg HTTP/1.1" 200 26577 "http://jodyyoung.com/wordpress1/" "Mozilla/5.0 (compatible; MSIE 9.0; Windows NT 6.1; WOW64; Trident/5.0)"
152.131.10.2 - - [13/Aug/2013:18:07:18 -0400] "GET /wordpress1/wp-content/themes/atahualpa/images/expand-down.gif HTTP/1.1" 200 57 "http://jodyyoung.com/wordpress1/" "Mozilla/5.0 (compatible; MSIE 9.0; Windows NT 6.1; WOW64; Trident/5.0)"
152.131.10.2 - - [13/Aug/2013:18:07:18 -0400] "GET /wordpress1/wp-content/themes/atahualpa/images/rss-gray.png HTTP/1.1" 200 379 "http://jodyyoung.com/wordpress1/" "Mozilla/5.0 (compatible; MSIE 9.0; Windows NT 6.1; WOW64; Trident/5.0)"
152.131.10.2 - - [13/Aug/2013:18:07:18 -0400] "GET /wordpress1/wp-content/themes/atahualpa/images/comment-gray.png HTTP/1.1" 200 296 "http://jodyyoung.com/wordpress1/" "Mozilla/5.0 (compatible; MSIE 9.0; Windows NT 6.1; WOW64; Trident/5.0)"
152.131.10.2 - - [13/Aug/2013:18:08:03 -0400] "GET /311/images/3/motif01.jpg HTTP/1.1" 200 10220 "http://www.jodyyoung.com/utah.html" "Mozilla/5.0 (compatible; MSIE 9.0; Windows NT 6.1; WOW64; Trident/5.0)"
152.131.10.2 - - [13/Aug/2013:18:08:03 -0400] "GET /311/images/enviro_17.jpg HTTP/1.1" 200 5180 "http://www.jodyyoung.com/utah.html" "Mozilla/5.0 (compatible; MSIE 9.0; Windows NT 6.1; WOW64; Trident/5.0)"
152.131.10.2 - - [13/Aug/2013:18:08:04 -0400] "GET /311/images/01b.jpg HTTP/1.1" 200 2329 "http://www.jodyyoung.com/utah.html" "Mozilla/5.0 (compatible; MSIE 9.0; Windows NT 6.1; WOW64; Trident/5.0)"
152.131.10.2 - - [13/Aug/2013:18:08:04 -0400] "GET /311/images/06b.jpg HTTP/1.1" 200 2759 "http://www.jodyyoung.com/utah.html" "Mozilla/5.0 (compatible; MSIE 9.0; Windows NT 6.1; WOW64; Trident/5.0)"
152.131.10.2 - - [13/Aug/2013:18:08:04 -0400] "GET /311/images/10b.jpg HTTP/1.1" 200 926 "http://www.jodyyoung.com/utah.html" "Mozilla/5.0 (compatible; MSIE 9.0; Windows NT 6.1; WOW64; Trident/5.0)"
10.30.72.4 - - [13/Aug/2013:20:06:02 -0400] "POST /wordpress1/wp-cron.php?doing_wp_cron=1376438762.0367760658264160156250 HTTP/1.0" 200 - "-" "WordPress/3.5.2; http://jodyyoung.com/wordpress1"
65.55.215.102 - - [13/Aug/2013:18:44:37 -0400] "GET /robots.txt HTTP/1.1" 404 575 "-" "msnbot-media/1.1 (+http://search.msn.com/msnbot.htm)"
97.93.78.194 - - [13/Aug/2013:18:55:46 -0400] "GET /wordpress1/wp-content/flagallery/jodys-world/p9280209ao.jpg HTTP/1.1" 200 313958 "https://www.google.com/" "Mozilla/5.0 (iPhone; CPU iPhone OS 6_1_4 like Mac OS X) AppleWebKit/536.26 (KHTML, like Gecko) Version/6.0 Mobile/10B350 Safari/8536.25"
66.249.72.184 - - [13/Aug/2013:19:56:14 -0400] "GET /robots.txt HTTP/1.1" 404 575 "-" "Mozilla/5.0 (compatible; Googlebot/2.1; +http://www.google.com/bot.html)"
66.249.72.184 - - [13/Aug/2013:21:10:59 -0400] "GET /wordpress1/wp-content/flagallery/utah-photos/pa150121ao.jpg HTTP/1.1" 200 368379 "-" "Googlebot-Image/1.0"
37.140.165.197 - - [13/Aug/2013:22:45:04 -0400] "GET /robots.txt HTTP/1.1" 404 575 "-" "Mozilla/5.0 (compatible; YandexImages/3.0; +http://yandex.com/bots)"
66.249.72.184 - - [13/Aug/2013:23:00:42 -0400] "GET /wordpress1/wp-content/flagallery/alaska-photos/p8260283bo.jpg HTTP/1.1" 200 451851 "-" "Googlebot-Image/1.0"
66.249.75.184 - - [13/Aug/2013:08:34:44 -0400] "GET /wordpress1/wp-content/flagallery/utah-photos/p9220054ao.jpg HTTP/1.1" 200 597102 "-" "Googlebot-Image/1.0"
75.73.82.116 - - [13/Aug/2013:09:25:53 -0400] "GET /wordpress1/wp-content/flagallery/utah-photos/p9240101ao.jpg HTTP/1.1" 200 359505 "http://www.google.com/blank.html" "Mozilla/5.0 (Macintosh; Intel Mac OS X 10_8_4) AppleWebKit/536.30.1 (KHTML, like Gecko) Version/6.0.5 Safari/536.30.1"
177.98.75.169 - - [13/Aug/2013:13:50:47 -0400] "GET /favicon.ico HTTP/1.1" 404 575 "-" "Mozilla/5.0 (Windows NT 6.2; WOW64) AppleWebKit/537.36 (KHTML, like Gecko) Chrome/28.0.1500.95 Safari/537.36"
180.76.5.65 - - [13/Aug/2013:10:37:15 -0400] "GET /wordpress1/california/ HTTP/1.1" 200 58988 "-" "Mozilla/5.0 (compatible; Baiduspider/2.0; +http://www.baidu.com/search/spider.html)"
216.137.230.37 - - [13/Aug/2013:12:35:02 -0400] "GET /wordpress1/wp-admin/load-scripts.php?c=1&load%5B%5D=jquery,utils&ver=3.5.2 HTTP/1.1" 200 37322 "http://jodyyoung.com/wordpress1/wp-admin/edit-comments.php?comment_status=moderated" "Mozilla/5.0 (Windows NT 6.1; WOW64; rv:22.0) Gecko/20100101 Firefox/22.0"
216.137.230.37 - - [13/Aug/2013:12:35:04 -0400] "GET /wordpress1/wp-admin/images/menu-shadow.png HTTP/1.1" 200 89 "http://jodyyoung.com/wordpress1/wp-admin/css/colors-fresh.min.css?ver=3.5.2" "Mozilla/5.0 (Windows NT 6.1; WOW64; rv:22.0) Gecko/20100101 Firefox/22.0"
89.28.24.58 - - [13/Aug/2013:01:38:54 -0400] "POST /wordpress1/wp-comments-post.php HTTP/1.0" 500 4120 "http://jodyyoung.com/wordpress1/2013/05/09/more-desert-fun/" "Opera/9.80 (Windows NT 6.1; WOW64) Presto/2.12.388 Version/12.10"
86.10.3.56 - - [13/Aug/2013:04:17:14 -0400] "GET /wordpress1/wp-content/plugins/flash-album-gallery/admin/js/swfobject.js?ver=2.2 HTTP/1.1" 200 11754 "http://jodyyoung.com/wordpress1/" "Mozilla/5.0 (iPhone; CPU iPhone OS 6_1_3 like Mac OS X) AppleWebKit/536.26 (KHTML, like Gecko) Version/6.0 Mobile/10B329 Safari/8536.25"
86.10.3.56 - - [13/Aug/2013:04:17:15 -0400] "GET /wordpress1/wp-content/plugins/kino-event-calendar-plugin/js/main.js HTTP/1.1" 200 1105 "http://jodyyoung.com/wordpress1/" "Mozilla/5.0 (iPhone; CPU iPhone OS 6_1_3 like Mac OS X) AppleWebKit/536.26 (KHTML, like Gecko) Version/6.0 Mobile/10B329 Safari/8536.25"
218.30.103.156 - - [13/Aug/2013:04:55:40 -0400] "GET /robots.txt HTTP/1.1" 404 575 "-" "Sogou web spider/4.0"
216.137.230.37 - - [13/Aug/2013:12:35:57 -0400] "GET /wordpress1/wp-includes/css/editor.min.css?ver=3.5.2 HTTP/1.1" 304 - "http://jodyyoung.com/wordpress1/wp-admin/edit-comments.php?comment_status=moderated&paged=1&spammed=9&ids=368,367,366,365,364,363,362,361,360" "Mozilla/5.0 (Windows NT 6.1; WOW64; rv:22.0) Gecko/20100101 Firefox/22.0"
216.137.230.37 - - [13/Aug/2013:12:36:05 -0400] "GET /wordpress1/wp-admin/css/colors-fresh.min.css?ver=3.5.2 HTTP/1.1" 304 - "http://jodyyoung.com/wordpress1/wp-login.php?loggedout=true" "Mozilla/5.0 (Windows NT 6.1; WOW64; rv:22.0) Gecko/20100101 Firefox/22.0"
72.14.199.184 - - [13/Aug/2013:05:05:43 -0400] "GET /wordpress1/comments/feed/ HTTP/1.1" 200 3283 "-" "Feedfetcher-Google; (+http://www.google.com/feedfetcher.html; 1 subscribers; feed-id=8917805572480071123)"
218.30.103.156 - - [13/Aug/2013:05:48:09 -0400] "GET /wordpress1/ HTTP/1.1" 200 58297 "-" "Sogou web spider/4.0(+http://www.sogou.com/docs/help/webmasters.htm#07)"
152.131.10.2 - - [13/Aug/2013:18:07:12 -0400] "GET /wordpress1/ HTTP/1.1" 301 - "http://www.google.com/url?sa=t&rct=j&q=jody%20young%20utah&source=web&cd=2&ved=0CC8QFjAB&url=http%3A%2F%2Fwww.jodyyoung.com%2F&ei=A64KUu3BGsHh2AX_sYCYAg&usg=AFQjCNEh7rdsXP3gDndnvSbfPJnAthKUXg&bvm=bv.50500085,d.aWc" "Mozilla/5.0 (compatible; MSIE 9.0; Windows NT 6.1; WOW64; Trident/5.0)"
152.131.10.2 - - [13/Aug/2013:18:08:30 -0400] "GET /wordpress1/our-guides/ HTTP/1.1" 200 61231 "http://www.google.com/url?sa=t&rct=j&q=jody%20young%20utah&source=web&cd=4&ved=0CDoQFjAD&url=http%3A%2F%2Fjodyyoung.com%2Fwordpress1%2Four-guides%2F&ei=A64KUu3BGsHh2AX_sYCYAg&usg=AFQjCNHUEDgoqyGK3wg8nO5neUsJZo6ZFg" "Mozilla/5.0 (compatible; MSIE 9.0; Windows NT 6.1; WOW64; Trident/5.0)"
193.105.210.216 - - [13/Aug/2013:07:42:11 -0400] "GET /wordpress1/2013/04/13/arches-canyonlands/ HTTP/1.0" 200 59808 "http://jodyyoung.com/wordpress1/2013/04/13/arches-canyonlands/" "Opera/9.80 (Windows NT 6.1; WOW64; MRA 8.0 (build 5880)) Presto/2.12.388 Version/12.11"
68.49.249.200 - - [13/Aug/2013:07:50:14 -0400] "GET /wordpress1/wp-includes/js/jquery/jquery.js?ver=1.8.3 HTTP/1.1" 200 93658 "http://jodyyoung.com/wordpress1/" "Mozilla/5.0 (Macintosh; Intel Mac OS X 10_6_8) AppleWebKit/537.36 (KHTML, like Gecko) Chrome/28.0.1500.95 Safari/537.36"
68.49.249.200 - - [13/Aug/2013:07:50:14 -0400] "GET /wordpress1/wp-content/plugins/kino-event-calendar-plugin/js/tools.tooltip.dynamic-1.0.1.min.js HTTP/1.1" 200 1928 "http://jodyyoung.com/wordpress1/" "Mozilla/5.0 (Macintosh; Intel Mac OS X 10_6_8) AppleWebKit/537.36 (KHTML, like Gecko) Chrome/28.0.1500.95 Safari/537.36"
68.49.249.200 - - [13/Aug/2013:07:50:15 -0400] "GET /wordpress1/wp-content/plugins/kino-event-calendar-plugin/js/main.js HTTP/1.1" 200 1105 "http://jodyyoung.com/wordpress1/" "Mozilla/5.0 (Macintosh; Intel Mac OS X 10_6_8) AppleWebKit/537.36 (KHTML, like Gecko) Chrome/28.0.1500.95 Safari/537.36"
68.49.249.200 - - [13/Aug/2013:07:50:16 -0400] "GET /wordpress1/wp-content/uploads/2012/10/P5210108ao-300x225.jpg HTTP/1.1" 200 26577 "http://jodyyoung.com/wordpress1/" "Mozilla/5.0 (Macintosh; Intel Mac OS X 10_6_8) AppleWebKit/537.36 (KHTML, like Gecko) Chrome/28.0.1500.95 Safari/537.36"
68.49.249.200 - - [13/Aug/2013:07:50:16 -0400] "GET /wordpress1/wp-content/themes/atahualpa/images/inputbackgr.gif HTTP/1.1" 200 4765 "http://jodyyoung.com/wordpress1/" "Mozilla/5.0 (Macintosh; Intel Mac OS X 10_6_8) AppleWebKit/537.36 (KHTML, like Gecko) Chrome/28.0.1500.95 Safari/537.36"
68.49.249.200 - - [13/Aug/2013:07:50:16 -0400] "GET /wordpress1/wp-content/plugins/kino-event-calendar-plugin/images/tooltip-bg.png HTTP/1.1" 200 453 "http://jodyyoung.com/wordpress1/" "Mozilla/5.0 (Macintosh; Intel Mac OS X 10_6_8) AppleWebKit/537.36 (KHTML, like Gecko) Chrome/28.0.1500.95 Safari/537.36"
199.187.122.91 - - [13/Aug/2013:07:56:08 -0400] "GET /wordpress1/flagallery/247-2/ HTTP/1.1" 200 20671 "-" "Mozilla/4.0 (compatible; MSIE 6.0; Windows NT 5.1; SV1; .NET CLR 2.0.50727)"
199.187.122.91 - - [13/Aug/2013:07:56:15 -0400] "GET /shariki=1136 HTTP/1.1" 404 575 "-" "Mozilla/4.0 (compatible; MSIE 6.0; Windows NT 5.1; SV1; .NET CLR 2.0.50727)"
82.3.22.40 - - [13/Aug/2013:08:41:43 -0400] "GET /wordpress1/wp-content/plugins/kino-event-calendar-plugin/rpc.php?action=get_events&start=1374966000000&end=1378594800000&event_id=null HTTP/1.1" 200 3609 "http://jodyyoung.com/wordpress1/" "Mozilla/5.0 (iPhone; CPU iPhone OS 6_1_3 like Mac OS X) AppleWebKit/536.26 (KHTML, like Gecko) Version/6.0 Mobile/10B329 Safari/8536.25"
100.43.83.155 - - [13/Aug/2013:21:13:03 -0400] "GET /robots.txt HTTP/1.1" 404 575 "-" "Mozilla/5.0 (compatible; YandexBot/3.0; +http://yandex.com/bots)"
100.43.83.155 - - [13/Aug/2013:21:13:05 -0400] "GET /specialprojects.html HTTP/1.1" 200 31246 "-" "Mozilla/5.0 (compatible; YandexBot/3.0; +http://yandex.com/bots)"
76.64.239.146 - - [13/Aug/2013:22:15:01 -0400] "GET /wordpress1/contact/ HTTP/1.0" 403 885 "-" "Mozilla/5.0 (Windows; U; Windows NT 6.1; en-US) AppleWebKit/532.2 (KHTML, like Gecko) Chrome/4.0.221.7 Safari/532.2"
192.227.132.179 - - [13/Aug/2013:06:11:25 -0400] "GET /wordpress1/ HTTP/1.0" 200 58299 "http://jodyyoung.com/" "Mozilla/5.0 (Windows NT 6.2; WOW64) AppleWebKit/537.36 (KHTML, like Gecko) Chrome/27.0.1453.116 Safari/537.36"
216.137.230.37 - - [13/Aug/2013:12:34:20 -0400] "GET /wordpress1/wp-includes/js/jquery/jquery.js?ver=1.8.3 HTTP/1.1" 200 93658 "http://jodyyoung.com/wordpress1/wp-login.php?redirect_to=http%3A%2F%2Fjodyyoung.com%2Fwordpress1%2Fwp-admin%2Fedit-comments.php%3Fcomment_status%3Dmoderated&reauth=1" "Mozilla/5.0 (Windows NT 6.1; WOW64; rv:22.0) Gecko/20100101 Firefox/22.0"
66.249.75.184 - - [13/Aug/2013:03:49:51 -0400] "GET /alaska/alaskaforwomenworkshops.html HTTP/1.1" 200 15486 "-" "Mozilla/5.0 (compatible; Googlebot/2.1; +http://www.google.com/bot.html)"
86.10.3.56 - - [13/Aug/2013:04:52:47 -0400] "GET /wordpress1/wp-content/flagallery/utah-photos/thumbs/thumbs_img_0246ao.jpg HTTP/1.1" 200 16262 "http://jodyyoung.com/wordpress1/flagallery/utah-photos/" "Mozilla/5.0 (iPhone; CPU iPhone OS 6_1_3 like Mac OS X) AppleWebKit/536.26 (KHTML, like Gecko) Version/6.0 Mobile/10B329 Safari/8536.25"
86.10.3.56 - - [13/Aug/2013:04:52:48 -0400] "GET /wordpress1/wp-content/flagallery/utah-photos/thumbs/thumbs_p5210033ao.jpg HTTP/1.1" 200 13800 "http://jodyyoung.com/wordpress1/flagallery/utah-photos/" "Mozilla/5.0 (iPhone; CPU iPhone OS 6_1_3 like Mac OS X) AppleWebKit/536.26 (KHTML, like Gecko) Version/6.0 Mobile/10B329 Safari/8536.25"
86.10.3.56 - - [13/Aug/2013:04:52:48 -0400] "GET /wordpress1/wp-content/flagallery/utah-photos/thumbs/thumbs_p5220196ao.jpg HTTP/1.1" 200 15292 "http://jodyyoung.com/wordpress1/flagallery/utah-photos/" "Mozilla/5.0 (iPhone; CPU iPhone OS 6_1_3 like Mac OS X) AppleWebKit/536.26 (KHTML, like Gecko) Version/6.0 Mobile/10B329 Safari/8536.25"
86.10.3.56 - - [13/Aug/2013:04:52:48 -0400] "GET /wordpress1/wp-content/flagallery/utah-photos/thumbs/thumbs_pa120075ao.jpg HTTP/1.1" 200 15140 "http://jodyyoung.com/wordpress1/flagallery/utah-photos/" "Mozilla/5.0 (iPhone; CPU iPhone OS 6_1_3 like Mac OS X) AppleWebKit/536.26 (KHTML, like Gecko) Version/6.0 Mobile/10B329 Safari/8536.25"
86.10.3.56 - - [13/Aug/2013:04:52:49 -0400] "GET /wordpress1/wp-content/flagallery/utah-photos/thumbs/thumbs_pa140071ao.jpg HTTP/1.1" 200 12570 "http://jodyyoung.com/wordpress1/flagallery/utah-photos/" "Mozilla/5.0 (iPhone; CPU iPhone OS 6_1_3 like Mac OS X) AppleWebKit/536.26 (KHTML, like Gecko) Version/6.0 Mobile/10B329 Safari/8536.25"
86.10.3.56 - - [13/Aug/2013:04:52:49 -0400] "GET /wordpress1/wp-content/plugins/flash-album-gallery/admin/images/views.png HTTP/1.1" 200 251 "http://jodyyoung.com/wordpress1/flagallery/utah-photos/" "Mozilla/5.0 (iPhone; CPU iPhone OS 6_1_3 like Mac OS X) AppleWebKit/536.26 (KHTML, like Gecko) Version/6.0 Mobile/10B329 Safari/8536.25"
218.30.103.156 - - [13/Aug/2013:04:55:56 -0400] "GET /wordpress1/ HTTP/1.1" 200 58297 "-" "Sogou web spider/4.0(+http://www.sogou.com/docs/help/webmasters.htm#07)"
54.243.53.148 - - [13/Aug/2013:15:30:57 -0400] "GET /wordpress1/ HTTP/1.1" 200 58295 "http://www.google.com/" "Mozilla/5.0 (Windows; U; Windows NT 6.1; en-GB; rv:1.9.2) Gecko/20100115 Firefox/3.6"
54.243.53.148 - - [13/Aug/2013:15:31:00 -0400] "GET /wordpress1/contact/ HTTP/1.1" 200 60302 "http://www.google.com/" "Mozilla/5.0 (Windows; U; Windows NT 6.1; en-GB; rv:1.9.2) Gecko/20100115 Firefox/3.6"
75.151.65.113 - - [13/Aug/2013:15:49:47 -0400] "GET /wordpress1/wp-content/plugins/flash-album-gallery/admin/js/swfobject.js?ver=2.2 HTTP/1.1" 200 11754 "http://jodyyoung.com/wordpress1/" "Mozilla/5.0 (Windows NT 5.1) AppleWebKit/537.36 (KHTML, like Gecko) Chrome/28.0.1500.95 Safari/537.36"
75.151.65.113 - - [13/Aug/2013:15:49:48 -0400] "GET /wordpress1/wp-content/ata-images/jyat-logo1.jpg HTTP/1.1" 200 10086 "http://jodyyoung.com/wordpress1/" "Mozilla/5.0 (Windows NT 5.1) AppleWebKit/537.36 (KHTML, like Gecko) Chrome/28.0.1500.95 Safari/537.36"
75.151.65.113 - - [13/Aug/2013:15:49:49 -0400] "GET /wordpress1/wp-content/themes/atahualpa/images/header/jyatHD14.jpg HTTP/1.1" 200 62950 "http://jodyyoung.com/wordpress1/" "Mozilla/5.0 (Windows NT 5.1) AppleWebKit/537.36 (KHTML, like Gecko) Chrome/28.0.1500.95 Safari/537.36"
137.175.68.233 - - [13/Aug/2013:17:09:50 -0400] "GET /wordpress1/guestbook/guestbook-archives/ HTTP/1.0" 200 70868 "http://jodyyoung.com/wordpress1/guestbook/guestbook-archives/" "Mozilla/5.0 (Windows NT 5.1; rv:13.0) Gecko/20100101 Firefox/13.0.1"
157.55.35.33 - - [13/Aug/2013:17:47:29 -0400] "GET /robots.txt HTTP/1.1" 404 575 "-" "Mozilla/5.0 (compatible; bingbot/2.0; +http://www.bing.com/bingbot.htm)"
66.249.75.184 - - [13/Aug/2013:18:11:32 -0400] "GET /wordpress1/wp-content/flagallery/utah-photos/p5260154ao.jpg HTTP/1.1" 200 384144 "-" "Googlebot-Image/1.0"
94.27.77.85 - - [13/Aug/2013:18:35:56 -0400] "GET /shariki=2091 HTTP/1.0" 404 575 "http://gamlasix.eklablog.fr/#10529" "Mozilla/5.0 (Windows NT 6.0) AppleWebKit/537.11 (KHTML, like Gecko) Chrome/23.0.1271.95 Safari/537.11"
66.249.72.122 - - [13/Aug/2013:19:19:10 -0400] "GET /robots.txt HTTP/1.1" 404 575 "-" "Mozilla/5.0 (compatible; Googlebot/2.1; +http://www.google.com/bot.html)"
66.249.72.184 - - [13/Aug/2013:20:50:47 -0400] "GET /wordpress1/wp-content/flagallery/utah-photos/pa008072ao.jpg HTTP/1.1" 200 465740 "-" "Googlebot-Image/1.0"
137.175.68.233 - - [13/Aug/2013:17:09:54 -0400] "POST /wordpress1/wp-comments-post.php HTTP/1.0" 500 4120 "http://jodyyoung.com/wordpress1/guestbook/guestbook-archives/" "Mozilla/5.0 (Windows NT 5.1; rv:13.0) Gecko/20100101 Firefox/13.0.1"
10.30.72.4 - - [13/Aug/2013:17:29:00 -0400] "POST /wordpress1/wp-cron.php?doing_wp_cron=1376429339.9564061164855957031250 HTTP/1.0" 200 - "-" "WordPress/3.5.2; http://jodyyoung.com/wordpress1"
65.55.213.68 - - [13/Aug/2013:13:09:03 -0400] "GET /wordpress1/2012/10/25/new-web-site/ HTTP/1.1" 200 60773 "-" "msnbot/2.0b (+http://search.msn.com/msnbot.htm)"
65.55.213.77 - - [13/Aug/2013:13:10:11 -0400] "GET /wordpress1/our-guides/ HTTP/1.1" 200 60593 "-" "msnbot/2.0b (+http://search.msn.com/msnbot.htm)"
198.2.208.203 - - [13/Aug/2013:00:42:40 -0400] "GET /wordpress1/guestbook/ HTTP/1.0" 200 59403 "http://jodyyoung.com/wordpress1/guestbook/" "Mozilla/5.0 (Windows NT 6.1; WOW64) AppleWebKit/537.11 (KHTML, like Gecko) Chrome/23.0.1271.64 Safari/537.11"
198.2.208.203 - - [13/Aug/2013:00:42:45 -0400] "POST /wordpress1/wp-comments-post.php HTTP/1.0" 500 4120 "http://jodyyoung.com/wordpress1/guestbook/" "Mozilla/5.0 (Windows NT 6.1; WOW64) AppleWebKit/537.11 (KHTML, like Gecko) Chrome/23.0.1271.64 Safari/537.11"
144.76.121.202 - - [13/Aug/2013:01:10:56 -0400] "GET /wordpress1/ HTTP/1.0" 200 58297 "-" "Mozilla/5.0 (compatible; MJ12bot/v1.4.3; http://www.majestic12.co.uk/bot.php?+)"
86.10.3.56 - - [13/Aug/2013:04:52:35 -0400] "GET /wordpress1/wp-content/plugins/flash-album-gallery/admin/js/jquery.js HTTP/1.1" 200 91363 "http://jodyyoung.com/wordpress1/flagallery/utah-photos/" "Mozilla/5.0 (iPhone; CPU iPhone OS 6_1_3 like Mac OS X) AppleWebKit/536.26 (KHTML, like Gecko) Version/6.0 Mobile/10B329 Safari/8536.25"
152.131.10.2 - - [13/Aug/2013:18:07:28 -0400] "GET /wordpress1/wp-content/plugins/flash-album-gallery/admin/js/jquery.js HTTP/1.1" 200 91363 "http://jodyyoung.com/wordpress1/flagallery/247-2/" "Mozilla/5.0 (compatible; MSIE 9.0; Windows NT 6.1; WOW64; Trident/5.0)"
152.131.10.2 - - [13/Aug/2013:18:07:29 -0400] "GET /wordpress1/wp-content/plugins/flash-album-gallery/admin/images/views.png HTTP/1.1" 200 251 "http://jodyyoung.com/wordpress1/flagallery/247-2/" "Mozilla/5.0 (compatible; MSIE 9.0; Windows NT 6.1; WOW64; Trident/5.0)"
152.131.10.2 - - [13/Aug/2013:18:07:30 -0400] "GET /wordpress1/wp-content/flagallery/alaska-photos/thumbs/thumbs_p8220168ao.jpg HTTP/1.1" 200 10810 "http://jodyyoung.com/wordpress1/wp-content/plugins/flagallery-skins/green_style/gallery.swf" "Mozilla/5.0 (compatible; MSIE 9.0; Windows NT 6.1; WOW64; Trident/5.0)"
152.131.10.2 - - [13/Aug/2013:18:07:30 -0400] "GET /wordpress1/wp-content/flagallery/alaska-photos/thumbs/thumbs_p8240235ao.jpg HTTP/1.1" 200 14308 "http://jodyyoung.com/wordpress1/wp-content/plugins/flagallery-skins/green_style/gallery.swf" "Mozilla/5.0 (compatible; MSIE 9.0; Windows NT 6.1; WOW64; Trident/5.0)"
152.131.10.2 - - [13/Aug/2013:18:07:30 -0400] "GET /wordpress1/wp-content/flagallery/alaska-photos/thumbs/thumbs_p8290436ao.jpg HTTP/1.1" 200 12053 "http://jodyyoung.com/wordpress1/wp-content/plugins/flagallery-skins/green_style/gallery.swf" "Mozilla/5.0 (compatible; MSIE 9.0; Windows NT 6.1; WOW64; Trident/5.0)"
152.131.10.2 - - [13/Aug/2013:18:07:31 -0400] "GET /wordpress1/wp-content/flagallery/alaska-photos/thumbs/thumbs_p8270344bo.jpg HTTP/1.1" 200 14020 "http://jodyyoung.com/wordpress1/wp-content/plugins/flagallery-skins/green_style/gallery.swf" "Mozilla/5.0 (compatible; MSIE 9.0; Windows NT 6.1; WOW64; Trident/5.0)"
152.131.10.2 - - [13/Aug/2013:18:07:31 -0400] "GET /wordpress1/wp-content/flagallery/alaska-photos/thumbs/thumbs_p8270339bo.jpg HTTP/1.1" 200 13919 "http://jodyyoung.com/wordpress1/wp-content/plugins/flagallery-skins/green_style/gallery.swf" "Mozilla/5.0 (compatible; MSIE 9.0; Windows NT 6.1; WOW64; Trident/5.0)"
152.131.10.2 - - [13/Aug/2013:18:07:31 -0400] "GET /wordpress1/wp-content/flagallery/alaska-photos/thumbs/thumbs_p8270321bo.jpg HTTP/1.1" 200 11496 "http://jodyyoung.com/wordpress1/wp-content/plugins/flagallery-skins/green_style/gallery.swf" "Mozilla/5.0 (compatible; MSIE 9.0; Windows NT 6.1; WOW64; Trident/5.0)"
152.131.10.2 - - [13/Aug/2013:18:07:31 -0400] "GET /wordpress1/wp-content/flagallery/alaska-photos/p8210113ao.jpg HTTP/1.1" 200 388001 "http://jodyyoung.com/wordpress1/wp-content/plugins/flagallery-skins/green_style/gallery.swf" "Mozilla/5.0 (compatible; MSIE 9.0; Windows NT 6.1; WOW64; Trident/5.0)"
152.131.10.2 - - [13/Aug/2013:18:08:03 -0400] "GET /scripts/user.js HTTP/1.1" 200 13146 "http://www.jodyyoung.com/utah.html" "Mozilla/5.0 (compatible; MSIE 9.0; Windows NT 6.1; WOW64; Trident/5.0)"
152.131.10.2 - - [13/Aug/2013:18:08:03 -0400] "GET /311/images/07a.jpg HTTP/1.1" 200 2735 "http://www.jodyyoung.com/utah.html" "Mozilla/5.0 (compatible; MSIE 9.0; Windows NT 6.1; WOW64; Trident/5.0)"
152.131.10.2 - - [13/Aug/2013:18:08:04 -0400] "GET /311/images/3/motif03.jpg HTTP/1.1" 200 18700 "http://www.jodyyoung.com/utah.html" "Mozilla/5.0 (compatible; MSIE 9.0; Windows NT 6.1; WOW64; Trident/5.0)"
152.131.10.2 - - [13/Aug/2013:18:08:04 -0400] "GET /311/images/03b.jpg HTTP/1.1" 200 2326 "http://www.jodyyoung.com/utah.html" "Mozilla/5.0 (compatible; MSIE 9.0; Windows NT 6.1; WOW64; Trident/5.0)"
152.131.10.2 - - [13/Aug/2013:18:08:04 -0400] "GET /311/images/08b.jpg HTTP/1.1" 200 2757 "http://www.jodyyoung.com/utah.html" "Mozilla/5.0 (compatible; MSIE 9.0; Windows NT 6.1; WOW64; Trident/5.0)"
152.131.10.2 - - [13/Aug/2013:18:08:38 -0400] "GET /wordpress1/our-guides/ HTTP/1.1" 200 61231 "http://www.google.com/url?sa=t&rct=j&q=jody%20young%20utah&source=web&cd=4&ved=0CDoQFjAD&url=http%3A%2F%2Fjodyyoung.com%2Fwordpress1%2Four-guides%2F&ei=A64KUu3BGsHh2AX_sYCYAg&usg=AFQjCNHUEDgoqyGK3wg8nO5neUsJZo6ZFg" "Mozilla/5.0 (compatible; MSIE 9.0; Windows NT 6.1; WOW64; Trident/5.0)"
152.131.10.2 - - [13/Aug/2013:18:08:40 -0400] "GET /wordpress1/wp-content/uploads/2011/11/g_otto.jpg HTTP/1.1" 200 23366 "http://jodyyoung.com/wordpress1/our-guides/" "Mozilla/5.0 (compatible; MSIE 9.0; Windows NT 6.1; WOW64; Trident/5.0)"
137.175.68.182 - - [13/Aug/2013:20:39:45 -0400] "POST /wordpress1/wp-comments-post.php HTTP/1.0" 500 4120 "http://jodyyoung.com/wordpress1/guestbook/" "Mozilla/4.0 (compatible; MSIE 8.0; Windows NT 5.2; Trident/4.0; .NET CLR 1.1.4322)"
220.181.108.152 - - [13/Aug/2013:22:29:21 -0400] "GET /wordpress1/wp-includes/js/jquery/jquery.js?ver=1.8.3 HTTP/1.1" 200 93658 "http://jodyyoung.com/wordpress1/connections/" "Mozilla/5.0 (X11; U; Linux x86_64; en-US; rv:1.9) Gecko Minefield/3.0"
68.49.249.200 - - [13/Aug/2013:07:50:09 -0400] "GET / HTTP/1.1" 301 244 "https://www.google.com/" "Mozilla/5.0 (Macintosh; Intel Mac OS X 10_6_8) AppleWebKit/537.36 (KHTML, like Gecko) Chrome/28.0.1500.95 Safari/537.36"
68.49.249.200 - - [13/Aug/2013:07:50:09 -0400] "GET /wordpress1/ HTTP/1.1" 301 - "https://www.google.com/" "Mozilla/5.0 (Macintosh; Intel Mac OS X 10_6_8) AppleWebKit/537.36 (KHTML, like Gecko) Chrome/28.0.1500.95 Safari/537.36"
10.30.72.4 - - [13/Aug/2013:08:31:10 -0400] "POST /wordpress1/wp-cron.php?doing_wp_cron=1376397070.0002250671386718750000 HTTP/1.0" 200 - "-" "WordPress/3.5.2; http://jodyyoung.com/wordpress1"
198.100.144.195 - - [13/Aug/2013:08:36:22 -0400] "POST /wordpress1/wp-comments-post.php HTTP/1.0" 500 4120 "http://jodyyoung.com/wordpress1/2013/05/09/more-desert-fun/" "Mozilla/5.0 (Windows NT 5.1; rv:14.0) Gecko/20100101 Firefox/14.0.1"
54.243.53.148 - - [13/Aug/2013:15:30:57 -0400] "GET / HTTP/1.1" 301 240 "http://www.google.com/" "Mozilla/5.0 (Windows; U; Windows NT 6.1; en-GB; rv:1.9.2) Gecko/20100115 Firefox/3.6"
91.236.75.77 - - [13/Aug/2013:16:10:28 -0400] "GET /guestbook.html HTTP/1.0" 200 8916 "http://www.jodyyoung.com/guestbook.html" "Mozilla/5.0 (Windows NT 5.1; rv:16.0) Gecko/20121026 Firefox/16.0 SeaMonkey/2.13.2"
216.137.230.37 - - [13/Aug/2013:12:34:32 -0400] "GET /wordpress1/wp-admin/css/colors-fresh.min.css?ver=3.5.2 HTTP/1.1" 200 36190 "http://jodyyoung.com/wordpress1/wp-login.php?redirect_to=http%3A%2F%2Fjodyyoung.com%2Fwordpress1%2Fwp-admin%2Fedit-comments.php%3Fcomment_status%3Dmoderated&reauth=1" "Mozilla/5.0 (Windows NT 6.1; WOW64; rv:22.0) Gecko/20100101 Firefox/22.0"
216.137.230.37 - - [13/Aug/2013:12:34:33 -0400] "GET /wordpress1/wp-content/plugins/flash-album-gallery/admin/js/swfobject.js?ver=2.2 HTTP/1.1" 200 11754 "http://jodyyoung.com/wordpress1/wp-login.php?redirect_to=http%3A%2F%2Fjodyyoung.com%2Fwordpress1%2Fwp-admin%2Fedit-comments.php%3Fcomment_status%3Dmoderated&reauth=1" "Mozilla/5.0 (Windows NT 6.1; WOW64; rv:22.0) Gecko/20100101 Firefox/22.0"
216.137.230.37 - - [13/Aug/2013:12:34:34 -0400] "GET /wordpress1/wp-admin/images/wordpress-logo.png?ver=20120216 HTTP/1.1" 200 2480 "http://jodyyoung.com/wordpress1/wp-admin/css/wp-admin.min.css?ver=3.5.2" "Mozilla/5.0 (Windows NT 6.1; WOW64; rv:22.0) Gecko/20100101 Firefox/22.0"
216.137.230.37 - - [13/Aug/2013:12:34:34 -0400] "GET /favicon.ico HTTP/1.1" 404 575 "-" "Mozilla/5.0 (Windows NT 6.1; WOW64; rv:22.0) Gecko/20100101 Firefox/22.0"
216.137.230.37 - - [13/Aug/2013:12:34:34 -0400] "GET /favicon.ico HTTP/1.1" 404 575 "-" "Mozilla/5.0 (Windows NT 6.1; WOW64; rv:22.0) Gecko/20100101 Firefox/22.0"
216.137.230.37 - - [13/Aug/2013:12:34:35 -0400] "GET /favicon.ico HTTP/1.1" 404 575 "-" "Mozilla/5.0 (Windows NT 6.1; WOW64; rv:22.0) Gecko/20100101 Firefox/22.0"
216.137.230.37 - - [13/Aug/2013:12:34:37 -0400] "POST /wordpress1/wp-login.php HTTP/1.1" 302 - "http://jodyyoung.com/wordpress1/wp-login.php?redirect_to=http%3A%2F%2Fjodyyoung.com%2Fwordpress1%2Fwp-admin%2Fedit-comments.php%3Fcomment_status%3Dmoderated&reauth=1" "Mozilla/5.0 (Windows NT 6.1; WOW64; rv:22.0) Gecko/20100101 Firefox/22.0"
216.137.230.37 - - [13/Aug/2013:12:34:59 -0400] "GET /wordpress1/wp-admin/edit-comments.php?comment_status=moderated HTTP/1.1" 200 97897 "http://jodyyoung.com/wordpress1/wp-login.php?redirect_to=http%3A%2F%2Fjodyyoung.com%2Fwordpress1%2Fwp-admin%2Fedit-comments.php%3Fcomment_status%3Dmoderated&reauth=1" "Mozilla/5.0 (Windows NT 6.1; WOW64; rv:22.0) Gecko/20100101 Firefox/22.0"
66.249.75.184 - - [13/Aug/2013:12:40:54 -0400] "GET /wordpress1/wp-content/flagallery/utah-photos/pa080043ao.jpg HTTP/1.1" 200 290936 "-" "Googlebot-Image/1.0"
65.55.213.68 - - [13/Aug/2013:13:09:07 -0400] "GET /wordpress1/2013/03/30/death-valley/ HTTP/1.1" 200 58721 "-" "msnbot/2.0b (+http://search.msn.com/msnbot.htm)"
65.55.213.68 - - [13/Aug/2013:13:10:05 -0400] "GET /wordpress1/connections/ HTTP/1.1" 200 60746 "-" "msnbot/2.0b (+http://search.msn.com/msnbot.htm)"
152.131.10.2 - - [13/Aug/2013:18:08:40 -0400] "GET /wordpress1/wp-content/uploads/2011/11/g_steve.jpg HTTP/1.1" 200 18583 "http://jodyyoung.com/wordpress1/our-guides/" "Mozilla/5.0 (compatible; MSIE 9.0; Windows NT 6.1; WOW64; Trident/5.0)"
192.95.41.220 - - [13/Aug/2013:18:15:25 -0400] "POST /wp-login.php HTTP/1.1" 404 575 "-" "Mozilla/5.0 (Windows NT 6.1) AppleWebKit/537.4 (KHTML, like Gecko) Chrome/22.0.1229.79 Safari/537.4"
192.95.41.220 - - [13/Aug/2013:18:15:25 -0400] "GET /administrator/ HTTP/1.1" 404 575 "-" "Mozilla/5.0 (Windows NT 6.1) AppleWebKit/537.4 (KHTML, like Gecko) Chrome/22.0.1229.79 Safari/537.4"
66.249.72.184 - - [13/Aug/2013:19:56:14 -0400] "GET /wordpress1/about-htm/ HTTP/1.1" 503 323 "-" "DoCoMo/2.0 N905i(c100;TB;W24H16) (compatible; Googlebot-Mobile/2.1; +http://www.google.com/bot.html)"
220.181.108.147 - - [13/Aug/2013:22:35:46 -0400] "GET /wordpress1/wp-content/plugins/flash-album-gallery/admin/js/swfaddress.js HTTP/1.1" 200 15916 "-" "Mozilla/5.0 (compatible; Baiduspider/2.0; +http://www.baidu.com/search/spider.html)"
152.131.10.2 - - [13/Aug/2013:18:07:14 -0400] "GET /wordpress1/ HTTP/1.1" 200 58293 "http://www.google.com/url?sa=t&rct=j&q=jody%20young%20utah&source=web&cd=2&ved=0CC8QFjAB&url=http%3A%2F%2Fwww.jodyyoung.com%2F&ei=A64KUu3BGsHh2AX_sYCYAg&usg=AFQjCNEh7rdsXP3gDndnvSbfPJnAthKUXg&bvm=bv.50500085,d.aWc" "Mozilla/5.0 (compatible; MSIE 9.0; Windows NT 6.1; WOW64; Trident/5.0)"
152.131.10.2 - - [13/Aug/2013:18:07:16 -0400] "GET /wordpress1/wp-content/plugins/kino-event-calendar-plugin/js/tools.tooltip-1.1.2.js HTTP/1.1" 200 8427 "http://jodyyoung.com/wordpress1/" "Mozilla/5.0 (compatible; MSIE 9.0; Windows NT 6.1; WOW64; Trident/5.0)"
152.131.10.2 - - [13/Aug/2013:18:07:16 -0400] "GET /wordpress1/wp-content/plugins/kino-event-calendar-plugin/js/tools.tooptip.slide-1.0.0.min.js HTTP/1.1" 200 1087 "http://jodyyoung.com/wordpress1/" "Mozilla/5.0 (compatible; MSIE 9.0; Windows NT 6.1; WOW64; Trident/5.0)"
152.131.10.2 - - [13/Aug/2013:18:07:16 -0400] "GET /wordpress1/wp-content/plugins/kino-event-calendar-plugin/css/calendar.css HTTP/1.1" 200 10091 "http://jodyyoung.com/wordpress1/" "Mozilla/5.0 (compatible; MSIE 9.0; Windows NT 6.1; WOW64; Trident/5.0)"
152.131.10.2 - - [13/Aug/2013:18:07:18 -0400] "GET /wordpress1/wp-content/ata-images/jyat-logo1.jpg HTTP/1.1" 200 10086 "http://jodyyoung.com/wordpress1/" "Mozilla/5.0 (compatible; MSIE 9.0; Windows NT 6.1; WOW64; Trident/5.0)"
152.131.10.2 - - [13/Aug/2013:18:07:18 -0400] "GET /wordpress1/wp-content/themes/atahualpa/images/inputbackgr.gif HTTP/1.1" 200 4765 "http://jodyyoung.com/wordpress1/" "Mozilla/5.0 (compatible; MSIE 9.0; Windows NT 6.1; WOW64; Trident/5.0)"
66.249.75.122 - - [13/Aug/2013:18:50:41 -0400] "GET /robots.txt HTTP/1.1" 404 575 "-" "Mozilla/5.0 (compatible; Googlebot/2.1; +http://www.google.com/bot.html)"
209.74.74.172 - - [13/Aug/2013:10:34:52 -0400] "GET /wordpress1/wp-content/flagallery/utah-photos/p9240101ao.jpg HTTP/1.1" 200 359505 "http://www.google.com/blank.html" "Mozilla/5.0 (Windows NT 6.0; rv:22.0) Gecko/20100101 Firefox/22.0"
68.49.249.200 - - [13/Aug/2013:07:50:14 -0400] "GET /wordpress1/wp-content/plugins/flash-album-gallery/admin/js/swfobject.js?ver=2.2 HTTP/1.1" 200 11754 "http://jodyyoung.com/wordpress1/" "Mozilla/5.0 (Macintosh; Intel Mac OS X 10_6_8) AppleWebKit/537.36 (KHTML, like Gecko) Chrome/28.0.1500.95 Safari/537.36"
68.49.249.200 - - [13/Aug/2013:07:50:14 -0400] "GET /wordpress1/wp-content/plugins/kino-event-calendar-plugin/js/tools.tooltip-1.1.2.js HTTP/1.1" 200 8427 "http://jodyyoung.com/wordpress1/" "Mozilla/5.0 (Macintosh; Intel Mac OS X 10_6_8) AppleWebKit/537.36 (KHTML, like Gecko) Chrome/28.0.1500.95 Safari/537.36"
68.49.249.200 - - [13/Aug/2013:07:50:15 -0400] "GET /wordpress1/wp-content/ata-images/jyat-logo1.jpg HTTP/1.1" 200 10086 "http://jodyyoung.com/wordpress1/" "Mozilla/5.0 (Macintosh; Intel Mac OS X 10_6_8) AppleWebKit/537.36 (KHTML, like Gecko) Chrome/28.0.1500.95 Safari/537.36"
68.49.249.200 - - [13/Aug/2013:07:50:16 -0400] "GET /wordpress1/wp-content/uploads/2011/11/JYATlogo.jpg HTTP/1.1" 200 14807 "http://jodyyoung.com/wordpress1/" "Mozilla/5.0 (Macintosh; Intel Mac OS X 10_6_8) AppleWebKit/537.36 (KHTML, like Gecko) Chrome/28.0.1500.95 Safari/537.36"
68.49.249.200 - - [13/Aug/2013:07:50:16 -0400] "GET /wordpress1/wp-content/themes/atahualpa/images/rss-gray.png HTTP/1.1" 200 379 "http://jodyyoung.com/wordpress1/" "Mozilla/5.0 (Macintosh; Intel Mac OS X 10_6_8) AppleWebKit/537.36 (KHTML, like Gecko) Chrome/28.0.1500.95 Safari/537.36"
110.85.68.57 - - [13/Aug/2013:03:24:32 -0400] "GET /wordpress1/guestbook/?sign=1 HTTP/1.0" 200 59408 "http://jodyyoung.com/wordpress1/guestbook/?sign=1" "Mozilla/5.0 (Windows NT 5.1) AppleWebKit/537.11 (KHTML, like Gecko) Chrome/23.0.1271.91 Safari/537.11"
86.10.3.56 - - [13/Aug/2013:04:17:10 -0400] "GET / HTTP/1.1" 301 244 "-" "Mozilla/5.0 (iPhone; CPU iPhone OS 6_1_3 like Mac OS X) AppleWebKit/536.26 (KHTML, like Gecko) Version/6.0 Mobile/10B329 Safari/8536.25"
86.10.3.56 - - [13/Aug/2013:04:17:10 -0400] "GET /wordpress1/ HTTP/1.1" 301 - "-" "Mozilla/5.0 (iPhone; CPU iPhone OS 6_1_3 like Mac OS X) AppleWebKit/536.26 (KHTML, like Gecko) Version/6.0 Mobile/10B329 Safari/8536.25"
86.10.3.56 - - [13/Aug/2013:04:17:20 -0400] "GET /wordpress1/wp-content/uploads/2012/10/P5210108ao-300x225.jpg HTTP/1.1" 200 26577 "http://jodyyoung.com/wordpress1/" "Mozilla/5.0 (iPhone; CPU iPhone OS 6_1_3 like Mac OS X) AppleWebKit/536.26 (KHTML, like Gecko) Version/6.0 Mobile/10B329 Safari/8536.25"
86.10.3.56 - - [13/Aug/2013:04:17:22 -0400] "GET /wordpress1/wp-content/themes/atahualpa/images/header/jyatHD07.jpg HTTP/1.1" 200 80690 "http://jodyyoung.com/wordpress1/" "Mozilla/5.0 (iPhone; CPU iPhone OS 6_1_3 like Mac OS X) AppleWebKit/536.26 (KHTML, like Gecko) Version/6.0 Mobile/10B329 Safari/8536.25"
86.10.3.56 - - [13/Aug/2013:04:52:00 -0400] "GET /wordpress1/2013/05/15/arches-canyonlands-again/ HTTP/1.1" 200 59234 "http://jodyyoung.com/wordpress1/" "Mozilla/5.0 (iPhone; CPU iPhone OS 6_1_3 like Mac OS X) AppleWebKit/536.26 (KHTML, like Gecko) Version/6.0 Mobile/10B329 Safari/8536.25"
86.10.3.56 - - [13/Aug/2013:04:52:35 -0400] "GET /wordpress1/wp-content/plugins/flash-album-gallery/admin/js/swfobject.js HTTP/1.1" 200 11754 "http://jodyyoung.com/wordpress1/flagallery/utah-photos/" "Mozilla/5.0 (iPhone; CPU iPhone OS 6_1_3 like Mac OS X) AppleWebKit/536.26 (KHTML, like Gecko) Version/6.0 Mobile/10B329 Safari/8536.25"
86.10.3.56 - - [13/Aug/2013:04:52:36 -0400] "GET /wordpress1/wp-content/plugins/flash-album-gallery/admin/js/swfaddress.js HTTP/1.1" 200 15916 "http://jodyyoung.com/wordpress1/flagallery/utah-photos/" "Mozilla/5.0 (iPhone; CPU iPhone OS 6_1_3 like Mac OS X) AppleWebKit/536.26 (KHTML, like Gecko) Version/6.0 Mobile/10B329 Safari/8536.25"
86.10.3.56 - - [13/Aug/2013:04:52:38 -0400] "GET /wordpress1/wp-content/plugins/flash-album-gallery/admin/js/script.js HTTP/1.1" 200 12897 "http://jodyyoung.com/wordpress1/flagallery/utah-photos/" "Mozilla/5.0 (iPhone; CPU iPhone OS 6_1_3 like Mac OS X) AppleWebKit/536.26 (KHTML, like Gecko) Version/6.0 Mobile/10B329 Safari/8536.25"
86.10.3.56 - - [13/Aug/2013:04:52:38 -0400] "GET /wordpress1/wp-content/plugins/flash-album-gallery/admin/js/flagscroll.js HTTP/1.1" 200 955 "http://jodyyoung.com/wordpress1/flagallery/utah-photos/" "Mozilla/5.0 (iPhone; CPU iPhone OS 6_1_3 like Mac OS X) AppleWebKit/536.26 (KHTML, like Gecko) Version/6.0 Mobile/10B329 Safari/8536.25"
86.10.3.56 - - [13/Aug/2013:04:52:39 -0400] "GET /wordpress1/wp-content/plugins/flash-album-gallery/admin/js/photoswipe/code.photoswipe.jquery-3.0.5.min.js HTTP/1.1" 200 77126 "http://jodyyoung.com/wordpress1/flagallery/utah-photos/" "Mozilla/5.0 (iPhone; CPU iPhone OS 6_1_3 like Mac OS X) AppleWebKit/536.26 (KHTML, like Gecko) Version/6.0 Mobile/10B329 Safari/8536.25"
66.249.75.184 - - [13/Aug/2013:15:39:54 -0400] "GET /wordpress1/wp-content/flagallery/utah-photos/img_0442ao.jpg HTTP/1.1" 200 366730 "-" "Googlebot-Image/1.0"
66.249.72.184 - - [13/Aug/2013:22:13:25 -0400] "GET /wordpress1/wp-content/flagallery/alaska-photos/p8240197ao.jpg HTTP/1.1" 200 366996 "-" "Googlebot-Image/1.0"
144.76.121.202 - - [13/Aug/2013:02:01:15 -0400] "GET / HTTP/1.0" 301 244 "-" "Mozilla/5.0 (compatible; MJ12bot/v1.4.3; http://www.majestic12.co.uk/bot.php?+)"
123.125.71.101 - - [13/Aug/2013:22:49:06 -0400] "GET /wordpress1/wp-content/plugins/kino-event-calendar-plugin/js/tools.tooptip.slide-1.0.0.min.js HTTP/1.1" 200 1087 "-" "Mozilla/5.0 (compatible; Baiduspider/2.0; +http://www.baidu.com/search/spider.html)"
112.5.234.18 - - [13/Aug/2013:23:41:19 -0400] "POST /wordpress1/wp-comments-post.php HTTP/1.0" 500 4120 "http://jodyyoung.com/wordpress1/guestbook/" "Opera/7.11 (Windows NT 5.1; U) [en]"
199.30.16.53 - - [13/Aug/2013:08:12:08 -0400] "GET /wordpress1/wp-content/flagallery/jodys-world/s1060002a.jpg HTTP/1.1" 200 420577 "-" "msnbot-media/1.1 (+http://search.msn.com/msnbot.htm)"
69.201.129.184 - - [13/Aug/2013:15:38:45 -0400] "GET /wordpress1/wp-content/plugins/flash-album-gallery/admin/js/swfobject.js?ver=2.2 HTTP/1.1" 200 11754 "http://jodyyoung.com/wordpress1/our-guides/" "Mozilla/5.0 (Macintosh; Intel Mac OS X 10_8_4) AppleWebKit/536.30.1 (KHTML, like Gecko) Version/6.0.5 Safari/536.30.1"
94.27.77.85 - - [13/Aug/2013:17:44:04 -0400] "GET /wordpress1/guestbook/ HTTP/1.0" 200 59399 "http://jodyyoung.com/wordpress1/guestbook/" "Mozilla/5.0 (Windows NT 6.0) AppleWebKit/537.11 (KHTML, like Gecko) Chrome/23.0.1271.91 Safari/537.11"
216.137.230.37 - - [13/Aug/2013:12:36:04 -0400] "GET /wordpress1/wp-includes/css/buttons.min.css?ver=3.5.2 HTTP/1.1" 304 - "http://jodyyoung.com/wordpress1/wp-login.php?loggedout=true" "Mozilla/5.0 (Windows NT 6.1; WOW64; rv:22.0) Gecko/20100101 Firefox/22.0"
152.131.10.2 - - [13/Aug/2013:18:07:28 -0400] "GET /wordpress1/wp-content/plugins/flash-album-gallery/admin/js/swfobject.js HTTP/1.1" 200 11754 "http://jodyyoung.com/wordpress1/flagallery/247-2/" "Mozilla/5.0 (compatible; MSIE 9.0; Windows NT 6.1; WOW64; Trident/5.0)"
152.131.10.2 - - [13/Aug/2013:18:07:29 -0400] "GET /wordpress1/wp-content/plugins/flagallery-skins/green_style/gallery.swf HTTP/1.1" 200 78581 "http://jodyyoung.com/wordpress1/flagallery/247-2/" "Mozilla/5.0 (compatible; MSIE 9.0; Windows NT 6.1; WOW64; Trident/5.0)"
152.131.10.2 - - [13/Aug/2013:18:07:30 -0400] "GET /wordpress1/wp-content/flagallery/alaska-photos/thumbs/thumbs_p8230178ao.jpg HTTP/1.1" 200 16825 "http://jodyyoung.com/wordpress1/wp-content/plugins/flagallery-skins/green_style/gallery.swf" "Mozilla/5.0 (compatible; MSIE 9.0; Windows NT 6.1; WOW64; Trident/5.0)"
152.131.10.2 - - [13/Aug/2013:18:07:30 -0400] "GET /wordpress1/wp-content/flagallery/alaska-photos/thumbs/thumbs_p8240217ao.jpg HTTP/1.1" 200 9836 "http://jodyyoung.com/wordpress1/wp-content/plugins/flagallery-skins/green_style/gallery.swf" "Mozilla/5.0 (compatible; MSIE 9.0; Windows NT 6.1; WOW64; Trident/5.0)"
152.131.10.2 - - [13/Aug/2013:18:07:30 -0400] "GET /wordpress1/wp-content/flagallery/alaska-photos/thumbs/thumbs_p8270358ao.jpg HTTP/1.1" 200 12971 "http://jodyyoung.com/wordpress1/wp-content/plugins/flagallery-skins/green_style/gallery.swf" "Mozilla/5.0 (compatible; MSIE 9.0; Windows NT 6.1; WOW64; Trident/5.0)"
152.131.10.2 - - [13/Aug/2013:18:07:31 -0400] "GET /wordpress1/wp-content/flagallery/alaska-photos/thumbs/thumbs_p8290380bo.jpg HTTP/1.1" 200 8498 "http://jodyyoung.com/wordpress1/wp-content/plugins/flagallery-skins/green_style/gallery.swf" "Mozilla/5.0 (compatible; MSIE 9.0; Windows NT 6.1; WOW64; Trident/5.0)"
152.131.10.2 - - [13/Aug/2013:18:07:31 -0400] "GET /wordpress1/wp-content/flagallery/alaska-photos/thumbs/thumbs_p8270326bo.jpg HTTP/1.1" 200 19208 "http://jodyyoung.com/wordpress1/wp-content/plugins/flagallery-skins/green_style/gallery.swf" "Mozilla/5.0 (compatible; MSIE 9.0; Windows NT 6.1; WOW64; Trident/5.0)"
152.131.10.2 - - [13/Aug/2013:18:07:31 -0400] "GET /wordpress1/wp-content/flagallery/alaska-photos/thumbs/thumbs_p8260283bo.jpg HTTP/1.1" 200 15215 "http://jodyyoung.com/wordpress1/wp-content/plugins/flagallery-skins/green_style/gallery.swf" "Mozilla/5.0 (compatible; MSIE 9.0; Windows NT 6.1; WOW64; Trident/5.0)"
152.131.10.2 - - [13/Aug/2013:18:07:34 -0400] "POST /wordpress1/wp-content/plugins/flash-album-gallery/lib/hitcounter.php HTTP/1.1" 200 7 "http://jodyyoung.com/wordpress1/wp-content/plugins/flagallery-skins/green_style/gallery.swf" "Mozilla/5.0 (compatible; MSIE 9.0; Windows NT 6.1; WOW64; Trident/5.0)"
112.5.234.92 - - [13/Aug/2013:10:46:34 -0400] "GET /wordpress1/gallery/ HTTP/1.1" 200 83260 "-" "Mozilla/4.0 (compatible; MSIE 6.0; Windows NT 5.1; SV1; TencentTraveler ; Mozilla/4.0 (compatible; MSIE 6.0; Windows NT 5.1; SV1) ; .NET CLR 2.0.50727)"
86.10.3.56 - - [13/Aug/2013:04:17:20 -0400] "GET /wordpress1/wp-content/ata-images/jyat-logo1.jpg HTTP/1.1" 200 10086 "http://jodyyoung.com/wordpress1/" "Mozilla/5.0 (iPhone; CPU iPhone OS 6_1_3 like Mac OS X) AppleWebKit/536.26 (KHTML, like Gecko) Version/6.0 Mobile/10B329 Safari/8536.25"
86.10.3.56 - - [13/Aug/2013:04:17:22 -0400] "GET /wordpress1/wp-content/themes/atahualpa/images/inputbackgr.gif HTTP/1.1" 200 4765 "http://jodyyoung.com/wordpress1/" "Mozilla/5.0 (iPhone; CPU iPhone OS 6_1_3 like Mac OS X) AppleWebKit/536.26 (KHTML, like Gecko) Version/6.0 Mobile/10B329 Safari/8536.25"
86.10.3.56 - - [13/Aug/2013:04:52:12 -0400] "GET /wordpress1/wp-content/plugins/kino-event-calendar-plugin/rpc.php?action=get_events&start=1374966000000&end=1378594800000&event_id=null HTTP/1.1" 200 3609 "http://jodyyoung.com/wordpress1/2013/05/15/arches-canyonlands-again/" "Mozilla/5.0 (iPhone; CPU iPhone OS 6_1_3 like Mac OS X) AppleWebKit/536.26 (KHTML, like Gecko) Version/6.0 Mobile/10B329 Safari/8536.25"
216.137.230.37 - - [13/Aug/2013:12:34:20 -0400] "GET /wordpress1/wp-content/plugins/flash-album-gallery/admin/js/swfaddress.js?ver=2.4 HTTP/1.1" 200 15916 "http://jodyyoung.com/wordpress1/wp-login.php?redirect_to=http%3A%2F%2Fjodyyoung.com%2Fwordpress1%2Fwp-admin%2Fedit-comments.php%3Fcomment_status%3Dmoderated&reauth=1" "Mozilla/5.0 (Windows NT 6.1; WOW64; rv:22.0) Gecko/20100101 Firefox/22.0"
216.137.230.37 - - [13/Aug/2013:12:35:08 -0400] "GET /wordpress1/wp-includes/css/editor.min.css?ver=3.5.2 HTTP/1.1" 200 44756 "http://jodyyoung.com/wordpress1/wp-admin/edit-comments.php?comment_status=moderated" "Mozilla/5.0 (Windows NT 6.1; WOW64; rv:22.0) Gecko/20100101 Firefox/22.0"
216.137.230.37 - - [13/Aug/2013:12:35:10 -0400] "GET /wordpress1/wp-admin/images/sort.gif HTTP/1.1" 200 54 "http://jodyyoung.com/wordpress1/wp-admin/load-styles.php?c=1&dir=ltr&load=admin-bar,wp-admin,buttons&ver=3.5.2" "Mozilla/5.0 (Windows NT 6.1; WOW64; rv:22.0) Gecko/20100101 Firefox/22.0"
65.55.213.68 - - [13/Aug/2013:13:08:56 -0400] "GET /wordpress1/utah/ HTTP/1.1" 200 66690 "-" "msnbot/2.0b (+http://search.msn.com/msnbot.htm)"
65.55.213.68 - - [13/Aug/2013:13:09:15 -0400] "GET /wordpress1/2013/04/13/arches-canyonlands/ HTTP/1.1" 200 59163 "-" "msnbot/2.0b (+http://search.msn.com/msnbot.htm)"
10.30.72.4 - - [13/Aug/2013:14:44:55 -0400] "POST /wordpress1/wp-cron.php?doing_wp_cron=1376419495.2023069858551025390625 HTTP/1.0" 200 - "-" "WordPress/3.5.2; http://jodyyoung.com/wordpress1"
