0byt3m1n1
Path:
/
data
/
0
/
0
/
69
/
144
/
69470
/
meta
/
70706
/
logs
/
[
Home
]
File: x-access_log.2013-08-13
218.86.50.182 - - [13/Aug/2013:17:15:47 -0400] "POST /wordpress1/wp-comments-post.php HTTP/1.0" 500 4120 "http://jodyyoung.com/wordpress1/guestbook/" "Opera/9.80 (Windows NT 6.1; WOW64; U; Edition Next; Edition Yx; ru) Presto/2.11.310 Version/12.50"
216.137.230.37 - - [13/Aug/2013:12:35:48 -0400] "GET /wordpress1/wp-admin/edit-comments.php?s=&comment_status=moderated&pagegen_timestamp=2013-08-13+16%3A35%3A01&_total=9&_per_page=20&_page=1&_ajax_fetch_list_nonce=4b7bcbf834&_wp_http_referer=%2Fwordpress1%2Fwp-admin%2Fedit-comments.php%3Fcomment_status%3Dmoderated&_wpnonce=f8fa83b5d5&_wp_http_referer=%2Fwordpress1%2Fwp-admin%2Fedit-comments.php%3Fcomment_status%3Dmoderated&action=-1&comment_type=&paged=1&delete_comments%5B%5D=368&delete_comments%5B%5D=367&delete_comments%5B%5D=366&delete_comments%5B%5D=365&delete_comments%5B%5D=364&delete_comments%5B%5D=363&delete_comments%5B%5D=362&delete_comments%5B%5D=361&delete_comments%5B%5D=360&action2=spam HTTP/1.1" 302 - "http://jodyyoung.com/wordpress1/wp-admin/edit-comments.php?comment_status=moderated" "Mozilla/5.0 (Windows NT 6.1; WOW64; rv:22.0) Gecko/20100101 Firefox/22.0"
216.137.230.37 - - [13/Aug/2013:12:35:54 -0400] "GET /wordpress1/wp-admin/edit-comments.php?comment_status=moderated&paged=1&spammed=9&ids=368,367,366,365,364,363,362,361,360 HTTP/1.1" 200 42314 "http://jodyyoung.com/wordpress1/wp-admin/edit-comments.php?comment_status=moderated" "Mozilla/5.0 (Windows NT 6.1; WOW64; rv:22.0) Gecko/20100101 Firefox/22.0"
216.137.230.37 - - [13/Aug/2013:12:36:04 -0400] "GET /wordpress1/wp-content/plugins/flash-album-gallery/admin/js/swfaddress.js?ver=2.4 HTTP/1.1" 304 - "http://jodyyoung.com/wordpress1/wp-login.php?loggedout=true" "Mozilla/5.0 (Windows NT 6.1; WOW64; rv:22.0) Gecko/20100101 Firefox/22.0"
65.55.213.68 - - [13/Aug/2013:13:09:43 -0400] "GET /wordpress1/colorado/ HTTP/1.1" 200 61954 "-" "msnbot/2.0b (+http://search.msn.com/msnbot.htm)"
177.98.75.169 - - [13/Aug/2013:13:50:30 -0400] "GET /wordpress1/wp-content/flagallery/jodys-world/s1030028a.jpg HTTP/1.1" 200 390616 "http://www.google.com.br/blank.html" "Mozilla/5.0 (Windows NT 6.2; WOW64) AppleWebKit/537.36 (KHTML, like Gecko) Chrome/28.0.1500.95 Safari/537.36"
66.249.75.184 - - [13/Aug/2013:04:49:19 -0400] "GET /wordpress1/2013/05/09/more-desert-fun/ HTTP/1.1" 200 59055 "-" "Mozilla/5.0 (iPhone; U; CPU iPhone OS 4_1 like Mac OS X; en-us) AppleWebKit/532.9 (KHTML, like Gecko) Version/4.0.5 Mobile/8B117 Safari/6531.22.7 (compatible; Googlebot-Mobile/2.1; +http://www.google.com/bot.html)"
10.30.72.4 - - [13/Aug/2013:04:49:21 -0400] "POST /wordpress1/wp-cron.php?doing_wp_cron=1376383760.9541449546813964843750 HTTP/1.0" 200 - "-" "WordPress/3.5.2; http://jodyyoung.com/wordpress1"
218.30.103.156 - - [13/Aug/2013:05:47:39 -0400] "GET / HTTP/1.1" 301 244 "-" "Sogou web spider/4.0(+http://www.sogou.com/docs/help/webmasters.htm#07)"
68.49.249.200 - - [13/Aug/2013:07:50:14 -0400] "GET /wordpress1/wp-content/themes/atahualpa/js/DD_roundies.js?ver=0.0.2a HTTP/1.1" 200 16853 "http://jodyyoung.com/wordpress1/" "Mozilla/5.0 (Macintosh; Intel Mac OS X 10_6_8) AppleWebKit/537.36 (KHTML, like Gecko) Chrome/28.0.1500.95 Safari/537.36"
68.49.249.200 - - [13/Aug/2013:07:50:15 -0400] "GET /wordpress1/wp-content/plugins/kino-event-calendar-plugin/js/calendar.js HTTP/1.1" 200 79688 "http://jodyyoung.com/wordpress1/" "Mozilla/5.0 (Macintosh; Intel Mac OS X 10_6_8) AppleWebKit/537.36 (KHTML, like Gecko) Chrome/28.0.1500.95 Safari/537.36"
68.49.249.200 - - [13/Aug/2013:07:50:16 -0400] "GET /wordpress1/wp-content/themes/atahualpa/images/comment-gray.png HTTP/1.1" 200 296 "http://jodyyoung.com/wordpress1/" "Mozilla/5.0 (Macintosh; Intel Mac OS X 10_6_8) AppleWebKit/537.36 (KHTML, like Gecko) Chrome/28.0.1500.95 Safari/537.36"
65.55.213.68 - - [13/Aug/2013:08:33:46 -0400] "GET / HTTP/1.1" 301 244 "-" "msnbot/2.0b (+http://search.msn.com/msnbot.htm)"
10.30.72.4 - - [13/Aug/2013:10:46:36 -0400] "POST /wordpress1/wp-cron.php?doing_wp_cron=1376405196.3946089744567871093750 HTTP/1.0" 200 - "-" "WordPress/3.5.2; http://jodyyoung.com/wordpress1"
98.192.82.93 - - [13/Aug/2013:23:33:47 -0400] "GET /wordpress1/wp-content/plugins/flash-album-gallery/admin/js/swfaddress.js?ver=2.4 HTTP/1.1" 200 15916 "http://jodyyoung.com/wordpress1/" "Mozilla/5.0 (iPad; CPU OS 5_1_1 like Mac OS X) AppleWebKit/534.46 (KHTML, like Gecko) Version/5.1 Mobile/9B206 Safari/7534.48.3"
98.192.82.93 - - [13/Aug/2013:23:33:48 -0400] "GET /wordpress1/wp-content/themes/atahualpa/images/inputbackgr.gif HTTP/1.1" 200 4765 "http://jodyyoung.com/wordpress1/" "Mozilla/5.0 (iPad; CPU OS 5_1_1 like Mac OS X) AppleWebKit/534.46 (KHTML, like Gecko) Version/5.1 Mobile/9B206 Safari/7534.48.3"
142.0.139.162 - - [13/Aug/2013:18:02:58 -0400] "GET / HTTP/1.0" 301 240 "http://jodyyoung.com/" "Mozilla/5.0 (Windows; U; Windows NT 5.1; ru; rv:1.9.0.19) Gecko/2010031422 Firefox/3.0.19 YB/3.5.1 (.NET CLR 3.5.30729)"
152.131.10.2 - - [13/Aug/2013:18:07:16 -0400] "GET /wordpress1/wp-content/plugins/flash-album-gallery/admin/js/swfaddress.js?ver=2.4 HTTP/1.1" 200 15916 "http://jodyyoung.com/wordpress1/" "Mozilla/5.0 (compatible; MSIE 9.0; Windows NT 6.1; WOW64; Trident/5.0)"
152.131.10.2 - - [13/Aug/2013:18:07:16 -0400] "GET /wordpress1/wp-content/plugins/kino-event-calendar-plugin/js/main.js HTTP/1.1" 200 1105 "http://jodyyoung.com/wordpress1/" "Mozilla/5.0 (compatible; MSIE 9.0; Windows NT 6.1; WOW64; Trident/5.0)"
152.131.10.2 - - [13/Aug/2013:18:07:16 -0400] "GET /wordpress1/wp-content/plugins/kino-event-calendar-plugin/css/ie.css HTTP/1.1" 200 38 "http://jodyyoung.com/wordpress1/" "Mozilla/5.0 (compatible; MSIE 9.0; Windows NT 6.1; WOW64; Trident/5.0)"
152.131.10.2 - - [13/Aug/2013:18:07:19 -0400] "GET /wordpress1/wp-content/ata-images/jody-tvl.ico HTTP/1.1" 200 894 "-" "Mozilla/5.0 (compatible; MSIE 9.0; Windows NT 6.1; WOW64; Trident/5.0)"
152.131.10.2 - - [13/Aug/2013:18:07:18 -0400] "GET /wordpress1/wp-content/plugins/kino-event-calendar-plugin/rpc.php?action=get_events&start=1374991200000&end=1378620000000&event_id=null HTTP/1.1" 200 3609 "http://jodyyoung.com/wordpress1/" "Mozilla/5.0 (compatible; MSIE 9.0; Windows NT 6.1; WOW64; Trident/5.0)"
142.0.139.162 - - [13/Aug/2013:18:35:04 -0400] "POST /wordpress1/wp-comments-post.php HTTP/1.0" 302 - "http://jodyyoung.com/wordpress1/guestbook/guestbook-archives/#comment-304" "Mozilla/5.0 (Windows NT 6.1) AppleWebKit/537.4 (KHTML, like Gecko) Chrome/22.0.1229.94 Safari/537.4"
66.249.75.122 - - [13/Aug/2013:18:50:43 -0400] "GET / HTTP/1.1" 301 244 "-" "Mozilla/5.0 (compatible; Googlebot/2.1; +http://www.google.com/bot.html)"
66.249.75.184 - - [13/Aug/2013:18:50:45 -0400] "GET /wordpress1/ HTTP/1.1" 200 57655 "-" "Mozilla/5.0 (compatible; Googlebot/2.1; +http://www.google.com/bot.html)"
216.137.230.37 - - [13/Aug/2013:12:35:02 -0400] "GET /wordpress1/wp-content/plugins/preserved-html-editor-markup/admin.js?v=1.5&ver=3.5.2 HTTP/1.1" 200 17069 "http://jodyyoung.com/wordpress1/wp-admin/edit-comments.php?comment_status=moderated" "Mozilla/5.0 (Windows NT 6.1; WOW64; rv:22.0) Gecko/20100101 Firefox/22.0"
216.137.230.37 - - [13/Aug/2013:12:35:04 -0400] "GET /wordpress1/wp-admin/images/arrows.png HTTP/1.1" 200 243 "http://jodyyoung.com/wordpress1/wp-admin/css/colors-fresh.min.css?ver=3.5.2" "Mozilla/5.0 (Windows NT 6.1; WOW64; rv:22.0) Gecko/20100101 Firefox/22.0"
216.137.230.37 - - [13/Aug/2013:12:35:04 -0400] "GET /wordpress1/wp-includes/images/smilies/icon_smile.gif HTTP/1.1" 200 174 "http://jodyyoung.com/wordpress1/wp-admin/edit-comments.php?comment_status=moderated" "Mozilla/5.0 (Windows NT 6.1; WOW64; rv:22.0) Gecko/20100101 Firefox/22.0"
66.249.75.184 - - [13/Aug/2013:14:04:32 -0400] "GET /wordpress1/flagallery/colorado-scenes/ HTTP/1.1" 200 10316 "-" "Mozilla/5.0 (iPhone; U; CPU iPhone OS 4_1 like Mac OS X; en-us) AppleWebKit/532.9 (KHTML, like Gecko) Version/4.0.5 Mobile/8B117 Safari/6531.22.7 (compatible; Googlebot-Mobile/2.1; +http://www.google.com/bot.html)"
122.106.124.234 - - [13/Aug/2013:07:46:27 -0400] "GET /wordpress1/wp-content/uploads/2011/11/l_campak.jpg HTTP/1.1" 200 31116 "-" "Mozilla/5.0 (iPad; CPU OS 6_0_1 like Mac OS X) AppleWebKit/536.26 (KHTML, like Gecko) Version/6.0 Mobile/10A523 Safari/8536.25"
199.187.122.91 - - [13/Aug/2013:07:56:30 -0400] "GET /wordpress1/flagallery/colorado-scenes/ HTTP/1.1" 200 12312 "-" "Mozilla/4.0 (compatible; MSIE 6.0; Windows NT 5.1; SV1; .NET CLR 2.0.50727)"
199.187.122.91 - - [13/Aug/2013:07:56:48 -0400] "GET /wordpress1/comments/feed/ HTTP/1.1" 200 3283 "-" "Mozilla/4.0 (compatible; MSIE 6.0; Windows NT 5.1; SV1; .NET CLR 2.0.50727)"
65.55.213.68 - - [13/Aug/2013:08:34:19 -0400] "GET /wordpress1/ HTTP/1.0" 200 57655 "-" "msnbot/2.0b (+http://search.msn.com/msnbot.htm)"
66.249.75.184 - - [13/Aug/2013:15:15:28 -0400] "GET /wordpress1/wp-content/flagallery/utah-photos/pa100010ao.jpg HTTP/1.1" 200 266836 "-" "Googlebot-Image/1.0"
69.201.129.184 - - [13/Aug/2013:15:38:51 -0400] "GET /wordpress1/wp-content/ata-images/jody-tvl.ico HTTP/1.1" 200 894 "http://jodyyoung.com/wordpress1/our-guides/" "Mozilla/5.0 (Macintosh; Intel Mac OS X 10_8_4) AppleWebKit/536.30.1 (KHTML, like Gecko) Version/6.0.5 Safari/536.30.1"
173.217.91.125 - - [13/Aug/2013:17:12:06 -0400] "GET /wordpress1/wp-content/flagallery/jodys-world/pa160020ao.jpg HTTP/1.1" 200 392638 "-" "Mozilla/5.0 (Windows NT 6.1; WOW64) AppleWebKit/537.36 (KHTML, like Gecko) Chrome/28.0.1500.95 Safari/537.36"
152.131.10.2 - - [13/Aug/2013:18:08:40 -0400] "GET /wordpress1/wp-content/uploads/2011/11/g_jody.jpg HTTP/1.1" 200 20687 "http://jodyyoung.com/wordpress1/our-guides/" "Mozilla/5.0 (compatible; MSIE 9.0; Windows NT 6.1; WOW64; Trident/5.0)"
10.30.72.4 - - [13/Aug/2013:20:39:43 -0400] "POST /wordpress1/wp-cron.php?doing_wp_cron=1376440783.3422040939331054687500 HTTP/1.0" 200 - "-" "WordPress/3.5.2; http://jodyyoung.com/wordpress1"
123.125.71.23 - - [13/Aug/2013:22:12:27 -0400] "GET /wordpress1/alaska/ HTTP/1.1" 200 61099 "-" "Mozilla/5.0 (compatible; Baiduspider/2.0; +http://www.baidu.com/search/spider.html)"
220.181.108.161 - - [13/Aug/2013:22:29:34 -0400] "GET /wordpress1/wp-content/plugins/kino-event-calendar-plugin/js/tools.tooptip.slide-1.0.0.min.js HTTP/1.1" 200 1087 "http://jodyyoung.com/wordpress1/connections/" "Mozilla/5.0 (X11; U; Linux x86_64; en-US; rv:1.9) Gecko Minefield/3.0"
220.181.108.122 - - [13/Aug/2013:22:29:35 -0400] "GET /wordpress1/wp-content/plugins/kino-event-calendar-plugin/js/tools.tooltip.dynamic-1.0.1.min.js HTTP/1.1" 200 1928 "http://jodyyoung.com/wordpress1/connections/" "Mozilla/5.0 (X11; U; Linux x86_64; en-US; rv:1.9) Gecko Minefield/3.0"
178.137.162.213 - - [13/Aug/2013:15:22:02 -0400] "POST /wordpress1/wp-comments-post.php HTTP/1.0" 500 4120 "http://jodyyoung.com/wordpress1/guestbook/" "Mozilla/5.0 (Windows NT 5.1) AppleWebKit/535.2 (KHTML, like Gecko) Chrome/15.0.874.121 Safari/535.2"
142.0.139.162 - - [13/Aug/2013:16:56:11 -0400] "GET /wordpress1/guestbook/guestbook-archives/ HTTP/1.0" 200 94233 "http://jodyyoung.com/wordpress1/guestbook/guestbook-archives/#comment-374" "Opera/9.80 (Windows NT 6.1; WOW64; U; ru) Presto/2.10.289 Version/12.02"
85.237.227.46 - - [13/Aug/2013:05:27:42 -0400] "GET /wordpress1/wp-content/flagallery/alaska-photos/p8240215ao.jpg HTTP/1.1" 200 396551 "http://www.google.sk/search?q=coldfoot+alaska&tbm=isch&tbo=u&source=univ&sa=X&ei=wvsJUpucMorCPNPOgfgO&ved=0CDEQsAQ&biw=683&bih=375" "Mozilla/5.0 (Linux; U; Android 2.3.5; sk-sk; V9A Build/GINGERBREAD) AppleWebKit/533.1 (KHTML, like Gecko) Version/4.0 Mobile Safari/533.1"
193.105.210.216 - - [13/Aug/2013:07:42:19 -0400] "POST /wordpress1/wp-comments-post.php HTTP/1.0" 503 323 "http://jodyyoung.com/wordpress1/2013/04/13/arches-canyonlands/" "Opera/9.80 (Windows NT 6.1; WOW64; MRA 8.0 (build 5880)) Presto/2.12.388 Version/12.11"
199.187.122.91 - - [13/Aug/2013:07:56:01 -0400] "GET /wordpress1/guestbook/ HTTP/1.1" 200 59405 "-" "Mozilla/4.0 (compatible; MSIE 6.0; Windows NT 5.1; SV1; .NET CLR 2.0.50727)"
199.187.122.91 - - [13/Aug/2013:07:56:24 -0400] "GET /shariki=1728 HTTP/1.1" 404 575 "-" "Mozilla/4.0 (compatible; MSIE 6.0; Windows NT 5.1; SV1; .NET CLR 2.0.50727)"
65.55.213.68 - - [13/Aug/2013:13:07:40 -0400] "GET /wordpress1/comments/feed/ HTTP/1.1" 200 3283 "-" "msnbot/2.0b (+http://search.msn.com/msnbot.htm)"
65.55.213.68 - - [13/Aug/2013:13:09:01 -0400] "GET /wordpress1/wp-login.php HTTP/1.1" 200 2779 "-" "msnbot/2.0b (+http://search.msn.com/msnbot.htm)"
65.55.213.68 - - [13/Aug/2013:13:09:56 -0400] "GET /wordpress1/guestbook/guestbook-archives/ HTTP/1.1" 200 70226 "-" "msnbot/2.0b (+http://search.msn.com/msnbot.htm)"
86.10.3.56 - - [13/Aug/2013:04:17:20 -0400] "GET /wordpress1/wp-content/uploads/2011/11/JYATlogo.jpg HTTP/1.1" 200 14807 "http://jodyyoung.com/wordpress1/" "Mozilla/5.0 (iPhone; CPU iPhone OS 6_1_3 like Mac OS X) AppleWebKit/536.26 (KHTML, like Gecko) Version/6.0 Mobile/10B329 Safari/8536.25"
86.10.3.56 - - [13/Aug/2013:04:17:22 -0400] "GET /wordpress1/wp-content/themes/atahualpa/images/rss-gray.png HTTP/1.1" 200 379 "http://jodyyoung.com/wordpress1/" "Mozilla/5.0 (iPhone; CPU iPhone OS 6_1_3 like Mac OS X) AppleWebKit/536.26 (KHTML, like Gecko) Version/6.0 Mobile/10B329 Safari/8536.25"
86.10.3.56 - - [13/Aug/2013:04:17:22 -0400] "GET /wordpress1/wp-content/plugins/kino-event-calendar-plugin/images/tooltip-bg.png HTTP/1.1" 200 453 "http://jodyyoung.com/wordpress1/" "Mozilla/5.0 (iPhone; CPU iPhone OS 6_1_3 like Mac OS X) AppleWebKit/536.26 (KHTML, like Gecko) Version/6.0 Mobile/10B329 Safari/8536.25"
86.10.3.56 - - [13/Aug/2013:04:52:37 -0400] "GET /wordpress1/wp-content/plugins/flash-album-gallery/admin/js/photoswipe/photoswipe.css HTTP/1.1" 200 4213 "http://jodyyoung.com/wordpress1/flagallery/utah-photos/" "Mozilla/5.0 (iPhone; CPU iPhone OS 6_1_3 like Mac OS X) AppleWebKit/536.26 (KHTML, like Gecko) Version/6.0 Mobile/10B329 Safari/8536.25"
86.10.3.56 - - [13/Aug/2013:04:52:39 -0400] "GET /wordpress1/wp-content/plugins/flash-album-gallery/admin/js/photoswipe/klass.min.js HTTP/1.1" 200 1200 "http://jodyyoung.com/wordpress1/flagallery/utah-photos/" "Mozilla/5.0 (iPhone; CPU iPhone OS 6_1_3 like Mac OS X) AppleWebKit/536.26 (KHTML, like Gecko) Version/6.0 Mobile/10B329 Safari/8536.25"
86.10.3.56 - - [13/Aug/2013:04:52:47 -0400] "GET /wordpress1/wp-content/flagallery/utah-photos/thumbs/thumbs_img_0214ao.jpg HTTP/1.1" 200 11162 "http://jodyyoung.com/wordpress1/flagallery/utah-photos/" "Mozilla/5.0 (iPhone; CPU iPhone OS 6_1_3 like Mac OS X) AppleWebKit/536.26 (KHTML, like Gecko) Version/6.0 Mobile/10B329 Safari/8536.25"
86.10.3.56 - - [13/Aug/2013:04:52:48 -0400] "GET /wordpress1/wp-content/flagallery/utah-photos/thumbs/thumbs_lathropao.jpg HTTP/1.1" 200 14235 "http://jodyyoung.com/wordpress1/flagallery/utah-photos/" "Mozilla/5.0 (iPhone; CPU iPhone OS 6_1_3 like Mac OS X) AppleWebKit/536.26 (KHTML, like Gecko) Version/6.0 Mobile/10B329 Safari/8536.25"
86.10.3.56 - - [13/Aug/2013:04:52:48 -0400] "GET /wordpress1/wp-content/flagallery/utah-photos/thumbs/thumbs_p5150117ao.jpg HTTP/1.1" 200 13449 "http://jodyyoung.com/wordpress1/flagallery/utah-photos/" "Mozilla/5.0 (iPhone; CPU iPhone OS 6_1_3 like Mac OS X) AppleWebKit/536.26 (KHTML, like Gecko) Version/6.0 Mobile/10B329 Safari/8536.25"
86.10.3.56 - - [13/Aug/2013:04:52:48 -0400] "GET /wordpress1/wp-content/flagallery/utah-photos/thumbs/thumbs_p9220054ao.jpg HTTP/1.1" 200 17071 "http://jodyyoung.com/wordpress1/flagallery/utah-photos/" "Mozilla/5.0 (iPhone; CPU iPhone OS 6_1_3 like Mac OS X) AppleWebKit/536.26 (KHTML, like Gecko) Version/6.0 Mobile/10B329 Safari/8536.25"
86.10.3.56 - - [13/Aug/2013:04:52:48 -0400] "GET /wordpress1/wp-content/flagallery/utah-photos/thumbs/thumbs_p9240101ao.jpg HTTP/1.1" 200 14475 "http://jodyyoung.com/wordpress1/flagallery/utah-photos/" "Mozilla/5.0 (iPhone; CPU iPhone OS 6_1_3 like Mac OS X) AppleWebKit/536.26 (KHTML, like Gecko) Version/6.0 Mobile/10B329 Safari/8536.25"
86.10.3.56 - - [13/Aug/2013:04:52:49 -0400] "GET /wordpress1/wp-content/flagallery/utah-photos/thumbs/thumbs_pa100010ao.jpg HTTP/1.1" 200 15586 "http://jodyyoung.com/wordpress1/flagallery/utah-photos/" "Mozilla/5.0 (iPhone; CPU iPhone OS 6_1_3 like Mac OS X) AppleWebKit/536.26 (KHTML, like Gecko) Version/6.0 Mobile/10B329 Safari/8536.25"
86.10.3.56 - - [13/Aug/2013:04:52:49 -0400] "GET /wordpress1/wp-content/flagallery/utah-photos/thumbs/thumbs_pa110068ao.jpg HTTP/1.1" 200 14981 "http://jodyyoung.com/wordpress1/flagallery/utah-photos/" "Mozilla/5.0 (iPhone; CPU iPhone OS 6_1_3 like Mac OS X) AppleWebKit/536.26 (KHTML, like Gecko) Version/6.0 Mobile/10B329 Safari/8536.25"
86.10.3.56 - - [13/Aug/2013:04:52:49 -0400] "GET /wordpress1/wp-content/plugins/flash-album-gallery/admin/images/like.png HTTP/1.1" 200 224 "http://jodyyoung.com/wordpress1/flagallery/utah-photos/" "Mozilla/5.0 (iPhone; CPU iPhone OS 6_1_3 like Mac OS X) AppleWebKit/536.26 (KHTML, like Gecko) Version/6.0 Mobile/10B329 Safari/8536.25"
180.76.5.8 - - [13/Aug/2013:18:05:15 -0400] "GET /shariki=2309 HTTP/1.1" 404 575 "-" "Mozilla/5.0 (compatible; Baiduspider/2.0; +http://www.baidu.com/search/spider.html)"
10.30.72.4 - - [13/Aug/2013:01:38:52 -0400] "POST /wordpress1/wp-cron.php?doing_wp_cron=1376372332.2931919097900390625000 HTTP/1.0" 200 - "-" "WordPress/3.5.2; http://jodyyoung.com/wordpress1"
75.151.65.113 - - [13/Aug/2013:15:49:47 -0400] "GET /wordpress1/wp-content/plugins/kino-event-calendar-plugin/js/jquery-ui-1.7.2.custom.min.js HTTP/1.1" 200 107835 "http://jodyyoung.com/wordpress1/" "Mozilla/5.0 (Windows NT 5.1) AppleWebKit/537.36 (KHTML, like Gecko) Chrome/28.0.1500.95 Safari/537.36"
75.151.65.113 - - [13/Aug/2013:15:49:48 -0400] "GET /wordpress1/wp-content/plugins/kino-event-calendar-plugin/js/main.js HTTP/1.1" 200 1105 "http://jodyyoung.com/wordpress1/" "Mozilla/5.0 (Windows NT 5.1) AppleWebKit/537.36 (KHTML, like Gecko) Chrome/28.0.1500.95 Safari/537.36"
75.151.65.113 - - [13/Aug/2013:15:49:48 -0400] "GET /wordpress1/wp-content/uploads/2011/11/JYATlogo.jpg HTTP/1.1" 200 14807 "http://jodyyoung.com/wordpress1/" "Mozilla/5.0 (Windows NT 5.1) AppleWebKit/537.36 (KHTML, like Gecko) Chrome/28.0.1500.95 Safari/537.36"
75.151.65.113 - - [13/Aug/2013:15:49:49 -0400] "GET /wordpress1/wp-content/themes/atahualpa/images/rss-gray.png HTTP/1.1" 200 379 "http://jodyyoung.com/wordpress1/" "Mozilla/5.0 (Windows NT 5.1) AppleWebKit/537.36 (KHTML, like Gecko) Chrome/28.0.1500.95 Safari/537.36"
142.0.139.162 - - [13/Aug/2013:15:50:14 -0400] "POST /wordpress1/wp-comments-post.php HTTP/1.0" 302 - "http://jodyyoung.com/wordpress1/guestbook/guestbook-archives/#comment-304" "Opera/9.80 (Windows NT 6.1; U; ru) Presto/2.7.39 Version/11.00"
178.255.215.78 - - [13/Aug/2013:06:20:25 -0400] "GET /robots.txt HTTP/1.1" 404 575 "-" "Mozilla/5.0 (compatible; Exabot/3.0; +http://www.exabot.com/go/robot)"
10.30.72.4 - - [13/Aug/2013:07:42:14 -0400] "POST /wordpress1/wp-cron.php?doing_wp_cron=1376394134.4874610900878906250000 HTTP/1.0" 200 - "-" "WordPress/3.5.2; http://jodyyoung.com/wordpress1"
199.187.122.91 - - [13/Aug/2013:07:52:22 -0400] "GET /robots.txt HTTP/1.1" 404 575 "-" "Mozilla/4.0 (compatible; MSIE 6.0; Windows NT 5.1; SV1; .NET CLR 2.0.50727)"
180.76.5.171 - - [13/Aug/2013:21:27:20 -0400] "GET /connections.htm HTTP/1.1" 200 11773 "-" "Mozilla/5.0 (compatible; Baiduspider/2.0; +http://www.baidu.com/search/spider.html)"
112.5.234.18 - - [13/Aug/2013:23:41:05 -0400] "GET /wordpress1/guestbook/ HTTP/1.0" 200 59401 "http://jodyyoung.com/wordpress1/guestbook/" "Mozilla/4.0 (compatible; MSIE 6.0; Windows NT 5.1; .NET CLR 1.1.4322)"
66.249.75.184 - - [13/Aug/2013:08:56:13 -0400] "GET /wordpress1/wp-content/flagallery/utah-photos/p9280217ao.jpg HTTP/1.1" 200 368107 "-" "Googlebot-Image/1.0"
176.36.95.213 - - [13/Aug/2013:02:22:02 -0400] "GET /wordpress1/ HTTP/1.0" 200 58295 "http://jodyyoung.com/wordpress1/" "Opera/9.80 (Windows NT 6.1; WOW64; Edition Yx) Presto/2.12.388 Version/12.10"
10.30.72.4 - - [13/Aug/2013:05:48:00 -0400] "POST /wordpress1/wp-cron.php?doing_wp_cron=1376387279.9794800281524658203125 HTTP/1.0" 200 - "-" "WordPress/3.5.2; http://jodyyoung.com/wordpress1"
152.131.10.2 - - [13/Aug/2013:18:07:09 -0400] "GET / HTTP/1.1" 301 244 "http://www.google.com/url?sa=t&rct=j&q=jody%20young%20utah&source=web&cd=2&ved=0CC8QFjAB&url=http%3A%2F%2Fwww.jodyyoung.com%2F&ei=A64KUu3BGsHh2AX_sYCYAg&usg=AFQjCNEh7rdsXP3gDndnvSbfPJnAthKUXg&bvm=bv.50500085,d.aWc" "Mozilla/5.0 (compatible; MSIE 9.0; Windows NT 6.1; WOW64; Trident/5.0)"
10.30.72.4 - - [13/Aug/2013:18:17:47 -0400] "POST /wordpress1/wp-cron.php?doing_wp_cron=1376432267.2792930603027343750000 HTTP/1.0" 200 - "-" "WordPress/3.5.2; http://jodyyoung.com/wordpress1"
66.249.75.184 - - [13/Aug/2013:10:01:29 -0400] "GET /wordpress1/wp-content/flagallery/utah-photos/img_0214ao.jpg HTTP/1.1" 200 173946 "-" "Googlebot-Image/1.0"
66.249.75.184 - - [13/Aug/2013:11:30:40 -0400] "GET /wordpress1/wp-content/flagallery/utah-photos/p5220196ao.jpg HTTP/1.1" 200 356996 "-" "Googlebot-Image/1.0"
66.249.75.184 - - [13/Aug/2013:13:01:01 -0400] "GET /wordpress1/wp-content/flagallery/utah-photos/p5150117ao.jpg HTTP/1.1" 200 298986 "-" "Googlebot-Image/1.0"
69.201.129.184 - - [13/Aug/2013:15:38:49 -0400] "GET /wordpress1/wp-content/plugins/kino-event-calendar-plugin/rpc.php?action=get_events&start=1374984000000&end=1378612800000&event_id=null HTTP/1.1" 200 3609 "http://jodyyoung.com/wordpress1/our-guides/" "Mozilla/5.0 (Macintosh; Intel Mac OS X 10_8_4) AppleWebKit/536.30.1 (KHTML, like Gecko) Version/6.0.5 Safari/536.30.1"
66.249.75.184 - - [13/Aug/2013:17:05:13 -0400] "GET /wordpress1/wp-content/flagallery/utah-photos/img_0532ao.jpg HTTP/1.1" 200 491397 "-" "Googlebot-Image/1.0"
213.186.119.135 - - [13/Aug/2013:21:12:22 -0400] "GET /wordpress1/feed/ HTTP/1.1" 200 8101 "-" "AhrefsBot.Feeds v0.1; http://ahrefs.com/"
131.253.38.103 - - [13/Aug/2013:23:29:37 -0400] "GET /robots.txt HTTP/1.1" 404 575 "-" "msnbot-media/1.1 (+http://search.msn.com/msnbot.htm)"
98.192.82.93 - - [13/Aug/2013:23:33:47 -0400] "GET /wordpress1/wp-content/plugins/kino-event-calendar-plugin/js/tools.tooltip-1.1.2.js HTTP/1.1" 200 8427 "http://jodyyoung.com/wordpress1/" "Mozilla/5.0 (iPad; CPU OS 5_1_1 like Mac OS X) AppleWebKit/534.46 (KHTML, like Gecko) Version/5.1 Mobile/9B206 Safari/7534.48.3"
98.192.82.93 - - [13/Aug/2013:23:33:48 -0400] "GET /wordpress1/wp-content/themes/atahualpa/images/expand-down.gif HTTP/1.1" 200 57 "http://jodyyoung.com/wordpress1/" "Mozilla/5.0 (iPad; CPU OS 5_1_1 like Mac OS X) AppleWebKit/534.46 (KHTML, like Gecko) Version/5.1 Mobile/9B206 Safari/7534.48.3"
142.0.139.162 - - [13/Aug/2013:14:10:30 -0400] "GET /wordpress1/guestbook/guestbook-archives/ HTTP/1.0" 503 323 "http://jodyyoung.com/wordpress1/guestbook/guestbook-archives/#comment-304" "Opera/9.80 (Windows NT 5.1; MRA 6.0 (build 5998)) Presto/2.12.388 Version/12.11"
180.76.5.98 - - [13/Aug/2013:14:42:05 -0400] "GET /shariki=92 HTTP/1.1" 404 575 "-" "Mozilla/5.0 (compatible; Baiduspider/2.0; +http://www.baidu.com/search/spider.html)"
66.249.75.184 - - [13/Aug/2013:19:01:55 -0400] "GET /wordpress1/wp-content/plugins/kino-event-calendar-plugin/css/main.css HTTP/1.1" 200 710 "-" "Mozilla/5.0 (compatible; Googlebot/2.1; +http://www.google.com/bot.html)"
199.187.122.91 - - [13/Aug/2013:07:56:17 -0400] "GET /shariki=1530 HTTP/1.1" 404 575 "-" "Mozilla/4.0 (compatible; MSIE 6.0; Windows NT 5.1; SV1; .NET CLR 2.0.50727)"
199.187.122.91 - - [13/Aug/2013:07:56:21 -0400] "GET /shariki=1663 HTTP/1.1" 404 575 "-" "Mozilla/4.0 (compatible; MSIE 6.0; Windows NT 5.1; SV1; .NET CLR 2.0.50727)"
65.55.213.68 - - [13/Aug/2013:08:33:50 -0400] "GET /wordpress1/ HTTP/1.1" 503 323 "-" "msnbot/2.0b (+http://search.msn.com/msnbot.htm)"
123.125.71.12 - - [13/Aug/2013:22:05:47 -0400] "GET /wordpress1/ HTTP/1.1" 200 57655 "-" "Mozilla/5.0 (compatible; Baiduspider/2.0; +http://www.baidu.com/search/spider.html)"
220.181.108.169 - - [13/Aug/2013:22:06:26 -0400] "GET /wordpress1/wp-content/plugins/kino-event-calendar-plugin/js/jquery-ui-1.7.2.custom.min.js HTTP/1.1" 200 107835 "http://jodyyoung.com/" "Mozilla/5.0 (X11; U; Linux x86_64; en-US; rv:1.9) Gecko Minefield/3.0"
112.5.234.92 - - [13/Aug/2013:10:46:57 -0400] "POST /wordpress1/wp-comments-post.php HTTP/1.1" 503 323 "http://jodyyoung.com/wordpress1/gallery/" "Mozilla/4.0 (compatible; MSIE 6.0; Windows NT 5.1; SV1; Mozilla/4.0 (compatible; MSIE 6.0; Windows NT 5.1; SV1) )"
192.99.2.120 - - [13/Aug/2013:11:55:53 -0400] "POST /wordpress1/wp-comments-post.php HTTP/1.0" 503 323 "http://jodyyoung.com/wordpress1/gallery/" "Opera/9.80 (Windows NT 6.1; Edition Yx) Presto/2.12.388 Version/12.10"
75.151.65.113 - - [13/Aug/2013:15:49:47 -0400] "GET /wordpress1/wp-content/themes/atahualpa/js/DD_roundies.js?ver=0.0.2a HTTP/1.1" 200 16853 "http://jodyyoung.com/wordpress1/" "Mozilla/5.0 (Windows NT 5.1) AppleWebKit/537.36 (KHTML, like Gecko) Chrome/28.0.1500.95 Safari/537.36"
75.151.65.113 - - [13/Aug/2013:15:49:48 -0400] "GET /wordpress1/wp-content/plugins/kino-event-calendar-plugin/js/calendar.js HTTP/1.1" 200 79688 "http://jodyyoung.com/wordpress1/" "Mozilla/5.0 (Windows NT 5.1) AppleWebKit/537.36 (KHTML, like Gecko) Chrome/28.0.1500.95 Safari/537.36"
75.151.65.113 - - [13/Aug/2013:15:49:49 -0400] "GET /wordpress1/wp-content/themes/atahualpa/images/comment-gray.png HTTP/1.1" 200 296 "http://jodyyoung.com/wordpress1/" "Mozilla/5.0 (Windows NT 5.1) AppleWebKit/537.36 (KHTML, like Gecko) Chrome/28.0.1500.95 Safari/537.36"
75.151.65.113 - - [13/Aug/2013:15:49:49 -0400] "GET /wordpress1/wp-content/plugins/kino-event-calendar-plugin/images/tooltip-bg.png HTTP/1.1" 200 453 "http://jodyyoung.com/wordpress1/" "Mozilla/5.0 (Windows NT 5.1) AppleWebKit/537.36 (KHTML, like Gecko) Chrome/28.0.1500.95 Safari/537.36"
75.151.65.113 - - [13/Aug/2013:15:49:49 -0400] "GET /wordpress1/wp-content/ata-images/jody-tvl.ico HTTP/1.1" 200 894 "-" "Mozilla/5.0 (Windows NT 5.1) AppleWebKit/537.36 (KHTML, like Gecko) Chrome/28.0.1500.95 Safari/537.36"
157.55.32.223 - - [13/Aug/2013:16:32:29 -0400] "GET /robots.txt HTTP/1.1" 404 575 "-" "Mozilla/5.0 (compatible; bingbot/2.0; +http://www.bing.com/bingbot.htm)"
110.85.68.57 - - [13/Aug/2013:03:24:40 -0400] "GET /wordpress1/guestbook/feed/ HTTP/1.0" 200 744 "http://jodyyoung.com/wordpress1/guestbook/feed/" "Mozilla/5.0 (Windows NT 5.1) AppleWebKit/537.11 (KHTML, like Gecko) Chrome/23.0.1271.91 Safari/537.11"
86.10.3.56 - - [13/Aug/2013:04:51:01 -0400] "GET /wordpress1/ HTTP/1.1" 200 58289 "-" "Mozilla/5.0 (iPhone; CPU iPhone OS 6_1_3 like Mac OS X) AppleWebKit/536.26 (KHTML, like Gecko) Version/6.0 Mobile/10B329 Safari/8536.25"
86.10.3.56 - - [13/Aug/2013:04:51:05 -0400] "GET /wordpress1/wp-content/plugins/kino-event-calendar-plugin/rpc.php?action=get_events&start=1374966000000&end=1378594800000&event_id=null HTTP/1.1" 200 3609 "http://jodyyoung.com/wordpress1/" "Mozilla/5.0 (iPhone; CPU iPhone OS 6_1_3 like Mac OS X) AppleWebKit/536.26 (KHTML, like Gecko) Version/6.0 Mobile/10B329 Safari/8536.25"
152.131.10.2 - - [13/Aug/2013:18:07:28 -0400] "GET /wordpress1/wp-content/plugins/flash-album-gallery/admin/css/flagallery_nocrawler.css HTTP/1.1" 200 1071 "http://jodyyoung.com/wordpress1/flagallery/247-2/" "Mozilla/5.0 (compatible; MSIE 9.0; Windows NT 6.1; WOW64; Trident/5.0)"
152.131.10.2 - - [13/Aug/2013:18:07:28 -0400] "GET /wordpress1/wp-content/plugins/flash-album-gallery/admin/js/photoswipe/klass.min.js HTTP/1.1" 200 1200 "http://jodyyoung.com/wordpress1/flagallery/247-2/" "Mozilla/5.0 (compatible; MSIE 9.0; Windows NT 6.1; WOW64; Trident/5.0)"
152.131.10.2 - - [13/Aug/2013:18:07:29 -0400] "GET /wordpress1/wp-content/plugins/flash-album-gallery/admin/js/script.js HTTP/1.1" 200 12897 "http://jodyyoung.com/wordpress1/flagallery/247-2/" "Mozilla/5.0 (compatible; MSIE 9.0; Windows NT 6.1; WOW64; Trident/5.0)"
152.131.10.2 - - [13/Aug/2013:18:07:30 -0400] "GET /wordpress1/wp-content/flagallery/alaska-photos/thumbs/thumbs_p8210113ao.jpg HTTP/1.1" 200 15254 "http://jodyyoung.com/wordpress1/wp-content/plugins/flagallery-skins/green_style/gallery.swf" "Mozilla/5.0 (compatible; MSIE 9.0; Windows NT 6.1; WOW64; Trident/5.0)"
152.131.10.2 - - [13/Aug/2013:18:07:30 -0400] "GET /wordpress1/wp-content/flagallery/alaska-photos/thumbs/thumbs_p8240251ao.jpg HTTP/1.1" 200 15895 "http://jodyyoung.com/wordpress1/wp-content/plugins/flagallery-skins/green_style/gallery.swf" "Mozilla/5.0 (compatible; MSIE 9.0; Windows NT 6.1; WOW64; Trident/5.0)"
199.187.122.91 - - [13/Aug/2013:07:56:34 -0400] "GET /wordpress1/flagallery/utah-photos/ HTTP/1.1" 200 26985 "-" "Mozilla/4.0 (compatible; MSIE 6.0; Windows NT 5.1; SV1; .NET CLR 2.0.50727)"
131.253.24.58 - - [13/Aug/2013:09:40:56 -0400] "GET /wordpress1/ HTTP/1.1" 200 58295 "-" "Mozilla/4.0 (compatible; MSIE 7.0; Windows NT 5.2; SLCC1; .NET CLR 1.1.4322; .NET CLR 2.0.50727; .NET CLR 3.0.30729; .NET CLR 3.5.30707; InfoPath.2)"
131.253.24.58 - - [13/Aug/2013:09:41:05 -0400] "GET /wordpress1/wp-includes/js/jquery/jquery.js?ver=1.8.3 HTTP/1.1" 200 93658 "http://jodyyoung.com/wordpress1/" "Mozilla/4.0 (compatible; MSIE 7.0; Windows NT 5.2; SLCC1; .NET CLR 1.1.4322; .NET CLR 2.0.50727; .NET CLR 3.0.30729; .NET CLR 3.5.30707; InfoPath.2)"
131.253.24.58 - - [13/Aug/2013:09:41:06 -0400] "GET /wordpress1/wp-content/themes/atahualpa/js/DD_roundies.js?ver=0.0.2a HTTP/1.1" 200 16853 "http://jodyyoung.com/wordpress1/" "Mozilla/4.0 (compatible; MSIE 7.0; Windows NT 5.2; SLCC1; .NET CLR 1.1.4322; .NET CLR 2.0.50727; .NET CLR 3.0.30729; .NET CLR 3.5.30707; InfoPath.2)"
131.253.24.58 - - [13/Aug/2013:09:41:07 -0400] "GET /wordpress1/wp-content/plugins/flash-album-gallery/admin/js/swfobject.js?ver=2.2 HTTP/1.1" 200 11754 "http://jodyyoung.com/wordpress1/" "Mozilla/4.0 (compatible; MSIE 7.0; Windows NT 5.2; SLCC1; .NET CLR 1.1.4322; .NET CLR 2.0.50727; .NET CLR 3.0.30729; .NET CLR 3.5.30707; InfoPath.2)"
131.253.24.58 - - [13/Aug/2013:09:41:08 -0400] "GET /wordpress1/wp-content/plugins/flash-album-gallery/admin/js/swfaddress.js?ver=2.4 HTTP/1.1" 200 15916 "http://jodyyoung.com/wordpress1/" "Mozilla/4.0 (compatible; MSIE 7.0; Windows NT 5.2; SLCC1; .NET CLR 1.1.4322; .NET CLR 2.0.50727; .NET CLR 3.0.30729; .NET CLR 3.5.30707; InfoPath.2)"
131.253.24.58 - - [13/Aug/2013:09:41:08 -0400] "GET /wordpress1/wp-content/plugins/kino-event-calendar-plugin/js/jquery-ui-1.7.2.custom.min.js HTTP/1.1" 200 107835 "http://jodyyoung.com/wordpress1/" "Mozilla/4.0 (compatible; MSIE 7.0; Windows NT 5.2; SLCC1; .NET CLR 1.1.4322; .NET CLR 2.0.50727; .NET CLR 3.0.30729; .NET CLR 3.5.30707; InfoPath.2)"
131.253.24.58 - - [13/Aug/2013:09:41:09 -0400] "GET /wordpress1/wp-content/plugins/kino-event-calendar-plugin/js/tools.tooltip-1.1.2.js HTTP/1.1" 200 8427 "http://jodyyoung.com/wordpress1/" "Mozilla/4.0 (compatible; MSIE 7.0; Windows NT 5.2; SLCC1; .NET CLR 1.1.4322; .NET CLR 2.0.50727; .NET CLR 3.0.30729; .NET CLR 3.5.30707; InfoPath.2)"
131.253.24.58 - - [13/Aug/2013:09:41:09 -0400] "GET /wordpress1/wp-content/plugins/kino-event-calendar-plugin/js/tools.tooptip.slide-1.0.0.min.js HTTP/1.1" 200 1087 "http://jodyyoung.com/wordpress1/" "Mozilla/4.0 (compatible; MSIE 7.0; Windows NT 5.2; SLCC1; .NET CLR 1.1.4322; .NET CLR 2.0.50727; .NET CLR 3.0.30729; .NET CLR 3.5.30707; InfoPath.2)"
131.253.24.58 - - [13/Aug/2013:09:41:10 -0400] "GET /wordpress1/wp-content/plugins/kino-event-calendar-plugin/js/tools.tooltip.dynamic-1.0.1.min.js HTTP/1.1" 200 1928 "http://jodyyoung.com/wordpress1/" "Mozilla/4.0 (compatible; MSIE 7.0; Windows NT 5.2; SLCC1; .NET CLR 1.1.4322; .NET CLR 2.0.50727; .NET CLR 3.0.30729; .NET CLR 3.5.30707; InfoPath.2)"
131.253.24.58 - - [13/Aug/2013:09:41:11 -0400] "GET /wordpress1/wp-content/plugins/kino-event-calendar-plugin/js/calendar.js HTTP/1.1" 200 79688 "http://jodyyoung.com/wordpress1/" "Mozilla/4.0 (compatible; MSIE 7.0; Windows NT 5.2; SLCC1; .NET CLR 1.1.4322; .NET CLR 2.0.50727; .NET CLR 3.0.30729; .NET CLR 3.5.30707; InfoPath.2)"
131.253.24.58 - - [13/Aug/2013:09:41:11 -0400] "GET /wordpress1/wp-content/plugins/kino-event-calendar-plugin/js/main.js HTTP/1.1" 200 1105 "http://jodyyoung.com/wordpress1/" "Mozilla/4.0 (compatible; MSIE 7.0; Windows NT 5.2; SLCC1; .NET CLR 1.1.4322; .NET CLR 2.0.50727; .NET CLR 3.0.30729; .NET CLR 3.5.30707; InfoPath.2)"
131.253.24.58 - - [13/Aug/2013:09:41:11 -0400] "GET /wordpress1/wp-content/plugins/kino-event-calendar-plugin/css/calendar.css HTTP/1.1" 200 10091 "http://jodyyoung.com/wordpress1/" "Mozilla/4.0 (compatible; MSIE 7.0; Windows NT 5.2; SLCC1; .NET CLR 1.1.4322; .NET CLR 2.0.50727; .NET CLR 3.0.30729; .NET CLR 3.5.30707; InfoPath.2)"
131.253.24.58 - - [13/Aug/2013:09:41:11 -0400] "GET /wordpress1/wp-content/plugins/kino-event-calendar-plugin/css/ie.css HTTP/1.1" 200 38 "http://jodyyoung.com/wordpress1/" "Mozilla/4.0 (compatible; MSIE 7.0; Windows NT 5.2; SLCC1; .NET CLR 1.1.4322; .NET CLR 2.0.50727; .NET CLR 3.0.30729; .NET CLR 3.5.30707; InfoPath.2)"
220.181.108.77 - - [13/Aug/2013:22:06:17 -0400] "GET /wordpress1/wp-content/plugins/flash-album-gallery/admin/js/swfobject.js?ver=2.2 HTTP/1.1" 200 11754 "http://jodyyoung.com/" "Mozilla/5.0 (X11; U; Linux x86_64; en-US; rv:1.9) Gecko Minefield/3.0"
220.181.108.83 - - [13/Aug/2013:22:06:48 -0400] "GET /wordpress1/wp-content/plugins/kino-event-calendar-plugin/js/tools.tooptip.slide-1.0.0.min.js HTTP/1.1" 200 1087 "http://jodyyoung.com/" "Mozilla/5.0 (X11; U; Linux x86_64; en-US; rv:1.9) Gecko Minefield/3.0"
220.181.108.111 - - [13/Aug/2013:22:06:57 -0400] "GET /wordpress1/wp-content/plugins/kino-event-calendar-plugin/js/main.js HTTP/1.1" 200 1105 "http://jodyyoung.com/" "Mozilla/5.0 (X11; U; Linux x86_64; en-US; rv:1.9) Gecko Minefield/3.0"
10.30.72.4 - - [13/Aug/2013:23:33:46 -0400] "POST /wordpress1/wp-cron.php?doing_wp_cron=1376451226.2714180946350097656250 HTTP/1.0" 200 - "-" "WordPress/3.5.2; http://jodyyoung.com/wordpress1"
112.111.165.124 - - [13/Aug/2013:12:46:53 -0400] "GET /guestbook.html HTTP/1.0" 200 8916 "http://www.jodyyoung.com/guestbook.html" "Opera/9.80 (Windows NT 6.1; MRA 6.0 (build 6001)) Presto/2.12.388 Version/12.10"
65.55.213.68 - - [13/Aug/2013:13:08:20 -0400] "GET /wordpress1/gallery/ HTTP/1.1" 500 - "-" "msnbot/2.0b (+http://search.msn.com/msnbot.htm)"
180.76.5.191 - - [13/Aug/2013:05:49:06 -0400] "GET /wordpress1/wp-includes/wlwmanifest.xml HTTP/1.1" 200 1052 "-" "Mozilla/5.0 (compatible; Baiduspider/2.0; +http://www.baidu.com/search/spider.html)"
157.55.32.223 - - [13/Aug/2013:16:33:24 -0400] "GET /wordpress1/gallery/ HTTP/1.1" 200 82583 "-" "Mozilla/5.0 (compatible; bingbot/2.0; +http://www.bing.com/bingbot.htm)"
176.36.95.213 - - [13/Aug/2013:02:22:00 -0400] "GET / HTTP/1.0" 301 244 "http://www.jodyyoung.com/" "Opera/9.80 (Windows NT 6.1; WOW64; Edition Yx) Presto/2.12.388 Version/12.10"
152.131.10.2 - - [13/Aug/2013:18:07:26 -0400] "GET /wordpress1/flagallery/247-2/ HTTP/1.1" 200 20880 "http://jodyyoung.com/wordpress1/" "Mozilla/5.0 (compatible; MSIE 9.0; Windows NT 6.1; WOW64; Trident/5.0)"
152.131.10.2 - - [13/Aug/2013:18:07:28 -0400] "GET /wordpress1/wp-content/plugins/flash-album-gallery/admin/js/photoswipe/photoswipe.css HTTP/1.1" 200 4213 "http://jodyyoung.com/wordpress1/flagallery/247-2/" "Mozilla/5.0 (compatible; MSIE 9.0; Windows NT 6.1; WOW64; Trident/5.0)"
152.131.10.2 - - [13/Aug/2013:18:07:29 -0400] "GET /wordpress1/wp-content/plugins/flash-album-gallery/admin/js/flagscroll.js HTTP/1.1" 200 955 "http://jodyyoung.com/wordpress1/flagallery/247-2/" "Mozilla/5.0 (compatible; MSIE 9.0; Windows NT 6.1; WOW64; Trident/5.0)"
152.131.10.2 - - [13/Aug/2013:18:07:30 -0400] "GET /wordpress1/wp-content/plugins/flagallery-skins/green_style/gallery.php?gid=5&albumname=PHOTO HTTP/1.1" 200 9778 "http://jodyyoung.com/wordpress1/wp-content/plugins/flagallery-skins/green_style/gallery.swf" "Mozilla/5.0 (compatible; MSIE 9.0; Windows NT 6.1; WOW64; Trident/5.0)"
152.131.10.2 - - [13/Aug/2013:18:07:30 -0400] "GET /wordpress1/wp-content/flagallery/alaska-photos/thumbs/thumbs_p8240197ao.jpg HTTP/1.1" 200 12557 "http://jodyyoung.com/wordpress1/wp-content/plugins/flagallery-skins/green_style/gallery.swf" "Mozilla/5.0 (compatible; MSIE 9.0; Windows NT 6.1; WOW64; Trident/5.0)"
152.131.10.2 - - [13/Aug/2013:18:07:30 -0400] "GET /wordpress1/wp-content/flagallery/alaska-photos/thumbs/thumbs_p8240215ao.jpg HTTP/1.1" 200 14606 "http://jodyyoung.com/wordpress1/wp-content/plugins/flagallery-skins/green_style/gallery.swf" "Mozilla/5.0 (compatible; MSIE 9.0; Windows NT 6.1; WOW64; Trident/5.0)"
152.131.10.2 - - [13/Aug/2013:18:07:30 -0400] "GET /wordpress1/wp-content/flagallery/alaska-photos/thumbs/thumbs_p8270332ao.jpg HTTP/1.1" 200 14409 "http://jodyyoung.com/wordpress1/wp-content/plugins/flagallery-skins/green_style/gallery.swf" "Mozilla/5.0 (compatible; MSIE 9.0; Windows NT 6.1; WOW64; Trident/5.0)"
152.131.10.2 - - [13/Aug/2013:18:07:31 -0400] "GET /wordpress1/wp-content/flagallery/alaska-photos/thumbs/thumbs_s1060035ao.jpg HTTP/1.1" 200 13804 "http://jodyyoung.com/wordpress1/wp-content/plugins/flagallery-skins/green_style/gallery.swf" "Mozilla/5.0 (compatible; MSIE 9.0; Windows NT 6.1; WOW64; Trident/5.0)"
115.236.97.28 - - [13/Aug/2013:09:09:57 -0400] "GET /robots.txt HTTP/1.1" 404 575 "http://jodyyoung.com/" "Mozilla/5.0 (compatible; MSIE 8.0; Windows NT 6.1)"
193.238.75.138 - - [13/Aug/2013:10:58:37 -0400] "GET /shariki=2091 HTTP/1.0" 404 575 "http://www.jodyyoung.com/shariki=2091" "Mozilla/5.0 (Windows NT 6.0; rv:16.0) Gecko/20100101 Firefox/16.0"
66.249.72.184 - - [13/Aug/2013:22:36:39 -0400] "GET /wordpress1/wp-content/flagallery/alaska-photos/p8290380bo.jpg HTTP/1.1" 200 210727 "-" "Googlebot-Image/1.0"
123.125.71.34 - - [13/Aug/2013:22:55:46 -0400] "GET /wordpress1/wp-content/plugins/kino-event-calendar-plugin/js/calendar.js HTTP/1.1" 200 79688 "-" "Mozilla/5.0 (compatible; Baiduspider/2.0; +http://www.baidu.com/search/spider.html)"
65.55.213.68 - - [13/Aug/2013:13:09:49 -0400] "GET /wordpress1/flagallery/247-2/ HTTP/1.1" 200 20030 "-" "msnbot/2.0b (+http://search.msn.com/msnbot.htm)"
86.10.3.56 - - [13/Aug/2013:04:52:49 -0400] "GET /wordpress1/wp-content/flagallery/utah-photos/thumbs/thumbs_img_0532ao.jpg HTTP/1.1" 200 16657 "http://jodyyoung.com/wordpress1/flagallery/utah-photos/" "Mozilla/5.0 (iPhone; CPU iPhone OS 6_1_3 like Mac OS X) AppleWebKit/536.26 (KHTML, like Gecko) Version/6.0 Mobile/10B329 Safari/8536.25"
86.10.3.56 - - [13/Aug/2013:04:52:49 -0400] "GET /wordpress1/wp-content/flagallery/utah-photos/thumbs/thumbs_pa160128ao.jpg HTTP/1.1" 200 15635 "http://jodyyoung.com/wordpress1/flagallery/utah-photos/" "Mozilla/5.0 (iPhone; CPU iPhone OS 6_1_3 like Mac OS X) AppleWebKit/536.26 (KHTML, like Gecko) Version/6.0 Mobile/10B329 Safari/8536.25"
157.55.35.33 - - [13/Aug/2013:05:09:52 -0400] "GET /robots.txt HTTP/1.1" 404 575 "-" "Mozilla/5.0 (compatible; bingbot/2.0; +http://www.bing.com/bingbot.htm)"
10.30.72.4 - - [13/Aug/2013:15:30:58 -0400] "POST /wordpress1/wp-cron.php?doing_wp_cron=1376422258.8408169746398925781250 HTTP/1.0" 200 - "-" "WordPress/3.5.2; http://jodyyoung.com/wordpress1"
110.85.68.57 - - [13/Aug/2013:16:03:40 -0400] "GET /wordpress1/guestbook/?sign=1 HTTP/1.0" 200 59408 "http://jodyyoung.com/wordpress1/guestbook/?sign=1" "Mozilla/5.0 (Windows NT 6.1) AppleWebKit/535.19 (KHTML, like Gecko) Chrome/18.0.1025.1634 Safari/535.19 YE"
198.40.51.149 - - [13/Aug/2013:00:06:12 -0400] "GET / HTTP/1.1" 301 244 "-" "spider"
91.207.8.61 - - [13/Aug/2013:00:26:00 -0400] "GET /guestbook.html HTTP/1.0" 200 8916 "http://jodyyoung.com/guestbook.html" "Opera/9.80 (Windows NT 6.1; MRA 6.0 (build 6001)) Presto/2.12.388 Version/12.10"
123.125.71.46 - - [13/Aug/2013:22:09:06 -0400] "GET /wordpress1/xmlrpc.php HTTP/1.1" 200 42 "-" "Mozilla/5.0 (compatible; Baiduspider/2.0; +http://www.baidu.com/search/spider.html)"
66.249.72.184 - - [13/Aug/2013:23:42:00 -0400] "GET /wordpress1/wp-content/flagallery/alaska-photos/p8220168ao.jpg HTTP/1.1" 200 253872 "-" "Googlebot-Image/1.0"
199.187.122.91 - - [13/Aug/2013:07:56:43 -0400] "GET /wordpress1/about-htm/ HTTP/1.1" 200 58216 "-" "Mozilla/4.0 (compatible; MSIE 6.0; Windows NT 5.1; SV1; .NET CLR 2.0.50727)"
216.137.230.37 - - [13/Aug/2013:12:35:55 -0400] "GET /wordpress1/wp-admin/css/colors-fresh.min.css?ver=3.5.2 HTTP/1.1" 304 - "http://jodyyoung.com/wordpress1/wp-admin/edit-comments.php?comment_status=moderated&paged=1&spammed=9&ids=368,367,366,365,364,363,362,361,360" "Mozilla/5.0 (Windows NT 6.1; WOW64; rv:22.0) Gecko/20100101 Firefox/22.0"
192.99.2.120 - - [13/Aug/2013:13:58:05 -0400] "POST /wordpress1/wp-comments-post.php HTTP/1.0" 500 4120 "http://jodyyoung.com/wordpress1/guestbook/guestbook-archives/" "Mozilla/5.0 (Windows NT 6.1; WOW64) AppleWebKit/537.4 (KHTML, like Gecko) Chrome/22.0.1229.94 Safari/537.4"
24.237.32.28 - - [13/Aug/2013:03:17:11 -0400] "GET /wordpress1/wp-content/flagallery/jodys-world/s1040043a.jpg HTTP/1.1" 200 327141 "https://www.google.com/" "Mozilla/5.0 (iPod; CPU iPhone OS 6_1_3 like Mac OS X) AppleWebKit/536.26 (KHTML, like Gecko) Version/6.0 Mobile/10B329 Safari/8536.25"
86.10.3.56 - - [13/Aug/2013:04:17:13 -0400] "GET /wordpress1/ HTTP/1.1" 200 58289 "-" "Mozilla/5.0 (iPhone; CPU iPhone OS 6_1_3 like Mac OS X) AppleWebKit/536.26 (KHTML, like Gecko) Version/6.0 Mobile/10B329 Safari/8536.25"
86.10.3.56 - - [13/Aug/2013:04:17:15 -0400] "GET /wordpress1/wp-content/plugins/kino-event-calendar-plugin/css/main.css HTTP/1.1" 200 710 "http://jodyyoung.com/wordpress1/" "Mozilla/5.0 (iPhone; CPU iPhone OS 6_1_3 like Mac OS X) AppleWebKit/536.26 (KHTML, like Gecko) Version/6.0 Mobile/10B329 Safari/8536.25"
86.10.3.56 - - [13/Aug/2013:04:17:15 -0400] "GET /wordpress1/wp-content/plugins/kino-event-calendar-plugin/js/tools.tooptip.slide-1.0.0.min.js HTTP/1.1" 200 1087 "http://jodyyoung.com/wordpress1/" "Mozilla/5.0 (iPhone; CPU iPhone OS 6_1_3 like Mac OS X) AppleWebKit/536.26 (KHTML, like Gecko) Version/6.0 Mobile/10B329 Safari/8536.25"
199.58.86.211 - - [13/Aug/2013:00:24:10 -0400] "GET /wordpress1/ HTTP/1.0" 301 - "-" "Mozilla/5.0 (compatible; MJ12bot/v1.4.3; http://www.majestic12.co.uk/bot.php?+)"
113.142.8.168 - - [13/Aug/2013:09:09:47 -0400] "GET /robots.txt HTTP/1.1" 404 575 "http://www.jodyyoung.com/" "Mozilla/5.0 (compatible; MSIE 8.0; Windows NT 6.1)"
142.0.139.162 - - [13/Aug/2013:18:03:04 -0400] "GET /wordpress1/guestbook/ HTTP/1.0" 200 59403 "http://jodyyoung.com/wordpress1/guestbook/" "Mozilla/5.0 (Windows; U; Windows NT 5.1; ru; rv:1.9.0.19) Gecko/2010031422 Firefox/3.0.19 YB/3.5.1 (.NET CLR 3.5.30729)"
152.131.10.2 - - [13/Aug/2013:18:08:03 -0400] "GET /311/scripts/master.css HTTP/1.1" 200 1951 "http://www.jodyyoung.com/utah.html" "Mozilla/5.0 (compatible; MSIE 9.0; Windows NT 6.1; WOW64; Trident/5.0)"
152.131.10.2 - - [13/Aug/2013:18:08:03 -0400] "GET /311/images/01a.jpg HTTP/1.1" 200 2368 "http://www.jodyyoung.com/utah.html" "Mozilla/5.0 (compatible; MSIE 9.0; Windows NT 6.1; WOW64; Trident/5.0)"
152.131.10.2 - - [13/Aug/2013:18:08:03 -0400] "GET /311/images/05a.jpg HTTP/1.1" 200 2995 "http://www.jodyyoung.com/utah.html" "Mozilla/5.0 (compatible; MSIE 9.0; Windows NT 6.1; WOW64; Trident/5.0)"
152.131.10.2 - - [13/Aug/2013:18:08:03 -0400] "GET /311/images/spacer.gif HTTP/1.1" 200 43 "http://www.jodyyoung.com/utah.html" "Mozilla/5.0 (compatible; MSIE 9.0; Windows NT 6.1; WOW64; Trident/5.0)"
152.131.10.2 - - [13/Aug/2013:18:08:04 -0400] "GET /images/moab001.jpg HTTP/1.1" 404 575 "http://www.jodyyoung.com/utah.html" "Mozilla/5.0 (compatible; MSIE 9.0; Windows NT 6.1; WOW64; Trident/5.0)"
152.131.10.2 - - [13/Aug/2013:18:08:04 -0400] "GET /311/images/04b.jpg HTTP/1.1" 200 2208 "http://www.jodyyoung.com/utah.html" "Mozilla/5.0 (compatible; MSIE 9.0; Windows NT 6.1; WOW64; Trident/5.0)"
152.131.10.2 - - [13/Aug/2013:18:08:04 -0400] "GET /311/images/09b.jpg HTTP/1.1" 200 8827 "http://www.jodyyoung.com/utah.html" "Mozilla/5.0 (compatible; MSIE 9.0; Windows NT 6.1; WOW64; Trident/5.0)"
152.131.10.2 - - [13/Aug/2013:18:07:16 -0400] "GET /wordpress1/wp-content/plugins/flash-album-gallery/admin/js/swfobject.js?ver=2.2 HTTP/1.1" 200 11754 "http://jodyyoung.com/wordpress1/" "Mozilla/5.0 (compatible; MSIE 9.0; Windows NT 6.1; WOW64; Trident/5.0)"
152.131.10.2 - - [13/Aug/2013:18:07:16 -0400] "GET /wordpress1/wp-content/plugins/kino-event-calendar-plugin/js/calendar.js HTTP/1.1" 200 79688 "http://jodyyoung.com/wordpress1/" "Mozilla/5.0 (compatible; MSIE 9.0; Windows NT 6.1; WOW64; Trident/5.0)"
152.131.10.2 - - [13/Aug/2013:18:07:18 -0400] "GET /wordpress1/wp-content/themes/atahualpa/images/header/jyatHD12.jpg HTTP/1.1" 200 66537 "http://jodyyoung.com/wordpress1/" "Mozilla/5.0 (compatible; MSIE 9.0; Windows NT 6.1; WOW64; Trident/5.0)"
152.131.10.2 - - [13/Aug/2013:18:07:28 -0400] "GET /wordpress1/wp-content/plugins/flash-album-gallery/admin/js/swfaddress.js HTTP/1.1" 200 15916 "http://jodyyoung.com/wordpress1/flagallery/247-2/" "Mozilla/5.0 (compatible; MSIE 9.0; Windows NT 6.1; WOW64; Trident/5.0)"
152.131.10.2 - - [13/Aug/2013:18:07:29 -0400] "GET /wordpress1/wp-content/plugins/flash-album-gallery/admin/images/loadingAnimation.gif HTTP/1.1" 200 1320 "http://jodyyoung.com/wordpress1/flagallery/247-2/" "Mozilla/5.0 (compatible; MSIE 9.0; Windows NT 6.1; WOW64; Trident/5.0)"
152.131.10.2 - - [13/Aug/2013:18:07:30 -0400] "GET /wordpress1/wp-content/flagallery/alaska-photos/thumbs/thumbs_p8220147ao.jpg HTTP/1.1" 200 17044 "http://jodyyoung.com/wordpress1/wp-content/plugins/flagallery-skins/green_style/gallery.swf" "Mozilla/5.0 (compatible; MSIE 9.0; Windows NT 6.1; WOW64; Trident/5.0)"
37.140.165.197 - - [13/Aug/2013:18:28:13 -0400] "GET /wordpress1/wp-content/flagallery/alaska-photos/thumbs/thumbs_p8220168ao.jpg HTTP/1.1" 304 - "-" "Mozilla/5.0 (compatible; YandexImages/3.0; +http://yandex.com/bots)"
94.27.77.85 - - [13/Aug/2013:18:36:00 -0400] "GET /wordpress1/ HTTP/1.0" 200 58291 "http://jodyyoung.com/wordpress1/" "Mozilla/5.0 (Windows NT 6.0) AppleWebKit/537.11 (KHTML, like Gecko) Chrome/23.0.1271.95 Safari/537.11"
89.123.49.32 - - [13/Aug/2013:19:49:50 -0400] "GET /wordpress1/ HTTP/1.1" 403 795 "-" "Java/1.6.0_04"
66.249.75.184 - - [13/Aug/2013:06:43:47 -0400] "GET /wordpress1/wp-content/flagallery/alaska-photos/p8270321bo.jpg HTTP/1.1" 304 - "-" "Googlebot-Image/1.0"
199.187.122.91 - - [13/Aug/2013:07:56:00 -0400] "GET /alaska/phototours.html HTTP/1.1" 200 20702 "-" "Mozilla/4.0 (compatible; MSIE 6.0; Windows NT 5.1; SV1; .NET CLR 2.0.50727)"
199.187.122.91 - - [13/Aug/2013:07:56:12 -0400] "GET /wordpress1/connections/ HTTP/1.1" 200 61388 "-" "Mozilla/4.0 (compatible; MSIE 6.0; Windows NT 5.1; SV1; .NET CLR 2.0.50727)"
199.187.122.91 - - [13/Aug/2013:07:56:51 -0400] "GET /wordpress1/colorado/ HTTP/1.1" 200 62596 "-" "Mozilla/4.0 (compatible; MSIE 6.0; Windows NT 5.1; SV1; .NET CLR 2.0.50727)"
199.187.122.91 - - [13/Aug/2013:07:56:54 -0400] "GET /wordpress1/wp-login.php HTTP/1.1" 200 2779 "-" "Mozilla/4.0 (compatible; MSIE 6.0; Windows NT 5.1; SV1; .NET CLR 2.0.50727)"
66.249.75.184 - - [13/Aug/2013:10:24:41 -0400] "GET /wordpress1/wp-content/flagallery/utah-photos/pa150116ao.jpg HTTP/1.1" 200 579614 "-" "Googlebot-Image/1.0"
123.125.71.103 - - [13/Aug/2013:22:42:26 -0400] "GET /wordpress1/wp-content/plugins/kino-event-calendar-plugin/js/main.js HTTP/1.1" 200 1105 "-" "Mozilla/5.0 (compatible; Baiduspider/2.0; +http://www.baidu.com/search/spider.html)"
98.192.82.93 - - [13/Aug/2013:23:33:47 -0400] "GET /wordpress1/wp-content/plugins/flash-album-gallery/admin/js/swfobject.js?ver=2.2 HTTP/1.1" 200 11754 "http://jodyyoung.com/wordpress1/" "Mozilla/5.0 (iPad; CPU OS 5_1_1 like Mac OS X) AppleWebKit/534.46 (KHTML, like Gecko) Version/5.1 Mobile/9B206 Safari/7534.48.3"
98.192.82.93 - - [13/Aug/2013:23:33:48 -0400] "GET /wordpress1/wp-content/themes/atahualpa/images/rss-gray.png HTTP/1.1" 200 379 "http://jodyyoung.com/wordpress1/" "Mozilla/5.0 (iPad; CPU OS 5_1_1 like Mac OS X) AppleWebKit/534.46 (KHTML, like Gecko) Version/5.1 Mobile/9B206 Safari/7534.48.3"
37.140.165.197 - - [13/Aug/2013:14:11:35 -0400] "GET /311/images/4/motif02.jpg HTTP/1.1" 304 - "-" "Mozilla/5.0 (compatible; YandexImages/3.0; +http://yandex.com/bots)"
86.10.3.56 - - [13/Aug/2013:04:50:57 -0400] "GET / HTTP/1.1" 301 244 "-" "Mozilla/5.0 (iPhone; CPU iPhone OS 6_1_3 like Mac OS X) AppleWebKit/536.26 (KHTML, like Gecko) Version/6.0 Mobile/10B329 Safari/8536.25"
86.10.3.56 - - [13/Aug/2013:04:50:57 -0400] "GET /wordpress1/ HTTP/1.1" 301 - "-" "Mozilla/5.0 (iPhone; CPU iPhone OS 6_1_3 like Mac OS X) AppleWebKit/536.26 (KHTML, like Gecko) Version/6.0 Mobile/10B329 Safari/8536.25"
75.151.65.113 - - [13/Aug/2013:15:49:47 -0400] "GET /wordpress1/wp-content/plugins/flash-album-gallery/admin/js/swfaddress.js?ver=2.4 HTTP/1.1" 200 15916 "http://jodyyoung.com/wordpress1/" "Mozilla/5.0 (Windows NT 5.1) AppleWebKit/537.36 (KHTML, like Gecko) Chrome/28.0.1500.95 Safari/537.36"
75.151.65.113 - - [13/Aug/2013:15:49:48 -0400] "GET /wordpress1/wp-content/plugins/kino-event-calendar-plugin/css/main.css HTTP/1.1" 200 710 "http://jodyyoung.com/wordpress1/" "Mozilla/5.0 (Windows NT 5.1) AppleWebKit/537.36 (KHTML, like Gecko) Chrome/28.0.1500.95 Safari/537.36"
75.151.65.113 - - [13/Aug/2013:15:49:49 -0400] "GET /wordpress1/wp-content/themes/atahualpa/images/expand-down.gif HTTP/1.1" 200 57 "http://jodyyoung.com/wordpress1/" "Mozilla/5.0 (Windows NT 5.1) AppleWebKit/537.36 (KHTML, like Gecko) Chrome/28.0.1500.95 Safari/537.36"
121.205.213.216 - - [13/Aug/2013:17:49:37 -0400] "POST /wordpress1/wp-comments-post.php HTTP/1.0" 500 4120 "http://jodyyoung.com/wordpress1/guestbook/guestbook-archives/" "Mozilla/5.0 (Windows NT 6.1; WOW64) AppleWebKit/537.4 (KHTML, like Gecko) Chrome/22.0.1229.94 Safari/537.4"
37.140.165.197 - - [13/Aug/2013:01:53:04 -0400] "GET /wordpress1/wp-content/uploads/2011/11/l_REI.gif HTTP/1.1" 304 - "-" "Mozilla/5.0 (compatible; YandexImages/3.0; +http://yandex.com/bots)"
