142.0.139.162 - - [13/Aug/2013:18:34:54 -0400] "GET /wordpress1/guestbook/guestbook-archives/ HTTP/1.0" 200 70866 "http://jodyyoung.com/wordpress1/guestbook/guestbook-archives/#comment-304" "Mozilla/5.0 (Windows NT 6.1) AppleWebKit/537.4 (KHTML, like Gecko) Chrome/22.0.1229.94 Safari/537.4"
199.187.122.91 - - [13/Aug/2013:07:56:06 -0400] "GET /connections.htm HTTP/1.1" 200 11773 "-" "Mozilla/4.0 (compatible; MSIE 6.0; Windows NT 5.1; SV1; .NET CLR 2.0.50727)"
199.187.122.91 - - [13/Aug/2013:07:56:05 -0400] "GET /wordpress1/alaska/ HTTP/1.1" 200 61741 "-" "Mozilla/4.0 (compatible; MSIE 6.0; Windows NT 5.1; SV1; .NET CLR 2.0.50727)"
198.40.51.149 - - [13/Aug/2013:00:06:12 -0400] "GET /wordpress1/ HTTP/1.1" 301 - "-" "spider"
199.58.86.211 - - [13/Aug/2013:00:24:14 -0400] "GET /wordpress1/ HTTP/1.0" 200 58295 "-" "Mozilla/5.0 (compatible; MJ12bot/v1.4.3; http://www.majestic12.co.uk/bot.php?+)"
10.30.72.4 - - [13/Aug/2013:00:42:41 -0400] "POST /wordpress1/wp-cron.php?doing_wp_cron=1376368961.7642738819122314453125 HTTP/1.0" 200 - "-" "WordPress/3.5.2; http://jodyyoung.com/wordpress1"
10.30.72.4 - - [13/Aug/2013:02:54:18 -0400] "POST /wordpress1/wp-cron.php?doing_wp_cron=1376376858.4033279418945312500000 HTTP/1.0" 200 - "-" "WordPress/3.5.2; http://jodyyoung.com/wordpress1"
37.140.165.197 - - [13/Aug/2013:15:11:07 -0400] "GET /wordpress1/wp-content/uploads/2011/11/l_REI.gif HTTP/1.1" 304 - "-" "Mozilla/5.0 (compatible; YandexImages/3.0; +http://yandex.com/bots)"
94.27.77.85 - - [13/Aug/2013:17:43:57 -0400] "GET /shariki=2091++++++++++++++++++++++++++++++++++++++++++++Result:+GET-%F2%E0%E9%EC%E0%F3%F2%EE%E2+1;+%ED%E5+%ED%E0%E9%E4%E5%ED%EE;+%ED%E5+%ED%E0%F8%EB%EE%F1%FC+%F4%EE%F0%EC%FB+%E4%EB%FF+%EE%F2%EF%F0%E0%E2%EA%E8; HTTP/1.0" 404 575 "http://lasixpro.lo.gs/#19166" "Mozilla/5.0 (Windows NT 6.0) AppleWebKit/537.11 (KHTML, like Gecko) Chrome/23.0.1271.91 Safari/537.11"
220.181.108.141 - - [13/Aug/2013:22:15:47 -0400] "GET /wordpress1/contact/ HTTP/1.1" 200 59663 "-" "Mozilla/5.0 (compatible; Baiduspider/2.0; +http://www.baidu.com/search/spider.html)"
195.190.13.142 - - [13/Aug/2013:23:01:26 -0400] "GET /wordpress1/guestbook/guestbook-archives/ HTTP/1.0" 200 70868 "http://jodyyoung.com/wordpress1/guestbook/guestbook-archives/" "Opera/9.80 (Windows NT 5.1; U; ru) Presto/2.9.168 Version/11.50"
50.117.64.231 - - [13/Aug/2013:23:44:46 -0400] "GET /wordpress1/guestbook/guestbook-archives/ HTTP/1.0" 200 70866 "http://jodyyoung.com/" "Mozilla/5.0 (Windows NT 6.2; WOW64; rv:22.0) Gecko/20100101 Firefox/22.0"
199.187.122.91 - - [13/Aug/2013:07:56:46 -0400] "GET /wordpress1/guestbook/guestbook-archives/ HTTP/1.1" 200 70868 "-" "Mozilla/4.0 (compatible; MSIE 6.0; Windows NT 5.1; SV1; .NET CLR 2.0.50727)"
69.201.129.184 - - [13/Aug/2013:15:38:49 -0400] "GET /wordpress1/wp-content/ata-images/jyat-logo1.jpg HTTP/1.1" 200 10086 "http://jodyyoung.com/wordpress1/our-guides/" "Mozilla/5.0 (Macintosh; Intel Mac OS X 10_8_4) AppleWebKit/536.30.1 (KHTML, like Gecko) Version/6.0.5 Safari/536.30.1"
69.201.129.184 - - [13/Aug/2013:15:38:49 -0400] "GET /wordpress1/wp-content/uploads/2011/11/g_karen.jpg HTTP/1.1" 200 25592 "http://jodyyoung.com/wordpress1/our-guides/" "Mozilla/5.0 (Macintosh; Intel Mac OS X 10_8_4) AppleWebKit/536.30.1 (KHTML, like Gecko) Version/6.0.5 Safari/536.30.1"
69.201.129.184 - - [13/Aug/2013:15:38:50 -0400] "GET /wordpress1/wp-content/uploads/2011/11/g_otto.jpg HTTP/1.1" 200 23366 "http://jodyyoung.com/wordpress1/our-guides/" "Mozilla/5.0 (Macintosh; Intel Mac OS X 10_8_4) AppleWebKit/536.30.1 (KHTML, like Gecko) Version/6.0.5 Safari/536.30.1"
110.85.68.57 - - [13/Aug/2013:16:03:48 -0400] "GET /wordpress1/guestbook/feed/ HTTP/1.0" 200 744 "http://jodyyoung.com/wordpress1/guestbook/feed/" "Mozilla/5.0 (Windows NT 6.1) AppleWebKit/535.19 (KHTML, like Gecko) Chrome/18.0.1025.1634 Safari/535.19 YE"
72.14.199.184 - - [13/Aug/2013:13:22:33 -0400] "GET /wordpress1/comments/feed/ HTTP/1.1" 200 3283 "-" "Feedfetcher-Google; (+http://www.google.com/feedfetcher.html; 1 subscribers; feed-id=8917805572480071123)"
5.10.83.91 - - [13/Aug/2013:13:41:57 -0400] "GET /robots.txt HTTP/1.1" 404 575 "-" "Mozilla/5.0 (compatible; AhrefsBot/5.0; +http://ahrefs.com/robot/)"
199.58.86.211 - - [13/Aug/2013:00:24:06 -0400] "GET /robots.txt HTTP/1.0" 404 575 "-" "Mozilla/5.0 (compatible; MJ12bot/v1.4.3; http://www.majestic12.co.uk/bot.php?+)"
91.207.8.61 - - [13/Aug/2013:00:25:59 -0400] "GET /guestbook.html HTTP/1.0" 200 8916 "http://jodyyoung.com/guestbook.html" "Opera/9.80 (Windows NT 6.1; MRA 6.0 (build 6001)) Presto/2.12.388 Version/12.10"
144.76.121.202 - - [13/Aug/2013:02:01:25 -0400] "GET /wordpress1/ HTTP/1.0" 503 323 "-" "Mozilla/5.0 (compatible; MJ12bot/v1.4.3; http://www.majestic12.co.uk/bot.php?+)"
199.58.86.209 - - [13/Aug/2013:02:16:08 -0400] "GET /wordpress1/2013/05/09/more-desert-fun/ HTTP/1.0" 503 323 "-" "Mozilla/5.0 (compatible; MJ12bot/v1.4.3; http://www.majestic12.co.uk/bot.php?+)"
142.0.139.162 - - [13/Aug/2013:18:03:06 -0400] "POST /wordpress1/wp-comments-post.php HTTP/1.0" 302 - "http://jodyyoung.com/wordpress1/guestbook/" "Mozilla/5.0 (Windows; U; Windows NT 5.1; ru; rv:1.9.0.19) Gecko/2010031422 Firefox/3.0.19 YB/3.5.1 (.NET CLR 3.5.30729)"
152.131.10.2 - - [13/Aug/2013:18:07:42 -0400] "GET /wordpress1/wp-content/flagallery/alaska-photos/p8220147ao.jpg HTTP/1.1" 200 462325 "http://jodyyoung.com/wordpress1/wp-content/plugins/flagallery-skins/green_style/gallery.swf" "Mozilla/5.0 (compatible; MSIE 9.0; Windows NT 6.1; WOW64; Trident/5.0)"
67.40.17.144 - - [13/Aug/2013:18:20:25 -0400] "GET /wordpress1/wp-content/flagallery/alaska-photos/p8220168ao.jpg HTTP/1.1" 200 253872 "-" "Mozilla/5.0 (iPad; CPU OS 6_1_3 like Mac OS X) AppleWebKit/536.26 (KHTML, like Gecko) Version/6.0 Mobile/10B329 Safari/8536.25"
10.30.72.4 - - [13/Aug/2013:21:57:02 -0400] "POST /wordpress1/wp-cron.php?doing_wp_cron=1376445422.3972520828247070312500 HTTP/1.0" 200 - "-" "WordPress/3.5.2; http://jodyyoung.com/wordpress1"
123.125.71.50 - - [13/Aug/2013:22:05:46 -0400] "GET / HTTP/1.1" 301 240 "-" "Mozilla/5.0 (compatible; Baiduspider/2.0; +http://www.baidu.com/search/spider.html)"
199.187.122.91 - - [13/Aug/2013:07:56:23 -0400] "GET /shariki=1721 HTTP/1.1" 404 575 "-" "Mozilla/4.0 (compatible; MSIE 6.0; Windows NT 5.1; SV1; .NET CLR 2.0.50727)"
142.0.139.162 - - [13/Aug/2013:15:50:06 -0400] "GET /wordpress1/guestbook/guestbook-archives/ HTTP/1.0" 200 70866 "http://jodyyoung.com/wordpress1/guestbook/guestbook-archives/#comment-304" "Opera/9.80 (Windows NT 6.1; U; ru) Presto/2.7.39 Version/11.00"
142.0.139.162 - - [13/Aug/2013:14:11:33 -0400] "GET / HTTP/1.0" 301 240 "http://jodyyoung.com/" "Opera/9.80 (Windows NT 5.1; MRA 6.0 (build 5998)) Presto/2.12.388 Version/12.11"
142.0.139.162 - - [13/Aug/2013:14:44:54 -0400] "GET /wordpress1/guestbook/guestbook-archives/ HTTP/1.0" 200 70866 "http://jodyyoung.com/wordpress1/guestbook/guestbook-archives/#comment-304" "Opera/9.80 (Windows NT 6.1; U; ru) Presto/2.10.289 Version/12.02"
86.10.3.56 - - [13/Aug/2013:04:54:08 -0400] "GET /wordpress1/ HTTP/1.1" 200 58289 "http://jodyyoung.com/wordpress1/2013/05/15/arches-canyonlands-again/" "Mozilla/5.0 (iPhone; CPU iPhone OS 6_1_3 like Mac OS X) AppleWebKit/536.26 (KHTML, like Gecko) Version/6.0 Mobile/10B329 Safari/8536.25"
86.10.3.56 - - [13/Aug/2013:04:54:10 -0400] "GET /wordpress1/wp-content/themes/atahualpa/images/header/jyatHD19.jpg HTTP/1.1" 200 58364 "http://jodyyoung.com/wordpress1/" "Mozilla/5.0 (iPhone; CPU iPhone OS 6_1_3 like Mac OS X) AppleWebKit/536.26 (KHTML, like Gecko) Version/6.0 Mobile/10B329 Safari/8536.25"
86.10.3.56 - - [13/Aug/2013:04:54:11 -0400] "GET /wordpress1/wp-content/plugins/kino-event-calendar-plugin/rpc.php?action=get_events&start=1374966000000&end=1378594800000&event_id=null HTTP/1.1" 200 3609 "http://jodyyoung.com/wordpress1/" "Mozilla/5.0 (iPhone; CPU iPhone OS 6_1_3 like Mac OS X) AppleWebKit/536.26 (KHTML, like Gecko) Version/6.0 Mobile/10B329 Safari/8536.25"
152.131.10.2 - - [13/Aug/2013:18:08:40 -0400] "GET /wordpress1/wp-content/uploads/2011/11/g_jim.jpg HTTP/1.1" 200 20527 "http://jodyyoung.com/wordpress1/our-guides/" "Mozilla/5.0 (compatible; MSIE 9.0; Windows NT 6.1; WOW64; Trident/5.0)"
137.175.68.182 - - [13/Aug/2013:20:39:41 -0400] "GET /wordpress1/guestbook/ HTTP/1.0" 200 59405 "http://jodyyoung.com/wordpress1/guestbook/" "Mozilla/4.0 (compatible; MSIE 8.0; Windows NT 5.2; Trident/4.0; .NET CLR 1.1.4322)"
123.125.71.69 - - [13/Aug/2013:22:42:27 -0400] "GET /wordpress1/wp-content/plugins/kino-event-calendar-plugin/js/ HTTP/1.1" 403 660 "-" "Mozilla/5.0 (compatible; Baiduspider/2.0; +http://www.baidu.com/search/spider.html)"
78.146.82.6 - - [13/Aug/2013:08:01:39 -0400] "GET /wordpress1/wp-content/themes/atahualpa/js/DD_roundies.js?ver=0.0.2a HTTP/1.1" 304 - "http://jodyyoung.com/wordpress1/" "Mozilla/5.0 (Linux; U; Android 4.1.2; en-gb; GT-I8190N Build/JZO54K) AppleWebKit/534.30 (KHTML, like Gecko) Version/4.0 Mobile Safari/534.30"
78.146.82.6 - - [13/Aug/2013:08:01:41 -0400] "GET /wordpress1/wp-content/themes/atahualpa/images/rss-gray.png HTTP/1.1" 304 - "http://jodyyoung.com/wordpress1/" "Mozilla/5.0 (Linux; U; Android 4.1.2; en-gb; GT-I8190N Build/JZO54K) AppleWebKit/534.30 (KHTML, like Gecko) Version/4.0 Mobile Safari/534.30"
65.55.213.68 - - [13/Aug/2013:08:33:46 -0400] "GET /robots.txt HTTP/1.1" 404 575 "-" "msnbot/2.0b (+http://search.msn.com/msnbot.htm)"
216.137.230.37 - - [13/Aug/2013:12:35:02 -0400] "GET /wordpress1/wp-admin/load-styles.php?c=1&dir=ltr&load=admin-bar,wp-admin,buttons&ver=3.5.2 HTTP/1.1" 200 31440 "http://jodyyoung.com/wordpress1/wp-admin/edit-comments.php?comment_status=moderated" "Mozilla/5.0 (Windows NT 6.1; WOW64; rv:22.0) Gecko/20100101 Firefox/22.0"
216.137.230.37 - - [13/Aug/2013:12:35:04 -0400] "GET /wordpress1/wp-admin/images/menu.png?ver=20121105 HTTP/1.1" 200 9165 "http://jodyyoung.com/wordpress1/wp-admin/css/colors-fresh.min.css?ver=3.5.2" "Mozilla/5.0 (Windows NT 6.1; WOW64; rv:22.0) Gecko/20100101 Firefox/22.0"
142.0.139.162 - - [13/Aug/2013:18:03:08 -0400] "GET /wordpress1/guestbook/ HTTP/1.0" 200 63376 "http://jodyyoung.com/wordpress1/guestbook/#comment-376" "Mozilla/5.0 (Windows; U; Windows NT 5.1; ru; rv:1.9.0.19) Gecko/2010031422 Firefox/3.0.19 YB/3.5.1 (.NET CLR 3.5.30729)"
152.131.10.2 - - [13/Aug/2013:18:08:03 -0400] "GET /311/images/company.jpg HTTP/1.1" 200 5583 "http://www.jodyyoung.com/utah.html" "Mozilla/5.0 (compatible; MSIE 9.0; Windows NT 6.1; WOW64; Trident/5.0)"
152.131.10.2 - - [13/Aug/2013:18:08:03 -0400] "GET /311/images/03a.jpg HTTP/1.1" 200 2375 "http://www.jodyyoung.com/utah.html" "Mozilla/5.0 (compatible; MSIE 9.0; Windows NT 6.1; WOW64; Trident/5.0)"
152.131.10.2 - - [13/Aug/2013:18:08:03 -0400] "GET /311/images/09a.jpg HTTP/1.1" 200 8894 "http://www.jodyyoung.com/utah.html" "Mozilla/5.0 (compatible; MSIE 9.0; Windows NT 6.1; WOW64; Trident/5.0)"
152.131.10.2 - - [13/Aug/2013:18:08:04 -0400] "GET /images/pow001.jpg HTTP/1.1" 404 575 "http://www.jodyyoung.com/utah.html" "Mozilla/5.0 (compatible; MSIE 9.0; Windows NT 6.1; WOW64; Trident/5.0)"
152.131.10.2 - - [13/Aug/2013:18:08:04 -0400] "GET /311/images/05b.jpg HTTP/1.1" 200 2882 "http://www.jodyyoung.com/utah.html" "Mozilla/5.0 (compatible; MSIE 9.0; Windows NT 6.1; WOW64; Trident/5.0)"
94.27.77.85 - - [13/Aug/2013:18:36:02 -0400] "GET /wordpress1/guestbook/ HTTP/1.0" 200 59399 "http://jodyyoung.com/wordpress1/guestbook/" "Mozilla/5.0 (Windows NT 6.0) AppleWebKit/537.11 (KHTML, like Gecko) Chrome/23.0.1271.95 Safari/537.11"
91.236.74.95 - - [13/Aug/2013:01:22:39 -0400] "GET /wordpress1/guestbook/guestbook-archives/ HTTP/1.0" 200 70864 "http://jodyyoung.com/wordpress1/guestbook/guestbook-archives/" "Mozilla/5.0 (Windows NT 6.1) AppleWebKit/537.11 (KHTML, like Gecko) Chrome/23.0.1271.95 Safari/537.11"
69.201.129.184 - - [13/Aug/2013:15:38:43 -0400] "GET /wordpress1/our-guides/ HTTP/1.1" 200 61235 "http://www.google.com/url?sa=t&rct=j&q=&esrc=s&source=web&cd=2&ved=0CDsQjBAwAQ&url=http%3A%2F%2Fjodyyoung.com%2Fwordpress1%2Four-guides%2F&ei=QIsKUoblJrTJ4APonoHIBg&usg=AFQjCNHUEDgoqyGK3wg8nO5neUsJZo6ZFg&sig2=ES7TIeDkMPPjGIceNtFOIQ&bvm=bv.50500085,d.dmg" "Mozilla/5.0 (Macintosh; Intel Mac OS X 10_8_4) AppleWebKit/536.30.1 (KHTML, like Gecko) Version/6.0.5 Safari/536.30.1"
69.201.129.184 - - [13/Aug/2013:15:38:45 -0400] "GET /wordpress1/wp-content/plugins/kino-event-calendar-plugin/css/calendar.css HTTP/1.1" 200 10091 "http://jodyyoung.com/wordpress1/our-guides/" "Mozilla/5.0 (Macintosh; Intel Mac OS X 10_8_4) AppleWebKit/536.30.1 (KHTML, like Gecko) Version/6.0.5 Safari/536.30.1"
69.201.129.184 - - [13/Aug/2013:15:38:45 -0400] "GET /wordpress1/wp-content/plugins/kino-event-calendar-plugin/css/main.css HTTP/1.1" 200 710 "http://jodyyoung.com/wordpress1/our-guides/" "Mozilla/5.0 (Macintosh; Intel Mac OS X 10_8_4) AppleWebKit/536.30.1 (KHTML, like Gecko) Version/6.0.5 Safari/536.30.1"
69.201.129.184 - - [13/Aug/2013:15:38:45 -0400] "GET /wordpress1/wp-content/plugins/kino-event-calendar-plugin/js/tools.tooltip-1.1.2.js HTTP/1.1" 200 8427 "http://jodyyoung.com/wordpress1/our-guides/" "Mozilla/5.0 (Macintosh; Intel Mac OS X 10_8_4) AppleWebKit/536.30.1 (KHTML, like Gecko) Version/6.0.5 Safari/536.30.1"
69.201.129.184 - - [13/Aug/2013:15:38:45 -0400] "GET /wordpress1/wp-content/plugins/kino-event-calendar-plugin/js/tools.tooltip.dynamic-1.0.1.min.js HTTP/1.1" 200 1928 "http://jodyyoung.com/wordpress1/our-guides/" "Mozilla/5.0 (Macintosh; Intel Mac OS X 10_8_4) AppleWebKit/536.30.1 (KHTML, like Gecko) Version/6.0.5 Safari/536.30.1"
69.201.129.184 - - [13/Aug/2013:15:38:45 -0400] "GET /wordpress1/wp-content/plugins/kino-event-calendar-plugin/js/main.js HTTP/1.1" 200 1105 "http://jodyyoung.com/wordpress1/our-guides/" "Mozilla/5.0 (Macintosh; Intel Mac OS X 10_8_4) AppleWebKit/536.30.1 (KHTML, like Gecko) Version/6.0.5 Safari/536.30.1"
75.151.65.113 - - [13/Aug/2013:15:49:43 -0400] "GET / HTTP/1.1" 301 244 "https://www.google.com/" "Mozilla/5.0 (Windows NT 5.1) AppleWebKit/537.36 (KHTML, like Gecko) Chrome/28.0.1500.95 Safari/537.36"
75.151.65.113 - - [13/Aug/2013:15:49:44 -0400] "GET /wordpress1/ HTTP/1.1" 301 - "https://www.google.com/" "Mozilla/5.0 (Windows NT 5.1) AppleWebKit/537.36 (KHTML, like Gecko) Chrome/28.0.1500.95 Safari/537.36"
112.5.234.100 - - [13/Aug/2013:16:03:42 -0400] "GET /wordpress1/guestbook/guestbook-archives/ HTTP/1.0" 200 70866 "http://jodyyoung.com/wordpress1/guestbook/guestbook-archives/" "Opera/9.01 (Windows NT 5.1; U; en)"
112.5.234.100 - - [13/Aug/2013:16:03:51 -0400] "POST /wordpress1/wp-comments-post.php HTTP/1.0" 500 4120 "http://jodyyoung.com/wordpress1/guestbook/guestbook-archives/" "Mozilla/4.0 (compatible; MSIE 6.0; Windows NT 5.1; SV1; .NET CLR 1.1.4322; .NET CLR 2.0.50727)"
37.140.165.197 - - [13/Aug/2013:16:32:05 -0400] "GET /images/67_IMG0029a.jpg HTTP/1.1" 304 - "-" "Mozilla/5.0 (compatible; YandexImages/3.0; +http://yandex.com/bots)"
131.253.38.103 - - [13/Aug/2013:23:29:38 -0400] "GET /311/images/motif03.jpg HTTP/1.1" 200 18763 "-" "msnbot-media/1.1 (+http://search.msn.com/msnbot.htm)"
65.55.213.68 - - [13/Aug/2013:13:09:31 -0400] "GET /wordpress1/2013/05/15/arches-canyonlands-again/ HTTP/1.1" 200 58600 "-" "msnbot/2.0b (+http://search.msn.com/msnbot.htm)"
78.146.82.6 - - [13/Aug/2013:08:01:42 -0400] "GET /wordpress1/wp-content/themes/atahualpa/images/header/jyatHD09.jpg HTTP/1.1" 200 60796 "http://jodyyoung.com/wordpress1/" "Mozilla/5.0 (Linux; U; Android 4.1.2; en-gb; GT-I8190N Build/JZO54K) AppleWebKit/534.30 (KHTML, like Gecko) Version/4.0 Mobile Safari/534.30"
37.140.165.197 - - [13/Aug/2013:04:15:18 -0400] "GET /wordpress1/wp-content/flagallery/alaska-photos/thumbs/thumbs_p8220168ao.jpg HTTP/1.1" 304 - "-" "Mozilla/5.0 (compatible; YandexImages/3.0; +http://yandex.com/bots)"
86.10.3.56 - - [13/Aug/2013:04:52:47 -0400] "GET /wordpress1/wp-content/flagallery/utah-photos/thumbs/thumbs_img_0224a.jpg HTTP/1.1" 200 6230 "http://jodyyoung.com/wordpress1/flagallery/utah-photos/" "Mozilla/5.0 (iPhone; CPU iPhone OS 6_1_3 like Mac OS X) AppleWebKit/536.26 (KHTML, like Gecko) Version/6.0 Mobile/10B329 Safari/8536.25"
86.10.3.56 - - [13/Aug/2013:04:52:48 -0400] "GET /wordpress1/wp-content/flagallery/utah-photos/thumbs/thumbs_img_0581ao.jpg HTTP/1.1" 200 10474 "http://jodyyoung.com/wordpress1/flagallery/utah-photos/" "Mozilla/5.0 (iPhone; CPU iPhone OS 6_1_3 like Mac OS X) AppleWebKit/536.26 (KHTML, like Gecko) Version/6.0 Mobile/10B329 Safari/8536.25"
86.10.3.56 - - [13/Aug/2013:04:52:48 -0400] "GET /wordpress1/wp-content/flagallery/utah-photos/thumbs/thumbs_p5140090ao.jpg HTTP/1.1" 200 13585 "http://jodyyoung.com/wordpress1/flagallery/utah-photos/" "Mozilla/5.0 (iPhone; CPU iPhone OS 6_1_3 like Mac OS X) AppleWebKit/536.26 (KHTML, like Gecko) Version/6.0 Mobile/10B329 Safari/8536.25"
86.10.3.56 - - [13/Aug/2013:04:52:48 -0400] "GET /wordpress1/wp-content/flagallery/utah-photos/thumbs/thumbs_p9280217ao.jpg HTTP/1.1" 200 16787 "http://jodyyoung.com/wordpress1/flagallery/utah-photos/" "Mozilla/5.0 (iPhone; CPU iPhone OS 6_1_3 like Mac OS X) AppleWebKit/536.26 (KHTML, like Gecko) Version/6.0 Mobile/10B329 Safari/8536.25"
86.10.3.56 - - [13/Aug/2013:04:52:48 -0400] "GET /wordpress1/wp-content/flagallery/utah-photos/thumbs/thumbs_p9300252ao.jpg HTTP/1.1" 200 13621 "http://jodyyoung.com/wordpress1/flagallery/utah-photos/" "Mozilla/5.0 (iPhone; CPU iPhone OS 6_1_3 like Mac OS X) AppleWebKit/536.26 (KHTML, like Gecko) Version/6.0 Mobile/10B329 Safari/8536.25"
86.10.3.56 - - [13/Aug/2013:04:52:49 -0400] "GET /wordpress1/wp-content/flagallery/utah-photos/thumbs/thumbs_pa008072ao.jpg HTTP/1.1" 200 15061 "http://jodyyoung.com/wordpress1/flagallery/utah-photos/" "Mozilla/5.0 (iPhone; CPU iPhone OS 6_1_3 like Mac OS X) AppleWebKit/536.26 (KHTML, like Gecko) Version/6.0 Mobile/10B329 Safari/8536.25"
86.10.3.56 - - [13/Aug/2013:04:52:49 -0400] "GET /wordpress1/wp-content/flagallery/utah-photos/thumbs/thumbs_pa080043ao.jpg HTTP/1.1" 200 13437 "http://jodyyoung.com/wordpress1/flagallery/utah-photos/" "Mozilla/5.0 (iPhone; CPU iPhone OS 6_1_3 like Mac OS X) AppleWebKit/536.26 (KHTML, like Gecko) Version/6.0 Mobile/10B329 Safari/8536.25"
86.10.3.56 - - [13/Aug/2013:04:52:49 -0400] "GET /wordpress1/wp-content/plugins/flash-album-gallery/admin/images/loadingAnimation.gif HTTP/1.1" 200 1320 "http://jodyyoung.com/wordpress1/flagallery/utah-photos/" "Mozilla/5.0 (iPhone; CPU iPhone OS 6_1_3 like Mac OS X) AppleWebKit/536.26 (KHTML, like Gecko) Version/6.0 Mobile/10B329 Safari/8536.25"
152.131.10.2 - - [13/Aug/2013:18:08:03 -0400] "GET /311/images/enviro_01.jpg HTTP/1.1" 200 6890 "http://www.jodyyoung.com/utah.html" "Mozilla/5.0 (compatible; MSIE 9.0; Windows NT 6.1; WOW64; Trident/5.0)"
152.131.10.2 - - [13/Aug/2013:18:08:03 -0400] "GET /311/images/04a.jpg HTTP/1.1" 200 2246 "http://www.jodyyoung.com/utah.html" "Mozilla/5.0 (compatible; MSIE 9.0; Windows NT 6.1; WOW64; Trident/5.0)"
152.131.10.2 - - [13/Aug/2013:18:08:03 -0400] "GET /311/images/08a.jpg HTTP/1.1" 200 2840 "http://www.jodyyoung.com/utah.html" "Mozilla/5.0 (compatible; MSIE 9.0; Windows NT 6.1; WOW64; Trident/5.0)"
152.131.10.2 - - [13/Aug/2013:18:08:04 -0400] "GET /images/Phippsban.jpg HTTP/1.1" 200 38053 "http://www.jodyyoung.com/utah.html" "Mozilla/5.0 (compatible; MSIE 9.0; Windows NT 6.1; WOW64; Trident/5.0)"
152.131.10.2 - - [13/Aug/2013:18:08:04 -0400] "GET /311/images/nav_back.jpg HTTP/1.1" 200 4297 "http://www.jodyyoung.com/utah.html" "Mozilla/5.0 (compatible; MSIE 9.0; Windows NT 6.1; WOW64; Trident/5.0)"
178.137.162.213 - - [13/Aug/2013:18:17:49 -0400] "POST /wordpress1/wp-comments-post.php HTTP/1.0" 500 4120 "http://jodyyoung.com/wordpress1/guestbook/" "Mozilla/5.0 (Windows NT 6.2; WOW64; rv:17.0) Gecko/17.0 Firefox/17.0"
220.181.108.143 - - [13/Aug/2013:22:06:42 -0400] "GET /wordpress1/wp-content/plugins/kino-event-calendar-plugin/js/tools.tooltip-1.1.2.js HTTP/1.1" 200 8427 "http://jodyyoung.com/" "Mozilla/5.0 (X11; U; Linux x86_64; en-US; rv:1.9) Gecko Minefield/3.0"
220.181.108.187 - - [13/Aug/2013:22:06:49 -0400] "GET /wordpress1/wp-content/plugins/kino-event-calendar-plugin/js/calendar.js HTTP/1.1" 200 79688 "http://jodyyoung.com/" "Mozilla/5.0 (X11; U; Linux x86_64; en-US; rv:1.9) Gecko Minefield/3.0"
98.192.82.93 - - [13/Aug/2013:23:33:47 -0400] "GET /wordpress1/wp-content/plugins/kino-event-calendar-plugin/css/calendar.css HTTP/1.1" 200 10091 "http://jodyyoung.com/wordpress1/" "Mozilla/5.0 (iPad; CPU OS 5_1_1 like Mac OS X) AppleWebKit/534.46 (KHTML, like Gecko) Version/5.1 Mobile/9B206 Safari/7534.48.3"
98.192.82.93 - - [13/Aug/2013:23:33:47 -0400] "GET /wordpress1/wp-content/plugins/kino-event-calendar-plugin/css/main.css HTTP/1.1" 200 710 "http://jodyyoung.com/wordpress1/" "Mozilla/5.0 (iPad; CPU OS 5_1_1 like Mac OS X) AppleWebKit/534.46 (KHTML, like Gecko) Version/5.1 Mobile/9B206 Safari/7534.48.3"
98.192.82.93 - - [13/Aug/2013:23:33:48 -0400] "GET /wordpress1/wp-content/plugins/kino-event-calendar-plugin/images/tooltip-bg.png HTTP/1.1" 200 453 "http://jodyyoung.com/wordpress1/" "Mozilla/5.0 (iPad; CPU OS 5_1_1 like Mac OS X) AppleWebKit/534.46 (KHTML, like Gecko) Version/5.1 Mobile/9B206 Safari/7534.48.3"
199.187.122.91 - - [13/Aug/2013:07:56:19 -0400] "GET /shariki=1545 HTTP/1.1" 404 575 "-" "Mozilla/4.0 (compatible; MSIE 6.0; Windows NT 5.1; SV1; .NET CLR 2.0.50727)"
78.146.82.6 - - [13/Aug/2013:08:01:42 -0400] "GET /wordpress1/wp-content/themes/atahualpa/images/expand-down.gif HTTP/1.1" 304 - "http://jodyyoung.com/wordpress1/" "Mozilla/5.0 (Linux; U; Android 4.1.2; en-gb; GT-I8190N Build/JZO54K) AppleWebKit/534.30 (KHTML, like Gecko) Version/4.0 Mobile Safari/534.30"
216.137.230.37 - - [13/Aug/2013:12:35:08 -0400] "GET /wordpress1/wp-admin/load-styles.php?c=1&dir=ltr&load=wp-jquery-ui-dialog&ver=3.5.2 HTTP/1.1" 200 1083 "http://jodyyoung.com/wordpress1/wp-admin/edit-comments.php?comment_status=moderated" "Mozilla/5.0 (Windows NT 6.1; WOW64; rv:22.0) Gecko/20100101 Firefox/22.0"
216.137.230.37 - - [13/Aug/2013:12:35:09 -0400] "GET /wordpress1/wp-admin/load-scripts.php?c=1&load%5B%5D=admin-bar,hoverIntent,common,wp-ajax-response,jquery-color,wp-lists,quicktags,jquery-query,admin-comments,word-count,jquery-ui-c&load%5B%5D=ore,jquery-ui-widget,jquery-ui-mouse,jquery-ui-resizable,jquery-ui-draggable,jquery-ui-button,jquery-ui-position,jquery-ui-dialo&load%5B%5D=g,wpdialogs,wplink,wpdialogs-popup&ver=3.5.2 HTTP/1.1" 200 49555 "http://jodyyoung.com/wordpress1/wp-admin/edit-comments.php?comment_status=moderated" "Mozilla/5.0 (Windows NT 6.1; WOW64; rv:22.0) Gecko/20100101 Firefox/22.0"
216.137.230.37 - - [13/Aug/2013:12:35:12 -0400] "GET /wordpress1/wp-content/plugins/kino-event-calendar-plugin/css/smoothness/images/ui-bg_flat_75_ffffff_40x100.png HTTP/1.1" 200 178 "http://jodyyoung.com/wordpress1/wp-content/plugins/kino-event-calendar-plugin/css/smoothness/jquery-ui-1.7.2.custom.css" "Mozilla/5.0 (Windows NT 6.1; WOW64; rv:22.0) Gecko/20100101 Firefox/22.0"
65.55.213.68 - - [13/Aug/2013:13:08:52 -0400] "GET /wordpress1/gallery/ HTTP/1.0" 200 82634 "-" "msnbot/2.0b (+http://search.msn.com/msnbot.htm)"
192.99.2.120 - - [13/Aug/2013:13:57:46 -0400] "GET /wordpress1/guestbook/guestbook-archives/ HTTP/1.0" 200 70865 "http://jodyyoung.com/wordpress1/guestbook/guestbook-archives/" "Mozilla/5.0 (Windows NT 6.1; WOW64) AppleWebKit/537.4 (KHTML, like Gecko) Chrome/22.0.1229.94 Safari/537.4"
199.30.20.69 - - [13/Aug/2013:10:06:02 -0400] "GET /robots.txt HTTP/1.1" 404 575 "-" "msnbot-media/1.1 (+http://search.msn.com/msnbot.htm)"
54.243.53.148 - - [13/Aug/2013:15:31:00 -0400] "GET /wordpress1/about-htm/ HTTP/1.1" 200 58214 "http://www.google.com/" "Mozilla/5.0 (Windows; U; Windows NT 6.1; en-GB; rv:1.9.2) Gecko/20100115 Firefox/3.6"
69.201.129.184 - - [13/Aug/2013:15:38:45 -0400] "GET /wordpress1/wp-content/plugins/kino-event-calendar-plugin/js/jquery-ui-1.7.2.custom.min.js HTTP/1.1" 200 107835 "http://jodyyoung.com/wordpress1/our-guides/" "Mozilla/5.0 (Macintosh; Intel Mac OS X 10_8_4) AppleWebKit/536.30.1 (KHTML, like Gecko) Version/6.0.5 Safari/536.30.1"
72.14.199.184 - - [13/Aug/2013:16:18:12 -0400] "GET /wordpress1/comments/feed/ HTTP/1.1" 200 3283 "-" "Feedfetcher-Google; (+http://www.google.com/feedfetcher.html; 1 subscribers; feed-id=8917805572480071123)"
142.0.139.162 - - [13/Aug/2013:16:56:10 -0400] "POST /wordpress1/wp-comments-post.php HTTP/1.0" 302 - "http://jodyyoung.com/wordpress1/guestbook/guestbook-archives/#comment-304" "Opera/9.80 (Windows NT 6.1; WOW64; U; ru) Presto/2.10.289 Version/12.02"
123.125.71.36 - - [13/Aug/2013:17:33:20 -0400] "GET /wordpress1/wp-content/ata-images/jyat-logo1.jpg HTTP/1.1" 200 10086 "-" "Baiduspider-image+(+http://www.baidu.com/search/spider.htm)"
152.131.10.2 - - [13/Aug/2013:18:08:03 -0400] "GET /311/scripts/master.css HTTP/1.1" 200 1951 "http://www.jodyyoung.com/utah.html" "Mozilla/5.0 (compatible; MSIE 9.0; Windows NT 6.1; WOW64; Trident/5.0)"
66.249.75.122 - - [13/Aug/2013:18:50:44 -0400] "GET /wordpress1/ HTTP/1.1" 301 - "-" "Mozilla/5.0 (compatible; Googlebot/2.1; +http://www.google.com/bot.html)"
178.137.162.213 - - [13/Aug/2013:18:17:46 -0400] "GET /wordpress1/guestbook/ HTTP/1.0" 200 59407 "http://jodyyoung.com/wordpress1/guestbook/" "Mozilla/5.0 (Windows NT 6.2; WOW64; rv:17.0) Gecko/17.0 Firefox/17.0"
216.137.230.37 - - [13/Aug/2013:12:34:05 -0400] "GET /wordpress1/wp-admin/edit-comments.php?comment_status=moderated HTTP/1.1" 302 - "-" "Mozilla/5.0 (Windows NT 6.1; WOW64; rv:22.0) Gecko/20100101 Firefox/22.0"
65.55.213.68 - - [13/Aug/2013:13:09:59 -0400] "GET /wordpress1/contact/ HTTP/1.1" 200 59663 "-" "msnbot/2.0b (+http://search.msn.com/msnbot.htm)"
65.55.213.77 - - [13/Aug/2013:13:10:09 -0400] "GET /wordpress1/feed/ HTTP/1.1" 200 8101 "-" "msnbot/2.0b (+http://search.msn.com/msnbot.htm)"
85.237.227.46 - - [13/Aug/2013:05:59:10 -0400] "GET /wordpress1/wp-content/flagallery/alaska-photos/p8240215ao.jpg HTTP/1.1" 200 396551 "http://www.google.sk/search?q=coldfoot+alaska&tbm=isch&tbo=u&source=univ&sa=X&ei=cQIKUuOJOcOVPJ-igagC&ved=0CDEQsAQ&biw=683&bih=375" "Mozilla/5.0 (Linux; U; Android 2.3.5; sk-sk; V9A Build/GINGERBREAD) AppleWebKit/533.1 (KHTML, like Gecko) Version/4.0 Mobile Safari/533.1"
54.243.53.148 - - [13/Aug/2013:15:31:00 -0400] "GET /wordpress1/feed/ HTTP/1.1" 200 8101 "-" "Mozilla/5.0 (Windows; U; Windows NT 6.1; en-GB; rv:1.9.2) Gecko/20100115 Firefox/3.6"
112.5.234.100 - - [13/Aug/2013:16:03:51 -0400] "POST /wordpress1/wp-comments-post.php HTTP/1.0" 500 4120 "http://jodyyoung.com/wordpress1/guestbook/guestbook-archives/" "Opera/9.01 (Windows NT 5.1; U; en)"
142.0.139.162 - - [13/Aug/2013:17:29:14 -0400] "GET /wordpress1/guestbook/guestbook-archives/ HTTP/1.0" 200 98048 "http://jodyyoung.com/wordpress1/guestbook/guestbook-archives/#comment-375" "Opera/9.80 (Windows NT 6.2; WOW64; MRA 8.0 (build 5784)) Presto/2.12.388 Version/12.10"
68.49.249.200 - - [13/Aug/2013:07:50:14 -0400] "GET /wordpress1/wp-content/plugins/flash-album-gallery/admin/js/swfaddress.js?ver=2.4 HTTP/1.1" 200 15916 "http://jodyyoung.com/wordpress1/" "Mozilla/5.0 (Macintosh; Intel Mac OS X 10_6_8) AppleWebKit/537.36 (KHTML, like Gecko) Chrome/28.0.1500.95 Safari/537.36"
68.49.249.200 - - [13/Aug/2013:07:50:15 -0400] "GET /wordpress1/wp-content/plugins/kino-event-calendar-plugin/css/main.css HTTP/1.1" 200 710 "http://jodyyoung.com/wordpress1/" "Mozilla/5.0 (Macintosh; Intel Mac OS X 10_6_8) AppleWebKit/537.36 (KHTML, like Gecko) Chrome/28.0.1500.95 Safari/537.36"
68.49.249.200 - - [13/Aug/2013:07:50:16 -0400] "GET /wordpress1/wp-content/themes/atahualpa/images/header/jyatHD07.jpg HTTP/1.1" 200 80690 "http://jodyyoung.com/wordpress1/" "Mozilla/5.0 (Macintosh; Intel Mac OS X 10_6_8) AppleWebKit/537.36 (KHTML, like Gecko) Chrome/28.0.1500.95 Safari/537.36"
68.49.249.200 - - [13/Aug/2013:07:50:16 -0400] "GET /wordpress1/wp-content/ata-images/jody-tvl.ico HTTP/1.1" 200 894 "-" "Mozilla/5.0 (Macintosh; Intel Mac OS X 10_6_8) AppleWebKit/537.36 (KHTML, like Gecko) Chrome/28.0.1500.95 Safari/537.36"
66.249.75.184 - - [13/Aug/2013:08:18:07 -0400] "GET /wordpress1/ HTTP/1.1" 200 57655 "-" "DoCoMo/2.0 N905i(c100;TB;W24H16) (compatible; Googlebot-Mobile/2.1; +http://www.google.com/bot.html)"
217.195.202.63 - - [13/Aug/2013:08:31:08 -0400] "GET /wordpress1/2012/10/25/new-web-site/ HTTP/1.1" 200 61415 "http://jodyyoung.com/" "Mozilla/5.0 (compatible; MSIE 9.0; Windows NT 6.1; WOW64; Trident/5.0)"
157.56.92.151 - - [13/Aug/2013:00:21:57 -0400] "GET /aboutjody.html HTTP/1.1" 200 17089 "-" "Mozilla/5.0 (compatible; bingbot/2.0; +http://www.bing.com/bingbot.htm)"
199.58.86.211 - - [13/Aug/2013:00:24:08 -0400] "GET / HTTP/1.0" 301 244 "-" "Mozilla/5.0 (compatible; MJ12bot/v1.4.3; http://www.majestic12.co.uk/bot.php?+)"
176.36.95.213 - - [13/Aug/2013:02:22:00 -0400] "GET /shariki=2091 HTTP/1.0" 404 575 "http://www.jodyyoung.com/shariki=2091" "Opera/9.80 (Windows NT 6.1; WOW64; Edition Yx) Presto/2.12.388 Version/12.10"
176.36.95.213 - - [13/Aug/2013:02:22:07 -0400] "GET /wordpress1/guestbook/ HTTP/1.0" 200 59403 "http://jodyyoung.com/wordpress1/guestbook/" "Opera/9.80 (Windows NT 6.1; WOW64; Edition Yx) Presto/2.12.388 Version/12.10"
176.36.95.213 - - [13/Aug/2013:02:22:10 -0400] "POST /wordpress1/wp-comments-post.php HTTP/1.0" 500 4120 "http://jodyyoung.com/wordpress1/guestbook/" "Opera/9.80 (Windows NT 6.1; WOW64; Edition Yx) Presto/2.12.388 Version/12.10"
10.30.72.4 - - [13/Aug/2013:12:34:10 -0400] "POST /wordpress1/wp-cron.php?doing_wp_cron=1376411649.9379520416259765625000 HTTP/1.0" 200 - "-" "WordPress/3.5.2; http://jodyyoung.com/wordpress1"
65.55.213.68 - - [13/Aug/2013:13:07:44 -0400] "GET /wordpress1/about-htm/ HTTP/1.1" 500 - "-" "msnbot/2.0b (+http://search.msn.com/msnbot.htm)"
142.0.139.162 - - [13/Aug/2013:14:45:30 -0400] "GET /wordpress1/guestbook/guestbook-archives/ HTTP/1.0" 200 78701 "http://jodyyoung.com/wordpress1/guestbook/guestbook-archives/#comment-370" "Opera/9.80 (Windows NT 6.1; U; ru) Presto/2.10.289 Version/12.02"
10.30.72.4 - - [13/Aug/2013:03:37:11 -0400] "POST /wordpress1/wp-cron.php?doing_wp_cron=1376379431.0252690315246582031250 HTTP/1.0" 200 - "-" "WordPress/3.5.2; http://jodyyoung.com/wordpress1"
199.187.122.91 - - [13/Aug/2013:07:56:37 -0400] "GET /wordpress1/utah/ HTTP/1.1" 200 67332 "-" "Mozilla/4.0 (compatible; MSIE 6.0; Windows NT 5.1; SV1; .NET CLR 2.0.50727)"
69.201.129.184 - - [13/Aug/2013:15:38:45 -0400] "GET /wordpress1/wp-content/themes/atahualpa/js/DD_roundies.js?ver=0.0.2a HTTP/1.1" 200 16853 "http://jodyyoung.com/wordpress1/our-guides/" "Mozilla/5.0 (Macintosh; Intel Mac OS X 10_8_4) AppleWebKit/536.30.1 (KHTML, like Gecko) Version/6.0.5 Safari/536.30.1"
69.201.129.184 - - [13/Aug/2013:15:38:45 -0400] "GET /wordpress1/wp-content/plugins/kino-event-calendar-plugin/js/tools.tooptip.slide-1.0.0.min.js HTTP/1.1" 200 1087 "http://jodyyoung.com/wordpress1/our-guides/" "Mozilla/5.0 (Macintosh; Intel Mac OS X 10_8_4) AppleWebKit/536.30.1 (KHTML, like Gecko) Version/6.0.5 Safari/536.30.1"
69.201.129.184 - - [13/Aug/2013:15:38:45 -0400] "GET /wordpress1/wp-content/plugins/kino-event-calendar-plugin/js/calendar.js HTTP/1.1" 200 79688 "http://jodyyoung.com/wordpress1/our-guides/" "Mozilla/5.0 (Macintosh; Intel Mac OS X 10_8_4) AppleWebKit/536.30.1 (KHTML, like Gecko) Version/6.0.5 Safari/536.30.1"
10.30.72.4 - - [13/Aug/2013:16:33:25 -0400] "POST /wordpress1/wp-cron.php?doing_wp_cron=1376426005.5149250030517578125000 HTTP/1.0" 200 - "-" "WordPress/3.5.2; http://jodyyoung.com/wordpress1"
220.181.108.152 - - [13/Aug/2013:22:29:44 -0400] "GET /wordpress1/contact/ HTTP/1.1" 200 60307 "http://jodyyoung.com/wordpress1/connections/" "Mozilla/5.0 (X11; U; Linux x86_64; en-US; rv:1.9) Gecko Minefield/3.0"
192.99.1.118 - - [13/Aug/2013:09:13:16 -0400] "GET /connections.htm HTTP/1.0" 200 11773 "http://www.jodyyoung.com/connections.htm" "Opera/9.80 (Windows NT 6.1; Win64; x64; Edition Yx) Presto/2.12.388 Version/12.11"
36.248.103.201 - - [13/Aug/2013:09:50:17 -0400] "GET /guestbook.html HTTP/1.0" 200 8916 "http://www.jodyyoung.com/guestbook.html" "Mozilla/5.0 (Windows NT 6.1; WOW64) AppleWebKit/536.5 (KHTML, like Gecko) YaBrowser/1.1.1084.5409 Chrome/19.1.1084.5409 Safari/536.5"
131.253.24.58 - - [13/Aug/2013:09:41:11 -0400] "GET /wordpress1/wp-content/plugins/kino-event-calendar-plugin/css/main.css HTTP/1.1" 200 710 "http://jodyyoung.com/wordpress1/" "Mozilla/4.0 (compatible; MSIE 7.0; Windows NT 5.2; SLCC1; .NET CLR 1.1.4322; .NET CLR 2.0.50727; .NET CLR 3.0.30729; .NET CLR 3.5.30707; InfoPath.2)"
69.201.129.184 - - [13/Aug/2013:15:38:45 -0400] "GET /wordpress1/wp-includes/js/jquery/jquery.js?ver=1.8.3 HTTP/1.1" 200 93658 "http://jodyyoung.com/wordpress1/our-guides/" "Mozilla/5.0 (Macintosh; Intel Mac OS X 10_8_4) AppleWebKit/536.30.1 (KHTML, like Gecko) Version/6.0.5 Safari/536.30.1"
68.184.201.15 - - [13/Aug/2013:16:44:43 -0400] "GET /wordpress1/wp-content/uploads/2011/11/pow001-300x225.jpg HTTP/1.1" 200 25801 "-" "Mozilla/5.0 (Windows NT 6.2; WOW64; rv:22.0) Gecko/20100101 Firefox/22.0"
65.55.213.68 - - [13/Aug/2013:08:33:47 -0400] "GET /wordpress1/ HTTP/1.1" 301 - "-" "msnbot/2.0b (+http://search.msn.com/msnbot.htm)"
144.76.121.202 - - [13/Aug/2013:02:01:21 -0400] "GET /wordpress1/ HTTP/1.0" 301 - "-" "Mozilla/5.0 (compatible; MJ12bot/v1.4.3; http://www.majestic12.co.uk/bot.php?+)"
66.249.75.184 - - [13/Aug/2013:19:01:54 -0400] "GET /wordpress1/wp-content/plugins/kino-event-calendar-plugin/css/calendar.css HTTP/1.1" 200 10091 "-" "Mozilla/5.0 (compatible; Googlebot/2.1; +http://www.google.com/bot.html)"
123.125.71.101 - - [13/Aug/2013:22:19:06 -0400] "GET /wordpress1/wp-content/plugins/flash-album-gallery/admin/js/swfobject.js HTTP/1.1" 200 11754 "-" "Mozilla/5.0 (compatible; Baiduspider/2.0; +http://www.baidu.com/search/spider.html)"
123.125.71.79 - - [13/Aug/2013:22:22:26 -0400] "GET /wordpress1/colorado/ HTTP/1.1" 200 61954 "-" "Mozilla/5.0 (compatible; Baiduspider/2.0; +http://www.baidu.com/search/spider.html)"
112.5.234.18 - - [13/Aug/2013:23:41:15 -0400] "POST /wordpress1/wp-comments-post.php HTTP/1.0" 500 4120 "http://jodyyoung.com/wordpress1/guestbook/" "Mozilla/4.0 (compatible; MSIE 6.0; Windows NT 5.1; .NET CLR 1.1.4322)"
37.140.165.197 - - [13/Aug/2013:18:11:40 -0400] "GET /images/100_C__CompuServe_Download_Alaskan_oil_pipeline_12_Aug_01.JPG HTTP/1.1" 304 - "-" "Mozilla/5.0 (compatible; YandexImages/3.0; +http://yandex.com/bots)"
66.249.72.122 - - [13/Aug/2013:19:19:11 -0400] "GET /images/100_bear1.jpg HTTP/1.1" 304 - "-" "Googlebot-Image/1.0"
144.76.121.202 - - [13/Aug/2013:01:10:43 -0400] "GET / HTTP/1.0" 301 244 "-" "Mozilla/5.0 (compatible; MJ12bot/v1.4.3; http://www.majestic12.co.uk/bot.php?+)"
66.249.75.184 - - [13/Aug/2013:15:37:27 -0400] "GET /wordpress1/wp-content/flagallery/utah-photos/pa110068ao.jpg HTTP/1.1" 200 480350 "-" "Googlebot-Image/1.0"
94.27.77.85 - - [13/Aug/2013:17:44:07 -0400] "POST /wordpress1/wp-comments-post.php HTTP/1.0" 500 4120 "http://jodyyoung.com/wordpress1/guestbook/" "Mozilla/5.0 (Windows NT 6.0) AppleWebKit/537.11 (KHTML, like Gecko) Chrome/23.0.1271.91 Safari/537.11"
10.30.72.4 - - [13/Aug/2013:06:11:26 -0400] "POST /wordpress1/wp-cron.php?doing_wp_cron=1376388686.4907879829406738281250 HTTP/1.0" 200 - "-" "WordPress/3.5.2; http://jodyyoung.com/wordpress1"
199.187.122.91 - - [13/Aug/2013:07:56:39 -0400] "GET /GBArchive.htm HTTP/1.1" 200 13949 "-" "Mozilla/4.0 (compatible; MSIE 6.0; Windows NT 5.1; SV1; .NET CLR 2.0.50727)"
10.30.72.4 - - [13/Aug/2013:09:25:03 -0400] "POST /wordpress1/wp-cron.php?doing_wp_cron=1376400303.2148261070251464843750 HTTP/1.0" 200 - "-" "WordPress/3.5.2; http://jodyyoung.com/wordpress1"
198.40.51.149 - - [13/Aug/2013:00:18:50 -0400] "GET / HTTP/1.1" 301 244 "-" "spider"
216.137.230.37 - - [13/Aug/2013:12:35:02 -0400] "GET /wordpress1/wp-content/plugins/wp-notes-remover/css/main.css?ver=0.1 HTTP/1.1" 200 839 "http://jodyyoung.com/wordpress1/wp-admin/edit-comments.php?comment_status=moderated" "Mozilla/5.0 (Windows NT 6.1; WOW64; rv:22.0) Gecko/20100101 Firefox/22.0"
216.137.230.37 - - [13/Aug/2013:12:35:02 -0400] "GET /wordpress1/wp-content/plugins/kino-event-calendar-plugin/css/smoothness/jquery-ui-1.7.2.custom.css HTTP/1.1" 200 27480 "http://jodyyoung.com/wordpress1/wp-admin/edit-comments.php?comment_status=moderated" "Mozilla/5.0 (Windows NT 6.1; WOW64; rv:22.0) Gecko/20100101 Firefox/22.0"
216.137.230.37 - - [13/Aug/2013:12:35:02 -0400] "GET /wordpress1/wp-content/plugins/kino-event-calendar-plugin/js/jquery-ui-1.7.2.custom.min.js HTTP/1.1" 200 107835 "http://jodyyoung.com/wordpress1/wp-admin/edit-comments.php?comment_status=moderated" "Mozilla/5.0 (Windows NT 6.1; WOW64; rv:22.0) Gecko/20100101 Firefox/22.0"
216.137.230.37 - - [13/Aug/2013:12:35:04 -0400] "GET /wordpress1/wp-content/plugins/flash-album-gallery/admin/images/flag.png HTTP/1.1" 200 718 "http://jodyyoung.com/wordpress1/wp-admin/edit-comments.php?comment_status=moderated" "Mozilla/5.0 (Windows NT 6.1; WOW64; rv:22.0) Gecko/20100101 Firefox/22.0"
216.137.230.37 - - [13/Aug/2013:12:35:04 -0400] "GET /wordpress1/wp-admin/images/icons32.png?ver=20121105 HTTP/1.1" 200 12989 "http://jodyyoung.com/wordpress1/wp-admin/css/colors-fresh.min.css?ver=3.5.2" "Mozilla/5.0 (Windows NT 6.1; WOW64; rv:22.0) Gecko/20100101 Firefox/22.0"
216.137.230.37 - - [13/Aug/2013:12:35:04 -0400] "GET /wordpress1/wp-admin/images/bubble_bg.gif HTTP/1.1" 200 395 "http://jodyyoung.com/wordpress1/wp-admin/load-styles.php?c=1&dir=ltr&load=admin-bar,wp-admin,buttons&ver=3.5.2" "Mozilla/5.0 (Windows NT 6.1; WOW64; rv:22.0) Gecko/20100101 Firefox/22.0"
65.55.213.68 - - [13/Aug/2013:13:09:47 -0400] "GET /wordpress1/california/ HTTP/1.1" 200 58988 "-" "msnbot/2.0b (+http://search.msn.com/msnbot.htm)"
142.0.139.162 - - [13/Aug/2013:14:45:04 -0400] "POST /wordpress1/wp-comments-post.php HTTP/1.0" 302 - "http://jodyyoung.com/wordpress1/guestbook/guestbook-archives/#comment-304" "Opera/9.80 (Windows NT 6.1; U; ru) Presto/2.10.289 Version/12.02"
152.131.10.2 - - [13/Aug/2013:18:08:40 -0400] "GET /wordpress1/wp-content/themes/atahualpa/images/header/jyatHD16.jpg HTTP/1.1" 200 53218 "http://jodyyoung.com/wordpress1/our-guides/" "Mozilla/5.0 (compatible; MSIE 9.0; Windows NT 6.1; WOW64; Trident/5.0)"
69.201.129.184 - - [13/Aug/2013:15:38:49 -0400] "GET /wordpress1/wp-content/themes/atahualpa/images/rss-gray.png HTTP/1.1" 200 379 "http://jodyyoung.com/wordpress1/our-guides/" "Mozilla/5.0 (Macintosh; Intel Mac OS X 10_8_4) AppleWebKit/536.30.1 (KHTML, like Gecko) Version/6.0.5 Safari/536.30.1"
69.201.129.184 - - [13/Aug/2013:15:38:49 -0400] "GET /wordpress1/wp-content/uploads/2011/11/g_jody.jpg HTTP/1.1" 200 20687 "http://jodyyoung.com/wordpress1/our-guides/" "Mozilla/5.0 (Macintosh; Intel Mac OS X 10_8_4) AppleWebKit/536.30.1 (KHTML, like Gecko) Version/6.0.5 Safari/536.30.1"
69.201.129.184 - - [13/Aug/2013:15:38:50 -0400] "GET /wordpress1/wp-content/uploads/2011/11/JYATlogo.jpg HTTP/1.1" 200 14807 "http://jodyyoung.com/wordpress1/our-guides/" "Mozilla/5.0 (Macintosh; Intel Mac OS X 10_8_4) AppleWebKit/536.30.1 (KHTML, like Gecko) Version/6.0.5 Safari/536.30.1"
69.201.129.184 - - [13/Aug/2013:15:38:50 -0400] "GET /wordpress1/wp-content/plugins/kino-event-calendar-plugin/images/tooltip-bg.png HTTP/1.1" 200 453 "http://jodyyoung.com/wordpress1/our-guides/" "Mozilla/5.0 (Macintosh; Intel Mac OS X 10_8_4) AppleWebKit/536.30.1 (KHTML, like Gecko) Version/6.0.5 Safari/536.30.1"
199.187.122.91 - - [13/Aug/2013:07:56:26 -0400] "GET /shariki=1773 HTTP/1.1" 404 575 "-" "Mozilla/4.0 (compatible; MSIE 6.0; Windows NT 5.1; SV1; .NET CLR 2.0.50727)"
199.187.122.91 - - [13/Aug/2013:07:56:35 -0400] "GET /wordpress1/feed/ HTTP/1.1" 200 8101 "-" "Mozilla/4.0 (compatible; MSIE 6.0; Windows NT 5.1; SV1; .NET CLR 2.0.50727)"
86.10.3.56 - - [13/Aug/2013:04:17:21 -0400] "GET /wordpress1/wp-content/plugins/kino-event-calendar-plugin/rpc.php?action=get_events&start=1374966000000&end=1378594800000&event_id=null HTTP/1.1" 200 3609 "http://jodyyoung.com/wordpress1/" "Mozilla/5.0 (iPhone; CPU iPhone OS 6_1_3 like Mac OS X) AppleWebKit/536.26 (KHTML, like Gecko) Version/6.0 Mobile/10B329 Safari/8536.25"
86.10.3.56 - - [13/Aug/2013:04:17:22 -0400] "GET /wordpress1/wp-content/themes/atahualpa/images/comment-gray.png HTTP/1.1" 200 296 "http://jodyyoung.com/wordpress1/" "Mozilla/5.0 (iPhone; CPU iPhone OS 6_1_3 like Mac OS X) AppleWebKit/536.26 (KHTML, like Gecko) Version/6.0 Mobile/10B329 Safari/8536.25"
86.10.3.56 - - [13/Aug/2013:04:52:33 -0400] "GET /wordpress1/flagallery/utah-photos/ HTTP/1.1" 200 27233 "http://jodyyoung.com/wordpress1/2013/05/15/arches-canyonlands-again/" "Mozilla/5.0 (iPhone; CPU iPhone OS 6_1_3 like Mac OS X) AppleWebKit/536.26 (KHTML, like Gecko) Version/6.0 Mobile/10B329 Safari/8536.25"
157.55.35.33 - - [13/Aug/2013:05:10:23 -0400] "GET / HTTP/1.1" 301 240 "-" "Mozilla/5.0 (compatible; bingbot/2.0; +http://www.bing.com/bingbot.htm)"
142.0.139.162 - - [13/Aug/2013:13:32:12 -0400] "GET /wordpress1/guestbook/guestbook-archives/ HTTP/1.0" 200 70866 "http://jodyyoung.com/wordpress1/guestbook/guestbook-archives/#comment-304" "Opera/9.80 (Windows NT 6.1; Win64; x64; Edition Yx) Presto/2.12.388 Version/12.10"
142.0.139.162 - - [13/Aug/2013:18:02:58 -0400] "GET /wordpress1/ HTTP/1.0" 200 58295 "http://jodyyoung.com/wordpress1/" "Mozilla/5.0 (Windows; U; Windows NT 5.1; ru; rv:1.9.0.19) Gecko/2010031422 Firefox/3.0.19 YB/3.5.1 (.NET CLR 3.5.30729)"
152.131.10.2 - - [13/Aug/2013:18:07:29 -0400] "GET /favicon.ico HTTP/1.1" 404 575 "-" "Mozilla/5.0 (compatible; MSIE 9.0; Windows NT 6.1; WOW64; Trident/5.0)"
152.131.10.2 - - [13/Aug/2013:18:08:08 -0400] "GET /favicon.ico HTTP/1.1" 404 575 "-" "Mozilla/5.0 (compatible; MSIE 9.0; Windows NT 6.1; WOW64; Trident/5.0)"
192.74.255.114 - - [13/Aug/2013:18:26:05 -0400] "POST /wordpress1/wp-comments-post.php HTTP/1.0" 500 4120 "http://jodyyoung.com/wordpress1/guestbook/guestbook-archives/" "Opera/9.80 (X11; Linux i686) Presto/2.12.388 Version/12.10"
10.30.72.4 - - [13/Aug/2013:11:47:49 -0400] "POST /wordpress1/wp-cron.php?doing_wp_cron=1376408869.4977390766143798828125 HTTP/1.0" 200 - "-" "WordPress/3.5.2; http://jodyyoung.com/wordpress1"
199.187.122.91 - - [13/Aug/2013:07:56:41 -0400] "GET /conections.htm HTTP/1.1" 404 575 "-" "Mozilla/4.0 (compatible; MSIE 6.0; Windows NT 5.1; SV1; .NET CLR 2.0.50727)"
199.187.122.91 - - [13/Aug/2013:07:56:53 -0400] "GET /wordpress1/2013/05/15/arches-canyonlands-again/ HTTP/1.1" 200 59242 "-" "Mozilla/4.0 (compatible; MSIE 6.0; Windows NT 5.1; SV1; .NET CLR 2.0.50727)"
65.55.213.68 - - [13/Aug/2013:08:33:50 -0400] "GET /robots.txt HTTP/1.1" 404 575 "-" "msnbot/2.0b (+http://search.msn.com/msnbot.htm)"
91.236.74.95 - - [13/Aug/2013:03:37:15 -0400] "POST /wordpress1/wp-comments-post.php HTTP/1.0" 500 4120 "http://jodyyoung.com/wordpress1/guestbook/guestbook-archives/" "Mozilla/5.0 (Windows; U; Windows NT 6.1; en-US) AppleWebKit/533.4 (KHTML, like Gecko) Iron/5.0.381.0 Chrome/5.0.381 Safari/533.4"
142.0.139.162 - - [13/Aug/2013:16:22:40 -0400] "GET /wordpress1/guestbook/guestbook-archives/ HTTP/1.0" 200 70866 "http://jodyyoung.com/wordpress1/guestbook/guestbook-archives/#comment-304" "Opera/9.80 (Windows NT 6.1; Edition Yx) Presto/2.12.388 Version/12.10"
142.0.139.162 - - [13/Aug/2013:16:22:50 -0400] "GET /wordpress1/guestbook/guestbook-archives/ HTTP/1.0" 200 90356 "http://jodyyoung.com/wordpress1/guestbook/guestbook-archives/#comment-373" "Opera/9.80 (Windows NT 6.1; Edition Yx) Presto/2.12.388 Version/12.10"
142.0.139.162 - - [13/Aug/2013:16:56:07 -0400] "GET /wordpress1/guestbook/guestbook-archives/ HTTP/1.0" 200 70866 "http://jodyyoung.com/wordpress1/guestbook/guestbook-archives/#comment-304" "Opera/9.80 (Windows NT 6.1; WOW64; U; ru) Presto/2.10.289 Version/12.02"
66.249.72.184 - - [13/Aug/2013:21:53:13 -0400] "GET /wordpress1/wp-content/flagallery/alaska-photos/p8270332ao.jpg HTTP/1.1" 200 319627 "-" "Googlebot-Image/1.0"
72.14.199.184 - - [13/Aug/2013:02:09:43 -0400] "GET /wordpress1/comments/feed/ HTTP/1.1" 200 3283 "-" "Feedfetcher-Google; (+http://www.google.com/feedfetcher.html; 1 subscribers; feed-id=8917805572480071123)"
199.58.86.209 - - [13/Aug/2013:02:16:04 -0400] "GET /wordpress1/2013/05/09/more-desert-fun HTTP/1.0" 301 - "-" "Mozilla/5.0 (compatible; MJ12bot/v1.4.3; http://www.majestic12.co.uk/bot.php?+)"
216.137.230.37 - - [13/Aug/2013:12:36:02 -0400] "GET /wordpress1/wp-login.php?action=logout&_wpnonce=c013ec2533 HTTP/1.1" 302 - "http://jodyyoung.com/wordpress1/wp-admin/edit-comments.php?comment_status=moderated&paged=1&spammed=9&ids=368,367,366,365,364,363,362,361,360" "Mozilla/5.0 (Windows NT 6.1; WOW64; rv:22.0) Gecko/20100101 Firefox/22.0"
216.137.230.37 - - [13/Aug/2013:12:36:04 -0400] "GET /wordpress1/wp-login.php?loggedout=true HTTP/1.1" 200 2814 "http://jodyyoung.com/wordpress1/wp-admin/edit-comments.php?comment_status=moderated&paged=1&spammed=9&ids=368,367,366,365,364,363,362,361,360" "Mozilla/5.0 (Windows NT 6.1; WOW64; rv:22.0) Gecko/20100101 Firefox/22.0"
216.137.230.37 - - [13/Aug/2013:12:36:04 -0400] "GET /wordpress1/wp-admin/css/wp-admin.min.css?ver=3.5.2 HTTP/1.1" 304 - "http://jodyyoung.com/wordpress1/wp-login.php?loggedout=true" "Mozilla/5.0 (Windows NT 6.1; WOW64; rv:22.0) Gecko/20100101 Firefox/22.0"
216.137.230.37 - - [13/Aug/2013:12:36:06 -0400] "GET /wordpress1/wp-admin/images/wordpress-logo.png?ver=20120216 HTTP/1.1" 304 - "http://jodyyoung.com/wordpress1/wp-admin/css/wp-admin.min.css?ver=3.5.2" "Mozilla/5.0 (Windows NT 6.1; WOW64; rv:22.0) Gecko/20100101 Firefox/22.0"
152.131.10.2 - - [13/Aug/2013:18:08:40 -0400] "GET /wordpress1/wp-content/uploads/2011/11/g_karen.jpg HTTP/1.1" 200 25592 "http://jodyyoung.com/wordpress1/our-guides/" "Mozilla/5.0 (compatible; MSIE 9.0; Windows NT 6.1; WOW64; Trident/5.0)"
76.22.105.14 - - [13/Aug/2013:18:25:33 -0400] "GET /wordpress1/wp-content/flagallery/alaska-photos/p8270358ao.jpg HTTP/1.1" 200 278299 "http://www.google.com/search?q=galbraith+lake+alaska&client=safari&hl=en&tbm=isch&tbo=u&source=univ&sa=X&ei=_7EKUqDUO6OMigLo1ICQDg&ved=0CDwQsAQ&biw=1024&bih=672" "Mozilla/5.0 (iPad; CPU OS 5_1_1 like Mac OS X) AppleWebKit/534.46 (KHTML, like Gecko) Version/5.1 Mobile/9B206 Safari/7534.48.3"
199.187.122.91 - - [13/Aug/2013:07:56:32 -0400] "GET /wordpress1/2013/04/13/arches-canyonlands/ HTTP/1.1" 200 59806 "-" "Mozilla/4.0 (compatible; MSIE 6.0; Windows NT 5.1; SV1; .NET CLR 2.0.50727)"
86.10.3.56 - - [13/Aug/2013:04:52:37 -0400] "GET /wordpress1/wp-content/plugins/flash-album-gallery/admin/css/flagallery_nocrawler.css HTTP/1.1" 200 1071 "http://jodyyoung.com/wordpress1/flagallery/utah-photos/" "Mozilla/5.0 (iPhone; CPU iPhone OS 6_1_3 like Mac OS X) AppleWebKit/536.26 (KHTML, like Gecko) Version/6.0 Mobile/10B329 Safari/8536.25"
178.137.162.213 - - [13/Aug/2013:15:21:59 -0400] "GET /wordpress1/guestbook/ HTTP/1.0" 200 59407 "http://jodyyoung.com/wordpress1/guestbook/" "Mozilla/5.0 (Windows NT 5.1) AppleWebKit/535.2 (KHTML, like Gecko) Chrome/15.0.874.121 Safari/535.2"
94.27.77.85 - - [13/Aug/2013:17:43:59 -0400] "GET /wordpress1/ HTTP/1.0" 200 58291 "http://jodyyoung.com/wordpress1/" "Mozilla/5.0 (Windows NT 6.0) AppleWebKit/537.11 (KHTML, like Gecko) Chrome/23.0.1271.91 Safari/537.11"
220.181.108.140 - - [13/Aug/2013:22:06:48 -0400] "GET /wordpress1/wp-content/plugins/kino-event-calendar-plugin/js/tools.tooltip.dynamic-1.0.1.min.js HTTP/1.1" 200 1928 "http://jodyyoung.com/" "Mozilla/5.0 (X11; U; Linux x86_64; en-US; rv:1.9) Gecko Minefield/3.0"
123.125.71.50 - - [13/Aug/2013:22:29:06 -0400] "GET /wordpress1/connections/ HTTP/1.1" 200 60746 "-" "Mozilla/5.0 (compatible; Baiduspider/2.0; +http://www.baidu.com/search/spider.html)"
220.181.108.150 - - [13/Aug/2013:22:45:47 -0400] "GET /wordpress1/our-guides/ HTTP/1.1" 200 60593 "-" "Mozilla/5.0 (compatible; Baiduspider/2.0; +http://www.baidu.com/search/spider.html)"
123.125.71.26 - - [13/Aug/2013:22:52:26 -0400] "GET /wordpress1/guestbook/ HTTP/1.1" 200 58763 "-" "Mozilla/5.0 (compatible; Baiduspider/2.0; +http://www.baidu.com/search/spider.html)"
199.58.86.211 - - [13/Aug/2013:00:24:12 -0400] "GET /robots.txt HTTP/1.0" 404 575 "-" "Mozilla/5.0 (compatible; MJ12bot/v1.4.3; http://www.majestic12.co.uk/bot.php?+)"
144.76.121.202 - - [13/Aug/2013:01:10:39 -0400] "GET /robots.txt HTTP/1.0" 404 575 "-" "Mozilla/5.0 (compatible; MJ12bot/v1.4.3; http://www.majestic12.co.uk/bot.php?+)"
89.28.24.58 - - [13/Aug/2013:01:38:50 -0400] "GET /wordpress1/2013/05/09/more-desert-fun/ HTTP/1.0" 200 59691 "http://jodyyoung.com/wordpress1/2013/05/09/more-desert-fun/" "Opera/9.80 (Windows NT 6.1; WOW64) Presto/2.12.388 Version/12.10"
89.28.24.58 - - [13/Aug/2013:01:38:57 -0400] "GET /wordpress1/2013/05/09/more-desert-fun/ HTTP/1.0" 200 59691 "http://jodyyoung.com/wordpress1/2013/05/09/more-desert-fun/" "Opera/9.80 (Windows NT 6.1; WOW64) Presto/2.12.388 Version/12.10"
50.57.190.113 - - [13/Aug/2013:20:05:36 -0400] "GET / HTTP/1.0" 301 240 "-" "Mozilla/5.0 (Windows NT 6.1; WOW64; rv:14.0) Gecko/20100101 Firefox/14.0.1"
50.57.190.113 - - [13/Aug/2013:20:05:36 -0400] "GET /wordpress1/ HTTP/1.0" 200 58295 "-" "Mozilla/5.0 (Windows NT 6.1; WOW64; rv:14.0) Gecko/20100101 Firefox/14.0.1"
199.30.20.69 - - [13/Aug/2013:10:06:02 -0400] "GET /wordpress1/wp-content/flagallery/jodys-world/s1020023a.jpg HTTP/1.1" 200 449168 "-" "msnbot-media/1.1 (+http://search.msn.com/msnbot.htm)"
91.236.74.95 - - [13/Aug/2013:03:37:07 -0400] "GET /wordpress1/guestbook/guestbook-archives/ HTTP/1.0" 200 70864 "http://jodyyoung.com/wordpress1/guestbook/guestbook-archives/" "Mozilla/5.0 (Windows; U; Windows NT 6.1; en-US) AppleWebKit/533.4 (KHTML, like Gecko) Iron/5.0.381.0 Chrome/5.0.381 Safari/533.4"
199.187.122.91 - - [13/Aug/2013:07:56:10 -0400] "GET /wordpress1/2013/05/09/more-desert-fun/ HTTP/1.1" 200 59697 "-" "Mozilla/4.0 (compatible; MSIE 6.0; Windows NT 5.1; SV1; .NET CLR 2.0.50727)"
198.40.51.149 - - [13/Aug/2013:00:06:14 -0400] "GET /wordpress1/ HTTP/1.1" 200 58295 "-" "spider"
