0byt3m1n1
Path:
/
data
/
0
/
0
/
69
/
144
/
69470
/
meta
/
70706
/
logs
/
[
Home
]
File: x-access_log.2013-08-17
175.44.32.146 - - [17/Aug/2013:12:46:58 -0400] "GET /guestbook.html HTTP/1.0" 200 8916 "http://www.jodyyoung.com/guestbook.html" "Mozilla/5.0 (Windows NT 5.1; rv:16.0) Gecko/20121026 Firefox/16.0 SeaMonkey/2.13.2"
222.77.246.14 - - [17/Aug/2013:14:40:54 -0400] "GET /wordpress1/ HTTP/1.0" 200 58295 "http://jodyyoung.com/wordpress1/" "Mozilla/5.0 (Windows NT 6.2) AppleWebKit/537.11 (KHTML, like Gecko) Chrome/23.0.1271.64 Safari/537.11"
99.157.101.246 - - [17/Aug/2013:21:40:35 -0400] "GET /wordpress1/wp-content/uploads/2011/11/gtahike.jpg HTTP/1.1" 200 36052 "http://jodyyoung.com/wordpress1/alaska/" "Mozilla/5.0 (Macintosh; Intel Mac OS X 10_7_4) AppleWebKit/536.25 (KHTML, like Gecko) Version/6.0 Safari/536.25"
178.77.126.55 - - [17/Aug/2013:23:46:22 -0400] "GET /wordpress1/ HTTP/1.1" 200 58295 "-" "Mozilla/5.0 (compatible; CareerBot/1.1; +http://www.career-x.de/bot.html)"
218.30.103.156 - - [17/Aug/2013:01:39:09 -0400] "GET /wordpress1/ HTTP/1.1" 301 - "-" "Sogou web spider/4.0(+http://www.sogou.com/docs/help/webmasters.htm#07)"
70.162.188.81 - - [17/Aug/2013:10:21:06 -0400] "GET /wordpress1/wp-content/uploads/2011/11/pow001-300x225.jpg HTTP/1.1" 200 25801 "http://images.google.com/search?site=&tbm=isch&source=hp&q=canyon+kayaking+lake+powell&oq=canyon+kayak&gs_l=img.1.4.0j0i24l4.25899.34895.0.38413.12.8.0.4.4.0.153.1075.0j8.8.0....0...1ac.1.25.img..0.12.1135.i5CgHawbm6w&biw=1024&bih=672&sei=mPYOUu35BKrMyQG8j4E4" "Mozilla/5.0 (iPad; CPU OS 6_1_3 like Mac OS X) AppleWebKit/536.26 (KHTML, like Gecko) Version/6.0 Mobile/10B329 Safari/8536.25"
220.181.108.144 - - [17/Aug/2013:11:21:37 -0400] "GET /311/images/enviro_17.jpg HTTP/1.1" 200 5180 "-" "Baiduspider-image+(+http://www.baidu.com/search/spider.htm)"
131.253.24.28 - - [17/Aug/2013:08:57:08 -0400] "GET /wordpress1/wp-content/plugins/kino-event-calendar-plugin/js/tools.tooltip.dynamic-1.0.1.min.js HTTP/1.1" 200 1928 "http://jodyyoung.com/wordpress1/gallery/" "Mozilla/5.0 (Windows NT 6.1; WOW64) AppleWebKit/534+ (KHTML, like Gecko) BingPreview/1.0b"
131.253.24.28 - - [17/Aug/2013:08:57:08 -0400] "GET /wordpress1/wp-content/plugins/flash-album-gallery/admin/js/photoswipe/klass.min.js HTTP/1.1" 200 1200 "http://jodyyoung.com/wordpress1/gallery/" "Mozilla/5.0 (Windows NT 6.1; WOW64) AppleWebKit/534+ (KHTML, like Gecko) BingPreview/1.0b"
131.253.24.28 - - [17/Aug/2013:08:57:08 -0400] "GET /wordpress1/wp-content/plugins/flash-album-gallery/admin/js/flagscroll.js?ver=1.0 HTTP/1.1" 200 955 "http://jodyyoung.com/wordpress1/gallery/" "Mozilla/5.0 (Windows NT 6.1; WOW64) AppleWebKit/534+ (KHTML, like Gecko) BingPreview/1.0b"
131.253.24.28 - - [17/Aug/2013:08:57:09 -0400] "GET /wordpress1/wp-content/themes/atahualpa/images/comment-gray.png HTTP/1.1" 200 296 "http://jodyyoung.com/wordpress1/gallery/" "Mozilla/5.0 (Windows NT 6.1; WOW64) AppleWebKit/534+ (KHTML, like Gecko) BingPreview/1.0b"
131.253.24.28 - - [17/Aug/2013:08:57:09 -0400] "GET /wordpress1/wp-content/plugins/kino-event-calendar-plugin/rpc.php?action=get_events&start=1374987600000&end=1378616400000&event_id=null HTTP/1.1" 200 3609 "http://jodyyoung.com/wordpress1/gallery/" "Mozilla/5.0 (Windows NT 6.1; WOW64) AppleWebKit/534+ (KHTML, like Gecko) BingPreview/1.0b"
178.137.164.150 - - [17/Aug/2013:15:40:29 -0400] "GET /wordpress1/guestbook/ HTTP/1.0" 200 59407 "http://jodyyoung.com/wordpress1/guestbook/" "Mozilla/4.0 (compatible; MSIE 8.0; Windows NT 5.1; Trident/4.0)"
192.108.242.8 - - [17/Aug/2013:14:53:42 -0400] "GET /wordpress1/wp-content/uploads/2012/10/P5210108ao-300x225.jpg HTTP/1.1" 200 26577 "-" "Mozilla/5.0 (iPad; CPU OS 6_1_3 like Mac OS X) AppleWebKit/536.26 (KHTML, like Gecko) Version/6.0 Mobile/10B329 Safari/8536.25"
94.23.148.139 - - [17/Aug/2013:06:47:43 -0400] "GET /wordpress1/guestbook/guestbook-archives/ HTTP/1.1" 200 70866 "-" "Mozilla/4.0 (compatible; MSIE 7.0; Windows NT 5.1; Trident/4.0; .NET CLR 1.1.4322)"
199.30.16.102 - - [17/Aug/2013:10:00:54 -0400] "GET /wordpress1/wp-content/plugins/flash-album-gallery/admin/js/photoswipe/photoswipe.css HTTP/1.1" 200 4213 "http://jodyyoung.com/wordpress1/gallery/" "Mozilla/5.0 (Windows NT 6.1; WOW64) AppleWebKit/534+ (KHTML, like Gecko) BingPreview/1.0b"
66.249.82.184 - - [17/Aug/2013:21:27:06 -0400] "GET /wordpress1/wp-content/flagallery/alaska-photos/thumbs/thumbs_p8290436ao.jpg HTTP/1.1" 200 12053 "http://jodyyoung.com/wordpress1/flagallery/247-2/" "Mozilla/5.0 (X11; Linux x86_64) AppleWebKit/537.4 (KHTML, like Gecko; Google Web Preview) Chrome/22.0.1229 Safari/537.4"
94.27.70.70 - - [17/Aug/2013:22:28:14 -0400] "GET /wordpress1/ HTTP/1.0" 301 - "http://www.jodyyoung.com/wordpress1/" "Mozilla/5.0 (Windows NT 6.1; WOW64) AppleWebKit/536.5 (KHTML, like Gecko) YaBrowser/1.1.1084.5409 Chrome/19.1.1084.5409 Safari/536.5"
94.27.70.70 - - [17/Aug/2013:22:28:17 -0400] "GET /wordpress1/ HTTP/1.0" 200 58290 "http://jodyyoung.com/wordpress1/" "Mozilla/5.0 (Windows NT 6.1; WOW64) AppleWebKit/536.5 (KHTML, like Gecko) YaBrowser/1.1.1084.5409 Chrome/19.1.1084.5409 Safari/536.5"
112.111.190.73 - - [17/Aug/2013:22:45:27 -0400] "GET /guestbook.html HTTP/1.0" 200 8916 "http://www.jodyyoung.com/guestbook.html" "Opera/9.80 (Windows NT 6.1; MRA 6.0 (build 5976)) Presto/2.12.388 Version/12.10"
94.27.70.70 - - [17/Aug/2013:23:20:31 -0400] "GET /shariki=2091 HTTP/1.0" 404 575 "http://petpda.carbonmade.com/#8445" "Opera/9.80 (Windows NT 6.1; Edition Yx) Presto/2.12.388 Version/12.11"
178.77.126.55 - - [17/Aug/2013:23:46:20 -0400] "GET /robots.txt HTTP/1.1" 404 575 "-" "Mozilla/5.0 (compatible; CareerBot/1.1; +http://www.career-x.de/bot.html)"
178.77.126.55 - - [17/Aug/2013:23:46:20 -0400] "GET / HTTP/1.1" 301 244 "-" "Mozilla/5.0 (compatible; CareerBot/1.1; +http://www.career-x.de/bot.html)"
178.77.126.55 - - [17/Aug/2013:23:46:20 -0400] "GET /wordpress1/ HTTP/1.1" 301 - "-" "Mozilla/5.0 (compatible; CareerBot/1.1; +http://www.career-x.de/bot.html)"
68.205.54.169 - - [17/Aug/2013:09:58:38 -0400] "GET /wordpress1/guestbook/guestbook-archives/ HTTP/1.1" 200 70866 "http://jodyyoung.com/" "Mozilla/4.0 (compatible; MSIE 7.0; Windows NT 5.1; SV1; .NET CLR 2.0.50727)"
94.23.148.139 - - [17/Aug/2013:11:13:50 -0400] "GET /wordpress1/ HTTP/1.1" 200 58295 "http://www.jodyyoung.com/" "Mozilla/5.0 (Macintosh; Intel Mac OS X 10_7_5) AppleWebKit/536.30.1 (KHTML, like Gecko) Version/6.0.5 Safari/536.30.1"
10.30.72.4 - - [17/Aug/2013:12:35:13 -0400] "POST /wordpress1/wp-cron.php?doing_wp_cron=1376757313.8986959457397460937500 HTTP/1.0" 200 - "-" "WordPress/3.5.2; http://jodyyoung.com/wordpress1"
209.165.175.227 - - [17/Aug/2013:12:35:22 -0400] "GET /wordpress1/wp-content/plugins/preserved-html-editor-markup/admin.js?v=1.5&ver=3.5.2 HTTP/1.1" 200 17069 "http://jodyyoung.com/wordpress1/wp-admin/edit-comments.php?comment_status=moderated" "Mozilla/5.0 (Windows NT 6.1; WOW64; rv:22.0) Gecko/20100101 Firefox/22.0"
46.235.12.154 - - [17/Aug/2013:08:45:27 -0400] "GET /wordpress1/our-guides/ HTTP/1.1" 200 61233 "http://jodyyoung.com/wordpress1/" "Mozilla/5.0 (Windows; U; Windows NT 5.1; en-US; rv:1.8.1.6) Gecko/20070725 Firefox/2.0.0.6 Ara.com.tr AraBot 1.0"
46.235.12.154 - - [17/Aug/2013:08:47:02 -0400] "GET /wordpress1/wp-content/themes/atahualpa/images/header/jyatHD11.jpg HTTP/1.1" 200 36090 "http://jodyyoung.com/wordpress1/our-guides/" "Mozilla/5.0 (Windows; U; Windows NT 5.1; en-US; rv:1.8.1.6) Gecko/20070725 Firefox/2.0.0.6 Ara.com.tr AraBot 1.0"
46.235.12.154 - - [17/Aug/2013:08:47:04 -0400] "GET /wordpress1/wp-content/uploads/2011/11/g_jody.jpg HTTP/1.1" 200 20687 "http://jodyyoung.com/wordpress1/our-guides/" "Mozilla/5.0 (Windows; U; Windows NT 5.1; en-US; rv:1.8.1.6) Gecko/20070725 Firefox/2.0.0.6 Ara.com.tr AraBot 1.0"
46.235.12.154 - - [17/Aug/2013:08:47:05 -0400] "GET /wordpress1/wp-content/uploads/2011/11/g_karen.jpg HTTP/1.1" 200 25592 "http://jodyyoung.com/wordpress1/our-guides/" "Mozilla/5.0 (Windows; U; Windows NT 5.1; en-US; rv:1.8.1.6) Gecko/20070725 Firefox/2.0.0.6 Ara.com.tr AraBot 1.0"
46.235.12.154 - - [17/Aug/2013:08:47:07 -0400] "GET /wordpress1/wp-content/uploads/2011/11/g_jim.jpg HTTP/1.1" 200 20527 "http://jodyyoung.com/wordpress1/our-guides/" "Mozilla/5.0 (Windows; U; Windows NT 5.1; en-US; rv:1.8.1.6) Gecko/20070725 Firefox/2.0.0.6 Ara.com.tr AraBot 1.0"
46.235.12.154 - - [17/Aug/2013:08:47:10 -0400] "GET /wordpress1/wp-content/uploads/2011/11/g_otto.jpg HTTP/1.1" 200 23366 "http://jodyyoung.com/wordpress1/our-guides/" "Mozilla/5.0 (Windows; U; Windows NT 5.1; en-US; rv:1.8.1.6) Gecko/20070725 Firefox/2.0.0.6 Ara.com.tr AraBot 1.0"
46.235.12.154 - - [17/Aug/2013:08:47:12 -0400] "GET /wordpress1/wp-content/uploads/2011/11/g_steve.jpg HTTP/1.1" 200 18583 "http://jodyyoung.com/wordpress1/our-guides/" "Mozilla/5.0 (Windows; U; Windows NT 5.1; en-US; rv:1.8.1.6) Gecko/20070725 Firefox/2.0.0.6 Ara.com.tr AraBot 1.0"
46.235.12.154 - - [17/Aug/2013:08:47:14 -0400] "GET /wordpress1/wp-content/themes/atahualpa/images/header/jyatHD15.jpg HTTP/1.1" 200 67532 "http://jodyyoung.com/wordpress1/connections/" "Mozilla/5.0 (Windows; U; Windows NT 5.1; en-US; rv:1.8.1.6) Gecko/20070725 Firefox/2.0.0.6 Ara.com.tr AraBot 1.0"
46.235.12.154 - - [17/Aug/2013:08:47:17 -0400] "GET /wordpress1/wp-content/uploads/2011/11/l_REI.gif HTTP/1.1" 200 848 "http://jodyyoung.com/wordpress1/connections/" "Mozilla/5.0 (Windows; U; Windows NT 5.1; en-US; rv:1.8.1.6) Gecko/20070725 Firefox/2.0.0.6 Ara.com.tr AraBot 1.0"
46.235.12.154 - - [17/Aug/2013:08:47:20 -0400] "GET /wordpress1/wp-content/uploads/2011/11/l_exodus.gif HTTP/1.1" 200 6653 "http://jodyyoung.com/wordpress1/connections/" "Mozilla/5.0 (Windows; U; Windows NT 5.1; en-US; rv:1.8.1.6) Gecko/20070725 Firefox/2.0.0.6 Ara.com.tr AraBot 1.0"
46.235.12.154 - - [17/Aug/2013:08:47:21 -0400] "GET /wordpress1/wp-content/uploads/2011/11/l_campak.jpg HTTP/1.1" 200 31116 "http://jodyyoung.com/wordpress1/connections/" "Mozilla/5.0 (Windows; U; Windows NT 5.1; en-US; rv:1.8.1.6) Gecko/20070725 Firefox/2.0.0.6 Ara.com.tr AraBot 1.0"
46.235.12.154 - - [17/Aug/2013:08:47:23 -0400] "GET /wordpress1/wp-content/uploads/2011/11/l_ao.jpg HTTP/1.1" 200 20151 "http://jodyyoung.com/wordpress1/connections/" "Mozilla/5.0 (Windows; U; Windows NT 5.1; en-US; rv:1.8.1.6) Gecko/20070725 Firefox/2.0.0.6 Ara.com.tr AraBot 1.0"
46.235.12.154 - - [17/Aug/2013:08:47:25 -0400] "GET /wordpress1/wp-content/uploads/2011/11/l_oiwc.jpg HTTP/1.1" 200 12609 "http://jodyyoung.com/wordpress1/connections/" "Mozilla/5.0 (Windows; U; Windows NT 5.1; en-US; rv:1.8.1.6) Gecko/20070725 Firefox/2.0.0.6 Ara.com.tr AraBot 1.0"
36.251.47.133 - - [17/Aug/2013:01:14:20 -0400] "GET /guestbook.html HTTP/1.0" 200 8916 "http://www.jodyyoung.com/guestbook.html" "Opera/9.80 (Windows NT 6.1; Win64; x64) Presto/2.12.388 Version/12.11"
99.157.101.246 - - [17/Aug/2013:21:40:19 -0400] "GET /wordpress1/wp-content/ata-images/jody-tvl.ico HTTP/1.1" 200 894 "http://jodyyoung.com/wordpress1/" "Mozilla/5.0 (Macintosh; Intel Mac OS X 10_7_4) AppleWebKit/536.25 (KHTML, like Gecko) Version/6.0 Safari/536.25"
99.157.101.246 - - [17/Aug/2013:21:41:09 -0400] "GET /wordpress1/wp-content/uploads/2011/11/pow003-300x225.jpg HTTP/1.1" 200 22622 "http://jodyyoung.com/wordpress1/utah/" "Mozilla/5.0 (Macintosh; Intel Mac OS X 10_7_4) AppleWebKit/536.25 (KHTML, like Gecko) Version/6.0 Safari/536.25"
99.157.101.246 - - [17/Aug/2013:21:41:09 -0400] "GET /wordpress1/wp-content/uploads/2011/11/phipps01.jpg HTTP/1.1" 200 45823 "http://jodyyoung.com/wordpress1/utah/" "Mozilla/5.0 (Macintosh; Intel Mac OS X 10_7_4) AppleWebKit/536.25 (KHTML, like Gecko) Version/6.0 Safari/536.25"
220.181.108.163 - - [17/Aug/2013:03:07:23 -0400] "GET /wordpress1/wp-content/plugins/kino-event-calendar-plugin/js/tools.tooltip-1.1.2.js HTTP/1.1" 200 8427 "http://www.jodyyoung.com/" "Mozilla/5.0 (X11; U; Linux x86_64; en-US; rv:1.9) Gecko Minefield/3.0"
209.165.175.227 - - [17/Aug/2013:12:35:26 -0400] "GET /wordpress1/wp-admin/images/icons32.png?ver=20121105 HTTP/1.1" 200 12989 "http://jodyyoung.com/wordpress1/wp-admin/css/colors-fresh.min.css?ver=3.5.2" "Mozilla/5.0 (Windows NT 6.1; WOW64; rv:22.0) Gecko/20100101 Firefox/22.0"
209.165.175.227 - - [17/Aug/2013:12:36:08 -0400] "GET /wordpress1/wp-includes/css/editor.min.css?ver=3.5.2 HTTP/1.1" 304 - "http://jodyyoung.com/wordpress1/wp-admin/edit-comments.php?comment_status=moderated&paged=1&spammed=2&ids=422,421" "Mozilla/5.0 (Windows NT 6.1; WOW64; rv:22.0) Gecko/20100101 Firefox/22.0"
108.59.8.70 - - [17/Aug/2013:00:59:08 -0400] "GET /wordpress1/ HTTP/1.0" 301 - "-" "Mozilla/5.0 (compatible; MJ12bot/v1.4.3; http://www.majestic12.co.uk/bot.php?+)"
94.23.148.139 - - [17/Aug/2013:01:46:17 -0400] "GET /wordpress1/guestbook/guestbook-archives/ HTTP/1.1" 200 70866 "-" "Mozilla/5.0 (Windows NT 6.1; WOW64) AppleWebKit/537.36 (KHTML, like Gecko) Chrome/28.0.1500.63 Safari/537.36"
46.235.12.154 - - [17/Aug/2013:08:45:52 -0400] "GET /wordpress1/flagallery/247-2/ HTTP/1.1" 200 20847 "http://jodyyoung.com/wordpress1/" "Mozilla/5.0 (Windows; U; Windows NT 5.1; en-US; rv:1.8.1.6) Gecko/20070725 Firefox/2.0.0.6 Ara.com.tr AraBot 1.0"
46.235.12.154 - - [17/Aug/2013:08:45:55 -0400] "GET /wordpress1/california/ HTTP/1.1" 200 59628 "http://jodyyoung.com/wordpress1/" "Mozilla/5.0 (Windows; U; Windows NT 5.1; en-US; rv:1.8.1.6) Gecko/20070725 Firefox/2.0.0.6 Ara.com.tr AraBot 1.0"
46.235.12.154 - - [17/Aug/2013:08:45:58 -0400] "GET /wordpress1/colorado/ HTTP/1.1" 200 62594 "http://jodyyoung.com/wordpress1/" "Mozilla/5.0 (Windows; U; Windows NT 5.1; en-US; rv:1.8.1.6) Gecko/20070725 Firefox/2.0.0.6 Ara.com.tr AraBot 1.0"
46.235.12.154 - - [17/Aug/2013:08:46:25 -0400] "GET /wordpress1/2013/03/30/death-valley/ HTTP/1.1" 200 59361 "http://jodyyoung.com/wordpress1/" "Mozilla/5.0 (Windows; U; Windows NT 5.1; en-US; rv:1.8.1.6) Gecko/20070725 Firefox/2.0.0.6 Ara.com.tr AraBot 1.0"
46.235.12.154 - - [17/Aug/2013:08:46:29 -0400] "GET /wordpress1/2012/10/25/new-web-site/ HTTP/1.1" 200 61412 "http://jodyyoung.com/wordpress1/" "Mozilla/5.0 (Windows; U; Windows NT 5.1; en-US; rv:1.8.1.6) Gecko/20070725 Firefox/2.0.0.6 Ara.com.tr AraBot 1.0"
46.235.12.154 - - [17/Aug/2013:08:46:32 -0400] "GET /wordpress1/wp-content/uploads/2012/10/P5210108ao-300x225.jpg HTTP/1.1" 200 26577 "http://jodyyoung.com/wordpress1/" "Mozilla/5.0 (Windows; U; Windows NT 5.1; en-US; rv:1.8.1.6) Gecko/20070725 Firefox/2.0.0.6 Ara.com.tr AraBot 1.0"
46.235.12.154 - - [17/Aug/2013:08:46:34 -0400] "GET /wordpress1/wp-content/uploads/2011/11/JYATlogo.jpg HTTP/1.1" 200 14807 "http://jodyyoung.com/wordpress1/" "Mozilla/5.0 (Windows; U; Windows NT 5.1; en-US; rv:1.8.1.6) Gecko/20070725 Firefox/2.0.0.6 Ara.com.tr AraBot 1.0"
46.235.12.154 - - [17/Aug/2013:08:46:35 -0400] "GET /wordpress1/wp-login.php HTTP/1.1" 200 2779 "http://jodyyoung.com/wordpress1/" "Mozilla/5.0 (Windows; U; Windows NT 5.1; en-US; rv:1.8.1.6) Gecko/20070725 Firefox/2.0.0.6 Ara.com.tr AraBot 1.0"
46.235.12.154 - - [17/Aug/2013:08:46:39 -0400] "GET /wordpress1/guestbook/feed/ HTTP/1.1" 200 744 "http://jodyyoung.com/wordpress1/guestbook/" "Mozilla/5.0 (Windows; U; Windows NT 5.1; en-US; rv:1.8.1.6) Gecko/20070725 Firefox/2.0.0.6 Ara.com.tr AraBot 1.0"
46.235.12.154 - - [17/Aug/2013:08:46:41 -0400] "GET /wordpress1/wp-content/themes/atahualpa/images/header/jyatHD01.jpg HTTP/1.1" 200 63437 "http://jodyyoung.com/wordpress1/guestbook/" "Mozilla/5.0 (Windows; U; Windows NT 5.1; en-US; rv:1.8.1.6) Gecko/20070725 Firefox/2.0.0.6 Ara.com.tr AraBot 1.0"
46.235.12.154 - - [17/Aug/2013:08:46:44 -0400] "GET /wordpress1/guestbook/guestbook-archives/feed/ HTTP/1.1" 200 762 "http://jodyyoung.com/wordpress1/guestbook/guestbook-archives/" "Mozilla/5.0 (Windows; U; Windows NT 5.1; en-US; rv:1.8.1.6) Gecko/20070725 Firefox/2.0.0.6 Ara.com.tr AraBot 1.0"
46.235.12.154 - - [17/Aug/2013:08:46:46 -0400] "GET /wordpress1/lake-powell-hiking-kayaking/ HTTP/1.1" 200 65604 "http://jodyyoung.com/wordpress1/guestbook/guestbook-archives/" "Mozilla/5.0 (Windows; U; Windows NT 5.1; en-US; rv:1.8.1.6) Gecko/20070725 Firefox/2.0.0.6 Ara.com.tr AraBot 1.0"
192.184.37.122 - - [17/Aug/2013:11:12:21 -0400] "POST /wordpress1/wp-comments-post.php HTTP/1.1" 302 - "http://jodyyoung.com/wordpress1/2013/05/09/more-desert-fun/" "Mozilla/4.0 (compatible; MSIE 6.0; Windows NT 5.1; SV1; Mozilla/4.0 (compatible; MSIE 6.0; Windows NT 5.1; SV1) ; .NET CLR 2.0.50727 ; .NET CLR 4.0.30319)"
157.56.92.160 - - [17/Aug/2013:03:08:49 -0400] "GET /robots.txt HTTP/1.1" 404 575 "-" "Mozilla/5.0 (compatible; bingbot/2.0; +http://www.bing.com/bingbot.htm)"
123.125.71.54 - - [17/Aug/2013:03:09:55 -0400] "GET /wordpress1/comments/feed/ HTTP/1.1" 200 3283 "-" "Mozilla/5.0 (compatible; Baiduspider/2.0; +http://www.baidu.com/search/spider.html)"
72.14.199.184 - - [17/Aug/2013:03:42:59 -0400] "GET /wordpress1/comments/feed/ HTTP/1.1" 200 3283 "-" "Feedfetcher-Google; (+http://www.google.com/feedfetcher.html; 1 subscribers; feed-id=8917805572480071123)"
206.174.102.239 - - [17/Aug/2013:16:31:38 -0400] "GET /wordpress1/wp-content/flagallery/jodys-world/20110430_136.JPG HTTP/1.1" 200 139200 "-" "Mozilla/5.0 (Macintosh; Intel Mac OS X 10.6; rv:22.0) Gecko/20100101 Firefox/22.0"
10.30.72.4 - - [17/Aug/2013:21:00:29 -0400] "POST /wordpress1/wp-cron.php?doing_wp_cron=1376787629.2569699287414550781250 HTTP/1.0" 200 - "-" "WordPress/3.5.2; http://jodyyoung.com/wordpress1"
66.249.82.184 - - [17/Aug/2013:21:27:06 -0400] "GET /wordpress1/wp-content/flagallery/alaska-photos/thumbs/thumbs_p8220154ao.jpg HTTP/1.1" 200 12748 "http://jodyyoung.com/wordpress1/flagallery/247-2/" "Mozilla/5.0 (X11; Linux x86_64) AppleWebKit/537.4 (KHTML, like Gecko; Google Web Preview) Chrome/22.0.1229 Safari/537.4"
66.249.82.184 - - [17/Aug/2013:21:27:06 -0400] "GET /wordpress1/wp-content/flagallery/alaska-photos/thumbs/thumbs_p8270344bo.jpg HTTP/1.1" 200 14020 "http://jodyyoung.com/wordpress1/flagallery/247-2/" "Mozilla/5.0 (X11; Linux x86_64) AppleWebKit/537.4 (KHTML, like Gecko; Google Web Preview) Chrome/22.0.1229 Safari/537.4"
99.157.101.246 - - [17/Aug/2013:21:40:35 -0400] "GET /wordpress1/wp-content/uploads/2011/11/ak_img0092a.jpg HTTP/1.1" 200 14069 "http://jodyyoung.com/wordpress1/alaska/" "Mozilla/5.0 (Macintosh; Intel Mac OS X 10_7_4) AppleWebKit/536.25 (KHTML, like Gecko) Version/6.0 Safari/536.25"
5.10.83.88 - - [17/Aug/2013:23:35:24 -0400] "GET /shariki=1161 HTTP/1.1" 404 575 "-" "Mozilla/5.0 (compatible; AhrefsBot/5.0; +http://ahrefs.com/robot/)"
209.165.175.227 - - [17/Aug/2013:12:36:10 -0400] "GET /wordpress1/wp-admin/edit-comments.php?comment_status=spam HTTP/1.1" 200 99792 "http://jodyyoung.com/wordpress1/wp-admin/edit-comments.php?comment_status=moderated&paged=1&spammed=2&ids=422,421" "Mozilla/5.0 (Windows NT 6.1; WOW64; rv:22.0) Gecko/20100101 Firefox/22.0"
209.165.175.227 - - [17/Aug/2013:12:36:13 -0400] "GET /wordpress1/wp-includes/css/editor.min.css?ver=3.5.2 HTTP/1.1" 304 - "http://jodyyoung.com/wordpress1/wp-admin/edit-comments.php?comment_status=spam" "Mozilla/5.0 (Windows NT 6.1; WOW64; rv:22.0) Gecko/20100101 Firefox/22.0"
209.165.175.227 - - [17/Aug/2013:12:36:28 -0400] "GET /wordpress1/wp-content/plugins/wp-notes-remover/css/main.css?ver=0.1 HTTP/1.1" 304 - "http://jodyyoung.com/wordpress1/wp-admin/edit-comments.php?comment_status=spam&paged=1&deleted=11" "Mozilla/5.0 (Windows NT 6.1; WOW64; rv:22.0) Gecko/20100101 Firefox/22.0"
220.181.108.140 - - [17/Aug/2013:03:07:27 -0400] "GET /wordpress1/wp-content/plugins/kino-event-calendar-plugin/js/main.js HTTP/1.1" 200 1105 "http://www.jodyyoung.com/" "Mozilla/5.0 (X11; U; Linux x86_64; en-US; rv:1.9) Gecko Minefield/3.0"
72.14.199.184 - - [17/Aug/2013:06:50:20 -0400] "GET /wordpress1/comments/feed/ HTTP/1.1" 200 3283 "-" "Feedfetcher-Google; (+http://www.google.com/feedfetcher.html; 1 subscribers; feed-id=8917805572480071123)"
217.69.133.186 - - [17/Aug/2013:07:03:12 -0400] "GET / HTTP/1.1" 301 240 "-" "Mozilla/5.0 (X11; Linux x86_64; rv:18.0) Gecko/20100101 Firefox/18.0"
217.69.133.186 - - [17/Aug/2013:07:03:14 -0400] "GET /wordpress1/ HTTP/1.1" 200 58297 "-" "Mozilla/5.0 (X11; Linux x86_64; rv:18.0) Gecko/20100101 Firefox/18.0"
66.249.75.184 - - [17/Aug/2013:06:27:48 -0400] "GET /wordpress1/comments/feed/ HTTP/1.1" 200 3283 "-" "Mozilla/5.0 (compatible; Googlebot/2.1; +http://www.google.com/bot.html)"
137.175.68.182 - - [17/Aug/2013:08:02:54 -0400] "GET /wordpress1/guestbook/ HTTP/1.0" 200 59405 "http://jodyyoung.com/wordpress1/guestbook/" "Opera/9.80 (Windows NT 6.2; WOW64) Presto/2.12.388 Version/12.11"
46.235.12.154 - - [17/Aug/2013:08:48:47 -0400] "GET /wordpress1/wp-content/flagallery/jodys-world/s1040089a.jpg HTTP/1.1" 200 256973 "http://jodyyoung.com/wordpress1/gallery/" "Mozilla/5.0 (Windows; U; Windows NT 5.1; en-US; rv:1.8.1.6) Gecko/20070725 Firefox/2.0.0.6 Ara.com.tr AraBot 1.0"
218.30.103.156 - - [17/Aug/2013:01:11:02 -0400] "GET /wordpress1/ HTTP/1.1" 301 - "-" "Sogou web spider/4.0(+http://www.sogou.com/docs/help/webmasters.htm#07)"
220.181.108.174 - - [17/Aug/2013:03:07:24 -0400] "GET /wordpress1/wp-content/plugins/kino-event-calendar-plugin/js/tools.tooptip.slide-1.0.0.min.js HTTP/1.1" 200 1087 "http://www.jodyyoung.com/" "Mozilla/5.0 (X11; U; Linux x86_64; en-US; rv:1.9) Gecko Minefield/3.0"
173.199.115.139 - - [17/Aug/2013:05:08:25 -0400] "GET /shariki=1278 HTTP/1.1" 404 575 "-" "Mozilla/5.0 (compatible; AhrefsBot/4.0; +http://ahrefs.com/robot/)"
124.72.250.113 - - [17/Aug/2013:19:44:48 -0400] "GET / HTTP/1.1" 301 244 "-" "Mozilla/4.0 (compatible; MSIE 6.0; Windows NT 5.1)"
91.239.15.82 - - [17/Aug/2013:21:15:27 -0400] "POST /wordpress1/wp-comments-post.php HTTP/1.0" 500 4120 "http://jodyyoung.com/wordpress1/guestbook/" "Mozilla/5.0 (Windows NT 5.1; rv:16.0) Gecko/20121026 Firefox/16.0 SeaMonkey/2.13.2"
183.80.109.207 - - [17/Aug/2013:21:20:41 -0400] "POST /wp-login.php HTTP/1.0" 404 575 "-" "Mozilla/3.0 (compatible; Indy Library)"
66.249.82.184 - - [17/Aug/2013:21:27:06 -0400] "GET /wordpress1/wp-content/plugins/flash-album-gallery/admin/js/flagscroll.js HTTP/1.1" 200 955 "http://jodyyoung.com/wordpress1/flagallery/247-2/" "Mozilla/5.0 (X11; Linux x86_64) AppleWebKit/537.4 (KHTML, like Gecko; Google Web Preview) Chrome/22.0.1229 Safari/537.4"
66.249.82.184 - - [17/Aug/2013:21:27:06 -0400] "GET /wordpress1/wp-content/flagallery/alaska-photos/thumbs/thumbs_p8270321bo.jpg HTTP/1.1" 200 11496 "http://jodyyoung.com/wordpress1/flagallery/247-2/" "Mozilla/5.0 (X11; Linux x86_64) AppleWebKit/537.4 (KHTML, like Gecko; Google Web Preview) Chrome/22.0.1229 Safari/537.4"
66.249.82.184 - - [17/Aug/2013:21:27:06 -0400] "GET /wordpress1/wp-content/plugins/flash-album-gallery/admin/images/loadingAnimation.gif HTTP/1.1" 200 1320 "http://jodyyoung.com/wordpress1/flagallery/247-2/" "Mozilla/5.0 (X11; Linux x86_64) AppleWebKit/537.4 (KHTML, like Gecko; Google Web Preview) Chrome/22.0.1229 Safari/537.4"
218.85.96.13 - - [17/Aug/2013:22:14:42 -0400] "GET /wordpress1/guestbook/guestbook-archives/ HTTP/1.1" 200 70864 "-" "Mozilla/4.0 (compatible; MSIE 6.0; Windows NT 5.1; SV1)"
173.199.115.139 - - [17/Aug/2013:00:38:22 -0400] "GET /shariki=254 HTTP/1.1" 404 575 "-" "Mozilla/5.0 (compatible; AhrefsBot/4.0; +http://ahrefs.com/robot/)"
209.165.175.227 - - [17/Aug/2013:12:36:12 -0400] "GET /wordpress1/wp-content/plugins/preserved-html-editor-markup/admin.js?v=1.5&ver=3.5.2 HTTP/1.1" 304 - "http://jodyyoung.com/wordpress1/wp-admin/edit-comments.php?comment_status=spam" "Mozilla/5.0 (Windows NT 6.1; WOW64; rv:22.0) Gecko/20100101 Firefox/22.0"
209.165.175.227 - - [17/Aug/2013:12:36:28 -0400] "GET /wordpress1/wp-includes/css/editor.min.css?ver=3.5.2 HTTP/1.1" 304 - "http://jodyyoung.com/wordpress1/wp-admin/edit-comments.php?comment_status=spam&paged=1&deleted=11" "Mozilla/5.0 (Windows NT 6.1; WOW64; rv:22.0) Gecko/20100101 Firefox/22.0"
123.125.71.94 - - [17/Aug/2013:03:06:58 -0400] "GET / HTTP/1.1" 301 244 "-" "Mozilla/5.0 (compatible; Baiduspider/2.0; +http://www.baidu.com/search/spider.html)"
173.199.115.139 - - [17/Aug/2013:03:22:04 -0400] "GET /shariki=2035 HTTP/1.1" 404 575 "-" "Mozilla/5.0 (compatible; AhrefsBot/4.0; +http://ahrefs.com/robot/)"
46.235.12.154 - - [17/Aug/2013:08:46:50 -0400] "GET /wordpress1/wp-content/themes/atahualpa/images/header/jyatHD05.jpg HTTP/1.1" 200 89801 "http://jodyyoung.com/wordpress1/guestbook/guestbook-archives/" "Mozilla/5.0 (Windows; U; Windows NT 5.1; en-US; rv:1.8.1.6) Gecko/20070725 Firefox/2.0.0.6 Ara.com.tr AraBot 1.0"
46.235.12.154 - - [17/Aug/2013:08:46:52 -0400] "GET /wordpress1/wp-includes/images/smilies/icon_smile.gif HTTP/1.1" 200 174 "http://jodyyoung.com/wordpress1/guestbook/guestbook-archives/" "Mozilla/5.0 (Windows; U; Windows NT 5.1; en-US; rv:1.8.1.6) Gecko/20070725 Firefox/2.0.0.6 Ara.com.tr AraBot 1.0"
46.235.12.154 - - [17/Aug/2013:08:46:53 -0400] "GET /wordpress1/wp-content/themes/atahualpa/images/header/jyatHD06.jpg HTTP/1.1" 200 76988 "http://jodyyoung.com/wordpress1/about-htm/" "Mozilla/5.0 (Windows; U; Windows NT 5.1; en-US; rv:1.8.1.6) Gecko/20070725 Firefox/2.0.0.6 Ara.com.tr AraBot 1.0"
131.253.24.29 - - [17/Aug/2013:08:56:17 -0400] "GET /wordpress1/wp-includes/js/comment-reply.min.js?ver=3.5.2 HTTP/1.1" 200 786 "http://jodyyoung.com/wordpress1/gallery/" "Mozilla/5.0 (Windows NT 6.1; WOW64) AppleWebKit/534+ (KHTML, like Gecko) BingPreview/1.0b"
131.253.24.29 - - [17/Aug/2013:08:56:17 -0400] "GET /wordpress1/wp-content/plugins/kino-event-calendar-plugin/css/calendar.css HTTP/1.1" 200 10091 "http://jodyyoung.com/wordpress1/gallery/" "Mozilla/5.0 (Windows NT 6.1; WOW64) AppleWebKit/534+ (KHTML, like Gecko) BingPreview/1.0b"
131.253.24.29 - - [17/Aug/2013:08:56:18 -0400] "GET /wordpress1/wp-content/plugins/flash-album-gallery/admin/js/photoswipe/photoswipe.css HTTP/1.1" 200 4213 "http://jodyyoung.com/wordpress1/gallery/" "Mozilla/5.0 (Windows NT 6.1; WOW64) AppleWebKit/534+ (KHTML, like Gecko) BingPreview/1.0b"
131.253.24.29 - - [17/Aug/2013:08:56:18 -0400] "GET /wordpress1/wp-content/plugins/flash-album-gallery/admin/js/swfobject.js?ver=2.2 HTTP/1.1" 200 11754 "http://jodyyoung.com/wordpress1/gallery/" "Mozilla/5.0 (Windows NT 6.1; WOW64) AppleWebKit/534+ (KHTML, like Gecko) BingPreview/1.0b"
131.253.24.29 - - [17/Aug/2013:08:56:18 -0400] "GET /wordpress1/wp-content/plugins/kino-event-calendar-plugin/js/tools.tooltip-1.1.2.js HTTP/1.1" 200 8427 "http://jodyyoung.com/wordpress1/gallery/" "Mozilla/5.0 (Windows NT 6.1; WOW64) AppleWebKit/534+ (KHTML, like Gecko) BingPreview/1.0b"
131.253.24.29 - - [17/Aug/2013:08:56:18 -0400] "GET /wordpress1/wp-content/plugins/kino-event-calendar-plugin/js/tools.tooptip.slide-1.0.0.min.js HTTP/1.1" 200 1087 "http://jodyyoung.com/wordpress1/gallery/" "Mozilla/5.0 (Windows NT 6.1; WOW64) AppleWebKit/534+ (KHTML, like Gecko) BingPreview/1.0b"
131.253.24.28 - - [17/Aug/2013:08:57:08 -0400] "GET /wordpress1/wp-content/plugins/kino-event-calendar-plugin/js/tools.tooptip.slide-1.0.0.min.js HTTP/1.1" 200 1087 "http://jodyyoung.com/wordpress1/gallery/" "Mozilla/5.0 (Windows NT 6.1; WOW64) AppleWebKit/534+ (KHTML, like Gecko) BingPreview/1.0b"
131.253.24.28 - - [17/Aug/2013:08:57:08 -0400] "GET /wordpress1/wp-content/plugins/kino-event-calendar-plugin/js/main.js HTTP/1.1" 200 1105 "http://jodyyoung.com/wordpress1/gallery/" "Mozilla/5.0 (Windows NT 6.1; WOW64) AppleWebKit/534+ (KHTML, like Gecko) BingPreview/1.0b"
131.253.24.28 - - [17/Aug/2013:08:57:08 -0400] "GET /wordpress1/wp-content/plugins/flash-album-gallery/admin/js/photoswipe/code.photoswipe.jquery-3.0.5.min.js HTTP/1.1" 200 77126 "http://jodyyoung.com/wordpress1/gallery/" "Mozilla/5.0 (Windows NT 6.1; WOW64) AppleWebKit/534+ (KHTML, like Gecko) BingPreview/1.0b"
131.253.24.28 - - [17/Aug/2013:08:57:09 -0400] "GET /wordpress1/wp-content/themes/atahualpa/images/header/jyatHD14.jpg HTTP/1.1" 200 62950 "http://jodyyoung.com/wordpress1/gallery/" "Mozilla/5.0 (Windows NT 6.1; WOW64) AppleWebKit/534+ (KHTML, like Gecko) BingPreview/1.0b"
110.152.70.98 - - [17/Aug/2013:08:57:09 -0400] "GET /favicon.ico HTTP/1.1" 404 575 "-" "Mozilla/5.0 (Windows NT 6.1; WOW64) AppleWebKit/537.36 (KHTML, like Gecko) Chrome/27.0.1453.94 Safari/537.36"
124.72.250.113 - - [17/Aug/2013:19:44:48 -0400] "GET /wordpress1/ HTTP/1.1" 301 - "-" "Mozilla/4.0 (compatible; MSIE 6.0; Windows NT 5.1)"
91.236.74.95 - - [17/Aug/2013:22:59:59 -0400] "GET /wordpress1/guestbook/guestbook-archives/ HTTP/1.0" 200 70864 "http://jodyyoung.com/wordpress1/guestbook/guestbook-archives/" "Mozilla/5.0 (Windows NT 6.2; WOW64; rv:17.0) Gecko/17.0 Firefox/17.0"
209.165.175.227 - - [17/Aug/2013:12:35:22 -0400] "GET /wordpress1/wp-content/plugins/wp-notes-remover/css/main.css?ver=0.1 HTTP/1.1" 200 839 "http://jodyyoung.com/wordpress1/wp-admin/edit-comments.php?comment_status=moderated" "Mozilla/5.0 (Windows NT 6.1; WOW64; rv:22.0) Gecko/20100101 Firefox/22.0"
209.165.175.227 - - [17/Aug/2013:12:35:23 -0400] "GET /wordpress1/wp-content/plugins/kino-event-calendar-plugin/js/admin.js HTTP/1.1" 200 3532 "http://jodyyoung.com/wordpress1/wp-admin/edit-comments.php?comment_status=moderated" "Mozilla/5.0 (Windows NT 6.1; WOW64; rv:22.0) Gecko/20100101 Firefox/22.0"
209.165.175.227 - - [17/Aug/2013:12:35:23 -0400] "GET /wordpress1/wp-includes/css/editor.min.css?ver=3.5.2 HTTP/1.1" 200 44756 "http://jodyyoung.com/wordpress1/wp-admin/edit-comments.php?comment_status=moderated" "Mozilla/5.0 (Windows NT 6.1; WOW64; rv:22.0) Gecko/20100101 Firefox/22.0"
174.239.96.89 - - [17/Aug/2013:18:48:28 -0400] "GET /wordpress1/wp-content/flagallery/alaska-photos/p8290380bo.jpg HTTP/1.1" 200 210727 "https://www.google.com/" "Mozilla/5.0 (iPhone; CPU iPhone OS 6_1_3 like Mac OS X) AppleWebKit/536.26 (KHTML, like Gecko) Version/6.0 Mobile/10B329 Safari/8536.25"
46.165.197.151 - - [17/Aug/2013:05:25:15 -0400] "GET / HTTP/1.0" 301 240 "-" "Mozilla/5.0 (compatible; MJ12bot/v1.4.3; http://www.majestic12.co.uk/bot.php?+)"
137.175.68.182 - - [17/Aug/2013:08:02:57 -0400] "POST /wordpress1/wp-comments-post.php HTTP/1.0" 500 4120 "http://jodyyoung.com/wordpress1/guestbook/" "Opera/9.80 (Windows NT 6.2; WOW64) Presto/2.12.388 Version/12.11"
46.235.12.154 - - [17/Aug/2013:08:44:49 -0400] "GET /wordpress1/wp-content/themes/atahualpa/images/rss-gray.png HTTP/1.1" 200 379 "http://jodyyoung.com/wordpress1/" "Mozilla/5.0 (Windows; U; Windows NT 5.1; en-US; rv:1.8.1.6) Gecko/20070725 Firefox/2.0.0.6 Ara.com.tr AraBot 1.0"
46.235.12.154 - - [17/Aug/2013:08:44:51 -0400] "GET /wordpress1/wp-content/themes/atahualpa/images/rss.png HTTP/1.1" 200 381 "http://jodyyoung.com/wordpress1/" "Mozilla/5.0 (Windows; U; Windows NT 5.1; en-US; rv:1.8.1.6) Gecko/20070725 Firefox/2.0.0.6 Ara.com.tr AraBot 1.0"
46.235.12.154 - - [17/Aug/2013:08:44:53 -0400] "GET /wordpress1/wp-content/themes/atahualpa/images/email-gray.png HTTP/1.1" 200 453 "http://jodyyoung.com/wordpress1/" "Mozilla/5.0 (Windows; U; Windows NT 5.1; en-US; rv:1.8.1.6) Gecko/20070725 Firefox/2.0.0.6 Ara.com.tr AraBot 1.0"
131.253.24.29 - - [17/Aug/2013:08:56:17 -0400] "GET /wordpress1/wp-includes/js/jquery/jquery.js?ver=1.8.3 HTTP/1.1" 200 93658 "http://jodyyoung.com/wordpress1/gallery/" "Mozilla/5.0 (Windows NT 6.1; WOW64) AppleWebKit/534+ (KHTML, like Gecko) BingPreview/1.0b"
131.253.24.29 - - [17/Aug/2013:08:56:18 -0400] "GET /wordpress1/wp-content/plugins/kino-event-calendar-plugin/js/tools.tooltip.dynamic-1.0.1.min.js HTTP/1.1" 200 1928 "http://jodyyoung.com/wordpress1/gallery/" "Mozilla/5.0 (Windows NT 6.1; WOW64) AppleWebKit/534+ (KHTML, like Gecko) BingPreview/1.0b"
192.95.18.134 - - [17/Aug/2013:11:07:02 -0400] "POST /wordpress1/wp-comments-post.php HTTP/1.0" 500 4120 "http://jodyyoung.com/wordpress1/guestbook/" "Opera/9.80 (Windows NT 6.0) Presto/2.12.388 Version/12.10"
192.95.18.134 - - [17/Aug/2013:11:06:00 -0400] "GET /wordpress1/ HTTP/1.0" 200 58295 "http://jodyyoung.com/wordpress1/" "Opera/9.80 (Windows NT 6.0) Presto/2.12.388 Version/12.10"
46.235.12.154 - - [17/Aug/2013:08:44:57 -0400] "GET /wordpress1/wp-content/themes/atahualpa/images/email.png HTTP/1.1" 200 526 "http://jodyyoung.com/wordpress1/" "Mozilla/5.0 (Windows; U; Windows NT 5.1; en-US; rv:1.8.1.6) Gecko/20070725 Firefox/2.0.0.6 Ara.com.tr AraBot 1.0"
46.235.12.154 - - [17/Aug/2013:08:44:59 -0400] "GET /wordpress1/wp-content/themes/atahualpa/images/inputbackgr.gif HTTP/1.1" 200 4765 "http://jodyyoung.com/wordpress1/" "Mozilla/5.0 (Windows; U; Windows NT 5.1; en-US; rv:1.8.1.6) Gecko/20070725 Firefox/2.0.0.6 Ara.com.tr AraBot 1.0"
46.165.197.151 - - [17/Aug/2013:05:25:13 -0400] "GET /robots.txt HTTP/1.0" 404 575 "-" "Mozilla/5.0 (compatible; MJ12bot/v1.4.3; http://www.majestic12.co.uk/bot.php?+)"
66.249.82.184 - - [17/Aug/2013:21:27:03 -0400] "GET /wordpress1/flagallery/247-2/ HTTP/1.1" 200 20007 "http://www.google.com/search" "Mozilla/5.0 (X11; Linux x86_64) AppleWebKit/537.4 (KHTML, like Gecko; Google Web Preview) Chrome/22.0.1229 Safari/537.4"
66.249.82.184 - - [17/Aug/2013:21:27:06 -0400] "GET /wordpress1/wp-content/plugins/flash-album-gallery/admin/js/jquery.js HTTP/1.1" 200 91363 "http://jodyyoung.com/wordpress1/flagallery/247-2/" "Mozilla/5.0 (X11; Linux x86_64) AppleWebKit/537.4 (KHTML, like Gecko; Google Web Preview) Chrome/22.0.1229 Safari/537.4"
66.249.82.184 - - [17/Aug/2013:21:27:06 -0400] "GET /wordpress1/wp-content/plugins/flash-album-gallery/admin/js/script.js HTTP/1.1" 200 12897 "http://jodyyoung.com/wordpress1/flagallery/247-2/" "Mozilla/5.0 (X11; Linux x86_64) AppleWebKit/537.4 (KHTML, like Gecko; Google Web Preview) Chrome/22.0.1229 Safari/537.4"
66.249.82.184 - - [17/Aug/2013:21:27:06 -0400] "GET /wordpress1/wp-content/plugins/flash-album-gallery/admin/js/swfobject.js HTTP/1.1" 200 11754 "http://jodyyoung.com/wordpress1/flagallery/247-2/" "Mozilla/5.0 (X11; Linux x86_64) AppleWebKit/537.4 (KHTML, like Gecko; Google Web Preview) Chrome/22.0.1229 Safari/537.4"
66.249.82.184 - - [17/Aug/2013:21:27:06 -0400] "GET /wordpress1/wp-content/flagallery/alaska-photos/thumbs/thumbs_p8220147ao.jpg HTTP/1.1" 200 17044 "http://jodyyoung.com/wordpress1/flagallery/247-2/" "Mozilla/5.0 (X11; Linux x86_64) AppleWebKit/537.4 (KHTML, like Gecko; Google Web Preview) Chrome/22.0.1229 Safari/537.4"
66.249.82.184 - - [17/Aug/2013:21:27:06 -0400] "GET /wordpress1/wp-content/flagallery/alaska-photos/thumbs/thumbs_p8270332ao.jpg HTTP/1.1" 200 14409 "http://jodyyoung.com/wordpress1/flagallery/247-2/" "Mozilla/5.0 (X11; Linux x86_64) AppleWebKit/537.4 (KHTML, like Gecko; Google Web Preview) Chrome/22.0.1229 Safari/537.4"
66.249.82.184 - - [17/Aug/2013:21:27:06 -0400] "GET /wordpress1/wp-content/flagallery/alaska-photos/thumbs/thumbs_p8260283bo.jpg HTTP/1.1" 200 15215 "http://jodyyoung.com/wordpress1/flagallery/247-2/" "Mozilla/5.0 (X11; Linux x86_64) AppleWebKit/537.4 (KHTML, like Gecko; Google Web Preview) Chrome/22.0.1229 Safari/537.4"
66.249.82.184 - - [17/Aug/2013:21:27:06 -0400] "GET /wordpress1/wp-content/flagallery/alaska-photos/thumbs/thumbs_p8290380bo.jpg HTTP/1.1" 200 8498 "http://jodyyoung.com/wordpress1/flagallery/247-2/" "Mozilla/5.0 (X11; Linux x86_64) AppleWebKit/537.4 (KHTML, like Gecko; Google Web Preview) Chrome/22.0.1229 Safari/537.4"
66.249.82.184 - - [17/Aug/2013:21:27:06 -0400] "GET /wordpress1/wp-content/flagallery/alaska-photos/thumbs/thumbs_p8240215ao.jpg HTTP/1.1" 200 14606 "http://jodyyoung.com/wordpress1/flagallery/247-2/" "Mozilla/5.0 (X11; Linux x86_64) AppleWebKit/537.4 (KHTML, like Gecko; Google Web Preview) Chrome/22.0.1229 Safari/537.4"
66.249.82.184 - - [17/Aug/2013:21:27:06 -0400] "GET /wordpress1/wp-content/flagallery/alaska-photos/thumbs/thumbs_p8270339bo.jpg HTTP/1.1" 200 13919 "http://jodyyoung.com/wordpress1/flagallery/247-2/" "Mozilla/5.0 (X11; Linux x86_64) AppleWebKit/537.4 (KHTML, like Gecko; Google Web Preview) Chrome/22.0.1229 Safari/537.4"
66.249.82.184 - - [17/Aug/2013:21:27:07 -0400] "GET /wordpress1/wp-content/flagallery/alaska-photos/thumbs/thumbs_p8220168ao.jpg HTTP/1.1" 200 10810 "http://jodyyoung.com/wordpress1/flagallery/247-2/" "Mozilla/5.0 (X11; Linux x86_64) AppleWebKit/537.4 (KHTML, like Gecko; Google Web Preview) Chrome/22.0.1229 Safari/537.4"
99.157.101.246 - - [17/Aug/2013:21:41:09 -0400] "GET /wordpress1/wp-content/uploads/2011/11/pow001-300x225.jpg HTTP/1.1" 200 25801 "http://jodyyoung.com/wordpress1/utah/" "Mozilla/5.0 (Macintosh; Intel Mac OS X 10_7_4) AppleWebKit/536.25 (KHTML, like Gecko) Version/6.0 Safari/536.25"
91.236.74.95 - - [17/Aug/2013:23:00:03 -0400] "POST /wordpress1/wp-comments-post.php HTTP/1.0" 500 4120 "http://jodyyoung.com/wordpress1/guestbook/guestbook-archives/" "Mozilla/5.0 (Windows NT 6.2; WOW64; rv:17.0) Gecko/17.0 Firefox/17.0"
222.178.10.240 - - [17/Aug/2013:01:56:15 -0400] "POST /wordpress1/wp-comments-post.php HTTP/1.0" 500 4120 "http://jodyyoung.com/wordpress1/guestbook/guestbook-archives/" "Mozilla/5.0 (Windows NT 6.1; WOW64) AppleWebKit/537.1 (KHTML, like Gecko) Chrome/21.0.1180.89 Safari/537.1"
217.195.202.63 - - [17/Aug/2013:02:01:11 -0400] "GET /wordpress1/2012/10/25/new-web-site/ HTTP/1.1" 200 61415 "-" "Mozilla/5.0 (Windows NT 6.1; rv:17.0) Gecko/20100101 Firefox/17.0"
173.199.115.139 - - [17/Aug/2013:02:06:40 -0400] "GET /shariki=196 HTTP/1.1" 404 575 "-" "Mozilla/5.0 (compatible; AhrefsBot/4.0; +http://ahrefs.com/robot/)"
175.44.15.80 - - [17/Aug/2013:02:21:08 -0400] "GET /guestbook.html HTTP/1.0" 200 8916 "http://www.jodyyoung.com/guestbook.html" "Mozilla/5.0 (Windows NT 5.1) AppleWebKit/537.11 (KHTML, like Gecko) Chrome/23.0.1271.95 Safari/537.11"
175.44.13.47 - - [17/Aug/2013:02:42:46 -0400] "GET /guestbook.html HTTP/1.0" 200 8916 "http://www.jodyyoung.com/guestbook.html" "Mozilla/5.0 (Windows NT 6.1; WOW64) AppleWebKit/537.4 (KHTML, like Gecko) Chrome/22.0.1229.92 Safari/537.4"
209.165.175.227 - - [17/Aug/2013:12:35:22 -0400] "GET /wordpress1/wp-admin/load-scripts.php?c=1&load%5B%5D=jquery,utils&ver=3.5.2 HTTP/1.1" 200 37322 "http://jodyyoung.com/wordpress1/wp-admin/edit-comments.php?comment_status=moderated" "Mozilla/5.0 (Windows NT 6.1; WOW64; rv:22.0) Gecko/20100101 Firefox/22.0"
209.165.175.227 - - [17/Aug/2013:12:35:26 -0400] "GET /wordpress1/wp-admin/images/menu-shadow.png HTTP/1.1" 200 89 "http://jodyyoung.com/wordpress1/wp-admin/css/colors-fresh.min.css?ver=3.5.2" "Mozilla/5.0 (Windows NT 6.1; WOW64; rv:22.0) Gecko/20100101 Firefox/22.0"
209.165.175.227 - - [17/Aug/2013:12:35:26 -0400] "GET /wordpress1/wp-content/plugins/flash-album-gallery/admin/images/flag.png HTTP/1.1" 200 718 "http://jodyyoung.com/wordpress1/wp-admin/edit-comments.php?comment_status=moderated" "Mozilla/5.0 (Windows NT 6.1; WOW64; rv:22.0) Gecko/20100101 Firefox/22.0"
209.165.175.227 - - [17/Aug/2013:12:35:22 -0400] "GET /wordpress1/wp-content/plugins/kino-event-calendar-plugin/colorpicker/css/colorpicker.css HTTP/1.1" 200 3230 "http://jodyyoung.com/wordpress1/wp-admin/edit-comments.php?comment_status=moderated" "Mozilla/5.0 (Windows NT 6.1; WOW64; rv:22.0) Gecko/20100101 Firefox/22.0"
209.165.175.227 - - [17/Aug/2013:12:35:22 -0400] "GET /wordpress1/wp-content/plugins/kino-event-calendar-plugin/css/smoothness/jquery-ui-1.7.2.custom.css HTTP/1.1" 200 27480 "http://jodyyoung.com/wordpress1/wp-admin/edit-comments.php?comment_status=moderated" "Mozilla/5.0 (Windows NT 6.1; WOW64; rv:22.0) Gecko/20100101 Firefox/22.0"
10.30.72.4 - - [17/Aug/2013:13:24:52 -0400] "POST /wordpress1/wp-cron.php?doing_wp_cron=1376760292.8245010375976562500000 HTTP/1.0" 200 - "-" "WordPress/3.5.2; http://jodyyoung.com/wordpress1"