209.165.175.227 - - [18/Aug/2013:10:56:42 -0400] "GET /wordpress1/wp-admin/css/colors-fresh.min.css?ver=3.5.2 HTTP/1.1" 304 - "http://jodyyoung.com/wordpress1/wp-login.php?loggedout=true" "Mozilla/5.0 (Windows NT 6.1; WOW64; rv:23.0) Gecko/20100101 Firefox/23.0"
208.115.113.85 - - [18/Aug/2013:23:21:50 -0400] "GET /shariki=1040?3e3ea140 HTTP/1.1" 404 575 "-" "Mozilla/5.0 (compatible; Ezooms/1.0; ezooms.bot@gmail.com)"
10.30.72.4 - - [18/Aug/2013:18:21:06 -0400] "POST /wordpress1/wp-cron.php?doing_wp_cron=1376864465.9781229496002197265625 HTTP/1.0" 200 - "-" "WordPress/3.5.2; http://jodyyoung.com/wordpress1"
122.108.137.124 - - [18/Aug/2013:06:24:30 -0400] "GET /wordpress1/wp-content/plugins/flash-album-gallery/admin/js/swfobject.js HTTP/1.1" 200 11754 "http://jodyyoung.com/wordpress1/flagallery/colorado-scenes/" "Mozilla/5.0 (Windows NT 6.1; WOW64) AppleWebKit/537.36 (KHTML, like Gecko) Chrome/28.0.1500.95 Safari/537.36"
122.108.137.124 - - [18/Aug/2013:06:24:31 -0400] "GET /wordpress1/wp-content/plugins/flash-album-gallery/admin/js/script.js HTTP/1.1" 200 12897 "http://jodyyoung.com/wordpress1/flagallery/colorado-scenes/" "Mozilla/5.0 (Windows NT 6.1; WOW64) AppleWebKit/537.36 (KHTML, like Gecko) Chrome/28.0.1500.95 Safari/537.36"
94.23.148.139 - - [18/Aug/2013:08:04:51 -0400] "GET /wordpress1/guestbook/guestbook-archives/ HTTP/1.1" 200 70866 "-" "Mozilla/5.0 (Macintosh; Intel Mac OS X 10.8; rv:21.0) Gecko/20100101 Firefox/21.0"
36.248.124.27 - - [18/Aug/2013:08:23:58 -0400] "GET /guestbook.html HTTP/1.0" 200 8916 "http://www.jodyyoung.com/guestbook.html" "Opera/9.80 (Windows NT 6.1; WOW64; Edition Yx) Presto/2.12.388 Version/12.11"
91.231.40.27 - - [18/Aug/2013:08:29:06 -0400] "GET /wordpress1/ HTTP/1.0" 200 58293 "http://jodyyoung.com/wordpress1/" "Mozilla/5.0 (Windows NT 5.1; rv:17.0) Gecko/17.0 Firefox/17.0"
66.249.75.184 - - [18/Aug/2013:08:53:25 -0400] "GET /wordpress1/2013/04/13/arches-canyonlands/ HTTP/1.1" 200 59164 "-" "Mozilla/5.0 (iPhone; U; CPU iPhone OS 4_1 like Mac OS X; en-us) AppleWebKit/532.9 (KHTML, like Gecko) Version/4.0.5 Mobile/8B117 Safari/6531.22.7 (compatible; Googlebot-Mobile/2.1; +http://www.google.com/bot.html)"
112.111.189.128 - - [18/Aug/2013:07:25:29 -0400] "GET /guestbook.html HTTP/1.0" 200 8916 "http://www.jodyyoung.com/guestbook.html" "Opera/9.80 (Windows NT 6.2; WOW64; MRA 8.0 (build 5784)) Presto/2.12.388 Version/12.11"
91.231.40.27 - - [18/Aug/2013:08:29:06 -0400] "GET / HTTP/1.0" 301 240 "http://jodyyoung.com/" "Mozilla/5.0 (Windows NT 5.1; rv:17.0) Gecko/17.0 Firefox/17.0"
198.50.154.83 - - [18/Aug/2013:00:59:45 -0400] "GET /wordpress1/ HTTP/1.0" 200 58295 "http://jodyyoung.com/wordpress1/" "Mozilla/5.0 (Windows NT 6.1; rv:9.0.1) Gecko/20100101 Firefox/9.0.1"
46.165.197.142 - - [18/Aug/2013:02:28:51 -0400] "GET /robots.txt HTTP/1.0" 404 575 "-" "Mozilla/5.0 (compatible; MJ12bot/v1.4.3; http://www.majestic12.co.uk/bot.php?+)"
192.74.238.60 - - [18/Aug/2013:12:50:45 -0400] "GET /wordpress1/guestbook/ HTTP/1.0" 200 59403 "http://jodyyoung.com/wordpress1/guestbook/" "Mozilla/5.0 (Windows NT 6.0) AppleWebKit/537.1 (KHTML, like Gecko) Chrome/21.0.1180.89 Safari/537.1"
208.115.111.69 - - [18/Aug/2013:16:55:37 -0400] "GET /shariki=392 HTTP/1.1" 404 575 "-" "Mozilla/5.0 (compatible; Ezooms/1.0; ezooms.bot@gmail.com)"
94.27.82.121 - - [18/Aug/2013:17:32:29 -0400] "GET /shariki=2091++++++++++++++++++++++++++++++++++++++++++++Result:+GET-%F2%E0%E9%EC%E0%F3%F2%EE%E2+1;+%ED%E5+%ED%E0%E9%E4%E5%ED%EE;+%ED%E5+%ED%E0%F8%EB%EE%F1%FC+%F4%EE%F0%EC%FB+%E4%EB%FF+%EE%F2%EF%F0%E0%E2%EA%E8; HTTP/1.0" 404 575 "http://statni.unblog.fr/#15011" "Opera/9.80 (Windows NT 5.1; U; Edition Yx; ru) Presto/2.10.289 Version/12.02"
213.186.119.135 - - [18/Aug/2013:17:49:45 -0400] "GET /wordpress1/feed/ HTTP/1.1" 200 8101 "-" "AhrefsBot.Feeds v0.1; http://ahrefs.com/"
209.165.175.227 - - [18/Aug/2013:10:55:33 -0400] "GET /wordpress1/wp-content/plugins/preserved-html-editor-markup/admin.js?v=1.5&ver=3.5.2 HTTP/1.1" 200 17069 "http://jodyyoung.com/wordpress1/wp-admin/edit-comments.php?comment_status=moderated" "Mozilla/5.0 (Windows NT 6.1; WOW64; rv:23.0) Gecko/20100101 Firefox/23.0"
65.55.213.68 - - [18/Aug/2013:11:59:16 -0400] "GET /wordpress1/wp-login.php HTTP/1.1" 200 2779 "-" "msnbot/2.0b (+http://search.msn.com/msnbot.htm)"
199.30.16.121 - - [18/Aug/2013:18:03:02 -0400] "GET /wordpress1/wp-includes/js/comment-reply.min.js?ver=3.5.2 HTTP/1.1" 200 786 "http://jodyyoung.com/wordpress1/gallery/" "Mozilla/5.0 (Windows NT 6.1; WOW64) AppleWebKit/534+ (KHTML, like Gecko) BingPreview/1.0b"
142.0.139.162 - - [18/Aug/2013:18:53:06 -0400] "GET /wordpress1/guestbook/guestbook-archives/ HTTP/1.0" 200 70919 "http://jodyyoung.com/wordpress1/guestbook/guestbook-archives/#comment-428" "Mozilla/5.0 (Windows NT 6.1; WOW64; rv:15.0) Gecko/20100101 Firefox/15.0"
217.12.204.5 - - [18/Aug/2013:04:24:33 -0400] "GET /shariki=2091 HTTP/1.0" 404 575 "http://www.jodyyoung.com/shariki=2091" "Mozilla/5.0 (Windows NT 6.0; rv:16.0) Gecko/20100101 Firefox/16.0"
122.108.137.124 - - [18/Aug/2013:06:23:44 -0400] "GET /wordpress1/wp-content/flagallery/colorado-photos/20110519_45ao.jpg HTTP/1.1" 200 362242 "-" "Mozilla/5.0 (Windows NT 6.1; WOW64) AppleWebKit/537.36 (KHTML, like Gecko) Chrome/28.0.1500.95 Safari/537.36"
122.108.137.124 - - [18/Aug/2013:06:24:37 -0400] "GET /wordpress1/wp-content/flagallery/colorado-photos/thumbs/thumbs_pa130068ao.jpg HTTP/1.1" 200 14841 "http://jodyyoung.com/wordpress1/flagallery/colorado-scenes/" "Mozilla/5.0 (Windows NT 6.1; WOW64) AppleWebKit/537.36 (KHTML, like Gecko) Chrome/28.0.1500.95 Safari/537.36"
122.108.137.124 - - [18/Aug/2013:06:24:37 -0400] "GET /wordpress1/wp-content/flagallery/colorado-photos/p9210040ao.jpg HTTP/1.1" 200 356062 "http://jodyyoung.com/wordpress1/flagallery/colorado-scenes/" "Mozilla/5.0 (Windows NT 6.1; WOW64) AppleWebKit/537.36 (KHTML, like Gecko) Chrome/28.0.1500.95 Safari/537.36"
122.108.137.124 - - [18/Aug/2013:06:24:40 -0400] "POST /wordpress1/wp-content/plugins/flash-album-gallery/lib/hitcounter.php HTTP/1.1" 200 6 "http://jodyyoung.com/wordpress1/wp-content/plugins/flagallery-skins/green_style/gallery.swf" "Mozilla/5.0 (Windows NT 6.1; WOW64) AppleWebKit/537.36 (KHTML, like Gecko) Chrome/28.0.1500.95 Safari/537.36"
36.248.23.159 - - [18/Aug/2013:08:02:24 -0400] "GET /guestbook.html HTTP/1.0" 200 8916 "http://www.jodyyoung.com/guestbook.html" "Opera/9.80 (Windows NT 6.1) Presto/2.12.388 Version/12.11"
124.72.250.113 - - [18/Aug/2013:04:21:24 -0400] "GET /wordpress1/ HTTP/1.1" 301 - "-" "Mozilla/4.0 (compatible; MSIE 6.0; Windows NT 5.1; SV1; Mozilla/4.0 (compatible; MSIE 6.0; Windows NT 5.1; SV1) ; .NET CLR 2.0.50727 ; .NET CLR 4.0.30319)"
65.55.213.68 - - [18/Aug/2013:11:59:03 -0400] "GET /wordpress1/guestbook/ HTTP/1.1" 200 58763 "-" "msnbot/2.0b (+http://search.msn.com/msnbot.htm)"
208.115.111.69 - - [18/Aug/2013:21:02:25 -0400] "GET /shariki=2034 HTTP/1.1" 404 575 "-" "Mozilla/5.0 (compatible; Ezooms/1.0; ezooms.bot@gmail.com)"
218.30.103.156 - - [18/Aug/2013:21:03:12 -0400] "GET /wordpress1/ HTTP/1.1" 200 58297 "-" "Sogou web spider/4.0(+http://www.sogou.com/docs/help/webmasters.htm#07)"
124.72.250.113 - - [18/Aug/2013:04:21:27 -0400] "GET /wordpress1/ HTTP/1.1" 200 58297 "-" "Mozilla/4.0 (compatible; MSIE 6.0; Windows NT 5.1; SV1; Mozilla/4.0 (compatible; MSIE 6.0; Windows NT 5.1; SV1) ; .NET CLR 2.0.50727 ; .NET CLR 4.0.30319)"
180.76.5.165 - - [18/Aug/2013:16:43:20 -0400] "GET /wordpress1/ HTTP/1.1" 301 - "-" "Mozilla/5.0 (compatible; Baiduspider/2.0; +http://www.baidu.com/search/spider.html)"
79.138.80.228 - - [18/Aug/2013:13:43:20 -0400] "POST /wp-login.php HTTP/1.0" 404 575 "-" "Mozilla/3.0 (compatible; Indy Library)"
184.12.184.173 - - [18/Aug/2013:18:02:42 -0400] "GET /wordpress1/wp-content/flagallery/jodys-world/s1040074a.jpg HTTP/1.1" 200 308600 "http://www.bing.com/images/search?q=lake+powell+canoeing&id=C6C011360C4F92072363D2A78FDD35DD5D37FEE4&FORM=IQFRBA" "Mozilla/5.0 (compatible; MSIE 9.0; Windows NT 6.0; Trident/5.0)"
122.108.137.124 - - [18/Aug/2013:06:24:30 -0400] "GET /wordpress1/wp-content/plugins/flash-album-gallery/admin/js/swfaddress.js HTTP/1.1" 200 15916 "http://jodyyoung.com/wordpress1/flagallery/colorado-scenes/" "Mozilla/5.0 (Windows NT 6.1; WOW64) AppleWebKit/537.36 (KHTML, like Gecko) Chrome/28.0.1500.95 Safari/537.36"
72.14.199.184 - - [18/Aug/2013:08:12:24 -0400] "GET /wordpress1/comments/feed/ HTTP/1.1" 200 3283 "-" "Feedfetcher-Google; (+http://www.google.com/feedfetcher.html; 1 subscribers; feed-id=8917805572480071123)"
208.115.113.85 - - [18/Aug/2013:23:21:55 -0400] "GET /shariki=2275 HTTP/1.1" 404 575 "-" "Mozilla/5.0 (compatible; Ezooms/1.0; ezooms.bot@gmail.com)"
10.30.72.4 - - [18/Aug/2013:12:50:46 -0400] "POST /wordpress1/wp-cron.php?doing_wp_cron=1376844646.8319869041442871093750 HTTP/1.0" 200 - "-" "WordPress/3.5.2; http://jodyyoung.com/wordpress1"
180.76.5.144 - - [18/Aug/2013:13:49:37 -0400] "GET /shariki=2252 HTTP/1.1" 404 575 "-" "Mozilla/5.0 (compatible; Baiduspider/2.0; +http://www.baidu.com/search/spider.html)"
66.249.75.122 - - [18/Aug/2013:15:08:11 -0400] "GET /wordpress1/ HTTP/1.1" 301 - "-" "Mozilla/5.0 (compatible; Googlebot/2.1; +http://www.google.com/bot.html)"
208.115.111.69 - - [18/Aug/2013:16:55:35 -0400] "GET /shariki=2222 HTTP/1.1" 404 575 "-" "Mozilla/5.0 (compatible; Ezooms/1.0; ezooms.bot@gmail.com)"
94.27.82.121 - - [18/Aug/2013:18:31:13 -0400] "POST /wordpress1/wp-comments-post.php HTTP/1.0" 500 4120 "http://jodyyoung.com/wordpress1/guestbook/" "Mozilla/4.0 (compatible; MSIE 7.0; Windows NT 5.1; Trident/4.0)"
208.115.113.85 - - [18/Aug/2013:19:03:19 -0400] "GET /shariki=771 HTTP/1.1" 404 575 "-" "Mozilla/5.0 (compatible; Ezooms/1.0; ezooms.bot@gmail.com)"
218.30.103.156 - - [18/Aug/2013:20:33:52 -0400] "GET /wordpress1/ HTTP/1.1" 301 - "-" "Sogou web spider/4.0(+http://www.sogou.com/docs/help/webmasters.htm#07)"
178.168.64.194 - - [18/Aug/2013:00:30:04 -0400] "GET /wordpress1/2013/04/13/arches-canyonlands/ HTTP/1.0" 200 59806 "-" "Mozilla/4.0 (compatible; ICS)"
10.30.72.4 - - [18/Aug/2013:02:28:56 -0400] "POST /wordpress1/wp-cron.php?doing_wp_cron=1376807336.3510661125183105468750 HTTP/1.0" 200 - "-" "WordPress/3.5.2; http://jodyyoung.com/wordpress1"
113.212.70.212 - - [18/Aug/2013:09:47:24 -0400] "GET /wordpress1/guestbook/guestbook-archives/ HTTP/1.1" 200 70868 "http://jodyyoung.com/" "Mozilla/4.0 (compatible; MSIE 8.0; Windows NT 5.1; Trident/4.0; .NET CLR 2.0.50727; .NET CLR 3.0.4506.2152; .NET CLR 3.5.30729)"
209.165.175.227 - - [18/Aug/2013:10:56:02 -0400] "GET /wordpress1/wp-content/plugins/wp-notes-remover/css/main.css?ver=0.1 HTTP/1.1" 304 - "http://jodyyoung.com/wordpress1/wp-admin/edit-comments.php?comment_status=moderated&paged=1&spammed=2&ids=424,423" "Mozilla/5.0 (Windows NT 6.1; WOW64; rv:23.0) Gecko/20100101 Firefox/23.0"
209.165.175.227 - - [18/Aug/2013:10:56:40 -0400] "GET /wordpress1/wp-login.php?action=logout&_wpnonce=4fcb798905 HTTP/1.1" 302 - "http://jodyyoung.com/wordpress1/wp-admin/edit-comments.php?comment_status=spam&paged=1&deleted=2" "Mozilla/5.0 (Windows NT 6.1; WOW64; rv:23.0) Gecko/20100101 Firefox/23.0"
209.165.175.227 - - [18/Aug/2013:10:56:42 -0400] "GET /wordpress1/wp-login.php?loggedout=true HTTP/1.1" 200 2814 "http://jodyyoung.com/wordpress1/wp-admin/edit-comments.php?comment_status=spam&paged=1&deleted=2" "Mozilla/5.0 (Windows NT 6.1; WOW64; rv:23.0) Gecko/20100101 Firefox/23.0"
209.165.175.227 - - [18/Aug/2013:10:56:42 -0400] "GET /wordpress1/wp-admin/css/wp-admin.min.css?ver=3.5.2 HTTP/1.1" 304 - "http://jodyyoung.com/wordpress1/wp-login.php?loggedout=true" "Mozilla/5.0 (Windows NT 6.1; WOW64; rv:23.0) Gecko/20100101 Firefox/23.0"
209.165.175.227 - - [18/Aug/2013:10:56:43 -0400] "GET /wordpress1/wp-admin/images/wordpress-logo.png?ver=20120216 HTTP/1.1" 304 - "http://jodyyoung.com/wordpress1/wp-admin/css/wp-admin.min.css?ver=3.5.2" "Mozilla/5.0 (Windows NT 6.1; WOW64; rv:23.0) Gecko/20100101 Firefox/23.0"
65.55.213.68 - - [18/Aug/2013:11:58:35 -0400] "GET /wordpress1/2013/05/15/arches-canyonlands-again/ HTTP/1.1" 200 58600 "-" "msnbot/2.0b (+http://search.msn.com/msnbot.htm)"
91.231.40.27 - - [18/Aug/2013:08:29:12 -0400] "POST /wordpress1/wp-comments-post.php HTTP/1.0" 500 4120 "http://jodyyoung.com/wordpress1/guestbook/" "Mozilla/5.0 (Windows NT 5.1; rv:17.0) Gecko/17.0 Firefox/17.0"
65.55.213.68 - - [18/Aug/2013:08:27:36 -0400] "GET /robots.txt HTTP/1.1" 404 575 "-" "msnbot/2.0b (+http://search.msn.com/msnbot.htm)"
66.249.75.184 - - [18/Aug/2013:00:22:58 -0400] "GET /wordpress1/wp-content/plugins/flash-album-gallery/admin/js/jquery.js HTTP/1.1" 200 91363 "-" "Mozilla/5.0 (compatible; Googlebot/2.1; +http://www.google.com/bot.html)"
198.50.154.83 - - [18/Aug/2013:01:00:58 -0400] "POST /wordpress1/wp-comments-post.php HTTP/1.0" 500 4120 "http://jodyyoung.com/wordpress1/guestbook/" "Mozilla/5.0 (Windows NT 6.1; rv:9.0.1) Gecko/20100101 Firefox/9.0.1"
94.27.82.121 - - [18/Aug/2013:17:32:41 -0400] "POST /wordpress1/wp-comments-post.php HTTP/1.0" 500 4120 "http://jodyyoung.com/wordpress1/guestbook/" "Opera/9.80 (Windows NT 5.1; U; Edition Yx; ru) Presto/2.10.289 Version/12.02"
208.115.113.85 - - [18/Aug/2013:17:46:25 -0400] "GET /robots.txt HTTP/1.1" 404 575 "-" "Mozilla/5.0 (compatible; Ezooms/1.0; ezooms.bot@gmail.com)"
208.115.113.85 - - [18/Aug/2013:17:46:25 -0400] "GET /robots.txt HTTP/1.1" 404 575 "-" "Mozilla/5.0 (compatible; Ezooms/1.0; ezooms.bot@gmail.com)"
10.30.72.4 - - [18/Aug/2013:19:51:39 -0400] "POST /wordpress1/wp-cron.php?doing_wp_cron=1376869899.5113799571990966796875 HTTP/1.0" 200 - "-" "WordPress/3.5.2; http://jodyyoung.com/wordpress1"
142.0.139.162 - - [18/Aug/2013:21:09:15 -0400] "GET /wordpress1/guestbook/guestbook-archives/ HTTP/1.0" 200 70917 "http://jodyyoung.com/wordpress1/guestbook/guestbook-archives/#comment-429" "Mozilla/5.0 (Windows NT 5.1) AppleWebKit/537.4 (KHTML, like Gecko) Chrome/22.0.1229.94 Safari/537.4"
209.165.175.227 - - [18/Aug/2013:10:55:17 -0400] "GET /wordpress1/wp-admin/edit-comments.php?comment_status=moderated HTTP/1.1" 302 - "-" "Mozilla/5.0 (Windows NT 6.1; WOW64; rv:23.0) Gecko/20100101 Firefox/23.0"
209.165.175.227 - - [18/Aug/2013:10:55:20 -0400] "GET /wordpress1/wp-login.php?redirect_to=http%3A%2F%2Fjodyyoung.com%2Fwordpress1%2Fwp-admin%2Fedit-comments.php%3Fcomment_status%3Dmoderated&reauth=1 HTTP/1.1" 200 2821 "-" "Mozilla/5.0 (Windows NT 6.1; WOW64; rv:23.0) Gecko/20100101 Firefox/23.0"
209.165.175.227 - - [18/Aug/2013:10:55:21 -0400] "GET /wordpress1/wp-admin/css/wp-admin.min.css?ver=3.5.2 HTTP/1.1" 200 114483 "http://jodyyoung.com/wordpress1/wp-login.php?redirect_to=http%3A%2F%2Fjodyyoung.com%2Fwordpress1%2Fwp-admin%2Fedit-comments.php%3Fcomment_status%3Dmoderated&reauth=1" "Mozilla/5.0 (Windows NT 6.1; WOW64; rv:23.0) Gecko/20100101 Firefox/23.0"
217.12.204.5 - - [18/Aug/2013:04:24:33 -0400] "GET / HTTP/1.0" 301 244 "http://www.jodyyoung.com/" "Mozilla/5.0 (Windows NT 6.0; rv:16.0) Gecko/20100101 Firefox/16.0"
72.14.199.184 - - [18/Aug/2013:22:53:53 -0400] "GET /wordpress1/comments/feed/ HTTP/1.1" 200 3283 "-" "Feedfetcher-Google; (+http://www.google.com/feedfetcher.html; 1 subscribers; feed-id=8917805572480071123)"
122.108.137.124 - - [18/Aug/2013:06:24:30 -0400] "GET /wordpress1/wp-content/plugins/flash-album-gallery/admin/css/flagallery_nocrawler.css HTTP/1.1" 200 1071 "http://jodyyoung.com/wordpress1/flagallery/colorado-scenes/" "Mozilla/5.0 (Windows NT 6.1; WOW64) AppleWebKit/537.36 (KHTML, like Gecko) Chrome/28.0.1500.95 Safari/537.36"
122.108.137.124 - - [18/Aug/2013:06:24:30 -0400] "GET /wordpress1/wp-content/plugins/flash-album-gallery/admin/js/photoswipe/code.photoswipe.jquery-3.0.5.min.js HTTP/1.1" 200 77126 "http://jodyyoung.com/wordpress1/flagallery/colorado-scenes/" "Mozilla/5.0 (Windows NT 6.1; WOW64) AppleWebKit/537.36 (KHTML, like Gecko) Chrome/28.0.1500.95 Safari/537.36"
122.108.137.124 - - [18/Aug/2013:06:24:32 -0400] "GET /wordpress1/wp-content/plugins/flagallery-skins/green_style/gallery.swf HTTP/1.1" 200 78581 "http://jodyyoung.com/wordpress1/flagallery/colorado-scenes/" "Mozilla/5.0 (Windows NT 6.1; WOW64) AppleWebKit/537.36 (KHTML, like Gecko) Chrome/28.0.1500.95 Safari/537.36"
122.108.137.124 - - [18/Aug/2013:06:24:32 -0400] "GET /wordpress1/wp-content/plugins/flagallery-skins/green_style/gallery.php?gid=3&albumname=PHOTO HTTP/1.1" 200 5009 "http://jodyyoung.com/wordpress1/flagallery/colorado-scenes/" "Mozilla/5.0 (Windows NT 6.1; WOW64) AppleWebKit/537.36 (KHTML, like Gecko) Chrome/28.0.1500.95 Safari/537.36"
122.108.137.124 - - [18/Aug/2013:06:24:36 -0400] "GET /wordpress1/wp-content/flagallery/colorado-photos/thumbs/thumbs_p9210040ao.jpg HTTP/1.1" 200 14853 "http://jodyyoung.com/wordpress1/flagallery/colorado-scenes/" "Mozilla/5.0 (Windows NT 6.1; WOW64) AppleWebKit/537.36 (KHTML, like Gecko) Chrome/28.0.1500.95 Safari/537.36"
122.108.137.124 - - [18/Aug/2013:06:24:37 -0400] "GET /wordpress1/wp-content/flagallery/colorado-photos/thumbs/thumbs_pa130100ao.jpg HTTP/1.1" 200 16914 "http://jodyyoung.com/wordpress1/flagallery/colorado-scenes/" "Mozilla/5.0 (Windows NT 6.1; WOW64) AppleWebKit/537.36 (KHTML, like Gecko) Chrome/28.0.1500.95 Safari/537.36"
122.108.137.124 - - [18/Aug/2013:06:24:37 -0400] "GET /wordpress1/wp-content/flagallery/colorado-photos/thumbs/thumbs_p4280036ao.jpg HTTP/1.1" 200 17971 "http://jodyyoung.com/wordpress1/flagallery/colorado-scenes/" "Mozilla/5.0 (Windows NT 6.1; WOW64) AppleWebKit/537.36 (KHTML, like Gecko) Chrome/28.0.1500.95 Safari/537.36"
66.249.75.184 - - [18/Aug/2013:07:37:53 -0400] "GET /wordpress1/connections/ HTTP/1.1" 200 60746 "-" "Mozilla/5.0 (iPhone; U; CPU iPhone OS 4_1 like Mac OS X; en-us) AppleWebKit/532.9 (KHTML, like Gecko) Version/4.0.5 Mobile/8B117 Safari/6531.22.7 (compatible; Googlebot-Mobile/2.1; +http://www.google.com/bot.html)"
209.165.175.227 - - [18/Aug/2013:10:55:33 -0400] "GET /wordpress1/wp-admin/load-scripts.php?c=1&load%5B%5D=jquery,utils&ver=3.5.2 HTTP/1.1" 200 37322 "http://jodyyoung.com/wordpress1/wp-admin/edit-comments.php?comment_status=moderated" "Mozilla/5.0 (Windows NT 6.1; WOW64; rv:23.0) Gecko/20100101 Firefox/23.0"
209.165.175.227 - - [18/Aug/2013:10:55:37 -0400] "GET /wordpress1/wp-admin/images/menu-shadow.png HTTP/1.1" 200 89 "http://jodyyoung.com/wordpress1/wp-admin/css/colors-fresh.min.css?ver=3.5.2" "Mozilla/5.0 (Windows NT 6.1; WOW64; rv:23.0) Gecko/20100101 Firefox/23.0"
209.165.175.227 - - [18/Aug/2013:10:55:37 -0400] "GET /wordpress1/wp-admin/images/bubble_bg.gif HTTP/1.1" 200 395 "http://jodyyoung.com/wordpress1/wp-admin/load-styles.php?c=1&dir=ltr&load=admin-bar,wp-admin,buttons&ver=3.5.2" "Mozilla/5.0 (Windows NT 6.1; WOW64; rv:23.0) Gecko/20100101 Firefox/23.0"
209.165.175.227 - - [18/Aug/2013:10:56:18 -0400] "GET /wordpress1/wp-admin/css/colors-fresh.min.css?ver=3.5.2 HTTP/1.1" 304 - "http://jodyyoung.com/wordpress1/wp-admin/edit-comments.php?comment_status=spam" "Mozilla/5.0 (Windows NT 6.1; WOW64; rv:23.0) Gecko/20100101 Firefox/23.0"
65.55.213.68 - - [18/Aug/2013:11:59:00 -0400] "GET /wordpress1/guestbook/guestbook-archives/ HTTP/1.1" 200 70226 "-" "msnbot/2.0b (+http://search.msn.com/msnbot.htm)"
142.0.139.162 - - [18/Aug/2013:16:54:30 -0400] "GET /wordpress1/guestbook/guestbook-archives/ HTTP/1.0" 503 323 "http://jodyyoung.com/wordpress1/guestbook/guestbook-archives/#comment-426" "Mozilla/5.0 (Windows NT 5.2; rv:17.0) Gecko/20100101 Firefox/17.0"
10.30.72.4 - - [18/Aug/2013:17:49:50 -0400] "POST /wordpress1/wp-cron.php?doing_wp_cron=1376862586.4950330257415771484375 HTTP/1.0" 503 323 "-" "WordPress/3.5.2; http://jodyyoung.com/wordpress1"
10.30.72.4 - - [18/Aug/2013:20:33:53 -0400] "POST /wordpress1/wp-cron.php?doing_wp_cron=1376872433.9562840461730957031250 HTTP/1.0" 200 - "-" "WordPress/3.5.2; http://jodyyoung.com/wordpress1"
157.55.32.75 - - [18/Aug/2013:12:18:09 -0400] "GET /robots.txt HTTP/1.1" 404 575 "-" "Mozilla/5.0 (compatible; bingbot/2.0; +http://www.bing.com/bingbot.htm)"
137.175.68.233 - - [18/Aug/2013:12:21:34 -0400] "GET /wordpress1/guestbook/guestbook-archives/ HTTP/1.0" 200 70868 "http://jodyyoung.com/wordpress1/guestbook/guestbook-archives/" "Opera/9.80 (Windows NT 6.2; WOW64; MRA 8.0 (build 5784)) Presto/2.12.388 Version/12.10"
209.165.175.227 - - [18/Aug/2013:10:56:02 -0400] "GET /wordpress1/wp-admin/css/colors-fresh.min.css?ver=3.5.2 HTTP/1.1" 304 - "http://jodyyoung.com/wordpress1/wp-admin/edit-comments.php?comment_status=moderated&paged=1&spammed=2&ids=424,423" "Mozilla/5.0 (Windows NT 6.1; WOW64; rv:23.0) Gecko/20100101 Firefox/23.0"
209.165.175.227 - - [18/Aug/2013:10:56:42 -0400] "GET /wordpress1/wp-includes/css/buttons.min.css?ver=3.5.2 HTTP/1.1" 304 - "http://jodyyoung.com/wordpress1/wp-login.php?loggedout=true" "Mozilla/5.0 (Windows NT 6.1; WOW64; rv:23.0) Gecko/20100101 Firefox/23.0"
65.55.213.68 - - [18/Aug/2013:11:58:22 -0400] "GET /wordpress1/2012/10/25/new-web-site/ HTTP/1.1" 200 60773 "-" "msnbot/2.0b (+http://search.msn.com/msnbot.htm)"
65.55.213.68 - - [18/Aug/2013:11:58:46 -0400] "GET /wordpress1/colorado/ HTTP/1.1" 200 61954 "-" "msnbot/2.0b (+http://search.msn.com/msnbot.htm)"
202.188.22.47 - - [18/Aug/2013:08:56:38 -0400] "GET /wordpress1/wp-content/uploads/2011/11/P1150023aos.jpg HTTP/1.1" 200 26889 "http://www.google.com.my/imgres?imgurl=http://jodyyoung.com/wordpress1/wp-content/uploads/2011/11/P1150023aos.jpg&imgrefurl=http://jodyyoung.com/wordpress1/colorado/&usg=__yuTG_6WvDR9bw5yIsJjkbu68aWw=&h=300&w=400&sz=27&hl=en&start=650&zoom=1&tbnid=qbjh3Yl9oPZg7M:&tbnh=93&tbnw=124&ei=gsQQUpX2Do_krAfIw4CwDg&prev=/search%3Fq%3Dsunrise%2Bsnow%2Bmountain%26start%3D640%26sa%3DN%26biw%3D1024%26bih%3D604%26tbm%3Disch&itbs=1&sa=X&ved=0CD4QrQMwCTiABQ" "Mozilla/5.0 (Windows NT 5.1; rv:23.0) Gecko/20100101 Firefox/23.0"
220.181.108.111 - - [18/Aug/2013:03:53:41 -0400] "GET /wordpress1/wp-content/plugins/flash-album-gallery/admin/js/swfobject.js?ver=2.2 HTTP/1.1" 200 11754 "http://jodyyoung.com/wordpress1/2013/04/13/arches-canyonlands/" "Mozilla/5.0 (X11; U; Linux x86_64; en-US; rv:1.9) Gecko Minefield/3.0"
94.27.82.121 - - [18/Aug/2013:17:32:29 -0400] "GET /wordpress1/ HTTP/1.0" 301 - "http://www.jodyyoung.com/wordpress1/" "Opera/9.80 (Windows NT 5.1; U; Edition Yx; ru) Presto/2.10.289 Version/12.02"
218.30.103.156 - - [18/Aug/2013:20:32:24 -0400] "GET /robots.txt HTTP/1.1" 404 575 "-" "Sogou web spider/4.0"
122.108.137.124 - - [18/Aug/2013:06:24:30 -0400] "GET /wordpress1/wp-content/plugins/flash-album-gallery/admin/js/photoswipe/photoswipe.css HTTP/1.1" 200 4213 "http://jodyyoung.com/wordpress1/flagallery/colorado-scenes/" "Mozilla/5.0 (Windows NT 6.1; WOW64) AppleWebKit/537.36 (KHTML, like Gecko) Chrome/28.0.1500.95 Safari/537.36"
122.108.137.124 - - [18/Aug/2013:06:24:37 -0400] "GET /wordpress1/wp-content/flagallery/colorado-photos/thumbs/thumbs_st-146ao.jpg HTTP/1.1" 200 12316 "http://jodyyoung.com/wordpress1/flagallery/colorado-scenes/" "Mozilla/5.0 (Windows NT 6.1; WOW64) AppleWebKit/537.36 (KHTML, like Gecko) Chrome/28.0.1500.95 Safari/537.36"
122.108.137.124 - - [18/Aug/2013:06:24:37 -0400] "GET /wordpress1/wp-content/flagallery/colorado-photos/thumbs/thumbs_20110519_18ao.jpg HTTP/1.1" 200 13137 "http://jodyyoung.com/wordpress1/flagallery/colorado-scenes/" "Mozilla/5.0 (Windows NT 6.1; WOW64) AppleWebKit/537.36 (KHTML, like Gecko) Chrome/28.0.1500.95 Safari/537.36"
122.108.137.124 - - [18/Aug/2013:06:24:37 -0400] "GET /wordpress1/wp-content/flagallery/colorado-photos/thumbs/thumbs_20110519_121ao.jpg HTTP/1.1" 200 14928 "http://jodyyoung.com/wordpress1/flagallery/colorado-scenes/" "Mozilla/5.0 (Windows NT 6.1; WOW64) AppleWebKit/537.36 (KHTML, like Gecko) Chrome/28.0.1500.95 Safari/537.36"
180.76.5.56 - - [18/Aug/2013:11:38:18 -0400] "GET /wordpress1/wp-content/plugins/flash-album-gallery/admin/js/swfaddress.js HTTP/1.1" 200 15916 "-" "Mozilla/5.0 (compatible; Baiduspider/2.0; +http://www.baidu.com/search/spider.html)"
65.55.213.68 - - [18/Aug/2013:11:58:00 -0400] "GET /wordpress1/about-htm/ HTTP/1.1" 200 57574 "-" "msnbot/2.0b (+http://search.msn.com/msnbot.htm)"
10.30.72.4 - - [18/Aug/2013:17:32:33 -0400] "POST /wordpress1/wp-cron.php?doing_wp_cron=1376861551.5458590984344482421875 HTTP/1.0" 503 323 "-" "WordPress/3.5.2; http://jodyyoung.com/wordpress1"
91.231.40.51 - - [18/Aug/2013:00:14:22 -0400] "GET /wordpress1/guestbook/ HTTP/1.0" 200 59401 "http://jodyyoung.com/wordpress1/guestbook/" "Opera/9.80 (Windows NT 6.1; WOW64; Edition Yx) Presto/2.12.388 Version/12.11"
208.43.225.85 - - [18/Aug/2013:00:24:16 -0400] "GET /robots.txt HTTP/1.1" 404 575 "-" "Mozilla/5.0 (compatible; SiteExplorer/1.0b; +http://siteexplorer.info/)"
217.12.204.5 - - [18/Aug/2013:04:24:41 -0400] "GET /wordpress1/guestbook/feed/ HTTP/1.0" 200 744 "http://jodyyoung.com/wordpress1/guestbook/feed/" "Mozilla/5.0 (Windows NT 6.0; rv:16.0) Gecko/20100101 Firefox/16.0"
218.30.103.156 - - [18/Aug/2013:21:02:54 -0400] "GET /wordpress1/ HTTP/1.1" 301 - "-" "Sogou web spider/4.0(+http://www.sogou.com/docs/help/webmasters.htm#07)"
199.30.16.21 - - [18/Aug/2013:10:50:13 -0400] "GET /images/AOlogo.jpg HTTP/1.1" 200 20151 "-" "msnbot-media/1.1 (+http://search.msn.com/msnbot.htm)"
209.165.175.227 - - [18/Aug/2013:10:55:21 -0400] "GET /wordpress1/wp-includes/js/jquery/jquery.js?ver=1.8.3 HTTP/1.1" 200 93658 "http://jodyyoung.com/wordpress1/wp-login.php?redirect_to=http%3A%2F%2Fjodyyoung.com%2Fwordpress1%2Fwp-admin%2Fedit-comments.php%3Fcomment_status%3Dmoderated&reauth=1" "Mozilla/5.0 (Windows NT 6.1; WOW64; rv:23.0) Gecko/20100101 Firefox/23.0"
65.55.213.68 - - [18/Aug/2013:11:58:18 -0400] "GET /wordpress1/flagallery/colorado-scenes/ HTTP/1.1" 200 10292 "-" "msnbot/2.0b (+http://search.msn.com/msnbot.htm)"
192.74.238.60 - - [18/Aug/2013:12:50:48 -0400] "POST /wordpress1/wp-comments-post.php HTTP/1.0" 500 4120 "http://jodyyoung.com/wordpress1/guestbook/" "Mozilla/5.0 (Windows NT 6.0) AppleWebKit/537.1 (KHTML, like Gecko) Chrome/21.0.1180.89 Safari/537.1"
208.115.111.69 - - [18/Aug/2013:16:55:28 -0400] "GET /shariki=1170 HTTP/1.1" 404 575 "-" "Mozilla/5.0 (compatible; Ezooms/1.0; ezooms.bot@gmail.com)"
94.27.82.121 - - [18/Aug/2013:17:32:29 -0400] "GET / HTTP/1.0" 301 244 "http://www.jodyyoung.com/" "Opera/9.80 (Windows NT 5.1; U; Edition Yx; ru) Presto/2.10.289 Version/12.02"
220.181.108.147 - - [18/Aug/2013:23:34:31 -0400] "GET /images/300_IMG0020a.jpg HTTP/1.1" 200 13115 "-" "Baiduspider-image+(+http://www.baidu.com/search/spider.htm)"
180.76.5.60 - - [18/Aug/2013:05:36:24 -0400] "GET /shariki=648 HTTP/1.1" 404 575 "-" "Mozilla/5.0 (compatible; Baiduspider/2.0; +http://www.baidu.com/search/spider.html)"
209.165.175.227 - - [18/Aug/2013:10:55:33 -0400] "GET /wordpress1/wp-admin/css/colors-fresh.min.css?ver=3.5.2 HTTP/1.1" 304 - "http://jodyyoung.com/wordpress1/wp-admin/edit-comments.php?comment_status=moderated" "Mozilla/5.0 (Windows NT 6.1; WOW64; rv:23.0) Gecko/20100101 Firefox/23.0"
209.165.175.227 - - [18/Aug/2013:10:55:33 -0400] "GET /wordpress1/wp-includes/css/editor.min.css?ver=3.5.2 HTTP/1.1" 200 44756 "http://jodyyoung.com/wordpress1/wp-admin/edit-comments.php?comment_status=moderated" "Mozilla/5.0 (Windows NT 6.1; WOW64; rv:23.0) Gecko/20100101 Firefox/23.0"
76.89.138.201 - - [18/Aug/2013:11:07:22 -0400] "GET /wordpress1/wp-content/flagallery/jodys-world/pa160020ao.jpg HTTP/1.1" 200 392638 "http://www.google.com/search?q=sand+hill+lake+powell&tbm=isch&tbo=u&source=univ&sa=X&ei=3eIQUtqHNKSVygH19oAw&ved=0CDcQsAQ&biw=1024&bih=672" "Mozilla/5.0 (iPad; CPU OS 6_1_3 like Mac OS X) AppleWebKit/536.26 (KHTML, like Gecko) Version/6.0 Mobile/10B329 Safari/8536.25"
198.100.144.204 - - [18/Aug/2013:11:27:18 -0400] "GET /guestbook.html HTTP/1.0" 200 8916 "http://www.jodyyoung.com/guestbook.html" "Opera/9.80 (Windows NT 5.1; Edition Yx) Presto/2.12.388 Version/12.11"
65.55.213.68 - - [18/Aug/2013:11:58:10 -0400] "GET /wordpress1/gallery/ HTTP/1.1" 200 82605 "-" "msnbot/2.0b (+http://search.msn.com/msnbot.htm)"
100.43.83.155 - - [18/Aug/2013:19:11:07 -0400] "GET /robots.txt HTTP/1.1" 404 575 "-" "Mozilla/5.0 (compatible; YandexBot/3.0; +http://yandex.com/bots)"
199.30.16.21 - - [18/Aug/2013:05:32:14 -0400] "GET /robots.txt HTTP/1.1" 404 575 "-" "msnbot-media/1.1 (+http://search.msn.com/msnbot.htm)"
113.212.70.212 - - [18/Aug/2013:09:47:57 -0400] "GET /wordpress1/guestbook/guestbook-archives/ HTTP/1.1" 200 72760 "http://jodyyoung.com/wordpress1/guestbook/guestbook-archives/" "Mozilla/4.0 (compatible; MSIE 8.0; Windows NT 5.1; Trident/4.0; .NET CLR 2.0.50727; .NET CLR 3.0.4506.2152; .NET CLR 3.5.30729)"
66.249.75.122 - - [18/Aug/2013:11:37:18 -0400] "GET /robots.txt HTTP/1.1" 404 575 "-" "Mozilla/5.0 (compatible; Googlebot/2.1; +http://www.google.com/bot.html)"
66.249.75.122 - - [18/Aug/2013:11:37:18 -0400] "GET /utah.html HTTP/1.1" 304 - "-" "Mozilla/5.0 (iPhone; U; CPU iPhone OS 4_1 like Mac OS X; en-us) AppleWebKit/532.9 (KHTML, like Gecko) Version/4.0.5 Mobile/8B117 Safari/6531.22.7 (compatible; Googlebot-Mobile/2.1; +http://www.google.com/bot.html)"
208.115.111.69 - - [18/Aug/2013:21:02:22 -0400] "GET /shariki=2489 HTTP/1.1" 404 575 "-" "Mozilla/5.0 (compatible; Ezooms/1.0; ezooms.bot@gmail.com)"
10.30.72.4 - - [18/Aug/2013:04:24:42 -0400] "POST /wordpress1/wp-cron.php?doing_wp_cron=1376814282.6228849887847900390625 HTTP/1.0" 200 - "-" "WordPress/3.5.2; http://jodyyoung.com/wordpress1"
10.30.72.4 - - [18/Aug/2013:18:03:00 -0400] "POST /wordpress1/wp-cron.php?doing_wp_cron=1376863380.7252180576324462890625 HTTP/1.0" 200 - "-" "WordPress/3.5.2; http://jodyyoung.com/wordpress1"
218.30.103.156 - - [18/Aug/2013:20:32:23 -0400] "GET / HTTP/1.1" 301 244 "-" "Sogou web spider/4.0(+http://www.sogou.com/docs/help/webmasters.htm#07)"
218.30.103.156 - - [18/Aug/2013:20:35:22 -0400] "GET /wordpress1/ HTTP/1.1" 200 58297 "-" "Sogou web spider/4.0(+http://www.sogou.com/docs/help/webmasters.htm#07)"
68.205.54.169 - - [18/Aug/2013:21:24:40 -0400] "GET /wordpress1/guestbook/guestbook-archives/ HTTP/1.1" 200 70866 "http://jodyyoung.com/" "Mozilla/5.0 (X11; Linux x86_64) AppleWebKit/537.22 (KHTML, like Gecko) Ubuntu Chromium/25.0.1364.160 Chrome/25.0.1364.160 Safari/537.22"
65.55.213.68 - - [18/Aug/2013:11:58:38 -0400] "GET /wordpress1/flagallery/utah-photos/ HTTP/1.1" 200 27589 "-" "msnbot/2.0b (+http://search.msn.com/msnbot.htm)"
175.42.82.141 - - [18/Aug/2013:06:30:18 -0400] "GET /guestbook.html HTTP/1.0" 200 8916 "http://www.jodyyoung.com/guestbook.html" "Opera/9.80 (Windows NT 6.1; Edition Yx) Presto/2.12.388 Version/12.10"
36.248.23.159 - - [18/Aug/2013:08:02:27 -0400] "GET /guestbook.html HTTP/1.0" 200 8916 "http://www.jodyyoung.com/guestbook.html" "Opera/9.80 (Windows NT 6.1) Presto/2.12.388 Version/12.11"
91.231.40.51 - - [18/Aug/2013:00:14:25 -0400] "POST /wordpress1/wp-comments-post.php HTTP/1.0" 500 4120 "http://jodyyoung.com/wordpress1/guestbook/" "Opera/9.80 (Windows NT 6.1; WOW64; Edition Yx) Presto/2.12.388 Version/12.11"
68.205.54.169 - - [18/Aug/2013:01:09:47 -0400] "GET /wordpress1/guestbook/guestbook-archives/ HTTP/1.1" 200 70866 "http://jodyyoung.com/" "Mozilla/5.0 (Windows NT 5.1; rv:21.0) Gecko/20100101 Firefox/21.0"
10.30.72.4 - - [18/Aug/2013:14:03:25 -0400] "POST /wordpress1/wp-cron.php?doing_wp_cron=1376849005.6711208820343017578125 HTTP/1.0" 200 - "-" "WordPress/3.5.2; http://jodyyoung.com/wordpress1"
182.118.25.236 - - [18/Aug/2013:14:58:34 -0400] "GET /robots.txt HTTP/1.1" 404 575 "http://www.jodyyoung.com/robots.txt" "Mozilla/5.0 (Windows; U; Windows NT 5.1; zh-CN; rv:1.8.0.11) Firefox/1.5.0.11; 360Spider"
94.27.82.121 - - [18/Aug/2013:18:30:58 -0400] "GET /shariki=2091 HTTP/1.0" 404 575 "http://statni.unblog.fr/#12694" "Mozilla/4.0 (compatible; MSIE 7.0; Windows NT 5.1; Trident/4.0)"
142.0.139.162 - - [18/Aug/2013:18:53:05 -0400] "POST /wordpress1/wp-comments-post.php HTTP/1.0" 302 - "http://jodyyoung.com/wordpress1/guestbook/guestbook-archives/#comment-304" "Mozilla/5.0 (Windows NT 6.1; WOW64; rv:15.0) Gecko/20100101 Firefox/15.0"
113.212.70.212 - - [18/Aug/2013:09:47:45 -0400] "POST /wordpress1/wp-comments-post.php HTTP/1.1" 302 - "http://jodyyoung.com/wordpress1/guestbook/guestbook-archives/" "Mozilla/4.0 (compatible; MSIE 8.0; Windows NT 5.1; Trident/4.0; .NET CLR 2.0.50727; .NET CLR 3.0.4506.2152; .NET CLR 3.5.30729)"
209.165.175.227 - - [18/Aug/2013:10:56:27 -0400] "GET /wordpress1/wp-admin/edit-comments.php?s=&comment_status=spam&pagegen_timestamp=2013-08-18+14%3A56%3A17&_total=2&_per_page=20&_page=1&_ajax_fetch_list_nonce=eed2762ceb&_wp_http_referer=%2Fwordpress1%2Fwp-admin%2Fedit-comments.php%3Fcomment_status%3Dspam&_wpnonce=4cc49f9fef&_wp_http_referer=%2Fwordpress1%2Fwp-admin%2Fedit-comments.php%3Fcomment_status%3Dspam&action=delete&comment_type=&_destroy_nonce=27eba48f29&_wp_http_referer=%2Fwordpress1%2Fwp-admin%2Fedit-comments.php%3Fcomment_status%3Dspam&paged=1&delete_comments%5B%5D=424&delete_comments%5B%5D=423&action2=-1&_destroy_nonce=27eba48f29&_wp_http_referer=%2Fwordpress1%2Fwp-admin%2Fedit-comments.php%3Fcomment_status%3Dspam HTTP/1.1" 302 - "http://jodyyoung.com/wordpress1/wp-admin/edit-comments.php?comment_status=spam" "Mozilla/5.0 (Windows NT 6.1; WOW64; rv:23.0) Gecko/20100101 Firefox/23.0"
209.165.175.227 - - [18/Aug/2013:10:56:31 -0400] "GET /wordpress1/wp-admin/edit-comments.php?comment_status=spam&paged=1&deleted=2 HTTP/1.1" 200 41815 "http://jodyyoung.com/wordpress1/wp-admin/edit-comments.php?comment_status=spam" "Mozilla/5.0 (Windows NT 6.1; WOW64; rv:23.0) Gecko/20100101 Firefox/23.0"
10.30.72.4 - - [18/Aug/2013:22:53:55 -0400] "POST /wordpress1/wp-cron.php?doing_wp_cron=1376880835.0903239250183105468750 HTTP/1.0" 200 - "-" "WordPress/3.5.2; http://jodyyoung.com/wordpress1"
100.43.83.155 - - [18/Aug/2013:23:05:05 -0400] "GET /wordpress1/2012/10/25/new-web-site/ HTTP/1.1" 200 61413 "-" "Mozilla/5.0 (compatible; YandexBot/3.0; +http://yandex.com/bots)"
208.115.113.85 - - [18/Aug/2013:23:21:49 -0400] "GET /customtours.html HTTP/1.1" 200 13273 "-" "Mozilla/5.0 (compatible; Ezooms/1.0; ezooms.bot@gmail.com)"
208.115.113.85 - - [18/Aug/2013:23:21:57 -0400] "GET /shariki=312 HTTP/1.1" 404 575 "-" "Mozilla/5.0 (compatible; Ezooms/1.0; ezooms.bot@gmail.com)"
124.72.250.113 - - [18/Aug/2013:04:21:23 -0400] "GET / HTTP/1.1" 301 244 "-" "Mozilla/4.0 (compatible; MSIE 6.0; Windows NT 5.1; SV1; Mozilla/4.0 (compatible; MSIE 6.0; Windows NT 5.1; SV1) ; .NET CLR 2.0.50727 ; .NET CLR 4.0.30319)"
209.165.175.227 - - [18/Aug/2013:10:56:32 -0400] "GET /wordpress1/wp-includes/css/editor.min.css?ver=3.5.2 HTTP/1.1" 304 - "http://jodyyoung.com/wordpress1/wp-admin/edit-comments.php?comment_status=spam&paged=1&deleted=2" "Mozilla/5.0 (Windows NT 6.1; WOW64; rv:23.0) Gecko/20100101 Firefox/23.0"
65.55.213.68 - - [18/Aug/2013:11:59:12 -0400] "GET /wordpress1/connections/ HTTP/1.1" 200 60746 "-" "msnbot/2.0b (+http://search.msn.com/msnbot.htm)"
202.188.22.47 - - [18/Aug/2013:08:56:38 -0400] "GET /wordpress1/colorado/ HTTP/1.1" 200 62595 "http://www.google.com.my/imgres?imgurl=http://jodyyoung.com/wordpress1/wp-content/uploads/2011/11/P1150023aos.jpg&imgrefurl=http://jodyyoung.com/wordpress1/colorado/&usg=__yuTG_6WvDR9bw5yIsJjkbu68aWw=&h=300&w=400&sz=27&hl=en&start=650&zoom=1&tbnid=qbjh3Yl9oPZg7M:&tbnh=93&tbnw=124&ei=gsQQUpX2Do_krAfIw4CwDg&prev=/search%3Fq%3Dsunrise%2Bsnow%2Bmountain%26start%3D640%26sa%3DN%26biw%3D1024%26bih%3D604%26tbm%3Disch&itbs=1&sa=X&ved=0CD4QrQMwCTiABQ" "Mozilla/5.0 (Windows NT 5.1; rv:23.0) Gecko/20100101 Firefox/23.0"
220.181.108.82 - - [18/Aug/2013:03:53:38 -0400] "GET /wordpress1/wp-includes/js/jquery/jquery.js?ver=1.8.3 HTTP/1.1" 200 93658 "http://jodyyoung.com/wordpress1/2013/04/13/arches-canyonlands/" "Mozilla/5.0 (X11; U; Linux x86_64; en-US; rv:1.9) Gecko Minefield/3.0"
217.12.204.5 - - [18/Aug/2013:04:24:33 -0400] "GET /wordpress1/ HTTP/1.0" 301 - "http://www.jodyyoung.com/wordpress1/" "Mozilla/5.0 (Windows NT 6.0; rv:16.0) Gecko/20100101 Firefox/16.0"
208.115.111.69 - - [18/Aug/2013:20:08:26 -0400] "GET /robots.txt HTTP/1.1" 404 575 "-" "Mozilla/5.0 (compatible; Ezooms/1.0; ezooms.bot@gmail.com)"
208.115.113.85 - - [18/Aug/2013:22:27:10 -0400] "GET /robots.txt HTTP/1.1" 404 575 "-" "Mozilla/5.0 (compatible; Ezooms/1.0; ezooms.bot@gmail.com)"
199.30.16.21 - - [18/Aug/2013:10:50:12 -0400] "GET /robots.txt HTTP/1.1" 404 575 "-" "msnbot-media/1.1 (+http://search.msn.com/msnbot.htm)"
209.165.175.227 - - [18/Aug/2013:10:55:21 -0400] "GET /wordpress1/wp-content/plugins/flash-album-gallery/admin/js/swfobject.js?ver=2.2 HTTP/1.1" 200 11754 "http://jodyyoung.com/wordpress1/wp-login.php?redirect_to=http%3A%2F%2Fjodyyoung.com%2Fwordpress1%2Fwp-admin%2Fedit-comments.php%3Fcomment_status%3Dmoderated&reauth=1" "Mozilla/5.0 (Windows NT 6.1; WOW64; rv:23.0) Gecko/20100101 Firefox/23.0"
65.55.213.68 - - [18/Aug/2013:11:57:55 -0400] "GET /wordpress1/comments/feed/ HTTP/1.1" 200 3283 "-" "msnbot/2.0b (+http://search.msn.com/msnbot.htm)"
65.55.213.68 - - [18/Aug/2013:11:58:44 -0400] "GET /wordpress1/california/ HTTP/1.1" 200 58987 "-" "msnbot/2.0b (+http://search.msn.com/msnbot.htm)"
10.30.72.4 - - [18/Aug/2013:03:38:14 -0400] "POST /wordpress1/wp-cron.php?doing_wp_cron=1376811494.1511240005493164062500 HTTP/1.0" 200 - "-" "WordPress/3.5.2; http://jodyyoung.com/wordpress1"
91.239.15.82 - - [18/Aug/2013:03:38:30 -0400] "GET /wordpress1/guestbook/ HTTP/1.0" 200 59400 "http://jodyyoung.com/wordpress1/guestbook/" "Mozilla/5.0 (Windows NT 5.1) AppleWebKit/537.19 (KHTML, like Gecko) Chrome/25.0.1323.1 Safari/537.19"
178.33.203.157 - - [18/Aug/2013:02:19:24 -0400] "GET /wordpress1/guestbook/guestbook-archives/ HTTP/1.1" 200 70868 "-" "Mozilla/4.0 (compatible; MSIE 6.0; Windows NT 5.1; SV1; Mozilla/4.0 (compatible; MSIE 6.0; Windows NT 5.1; SV1) )"
180.76.5.13 - - [18/Aug/2013:16:43:19 -0400] "GET / HTTP/1.1" 301 244 "-" "Mozilla/5.0 (compatible; Baiduspider/2.0; +http://www.baidu.com/search/spider.html)"
208.115.111.69 - - [18/Aug/2013:16:55:34 -0400] "GET /shariki=2120 HTTP/1.1" 404 575 "-" "Mozilla/5.0 (compatible; Ezooms/1.0; ezooms.bot@gmail.com)"
94.27.82.121 - - [18/Aug/2013:17:32:37 -0400] "GET /wordpress1/guestbook/ HTTP/1.0" 200 59401 "http://jodyyoung.com/wordpress1/guestbook/" "Opera/9.80 (Windows NT 5.1; U; Edition Yx; ru) Presto/2.10.289 Version/12.02"
209.165.175.227 - - [18/Aug/2013:10:55:33 -0400] "GET /wordpress1/wp-content/plugins/kino-event-calendar-plugin/css/admin.css HTTP/1.1" 200 1046 "http://jodyyoung.com/wordpress1/wp-admin/edit-comments.php?comment_status=moderated" "Mozilla/5.0 (Windows NT 6.1; WOW64; rv:23.0) Gecko/20100101 Firefox/23.0"
209.165.175.227 - - [18/Aug/2013:10:56:18 -0400] "GET /wordpress1/wp-includes/css/editor.min.css?ver=3.5.2 HTTP/1.1" 304 - "http://jodyyoung.com/wordpress1/wp-admin/edit-comments.php?comment_status=spam" "Mozilla/5.0 (Windows NT 6.1; WOW64; rv:23.0) Gecko/20100101 Firefox/23.0"
72.14.199.184 - - [18/Aug/2013:11:05:04 -0400] "GET /wordpress1/comments/feed/ HTTP/1.1" 200 3283 "-" "Feedfetcher-Google; (+http://www.google.com/feedfetcher.html; 1 subscribers; feed-id=8917805572480071123)"
10.30.72.4 - - [18/Aug/2013:15:43:26 -0400] "POST /wordpress1/wp-cron.php?doing_wp_cron=1376855006.1342229843139648437500 HTTP/1.0" 200 - "-" "WordPress/3.5.2; http://jodyyoung.com/wordpress1"
166.147.88.20 - - [18/Aug/2013:17:55:23 -0400] "GET /wordpress1/wp-content/flagallery/colorado-photos/st232ao.jpg HTTP/1.1" 200 315853 "https://www.google.com/" "Mozilla/5.0 (iPhone; CPU iPhone OS 7_0 like Mac OS X) AppleWebKit/537.51.1 (KHTML, like Gecko) Version/7.0 Mobile/11A4449d Safari/9537.53"
23.22.81.71 - - [18/Aug/2013:20:53:45 -0400] "GET / HTTP/1.1" 301 240 "-" "Mozilla/5.0 (compatible; linkdexbot/2.0; +http://www.linkdex.com/about/bots/)"
23.22.81.71 - - [18/Aug/2013:20:53:45 -0400] "GET /wordpress1/ HTTP/1.1" 403 877 "-" "Mozilla/5.0 (compatible; linkdexbot/2.0; +http://www.linkdex.com/about/bots/)"
112.111.189.128 - - [18/Aug/2013:07:25:32 -0400] "GET /guestbook.html HTTP/1.0" 200 8916 "http://www.jodyyoung.com/guestbook.html" "Opera/9.80 (Windows NT 6.2; WOW64; MRA 8.0 (build 5784)) Presto/2.12.388 Version/12.11"
209.165.175.227 - - [18/Aug/2013:10:55:33 -0400] "GET /wordpress1/wp-admin/load-styles.php?c=1&dir=ltr&load=admin-bar,wp-admin,buttons&ver=3.5.2 HTTP/1.1" 200 31440 "http://jodyyoung.com/wordpress1/wp-admin/edit-comments.php?comment_status=moderated" "Mozilla/5.0 (Windows NT 6.1; WOW64; rv:23.0) Gecko/20100101 Firefox/23.0"
209.165.175.227 - - [18/Aug/2013:10:55:36 -0400] "GET /wordpress1/wp-admin/load-scripts.php?c=1&load%5B%5D=admin-bar,hoverIntent,common,wp-ajax-response,jquery-color,wp-lists,quicktags,jquery-query,admin-comments,word-count,jquery-ui-c&load%5B%5D=ore,jquery-ui-widget,jquery-ui-mouse,jquery-ui-resizable,jquery-ui-draggable,jquery-ui-button,jquery-ui-position,jquery-ui-dialo&load%5B%5D=g,wpdialogs,wplink,wpdialogs-popup&ver=3.5.2 HTTP/1.1" 200 49555 "http://jodyyoung.com/wordpress1/wp-admin/edit-comments.php?comment_status=moderated" "Mozilla/5.0 (Windows NT 6.1; WOW64; rv:23.0) Gecko/20100101 Firefox/23.0"
209.165.175.227 - - [18/Aug/2013:10:55:38 -0400] "GET /wordpress1/wp-content/plugins/kino-event-calendar-plugin/css/smoothness/images/ui-bg_flat_75_ffffff_40x100.png HTTP/1.1" 200 178 "http://jodyyoung.com/wordpress1/wp-content/plugins/kino-event-calendar-plugin/css/smoothness/jquery-ui-1.7.2.custom.css" "Mozilla/5.0 (Windows NT 6.1; WOW64; rv:23.0) Gecko/20100101 Firefox/23.0"
209.165.175.227 - - [18/Aug/2013:10:55:38 -0400] "GET /wordpress1/wp-admin/images/sort.gif HTTP/1.1" 200 54 "http://jodyyoung.com/wordpress1/wp-admin/load-styles.php?c=1&dir=ltr&load=admin-bar,wp-admin,buttons&ver=3.5.2" "Mozilla/5.0 (Windows NT 6.1; WOW64; rv:23.0) Gecko/20100101 Firefox/23.0"
68.190.149.53 - - [18/Aug/2013:11:52:30 -0400] "GET /wordpress1/wp-content/plugins/kino-event-calendar-plugin/js/tools.tooptip.slide-1.0.0.min.js HTTP/1.1" 200 1087 "http://jodyyoung.com/wordpress1/" "Mozilla/5.0 (iPhone; CPU iPhone OS 6_1_3 like Mac OS X) AppleWebKit/536.26 (KHTML, like Gecko) Version/6.0 Mobile/10B329 Safari/8536.25"
65.55.213.68 - - [18/Aug/2013:11:58:54 -0400] "GET /wordpress1/flagallery/247-2/ HTTP/1.1" 200 20007 "-" "msnbot/2.0b (+http://search.msn.com/msnbot.htm)"
68.190.149.53 - - [18/Aug/2013:12:09:20 -0400] "GET /wordpress1/ HTTP/1.1" 200 58295 "-" "Mozilla/5.0 (iPhone; CPU iPhone OS 6_1_3 like Mac OS X) AppleWebKit/536.26 (KHTML, like Gecko) Version/6.0 Mobile/10B329 Safari/8536.25"
220.181.108.122 - - [18/Aug/2013:03:53:42 -0400] "GET /wordpress1/wp-content/plugins/flash-album-gallery/admin/js/swfaddress.js?ver=2.4 HTTP/1.1" 200 15916 "http://jodyyoung.com/wordpress1/2013/04/13/arches-canyonlands/" "Mozilla/5.0 (X11; U; Linux x86_64; en-US; rv:1.9) Gecko Minefield/3.0"
94.27.82.121 - - [18/Aug/2013:18:30:59 -0400] "GET / HTTP/1.0" 301 244 "http://www.jodyyoung.com/" "Mozilla/4.0 (compatible; MSIE 7.0; Windows NT 5.1; Trident/4.0)"
66.249.75.184 - - [18/Aug/2013:15:51:27 -0400] "GET / HTTP/1.1" 301 240 "-" "Mozilla/5.0 (compatible; Googlebot/2.1; +http://www.google.com/bot.html)"
180.76.5.49 - - [18/Aug/2013:16:43:23 -0400] "GET /wordpress1/ HTTP/1.1" 200 57655 "-" "Mozilla/5.0 (compatible; Baiduspider/2.0; +http://www.baidu.com/search/spider.html)"
123.125.71.25 - - [18/Aug/2013:23:00:38 -0400] "GET /robots.txt HTTP/1.1" 404 575 "-" "Mozilla/5.0 (compatible; Baiduspider/2.0; +http://www.baidu.com/search/spider.html)"
208.115.113.85 - - [18/Aug/2013:23:21:51 -0400] "GET /shariki=114 HTTP/1.1" 404 575 "-" "Mozilla/5.0 (compatible; Ezooms/1.0; ezooms.bot@gmail.com)"
10.30.72.4 - - [18/Aug/2013:18:27:26 -0400] "POST /wordpress1/wp-cron.php?doing_wp_cron=1376864846.7975790500640869140625 HTTP/1.0" 200 - "-" "WordPress/3.5.2; http://jodyyoung.com/wordpress1"
180.76.5.167 - - [18/Aug/2013:19:51:45 -0400] "GET /shariki=532 HTTP/1.1" 404 575 "-" "Mozilla/5.0 (compatible; Baiduspider/2.0; +http://www.baidu.com/search/spider.html)"
65.55.215.54 - - [18/Aug/2013:20:14:15 -0400] "GET /robots.txt HTTP/1.1" 404 575 "-" "msnbot-media/1.1 (+http://search.msn.com/msnbot.htm)"
66.249.75.184 - - [18/Aug/2013:00:22:56 -0400] "GET /wordpress1/wp-content/plugins/flash-album-gallery/admin/js/swfaddress.js HTTP/1.1" 200 15916 "-" "Mozilla/5.0 (compatible; Googlebot/2.1; +http://www.google.com/bot.html)"
5.9.251.133 - - [18/Aug/2013:04:42:44 -0400] "GET /wordpress1/guestbook/ HTTP/1.1" 200 59399 "-" "Mozilla/5.0 (X11; Ubuntu; Linux i686; rv:22.0) Gecko/20100101 Firefox/22.0"
209.165.175.227 - - [18/Aug/2013:10:56:18 -0400] "GET /wordpress1/wp-content/plugins/wp-notes-remover/css/main.css?ver=0.1 HTTP/1.1" 304 - "http://jodyyoung.com/wordpress1/wp-admin/edit-comments.php?comment_status=spam" "Mozilla/5.0 (Windows NT 6.1; WOW64; rv:23.0) Gecko/20100101 Firefox/23.0"
10.30.72.4 - - [18/Aug/2013:11:52:27 -0400] "POST /wordpress1/wp-cron.php?doing_wp_cron=1376841146.9241030216217041015625 HTTP/1.0" 200 - "-" "WordPress/3.5.2; http://jodyyoung.com/wordpress1"
10.30.72.4 - - [18/Aug/2013:14:25:02 -0400] "POST /wordpress1/wp-cron.php?doing_wp_cron=1376850302.3231720924377441406250 HTTP/1.0" 200 - "-" "WordPress/3.5.2; http://jodyyoung.com/wordpress1"
216.152.251.19 - - [18/Aug/2013:00:01:16 -0400] "GET /wordpress1/guestbook/ HTTP/1.0" 200 59405 "http://jodyyoung.com/wordpress1/guestbook/" "Opera/9.80 (Windows NT 5.1; U; ru) Presto/2.10.289 Version/12.00"
198.50.154.83 - - [18/Aug/2013:01:00:28 -0400] "GET /wordpress1/guestbook/ HTTP/1.0" 200 59403 "http://jodyyoung.com/wordpress1/guestbook/" "Mozilla/5.0 (Windows NT 6.1; rv:9.0.1) Gecko/20100101 Firefox/9.0.1"
220.181.108.121 - - [18/Aug/2013:03:53:40 -0400] "GET /wordpress1/wp-content/themes/atahualpa/js/DD_roundies.js?ver=0.0.2a HTTP/1.1" 200 16853 "http://jodyyoung.com/wordpress1/2013/04/13/arches-canyonlands/" "Mozilla/5.0 (X11; U; Linux x86_64; en-US; rv:1.9) Gecko Minefield/3.0"
217.12.204.5 - - [18/Aug/2013:04:24:38 -0400] "GET /wordpress1/guestbook/ HTTP/1.0" 200 59401 "http://jodyyoung.com/wordpress1/guestbook/" "Mozilla/5.0 (Windows NT 6.0; rv:16.0) Gecko/20100101 Firefox/16.0"
113.212.70.212 - - [18/Aug/2013:20:00:22 -0400] "GET /wordpress1/guestbook/guestbook-archives/ HTTP/1.1" 200 70868 "http://jodyyoung.com/" "Mozilla/5.0 (Windows NT 6.2; WOW64) AppleWebKit/537.36 (KHTML, like Gecko) Chrome/28.0.1500.71 Safari/537.36"
94.27.82.121 - - [18/Aug/2013:17:32:33 -0400] "GET /wordpress1/ HTTP/1.0" 200 58293 "http://jodyyoung.com/wordpress1/" "Opera/9.80 (Windows NT 5.1; U; Edition Yx; ru) Presto/2.10.289 Version/12.02"
122.108.137.124 - - [18/Aug/2013:06:24:45 -0400] "GET /wordpress1/wp-content/flagallery/colorado-photos/pa130068ao.jpg HTTP/1.1" 200 498139 "http://jodyyoung.com/wordpress1/flagallery/colorado-scenes/" "Mozilla/5.0 (Windows NT 6.1; WOW64) AppleWebKit/537.36 (KHTML, like Gecko) Chrome/28.0.1500.95 Safari/537.36"
122.108.137.124 - - [18/Aug/2013:06:24:49 -0400] "POST /wordpress1/wp-content/plugins/flash-album-gallery/lib/hitcounter.php HTTP/1.1" 200 6 "http://jodyyoung.com/wordpress1/wp-content/plugins/flagallery-skins/green_style/gallery.swf" "Mozilla/5.0 (Windows NT 6.1; WOW64) AppleWebKit/537.36 (KHTML, like Gecko) Chrome/28.0.1500.95 Safari/537.36"
93.115.86.194 - - [18/Aug/2013:08:30:16 -0400] "GET /GBArchive.htm HTTP/1.1" 200 13949 "-" "Mozilla/4.0 (compatible; MSIE 6.0; Windows NT 5.1; SV1)"
10.30.72.4 - - [18/Aug/2013:21:24:42 -0400] "POST /wordpress1/wp-cron.php?doing_wp_cron=1376875482.0987141132354736328125 HTTP/1.0" 200 - "-" "WordPress/3.5.2; http://jodyyoung.com/wordpress1"
142.0.139.162 - - [18/Aug/2013:14:25:01 -0400] "POST /wordpress1/wp-comments-post.php HTTP/1.0" 302 - "http://jodyyoung.com/wordpress1/guestbook/guestbook-archives/#comment-304" "Mozilla/5.0 (Windows NT 6.1) AppleWebKit/534.57.2 (KHTML, like Gecko) Version/5.1.7 Safari/534.57.2"
91.231.40.51 - - [18/Aug/2013:00:14:17 -0400] "GET /wordpress1/ HTTP/1.0" 200 58293 "http://jodyyoung.com/wordpress1/" "Opera/9.80 (Windows NT 6.1; WOW64; Edition Yx) Presto/2.12.388 Version/12.11"
46.165.197.142 - - [18/Aug/2013:02:28:59 -0400] "GET /wordpress1/ HTTP/1.0" 200 58297 "-" "Mozilla/5.0 (compatible; MJ12bot/v1.4.3; http://www.majestic12.co.uk/bot.php?+)"
220.181.108.82 - - [18/Aug/2013:03:53:49 -0400] "GET /wordpress1/wp-content/plugins/kino-event-calendar-plugin/js/tools.tooptip.slide-1.0.0.min.js HTTP/1.1" 200 1087 "http://jodyyoung.com/wordpress1/2013/04/13/arches-canyonlands/" "Mozilla/5.0 (X11; U; Linux x86_64; en-US; rv:1.9) Gecko Minefield/3.0"
100.43.83.155 - - [18/Aug/2013:04:47:45 -0400] "GET /wordpress1/flagallery/colorado-scenes/ HTTP/1.1" 200 10316 "-" "Mozilla/5.0 (compatible; YandexBot/3.0; +http://yandex.com/bots)"
209.165.175.227 - - [18/Aug/2013:10:56:32 -0400] "GET /wordpress1/wp-content/plugins/wp-notes-remover/css/main.css?ver=0.1 HTTP/1.1" 304 - "http://jodyyoung.com/wordpress1/wp-admin/edit-comments.php?comment_status=spam&paged=1&deleted=2" "Mozilla/5.0 (Windows NT 6.1; WOW64; rv:23.0) Gecko/20100101 Firefox/23.0"
76.89.138.201 - - [18/Aug/2013:11:08:19 -0400] "GET /wordpress1/wp-content/flagallery/jodys-world/20110430_103.JPG HTTP/1.1" 200 139329 "http://www.google.com/search?q=sand+hill+lake+powell&tbm=isch&tbo=u&source=univ&sa=X&ei=3eIQUtqHNKSVygH19oAw&ved=0CDcQsAQ&biw=1024&bih=672" "Mozilla/5.0 (iPad; CPU OS 6_1_3 like Mac OS X) AppleWebKit/536.26 (KHTML, like Gecko) Version/6.0 Mobile/10B329 Safari/8536.25"
68.205.54.169 - - [18/Aug/2013:11:20:48 -0400] "GET /wordpress1/guestbook/guestbook-archives/ HTTP/1.1" 200 70866 "http://jodyyoung.com/" "Mozilla/5.0 (Macintosh; Intel Mac OS X 10.6; rv:21.0) Gecko/20100101 Firefox/21.0"
68.190.149.53 - - [18/Aug/2013:11:52:30 -0400] "GET /wordpress1/wp-content/plugins/kino-event-calendar-plugin/js/tools.tooltip-1.1.2.js HTTP/1.1" 200 8427 "http://jodyyoung.com/wordpress1/" "Mozilla/5.0 (iPhone; CPU iPhone OS 6_1_3 like Mac OS X) AppleWebKit/536.26 (KHTML, like Gecko) Version/6.0 Mobile/10B329 Safari/8536.25"
