0byt3m1n1
Path:
/
data
/
0
/
0
/
69
/
144
/
69470
/
meta
/
70706
/
logs
/
[
Home
]
File: x-access_log.2013-08-18
193.178.118.41 - - [18/Aug/2013:09:24:36 -0400] "POST /wp-login.php HTTP/1.0" 404 575 "-" "Mozilla/3.0 (compatible; Indy Library)"
66.249.75.184 - - [18/Aug/2013:15:08:12 -0400] "GET /wordpress1/ HTTP/1.1" 200 57655 "-" "Mozilla/5.0 (compatible; Googlebot/2.1; +http://www.google.com/bot.html)"
142.0.139.162 - - [18/Aug/2013:16:54:24 -0400] "POST /wordpress1/wp-comments-post.php HTTP/1.0" 302 - "http://jodyyoung.com/wordpress1/guestbook/guestbook-archives/#comment-304" "Mozilla/5.0 (Windows NT 5.2; rv:17.0) Gecko/20100101 Firefox/17.0"
208.115.113.85 - - [18/Aug/2013:19:03:13 -0400] "GET /shariki=481 HTTP/1.1" 404 575 "-" "Mozilla/5.0 (compatible; Ezooms/1.0; ezooms.bot@gmail.com)"
199.30.20.120 - - [18/Aug/2013:19:30:10 -0400] "GET /wordpress1/wp-content/flagallery/jodys-world/s1040074a.jpg HTTP/1.1" 200 308600 "-" "msnbot-media/1.1 (+http://search.msn.com/msnbot.htm)"
208.115.113.85 - - [18/Aug/2013:23:21:54 -0400] "GET /shariki=2155 HTTP/1.1" 404 575 "-" "Mozilla/5.0 (compatible; Ezooms/1.0; ezooms.bot@gmail.com)"
122.108.137.124 - - [18/Aug/2013:06:24:37 -0400] "GET /wordpress1/wp-content/flagallery/colorado-photos/thumbs/thumbs_st232ao.jpg HTTP/1.1" 200 13385 "http://jodyyoung.com/wordpress1/flagallery/colorado-scenes/" "Mozilla/5.0 (Windows NT 6.1; WOW64) AppleWebKit/537.36 (KHTML, like Gecko) Chrome/28.0.1500.95 Safari/537.36"
84.193.156.41 - - [18/Aug/2013:08:04:04 -0400] "GET /wordpress1/wp-content/flagallery/utah-photos/pa080043ao.jpg HTTP/1.1" 200 290936 "-" "Mozilla/5.0 (Windows NT 6.1; WOW64) AppleWebKit/537.36 (KHTML, like Gecko) Chrome/28.0.1500.95 Safari/537.36"
65.55.213.68 - - [18/Aug/2013:08:27:36 -0400] "GET / HTTP/1.1" 301 244 "-" "msnbot/2.0b (+http://search.msn.com/msnbot.htm)"
209.165.175.227 - - [18/Aug/2013:10:55:33 -0400] "GET /wordpress1/wp-content/plugins/kino-event-calendar-plugin/js/jquery-ui-1.7.2.custom.min.js HTTP/1.1" 200 107835 "http://jodyyoung.com/wordpress1/wp-admin/edit-comments.php?comment_status=moderated" "Mozilla/5.0 (Windows NT 6.1; WOW64; rv:23.0) Gecko/20100101 Firefox/23.0"
23.22.81.71 - - [18/Aug/2013:20:53:48 -0400] "GET / HTTP/1.1" 301 244 "-" "Mozilla/5.0 (compatible; linkdexbot/2.0; +http://www.linkdex.com/about/bots/)"
23.22.81.71 - - [18/Aug/2013:20:53:48 -0400] "GET /wordpress1/ HTTP/1.1" 403 877 "-" "Mozilla/5.0 (compatible; linkdexbot/2.0; +http://www.linkdex.com/about/bots/)"
137.175.68.233 - - [18/Aug/2013:12:21:39 -0400] "POST /wordpress1/wp-comments-post.php HTTP/1.0" 503 323 "http://jodyyoung.com/wordpress1/guestbook/guestbook-archives/" "Opera/9.80 (Windows NT 6.2; WOW64; MRA 8.0 (build 5784)) Presto/2.12.388 Version/12.10"
66.249.75.122 - - [18/Aug/2013:15:08:11 -0400] "GET / HTTP/1.1" 301 244 "-" "Mozilla/5.0 (compatible; Googlebot/2.1; +http://www.google.com/bot.html)"
113.212.70.212 - - [18/Aug/2013:23:32:03 -0400] "GET /wordpress1/guestbook/guestbook-archives/ HTTP/1.1" 200 70868 "http://jodyyoung.com/" "Mozilla/5.0 (iPhone; CPU iPhone OS 6_1_3 like Mac OS X) AppleWebKit/536.26 (KHTML, like Gecko) Version/6.0 Mobile/10B329 Safari/8536.25"
220.181.108.115 - - [18/Aug/2013:03:53:37 -0400] "GET /wordpress1/wp-includes/js/comment-reply.min.js?ver=3.5.2 HTTP/1.1" 200 786 "http://jodyyoung.com/wordpress1/2013/04/13/arches-canyonlands/" "Mozilla/5.0 (X11; U; Linux x86_64; en-US; rv:1.9) Gecko Minefield/3.0"
10.30.72.4 - - [18/Aug/2013:09:47:26 -0400] "POST /wordpress1/wp-cron.php?doing_wp_cron=1376833645.9675469398498535156250 HTTP/1.0" 200 - "-" "WordPress/3.5.2; http://jodyyoung.com/wordpress1"
209.165.175.227 - - [18/Aug/2013:10:56:32 -0400] "GET /wordpress1/wp-content/plugins/preserved-html-editor-markup/admin.js?v=1.5&ver=3.5.2 HTTP/1.1" 304 - "http://jodyyoung.com/wordpress1/wp-admin/edit-comments.php?comment_status=spam&paged=1&deleted=2" "Mozilla/5.0 (Windows NT 6.1; WOW64; rv:23.0) Gecko/20100101 Firefox/23.0"
68.190.149.53 - - [18/Aug/2013:11:52:28 -0400] "GET /wordpress1/ HTTP/1.1" 200 58295 "-" "Mozilla/5.0 (iPhone; CPU iPhone OS 6_1_3 like Mac OS X) AppleWebKit/536.26 (KHTML, like Gecko) Version/6.0 Mobile/10B329 Safari/8536.25"
68.190.149.53 - - [18/Aug/2013:11:52:30 -0400] "GET /wordpress1/wp-content/plugins/flash-album-gallery/admin/js/swfobject.js?ver=2.2 HTTP/1.1" 200 11754 "http://jodyyoung.com/wordpress1/" "Mozilla/5.0 (iPhone; CPU iPhone OS 6_1_3 like Mac OS X) AppleWebKit/536.26 (KHTML, like Gecko) Version/6.0 Mobile/10B329 Safari/8536.25"
68.190.149.53 - - [18/Aug/2013:11:52:30 -0400] "GET /wordpress1/wp-content/plugins/kino-event-calendar-plugin/js/jquery-ui-1.7.2.custom.min.js HTTP/1.1" 200 107835 "http://jodyyoung.com/wordpress1/" "Mozilla/5.0 (iPhone; CPU iPhone OS 6_1_3 like Mac OS X) AppleWebKit/536.26 (KHTML, like Gecko) Version/6.0 Mobile/10B329 Safari/8536.25"
68.190.149.53 - - [18/Aug/2013:11:52:30 -0400] "GET /wordpress1/wp-content/plugins/kino-event-calendar-plugin/js/tools.tooltip.dynamic-1.0.1.min.js HTTP/1.1" 200 1928 "http://jodyyoung.com/wordpress1/" "Mozilla/5.0 (iPhone; CPU iPhone OS 6_1_3 like Mac OS X) AppleWebKit/536.26 (KHTML, like Gecko) Version/6.0 Mobile/10B329 Safari/8536.25"
68.190.149.53 - - [18/Aug/2013:11:52:31 -0400] "GET /wordpress1/wp-content/uploads/2012/10/P5210108ao-300x225.jpg HTTP/1.1" 200 26577 "http://jodyyoung.com/wordpress1/" "Mozilla/5.0 (iPhone; CPU iPhone OS 6_1_3 like Mac OS X) AppleWebKit/536.26 (KHTML, like Gecko) Version/6.0 Mobile/10B329 Safari/8536.25"
68.190.149.53 - - [18/Aug/2013:11:52:32 -0400] "GET /wordpress1/wp-content/plugins/kino-event-calendar-plugin/rpc.php?action=get_events&start=1374987600000&end=1378616400000&event_id=null HTTP/1.1" 200 3609 "http://jodyyoung.com/wordpress1/" "Mozilla/5.0 (iPhone; CPU iPhone OS 6_1_3 like Mac OS X) AppleWebKit/536.26 (KHTML, like Gecko) Version/6.0 Mobile/10B329 Safari/8536.25"
68.190.149.53 - - [18/Aug/2013:11:52:32 -0400] "GET /wordpress1/wp-content/themes/atahualpa/images/comment-gray.png HTTP/1.1" 200 296 "http://jodyyoung.com/wordpress1/" "Mozilla/5.0 (iPhone; CPU iPhone OS 6_1_3 like Mac OS X) AppleWebKit/536.26 (KHTML, like Gecko) Version/6.0 Mobile/10B329 Safari/8536.25"
65.55.213.68 - - [18/Aug/2013:11:59:09 -0400] "GET /wordpress1/our-guides/ HTTP/1.1" 200 60593 "-" "msnbot/2.0b (+http://search.msn.com/msnbot.htm)"
175.44.19.216 - - [18/Aug/2013:20:50:31 -0400] "GET /guestbook.html HTTP/1.0" 200 8916 "http://www.jodyyoung.com/guestbook.html" "Mozilla/5.0 (Windows NT 6.1; WOW64; rv:15.0) Gecko/20100101 Firefox/15.0"
142.0.139.162 - - [18/Aug/2013:21:09:13 -0400] "POST /wordpress1/wp-comments-post.php HTTP/1.0" 302 - "http://jodyyoung.com/wordpress1/guestbook/guestbook-archives/#comment-304" "Mozilla/5.0 (Windows NT 5.1) AppleWebKit/537.4 (KHTML, like Gecko) Chrome/22.0.1229.94 Safari/537.4"
91.231.40.27 - - [18/Aug/2013:08:29:09 -0400] "GET /wordpress1/guestbook/ HTTP/1.0" 200 59401 "http://jodyyoung.com/wordpress1/guestbook/" "Mozilla/5.0 (Windows NT 5.1; rv:17.0) Gecko/17.0 Firefox/17.0"
113.212.70.212 - - [18/Aug/2013:18:21:04 -0400] "GET /wordpress1/guestbook/guestbook-archives/ HTTP/1.1" 200 70868 "http://jodyyoung.com/" "Mozilla/5.0 (Windows NT 6.1; rv:2.0b7pre) Gecko/20100921 Firefox/4.0b7pre"
208.115.113.85 - - [18/Aug/2013:19:03:06 -0400] "GET /shariki=2014 HTTP/1.1" 404 575 "-" "Mozilla/5.0 (compatible; Ezooms/1.0; ezooms.bot@gmail.com)"
157.55.34.98 - - [18/Aug/2013:22:44:00 -0400] "GET / HTTP/1.1" 301 240 "-" "Mozilla/5.0 (compatible; bingbot/2.0; +http://www.bing.com/bingbot.htm)"
209.165.175.227 - - [18/Aug/2013:10:55:21 -0400] "GET /wordpress1/wp-includes/css/buttons.min.css?ver=3.5.2 HTTP/1.1" 200 7007 "http://jodyyoung.com/wordpress1/wp-login.php?redirect_to=http%3A%2F%2Fjodyyoung.com%2Fwordpress1%2Fwp-admin%2Fedit-comments.php%3Fcomment_status%3Dmoderated&reauth=1" "Mozilla/5.0 (Windows NT 6.1; WOW64; rv:23.0) Gecko/20100101 Firefox/23.0"
209.165.175.227 - - [18/Aug/2013:10:56:42 -0400] "GET /wordpress1/wp-content/plugins/flash-album-gallery/admin/js/swfaddress.js?ver=2.4 HTTP/1.1" 304 - "http://jodyyoung.com/wordpress1/wp-login.php?loggedout=true" "Mozilla/5.0 (Windows NT 6.1; WOW64; rv:23.0) Gecko/20100101 Firefox/23.0"
220.181.108.141 - - [18/Aug/2013:03:53:50 -0400] "GET /wordpress1/wp-content/plugins/kino-event-calendar-plugin/js/tools.tooltip.dynamic-1.0.1.min.js HTTP/1.1" 200 1928 "http://jodyyoung.com/wordpress1/2013/04/13/arches-canyonlands/" "Mozilla/5.0 (X11; U; Linux x86_64; en-US; rv:1.9) Gecko Minefield/3.0"
208.115.111.69 - - [18/Aug/2013:15:44:15 -0400] "GET /robots.txt HTTP/1.1" 404 575 "-" "Mozilla/5.0 (compatible; Ezooms/1.0; ezooms.bot@gmail.com)"
208.115.111.69 - - [18/Aug/2013:16:55:36 -0400] "GET /shariki=2496 HTTP/1.1" 404 575 "-" "Mozilla/5.0 (compatible; Ezooms/1.0; ezooms.bot@gmail.com)"
66.249.75.184 - - [18/Aug/2013:00:19:12 -0400] "GET /wordpress1/flagallery/utah-photos/ HTTP/1.1" 200 27621 "-" "Mozilla/5.0 (iPhone; U; CPU iPhone OS 4_1 like Mac OS X; en-us) AppleWebKit/532.9 (KHTML, like Gecko) Version/4.0.5 Mobile/8B117 Safari/6531.22.7 (compatible; Googlebot-Mobile/2.1; +http://www.google.com/bot.html)"
173.192.235.226 - - [18/Aug/2013:02:05:53 -0400] "GET /robots.txt HTTP/1.1" 404 575 "-" "Mozilla/5.0 (compatible; SiteExplorer/1.0b; +http://siteexplorer.info/)"
173.192.235.226 - - [18/Aug/2013:02:05:58 -0400] "GET / HTTP/1.1" 301 244 "-" "Mozilla/5.0 (compatible; SiteExplorer/1.0b; +http://siteexplorer.info/)"
175.42.82.141 - - [18/Aug/2013:06:30:20 -0400] "GET /guestbook.html HTTP/1.0" 200 8916 "http://www.jodyyoung.com/guestbook.html" "Opera/9.80 (Windows NT 6.1; Edition Yx) Presto/2.12.388 Version/12.10"
93.115.86.194 - - [18/Aug/2013:08:30:16 -0400] "GET /guestbook.html HTTP/1.1" 200 8916 "-" "Mozilla/4.0 (compatible; MSIE 6.0; Windows NT 5.1; SV1)"
42.114.118.140 - - [18/Aug/2013:06:18:34 -0400] "POST /wp-login.php HTTP/1.0" 404 575 "-" "Mozilla/3.0 (compatible; Indy Library)"
199.30.16.121 - - [18/Aug/2013:18:03:02 -0400] "GET /wordpress1/wp-includes/js/jquery/jquery.js?ver=1.8.3 HTTP/1.1" 200 93658 "http://jodyyoung.com/wordpress1/gallery/" "Mozilla/5.0 (Windows NT 6.1; WOW64) AppleWebKit/534+ (KHTML, like Gecko) BingPreview/1.0b"
209.165.175.227 - - [18/Aug/2013:10:55:21 -0400] "GET /wordpress1/wp-admin/css/colors-fresh.min.css?ver=3.5.2 HTTP/1.1" 200 36190 "http://jodyyoung.com/wordpress1/wp-login.php?redirect_to=http%3A%2F%2Fjodyyoung.com%2Fwordpress1%2Fwp-admin%2Fedit-comments.php%3Fcomment_status%3Dmoderated&reauth=1" "Mozilla/5.0 (Windows NT 6.1; WOW64; rv:23.0) Gecko/20100101 Firefox/23.0"
68.190.149.53 - - [18/Aug/2013:11:52:30 -0400] "GET /wordpress1/wp-content/themes/atahualpa/js/DD_roundies.js?ver=0.0.2a HTTP/1.1" 200 16853 "http://jodyyoung.com/wordpress1/" "Mozilla/5.0 (iPhone; CPU iPhone OS 6_1_3 like Mac OS X) AppleWebKit/536.26 (KHTML, like Gecko) Version/6.0 Mobile/10B329 Safari/8536.25"
68.190.149.53 - - [18/Aug/2013:11:52:30 -0400] "GET /wordpress1/wp-content/plugins/kino-event-calendar-plugin/js/main.js HTTP/1.1" 200 1105 "http://jodyyoung.com/wordpress1/" "Mozilla/5.0 (iPhone; CPU iPhone OS 6_1_3 like Mac OS X) AppleWebKit/536.26 (KHTML, like Gecko) Version/6.0 Mobile/10B329 Safari/8536.25"
68.190.149.53 - - [18/Aug/2013:11:52:32 -0400] "GET /wordpress1/wp-content/themes/atahualpa/images/inputbackgr.gif HTTP/1.1" 200 4765 "http://jodyyoung.com/wordpress1/" "Mozilla/5.0 (iPhone; CPU iPhone OS 6_1_3 like Mac OS X) AppleWebKit/536.26 (KHTML, like Gecko) Version/6.0 Mobile/10B329 Safari/8536.25"
72.14.199.184 - - [18/Aug/2013:01:01:44 -0400] "GET /wordpress1/comments/feed/ HTTP/1.1" 200 3283 "-" "Feedfetcher-Google; (+http://www.google.com/feedfetcher.html; 1 subscribers; feed-id=8917805572480071123)"
178.33.203.157 - - [18/Aug/2013:02:19:32 -0400] "POST /wordpress1/wp-comments-post.php HTTP/1.1" 302 - "http://jodyyoung.com/wordpress1/guestbook/guestbook-archives/" "Mozilla/4.0 (compatible; MSIE 6.0; Windows NT 5.1; SV1; Mozilla/4.0 (compatible; MSIE 6.0; Windows NT 5.1; SV1) )"
208.115.111.69 - - [18/Aug/2013:21:02:24 -0400] "GET /shariki=2085 HTTP/1.1" 404 575 "-" "Mozilla/5.0 (compatible; Ezooms/1.0; ezooms.bot@gmail.com)"
208.115.111.69 - - [18/Aug/2013:21:02:27 -0400] "GET /shariki=1288 HTTP/1.1" 404 575 "-" "Mozilla/5.0 (compatible; Ezooms/1.0; ezooms.bot@gmail.com)"
208.115.113.85 - - [18/Aug/2013:23:21:56 -0400] "GET /shariki=2416 HTTP/1.1" 404 575 "-" "Mozilla/5.0 (compatible; Ezooms/1.0; ezooms.bot@gmail.com)"
10.30.72.4 - - [18/Aug/2013:06:15:36 -0400] "POST /wordpress1/wp-cron.php?doing_wp_cron=1376820936.7381548881530761718750 HTTP/1.0" 200 - "-" "WordPress/3.5.2; http://jodyyoung.com/wordpress1"
193.178.118.41 - - [18/Aug/2013:05:29:52 -0400] "POST /wp-login.php HTTP/1.0" 404 575 "-" "Mozilla/3.0 (compatible; Indy Library)"
66.224.36.225 - - [18/Aug/2013:17:11:17 -0400] "GET /wordpress1/wp-content/flagallery/utah-photos/pa140071ao.jpg HTTP/1.1" 200 331170 "https://www.google.com/" "Mozilla/5.0 (iPhone; CPU iPhone OS 6_1_3 like Mac OS X) AppleWebKit/536.26 (KHTML, like Gecko) Version/6.0 Mobile/10B329 Safari/8536.25"
66.224.36.225 - - [18/Aug/2013:17:11:17 -0400] "GET /wordpress1/wp-content/flagallery/utah-photos/pa150116ao.jpg HTTP/1.1" 200 579614 "https://www.google.com/" "Mozilla/5.0 (iPhone; CPU iPhone OS 6_1_3 like Mac OS X) AppleWebKit/536.26 (KHTML, like Gecko) Version/6.0 Mobile/10B329 Safari/8536.25"
220.181.108.173 - - [18/Aug/2013:03:53:51 -0400] "GET /wordpress1/wp-content/plugins/kino-event-calendar-plugin/js/calendar.js HTTP/1.1" 200 79688 "http://jodyyoung.com/wordpress1/2013/04/13/arches-canyonlands/" "Mozilla/5.0 (X11; U; Linux x86_64; en-US; rv:1.9) Gecko Minefield/3.0"
123.125.71.82 - - [18/Aug/2013:00:06:49 -0400] "GET /311/images/motif03.jpg HTTP/1.1" 200 18763 "-" "Baiduspider-image+(+http://www.baidu.com/search/spider.htm)"
66.249.75.184 - - [18/Aug/2013:00:22:57 -0400] "GET /wordpress1/wp-content/plugins/flash-album-gallery/admin/js/swfobject.js HTTP/1.1" 200 11754 "-" "Mozilla/5.0 (compatible; Googlebot/2.1; +http://www.google.com/bot.html)"
94.23.148.139 - - [18/Aug/2013:02:59:52 -0400] "GET /wordpress1/guestbook/guestbook-archives/ HTTP/1.1" 200 70866 "-" "Mozilla/4.0 (compatible; MSIE 6.0; Windows NT 5.1; SV1; MRA 5.8 (build 4157); .NET CLR 2.0.50727; AskTbPTV/5.11.3.15590)"
209.165.175.227 - - [18/Aug/2013:10:55:33 -0400] "GET /wordpress1/wp-content/plugins/kino-event-calendar-plugin/colorpicker/js/colorpicker.js HTTP/1.1" 200 16737 "http://jodyyoung.com/wordpress1/wp-admin/edit-comments.php?comment_status=moderated" "Mozilla/5.0 (Windows NT 6.1; WOW64; rv:23.0) Gecko/20100101 Firefox/23.0"
209.165.175.227 - - [18/Aug/2013:10:56:42 -0400] "GET /wordpress1/wp-includes/js/jquery/jquery.js?ver=1.8.3 HTTP/1.1" 304 - "http://jodyyoung.com/wordpress1/wp-login.php?loggedout=true" "Mozilla/5.0 (Windows NT 6.1; WOW64; rv:23.0) Gecko/20100101 Firefox/23.0"
65.55.213.68 - - [18/Aug/2013:11:58:26 -0400] "GET /wordpress1/2013/03/30/death-valley/ HTTP/1.1" 200 58721 "-" "msnbot/2.0b (+http://search.msn.com/msnbot.htm)"
208.115.113.85 - - [18/Aug/2013:19:03:14 -0400] "GET /shariki=687 HTTP/1.1" 404 575 "-" "Mozilla/5.0 (compatible; Ezooms/1.0; ezooms.bot@gmail.com)"
5.9.251.133 - - [18/Aug/2013:19:05:47 -0400] "GET /wordpress1/guestbook/ HTTP/1.1" 200 59399 "-" "Mozilla/5.0 (X11; Linux x86_64) AppleWebKit/537.36 (KHTML, like Gecko) Chrome/28.0.1500.63 Safari/537.36"
72.14.199.184 - - [18/Aug/2013:19:51:38 -0400] "GET /wordpress1/comments/feed/ HTTP/1.1" 200 3283 "-" "Feedfetcher-Google; (+http://www.google.com/feedfetcher.html; 1 subscribers; feed-id=8917805572480071123)"
122.108.137.124 - - [18/Aug/2013:06:24:30 -0400] "GET /wordpress1/wp-content/plugins/flash-album-gallery/admin/css/flagallery_noflash.css HTTP/1.1" 200 2509 "http://jodyyoung.com/wordpress1/flagallery/colorado-scenes/" "Mozilla/5.0 (Windows NT 6.1; WOW64) AppleWebKit/537.36 (KHTML, like Gecko) Chrome/28.0.1500.95 Safari/537.36"
122.108.137.124 - - [18/Aug/2013:06:24:30 -0400] "GET /wordpress1/wp-content/plugins/flash-album-gallery/admin/js/photoswipe/klass.min.js HTTP/1.1" 200 1200 "http://jodyyoung.com/wordpress1/flagallery/colorado-scenes/" "Mozilla/5.0 (Windows NT 6.1; WOW64) AppleWebKit/537.36 (KHTML, like Gecko) Chrome/28.0.1500.95 Safari/537.36"
100.43.83.155 - - [18/Aug/2013:06:54:44 -0400] "GET /robots.txt HTTP/1.1" 404 575 "-" "Mozilla/5.0 (compatible; YandexBot/3.0; +http://yandex.com/bots)"
180.76.5.186 - - [18/Aug/2013:22:43:10 -0400] "GET /shariki=1825 HTTP/1.1" 404 575 "-" "Mozilla/5.0 (compatible; Baiduspider/2.0; +http://www.baidu.com/search/spider.html)"
66.249.75.184 - - [18/Aug/2013:22:56:12 -0400] "GET /wordpress1/flagallery/247-2/ HTTP/1.1" 200 20030 "-" "Mozilla/5.0 (iPhone; U; CPU iPhone OS 4_1 like Mac OS X; en-us) AppleWebKit/532.9 (KHTML, like Gecko) Version/4.0.5 Mobile/8B117 Safari/6531.22.7 (compatible; Googlebot-Mobile/2.1; +http://www.google.com/bot.html)"
208.115.113.85 - - [18/Aug/2013:23:05:33 -0400] "GET / HTTP/1.1" 301 244 "-" "Mozilla/5.0 (compatible; Ezooms/1.0; ezooms.bot@gmail.com)"
91.239.15.82 - - [18/Aug/2013:03:38:16 -0400] "POST /wordpress1/wp-comments-post.php HTTP/1.0" 500 4120 "http://jodyyoung.com/wordpress1/guestbook/" "Mozilla/5.0 (Windows NT 5.1) AppleWebKit/537.19 (KHTML, like Gecko) Chrome/25.0.1323.1 Safari/537.19"
72.14.199.184 - - [18/Aug/2013:04:06:44 -0400] "GET /wordpress1/comments/feed/ HTTP/1.1" 200 3283 "-" "Feedfetcher-Google; (+http://www.google.com/feedfetcher.html; 1 subscribers; feed-id=8917805572480071123)"
88.71.81.106 - - [18/Aug/2013:05:51:07 -0400] "GET / HTTP/1.0" 301 244 "http://www.sunorbit.net/sun_wobble.htm" "Mozilla/4.0 (compatible; MSIE 6.0; Windows NT 5.0)"
209.165.175.227 - - [18/Aug/2013:10:56:10 -0400] "GET /wordpress1/wp-admin/edit-comments.php?comment_status=spam HTTP/1.1" 200 48174 "http://jodyyoung.com/wordpress1/wp-admin/edit-comments.php?comment_status=moderated&paged=1&spammed=2&ids=424,423" "Mozilla/5.0 (Windows NT 6.1; WOW64; rv:23.0) Gecko/20100101 Firefox/23.0"
66.249.75.184 - - [18/Aug/2013:15:08:12 -0400] "GET /robots.txt HTTP/1.1" 404 575 "-" "Mozilla/5.0 (compatible; Googlebot/2.1; +http://www.google.com/bot.html)"
208.115.111.69 - - [18/Aug/2013:16:55:26 -0400] "GET /shariki=539 HTTP/1.1" 404 575 "-" "Mozilla/5.0 (compatible; Ezooms/1.0; ezooms.bot@gmail.com)"
65.55.213.68 - - [18/Aug/2013:08:27:41 -0400] "GET /wordpress1/ HTTP/1.1" 200 57655 "-" "msnbot/2.0b (+http://search.msn.com/msnbot.htm)"
46.119.114.170 - - [18/Aug/2013:15:43:28 -0400] "POST /wordpress1/wp-comments-post.php HTTP/1.0" 500 4120 "http://jodyyoung.com/wordpress1/guestbook/" "Mozilla/5.0 (Windows NT 5.1; rv:14.0) Gecko/20100101 Firefox/14.0.1"
208.115.111.69 - - [18/Aug/2013:16:55:31 -0400] "GET /shariki=1711 HTTP/1.1" 404 575 "-" "Mozilla/5.0 (compatible; Ezooms/1.0; ezooms.bot@gmail.com)"
65.55.213.68 - - [18/Aug/2013:11:58:13 -0400] "GET /wordpress1/utah/ HTTP/1.1" 200 66690 "-" "msnbot/2.0b (+http://search.msn.com/msnbot.htm)"
208.115.113.85 - - [18/Aug/2013:19:03:17 -0400] "GET /shariki=2351 HTTP/1.1" 404 575 "-" "Mozilla/5.0 (compatible; Ezooms/1.0; ezooms.bot@gmail.com)"
208.115.113.85 - - [18/Aug/2013:19:03:18 -0400] "GET /wordpress1/flagallery/utah-photos/ HTTP/1.1" 200 26943 "-" "Mozilla/5.0 (compatible; Ezooms/1.0; ezooms.bot@gmail.com)"
199.30.16.0 - - [18/Aug/2013:19:08:50 -0400] "GET /311/images/motif03.jpg HTTP/1.1" 200 18763 "-" "msnbot-media/1.1 (+http://search.msn.com/msnbot.htm)"
94.27.82.121 - - [18/Aug/2013:18:31:11 -0400] "GET /wordpress1/guestbook/ HTTP/1.0" 200 59401 "http://jodyyoung.com/wordpress1/guestbook/" "Mozilla/4.0 (compatible; MSIE 7.0; Windows NT 5.1; Trident/4.0)"
142.0.139.162 - - [18/Aug/2013:18:50:39 -0400] "GET /wordpress1/guestbook/guestbook-archives/ HTTP/1.0" 200 70866 "http://jodyyoung.com/wordpress1/guestbook/guestbook-archives/#comment-304" "Mozilla/5.0 (Windows NT 6.1; WOW64; rv:15.0) Gecko/20100101 Firefox/15.0"
208.115.113.85 - - [18/Aug/2013:19:03:15 -0400] "GET /shariki=2157 HTTP/1.1" 404 575 "-" "Mozilla/5.0 (compatible; Ezooms/1.0; ezooms.bot@gmail.com)"
208.115.113.85 - - [18/Aug/2013:19:03:20 -0400] "GET /shariki=968 HTTP/1.1" 404 575 "-" "Mozilla/5.0 (compatible; Ezooms/1.0; ezooms.bot@gmail.com)"
199.30.16.0 - - [18/Aug/2013:19:08:50 -0400] "GET /robots.txt HTTP/1.1" 404 575 "-" "msnbot-media/1.1 (+http://search.msn.com/msnbot.htm)"
218.30.103.156 - - [18/Aug/2013:20:35:22 -0400] "GET /robots.txt HTTP/1.1" 404 575 "-" "Sogou web spider/4.0"
142.0.139.162 - - [18/Aug/2013:21:07:12 -0400] "GET /wordpress1/guestbook/guestbook-archives/ HTTP/1.0" 200 70866 "http://jodyyoung.com/wordpress1/guestbook/guestbook-archives/#comment-304" "Mozilla/5.0 (Windows NT 5.1) AppleWebKit/537.4 (KHTML, like Gecko) Chrome/22.0.1229.94 Safari/537.4"
66.249.75.184 - - [18/Aug/2013:07:42:45 -0400] "GET /wordpress1/wp-content/plugins/kino-event-calendar-plugin/css/main.css HTTP/1.1" 200 710 "-" "Mozilla/5.0 (compatible; Googlebot/2.1; +http://www.google.com/bot.html)"
209.165.175.227 - - [18/Aug/2013:10:55:37 -0400] "GET /wordpress1/wp-admin/images/icons32.png?ver=20121105 HTTP/1.1" 200 12989 "http://jodyyoung.com/wordpress1/wp-admin/css/colors-fresh.min.css?ver=3.5.2" "Mozilla/5.0 (Windows NT 6.1; WOW64; rv:23.0) Gecko/20100101 Firefox/23.0"
10.30.72.4 - - [18/Aug/2013:11:20:49 -0400] "POST /wordpress1/wp-cron.php?doing_wp_cron=1376839249.6929969787597656250000 HTTP/1.0" 200 - "-" "WordPress/3.5.2; http://jodyyoung.com/wordpress1"
198.100.144.204 - - [18/Aug/2013:11:27:18 -0400] "GET /connections.htm HTTP/1.0" 200 11773 "http://www.jodyyoung.com/connections.htm" "Opera/9.80 (Windows NT 5.1; Edition Yx) Presto/2.12.388 Version/12.11"
65.55.213.68 - - [18/Aug/2013:11:58:58 -0400] "GET /wordpress1/alaska/ HTTP/1.1" 200 61099 "-" "msnbot/2.0b (+http://search.msn.com/msnbot.htm)"
142.0.139.162 - - [18/Aug/2013:14:18:27 -0400] "GET /wordpress1/guestbook/guestbook-archives/ HTTP/1.0" 200 70866 "http://jodyyoung.com/wordpress1/guestbook/guestbook-archives/#comment-304" "Mozilla/5.0 (Windows NT 5.2; rv:12.0) Gecko/20100101 Firefox/12.0"
10.30.72.4 - - [18/Aug/2013:09:43:48 -0400] "POST /wordpress1/wp-cron.php?doing_wp_cron=1376833428.1104719638824462890625 HTTP/1.0" 503 323 "-" "WordPress/3.5.2; http://jodyyoung.com/wordpress1"
68.190.149.53 - - [18/Aug/2013:11:52:30 -0400] "GET /wordpress1/wp-content/plugins/kino-event-calendar-plugin/css/calendar.css HTTP/1.1" 200 10091 "http://jodyyoung.com/wordpress1/" "Mozilla/5.0 (iPhone; CPU iPhone OS 6_1_3 like Mac OS X) AppleWebKit/536.26 (KHTML, like Gecko) Version/6.0 Mobile/10B329 Safari/8536.25"
68.190.149.53 - - [18/Aug/2013:11:52:31 -0400] "GET /wordpress1/wp-content/ata-images/jyat-logo1.jpg HTTP/1.1" 200 10086 "http://jodyyoung.com/wordpress1/" "Mozilla/5.0 (iPhone; CPU iPhone OS 6_1_3 like Mac OS X) AppleWebKit/536.26 (KHTML, like Gecko) Version/6.0 Mobile/10B329 Safari/8536.25"
68.190.149.53 - - [18/Aug/2013:12:09:29 -0400] "GET /wordpress1/wp-content/plugins/kino-event-calendar-plugin/rpc.php?action=get_events&start=1374987600000&end=1378616400000&event_id=null HTTP/1.1" 200 3609 "http://jodyyoung.com/wordpress1/" "Mozilla/5.0 (iPhone; CPU iPhone OS 6_1_3 like Mac OS X) AppleWebKit/536.26 (KHTML, like Gecko) Version/6.0 Mobile/10B329 Safari/8536.25"
68.190.149.53 - - [18/Aug/2013:12:09:30 -0400] "GET /wordpress1/wp-content/themes/atahualpa/images/header/jyatHD07.jpg HTTP/1.1" 200 80690 "http://jodyyoung.com/wordpress1/" "Mozilla/5.0 (iPhone; CPU iPhone OS 6_1_3 like Mac OS X) AppleWebKit/536.26 (KHTML, like Gecko) Version/6.0 Mobile/10B329 Safari/8536.25"
72.14.199.184 - - [18/Aug/2013:14:03:24 -0400] "GET /wordpress1/comments/feed/ HTTP/1.1" 200 3283 "-" "Feedfetcher-Google; (+http://www.google.com/feedfetcher.html; 1 subscribers; feed-id=8917805572480071123)"
91.231.40.51 - - [18/Aug/2013:00:14:17 -0400] "GET / HTTP/1.0" 301 240 "http://jodyyoung.com/" "Opera/9.80 (Windows NT 6.1; WOW64; Edition Yx) Presto/2.12.388 Version/12.11"
178.168.64.194 - - [18/Aug/2013:16:17:11 -0400] "GET /wordpress1/2013/04/13/arches-canyonlands/ HTTP/1.0" 200 59806 "-" "Mozilla/4.0 (compatible; ICS)"
220.181.108.160 - - [18/Aug/2013:03:53:48 -0400] "GET /wordpress1/wp-content/plugins/kino-event-calendar-plugin/js/tools.tooltip-1.1.2.js HTTP/1.1" 200 8427 "http://jodyyoung.com/wordpress1/2013/04/13/arches-canyonlands/" "Mozilla/5.0 (X11; U; Linux x86_64; en-US; rv:1.9) Gecko Minefield/3.0"
113.212.70.212 - - [18/Aug/2013:09:53:02 -0400] "GET /wordpress1/guestbook/guestbook-archives/ HTTP/1.1" 200 70868 "http://jodyyoung.com/" "Mozilla/5.0 (compatible; MSIE 9.0; Windows NT 6.1; Trident/5.0)"
209.165.175.227 - - [18/Aug/2013:10:55:33 -0400] "GET /wordpress1/wp-content/plugins/kino-event-calendar-plugin/css/smoothness/jquery-ui-1.7.2.custom.css HTTP/1.1" 200 27480 "http://jodyyoung.com/wordpress1/wp-admin/edit-comments.php?comment_status=moderated" "Mozilla/5.0 (Windows NT 6.1; WOW64; rv:23.0) Gecko/20100101 Firefox/23.0"
46.119.114.170 - - [18/Aug/2013:15:43:24 -0400] "GET /wordpress1/guestbook/ HTTP/1.0" 200 59405 "http://jodyyoung.com/wordpress1/guestbook/" "Mozilla/5.0 (Windows NT 5.1; rv:14.0) Gecko/20100101 Firefox/14.0.1"
113.212.70.212 - - [18/Aug/2013:18:27:25 -0400] "GET /wordpress1/guestbook/guestbook-archives/ HTTP/1.1" 200 70868 "http://jodyyoung.com/" "Mozilla/5.0 (Macintosh; Intel Mac OS X 10_7_5) AppleWebKit/536.30.1 (KHTML, like Gecko) Version/6.0.5 Safari/536.30.1"
66.249.75.184 - - [18/Aug/2013:19:13:20 -0400] "GET /wordpress1/colorado/ HTTP/1.1" 200 61954 "-" "SAMSUNG-SGH-E250/1.0 Profile/MIDP-2.0 Configuration/CLDC-1.1 UP.Browser/6.2.3.3.c.1.101 (GUI) MMP/2.0 (compatible; Googlebot-Mobile/2.1; +http://www.google.com/bot.html)"
91.239.15.82 - - [18/Aug/2013:03:38:12 -0400] "GET /wordpress1/guestbook/ HTTP/1.0" 200 59401 "http://jodyyoung.com/wordpress1/guestbook/" "Mozilla/5.0 (Windows NT 5.1) AppleWebKit/537.19 (KHTML, like Gecko) Chrome/25.0.1323.1 Safari/537.19"
199.30.16.21 - - [18/Aug/2013:05:32:14 -0400] "GET /images/AOlogo.jpg HTTP/1.1" 200 20151 "-" "msnbot-media/1.1 (+http://search.msn.com/msnbot.htm)"
36.248.124.27 - - [18/Aug/2013:08:23:57 -0400] "GET /guestbook.html HTTP/1.0" 200 8916 "http://www.jodyyoung.com/guestbook.html" "Opera/9.80 (Windows NT 6.1; WOW64; Edition Yx) Presto/2.12.388 Version/12.11"
65.55.213.68 - - [18/Aug/2013:08:27:37 -0400] "GET /wordpress1/ HTTP/1.1" 301 - "-" "msnbot/2.0b (+http://search.msn.com/msnbot.htm)"
142.0.139.162 - - [18/Aug/2013:14:22:01 -0400] "GET /wordpress1/wp-login.php HTTP/1.0" 200 2779 "http://jodyyoung.com/wordpress1/wp-login.php" "Mozilla/5.0 (Windows NT 5.2; rv:12.0) Gecko/20100101 Firefox/12.0"
209.165.175.227 - - [18/Aug/2013:10:55:25 -0400] "GET /wordpress1/wp-admin/images/wordpress-logo.png?ver=20120216 HTTP/1.1" 200 2480 "http://jodyyoung.com/wordpress1/wp-admin/css/wp-admin.min.css?ver=3.5.2" "Mozilla/5.0 (Windows NT 6.1; WOW64; rv:23.0) Gecko/20100101 Firefox/23.0"
209.165.175.227 - - [18/Aug/2013:10:55:25 -0400] "GET /favicon.ico HTTP/1.1" 404 575 "-" "Mozilla/5.0 (Windows NT 6.1; WOW64; rv:23.0) Gecko/20100101 Firefox/23.0"
209.165.175.227 - - [18/Aug/2013:10:55:25 -0400] "GET /favicon.ico HTTP/1.1" 404 575 "-" "Mozilla/5.0 (Windows NT 6.1; WOW64; rv:23.0) Gecko/20100101 Firefox/23.0"
209.165.175.227 - - [18/Aug/2013:10:55:25 -0400] "GET /favicon.ico HTTP/1.1" 404 575 "-" "Mozilla/5.0 (Windows NT 6.1; WOW64; rv:23.0) Gecko/20100101 Firefox/23.0"
209.165.175.227 - - [18/Aug/2013:10:55:28 -0400] "POST /wordpress1/wp-login.php HTTP/1.1" 302 - "http://jodyyoung.com/wordpress1/wp-login.php?redirect_to=http%3A%2F%2Fjodyyoung.com%2Fwordpress1%2Fwp-admin%2Fedit-comments.php%3Fcomment_status%3Dmoderated&reauth=1" "Mozilla/5.0 (Windows NT 6.1; WOW64; rv:23.0) Gecko/20100101 Firefox/23.0"
209.165.175.227 - - [18/Aug/2013:10:55:31 -0400] "GET /wordpress1/wp-admin/edit-comments.php?comment_status=moderated HTTP/1.1" 200 49289 "http://jodyyoung.com/wordpress1/wp-login.php?redirect_to=http%3A%2F%2Fjodyyoung.com%2Fwordpress1%2Fwp-admin%2Fedit-comments.php%3Fcomment_status%3Dmoderated&reauth=1" "Mozilla/5.0 (Windows NT 6.1; WOW64; rv:23.0) Gecko/20100101 Firefox/23.0"
209.165.175.227 - - [18/Aug/2013:10:55:33 -0400] "GET /wordpress1/wp-content/plugins/kino-event-calendar-plugin/colorpicker/css/colorpicker.css HTTP/1.1" 200 3230 "http://jodyyoung.com/wordpress1/wp-admin/edit-comments.php?comment_status=moderated" "Mozilla/5.0 (Windows NT 6.1; WOW64; rv:23.0) Gecko/20100101 Firefox/23.0"
10.30.72.4 - - [18/Aug/2013:10:56:30 -0400] "POST /wordpress1/wp-cron.php?doing_wp_cron=1376837790.2657639980316162109375 HTTP/1.0" 200 - "-" "WordPress/3.5.2; http://jodyyoung.com/wordpress1"
65.55.213.68 - - [18/Aug/2013:11:59:06 -0400] "GET /wordpress1/feed/ HTTP/1.1" 200 8101 "-" "msnbot/2.0b (+http://search.msn.com/msnbot.htm)"
46.119.114.170 - - [18/Aug/2013:18:58:27 -0400] "GET /wordpress1/guestbook/ HTTP/1.0" 200 59405 "http://jodyyoung.com/wordpress1/guestbook/" "Mozilla/5.0 (Windows NT 6.1; rv:17.0) Gecko/20100101 Firefox/17.0"
65.55.215.54 - - [18/Aug/2013:20:14:15 -0400] "GET /wordpress1/wp-content/flagallery/jodys-world/p9280209ao.jpg HTTP/1.1" 200 313958 "-" "msnbot-media/1.1 (+http://search.msn.com/msnbot.htm)"
218.30.103.156 - - [18/Aug/2013:21:02:46 -0400] "GET / HTTP/1.1" 301 244 "-" "Sogou web spider/4.0(+http://www.sogou.com/docs/help/webmasters.htm#07)"
24.8.111.104 - - [18/Aug/2013:23:04:41 -0400] "GET /wordpress1/wp-content/uploads/2011/11/P1150023aos.jpg HTTP/1.1" 200 26889 "-" "Mozilla/5.0 (iPad; CPU OS 6_1 like Mac OS X) AppleWebKit/536.26 (KHTML, like Gecko) Version/6.0 Mobile/10B141 Safari/8536.25"
209.165.175.227 - - [18/Aug/2013:10:55:33 -0400] "GET /wordpress1/wp-content/plugins/kino-event-calendar-plugin/js/admin.js HTTP/1.1" 200 3532 "http://jodyyoung.com/wordpress1/wp-admin/edit-comments.php?comment_status=moderated" "Mozilla/5.0 (Windows NT 6.1; WOW64; rv:23.0) Gecko/20100101 Firefox/23.0"
209.165.175.227 - - [18/Aug/2013:10:56:00 -0400] "GET /wordpress1/wp-admin/edit-comments.php?s=&comment_status=moderated&pagegen_timestamp=2013-08-18+14%3A55%3A32&_total=2&_per_page=20&_page=1&_ajax_fetch_list_nonce=eed2762ceb&_wp_http_referer=%2Fwordpress1%2Fwp-admin%2Fedit-comments.php%3Fcomment_status%3Dmoderated&_wpnonce=4cc49f9fef&_wp_http_referer=%2Fwordpress1%2Fwp-admin%2Fedit-comments.php%3Fcomment_status%3Dmoderated&action=spam&comment_type=&paged=1&delete_comments%5B%5D=424&delete_comments%5B%5D=423&action2=-1 HTTP/1.1" 302 - "http://jodyyoung.com/wordpress1/wp-admin/edit-comments.php?comment_status=moderated" "Mozilla/5.0 (Windows NT 6.1; WOW64; rv:23.0) Gecko/20100101 Firefox/23.0"
209.165.175.227 - - [18/Aug/2013:10:56:01 -0400] "GET /wordpress1/wp-admin/edit-comments.php?comment_status=moderated&paged=1&spammed=2&ids=424,423 HTTP/1.1" 200 41712 "http://jodyyoung.com/wordpress1/wp-admin/edit-comments.php?comment_status=moderated" "Mozilla/5.0 (Windows NT 6.1; WOW64; rv:23.0) Gecko/20100101 Firefox/23.0"
142.0.139.162 - - [18/Aug/2013:16:53:10 -0400] "GET /wordpress1/guestbook/guestbook-archives/ HTTP/1.0" 200 70866 "http://jodyyoung.com/wordpress1/guestbook/guestbook-archives/#comment-304" "Mozilla/5.0 (Windows NT 5.2; rv:17.0) Gecko/20100101 Firefox/17.0"
199.30.16.121 - - [18/Aug/2013:18:02:58 -0400] "GET /wordpress1/gallery/ HTTP/1.1" 200 83262 "-" "Mozilla/5.0 (Windows NT 6.1; WOW64) AppleWebKit/534+ (KHTML, like Gecko) BingPreview/1.0b"
208.115.111.69 - - [18/Aug/2013:21:02:23 -0400] "GET /shariki=2331 HTTP/1.1" 404 575 "-" "Mozilla/5.0 (compatible; Ezooms/1.0; ezooms.bot@gmail.com)"
66.249.75.184 - - [18/Aug/2013:00:22:56 -0400] "GET /wordpress1/wp-content/plugins/flash-album-gallery/admin/js/flagscroll.js HTTP/1.1" 200 955 "-" "Mozilla/5.0 (compatible; Googlebot/2.1; +http://www.google.com/bot.html)"
209.165.175.227 - - [18/Aug/2013:10:55:33 -0400] "GET /wordpress1/wp-content/plugins/wp-notes-remover/css/main.css?ver=0.1 HTTP/1.1" 200 839 "http://jodyyoung.com/wordpress1/wp-admin/edit-comments.php?comment_status=moderated" "Mozilla/5.0 (Windows NT 6.1; WOW64; rv:23.0) Gecko/20100101 Firefox/23.0"
209.165.175.227 - - [18/Aug/2013:10:55:33 -0400] "GET /wordpress1/wp-admin/load-styles.php?c=1&dir=ltr&load=wp-jquery-ui-dialog&ver=3.5.2 HTTP/1.1" 200 1083 "http://jodyyoung.com/wordpress1/wp-admin/edit-comments.php?comment_status=moderated" "Mozilla/5.0 (Windows NT 6.1; WOW64; rv:23.0) Gecko/20100101 Firefox/23.0"
209.165.175.227 - - [18/Aug/2013:10:55:36 -0400] "GET /wordpress1/wp-content/plugins/flash-album-gallery/admin/images/flag.png HTTP/1.1" 200 718 "http://jodyyoung.com/wordpress1/wp-admin/edit-comments.php?comment_status=moderated" "Mozilla/5.0 (Windows NT 6.1; WOW64; rv:23.0) Gecko/20100101 Firefox/23.0"
209.165.175.227 - - [18/Aug/2013:10:55:37 -0400] "GET /wordpress1/wp-admin/images/menu.png?ver=20121105 HTTP/1.1" 200 9165 "http://jodyyoung.com/wordpress1/wp-admin/css/colors-fresh.min.css?ver=3.5.2" "Mozilla/5.0 (Windows NT 6.1; WOW64; rv:23.0) Gecko/20100101 Firefox/23.0"
209.165.175.227 - - [18/Aug/2013:10:56:43 -0400] "GET /wordpress1/wp-content/plugins/flash-album-gallery/admin/js/swfobject.js?ver=2.2 HTTP/1.1" 304 - "http://jodyyoung.com/wordpress1/wp-login.php?loggedout=true" "Mozilla/5.0 (Windows NT 6.1; WOW64; rv:23.0) Gecko/20100101 Firefox/23.0"
94.27.82.121 - - [18/Aug/2013:18:30:59 -0400] "GET /wordpress1/ HTTP/1.0" 301 - "http://www.jodyyoung.com/wordpress1/" "Mozilla/4.0 (compatible; MSIE 7.0; Windows NT 5.1; Trident/4.0)"
46.119.114.170 - - [18/Aug/2013:18:58:30 -0400] "POST /wordpress1/wp-comments-post.php HTTP/1.0" 500 4120 "http://jodyyoung.com/wordpress1/guestbook/" "Mozilla/5.0 (Windows NT 6.1; rv:17.0) Gecko/20100101 Firefox/17.0"
157.55.34.98 - - [18/Aug/2013:22:43:22 -0400] "GET /robots.txt HTTP/1.1" 404 575 "-" "Mozilla/5.0 (compatible; bingbot/2.0; +http://www.bing.com/bingbot.htm)"
220.181.108.119 - - [18/Aug/2013:03:53:56 -0400] "GET /wordpress1/2013/05/09/more-desert-fun/ HTTP/1.1" 200 59699 "http://jodyyoung.com/wordpress1/2013/04/13/arches-canyonlands/" "Mozilla/5.0 (X11; U; Linux x86_64; en-US; rv:1.9) Gecko Minefield/3.0"
216.152.251.19 - - [18/Aug/2013:00:01:11 -0400] "GET /wordpress1/guestbook/ HTTP/1.0" 200 59405 "http://jodyyoung.com/wordpress1/guestbook/" "Opera/9.80 (Windows NT 5.1; U; ru) Presto/2.10.289 Version/12.00"
66.249.75.184 - - [18/Aug/2013:07:42:44 -0400] "GET /wordpress1/wp-content/plugins/kino-event-calendar-plugin/css/calendar.css HTTP/1.1" 200 10091 "-" "Mozilla/5.0 (compatible; Googlebot/2.1; +http://www.google.com/bot.html)"
209.165.175.227 - - [18/Aug/2013:10:56:02 -0400] "GET /wordpress1/wp-content/plugins/preserved-html-editor-markup/admin.js?v=1.5&ver=3.5.2 HTTP/1.1" 304 - "http://jodyyoung.com/wordpress1/wp-admin/edit-comments.php?comment_status=moderated&paged=1&spammed=2&ids=424,423" "Mozilla/5.0 (Windows NT 6.1; WOW64; rv:23.0) Gecko/20100101 Firefox/23.0"
208.115.113.85 - - [18/Aug/2013:23:21:58 -0400] "GET /shariki=483 HTTP/1.1" 404 575 "-" "Mozilla/5.0 (compatible; Ezooms/1.0; ezooms.bot@gmail.com)"
198.50.154.83 - - [18/Aug/2013:00:59:45 -0400] "GET / HTTP/1.0" 301 240 "http://jodyyoung.com/" "Mozilla/5.0 (Windows NT 6.1; rv:9.0.1) Gecko/20100101 Firefox/9.0.1"
122.108.137.124 - - [18/Aug/2013:06:24:27 -0400] "GET /wordpress1/flagallery/colorado-scenes/ HTTP/1.1" 200 12454 "https://www.google.com.au/" "Mozilla/5.0 (Windows NT 6.1; WOW64) AppleWebKit/537.36 (KHTML, like Gecko) Chrome/28.0.1500.95 Safari/537.36"
122.108.137.124 - - [18/Aug/2013:06:24:30 -0400] "GET /wordpress1/wp-content/plugins/flash-album-gallery/admin/js/jquery.js HTTP/1.1" 200 91363 "http://jodyyoung.com/wordpress1/flagallery/colorado-scenes/" "Mozilla/5.0 (Windows NT 6.1; WOW64) AppleWebKit/537.36 (KHTML, like Gecko) Chrome/28.0.1500.95 Safari/537.36"
122.108.137.124 - - [18/Aug/2013:06:24:31 -0400] "GET /wordpress1/wp-content/plugins/flash-album-gallery/admin/js/flagscroll.js HTTP/1.1" 200 955 "http://jodyyoung.com/wordpress1/flagallery/colorado-scenes/" "Mozilla/5.0 (Windows NT 6.1; WOW64) AppleWebKit/537.36 (KHTML, like Gecko) Chrome/28.0.1500.95 Safari/537.36"
122.108.137.124 - - [18/Aug/2013:06:24:32 -0400] "GET /favicon.ico HTTP/1.1" 404 575 "-" "Mozilla/5.0 (Windows NT 6.1; WOW64) AppleWebKit/537.36 (KHTML, like Gecko) Chrome/28.0.1500.95 Safari/537.36"
209.165.175.227 - - [18/Aug/2013:10:55:37 -0400] "GET /wordpress1/wp-includes/images/admin-bar-sprite.png?d=20120830 HTTP/1.1" 200 2470 "http://jodyyoung.com/wordpress1/wp-admin/load-styles.php?c=1&dir=ltr&load=admin-bar,wp-admin,buttons&ver=3.5.2" "Mozilla/5.0 (Windows NT 6.1; WOW64; rv:23.0) Gecko/20100101 Firefox/23.0"
209.165.175.227 - - [18/Aug/2013:10:56:02 -0400] "GET /wordpress1/wp-includes/css/editor.min.css?ver=3.5.2 HTTP/1.1" 304 - "http://jodyyoung.com/wordpress1/wp-admin/edit-comments.php?comment_status=moderated&paged=1&spammed=2&ids=424,423" "Mozilla/5.0 (Windows NT 6.1; WOW64; rv:23.0) Gecko/20100101 Firefox/23.0"
65.55.213.68 - - [18/Aug/2013:11:58:41 -0400] "GET /wordpress1/contact/ HTTP/1.1" 200 59663 "-" "msnbot/2.0b (+http://search.msn.com/msnbot.htm)"
10.30.72.4 - - [18/Aug/2013:16:43:22 -0400] "POST /wordpress1/wp-cron.php?doing_wp_cron=1376858601.9844141006469726562500 HTTP/1.0" 200 - "-" "WordPress/3.5.2; http://jodyyoung.com/wordpress1"
208.115.111.69 - - [18/Aug/2013:16:55:27 -0400] "GET /shariki=598 HTTP/1.1" 404 575 "-" "Mozilla/5.0 (compatible; Ezooms/1.0; ezooms.bot@gmail.com)"
175.44.19.216 - - [18/Aug/2013:20:50:28 -0400] "GET /guestbook.html HTTP/1.0" 200 8916 "http://www.jodyyoung.com/guestbook.html" "Mozilla/5.0 (Windows NT 6.1; WOW64; rv:15.0) Gecko/20100101 Firefox/15.0"
50.37.234.3 - - [18/Aug/2013:22:45:05 -0400] "GET /wordpress1/wp-content/flagallery/jodys-world/pa160020ao.jpg HTTP/1.1" 200 392638 "-" "Mozilla/5.0 (compatible; MSIE 10.0; Windows NT 6.1; WOW64; Trident/6.0)"
208.115.113.85 - - [18/Aug/2013:23:22:00 -0400] "GET /shariki=685 HTTP/1.1" 404 575 "-" "Mozilla/5.0 (compatible; Ezooms/1.0; ezooms.bot@gmail.com)"
208.115.113.85 - - [18/Aug/2013:19:03:16 -0400] "GET /shariki=2277 HTTP/1.1" 404 575 "-" "Mozilla/5.0 (compatible; Ezooms/1.0; ezooms.bot@gmail.com)"
208.114.72.124 - - [18/Aug/2013:19:22:34 -0400] "GET /wordpress1/wp-content/flagallery/alaska-photos/p8240215ao.jpg HTTP/1.1" 200 396551 "-" "Mozilla/5.0 (compatible; MSIE 10.0; Windows NT 6.2; WOW64; Trident/6.0; ASU2JS)"
208.115.111.69 - - [18/Aug/2013:16:55:32 -0400] "GET /shariki=194 HTTP/1.1" 404 575 "-" "Mozilla/5.0 (compatible; Ezooms/1.0; ezooms.bot@gmail.com)"
5.9.251.133 - - [18/Aug/2013:09:43:46 -0400] "GET /wordpress1/guestbook/ HTTP/1.1" 200 59399 "-" "Mozilla/5.0 (X11; Linux i686) AppleWebKit/537.36 (KHTML, like Gecko) Ubuntu Chromium/28.0.1500.52 Chrome/28.0.1500.52 Safari/537.36"
94.23.148.139 - - [18/Aug/2013:13:11:12 -0400] "GET /wordpress1/guestbook/guestbook-archives/ HTTP/1.1" 200 70866 "-" "Mozilla/5.0 (Windows NT 6.1; rv:22.0) Gecko/20100101 Firefox/22.0"
142.0.139.162 - - [18/Aug/2013:14:24:20 -0400] "GET /wordpress1/guestbook/guestbook-archives/ HTTP/1.0" 200 70866 "http://jodyyoung.com/wordpress1/guestbook/guestbook-archives/#comment-304" "Mozilla/5.0 (Windows NT 6.1) AppleWebKit/534.57.2 (KHTML, like Gecko) Version/5.1.7 Safari/534.57.2"
142.0.139.162 - - [18/Aug/2013:14:25:03 -0400] "GET /wordpress1/guestbook/guestbook-archives/ HTTP/1.0" 200 70922 "http://jodyyoung.com/wordpress1/guestbook/guestbook-archives/#comment-425" "Mozilla/5.0 (Windows NT 6.1) AppleWebKit/534.57.2 (KHTML, like Gecko) Version/5.1.7 Safari/534.57.2"
123.125.71.34 - - [18/Aug/2013:03:53:25 -0400] "GET /wordpress1/2013/04/13/arches-canyonlands/ HTTP/1.1" 200 59164 "-" "Mozilla/5.0 (compatible; Baiduspider/2.0; +http://www.baidu.com/search/spider.html)"
217.12.204.5 - - [18/Aug/2013:04:24:35 -0400] "GET /wordpress1/ HTTP/1.0" 200 58293 "http://jodyyoung.com/wordpress1/" "Mozilla/5.0 (Windows NT 6.0; rv:16.0) Gecko/20100101 Firefox/16.0"
199.30.16.121 - - [18/Aug/2013:18:03:02 -0400] "GET /wordpress1/wp-content/themes/atahualpa/js/DD_roundies.js?ver=0.0.2a HTTP/1.1" 200 16853 "http://jodyyoung.com/wordpress1/gallery/" "Mozilla/5.0 (Windows NT 6.1; WOW64) AppleWebKit/534+ (KHTML, like Gecko) BingPreview/1.0b"
94.27.82.121 - - [18/Aug/2013:18:31:01 -0400] "GET /wordpress1/ HTTP/1.0" 200 58293 "http://jodyyoung.com/wordpress1/" "Mozilla/4.0 (compatible; MSIE 7.0; Windows NT 5.1; Trident/4.0)"
199.30.20.120 - - [18/Aug/2013:19:30:10 -0400] "GET /robots.txt HTTP/1.1" 404 575 "-" "msnbot-media/1.1 (+http://search.msn.com/msnbot.htm)"
208.115.111.69 - - [18/Aug/2013:21:02:26 -0400] "GET /shariki=1829 HTTP/1.1" 404 575 "-" "Mozilla/5.0 (compatible; Ezooms/1.0; ezooms.bot@gmail.com)"
208.115.113.85 - - [18/Aug/2013:23:22:02 -0400] "GET /shariki=670 HTTP/1.1" 404 575 "-" "Mozilla/5.0 (compatible; Ezooms/1.0; ezooms.bot@gmail.com)"
100.43.83.155 - - [18/Aug/2013:14:36:47 -0400] "GET /aboutjody.html HTTP/1.1" 200 17089 "-" "Mozilla/5.0 (compatible; YandexBot/3.0; +http://yandex.com/bots)"
209.165.175.227 - - [18/Aug/2013:10:55:21 -0400] "GET /wordpress1/wp-content/plugins/flash-album-gallery/admin/js/swfaddress.js?ver=2.4 HTTP/1.1" 200 15916 "http://jodyyoung.com/wordpress1/wp-login.php?redirect_to=http%3A%2F%2Fjodyyoung.com%2Fwordpress1%2Fwp-admin%2Fedit-comments.php%3Fcomment_status%3Dmoderated&reauth=1" "Mozilla/5.0 (Windows NT 6.1; WOW64; rv:23.0) Gecko/20100101 Firefox/23.0"
209.165.175.227 - - [18/Aug/2013:10:55:37 -0400] "GET /wordpress1/wp-admin/images/arrows.png HTTP/1.1" 200 243 "http://jodyyoung.com/wordpress1/wp-admin/css/colors-fresh.min.css?ver=3.5.2" "Mozilla/5.0 (Windows NT 6.1; WOW64; rv:23.0) Gecko/20100101 Firefox/23.0"
222.155.178.130 - - [18/Aug/2013:21:45:23 -0400] "GET /wordpress1/wp-content/flagallery/alaska-photos/p8240215ao.jpg HTTP/1.1" 200 396551 "-" "Mozilla/5.0 (compatible; MSIE 10.0; Windows NT 6.1; WOW64; Trident/6.0)"
99.7.190.88 - - [18/Aug/2013:23:57:54 -0400] "GET /wordpress1/wp-content/flagallery/utah-photos/pa140071ao.jpg HTTP/1.1" 200 331170 "https://www.google.com/" "Mozilla/5.0 (iPhone; CPU iPhone OS 6_1_4 like Mac OS X) AppleWebKit/536.26 (KHTML, like Gecko) Version/6.0 Mobile/10B350 Safari/8536.25"
68.190.149.53 - - [18/Aug/2013:11:52:30 -0400] "GET /wordpress1/wp-includes/js/jquery/jquery.js?ver=1.8.3 HTTP/1.1" 200 93658 "http://jodyyoung.com/wordpress1/" "Mozilla/5.0 (iPhone; CPU iPhone OS 6_1_3 like Mac OS X) AppleWebKit/536.26 (KHTML, like Gecko) Version/6.0 Mobile/10B329 Safari/8536.25"
68.190.149.53 - - [18/Aug/2013:11:52:30 -0400] "GET /wordpress1/wp-content/plugins/kino-event-calendar-plugin/js/calendar.js HTTP/1.1" 200 79688 "http://jodyyoung.com/wordpress1/" "Mozilla/5.0 (iPhone; CPU iPhone OS 6_1_3 like Mac OS X) AppleWebKit/536.26 (KHTML, like Gecko) Version/6.0 Mobile/10B329 Safari/8536.25"
68.190.149.53 - - [18/Aug/2013:11:52:31 -0400] "GET /wordpress1/wp-content/uploads/2011/11/JYATlogo.jpg HTTP/1.1" 200 14807 "http://jodyyoung.com/wordpress1/" "Mozilla/5.0 (iPhone; CPU iPhone OS 6_1_3 like Mac OS X) AppleWebKit/536.26 (KHTML, like Gecko) Version/6.0 Mobile/10B329 Safari/8536.25"
68.190.149.53 - - [18/Aug/2013:11:52:32 -0400] "GET /wordpress1/wp-content/themes/atahualpa/images/rss-gray.png HTTP/1.1" 200 379 "http://jodyyoung.com/wordpress1/" "Mozilla/5.0 (iPhone; CPU iPhone OS 6_1_3 like Mac OS X) AppleWebKit/536.26 (KHTML, like Gecko) Version/6.0 Mobile/10B329 Safari/8536.25"
72.14.199.184 - - [18/Aug/2013:17:05:29 -0400] "GET /wordpress1/comments/feed/ HTTP/1.1" 200 3283 "-" "Feedfetcher-Google; (+http://www.google.com/feedfetcher.html; 1 subscribers; feed-id=8917805572480071123)"
208.115.113.85 - - [18/Aug/2013:19:03:00 -0400] "GET /shariki=1905 HTTP/1.1" 404 575 "-" "Mozilla/5.0 (compatible; Ezooms/1.0; ezooms.bot@gmail.com)"
220.181.108.93 - - [18/Aug/2013:03:53:43 -0400] "GET /wordpress1/wp-content/plugins/kino-event-calendar-plugin/js/jquery-ui-1.7.2.custom.min.js HTTP/1.1" 200 107835 "http://jodyyoung.com/wordpress1/2013/04/13/arches-canyonlands/" "Mozilla/5.0 (X11; U; Linux x86_64; en-US; rv:1.9) Gecko Minefield/3.0"
68.205.54.169 - - [18/Aug/2013:06:15:34 -0400] "GET /wordpress1/guestbook/guestbook-archives/ HTTP/1.1" 200 70866 "http://jodyyoung.com/" "Mozilla/5.0 (Macintosh; Intel Mac OS X 10.7; rv:22.0) Gecko/20100101 Firefox/22.0"
122.108.137.124 - - [18/Aug/2013:06:24:37 -0400] "GET /wordpress1/wp-content/flagallery/colorado-photos/thumbs/thumbs_20110519_45ao.jpg HTTP/1.1" 200 14715 "http://jodyyoung.com/wordpress1/flagallery/colorado-scenes/" "Mozilla/5.0 (Windows NT 6.1; WOW64) AppleWebKit/537.36 (KHTML, like Gecko) Chrome/28.0.1500.95 Safari/537.36"
66.249.75.184 - - [18/Aug/2013:07:37:53 -0400] "GET /robots.txt HTTP/1.1" 404 575 "-" "Mozilla/5.0 (compatible; Googlebot/2.1; +http://www.google.com/bot.html)"
142.0.139.162 - - [18/Aug/2013:14:22:04 -0400] "POST /wordpress1/wp-login.php HTTP/1.0" 200 3683 "http://jodyyoung.com/wordpress1/wp-login.php" "Mozilla/5.0 (Windows NT 5.2; rv:12.0) Gecko/20100101 Firefox/12.0"
113.212.70.212 - - [18/Aug/2013:14:59:17 -0400] "GET /wordpress1/guestbook/guestbook-archives/ HTTP/1.1" 200 70868 "http://jodyyoung.com/" "Mozilla/5.0 (Windows NT 6.1; rv:22.0) Gecko/20100101 Firefox/22.0"
66.249.75.184 - - [18/Aug/2013:20:16:14 -0400] "GET /wordpress1/2012/10/25/new-web-site/ HTTP/1.1" 200 60773 "-" "Mozilla/5.0 (iPhone; U; CPU iPhone OS 4_1 like Mac OS X; en-us) AppleWebKit/532.9 (KHTML, like Gecko) Version/4.0.5 Mobile/8B117 Safari/6531.22.7 (compatible; Googlebot-Mobile/2.1; +http://www.google.com/bot.html)"
117.27.138.148 - - [18/Aug/2013:09:09:40 -0400] "GET /wordpress1/guestbook/ HTTP/1.0" 200 59405 "http://jodyyoung.com/wordpress1/guestbook/" "Mozilla/5.0 (Windows NT 6.1; rv:13.0) Gecko/20100101 Firefox/13.0.1"
68.190.149.53 - - [18/Aug/2013:11:52:25 -0400] "GET / HTTP/1.1" 301 244 "-" "Mozilla/5.0 (iPhone; CPU iPhone OS 6_1_3 like Mac OS X) AppleWebKit/536.26 (KHTML, like Gecko) Version/6.0 Mobile/10B329 Safari/8536.25"
68.190.149.53 - - [18/Aug/2013:11:52:25 -0400] "GET /wordpress1/ HTTP/1.1" 301 - "-" "Mozilla/5.0 (iPhone; CPU iPhone OS 6_1_3 like Mac OS X) AppleWebKit/536.26 (KHTML, like Gecko) Version/6.0 Mobile/10B329 Safari/8536.25"
216.152.251.19 - - [18/Aug/2013:00:01:14 -0400] "POST /wordpress1/wp-comments-post.php HTTP/1.0" 500 4120 "http://jodyyoung.com/wordpress1/guestbook/" "Opera/9.80 (Windows NT 5.1; U; ru) Presto/2.10.289 Version/12.00"
46.165.197.142 - - [18/Aug/2013:02:28:54 -0400] "GET /wordpress1/ HTTP/1.0" 301 - "-" "Mozilla/5.0 (compatible; MJ12bot/v1.4.3; http://www.majestic12.co.uk/bot.php?+)"
208.115.113.85 - - [18/Aug/2013:23:21:52 -0400] "GET /shariki=1308?3e3ea140 HTTP/1.1" 404 575 "-" "Mozilla/5.0 (compatible; Ezooms/1.0; ezooms.bot@gmail.com)"
208.115.111.69 - - [18/Aug/2013:16:55:30 -0400] "GET /shariki=1418 HTTP/1.1" 404 575 "-" "Mozilla/5.0 (compatible; Ezooms/1.0; ezooms.bot@gmail.com)"
10.30.72.4 - - [18/Aug/2013:00:30:06 -0400] "POST /wordpress1/wp-cron.php?doing_wp_cron=1376800205.8946969509124755859375 HTTP/1.0" 200 - "-" "WordPress/3.5.2; http://jodyyoung.com/wordpress1"
10.30.72.4 - - [18/Aug/2013:02:19:29 -0400] "POST /wordpress1/wp-cron.php?doing_wp_cron=1376806769.4379489421844482421875 HTTP/1.0" 200 - "-" "WordPress/3.5.2; http://jodyyoung.com/wordpress1"
10.30.72.4 - - [18/Aug/2013:07:37:55 -0400] "POST /wordpress1/wp-cron.php?doing_wp_cron=1376825875.4289400577545166015625 HTTP/1.0" 200 - "-" "WordPress/3.5.2; http://jodyyoung.com/wordpress1"
10.30.72.4 - - [18/Aug/2013:08:27:39 -0400] "POST /wordpress1/wp-cron.php?doing_wp_cron=1376828859.5234611034393310546875 HTTP/1.0" 200 - "-" "WordPress/3.5.2; http://jodyyoung.com/wordpress1"
157.55.32.75 - - [18/Aug/2013:12:19:16 -0400] "GET / HTTP/1.1" 301 240 "-" "Mozilla/5.0 (compatible; bingbot/2.0; +http://www.bing.com/bingbot.htm)"
75.177.188.190 - - [18/Aug/2013:13:29:30 -0400] "GET /wordpress1/wp-content/flagallery/alaska-photos/p8270358ao.jpg HTTP/1.1" 200 278299 "-" "Mozilla/5.0 (iPad; CPU OS 6_1_3 like Mac OS X) AppleWebKit/536.26 (KHTML, like Gecko) Version/6.0 Mobile/10B329 Safari/8536.25"
5.9.251.133 - - [18/Aug/2013:14:47:31 -0400] "GET /wordpress1/guestbook/ HTTP/1.1" 200 59399 "-" "Mozilla/5.0 (Windows NT 6.2; WOW64; rv:22.0) Gecko/20100101 Firefox/22.0"
68.190.149.53 - - [18/Aug/2013:11:52:30 -0400] "GET /wordpress1/wp-content/plugins/flash-album-gallery/admin/js/swfaddress.js?ver=2.4 HTTP/1.1" 200 15916 "http://jodyyoung.com/wordpress1/" "Mozilla/5.0 (iPhone; CPU iPhone OS 6_1_3 like Mac OS X) AppleWebKit/536.26 (KHTML, like Gecko) Version/6.0 Mobile/10B329 Safari/8536.25"
68.190.149.53 - - [18/Aug/2013:11:52:30 -0400] "GET /wordpress1/wp-content/plugins/kino-event-calendar-plugin/css/main.css HTTP/1.1" 200 710 "http://jodyyoung.com/wordpress1/" "Mozilla/5.0 (iPhone; CPU iPhone OS 6_1_3 like Mac OS X) AppleWebKit/536.26 (KHTML, like Gecko) Version/6.0 Mobile/10B329 Safari/8536.25"
68.190.149.53 - - [18/Aug/2013:11:52:32 -0400] "GET /wordpress1/wp-content/themes/atahualpa/images/header/jyatHD04.jpg HTTP/1.1" 200 62774 "http://jodyyoung.com/wordpress1/" "Mozilla/5.0 (iPhone; CPU iPhone OS 6_1_3 like Mac OS X) AppleWebKit/536.26 (KHTML, like Gecko) Version/6.0 Mobile/10B329 Safari/8536.25"
68.190.149.53 - - [18/Aug/2013:11:52:33 -0400] "GET /wordpress1/wp-content/plugins/kino-event-calendar-plugin/images/tooltip-bg.png HTTP/1.1" 200 453 "http://jodyyoung.com/wordpress1/" "Mozilla/5.0 (iPhone; CPU iPhone OS 6_1_3 like Mac OS X) AppleWebKit/536.26 (KHTML, like Gecko) Version/6.0 Mobile/10B329 Safari/8536.25"
65.55.213.68 - - [18/Aug/2013:11:58:33 -0400] "GET /wordpress1/2013/05/09/more-desert-fun/ HTTP/1.1" 200 59055 "-" "msnbot/2.0b (+http://search.msn.com/msnbot.htm)"
10.30.72.4 - - [18/Aug/2013:23:32:04 -0400] "POST /wordpress1/wp-cron.php?doing_wp_cron=1376883124.7296409606933593750000 HTTP/1.0" 200 - "-" "WordPress/3.5.2; http://jodyyoung.com/wordpress1"
46.165.197.142 - - [18/Aug/2013:02:28:53 -0400] "GET / HTTP/1.0" 301 244 "-" "Mozilla/5.0 (compatible; MJ12bot/v1.4.3; http://www.majestic12.co.uk/bot.php?+)"
