0byt3m1n1
Path:
/
data
/
0
/
0
/
69
/
144
/
69470
/
meta
/
70706
/
logs
/
[
Home
]
File: x-access_log.2013-08-19
79.78.242.248 - - [19/Aug/2013:14:05:49 -0400] "GET /wordpress1/wp-content/themes/atahualpa/images/expand-down.gif HTTP/1.1" 200 57 "http://jodyyoung.com/wordpress1/" "Mozilla/5.0 (Linux; U; Android 2.3.3; en-gb; GT-S5830 Build/GINGERBREAD) AppleWebKit/533.1 (KHTML, like Gecko) Version/4.0 Mobile Safari/533.1"
93.159.230.87 - - [19/Aug/2013:14:57:04 -0400] "GET / HTTP/1.1" 301 240 "-" "Mozilla/4.0 (compatible; MSIE 8.0; Windows NT 5.1; Trident/4.0; Mozilla/4.0 (compatible; MSIE 6.0; Windows NT 5.1; SV1) ; .NET CLR 2.0.50727; .NET CLR 1.1.4322; .NET CLR 3.0.04506.30)"
175.44.17.112 - - [19/Aug/2013:23:01:02 -0400] "GET /guestbook.html HTTP/1.0" 200 8916 "http://www.jodyyoung.com/guestbook.html" "Opera/9.80 (Windows NT 5.1) Presto/2.12.388 Version/12.11"
175.44.17.112 - - [19/Aug/2013:23:01:04 -0400] "GET /guestbook.html HTTP/1.0" 200 8916 "http://www.jodyyoung.com/guestbook.html" "Opera/9.80 (Windows NT 5.1) Presto/2.12.388 Version/12.11"
203.36.44.11 - - [19/Aug/2013:23:55:55 -0400] "GET /wordpress1/wp-content/flagallery/jodys-world/s1040089a.jpg HTTP/1.0" 200 256973 "http://www.google.com.au/search?q=arctic%20owl&oe=UTF-8&hl=en&client=safari&safe=on&um=1&ie=UTF-8&tbm=isch&source=og&sa=N&tab=wi&ei=YucSUrbWKoOpkAXd_YEo&biw=1024&bih=672&sei=eecSUo60MYyGkQWLm4H4AQ" "Mozilla/5.0 (iPad; CPU OS 6_1_3 like Mac OS X) AppleWebKit/536.26 (KHTML, like Gecko) Version/6.0 Mobile/10B329 Safari/8536.25"
208.115.111.69 - - [19/Aug/2013:09:12:36 -0400] "GET /shariki=2347 HTTP/1.1" 404 575 "-" "Mozilla/5.0 (compatible; Ezooms/1.0; ezooms.bot@gmail.com)"
208.115.111.69 - - [19/Aug/2013:09:12:45 -0400] "GET /shariki=1178 HTTP/1.1" 404 575 "-" "Mozilla/5.0 (compatible; Ezooms/1.0; ezooms.bot@gmail.com)"
10.30.72.4 - - [19/Aug/2013:10:42:39 -0400] "POST /wordpress1/wp-cron.php?doing_wp_cron=1376923359.3775150775909423828125 HTTP/1.0" 200 - "-" "WordPress/3.5.2; http://jodyyoung.com/wordpress1"
208.115.113.85 - - [19/Aug/2013:19:23:20 -0400] "GET /specialprojects.html HTTP/1.1" 200 31246 "-" "Mozilla/5.0 (compatible; Ezooms/1.0; ezooms.bot@gmail.com)"
37.140.165.197 - - [19/Aug/2013:19:59:55 -0400] "GET /wordpress1/wp-content/uploads/2011/11/JYATlogo.jpg HTTP/1.1" 304 - "-" "Mozilla/5.0 (compatible; YandexImages/3.0; +http://yandex.com/bots)"
208.115.113.85 - - [19/Aug/2013:11:21:02 -0400] "GET /shariki=676 HTTP/1.1" 404 575 "-" "Mozilla/5.0 (compatible; Ezooms/1.0; ezooms.bot@gmail.com)"
208.115.111.69 - - [19/Aug/2013:12:21:46 -0400] "GET /robots.txt HTTP/1.1" 404 575 "-" "Mozilla/5.0 (compatible; Ezooms/1.0; ezooms.bot@gmail.com)"
79.78.242.248 - - [19/Aug/2013:14:05:45 -0400] "GET /wordpress1/wp-content/plugins/kino-event-calendar-plugin/js/calendar.js HTTP/1.1" 200 79688 "http://jodyyoung.com/wordpress1/" "Mozilla/5.0 (Linux; U; Android 2.3.3; en-gb; GT-S5830 Build/GINGERBREAD) AppleWebKit/533.1 (KHTML, like Gecko) Version/4.0 Mobile Safari/533.1"
79.78.242.248 - - [19/Aug/2013:14:05:49 -0400] "GET /wordpress1/wp-content/uploads/2012/10/P5210108ao-300x225.jpg HTTP/1.1" 200 26577 "http://jodyyoung.com/wordpress1/" "Mozilla/5.0 (Linux; U; Android 2.3.3; en-gb; GT-S5830 Build/GINGERBREAD) AppleWebKit/533.1 (KHTML, like Gecko) Version/4.0 Mobile Safari/533.1"
180.76.6.212 - - [19/Aug/2013:16:23:50 -0400] "GET /wordpress1/wp-content/plugins/jetpack/modules/widgets/widgets.css?ver=20121003 HTTP/1.1" 200 204 "-" "Mozilla/5.0 (compatible; Baiduspider/2.0; +http://www.baidu.com/search/spider.html)"
10.30.72.4 - - [19/Aug/2013:17:02:36 -0400] "POST /wordpress1/wp-cron.php?doing_wp_cron=1376946156.1839330196380615234375 HTTP/1.0" 200 - "-" "WordPress/3.5.2; http://jodyyoung.com/wordpress1"
50.156.131.234 - - [19/Aug/2013:17:50:18 -0400] "GET /wordpress1/wp-content/flagallery/alaska-photos/p8270358ao.jpg HTTP/1.1" 200 278299 "https://www.google.com/" "Mozilla/5.0 (iPad; CPU OS 6_1_3 like Mac OS X) AppleWebKit/536.26 (KHTML, like Gecko) CriOS/28.0.1500.16 Mobile/10B329 Safari/8536.25"
66.249.75.184 - - [19/Aug/2013:22:03:49 -0400] "GET /wordpress1/wp-content/plugins/kino-event-calendar-plugin/css/calendar.css HTTP/1.1" 200 10091 "-" "Mozilla/5.0 (compatible; Googlebot/2.1; +http://www.google.com/bot.html)"
10.30.72.4 - - [19/Aug/2013:22:43:16 -0400] "POST /wordpress1/wp-cron.php?doing_wp_cron=1376966592.6382620334625244140625 HTTP/1.0" 503 323 "-" "WordPress/3.5.2; http://jodyyoung.com/wordpress1"
178.33.203.157 - - [19/Aug/2013:23:29:38 -0400] "GET /wordpress1/guestbook/guestbook-archives/ HTTP/1.1" 503 323 "-" "Mozilla/4.0 (compatible; MSIE 6.0; Windows NT 5.1; SV1)"
208.115.113.85 - - [19/Aug/2013:03:17:38 -0400] "GET /shariki=964 HTTP/1.1" 404 575 "-" "Mozilla/5.0 (compatible; Ezooms/1.0; ezooms.bot@gmail.com)"
208.115.111.69 - - [19/Aug/2013:13:12:26 -0400] "GET /shariki=1280 HTTP/1.1" 404 575 "-" "Mozilla/5.0 (compatible; Ezooms/1.0; ezooms.bot@gmail.com)"
94.27.79.143 - - [19/Aug/2013:14:04:17 -0400] "GET /wordpress1/ HTTP/1.0" 200 58293 "http://jodyyoung.com/wordpress1/" "Mozilla/5.0 (Windows NT 5.1) AppleWebKit/536.5 (KHTML, like Gecko) YaBrowser/1.1.1084.5409 Chrome/19.1.1084.5409 Safari/536.5"
217.43.53.36 - - [19/Aug/2013:02:55:59 -0400] "GET /wordpress1/wp-content/plugins/kino-event-calendar-plugin/css/calendar.css HTTP/1.1" 200 10091 "http://jodyyoung.com/wordpress1/" "Mozilla/5.0 (iPad; CPU OS 6_1_3 like Mac OS X) AppleWebKit/536.26 (KHTML, like Gecko) Version/6.0 Mobile/10B329 Safari/8536.25"
208.115.113.85 - - [19/Aug/2013:15:22:33 -0400] "GET /wordpress1/2012/10/25/new-web-site/feed/ HTTP/1.1" 200 3285 "-" "Mozilla/5.0 (compatible; Ezooms/1.0; ezooms.bot@gmail.com)"
66.249.75.184 - - [19/Aug/2013:07:53:23 -0400] "GET /wordpress1/california/ HTTP/1.1" 503 323 "-" "Mozilla/5.0 (iPhone; U; CPU iPhone OS 4_1 like Mac OS X; en-us) AppleWebKit/532.9 (KHTML, like Gecko) Version/4.0.5 Mobile/8B117 Safari/6531.22.7 (compatible; Googlebot-Mobile/2.1; +http://www.google.com/bot.html)"
74.82.64.66 - - [19/Aug/2013:09:34:13 -0400] "GET /wordpress1/wp-includes/js/jquery/jquery.js?ver=1.8.3 HTTP/1.1" 200 93658 "http://jodyyoung.com/wordpress1/" "BlackBerry8530/5.0.0.634 Profile/MIDP-2.1 Configuration/CLDC-1.1 VendorID/315"
74.82.64.66 - - [19/Aug/2013:09:34:13 -0400] "GET /wordpress1/wp-content/plugins/kino-event-calendar-plugin/js/tools.tooptip.slide-1.0.0.min.js HTTP/1.1" 200 1087 "http://jodyyoung.com/wordpress1/" "BlackBerry8530/5.0.0.634 Profile/MIDP-2.1 Configuration/CLDC-1.1 VendorID/315"
74.82.64.66 - - [19/Aug/2013:09:34:13 -0400] "GET /wordpress1/wp-content/plugins/kino-event-calendar-plugin/js/calendar.js HTTP/1.1" 200 79688 "http://jodyyoung.com/wordpress1/" "BlackBerry8530/5.0.0.634 Profile/MIDP-2.1 Configuration/CLDC-1.1 VendorID/315"
74.82.64.66 - - [19/Aug/2013:09:34:13 -0400] "GET /wordpress1/wp-content/ata-images/jody-tvl.ico HTTP/1.1" 200 894 "http://jodyyoung.com/wordpress1/" "BlackBerry8530/5.0.0.634 Profile/MIDP-2.1 Configuration/CLDC-1.1 VendorID/315"
74.82.64.66 - - [19/Aug/2013:09:34:13 -0400] "GET /wordpress1/wp-content/themes/atahualpa/images/inputbackgr.gif HTTP/1.1" 200 4765 "http://jodyyoung.com/wordpress1/" "BlackBerry8530/5.0.0.634 Profile/MIDP-2.1 Configuration/CLDC-1.1 VendorID/315"
137.175.68.185 - - [19/Aug/2013:11:10:23 -0400] "GET /wordpress1/guestbook/ HTTP/1.0" 200 59405 "http://jodyyoung.com/wordpress1/guestbook/" "Opera/9.80 (Windows NT 6.1; WOW64; U; ru) Presto/2.10.289 Version/12.02"
208.115.113.85 - - [19/Aug/2013:11:20:52 -0400] "GET /shariki=314 HTTP/1.1" 404 575 "-" "Mozilla/5.0 (compatible; Ezooms/1.0; ezooms.bot@gmail.com)"
72.14.199.184 - - [19/Aug/2013:08:21:48 -0400] "GET /wordpress1/comments/feed/ HTTP/1.1" 200 3283 "-" "Feedfetcher-Google; (+http://www.google.com/feedfetcher.html; 1 subscribers; feed-id=8917805572480071123)"
37.140.165.197 - - [19/Aug/2013:08:44:59 -0400] "GET /robots.txt HTTP/1.1" 404 575 "-" "Mozilla/5.0 (compatible; YandexImages/3.0; +http://yandex.com/bots)"
93.159.230.87 - - [19/Aug/2013:14:57:08 -0400] "GET /wordpress1/wp-content/themes/atahualpa/js/DD_roundies.js?ver=0.0.2a HTTP/1.1" 200 16853 "http://jodyyoung.com/wordpress1/" "Mozilla/4.0 (compatible; MSIE 8.0; Windows NT 5.1; Trident/4.0; Mozilla/4.0 (compatible; MSIE 6.0; Windows NT 5.1; SV1) ; .NET CLR 2.0.50727; .NET CLR 1.1.4322; .NET CLR 3.0.04506.30)"
93.159.230.87 - - [19/Aug/2013:14:57:08 -0400] "GET /wordpress1/wp-includes/js/jquery/jquery.js?ver=1.8.3 HTTP/1.1" 200 93658 "http://jodyyoung.com/wordpress1/" "Mozilla/4.0 (compatible; MSIE 8.0; Windows NT 5.1; Trident/4.0; Mozilla/4.0 (compatible; MSIE 6.0; Windows NT 5.1; SV1) ; .NET CLR 2.0.50727; .NET CLR 1.1.4322; .NET CLR 3.0.04506.30)"
198.103.196.150 - - [19/Aug/2013:16:46:11 -0400] "GET /wordpress1/wp-content/flagallery/alaska-photos/p8240215ao.jpg HTTP/1.1" 200 396551 "http://images.google.ca/blank.html" "Mozilla/5.0 (compatible; MSIE 9.0; Windows NT 6.1; Trident/5.0)"
66.249.75.184 - - [19/Aug/2013:21:33:41 -0400] "GET / HTTP/1.1" 301 240 "-" "Mozilla/5.0 (iPhone; U; CPU iPhone OS 4_1 like Mac OS X; en-us) AppleWebKit/532.9 (KHTML, like Gecko) Version/4.0.5 Mobile/8B117 Safari/6531.22.7 (compatible; Googlebot-Mobile/2.1; +http://www.google.com/bot.html)"
208.115.111.69 - - [19/Aug/2013:01:18:10 -0400] "GET /shariki=202 HTTP/1.1" 404 575 "-" "Mozilla/5.0 (compatible; Ezooms/1.0; ezooms.bot@gmail.com)"
91.121.17.219 - - [19/Aug/2013:01:29:37 -0400] "GET /wordpress1/2012/10/25/new-web-site/ HTTP/1.1" 200 61413 "http://jodyyoung.com/" "Mozilla/5.0 (X11; Linux x86_64) AppleWebKit/537.36 (KHTML, like Gecko) Chrome/28.0.1500.71 Safari/537.36"
217.43.53.36 - - [19/Aug/2013:02:56:50 -0400] "GET /wordpress1/contact/ HTTP/1.1" 200 60302 "http://jodyyoung.com/wordpress1/" "Mozilla/5.0 (iPad; CPU OS 6_1_3 like Mac OS X) AppleWebKit/536.26 (KHTML, like Gecko) Version/6.0 Mobile/10B329 Safari/8536.25"
217.43.53.36 - - [19/Aug/2013:02:57:01 -0400] "GET /wordpress1/wp-content/uploads/2011/11/P9230075aoh.jpg HTTP/1.1" 200 22224 "http://jodyyoung.com/wordpress1/contact/" "Mozilla/5.0 (iPad; CPU OS 6_1_3 like Mac OS X) AppleWebKit/536.26 (KHTML, like Gecko) Version/6.0 Mobile/10B329 Safari/8536.25"
198.27.82.114 - - [19/Aug/2013:18:12:47 -0400] "GET /wordpress1/guestbook/guestbook-archives/ HTTP/1.1" 200 70866 "-" "Mozilla/4.0 (compatible; MSIE 6.0; Windows NT 5.1; SV1)"
208.115.111.69 - - [19/Aug/2013:20:20:46 -0400] "GET /robots.txt HTTP/1.1" 404 575 "-" "Mozilla/5.0 (compatible; Ezooms/1.0; ezooms.bot@gmail.com)"
208.115.113.85 - - [19/Aug/2013:03:17:35 -0400] "GET /shariki=2414 HTTP/1.1" 404 575 "-" "Mozilla/5.0 (compatible; Ezooms/1.0; ezooms.bot@gmail.com)"
89.123.49.32 - - [19/Aug/2013:03:23:04 -0400] "GET /wordpress1/ HTTP/1.1" 403 795 "-" "Java/1.6.0_04"
121.222.20.51 - - [19/Aug/2013:05:15:59 -0400] "GET /wordpress1/wp-includes/js/jquery/jquery.js?ver=1.8.3 HTTP/1.1" 200 93658 "http://jodyyoung.com/wordpress1/" "Mozilla/5.0 (Windows NT 6.1) AppleWebKit/537.36 (KHTML, like Gecko) Chrome/28.0.1500.95 Safari/537.36"
121.222.20.51 - - [19/Aug/2013:05:16:02 -0400] "GET /wordpress1/wp-content/plugins/kino-event-calendar-plugin/js/tools.tooltip.dynamic-1.0.1.min.js HTTP/1.1" 200 1928 "http://jodyyoung.com/wordpress1/" "Mozilla/5.0 (Windows NT 6.1) AppleWebKit/537.36 (KHTML, like Gecko) Chrome/28.0.1500.95 Safari/537.36"
121.222.20.51 - - [19/Aug/2013:05:16:02 -0400] "GET /wordpress1/wp-content/ata-images/jyat-logo1.jpg HTTP/1.1" 200 10086 "http://jodyyoung.com/wordpress1/" "Mozilla/5.0 (Windows NT 6.1) AppleWebKit/537.36 (KHTML, like Gecko) Chrome/28.0.1500.95 Safari/537.36"
208.115.111.69 - - [19/Aug/2013:13:12:32 -0400] "GET /shariki=2430 HTTP/1.1" 404 575 "-" "Mozilla/5.0 (compatible; Ezooms/1.0; ezooms.bot@gmail.com)"
93.159.230.87 - - [19/Aug/2013:14:57:09 -0400] "GET /wordpress1/wp-content/plugins/kino-event-calendar-plugin/js/calendar.js HTTP/1.1" 200 79688 "http://jodyyoung.com/wordpress1/" "Mozilla/4.0 (compatible; MSIE 8.0; Windows NT 5.1; Trident/4.0; Mozilla/4.0 (compatible; MSIE 6.0; Windows NT 5.1; SV1) ; .NET CLR 2.0.50727; .NET CLR 1.1.4322; .NET CLR 3.0.04506.30)"
208.115.113.85 - - [19/Aug/2013:19:23:21 -0400] "GET /utah.html HTTP/1.1" 200 11999 "-" "Mozilla/5.0 (compatible; Ezooms/1.0; ezooms.bot@gmail.com)"
208.115.113.85 - - [19/Aug/2013:19:23:30 -0400] "GET /shariki=219 HTTP/1.1" 404 575 "-" "Mozilla/5.0 (compatible; Ezooms/1.0; ezooms.bot@gmail.com)"
208.115.113.85 - - [19/Aug/2013:19:23:31 -0400] "GET /shariki=2279 HTTP/1.1" 404 575 "-" "Mozilla/5.0 (compatible; Ezooms/1.0; ezooms.bot@gmail.com)"
208.115.111.69 - - [19/Aug/2013:09:12:38 -0400] "GET /shariki=2060 HTTP/1.1" 404 575 "-" "Mozilla/5.0 (compatible; Ezooms/1.0; ezooms.bot@gmail.com)"
208.115.113.85 - - [19/Aug/2013:11:20:51 -0400] "GET /shariki=2410 HTTP/1.1" 404 575 "-" "Mozilla/5.0 (compatible; Ezooms/1.0; ezooms.bot@gmail.com)"
208.115.111.69 - - [19/Aug/2013:21:19:18 -0400] "GET /shariki=155 HTTP/1.1" 404 575 "-" "Mozilla/5.0 (compatible; Ezooms/1.0; ezooms.bot@gmail.com)"
208.115.113.85 - - [19/Aug/2013:22:33:46 -0400] "GET /robots.txt HTTP/1.1" 404 575 "-" "Mozilla/5.0 (compatible; Ezooms/1.0; ezooms.bot@gmail.com)"
208.40.101.130 - - [19/Aug/2013:07:40:48 -0400] "GET /wordpress1/wp-content/flagallery/utah-photos/p5260154ao.jpg HTTP/1.1" 200 384144 "-" "Mozilla/5.0 (Windows NT 6.1; WOW64; rv:22.0) Gecko/20100101 Firefox/22.0"
10.30.72.4 - - [19/Aug/2013:11:57:46 -0400] "POST /wordpress1/wp-cron.php?doing_wp_cron=1376927866.7446119785308837890625 HTTP/1.0" 200 - "-" "WordPress/3.5.2; http://jodyyoung.com/wordpress1"
217.43.53.36 - - [19/Aug/2013:02:55:59 -0400] "GET /wordpress1/wp-content/themes/atahualpa/js/DD_roundies.js?ver=0.0.2a HTTP/1.1" 200 16853 "http://jodyyoung.com/wordpress1/" "Mozilla/5.0 (iPad; CPU OS 6_1_3 like Mac OS X) AppleWebKit/536.26 (KHTML, like Gecko) Version/6.0 Mobile/10B329 Safari/8536.25"
217.43.53.36 - - [19/Aug/2013:02:56:00 -0400] "GET /wordpress1/wp-content/plugins/kino-event-calendar-plugin/js/tools.tooltip.dynamic-1.0.1.min.js HTTP/1.1" 200 1928 "http://jodyyoung.com/wordpress1/" "Mozilla/5.0 (iPad; CPU OS 6_1_3 like Mac OS X) AppleWebKit/536.26 (KHTML, like Gecko) Version/6.0 Mobile/10B329 Safari/8536.25"
217.43.53.36 - - [19/Aug/2013:02:56:02 -0400] "GET /wordpress1/wp-content/uploads/2011/11/JYATlogo.jpg HTTP/1.1" 200 14807 "http://jodyyoung.com/wordpress1/" "Mozilla/5.0 (iPad; CPU OS 6_1_3 like Mac OS X) AppleWebKit/536.26 (KHTML, like Gecko) Version/6.0 Mobile/10B329 Safari/8536.25"
217.43.53.36 - - [19/Aug/2013:02:56:03 -0400] "GET /wordpress1/wp-content/themes/atahualpa/images/header/jyatHD14.jpg HTTP/1.1" 200 62950 "http://jodyyoung.com/wordpress1/" "Mozilla/5.0 (iPad; CPU OS 6_1_3 like Mac OS X) AppleWebKit/536.26 (KHTML, like Gecko) Version/6.0 Mobile/10B329 Safari/8536.25"
217.43.53.36 - - [19/Aug/2013:02:56:03 -0400] "GET /wordpress1/wp-content/themes/atahualpa/images/inputbackgr.gif HTTP/1.1" 200 4765 "http://jodyyoung.com/wordpress1/" "Mozilla/5.0 (iPad; CPU OS 6_1_3 like Mac OS X) AppleWebKit/536.26 (KHTML, like Gecko) Version/6.0 Mobile/10B329 Safari/8536.25"
217.43.53.36 - - [19/Aug/2013:02:56:03 -0400] "GET /wordpress1/wp-content/themes/atahualpa/images/rss-gray.png HTTP/1.1" 200 379 "http://jodyyoung.com/wordpress1/" "Mozilla/5.0 (iPad; CPU OS 6_1_3 like Mac OS X) AppleWebKit/536.26 (KHTML, like Gecko) Version/6.0 Mobile/10B329 Safari/8536.25"
211.244.83.232 - - [19/Aug/2013:18:06:41 -0400] "GET /robots.txt HTTP/1.1" 404 575 "http://search.daum.net/" "Mozilla/5.0 (compatible; MSIE or Firefox mutant; not on Windows server; + http://tab.search.daum.net/aboutWebSearch.html) Daumoa/3.0"
208.115.113.85 - - [19/Aug/2013:19:23:33 -0400] "GET /shariki=712 HTTP/1.1" 404 575 "-" "Mozilla/5.0 (compatible; Ezooms/1.0; ezooms.bot@gmail.com)"
202.46.56.178 - - [19/Aug/2013:19:59:28 -0400] "GET /shariki=648 HTTP/1.1" 404 575 "-" "Mozilla/5.0 (Windows; U; Windows NT 5.1; zh-CN; rv:1.9.1.2) Firefox/3.5.2"
94.27.79.143 - - [19/Aug/2013:14:04:21 -0400] "GET /wordpress1/guestbook/ HTTP/1.0" 200 59401 "http://jodyyoung.com/wordpress1/guestbook/" "Mozilla/5.0 (Windows NT 5.1) AppleWebKit/536.5 (KHTML, like Gecko) YaBrowser/1.1.1084.5409 Chrome/19.1.1084.5409 Safari/536.5"
79.78.242.248 - - [19/Aug/2013:14:05:49 -0400] "GET /wordpress1/wp-content/plugins/kino-event-calendar-plugin/images/tooltip-bg.png HTTP/1.1" 200 453 "http://jodyyoung.com/wordpress1/" "Mozilla/5.0 (Linux; U; Android 2.3.3; en-gb; GT-S5830 Build/GINGERBREAD) AppleWebKit/533.1 (KHTML, like Gecko) Version/4.0 Mobile Safari/533.1"
198.100.149.163 - - [19/Aug/2013:23:38:57 -0400] "GET /wordpress1/ HTTP/1.0" 200 58299 "http://jodyyoung.com/wordpress1/" "Mozilla/5.0 (Windows NT 6.1; WOW64; rv:18.0) Gecko/20100101 Firefox/18.0"
208.115.111.69 - - [19/Aug/2013:17:14:57 -0400] "GET /shariki=146 HTTP/1.1" 404 575 "-" "Mozilla/5.0 (compatible; Ezooms/1.0; ezooms.bot@gmail.com)"
72.14.199.184 - - [19/Aug/2013:01:44:57 -0400] "GET /wordpress1/comments/feed/ HTTP/1.1" 200 3283 "-" "Feedfetcher-Google; (+http://www.google.com/feedfetcher.html; 1 subscribers; feed-id=8917805572480071123)"
213.186.119.135 - - [19/Aug/2013:02:51:58 -0400] "GET /wordpress1/feed/ HTTP/1.1" 200 8101 "-" "AhrefsBot.Feeds v0.1; http://ahrefs.com/"
208.115.111.69 - - [19/Aug/2013:09:12:33 -0400] "GET /shariki=497 HTTP/1.1" 404 575 "-" "Mozilla/5.0 (compatible; Ezooms/1.0; ezooms.bot@gmail.com)"
213.186.119.135 - - [19/Aug/2013:11:57:43 -0400] "GET /wordpress1/feed/ HTTP/1.1" 200 8101 "-" "AhrefsBot.Feeds v0.1; http://ahrefs.com/"
79.78.242.248 - - [19/Aug/2013:14:05:40 -0400] "GET / HTTP/1.1" 301 244 "http://www.google.com/search?hl=en-GB&redir_esc=&client=ms-android-samsung&source=android-launcher-widget&v=133247963&qsubts=1376935473231&action=devloc&q=jody+young+runner&v=133247963" "Mozilla/5.0 (Linux; U; Android 2.3.3; en-gb; GT-S5830 Build/GINGERBREAD) AppleWebKit/533.1 (KHTML, like Gecko) Version/4.0 Mobile Safari/533.1"
79.78.242.248 - - [19/Aug/2013:14:05:41 -0400] "GET /wordpress1/ HTTP/1.1" 301 - "http://www.google.com/search?hl=en-GB&redir_esc=&client=ms-android-samsung&source=android-launcher-widget&v=133247963&qsubts=1376935473231&action=devloc&q=jody+young+runner&v=133247963" "Mozilla/5.0 (Linux; U; Android 2.3.3; en-gb; GT-S5830 Build/GINGERBREAD) AppleWebKit/533.1 (KHTML, like Gecko) Version/4.0 Mobile Safari/533.1"
137.175.68.185 - - [19/Aug/2013:14:19:21 -0400] "GET /wordpress1/guestbook/ HTTP/1.0" 200 59405 "http://jodyyoung.com/wordpress1/guestbook/" "Opera/9.80 (Windows NT 6.1; Win64; x64; Edition Yx) Presto/2.12.388 Version/12.11"
137.175.68.185 - - [19/Aug/2013:16:37:59 -0400] "GET /wordpress1/guestbook/ HTTP/1.0" 200 59405 "http://jodyyoung.com/wordpress1/guestbook/" "Mozilla/5.0 (Windows NT 6.1) AppleWebKit/536.5 (KHTML, like Gecko) YaBrowser/1.1.1084.5409 Chrome/19.1.1084.5409 Safari/536.5"
208.115.113.85 - - [19/Aug/2013:23:30:01 -0400] "GET /shariki=1052 HTTP/1.1" 404 575 "-" "Mozilla/5.0 (compatible; Ezooms/1.0; ezooms.bot@gmail.com)"
208.115.113.85 - - [19/Aug/2013:23:30:08 -0400] "GET /shariki=1736 HTTP/1.1" 404 575 "-" "Mozilla/5.0 (compatible; Ezooms/1.0; ezooms.bot@gmail.com)"
217.43.53.36 - - [19/Aug/2013:02:57:01 -0400] "GET /wordpress1/wp-content/themes/atahualpa/images/header/jyatHD16.jpg HTTP/1.1" 200 53218 "http://jodyyoung.com/wordpress1/contact/" "Mozilla/5.0 (iPad; CPU OS 6_1_3 like Mac OS X) AppleWebKit/536.26 (KHTML, like Gecko) Version/6.0 Mobile/10B329 Safari/8536.25"
217.43.53.36 - - [19/Aug/2013:02:57:01 -0400] "GET /wordpress1/wp-content/plugins/kino-event-calendar-plugin/rpc.php?action=get_events&start=1374966000000&end=1378594800000&event_id=null HTTP/1.1" 200 3609 "http://jodyyoung.com/wordpress1/contact/" "Mozilla/5.0 (iPad; CPU OS 6_1_3 like Mac OS X) AppleWebKit/536.26 (KHTML, like Gecko) Version/6.0 Mobile/10B329 Safari/8536.25"
94.27.79.143 - - [19/Aug/2013:14:04:14 -0400] "GET / HTTP/1.0" 301 244 "http://www.jodyyoung.com/" "Mozilla/5.0 (Windows NT 5.1) AppleWebKit/536.5 (KHTML, like Gecko) YaBrowser/1.1.1084.5409 Chrome/19.1.1084.5409 Safari/536.5"
208.115.113.85 - - [19/Aug/2013:14:24:31 -0400] "GET /robots.txt HTTP/1.1" 404 575 "-" "Mozilla/5.0 (compatible; Ezooms/1.0; ezooms.bot@gmail.com)"
10.30.72.4 - - [19/Aug/2013:11:16:32 -0400] "POST /wordpress1/wp-cron.php?doing_wp_cron=1376925392.2776310443878173828125 HTTP/1.0" 200 - "-" "WordPress/3.5.2; http://jodyyoung.com/wordpress1"
208.115.111.69 - - [19/Aug/2013:05:11:44 -0400] "GET /shariki=2335 HTTP/1.1" 404 575 "-" "Mozilla/5.0 (compatible; Ezooms/1.0; ezooms.bot@gmail.com)"
24.15.216.13 - - [19/Aug/2013:07:05:56 -0400] "GET /wordpress1/wp-content/themes/atahualpa/js/DD_roundies.js?ver=0.0.2a HTTP/1.1" 200 16853 "http://jodyyoung.com/wordpress1/" "Mozilla/5.0 (Macintosh; Intel Mac OS X 10.8; rv:21.0) Gecko/20100101 Firefox/21.0"
24.15.216.13 - - [19/Aug/2013:07:05:57 -0400] "GET /wordpress1/wp-content/plugins/kino-event-calendar-plugin/js/tools.tooltip.dynamic-1.0.1.min.js HTTP/1.1" 200 1928 "http://jodyyoung.com/wordpress1/" "Mozilla/5.0 (Macintosh; Intel Mac OS X 10.8; rv:21.0) Gecko/20100101 Firefox/21.0"
24.15.216.13 - - [19/Aug/2013:07:05:57 -0400] "GET /wordpress1/wp-content/plugins/kino-event-calendar-plugin/css/main.css HTTP/1.1" 200 710 "http://jodyyoung.com/wordpress1/" "Mozilla/5.0 (Macintosh; Intel Mac OS X 10.8; rv:21.0) Gecko/20100101 Firefox/21.0"
24.15.216.13 - - [19/Aug/2013:07:05:57 -0400] "GET /wordpress1/wp-content/themes/atahualpa/images/expand-down.gif HTTP/1.1" 200 57 "http://jodyyoung.com/wordpress1/" "Mozilla/5.0 (Macintosh; Intel Mac OS X 10.8; rv:21.0) Gecko/20100101 Firefox/21.0"
10.30.72.4 - - [19/Aug/2013:07:44:37 -0400] "POST /wordpress1/wp-cron.php?doing_wp_cron=1376912677.1398398876190185546875 HTTP/1.0" 200 - "-" "WordPress/3.5.2; http://jodyyoung.com/wordpress1"
208.115.113.85 - - [19/Aug/2013:07:24:53 -0400] "GET /shariki=211 HTTP/1.1" 404 575 "-" "Mozilla/5.0 (compatible; Ezooms/1.0; ezooms.bot@gmail.com)"
208.115.113.85 - - [19/Aug/2013:07:24:56 -0400] "GET /shariki=674 HTTP/1.1" 404 575 "-" "Mozilla/5.0 (compatible; Ezooms/1.0; ezooms.bot@gmail.com)"
194.153.113.13 - - [19/Aug/2013:16:08:51 -0400] "GET / HTTP/1.1" 301 240 "-" "Mozilla/5.0 (compatible; oBot/2.3.1; +http://filterdb.iss.net/crawler/)"
194.153.113.13 - - [19/Aug/2013:16:08:51 -0400] "GET /wordpress1/ HTTP/1.1" 200 58298 "-" "Mozilla/5.0 (compatible; oBot/2.3.1; +http://filterdb.iss.net/crawler/)"
66.249.75.184 - - [19/Aug/2013:16:27:53 -0400] "GET /wordpress1/wp-content/plugins/flash-album-gallery/admin/css/flagallery_noflash.css HTTP/1.1" 200 2509 "-" "Mozilla/5.0 (compatible; Googlebot/2.1; +http://www.google.com/bot.html)"
208.115.111.69 - - [19/Aug/2013:17:14:56 -0400] "GET /shariki=1325 HTTP/1.1" 404 575 "-" "Mozilla/5.0 (compatible; Ezooms/1.0; ezooms.bot@gmail.com)"
208.115.113.85 - - [19/Aug/2013:19:23:32 -0400] "GET /shariki=615 HTTP/1.1" 404 575 "-" "Mozilla/5.0 (compatible; Ezooms/1.0; ezooms.bot@gmail.com)"
211.244.83.232 - - [19/Aug/2013:12:25:58 -0400] "GET /robots.txt HTTP/1.1" 404 575 "http://search.daum.net/" "Mozilla/5.0 (compatible; MSIE or Firefox mutant; not on Windows server; + http://tab.search.daum.net/aboutWebSearch.html) Daumoa/3.0"
79.78.242.248 - - [19/Aug/2013:14:05:49 -0400] "GET /wordpress1/wp-content/themes/atahualpa/images/expand-right.gif HTTP/1.1" 200 64 "http://jodyyoung.com/wordpress1/" "Mozilla/5.0 (Linux; U; Android 2.3.3; en-gb; GT-S5830 Build/GINGERBREAD) AppleWebKit/533.1 (KHTML, like Gecko) Version/4.0 Mobile Safari/533.1"
208.115.113.85 - - [19/Aug/2013:10:23:14 -0400] "GET /robots.txt HTTP/1.1" 404 575 "-" "Mozilla/5.0 (compatible; Ezooms/1.0; ezooms.bot@gmail.com)"
46.119.114.170 - - [19/Aug/2013:21:13:13 -0400] "POST /wordpress1/wp-comments-post.php HTTP/1.0" 500 4120 "http://jodyyoung.com/wordpress1/guestbook/" "Mozilla/5.0 (Windows NT 6.1) AppleWebKit/534.57.2 (KHTML, like Gecko) Version/5.1.7 Safari/534.57.2"
66.249.75.184 - - [19/Aug/2013:21:51:14 -0400] "GET /wordpress1/guestbook/guestbook-archives/ HTTP/1.1" 200 70226 "-" "Mozilla/5.0 (iPhone; U; CPU iPhone OS 4_1 like Mac OS X; en-us) AppleWebKit/532.9 (KHTML, like Gecko) Version/4.0.5 Mobile/8B117 Safari/6531.22.7 (compatible; Googlebot-Mobile/2.1; +http://www.google.com/bot.html)"
27.159.200.184 - - [19/Aug/2013:22:18:16 -0400] "POST /wordpress1/wp-comments-post.php HTTP/1.1" 302 - "http://jodyyoung.com/wordpress1/guestbook/" "Mozilla/4.0 (compatible; MSIE 6.0; Windows NT 5.1; SV1; Mozilla/4.0 (compatible; MSIE 6.0; Windows NT 5.1; SV1) ; .NET CLR 1.0.3705)"
208.115.113.85 - - [19/Aug/2013:23:30:04 -0400] "GET /shariki=1357 HTTP/1.1" 404 575 "-" "Mozilla/5.0 (compatible; Ezooms/1.0; ezooms.bot@gmail.com)"
208.115.113.85 - - [19/Aug/2013:02:24:08 -0400] "GET /robots.txt HTTP/1.1" 404 575 "-" "Mozilla/5.0 (compatible; Ezooms/1.0; ezooms.bot@gmail.com)"
180.76.5.25 - - [19/Aug/2013:16:08:50 -0400] "GET /shariki=424 HTTP/1.1" 404 575 "-" "Mozilla/5.0 (compatible; Baiduspider/2.0; +http://www.baidu.com/search/spider.html)"
72.14.199.184 - - [19/Aug/2013:04:52:47 -0400] "GET /wordpress1/comments/feed/ HTTP/1.1" 200 3283 "-" "Feedfetcher-Google; (+http://www.google.com/feedfetcher.html; 1 subscribers; feed-id=8917805572480071123)"
199.58.86.206 - - [19/Aug/2013:05:26:26 -0400] "GET /wordpress1/ HTTP/1.0" 200 58295 "-" "Mozilla/5.0 (compatible; MJ12bot/v1.4.3; http://www.majestic12.co.uk/bot.php?+)"
208.115.111.69 - - [19/Aug/2013:21:19:25 -0400] "GET /shariki=471 HTTP/1.1" 404 575 "-" "Mozilla/5.0 (compatible; Ezooms/1.0; ezooms.bot@gmail.com)"
208.115.111.69 - - [19/Aug/2013:21:19:26 -0400] "GET /shariki=576 HTTP/1.1" 404 575 "-" "Mozilla/5.0 (compatible; Ezooms/1.0; ezooms.bot@gmail.com)"
77.93.60.91 - - [19/Aug/2013:10:06:42 -0400] "GET /shariki=2091 HTTP/1.0" 404 575 "-" "Mozilla/4.0 (compatible; MSIE 6.0; Windows NT 5.1)"
66.96.183.11 - - [19/Aug/2013:07:13:39 -0400] "POST /index.php?option=com_tag HTTP/1.1" 404 575 "-" "-"
93.159.230.87 - - [19/Aug/2013:14:57:09 -0400] "GET /wordpress1/wp-content/plugins/kino-event-calendar-plugin/js/tools.tooltip.dynamic-1.0.1.min.js HTTP/1.1" 200 1928 "http://jodyyoung.com/wordpress1/" "Mozilla/4.0 (compatible; MSIE 8.0; Windows NT 5.1; Trident/4.0; Mozilla/4.0 (compatible; MSIE 6.0; Windows NT 5.1; SV1) ; .NET CLR 2.0.50727; .NET CLR 1.1.4322; .NET CLR 3.0.04506.30)"
93.159.230.87 - - [19/Aug/2013:14:57:09 -0400] "GET /wordpress1/wp-content/plugins/kino-event-calendar-plugin/css/main.css HTTP/1.1" 200 710 "http://jodyyoung.com/wordpress1/" "Mozilla/4.0 (compatible; MSIE 8.0; Windows NT 5.1; Trident/4.0; Mozilla/4.0 (compatible; MSIE 6.0; Windows NT 5.1; SV1) ; .NET CLR 2.0.50727; .NET CLR 1.1.4322; .NET CLR 3.0.04506.30)"
5.9.251.133 - - [19/Aug/2013:10:23:38 -0400] "GET /wordpress1/guestbook/ HTTP/1.1" 200 59399 "-" "Mozilla/5.0 (Macintosh; Intel Mac OS X 10_6_8) AppleWebKit/537.36 (KHTML, like Gecko) Chrome/27.0.1453.116 Safari/537.36"
166.147.104.175 - - [19/Aug/2013:12:07:33 -0400] "GET /wordpress1/wp-content/flagallery/jodys-world/s1060002a.jpg HTTP/1.1" 200 420577 "https://www.google.com/" "Mozilla/5.0 (iPhone; CPU iPhone OS 6_1_3 like Mac OS X) AppleWebKit/536.26 (KHTML, like Gecko) Version/6.0 Mobile/10B329 Safari/8536.25"
113.212.70.212 - - [19/Aug/2013:14:36:50 -0400] "GET /wordpress1/guestbook/guestbook-archives/ HTTP/1.1" 200 70868 "http://jodyyoung.com/" "Mozilla/5.0 (Windows NT 5.1; rv:21.0) Gecko/20100101 Firefox/21.0"
93.159.230.87 - - [19/Aug/2013:14:57:08 -0400] "GET /wordpress1/wp-content/plugins/flash-album-gallery/admin/js/swfobject.js?ver=2.2 HTTP/1.1" 200 11754 "http://jodyyoung.com/wordpress1/" "Mozilla/4.0 (compatible; MSIE 8.0; Windows NT 5.1; Trident/4.0; Mozilla/4.0 (compatible; MSIE 6.0; Windows NT 5.1; SV1) ; .NET CLR 2.0.50727; .NET CLR 1.1.4322; .NET CLR 3.0.04506.30)"
173.224.144.1 - - [19/Aug/2013:15:16:58 -0400] "GET /wordpress1/wp-content/flagallery/utah-photos/p9240101ao.jpg HTTP/1.1" 200 359505 "http://www.google.com/blank.html" "Mozilla/5.0 (compatible; MSIE 10.0; Windows NT 6.1; WOW64; Trident/6.0)"
208.115.111.69 - - [19/Aug/2013:01:18:08 -0400] "GET /shariki=663 HTTP/1.1" 404 575 "-" "Mozilla/5.0 (compatible; Ezooms/1.0; ezooms.bot@gmail.com)"
208.115.113.85 - - [19/Aug/2013:19:23:29 -0400] "GET /shariki=2159 HTTP/1.1" 404 575 "-" "Mozilla/5.0 (compatible; Ezooms/1.0; ezooms.bot@gmail.com)"
202.46.62.61 - - [19/Aug/2013:20:46:05 -0400] "GET /shariki=2252 HTTP/1.1" 404 575 "-" "Mozilla/5.0 (Windows; U; Windows NT 5.1; zh-CN; rv:1.9.1.2) Firefox/3.5.2"
91.217.1.195 - - [19/Aug/2013:03:23:28 -0400] "POST /wp-login.php HTTP/1.0" 404 575 "-" "Mozilla/3.0 (compatible; Indy Library)"
24.15.216.13 - - [19/Aug/2013:07:05:55 -0400] "GET /wordpress1/ HTTP/1.1" 200 58293 "-" "Mozilla/5.0 (Macintosh; Intel Mac OS X 10.8; rv:21.0) Gecko/20100101 Firefox/21.0"
24.15.216.13 - - [19/Aug/2013:07:05:57 -0400] "GET /wordpress1/wp-content/plugins/kino-event-calendar-plugin/js/tools.tooltip-1.1.2.js HTTP/1.1" 200 8427 "http://jodyyoung.com/wordpress1/" "Mozilla/5.0 (Macintosh; Intel Mac OS X 10.8; rv:21.0) Gecko/20100101 Firefox/21.0"
24.15.216.13 - - [19/Aug/2013:07:05:57 -0400] "GET /wordpress1/wp-content/plugins/kino-event-calendar-plugin/js/tools.tooptip.slide-1.0.0.min.js HTTP/1.1" 200 1087 "http://jodyyoung.com/wordpress1/" "Mozilla/5.0 (Macintosh; Intel Mac OS X 10.8; rv:21.0) Gecko/20100101 Firefox/21.0"
24.15.216.13 - - [19/Aug/2013:07:05:57 -0400] "GET /wordpress1/wp-content/plugins/kino-event-calendar-plugin/css/calendar.css HTTP/1.1" 200 10091 "http://jodyyoung.com/wordpress1/" "Mozilla/5.0 (Macintosh; Intel Mac OS X 10.8; rv:21.0) Gecko/20100101 Firefox/21.0"
24.15.216.13 - - [19/Aug/2013:07:05:57 -0400] "GET /wordpress1/wp-content/ata-images/jody-tvl.ico HTTP/1.1" 200 894 "-" "Mozilla/5.0 (Macintosh; Intel Mac OS X 10.8; rv:21.0) Gecko/20100101 Firefox/21.0"
24.15.216.13 - - [19/Aug/2013:07:05:57 -0400] "GET /wordpress1/wp-content/uploads/2011/11/JYATlogo.jpg HTTP/1.1" 200 14807 "http://jodyyoung.com/wordpress1/" "Mozilla/5.0 (Macintosh; Intel Mac OS X 10.8; rv:21.0) Gecko/20100101 Firefox/21.0"
24.15.216.13 - - [19/Aug/2013:07:05:57 -0400] "GET /wordpress1/wp-content/themes/atahualpa/images/header/jyatHD08.jpg HTTP/1.1" 200 64683 "http://jodyyoung.com/wordpress1/" "Mozilla/5.0 (Macintosh; Intel Mac OS X 10.8; rv:21.0) Gecko/20100101 Firefox/21.0"
208.115.111.69 - - [19/Aug/2013:08:20:09 -0400] "GET /robots.txt HTTP/1.1" 404 575 "-" "Mozilla/5.0 (compatible; Ezooms/1.0; ezooms.bot@gmail.com)"
91.121.17.219 - - [19/Aug/2013:08:46:42 -0400] "GET /wordpress1/ HTTP/1.1" 200 58295 "http://www.jodyyoung.com/" "Mozilla/5.0 (Macintosh; Intel Mac OS X 10.7; rv:21.0) Gecko/20100101 Firefox/21.0"
208.115.113.85 - - [19/Aug/2013:15:22:45 -0400] "GET /shariki=417 HTTP/1.1" 404 575 "-" "Mozilla/5.0 (compatible; Ezooms/1.0; ezooms.bot@gmail.com)"
178.158.221.73 - - [19/Aug/2013:18:43:57 -0400] "GET /GBArchive.htm HTTP/1.1" 200 13949 "-" "Mozilla/4.0 (compatible; MSIE 6.0; Windows NT 5.1; SV1)"
208.115.113.85 - - [19/Aug/2013:03:17:27 -0400] "GET /shariki=1845 HTTP/1.1" 404 575 "-" "Mozilla/5.0 (compatible; Ezooms/1.0; ezooms.bot@gmail.com)"
208.115.113.85 - - [19/Aug/2013:03:17:35 -0400] "GET /shariki=310 HTTP/1.1" 404 575 "-" "Mozilla/5.0 (compatible; Ezooms/1.0; ezooms.bot@gmail.com)"
74.82.64.65 - - [19/Aug/2013:09:34:13 -0400] "GET /wordpress1/wp-content/ata-images/jyat-logo1.jpg HTTP/1.1" 200 10086 "http://jodyyoung.com/wordpress1/" "BlackBerry8530/5.0.0.634 Profile/MIDP-2.1 Configuration/CLDC-1.1 VendorID/315"
93.159.230.87 - - [19/Aug/2013:14:57:09 -0400] "GET /wordpress1/wp-content/plugins/kino-event-calendar-plugin/css/calendar.css HTTP/1.1" 200 10091 "http://jodyyoung.com/wordpress1/" "Mozilla/4.0 (compatible; MSIE 8.0; Windows NT 5.1; Trident/4.0; Mozilla/4.0 (compatible; MSIE 6.0; Windows NT 5.1; SV1) ; .NET CLR 2.0.50727; .NET CLR 1.1.4322; .NET CLR 3.0.04506.30)"
208.115.111.69 - - [19/Aug/2013:01:18:13 -0400] "GET /shariki=2226 HTTP/1.1" 404 575 "-" "Mozilla/5.0 (compatible; Ezooms/1.0; ezooms.bot@gmail.com)"
74.82.64.64 - - [19/Aug/2013:09:34:13 -0400] "GET /wordpress1/wp-content/plugins/flash-album-gallery/admin/js/swfobject.js?ver=2.2 HTTP/1.1" 200 11754 "http://jodyyoung.com/wordpress1/" "BlackBerry8530/5.0.0.634 Profile/MIDP-2.1 Configuration/CLDC-1.1 VendorID/315"
208.115.113.85 - - [19/Aug/2013:11:21:01 -0400] "GET /shariki=1892 HTTP/1.1" 404 575 "-" "Mozilla/5.0 (compatible; Ezooms/1.0; ezooms.bot@gmail.com)"
208.115.111.69 - - [19/Aug/2013:13:12:35 -0400] "GET /shariki=2253 HTTP/1.1" 404 575 "-" "Mozilla/5.0 (compatible; Ezooms/1.0; ezooms.bot@gmail.com)"
79.78.242.248 - - [19/Aug/2013:14:05:45 -0400] "GET /wordpress1/wp-content/plugins/flash-album-gallery/admin/js/swfaddress.js?ver=2.4 HTTP/1.1" 200 15916 "http://jodyyoung.com/wordpress1/" "Mozilla/5.0 (Linux; U; Android 2.3.3; en-gb; GT-S5830 Build/GINGERBREAD) AppleWebKit/533.1 (KHTML, like Gecko) Version/4.0 Mobile Safari/533.1"
79.78.242.248 - - [19/Aug/2013:14:05:48 -0400] "GET /wordpress1/wp-content/themes/atahualpa/images/comment-gray.png HTTP/1.1" 200 296 "http://jodyyoung.com/wordpress1/" "Mozilla/5.0 (Linux; U; Android 2.3.3; en-gb; GT-S5830 Build/GINGERBREAD) AppleWebKit/533.1 (KHTML, like Gecko) Version/4.0 Mobile Safari/533.1"
198.100.149.163 - - [19/Aug/2013:23:38:57 -0400] "GET / HTTP/1.0" 301 240 "http://jodyyoung.com/" "Mozilla/5.0 (Windows NT 6.1; WOW64; rv:18.0) Gecko/20100101 Firefox/18.0"
208.115.111.69 - - [19/Aug/2013:13:12:27 -0400] "GET /shariki=1086 HTTP/1.1" 404 575 "-" "Mozilla/5.0 (compatible; Ezooms/1.0; ezooms.bot@gmail.com)"
93.159.230.87 - - [19/Aug/2013:14:57:08 -0400] "GET /wordpress1/wp-content/plugins/kino-event-calendar-plugin/js/tools.tooltip-1.1.2.js HTTP/1.1" 200 8427 "http://jodyyoung.com/wordpress1/" "Mozilla/4.0 (compatible; MSIE 8.0; Windows NT 5.1; Trident/4.0; Mozilla/4.0 (compatible; MSIE 6.0; Windows NT 5.1; SV1) ; .NET CLR 2.0.50727; .NET CLR 1.1.4322; .NET CLR 3.0.04506.30)"
93.159.230.87 - - [19/Aug/2013:14:57:09 -0400] "GET /wordpress1/wp-content/plugins/kino-event-calendar-plugin/js/main.js HTTP/1.1" 200 1105 "http://jodyyoung.com/wordpress1/" "Mozilla/4.0 (compatible; MSIE 8.0; Windows NT 5.1; Trident/4.0; Mozilla/4.0 (compatible; MSIE 6.0; Windows NT 5.1; SV1) ; .NET CLR 2.0.50727; .NET CLR 1.1.4322; .NET CLR 3.0.04506.30)"
208.115.111.69 - - [19/Aug/2013:17:15:04 -0400] "GET /shariki=493 HTTP/1.1" 404 575 "-" "Mozilla/5.0 (compatible; Ezooms/1.0; ezooms.bot@gmail.com)"
208.115.113.85 - - [19/Aug/2013:19:23:22 -0400] "GET /shariki=1056 HTTP/1.1" 404 575 "-" "Mozilla/5.0 (compatible; Ezooms/1.0; ezooms.bot@gmail.com)"
208.115.113.85 - - [19/Aug/2013:23:30:02 -0400] "GET /shariki=1151 HTTP/1.1" 404 575 "-" "Mozilla/5.0 (compatible; Ezooms/1.0; ezooms.bot@gmail.com)"
94.23.148.139 - - [19/Aug/2013:07:44:28 -0400] "GET /wordpress1/guestbook/guestbook-archives/ HTTP/1.1" 200 70866 "-" "Mozilla/5.0 (Macintosh; Intel Mac OS X 10.8; rv:21.0) Gecko/20100101 Firefox/21.0"
208.115.111.69 - - [19/Aug/2013:05:11:42 -0400] "GET /shariki=2485 HTTP/1.1" 404 575 "-" "Mozilla/5.0 (compatible; Ezooms/1.0; ezooms.bot@gmail.com)"
121.222.20.51 - - [19/Aug/2013:05:16:00 -0400] "GET /wordpress1/wp-content/plugins/kino-event-calendar-plugin/js/jquery-ui-1.7.2.custom.min.js HTTP/1.1" 200 107835 "http://jodyyoung.com/wordpress1/" "Mozilla/5.0 (Windows NT 6.1) AppleWebKit/537.36 (KHTML, like Gecko) Chrome/28.0.1500.95 Safari/537.36"
178.137.95.235 - - [19/Aug/2013:20:10:19 -0400] "POST /wordpress1/wp-comments-post.php HTTP/1.0" 500 4120 "http://jodyyoung.com/wordpress1/guestbook/guestbook-archives/" "Mozilla/5.0 (Windows NT 5.1) AppleWebKit/537.19 (KHTML, like Gecko) Chrome/25.0.1323.1 Safari/537.19"
137.175.68.185 - - [19/Aug/2013:16:38:02 -0400] "POST /wordpress1/wp-comments-post.php HTTP/1.0" 500 4120 "http://jodyyoung.com/wordpress1/guestbook/" "Mozilla/5.0 (Windows NT 6.1) AppleWebKit/536.5 (KHTML, like Gecko) YaBrowser/1.1.1084.5409 Chrome/19.1.1084.5409 Safari/536.5"
24.15.216.13 - - [19/Aug/2013:07:05:56 -0400] "GET /wordpress1/wp-content/plugins/flash-album-gallery/admin/js/swfaddress.js?ver=2.4 HTTP/1.1" 200 15916 "http://jodyyoung.com/wordpress1/" "Mozilla/5.0 (Macintosh; Intel Mac OS X 10.8; rv:21.0) Gecko/20100101 Firefox/21.0"
24.15.216.13 - - [19/Aug/2013:07:05:57 -0400] "GET /wordpress1/wp-content/plugins/kino-event-calendar-plugin/js/main.js HTTP/1.1" 200 1105 "http://jodyyoung.com/wordpress1/" "Mozilla/5.0 (Macintosh; Intel Mac OS X 10.8; rv:21.0) Gecko/20100101 Firefox/21.0"
24.15.216.13 - - [19/Aug/2013:07:05:57 -0400] "GET /wordpress1/wp-content/plugins/kino-event-calendar-plugin/rpc.php?action=get_events&start=1374987600000&end=1378616400000&event_id=null HTTP/1.1" 200 3609 "http://jodyyoung.com/wordpress1/" "Mozilla/5.0 (Macintosh; Intel Mac OS X 10.8; rv:21.0) Gecko/20100101 Firefox/21.0"
208.115.113.85 - - [19/Aug/2013:07:24:54 -0400] "GET /shariki=2412 HTTP/1.1" 404 575 "-" "Mozilla/5.0 (compatible; Ezooms/1.0; ezooms.bot@gmail.com)"
211.244.83.232 - - [19/Aug/2013:12:26:03 -0400] "GET /wordpress1/ HTTP/1.1" 200 58297 "http://search.daum.net/" "Mozilla/5.0 (compatible; MSIE or Firefox mutant; not on Windows server; + http://tab.search.daum.net/aboutWebSearch.html) Daumoa/3.0"
100.43.83.155 - - [19/Aug/2013:09:12:12 -0400] "GET /wordpress1/about-htm/ HTTP/1.1" 200 58214 "-" "Mozilla/5.0 (compatible; YandexBot/3.0; +http://yandex.com/bots)"
208.115.111.69 - - [19/Aug/2013:01:18:12 -0400] "GET /shariki=2124 HTTP/1.1" 404 575 "-" "Mozilla/5.0 (compatible; Ezooms/1.0; ezooms.bot@gmail.com)"
180.76.5.168 - - [19/Aug/2013:01:50:57 -0400] "GET /wordpress1/connections/ HTTP/1.1" 200 60746 "-" "Mozilla/5.0 (compatible; Baiduspider/2.0; +http://www.baidu.com/search/spider.html)"
208.115.111.69 - - [19/Aug/2013:17:15:10 -0400] "GET /shariki=565 HTTP/1.1" 404 575 "-" "Mozilla/5.0 (compatible; Ezooms/1.0; ezooms.bot@gmail.com)"
66.249.75.184 - - [19/Aug/2013:17:14:16 -0400] "GET /wordpress1/connections/ HTTP/1.1" 503 323 "-" "DoCoMo/2.0 N905i(c100;TB;W24H16) (compatible; Googlebot-Mobile/2.1; +http://www.google.com/bot.html)"
117.27.138.148 - - [19/Aug/2013:04:57:51 -0400] "GET /wordpress1/guestbook/ HTTP/1.0" 200 59405 "http://jodyyoung.com/wordpress1/guestbook/" "Mozilla/5.0 (Windows NT 6.2) AppleWebKit/537.11 (KHTML, like Gecko) Chrome/23.0.1271.64 Safari/537.11"
10.30.72.4 - - [19/Aug/2013:09:33:49 -0400] "POST /wordpress1/wp-cron.php?doing_wp_cron=1376919229.2203650474548339843750 HTTP/1.0" 200 - "-" "WordPress/3.5.2; http://jodyyoung.com/wordpress1"
208.115.113.85 - - [19/Aug/2013:11:20:57 -0400] "GET /shariki=1233 HTTP/1.1" 404 575 "-" "Mozilla/5.0 (compatible; Ezooms/1.0; ezooms.bot@gmail.com)"
208.115.111.69 - - [19/Aug/2013:13:12:36 -0400] "GET /shariki=82 HTTP/1.1" 404 575 "-" "Mozilla/5.0 (compatible; Ezooms/1.0; ezooms.bot@gmail.com)"
137.175.68.185 - - [19/Aug/2013:14:19:24 -0400] "POST /wordpress1/wp-comments-post.php HTTP/1.0" 500 4120 "http://jodyyoung.com/wordpress1/guestbook/" "Opera/9.80 (Windows NT 6.1; Win64; x64; Edition Yx) Presto/2.12.388 Version/12.11"
10.30.72.4 - - [19/Aug/2013:14:36:50 -0400] "POST /wordpress1/wp-cron.php?doing_wp_cron=1376937410.7539730072021484375000 HTTP/1.0" 200 - "-" "WordPress/3.5.2; http://jodyyoung.com/wordpress1"
217.43.53.36 - - [19/Aug/2013:02:55:59 -0400] "GET /wordpress1/wp-content/plugins/flash-album-gallery/admin/js/swfobject.js?ver=2.2 HTTP/1.1" 200 11754 "http://jodyyoung.com/wordpress1/" "Mozilla/5.0 (iPad; CPU OS 6_1_3 like Mac OS X) AppleWebKit/536.26 (KHTML, like Gecko) Version/6.0 Mobile/10B329 Safari/8536.25"
217.43.53.36 - - [19/Aug/2013:02:56:00 -0400] "GET /wordpress1/wp-content/plugins/kino-event-calendar-plugin/js/calendar.js HTTP/1.1" 200 79688 "http://jodyyoung.com/wordpress1/" "Mozilla/5.0 (iPad; CPU OS 6_1_3 like Mac OS X) AppleWebKit/536.26 (KHTML, like Gecko) Version/6.0 Mobile/10B329 Safari/8536.25"
217.43.53.36 - - [19/Aug/2013:02:56:02 -0400] "GET /wordpress1/wp-content/ata-images/jyat-logo1.jpg HTTP/1.1" 200 10086 "http://jodyyoung.com/wordpress1/" "Mozilla/5.0 (iPad; CPU OS 6_1_3 like Mac OS X) AppleWebKit/536.26 (KHTML, like Gecko) Version/6.0 Mobile/10B329 Safari/8536.25"
217.43.53.36 - - [19/Aug/2013:02:56:03 -0400] "GET /wordpress1/wp-content/plugins/kino-event-calendar-plugin/images/tooltip-bg.png HTTP/1.1" 200 453 "http://jodyyoung.com/wordpress1/" "Mozilla/5.0 (iPad; CPU OS 6_1_3 like Mac OS X) AppleWebKit/536.26 (KHTML, like Gecko) Version/6.0 Mobile/10B329 Safari/8536.25"
27.159.200.184 - - [19/Aug/2013:22:17:03 -0400] "GET /wordpress1/guestbook/ HTTP/1.1" 200 59405 "-" "Mozilla/4.0 (compatible; MSIE 6.0; Windows NT 5.1; SV1; Mozilla/4.0 (compatible; MSIE 6.0; Windows NT 5.1; SV1) ; .NET CLR 1.0.3705)"
208.115.111.69 - - [19/Aug/2013:13:12:29 -0400] "GET /shariki=2055 HTTP/1.1" 404 575 "-" "Mozilla/5.0 (compatible; Ezooms/1.0; ezooms.bot@gmail.com)"
208.115.111.69 - - [19/Aug/2013:13:12:31 -0400] "GET /shariki=2481 HTTP/1.1" 404 575 "-" "Mozilla/5.0 (compatible; Ezooms/1.0; ezooms.bot@gmail.com)"
208.180.223.231 - - [19/Aug/2013:13:59:10 -0400] "GET /wordpress1/wp-content/flagallery/colorado-photos/st232ao.jpg HTTP/1.1" 200 315853 "-" "Mozilla/5.0 (compatible; MSIE 9.0; Windows NT 6.1; Trident/5.0)"
79.78.242.248 - - [19/Aug/2013:14:05:48 -0400] "GET /wordpress1/wp-content/ata-images/jyat-logo1.jpg HTTP/1.1" 200 10086 "http://jodyyoung.com/wordpress1/" "Mozilla/5.0 (Linux; U; Android 2.3.3; en-gb; GT-S5830 Build/GINGERBREAD) AppleWebKit/533.1 (KHTML, like Gecko) Version/4.0 Mobile Safari/533.1"
79.78.242.248 - - [19/Aug/2013:14:05:49 -0400] "GET /wordpress1/wp-content/ata-images/jody-tvl.ico HTTP/1.1" 200 894 "http://jodyyoung.com/wordpress1/" "Mozilla/5.0 (Linux; U; Android 2.3.3; en-gb; GT-S5830 Build/GINGERBREAD) AppleWebKit/533.1 (KHTML, like Gecko) Version/4.0 Mobile Safari/533.1"
208.115.111.69 - - [19/Aug/2013:01:18:06 -0400] "GET /shariki=396 HTTP/1.1" 404 575 "-" "Mozilla/5.0 (compatible; Ezooms/1.0; ezooms.bot@gmail.com)"
208.115.113.85 - - [19/Aug/2013:07:24:52 -0400] "GET /shariki=1966 HTTP/1.1" 404 575 "-" "Mozilla/5.0 (compatible; Ezooms/1.0; ezooms.bot@gmail.com)"
208.115.111.69 - - [19/Aug/2013:13:12:28 -0400] "GET /shariki=2173 HTTP/1.1" 404 575 "-" "Mozilla/5.0 (compatible; Ezooms/1.0; ezooms.bot@gmail.com)"
94.27.79.143 - - [19/Aug/2013:14:04:24 -0400] "POST /wordpress1/wp-comments-post.php HTTP/1.0" 500 4120 "http://jodyyoung.com/wordpress1/guestbook/" "Mozilla/5.0 (Windows NT 5.1) AppleWebKit/536.5 (KHTML, like Gecko) YaBrowser/1.1.1084.5409 Chrome/19.1.1084.5409 Safari/536.5"
74.82.64.64 - - [19/Aug/2013:09:33:45 -0400] "GET / HTTP/1.1" 301 244 "-" "BlackBerry8530/5.0.0.634 Profile/MIDP-2.1 Configuration/CLDC-1.1 VendorID/315"
74.82.64.64 - - [19/Aug/2013:09:33:45 -0400] "GET /favicon.ico HTTP/1.1" 404 575 "http://www.jodyyoung.com/" "BlackBerry8530/5.0.0.634 Profile/MIDP-2.1 Configuration/CLDC-1.1 VendorID/315"
74.82.64.64 - - [19/Aug/2013:09:33:47 -0400] "GET /wordpress1/ HTTP/1.1" 301 - "-" "BlackBerry8530/5.0.0.634 Profile/MIDP-2.1 Configuration/CLDC-1.1 VendorID/315"
208.115.113.85 - - [19/Aug/2013:11:21:00 -0400] "GET /shariki=1330 HTTP/1.1" 404 575 "-" "Mozilla/5.0 (compatible; Ezooms/1.0; ezooms.bot@gmail.com)"
208.115.111.69 - - [19/Aug/2013:21:19:28 -0400] "GET /shariki=237 HTTP/1.1" 404 575 "-" "Mozilla/5.0 (compatible; Ezooms/1.0; ezooms.bot@gmail.com)"
66.249.75.184 - - [19/Aug/2013:05:57:53 -0400] "GET /wordpress1/guestbook/feed/ HTTP/1.1" 200 744 "-" "Mozilla/5.0 (compatible; Googlebot/2.1; +http://www.google.com/bot.html)"
208.115.113.85 - - [19/Aug/2013:19:23:28 -0400] "GET /shariki=1997 HTTP/1.1" 404 575 "-" "Mozilla/5.0 (compatible; Ezooms/1.0; ezooms.bot@gmail.com)"
5.9.251.133 - - [19/Aug/2013:00:09:41 -0400] "GET /wordpress1/guestbook/ HTTP/1.1" 200 59399 "-" "Mozilla/5.0 (Macintosh; Intel Mac OS X 10_8_4) AppleWebKit/536.30.1 (KHTML, like Gecko) Version/6.0.5 Safari/536.30.1"
208.115.111.69 - - [19/Aug/2013:01:18:09 -0400] "GET /shariki=1810 HTTP/1.1" 404 575 "-" "Mozilla/5.0 (compatible; Ezooms/1.0; ezooms.bot@gmail.com)"
208.115.111.69 - - [19/Aug/2013:09:12:34 -0400] "GET /shariki=404 HTTP/1.1" 404 575 "-" "Mozilla/5.0 (compatible; Ezooms/1.0; ezooms.bot@gmail.com)"
37.140.165.197 - - [19/Aug/2013:11:36:52 -0400] "GET /311/images/3/motif02.jpg HTTP/1.1" 304 - "-" "Mozilla/5.0 (compatible; YandexImages/3.0; +http://yandex.com/bots)"
94.27.79.143 - - [19/Aug/2013:14:04:29 -0400] "GET /wordpress1/guestbook/ HTTP/1.0" 200 59401 "http://jodyyoung.com/wordpress1/guestbook/" "Mozilla/5.0 (Windows NT 5.1) AppleWebKit/536.5 (KHTML, like Gecko) YaBrowser/1.1.1084.5409 Chrome/19.1.1084.5409 Safari/536.5"
121.222.20.51 - - [19/Aug/2013:05:15:59 -0400] "GET /wordpress1/wp-content/themes/atahualpa/js/DD_roundies.js?ver=0.0.2a HTTP/1.1" 200 16853 "http://jodyyoung.com/wordpress1/" "Mozilla/5.0 (Windows NT 6.1) AppleWebKit/537.36 (KHTML, like Gecko) Chrome/28.0.1500.95 Safari/537.36"
121.222.20.51 - - [19/Aug/2013:05:16:01 -0400] "GET /wordpress1/wp-content/plugins/kino-event-calendar-plugin/js/tools.tooptip.slide-1.0.0.min.js HTTP/1.1" 200 1087 "http://jodyyoung.com/wordpress1/" "Mozilla/5.0 (Windows NT 6.1) AppleWebKit/537.36 (KHTML, like Gecko) Chrome/28.0.1500.95 Safari/537.36"
121.222.20.51 - - [19/Aug/2013:05:16:02 -0400] "GET /wordpress1/wp-content/plugins/kino-event-calendar-plugin/js/calendar.js HTTP/1.1" 200 79688 "http://jodyyoung.com/wordpress1/" "Mozilla/5.0 (Windows NT 6.1) AppleWebKit/537.36 (KHTML, like Gecko) Chrome/28.0.1500.95 Safari/537.36"
113.212.70.212 - - [19/Aug/2013:06:01:11 -0400] "GET /wordpress1/guestbook/guestbook-archives/ HTTP/1.1" 200 70868 "http://jodyyoung.com/" "Mozilla/5.0 (Windows NT 6.1) AppleWebKit/537.36 (KHTML, like Gecko) Chrome/27.0.1453.116 Safari/537.36"
208.115.113.85 - - [19/Aug/2013:07:24:55 -0400] "GET /shariki=514 HTTP/1.1" 404 575 "-" "Mozilla/5.0 (compatible; Ezooms/1.0; ezooms.bot@gmail.com)"
208.115.111.69 - - [19/Aug/2013:17:10:02 -0400] "GET /shariki=2343 HTTP/1.1" 404 575 "-" "Mozilla/5.0 (compatible; Ezooms/1.0; ezooms.bot@gmail.com)"
10.30.72.4 - - [19/Aug/2013:20:29:37 -0400] "POST /wordpress1/wp-cron.php?doing_wp_cron=1376958577.6191411018371582031250 HTTP/1.0" 200 - "-" "WordPress/3.5.2; http://jodyyoung.com/wordpress1"
208.115.111.69 - - [19/Aug/2013:01:18:02 -0400] "GET /shariki=2492 HTTP/1.1" 404 575 "-" "Mozilla/5.0 (compatible; Ezooms/1.0; ezooms.bot@gmail.com)"
113.212.70.212 - - [19/Aug/2013:09:36:34 -0400] "GET /wordpress1/guestbook/guestbook-archives/ HTTP/1.1" 200 70868 "http://jodyyoung.com/" "Mozilla/5.0 (Macintosh; Intel Mac OS X 10_8_4) AppleWebKit/537.36 (KHTML, like Gecko) Chrome/27.0.1453.116 Safari/537.36"
66.249.75.184 - - [19/Aug/2013:13:01:21 -0400] "GET /wordpress1/ HTTP/1.1" 200 57655 "-" "Mozilla/5.0 (iPhone; U; CPU iPhone OS 4_1 like Mac OS X; en-us) AppleWebKit/532.9 (KHTML, like Gecko) Version/4.0.5 Mobile/8B117 Safari/6531.22.7 (compatible; Googlebot-Mobile/2.1; +http://www.google.com/bot.html)"
93.159.230.87 - - [19/Aug/2013:14:57:06 -0400] "GET /wordpress1/ HTTP/1.1" 200 58295 "-" "Mozilla/4.0 (compatible; MSIE 8.0; Windows NT 5.1; Trident/4.0; Mozilla/4.0 (compatible; MSIE 6.0; Windows NT 5.1; SV1) ; .NET CLR 2.0.50727; .NET CLR 1.1.4322; .NET CLR 3.0.04506.30)"
121.222.20.51 - - [19/Aug/2013:05:15:55 -0400] "GET / HTTP/1.1" 301 244 "https://www.google.com.au/" "Mozilla/5.0 (Windows NT 6.1) AppleWebKit/537.36 (KHTML, like Gecko) Chrome/28.0.1500.95 Safari/537.36"
121.222.20.51 - - [19/Aug/2013:05:15:55 -0400] "GET /wordpress1/ HTTP/1.1" 301 - "https://www.google.com.au/" "Mozilla/5.0 (Windows NT 6.1) AppleWebKit/537.36 (KHTML, like Gecko) Chrome/28.0.1500.95 Safari/537.36"
123.125.71.20 - - [19/Aug/2013:22:52:42 -0400] "GET /robots.txt HTTP/1.1" 404 575 "-" "Mozilla/5.0 (compatible; Baiduspider/2.0; +http://www.baidu.com/search/spider.html)"
208.115.113.85 - - [19/Aug/2013:15:22:38 -0400] "GET /shariki=1332 HTTP/1.1" 404 575 "-" "Mozilla/5.0 (compatible; Ezooms/1.0; ezooms.bot@gmail.com)"
208.115.111.69 - - [19/Aug/2013:09:12:35 -0400] "GET /shariki=327 HTTP/1.1" 404 575 "-" "Mozilla/5.0 (compatible; Ezooms/1.0; ezooms.bot@gmail.com)"
208.115.113.85 - - [19/Aug/2013:11:15:47 -0400] "GET /shariki=1841 HTTP/1.1" 404 575 "-" "Mozilla/5.0 (compatible; Ezooms/1.0; ezooms.bot@gmail.com)"
91.121.17.219 - - [19/Aug/2013:01:29:35 -0400] "GET /wordpress1/ HTTP/1.1" 200 58295 "http://www.jodyyoung.com/" "Mozilla/5.0 (X11; Linux x86_64) AppleWebKit/537.36 (KHTML, like Gecko) Chrome/28.0.1500.71 Safari/537.36"
79.78.242.248 - - [19/Aug/2013:14:05:45 -0400] "GET /wordpress1/wp-content/plugins/kino-event-calendar-plugin/js/main.js HTTP/1.1" 200 1105 "http://jodyyoung.com/wordpress1/" "Mozilla/5.0 (Linux; U; Android 2.3.3; en-gb; GT-S5830 Build/GINGERBREAD) AppleWebKit/533.1 (KHTML, like Gecko) Version/4.0 Mobile Safari/533.1"
72.14.199.184 - - [19/Aug/2013:14:23:19 -0400] "GET /wordpress1/comments/feed/ HTTP/1.1" 200 3283 "-" "Feedfetcher-Google; (+http://www.google.com/feedfetcher.html; 1 subscribers; feed-id=8917805572480071123)"
10.30.72.4 - - [19/Aug/2013:03:49:50 -0400] "POST /wordpress1/wp-cron.php?doing_wp_cron=1376898590.3908629417419433593750 HTTP/1.0" 200 - "-" "WordPress/3.5.2; http://jodyyoung.com/wordpress1"
93.159.230.87 - - [19/Aug/2013:14:57:09 -0400] "GET /wordpress1/wp-content/plugins/kino-event-calendar-plugin/js/tools.tooptip.slide-1.0.0.min.js HTTP/1.1" 200 1087 "http://jodyyoung.com/wordpress1/" "Mozilla/4.0 (compatible; MSIE 8.0; Windows NT 5.1; Trident/4.0; Mozilla/4.0 (compatible; MSIE 6.0; Windows NT 5.1; SV1) ; .NET CLR 2.0.50727; .NET CLR 1.1.4322; .NET CLR 3.0.04506.30)"
74.82.64.66 - - [19/Aug/2013:09:34:13 -0400] "GET /wordpress1/wp-content/uploads/2011/11/JYATlogo.jpg HTTP/1.1" 200 14807 "http://jodyyoung.com/wordpress1/" "BlackBerry8530/5.0.0.634 Profile/MIDP-2.1 Configuration/CLDC-1.1 VendorID/315"
74.82.64.66 - - [19/Aug/2013:09:34:13 -0400] "GET /wordpress1/wp-content/plugins/kino-event-calendar-plugin/js/tools.tooltip-1.1.2.js HTTP/1.1" 200 8427 "http://jodyyoung.com/wordpress1/" "BlackBerry8530/5.0.0.634 Profile/MIDP-2.1 Configuration/CLDC-1.1 VendorID/315"
