74.82.64.66 - - [19/Aug/2013:09:34:13 -0400] "GET /wordpress1/wp-content/plugins/kino-event-calendar-plugin/js/tools.tooltip.dynamic-1.0.1.min.js HTTP/1.1" 200 1928 "http://jodyyoung.com/wordpress1/" "BlackBerry8530/5.0.0.634 Profile/MIDP-2.1 Configuration/CLDC-1.1 VendorID/315"
74.82.64.66 - - [19/Aug/2013:09:34:13 -0400] "GET /wordpress1/wp-content/plugins/kino-event-calendar-plugin/css/main.css HTTP/1.1" 200 710 "http://jodyyoung.com/wordpress1/" "BlackBerry8530/5.0.0.634 Profile/MIDP-2.1 Configuration/CLDC-1.1 VendorID/315"
74.82.64.66 - - [19/Aug/2013:09:34:13 -0400] "GET /favicon.ico HTTP/1.1" 404 575 "http://jodyyoung.com/wordpress1/" "BlackBerry8530/5.0.0.634 Profile/MIDP-2.1 Configuration/CLDC-1.1 VendorID/315"
74.82.64.66 - - [19/Aug/2013:09:34:13 -0400] "GET /wordpress1/wp-content/themes/atahualpa/images/header/jyatHD17.jpg HTTP/1.1" 200 52818 "http://jodyyoung.com/wordpress1/" "BlackBerry8530/5.0.0.634 Profile/MIDP-2.1 Configuration/CLDC-1.1 VendorID/315"
198.27.82.114 - - [19/Aug/2013:10:42:45 -0400] "GET /wordpress1/guestbook/ HTTP/1.1" 200 59403 "-" "Mozilla/4.0 (compatible; MSIE 6.0; Windows NT 5.1; SV1)"
208.115.111.69 - - [19/Aug/2013:17:15:05 -0400] "GET /shariki=606 HTTP/1.1" 404 575 "-" "Mozilla/5.0 (compatible; Ezooms/1.0; ezooms.bot@gmail.com)"
208.115.113.85 - - [19/Aug/2013:02:24:08 -0400] "GET /robots.txt HTTP/1.1" 404 575 "-" "Mozilla/5.0 (compatible; Ezooms/1.0; ezooms.bot@gmail.com)"
137.175.11.1 - - [19/Aug/2013:04:41:39 -0400] "GET /wordpress1/guestbook/guestbook-archives/ HTTP/1.0" 200 70864 "http://jodyyoung.com/wordpress1/guestbook/guestbook-archives/" "Mozilla/5.0 (Windows NT 6.1; rv:17.0) Gecko/20100101 Firefox/17.0"
117.27.138.148 - - [19/Aug/2013:04:58:10 -0400] "POST /wordpress1/wp-comments-post.php HTTP/1.0" 500 4120 "http://jodyyoung.com/wordpress1/guestbook/" "Mozilla/5.0 (Windows NT 6.2) AppleWebKit/537.11 (KHTML, like Gecko) Chrome/23.0.1271.64 Safari/537.11"
208.115.111.69 - - [19/Aug/2013:05:11:47 -0400] "GET /shariki=2177 HTTP/1.1" 404 575 "-" "Mozilla/5.0 (compatible; Ezooms/1.0; ezooms.bot@gmail.com)"
199.58.86.206 - - [19/Aug/2013:05:26:39 -0400] "GET / HTTP/1.0" 301 244 "-" "Mozilla/5.0 (compatible; MJ12bot/v1.4.3; http://www.majestic12.co.uk/bot.php?+)"
66.249.75.184 - - [19/Aug/2013:05:45:49 -0400] "GET /wordpress1/flagallery/247-2/ HTTP/1.1" 200 20007 "-" "Mozilla/5.0 (compatible; Googlebot/2.1; +http://www.google.com/bot.html)"
208.115.111.69 - - [19/Aug/2013:21:19:15 -0400] "GET /shariki=1284 HTTP/1.1" 404 575 "-" "Mozilla/5.0 (compatible; Ezooms/1.0; ezooms.bot@gmail.com)"
66.249.75.122 - - [19/Aug/2013:21:35:10 -0400] "GET /robots.txt HTTP/1.1" 404 575 "-" "Mozilla/5.0 (compatible; Googlebot/2.1; +http://www.google.com/bot.html)"
100.43.83.155 - - [19/Aug/2013:10:15:37 -0400] "GET /wordpress1/california/ HTTP/1.1" 200 59628 "-" "Mozilla/5.0 (compatible; YandexBot/3.0; +http://yandex.com/bots)"
208.115.113.85 - - [19/Aug/2013:11:21:04 -0400] "GET /shariki=217 HTTP/1.1" 404 575 "-" "Mozilla/5.0 (compatible; Ezooms/1.0; ezooms.bot@gmail.com)"
208.115.113.85 - - [19/Aug/2013:07:24:48 -0400] "GET /shariki=11 HTTP/1.1" 404 575 "-" "Mozilla/5.0 (compatible; Ezooms/1.0; ezooms.bot@gmail.com)"
108.186.4.18 - - [19/Aug/2013:15:42:58 -0400] "GET /guestbook.html HTTP/1.0" 200 8916 "http://www.jodyyoung.com/guestbook.html" "Mozilla/5.0 (Windows NT 6.1; WOW64; rv:9.0.1) Gecko/20100101 Firefox/9.0.1"
66.249.75.184 - - [19/Aug/2013:22:04:12 -0400] "GET /wordpress1/wp-content/plugins/kino-event-calendar-plugin/css/main.css HTTP/1.1" 200 710 "-" "Mozilla/5.0 (compatible; Googlebot/2.1; +http://www.google.com/bot.html)"
46.119.114.170 - - [19/Aug/2013:18:04:56 -0400] "GET /wordpress1/guestbook/ HTTP/1.0" 200 59405 "http://jodyyoung.com/wordpress1/guestbook/" "Mozilla/5.0 (Windows NT 6.1; WOW64) AppleWebKit/537.11 (KHTML, like Gecko) Chrome/23.0.1271.64 Safari/537.11"
178.158.221.73 - - [19/Aug/2013:18:44:01 -0400] "GET /guestbook.html HTTP/1.1" 200 8916 "-" "Mozilla/4.0 (compatible; MSIE 6.0; Windows NT 5.1; SV1)"
10.30.72.4 - - [19/Aug/2013:18:50:56 -0400] "POST /wordpress1/wp-cron.php?doing_wp_cron=1376952656.0120120048522949218750 HTTP/1.0" 200 - "-" "WordPress/3.5.2; http://jodyyoung.com/wordpress1"
208.115.113.85 - - [19/Aug/2013:19:23:26 -0400] "GET /shariki=173 HTTP/1.1" 404 575 "-" "Mozilla/5.0 (compatible; Ezooms/1.0; ezooms.bot@gmail.com)"
208.115.113.85 - - [19/Aug/2013:03:17:28 -0400] "GET /shariki=1968 HTTP/1.1" 404 575 "-" "Mozilla/5.0 (compatible; Ezooms/1.0; ezooms.bot@gmail.com)"
137.175.11.1 - - [19/Aug/2013:04:41:37 -0400] "POST /wordpress1/wp-comments-post.php HTTP/1.0" 500 4120 "http://jodyyoung.com/wordpress1/guestbook/guestbook-archives/" "Mozilla/5.0 (Windows NT 6.1; rv:17.0) Gecko/20100101 Firefox/17.0"
10.30.72.4 - - [19/Aug/2013:07:05:53 -0400] "POST /wordpress1/wp-cron.php?doing_wp_cron=1376910353.8793230056762695312500 HTTP/1.0" 200 - "-" "WordPress/3.5.2; http://jodyyoung.com/wordpress1"
78.111.147.88 - - [19/Aug/2013:16:17:50 -0400] "POST /wp-login.php HTTP/1.0" 404 575 "-" "Mozilla/3.0 (compatible; Indy Library)"
208.115.111.69 - - [19/Aug/2013:17:14:58 -0400] "GET /shariki=1563 HTTP/1.1" 404 575 "-" "Mozilla/5.0 (compatible; Ezooms/1.0; ezooms.bot@gmail.com)"
208.115.111.69 - - [19/Aug/2013:17:15:01 -0400] "GET /shariki=2145 HTTP/1.1" 404 575 "-" "Mozilla/5.0 (compatible; Ezooms/1.0; ezooms.bot@gmail.com)"
208.115.113.85 - - [19/Aug/2013:03:17:31 -0400] "GET /shariki=2153 HTTP/1.1" 404 575 "-" "Mozilla/5.0 (compatible; Ezooms/1.0; ezooms.bot@gmail.com)"
137.175.11.1 - - [19/Aug/2013:04:41:35 -0400] "GET /wordpress1/guestbook/guestbook-archives/ HTTP/1.0" 200 70864 "http://jodyyoung.com/wordpress1/guestbook/guestbook-archives/" "Mozilla/5.0 (Windows NT 6.1; rv:17.0) Gecko/20100101 Firefox/17.0"
208.115.111.69 - - [19/Aug/2013:05:11:40 -0400] "GET /shariki=1429 HTTP/1.1" 404 575 "-" "Mozilla/5.0 (compatible; Ezooms/1.0; ezooms.bot@gmail.com)"
208.115.113.85 - - [19/Aug/2013:23:30:03 -0400] "GET /shariki=1254 HTTP/1.1" 404 575 "-" "Mozilla/5.0 (compatible; Ezooms/1.0; ezooms.bot@gmail.com)"
66.249.75.184 - - [19/Aug/2013:02:27:28 -0400] "GET /wordpress1/gallery/ HTTP/1.1" 200 82634 "-" "Mozilla/5.0 (compatible; Googlebot/2.1; +http://www.google.com/bot.html)"
208.115.111.69 - - [19/Aug/2013:13:12:33 -0400] "GET /shariki=2339 HTTP/1.1" 404 575 "-" "Mozilla/5.0 (compatible; Ezooms/1.0; ezooms.bot@gmail.com)"
46.119.114.170 - - [19/Aug/2013:18:04:59 -0400] "POST /wordpress1/wp-comments-post.php HTTP/1.0" 500 4120 "http://jodyyoung.com/wordpress1/guestbook/" "Mozilla/5.0 (Windows NT 6.1; WOW64) AppleWebKit/537.11 (KHTML, like Gecko) Chrome/23.0.1271.64 Safari/537.11"
113.212.70.212 - - [19/Aug/2013:04:36:15 -0400] "GET /wordpress1/guestbook/guestbook-archives/ HTTP/1.1" 200 70868 "http://jodyyoung.com/" "Mozilla/4.0 (compatible; MSIE 6.0; Windows NT 5.1; SV1; FunWebProducts; .NET CLR 1.1.4322; PeoplePal 6.2)"
208.115.111.69 - - [19/Aug/2013:05:11:46 -0400] "GET /shariki=2257 HTTP/1.1" 404 575 "-" "Mozilla/5.0 (compatible; Ezooms/1.0; ezooms.bot@gmail.com)"
10.30.72.4 - - [19/Aug/2013:05:26:28 -0400] "POST /wordpress1/wp-cron.php?doing_wp_cron=1376904388.3232638835906982421875 HTTP/1.0" 200 - "-" "WordPress/3.5.2; http://jodyyoung.com/wordpress1"
208.115.111.69 - - [19/Aug/2013:09:12:37 -0400] "GET /shariki=2128 HTTP/1.1" 404 575 "-" "Mozilla/5.0 (compatible; Ezooms/1.0; ezooms.bot@gmail.com)"
5.10.83.65 - - [19/Aug/2013:10:12:31 -0400] "GET /robots.txt HTTP/1.1" 404 575 "-" "Mozilla/5.0 (compatible; AhrefsBot/5.0; +http://ahrefs.com/robot/)"
208.115.111.69 - - [19/Aug/2013:13:11:11 -0400] "GET /shariki=940 HTTP/1.1" 404 575 "-" "Mozilla/5.0 (compatible; Ezooms/1.0; ezooms.bot@gmail.com)"
79.78.242.248 - - [19/Aug/2013:14:05:45 -0400] "GET /wordpress1/wp-includes/js/jquery/jquery.js?ver=1.8.3 HTTP/1.1" 200 93658 "http://jodyyoung.com/wordpress1/" "Mozilla/5.0 (Linux; U; Android 2.3.3; en-gb; GT-S5830 Build/GINGERBREAD) AppleWebKit/533.1 (KHTML, like Gecko) Version/4.0 Mobile Safari/533.1"
91.121.17.219 - - [19/Aug/2013:08:46:44 -0400] "GET /wordpress1/2012/10/25/new-web-site/ HTTP/1.1" 200 61413 "http://jodyyoung.com/" "Mozilla/5.0 (Macintosh; Intel Mac OS X 10.7; rv:21.0) Gecko/20100101 Firefox/21.0"
208.115.113.85 - - [19/Aug/2013:06:24:41 -0400] "GET /robots.txt HTTP/1.1" 404 575 "-" "Mozilla/5.0 (compatible; Ezooms/1.0; ezooms.bot@gmail.com)"
74.82.64.66 - - [19/Aug/2013:09:34:13 -0400] "GET /wordpress1/wp-content/uploads/2012/10/P5210108ao-300x225.jpg HTTP/1.1" 200 26577 "http://jodyyoung.com/wordpress1/" "BlackBerry8530/5.0.0.634 Profile/MIDP-2.1 Configuration/CLDC-1.1 VendorID/315"
208.115.113.85 - - [19/Aug/2013:11:20:57 -0400] "GET /wordpress1/contact/ HTTP/1.1" 200 60305 "-" "Mozilla/5.0 (compatible; Ezooms/1.0; ezooms.bot@gmail.com)"
208.115.113.85 - - [19/Aug/2013:15:22:41 -0400] "GET /shariki=1962 HTTP/1.1" 404 575 "-" "Mozilla/5.0 (compatible; Ezooms/1.0; ezooms.bot@gmail.com)"
66.249.75.184 - - [19/Aug/2013:17:02:34 -0400] "GET /wordpress1/2013/05/15/arches-canyonlands-again/ HTTP/1.1" 200 58600 "-" "SAMSUNG-SGH-E250/1.0 Profile/MIDP-2.0 Configuration/CLDC-1.1 UP.Browser/6.2.3.3.c.1.101 (GUI) MMP/2.0 (compatible; Googlebot-Mobile/2.1; +http://www.google.com/bot.html)"
208.115.111.69 - - [19/Aug/2013:13:12:33 -0400] "GET /shariki=2398 HTTP/1.1" 404 575 "-" "Mozilla/5.0 (compatible; Ezooms/1.0; ezooms.bot@gmail.com)"
208.115.111.69 - - [19/Aug/2013:13:12:38 -0400] "GET /shariki=334 HTTP/1.1" 404 575 "-" "Mozilla/5.0 (compatible; Ezooms/1.0; ezooms.bot@gmail.com)"
78.111.154.71 - - [19/Aug/2013:00:37:42 -0400] "POST /wp-login.php HTTP/1.0" 404 575 "-" "Mozilla/3.0 (compatible; Indy Library)"
208.115.111.69 - - [19/Aug/2013:01:18:07 -0400] "GET /shariki=594 HTTP/1.1" 404 575 "-" "Mozilla/5.0 (compatible; Ezooms/1.0; ezooms.bot@gmail.com)"
212.0.91.237 - - [19/Aug/2013:01:50:59 -0400] "POST /wp-login.php HTTP/1.0" 404 575 "-" "Mozilla/3.0 (compatible; Indy Library)"
208.115.111.69 - - [19/Aug/2013:04:21:18 -0400] "GET /robots.txt HTTP/1.1" 404 575 "-" "Mozilla/5.0 (compatible; Ezooms/1.0; ezooms.bot@gmail.com)"
208.115.111.69 - - [19/Aug/2013:05:11:43 -0400] "GET /shariki=2434 HTTP/1.1" 404 575 "-" "Mozilla/5.0 (compatible; Ezooms/1.0; ezooms.bot@gmail.com)"
10.30.72.4 - - [19/Aug/2013:21:51:16 -0400] "POST /wordpress1/wp-cron.php?doing_wp_cron=1376963475.9683079719543457031250 HTTP/1.0" 200 - "-" "WordPress/3.5.2; http://jodyyoung.com/wordpress1"
208.115.113.85 - - [19/Aug/2013:15:22:46 -0400] "GET /shariki=510 HTTP/1.1" 404 575 "-" "Mozilla/5.0 (compatible; Ezooms/1.0; ezooms.bot@gmail.com)"
66.249.75.184 - - [19/Aug/2013:16:19:33 -0400] "GET /robots.txt HTTP/1.1" 404 575 "-" "Mozilla/5.0 (compatible; Googlebot/2.1; +http://www.google.com/bot.html)"
66.249.75.184 - - [19/Aug/2013:16:19:33 -0400] "GET /wordpress1/flagallery/colorado-scenes/ HTTP/1.1" 200 10304 "-" "Mozilla/5.0 (iPhone; U; CPU iPhone OS 4_1 like Mac OS X; en-us) AppleWebKit/532.9 (KHTML, like Gecko) Version/4.0.5 Mobile/8B117 Safari/6531.22.7 (compatible; Googlebot-Mobile/2.1; +http://www.google.com/bot.html)"
208.115.111.69 - - [19/Aug/2013:17:14:59 -0400] "GET /shariki=1917 HTTP/1.1" 404 575 "-" "Mozilla/5.0 (compatible; Ezooms/1.0; ezooms.bot@gmail.com)"
142.54.187.66 - - [19/Aug/2013:03:49:52 -0400] "POST /wordpress1/wp-comments-post.php HTTP/1.0" 500 4120 "http://jodyyoung.com/wordpress1/2012/10/25/new-web-site/" "Mozilla/4.0 (compatible; MSIE 6.0; Windows NT 5.0)"
79.78.242.248 - - [19/Aug/2013:14:05:49 -0400] "GET /wordpress1/wp-content/themes/atahualpa/images/rss-gray.png HTTP/1.1" 200 379 "http://jodyyoung.com/wordpress1/" "Mozilla/5.0 (Linux; U; Android 2.3.3; en-gb; GT-S5830 Build/GINGERBREAD) AppleWebKit/533.1 (KHTML, like Gecko) Version/4.0 Mobile Safari/533.1"
208.115.113.85 - - [19/Aug/2013:14:24:31 -0400] "GET /robots.txt HTTP/1.1" 404 575 "-" "Mozilla/5.0 (compatible; Ezooms/1.0; ezooms.bot@gmail.com)"
10.30.72.4 - - [19/Aug/2013:01:01:06 -0400] "POST /wordpress1/wp-cron.php?doing_wp_cron=1376888466.6909890174865722656250 HTTP/1.0" 200 - "-" "WordPress/3.5.2; http://jodyyoung.com/wordpress1"
217.43.53.36 - - [19/Aug/2013:02:55:59 -0400] "GET /wordpress1/wp-content/plugins/kino-event-calendar-plugin/js/tools.tooltip-1.1.2.js HTTP/1.1" 200 8427 "http://jodyyoung.com/wordpress1/" "Mozilla/5.0 (iPad; CPU OS 6_1_3 like Mac OS X) AppleWebKit/536.26 (KHTML, like Gecko) Version/6.0 Mobile/10B329 Safari/8536.25"
217.43.53.36 - - [19/Aug/2013:02:56:00 -0400] "GET /wordpress1/wp-content/plugins/kino-event-calendar-plugin/js/main.js HTTP/1.1" 200 1105 "http://jodyyoung.com/wordpress1/" "Mozilla/5.0 (iPad; CPU OS 6_1_3 like Mac OS X) AppleWebKit/536.26 (KHTML, like Gecko) Version/6.0 Mobile/10B329 Safari/8536.25"
180.76.5.21 - - [19/Aug/2013:07:48:25 -0400] "GET /wordpress1/wp-includes/wlwmanifest.xml HTTP/1.1" 200 1052 "-" "Mozilla/5.0 (compatible; Baiduspider/2.0; +http://www.baidu.com/search/spider.html)"
113.212.70.212 - - [19/Aug/2013:11:01:23 -0400] "GET /wordpress1/guestbook/guestbook-archives/ HTTP/1.1" 200 70868 "http://jodyyoung.com/" "Opera/9.80 (Windows NT 6.2; Win64; x64) Presto/2.12.388 Version/12.15"
208.115.113.85 - - [19/Aug/2013:11:20:54 -0400] "GET /shariki=516 HTTP/1.1" 404 575 "-" "Mozilla/5.0 (compatible; Ezooms/1.0; ezooms.bot@gmail.com)"
94.23.148.139 - - [19/Aug/2013:13:45:50 -0400] "GET /wordpress1/guestbook/guestbook-archives/ HTTP/1.1" 200 70866 "-" "Mozilla/5.0 (compatible; MSIE 9.0; Windows NT 6.0; Trident/5.0)"
10.30.72.4 - - [19/Aug/2013:13:45:52 -0400] "POST /wordpress1/wp-cron.php?doing_wp_cron=1376934352.1842548847198486328125 HTTP/1.0" 200 - "-" "WordPress/3.5.2; http://jodyyoung.com/wordpress1"
216.244.79.135 - - [19/Aug/2013:14:04:17 -0400] "GET /GBArchive.htm HTTP/1.1" 200 13949 "-" "Mozilla/4.0 (compatible; MSIE 6.0; Windows NT 5.1; SV1; Mozilla/4.0 (compatible; MSIE 6.0; Windows NT 5.1; SV1) ; .NET CLR 1.0.3705)"
194.153.113.13 - - [19/Aug/2013:16:09:05 -0400] "GET /wordpress1/ HTTP/1.1" 200 58297 "-" "Mozilla/5.0 (compatible; oBot/2.3.1; +http://filterdb.iss.net/crawler/)"
185.3.134.242 - - [19/Aug/2013:21:20:12 -0400] "POST /wordpress1/xmlrpc.php HTTP/1.0" 200 370 "http://jodyyoung.com/wordpress1/" "PHP/5.2.10"
113.212.70.212 - - [19/Aug/2013:01:01:05 -0400] "GET /wordpress1/guestbook/guestbook-archives/ HTTP/1.1" 200 70868 "http://jodyyoung.com/" "Mozilla/5.0 (Windows NT 6.2) AppleWebKit/537.36 (KHTML, like Gecko) Chrome/27.0.1453.116 Safari/537.36"
208.115.111.69 - - [19/Aug/2013:01:18:03 -0400] "GET /shariki=291 HTTP/1.1" 404 575 "-" "Mozilla/5.0 (compatible; Ezooms/1.0; ezooms.bot@gmail.com)"
142.54.187.66 - - [19/Aug/2013:03:49:48 -0400] "GET /wordpress1/2012/10/25/new-web-site/ HTTP/1.0" 200 61413 "http://jodyyoung.com/wordpress1/2012/10/25/new-web-site/" "Mozilla/4.0 (compatible; MSIE 6.0; Windows NT 5.0)"
208.115.111.69 - - [19/Aug/2013:05:11:03 -0400] "GET /shariki=1082 HTTP/1.1" 404 575 "-" "Mozilla/5.0 (compatible; Ezooms/1.0; ezooms.bot@gmail.com)"
208.115.113.85 - - [19/Aug/2013:07:24:51 -0400] "GET /shariki=1847 HTTP/1.1" 404 575 "-" "Mozilla/5.0 (compatible; Ezooms/1.0; ezooms.bot@gmail.com)"
208.115.113.85 - - [19/Aug/2013:07:24:57 -0400] "GET /shariki=681 HTTP/1.1" 404 575 "-" "Mozilla/5.0 (compatible; Ezooms/1.0; ezooms.bot@gmail.com)"
100.43.83.155 - - [19/Aug/2013:07:26:06 -0400] "GET /robots.txt HTTP/1.1" 404 575 "-" "Mozilla/5.0 (compatible; YandexBot/3.0; +http://yandex.com/bots)"
208.115.111.69 - - [19/Aug/2013:09:09:57 -0400] "GET /shariki=2445 HTTP/1.1" 404 575 "-" "Mozilla/5.0 (compatible; Ezooms/1.0; ezooms.bot@gmail.com)"
82.14.91.155 - - [19/Aug/2013:21:20:09 -0400] "GET /wordpress1/ HTTP/1.1" 200 58293 "http://jodyyoung.com/" "Mozilla/5.0 (compatible; MSIE 9.0; Windows NT 6.1; Trident/5.0)"
66.249.75.122 - - [19/Aug/2013:21:35:10 -0400] "GET /utah.html HTTP/1.1" 304 - "-" "Mozilla/5.0 (iPhone; U; CPU iPhone OS 4_1 like Mac OS X; en-us) AppleWebKit/532.9 (KHTML, like Gecko) Version/4.0.5 Mobile/8B117 Safari/6531.22.7 (compatible; Googlebot-Mobile/2.1; +http://www.google.com/bot.html)"
123.125.71.32 - - [19/Aug/2013:14:16:20 -0400] "GET /robots.txt HTTP/1.1" 404 575 "-" "Mozilla/5.0 (compatible; Baiduspider/2.0; +http://www.baidu.com/search/spider.html)"
93.159.230.87 - - [19/Aug/2013:14:57:08 -0400] "GET /wordpress1/wp-content/plugins/flash-album-gallery/admin/js/swfaddress.js?ver=2.4 HTTP/1.1" 200 15916 "http://jodyyoung.com/wordpress1/" "Mozilla/4.0 (compatible; MSIE 8.0; Windows NT 5.1; Trident/4.0; Mozilla/4.0 (compatible; MSIE 6.0; Windows NT 5.1; SV1) ; .NET CLR 2.0.50727; .NET CLR 1.1.4322; .NET CLR 3.0.04506.30)"
37.140.165.197 - - [19/Aug/2013:18:44:02 -0400] "GET /wordpress1/wp-content/uploads/2011/11/PA120042aoco-300x225.jpg HTTP/1.1" 304 - "-" "Mozilla/5.0 (compatible; YandexImages/3.0; +http://yandex.com/bots)"
208.115.113.85 - - [19/Aug/2013:19:23:25 -0400] "GET /shariki=1336 HTTP/1.1" 404 575 "-" "Mozilla/5.0 (compatible; Ezooms/1.0; ezooms.bot@gmail.com)"
211.244.83.232 - - [19/Aug/2013:18:06:42 -0400] "GET / HTTP/1.1" 301 240 "http://search.daum.net/" "Mozilla/5.0 (compatible; MSIE or Firefox mutant; not on Windows server; + http://tab.search.daum.net/aboutWebSearch.html) Daumoa/3.0"
211.244.83.232 - - [19/Aug/2013:18:06:42 -0400] "GET /wordpress1/ HTTP/1.1" 200 58297 "http://search.daum.net/" "Mozilla/5.0 (compatible; MSIE or Firefox mutant; not on Windows server; + http://tab.search.daum.net/aboutWebSearch.html) Daumoa/3.0"
10.30.72.4 - - [19/Aug/2013:18:12:49 -0400] "POST /wordpress1/wp-cron.php?doing_wp_cron=1376950369.2105998992919921875000 HTTP/1.0" 200 - "-" "WordPress/3.5.2; http://jodyyoung.com/wordpress1"
72.14.199.184 - - [19/Aug/2013:22:20:06 -0400] "GET /wordpress1/comments/feed/ HTTP/1.1" 200 3283 "-" "Feedfetcher-Google; (+http://www.google.com/feedfetcher.html; 1 subscribers; feed-id=8917805572480071123)"
198.100.149.163 - - [19/Aug/2013:23:39:15 -0400] "GET /wordpress1/guestbook/ HTTP/1.0" 200 59407 "http://jodyyoung.com/wordpress1/guestbook/" "Mozilla/5.0 (Windows NT 6.1; WOW64; rv:18.0) Gecko/20100101 Firefox/18.0"
198.100.149.163 - - [19/Aug/2013:23:39:57 -0400] "POST /wordpress1/wp-comments-post.php HTTP/1.0" 500 4120 "http://jodyyoung.com/wordpress1/guestbook/" "Mozilla/5.0 (Windows NT 6.1; WOW64; rv:18.0) Gecko/20100101 Firefox/18.0"
208.115.111.69 - - [19/Aug/2013:09:12:32 -0400] "GET /shariki=590 HTTP/1.1" 404 575 "-" "Mozilla/5.0 (compatible; Ezooms/1.0; ezooms.bot@gmail.com)"
208.115.113.85 - - [19/Aug/2013:11:20:59 -0400] "GET /shariki=13 HTTP/1.1" 404 575 "-" "Mozilla/5.0 (compatible; Ezooms/1.0; ezooms.bot@gmail.com)"
10.30.72.4 - - [19/Aug/2013:15:29:00 -0400] "POST /wordpress1/wp-cron.php?doing_wp_cron=1376940540.0350680351257324218750 HTTP/1.0" 200 - "-" "WordPress/3.5.2; http://jodyyoung.com/wordpress1"
208.115.113.85 - - [19/Aug/2013:03:17:30 -0400] "GET /shariki=2018 HTTP/1.1" 404 575 "-" "Mozilla/5.0 (compatible; Ezooms/1.0; ezooms.bot@gmail.com)"
79.78.242.248 - - [19/Aug/2013:14:05:45 -0400] "GET /wordpress1/wp-content/plugins/kino-event-calendar-plugin/js/jquery-ui-1.7.2.custom.min.js HTTP/1.1" 200 107835 "http://jodyyoung.com/wordpress1/" "Mozilla/5.0 (Linux; U; Android 2.3.3; en-gb; GT-S5830 Build/GINGERBREAD) AppleWebKit/533.1 (KHTML, like Gecko) Version/4.0 Mobile Safari/533.1"
66.249.75.184 - - [19/Aug/2013:03:09:26 -0400] "GET /robots.txt HTTP/1.1" 404 575 "-" "Mozilla/5.0 (compatible; Googlebot/2.1; +http://www.google.com/bot.html)"
66.249.75.184 - - [19/Aug/2013:04:40:51 -0400] "GET /wordpress1/wp-content/plugins/jetpack/modules/widgets/widgets.css?ver=20121003 HTTP/1.1" 200 204 "-" "Mozilla/5.0 (compatible; Googlebot/2.1; +http://www.google.com/bot.html)"
99.42.221.75 - - [19/Aug/2013:04:40:58 -0400] "GET /wordpress1/wp-content/flagallery/jodys-world/s1040074a.jpg HTTP/1.1" 200 308600 "https://www.google.com/" "Mozilla/5.0 (Windows NT 6.1; WOW64) AppleWebKit/537.36 (KHTML, like Gecko) Chrome/28.0.1500.95 Safari/537.36"
24.15.216.13 - - [19/Aug/2013:07:05:52 -0400] "GET / HTTP/1.1" 301 244 "-" "Mozilla/5.0 (Macintosh; Intel Mac OS X 10.8; rv:21.0) Gecko/20100101 Firefox/21.0"
24.15.216.13 - - [19/Aug/2013:07:05:52 -0400] "GET /wordpress1/ HTTP/1.1" 301 - "-" "Mozilla/5.0 (Macintosh; Intel Mac OS X 10.8; rv:21.0) Gecko/20100101 Firefox/21.0"
10.30.72.4 - - [19/Aug/2013:08:46:41 -0400] "POST /wordpress1/wp-cron.php?doing_wp_cron=1376916401.0612399578094482421875 HTTP/1.0" 200 - "-" "WordPress/3.5.2; http://jodyyoung.com/wordpress1"
198.27.82.114 - - [19/Aug/2013:10:42:41 -0400] "POST /wordpress1/wp-comments-post.php HTTP/1.1" 302 - "http://jodyyoung.com/wordpress1/guestbook/" "Mozilla/4.0 (compatible; MSIE 6.0; Windows NT 5.1; SV1; Mozilla/4.0 (compatible; MSIE 6.0; Windows NT 5.1; SV1) ; .NET CLR 1.0.3705)"
72.14.199.184 - - [19/Aug/2013:11:14:59 -0400] "GET /wordpress1/comments/feed/ HTTP/1.1" 200 3283 "-" "Feedfetcher-Google; (+http://www.google.com/feedfetcher.html; 1 subscribers; feed-id=8917805572480071123)"
178.172.183.229 - - [19/Aug/2013:01:20:49 -0400] "GET /shariki=2091 HTTP/1.0" 404 575 "http://www.jodyyoung.com/shariki=2091" "Mozilla/4.0 (compatible; MSIE 6.0; Windows 98; Win 9x 4.90)"
69.20.167.181 - - [19/Aug/2013:01:34:24 -0400] "GET /wordpress1/wp-content/uploads/2012/10/P5210108ao-300x225.jpg HTTP/1.1" 200 26577 "https://www.google.com/" "Mozilla/5.0 (iPhone; CPU iPhone OS 6_1_4 like Mac OS X) AppleWebKit/536.26 (KHTML, like Gecko) Version/6.0 Mobile/10B350 Safari/8536.25"
217.69.133.218 - - [19/Aug/2013:01:59:02 -0400] "GET /shariki=1585 HTTP/1.0" 404 575 "-" "Mozilla/5.0 (compatible; Linux x86_64; Mail.RU_Bot/2.0; +http://go.mail.ru/help/robots)"
208.115.111.69 - - [19/Aug/2013:17:10:20 -0400] "GET /shariki=1442 HTTP/1.1" 404 575 "-" "Mozilla/5.0 (compatible; Ezooms/1.0; ezooms.bot@gmail.com)"
208.115.111.69 - - [19/Aug/2013:17:15:02 -0400] "GET /shariki=2289 HTTP/1.1" 404 575 "-" "Mozilla/5.0 (compatible; Ezooms/1.0; ezooms.bot@gmail.com)"
202.46.50.25 - - [19/Aug/2013:20:20:34 -0400] "GET /shariki=1825 HTTP/1.1" 404 575 "-" "Mozilla/5.0 (Windows; U; Windows NT 5.1; zh-CN; rv:1.9.1.2) Firefox/3.5.2"
174.232.128.219 - - [19/Aug/2013:22:12:33 -0400] "GET /wordpress1/wp-content/uploads/2012/11/pow002-300x225.jpg HTTP/1.1" 200 21137 "https://www.google.com/" "Mozilla/5.0 (iPhone; CPU iPhone OS 6_1 like Mac OS X) AppleWebKit/536.26 (KHTML, like Gecko) Version/6.0 Mobile/10B141 Safari/8536.25"
208.115.113.85 - - [19/Aug/2013:23:30:11 -0400] "GET /shariki=611 HTTP/1.1" 404 575 "-" "Mozilla/5.0 (compatible; Ezooms/1.0; ezooms.bot@gmail.com)"
208.115.113.85 - - [19/Aug/2013:23:30:12 -0400] "GET /shariki=76 HTTP/1.1" 404 575 "-" "Mozilla/5.0 (compatible; Ezooms/1.0; ezooms.bot@gmail.com)"
10.30.72.4 - - [19/Aug/2013:23:38:57 -0400] "POST /wordpress1/wp-cron.php?doing_wp_cron=1376969937.9608459472656250000000 HTTP/1.0" 200 - "-" "WordPress/3.5.2; http://jodyyoung.com/wordpress1"
10.30.72.4 - - [19/Aug/2013:12:26:01 -0400] "POST /wordpress1/wp-cron.php?doing_wp_cron=1376929561.1682519912719726562500 HTTP/1.0" 200 - "-" "WordPress/3.5.2; http://jodyyoung.com/wordpress1"
100.43.83.155 - - [19/Aug/2013:12:34:27 -0400] "GET /alaska.html HTTP/1.1" 200 16500 "-" "Mozilla/5.0 (compatible; YandexBot/3.0; +http://yandex.com/bots)"
100.43.83.155 - - [19/Aug/2013:12:34:29 -0400] "GET / HTTP/1.1" 301 240 "-" "Mozilla/5.0 (compatible; YandexBot/3.0; +http://yandex.com/bots)"
208.115.111.69 - - [19/Aug/2013:13:12:25 -0400] "GET /shariki=1821 HTTP/1.1" 404 575 "-" "Mozilla/5.0 (compatible; Ezooms/1.0; ezooms.bot@gmail.com)"
208.115.111.69 - - [19/Aug/2013:13:12:37 -0400] "GET /shariki=572 HTTP/1.1" 404 575 "-" "Mozilla/5.0 (compatible; Ezooms/1.0; ezooms.bot@gmail.com)"
79.78.242.248 - - [19/Aug/2013:14:05:45 -0400] "GET /wordpress1/wp-content/themes/atahualpa/js/DD_roundies.js?ver=0.0.2a HTTP/1.1" 200 16853 "http://jodyyoung.com/wordpress1/" "Mozilla/5.0 (Linux; U; Android 2.3.3; en-gb; GT-S5830 Build/GINGERBREAD) AppleWebKit/533.1 (KHTML, like Gecko) Version/4.0 Mobile Safari/533.1"
79.78.242.248 - - [19/Aug/2013:14:05:48 -0400] "GET /wordpress1/wp-content/plugins/kino-event-calendar-plugin/rpc.php?action=get_events&start=1374966000000&end=1378594800000&event_id=null HTTP/1.1" 200 3609 "http://jodyyoung.com/wordpress1/" "Mozilla/5.0 (Linux; U; Android 2.3.3; en-gb; GT-S5830 Build/GINGERBREAD) AppleWebKit/533.1 (KHTML, like Gecko) Version/4.0 Mobile Safari/533.1"
89.123.49.32 - - [19/Aug/2013:03:23:03 -0400] "GET / HTTP/1.1" 301 244 "-" "Java/1.6.0_04"
66.249.75.184 - - [19/Aug/2013:04:32:39 -0400] "GET /wordpress1/2013/04/13/arches-canyonlands/ HTTP/1.1" 200 59164 "-" "Mozilla/5.0 (compatible; Googlebot/2.1; +http://www.google.com/bot.html)"
208.115.111.69 - - [19/Aug/2013:17:15:00 -0400] "GET /shariki=1984 HTTP/1.1" 404 575 "-" "Mozilla/5.0 (compatible; Ezooms/1.0; ezooms.bot@gmail.com)"
208.115.113.85 - - [19/Aug/2013:23:30:07 -0400] "GET /shariki=1631 HTTP/1.1" 404 575 "-" "Mozilla/5.0 (compatible; Ezooms/1.0; ezooms.bot@gmail.com)"
198.27.82.114 - - [19/Aug/2013:18:12:52 -0400] "GET /wordpress1/guestbook/guestbook-archives/ HTTP/1.1" 200 70866 "-" "Mozilla/4.0 (compatible; MSIE 6.0; Windows NT 5.1; SV1; Mozilla/4.0 (compatible; MSIE 6.0; Windows NT 5.1; SV1) )"
5.9.251.133 - - [19/Aug/2013:20:29:36 -0400] "GET /wordpress1/guestbook/ HTTP/1.1" 200 59399 "-" "Mozilla/5.0 (compatible; MSIE 9.0; Windows NT 6.0; Trident/5.0)"
213.186.119.135 - - [19/Aug/2013:20:53:19 -0400] "GET /wordpress1/feed/ HTTP/1.1" 200 8101 "-" "AhrefsBot.Feeds v0.1; http://ahrefs.com/"
79.78.242.248 - - [19/Aug/2013:14:05:49 -0400] "GET /wordpress1/wp-content/themes/atahualpa/images/inputbackgr.gif HTTP/1.1" 200 4765 "http://jodyyoung.com/wordpress1/" "Mozilla/5.0 (Linux; U; Android 2.3.3; en-gb; GT-S5830 Build/GINGERBREAD) AppleWebKit/533.1 (KHTML, like Gecko) Version/4.0 Mobile Safari/533.1"
182.118.25.234 - - [19/Aug/2013:06:06:40 -0400] "GET /robots.txt HTTP/1.1" 404 575 "http://www.jodyyoung.com/robots.txt" "Mozilla/5.0 (Windows; U; Windows NT 5.1; zh-CN; rv:1.8.0.11) Firefox/1.5.0.11; 360Spider"
24.15.216.13 - - [19/Aug/2013:07:05:56 -0400] "GET /wordpress1/wp-content/plugins/kino-event-calendar-plugin/js/jquery-ui-1.7.2.custom.min.js HTTP/1.1" 200 107835 "http://jodyyoung.com/wordpress1/" "Mozilla/5.0 (Macintosh; Intel Mac OS X 10.8; rv:21.0) Gecko/20100101 Firefox/21.0"
24.15.216.13 - - [19/Aug/2013:07:05:57 -0400] "GET /wordpress1/wp-content/themes/atahualpa/images/comment-gray.png HTTP/1.1" 200 296 "http://jodyyoung.com/wordpress1/" "Mozilla/5.0 (Macintosh; Intel Mac OS X 10.8; rv:21.0) Gecko/20100101 Firefox/21.0"
24.15.216.13 - - [19/Aug/2013:07:05:59 -0400] "GET /wordpress1/guestbook/guestbook-archives/ HTTP/1.1" 200 70864 "http://jodyyoung.com/wordpress1/" "Mozilla/5.0 (Macintosh; Intel Mac OS X 10.8; rv:21.0) Gecko/20100101 Firefox/21.0"
91.121.17.219 - - [19/Aug/2013:08:46:39 -0400] "GET / HTTP/1.1" 301 244 "http://www.jodyyoung.com/" "Mozilla/5.0 (Macintosh; Intel Mac OS X 10.7; rv:21.0) Gecko/20100101 Firefox/21.0"
91.121.17.219 - - [19/Aug/2013:08:46:39 -0400] "GET /wordpress1/ HTTP/1.1" 301 - "http://www.jodyyoung.com/" "Mozilla/5.0 (Macintosh; Intel Mac OS X 10.7; rv:21.0) Gecko/20100101 Firefox/21.0"
208.115.113.85 - - [19/Aug/2013:19:23:27 -0400] "GET /shariki=19 HTTP/1.1" 404 575 "-" "Mozilla/5.0 (compatible; Ezooms/1.0; ezooms.bot@gmail.com)"
113.212.70.212 - - [19/Aug/2013:19:36:52 -0400] "GET /wordpress1/guestbook/guestbook-archives/ HTTP/1.1" 200 70868 "http://jodyyoung.com/" "Mozilla/5.0 (Macintosh; Intel Mac OS X 10_8_4) AppleWebKit/536.30.1 (KHTML, like Gecko) Version/6.0.5 Safari/536.30.1"
208.115.111.69 - - [19/Aug/2013:21:19:21 -0400] "GET /shariki=1940 HTTP/1.1" 404 575 "-" "Mozilla/5.0 (compatible; Ezooms/1.0; ezooms.bot@gmail.com)"
199.58.86.206 - - [19/Aug/2013:05:26:25 -0400] "GET /wordpress1 HTTP/1.0" 301 240 "-" "Mozilla/5.0 (compatible; MJ12bot/v1.4.3; http://www.majestic12.co.uk/bot.php?+)"
137.175.68.185 - - [19/Aug/2013:11:10:26 -0400] "POST /wordpress1/wp-comments-post.php HTTP/1.0" 500 4120 "http://jodyyoung.com/wordpress1/guestbook/" "Opera/9.80 (Windows NT 6.1; WOW64; U; ru) Presto/2.10.289 Version/12.02"
79.78.242.248 - - [19/Aug/2013:14:05:45 -0400] "GET /wordpress1/wp-content/plugins/flash-album-gallery/admin/js/swfobject.js?ver=2.2 HTTP/1.1" 200 11754 "http://jodyyoung.com/wordpress1/" "Mozilla/5.0 (Linux; U; Android 2.3.3; en-gb; GT-S5830 Build/GINGERBREAD) AppleWebKit/533.1 (KHTML, like Gecko) Version/4.0 Mobile Safari/533.1"
79.78.242.248 - - [19/Aug/2013:14:05:45 -0400] "GET /wordpress1/wp-content/plugins/kino-event-calendar-plugin/js/tools.tooltip-1.1.2.js HTTP/1.1" 200 8427 "http://jodyyoung.com/wordpress1/" "Mozilla/5.0 (Linux; U; Android 2.3.3; en-gb; GT-S5830 Build/GINGERBREAD) AppleWebKit/533.1 (KHTML, like Gecko) Version/4.0 Mobile Safari/533.1"
79.78.242.248 - - [19/Aug/2013:14:05:49 -0400] "GET /wordpress1/wp-content/uploads/2011/11/JYATlogo.jpg HTTP/1.1" 200 14807 "http://jodyyoung.com/wordpress1/" "Mozilla/5.0 (Linux; U; Android 2.3.3; en-gb; GT-S5830 Build/GINGERBREAD) AppleWebKit/533.1 (KHTML, like Gecko) Version/4.0 Mobile Safari/533.1"
93.159.230.87 - - [19/Aug/2013:14:57:13 -0400] "GET /wordpress1/wp-content/themes/atahualpa/js/DD_roundies.js?ver=0.0.2a HTTP/1.1" 200 16853 "http://jodyyoung.com/wordpress1/" "Mozilla/4.0 (compatible; MSIE 8.0; Windows NT 5.1; Trident/4.0; Mozilla/4.0 (compatible; MSIE 6.0; Windows NT 5.1; SV1) ; .NET CLR 2.0.50727; .NET CLR 1.1.4322; .NET CLR 3.0.04506.30)"
165.236.72.244 - - [19/Aug/2013:15:08:32 -0400] "GET /wordpress1/wp-content/flagallery/jodys-world/p9280209ao.jpg HTTP/1.1" 200 313958 "http://www.google.com/blank.html" "Mozilla/5.0 (Macintosh; Intel Mac OS X 10_8_4) AppleWebKit/536.30.1 (KHTML, like Gecko) Version/6.0.5 Safari/536.30.1"
208.115.111.69 - - [19/Aug/2013:00:22:38 -0400] "GET /robots.txt HTTP/1.1" 404 575 "-" "Mozilla/5.0 (compatible; Ezooms/1.0; ezooms.bot@gmail.com)"
208.115.111.69 - - [19/Aug/2013:01:18:05 -0400] "GET /shariki=323 HTTP/1.1" 404 575 "-" "Mozilla/5.0 (compatible; Ezooms/1.0; ezooms.bot@gmail.com)"
100.43.83.155 - - [19/Aug/2013:01:57:22 -0400] "GET /wordpress1/guestbook/guestbook-archives/ HTTP/1.1" 200 70866 "-" "Mozilla/5.0 (compatible; YandexBot/3.0; +http://yandex.com/bots)"
202.46.48.35 - - [19/Aug/2013:21:11:38 -0400] "GET /shariki=532 HTTP/1.1" 404 575 "-" "Mozilla/5.0 (Windows; U; Windows NT 5.1; zh-CN; rv:1.9.1.2) Firefox/3.5.2"
208.115.111.69 - - [19/Aug/2013:21:19:24 -0400] "GET /shariki=338 HTTP/1.1" 404 575 "-" "Mozilla/5.0 (compatible; Ezooms/1.0; ezooms.bot@gmail.com)"
208.115.111.69 - - [19/Aug/2013:09:12:33 -0400] "GET /shariki=561 HTTP/1.1" 404 575 "-" "Mozilla/5.0 (compatible; Ezooms/1.0; ezooms.bot@gmail.com)"
178.137.95.235 - - [19/Aug/2013:20:10:16 -0400] "GET /wordpress1/guestbook/guestbook-archives/ HTTP/1.0" 200 70868 "http://jodyyoung.com/wordpress1/guestbook/guestbook-archives/" "Mozilla/5.0 (Windows NT 5.1) AppleWebKit/537.19 (KHTML, like Gecko) Chrome/25.0.1323.1 Safari/537.19"
208.115.113.85 - - [19/Aug/2013:03:17:26 -0400] "GET /wordpress1/lake-powell-hiking-kayaking/ HTTP/1.1" 200 65607 "-" "Mozilla/5.0 (compatible; Ezooms/1.0; ezooms.bot@gmail.com)"
192.74.255.114 - - [19/Aug/2013:05:20:22 -0400] "POST /wordpress1/wp-comments-post.php HTTP/1.0" 500 4120 "http://jodyyoung.com/wordpress1/guestbook/guestbook-archives/" "Mozilla/5.0 (Windows NT 6.1; WOW64) AppleWebKit/535.19 (KHTML, like Gecko) Chrome/18.0.1025.1634 Safari/535.19 YE"
5.9.251.133 - - [19/Aug/2013:05:23:30 -0400] "GET /wordpress1/guestbook/ HTTP/1.1" 200 59399 "-" "Mozilla/5.0 (Windows NT 6.1; WOW64) AppleWebKit/537.36 (KHTML, like Gecko) Chrome/28.0.1500.72 Safari/537.36"
199.58.86.206 - - [19/Aug/2013:05:26:38 -0400] "GET /robots.txt HTTP/1.0" 404 575 "-" "Mozilla/5.0 (compatible; MJ12bot/v1.4.3; http://www.majestic12.co.uk/bot.php?+)"
208.115.111.69 - - [19/Aug/2013:01:18:01 -0400] "GET /shariki=2441 HTTP/1.1" 404 575 "-" "Mozilla/5.0 (compatible; Ezooms/1.0; ezooms.bot@gmail.com)"
208.115.111.69 - - [19/Aug/2013:01:18:11 -0400] "GET /shariki=2064 HTTP/1.1" 404 575 "-" "Mozilla/5.0 (compatible; Ezooms/1.0; ezooms.bot@gmail.com)"
217.43.53.36 - - [19/Aug/2013:02:55:55 -0400] "GET / HTTP/1.1" 301 244 "-" "Mozilla/5.0 (iPad; CPU OS 6_1_3 like Mac OS X) AppleWebKit/536.26 (KHTML, like Gecko) Version/6.0 Mobile/10B329 Safari/8536.25"
217.43.53.36 - - [19/Aug/2013:02:55:55 -0400] "GET /wordpress1/ HTTP/1.1" 301 - "-" "Mozilla/5.0 (iPad; CPU OS 6_1_3 like Mac OS X) AppleWebKit/536.26 (KHTML, like Gecko) Version/6.0 Mobile/10B329 Safari/8536.25"
217.43.53.36 - - [19/Aug/2013:02:55:58 -0400] "GET /wordpress1/ HTTP/1.1" 200 58293 "-" "Mozilla/5.0 (iPad; CPU OS 6_1_3 like Mac OS X) AppleWebKit/536.26 (KHTML, like Gecko) Version/6.0 Mobile/10B329 Safari/8536.25"
217.43.53.36 - - [19/Aug/2013:02:56:00 -0400] "GET /wordpress1/wp-content/plugins/kino-event-calendar-plugin/js/jquery-ui-1.7.2.custom.min.js HTTP/1.1" 200 107835 "http://jodyyoung.com/wordpress1/" "Mozilla/5.0 (iPad; CPU OS 6_1_3 like Mac OS X) AppleWebKit/536.26 (KHTML, like Gecko) Version/6.0 Mobile/10B329 Safari/8536.25"
217.43.53.36 - - [19/Aug/2013:02:56:02 -0400] "GET /wordpress1/wp-content/uploads/2012/10/P5210108ao-300x225.jpg HTTP/1.1" 200 26577 "http://jodyyoung.com/wordpress1/" "Mozilla/5.0 (iPad; CPU OS 6_1_3 like Mac OS X) AppleWebKit/536.26 (KHTML, like Gecko) Version/6.0 Mobile/10B329 Safari/8536.25"
217.43.53.36 - - [19/Aug/2013:02:56:02 -0400] "GET /wordpress1/wp-content/plugins/kino-event-calendar-plugin/rpc.php?action=get_events&start=1374966000000&end=1378594800000&event_id=null HTTP/1.1" 200 3609 "http://jodyyoung.com/wordpress1/" "Mozilla/5.0 (iPad; CPU OS 6_1_3 like Mac OS X) AppleWebKit/536.26 (KHTML, like Gecko) Version/6.0 Mobile/10B329 Safari/8536.25"
217.43.53.36 - - [19/Aug/2013:02:56:03 -0400] "GET /wordpress1/wp-content/themes/atahualpa/images/comment-gray.png HTTP/1.1" 200 296 "http://jodyyoung.com/wordpress1/" "Mozilla/5.0 (iPad; CPU OS 6_1_3 like Mac OS X) AppleWebKit/536.26 (KHTML, like Gecko) Version/6.0 Mobile/10B329 Safari/8536.25"
137.175.68.185 - - [19/Aug/2013:22:43:15 -0400] "POST /wordpress1/wp-comments-post.php HTTP/1.0" 500 4120 "http://jodyyoung.com/wordpress1/guestbook/" "Mozilla/5.0 (Windows NT 5.1; rv:15.0) Gecko/20100101 Firefox/15.0.1"
208.115.113.85 - - [19/Aug/2013:23:30:09 -0400] "GET /shariki=518 HTTP/1.1" 404 575 "-" "Mozilla/5.0 (compatible; Ezooms/1.0; ezooms.bot@gmail.com)"
208.115.113.85 - - [19/Aug/2013:11:21:02 -0400] "GET /shariki=1964 HTTP/1.1" 404 575 "-" "Mozilla/5.0 (compatible; Ezooms/1.0; ezooms.bot@gmail.com)"
74.100.137.240 - - [19/Aug/2013:11:32:13 -0400] "GET /wordpress1/wp-content/flagallery/utah-photos/pa080043ao.jpg HTTP/1.1" 200 290936 "http://www.google.com/blank.html" "Mozilla/5.0 (Macintosh; Intel Mac OS X 10_7_5) AppleWebKit/536.30.1 (KHTML, like Gecko) Version/6.0.5 Safari/536.30.1"
208.115.111.69 - - [19/Aug/2013:09:12:42 -0400] "GET /shariki=1814 HTTP/1.1" 404 575 "-" "Mozilla/5.0 (compatible; Ezooms/1.0; ezooms.bot@gmail.com)"
66.249.75.184 - - [19/Aug/2013:19:30:44 -0400] "GET /wordpress1/flagallery/utah-photos/ HTTP/1.1" 200 27621 "-" "Mozilla/5.0 (iPhone; U; CPU iPhone OS 4_1 like Mac OS X; en-us) AppleWebKit/532.9 (KHTML, like Gecko) Version/4.0.5 Mobile/8B117 Safari/6531.22.7 (compatible; Googlebot-Mobile/2.1; +http://www.google.com/bot.html)"
178.137.95.235 - - [19/Aug/2013:20:10:21 -0400] "GET /wordpress1/guestbook/guestbook-archives/ HTTP/1.0" 200 70868 "http://jodyyoung.com/wordpress1/guestbook/guestbook-archives/" "Mozilla/5.0 (Windows NT 5.1) AppleWebKit/537.19 (KHTML, like Gecko) Chrome/25.0.1323.1 Safari/537.19"
208.115.111.69 - - [19/Aug/2013:21:08:39 -0400] "GET /shariki=1825 HTTP/1.1" 404 575 "-" "Mozilla/5.0 (compatible; Ezooms/1.0; ezooms.bot@gmail.com)"
100.43.83.155 - - [19/Aug/2013:04:40:18 -0400] "GET /wordpress1/alaska/ HTTP/1.1" 200 61739 "-" "Mozilla/5.0 (compatible; YandexBot/3.0; +http://yandex.com/bots)"
208.115.113.85 - - [19/Aug/2013:15:22:35 -0400] "GET /shariki=1235 HTTP/1.1" 404 575 "-" "Mozilla/5.0 (compatible; Ezooms/1.0; ezooms.bot@gmail.com)"
208.115.111.69 - - [19/Aug/2013:16:21:02 -0400] "GET /robots.txt HTTP/1.1" 404 575 "-" "Mozilla/5.0 (compatible; Ezooms/1.0; ezooms.bot@gmail.com)"
208.115.113.85 - - [19/Aug/2013:07:17:10 -0400] "GET /shariki=316 HTTP/1.1" 404 575 "-" "Mozilla/5.0 (compatible; Ezooms/1.0; ezooms.bot@gmail.com)"
94.27.79.143 - - [19/Aug/2013:14:04:14 -0400] "GET /shariki=2091++++++++++++++++++++++++++++++++++++++++++++Result:+GET-%F2%E0%E9%EC%E0%F3%F2%EE%E2+1;+%ED%E5+%ED%E0%E9%E4%E5%ED%EE;+%ED%E5+%ED%E0%F8%EB%EE%F1%FC+%F4%EE%F0%EC%FB+%E4%EB%FF+%EE%F2%EF%F0%E0%E2%EA%E8; HTTP/1.0" 404 575 "http://petpda.carbonmade.com/#17487" "Mozilla/5.0 (Windows NT 5.1) AppleWebKit/536.5 (KHTML, like Gecko) YaBrowser/1.1.1084.5409 Chrome/19.1.1084.5409 Safari/536.5"
79.78.242.248 - - [19/Aug/2013:14:05:45 -0400] "GET /wordpress1/wp-content/plugins/kino-event-calendar-plugin/js/tools.tooltip.dynamic-1.0.1.min.js HTTP/1.1" 200 1928 "http://jodyyoung.com/wordpress1/" "Mozilla/5.0 (Linux; U; Android 2.3.3; en-gb; GT-S5830 Build/GINGERBREAD) AppleWebKit/533.1 (KHTML, like Gecko) Version/4.0 Mobile Safari/533.1"
94.27.87.98 - - [19/Aug/2013:14:42:09 -0400] "GET /wordpress1/ HTTP/1.0" 301 - "http://www.jodyyoung.com/wordpress1/" "Mozilla/5.0 (Windows NT 6.2; WOW64; rv:16.0) Gecko/20100101 Firefox/16.0"
93.159.230.87 - - [19/Aug/2013:14:57:08 -0400] "GET /wordpress1/wp-content/plugins/kino-event-calendar-plugin/js/jquery-ui-1.7.2.custom.min.js HTTP/1.1" 200 107835 "http://jodyyoung.com/wordpress1/" "Mozilla/4.0 (compatible; MSIE 8.0; Windows NT 5.1; Trident/4.0; Mozilla/4.0 (compatible; MSIE 6.0; Windows NT 5.1; SV1) ; .NET CLR 2.0.50727; .NET CLR 1.1.4322; .NET CLR 3.0.04506.30)"
217.43.53.36 - - [19/Aug/2013:02:55:59 -0400] "GET /wordpress1/wp-content/plugins/kino-event-calendar-plugin/js/tools.tooptip.slide-1.0.0.min.js HTTP/1.1" 200 1087 "http://jodyyoung.com/wordpress1/" "Mozilla/5.0 (iPad; CPU OS 6_1_3 like Mac OS X) AppleWebKit/536.26 (KHTML, like Gecko) Version/6.0 Mobile/10B329 Safari/8536.25"
217.43.53.36 - - [19/Aug/2013:02:55:59 -0400] "GET /wordpress1/wp-content/plugins/kino-event-calendar-plugin/css/main.css HTTP/1.1" 200 710 "http://jodyyoung.com/wordpress1/" "Mozilla/5.0 (iPad; CPU OS 6_1_3 like Mac OS X) AppleWebKit/536.26 (KHTML, like Gecko) Version/6.0 Mobile/10B329 Safari/8536.25"
108.186.4.18 - - [19/Aug/2013:15:42:59 -0400] "GET /guestbook.html HTTP/1.0" 200 8916 "http://www.jodyyoung.com/guestbook.html" "Mozilla/5.0 (Windows NT 6.1; WOW64; rv:9.0.1) Gecko/20100101 Firefox/9.0.1"
194.153.113.13 - - [19/Aug/2013:16:09:03 -0400] "GET / HTTP/1.1" 301 244 "-" "Mozilla/5.0 (compatible; oBot/2.3.1; +http://filterdb.iss.net/crawler/)"
194.153.113.13 - - [19/Aug/2013:16:09:04 -0400] "GET /wordpress1/ HTTP/1.1" 301 - "-" "Mozilla/5.0 (compatible; oBot/2.3.1; +http://filterdb.iss.net/crawler/)"
94.27.79.143 - - [19/Aug/2013:14:04:15 -0400] "GET /wordpress1/ HTTP/1.0" 301 - "http://www.jodyyoung.com/wordpress1/" "Mozilla/5.0 (Windows NT 5.1) AppleWebKit/536.5 (KHTML, like Gecko) YaBrowser/1.1.1084.5409 Chrome/19.1.1084.5409 Safari/536.5"
198.27.82.114 - - [19/Aug/2013:18:12:50 -0400] "POST /wordpress1/wp-comments-post.php HTTP/1.1" 302 - "http://jodyyoung.com/wordpress1/guestbook/guestbook-archives/" "Mozilla/4.0 (compatible; MSIE 6.0; Windows NT 5.1; SV1; Mozilla/4.0 (compatible; MSIE 6.0; Windows NT 5.1; SV1) )"
117.27.138.148 - - [19/Aug/2013:18:51:12 -0400] "POST /wordpress1/wp-comments-post.php HTTP/1.0" 500 4120 "http://jodyyoung.com/wordpress1/guestbook/" "Mozilla/5.0 (Windows NT 5.1; rv:16.0) Gecko/20100101 Firefox/16.0"
208.115.113.85 - - [19/Aug/2013:19:19:11 -0400] "GET /shariki=1898 HTTP/1.1" 404 575 "-" "Mozilla/5.0 (compatible; Ezooms/1.0; ezooms.bot@gmail.com)"
208.115.113.85 - - [19/Aug/2013:19:23:25 -0400] "GET /shariki=1570 HTTP/1.1" 404 575 "-" "Mozilla/5.0 (compatible; Ezooms/1.0; ezooms.bot@gmail.com)"
208.115.111.69 - - [19/Aug/2013:21:19:16 -0400] "GET /shariki=1451 HTTP/1.1" 404 575 "-" "Mozilla/5.0 (compatible; Ezooms/1.0; ezooms.bot@gmail.com)"
208.115.111.69 - - [19/Aug/2013:21:19:17 -0400] "GET /shariki=1486 HTTP/1.1" 404 575 "-" "Mozilla/5.0 (compatible; Ezooms/1.0; ezooms.bot@gmail.com)"
208.115.111.69 - - [19/Aug/2013:21:19:20 -0400] "GET /shariki=1688 HTTP/1.1" 404 575 "-" "Mozilla/5.0 (compatible; Ezooms/1.0; ezooms.bot@gmail.com)"
208.115.111.69 - - [19/Aug/2013:21:19:22 -0400] "GET /shariki=2051 HTTP/1.1" 404 575 "-" "Mozilla/5.0 (compatible; Ezooms/1.0; ezooms.bot@gmail.com)"
208.115.113.85 - - [19/Aug/2013:03:15:17 -0400] "GET /shariki=213 HTTP/1.1" 404 575 "-" "Mozilla/5.0 (compatible; Ezooms/1.0; ezooms.bot@gmail.com)"
121.222.20.51 - - [19/Aug/2013:05:15:59 -0400] "GET /wordpress1/wp-content/plugins/flash-album-gallery/admin/js/swfobject.js?ver=2.2 HTTP/1.1" 200 11754 "http://jodyyoung.com/wordpress1/" "Mozilla/5.0 (Windows NT 6.1) AppleWebKit/537.36 (KHTML, like Gecko) Chrome/28.0.1500.95 Safari/537.36"
121.222.20.51 - - [19/Aug/2013:05:16:02 -0400] "GET /wordpress1/wp-content/plugins/kino-event-calendar-plugin/css/main.css HTTP/1.1" 200 710 "http://jodyyoung.com/wordpress1/" "Mozilla/5.0 (Windows NT 6.1) AppleWebKit/537.36 (KHTML, like Gecko) Chrome/28.0.1500.95 Safari/537.36"
192.74.255.114 - - [19/Aug/2013:05:19:53 -0400] "GET /wordpress1/guestbook/guestbook-archives/ HTTP/1.0" 200 70869 "http://jodyyoung.com/wordpress1/guestbook/guestbook-archives/" "Mozilla/5.0 (Windows NT 6.1; WOW64) AppleWebKit/535.19 (KHTML, like Gecko) Chrome/18.0.1025.1634 Safari/535.19 YE"
199.58.86.206 - - [19/Aug/2013:05:26:41 -0400] "GET /wordpress1/ HTTP/1.0" 301 - "-" "Mozilla/5.0 (compatible; MJ12bot/v1.4.3; http://www.majestic12.co.uk/bot.php?+)"
120.150.35.174 - - [19/Aug/2013:00:08:57 -0400] "GET /wordpress1/wp-content/flagallery/colorado-photos/st232ao.jpg HTTP/1.1" 200 315853 "http://www.google.com.au/search?safe=active&hl=en&site=imghp&tbm=isch&source=hp&q=sand+wash+basin+wild+horses&oq=sand+wash+basin&gs_l=img.1.3.0l4j0i5j0i24l5.2020.5939.0.10059.15.14.0.0.0.0.322.2403.4j4j5j1.14.0....0...1ac.1.25.img..5.10.1354.nOnCs5PBovk&biw=1024&bih=672&sei=M5oRUrypJ8SnkQXw3IHwCA" "Mozilla/5.0 (iPad; CPU OS 6_1_3 like Mac OS X) AppleWebKit/536.26 (KHTML, like Gecko) Version/6.0 Mobile/10B329 Safari/8536.25"
66.249.75.184 - - [19/Aug/2013:02:31:12 -0400] "GET /wordpress1/wp-content/plugins/flash-album-gallery/admin/css/flagallery.css?ver=3.5.2 HTTP/1.1" 200 558 "-" "Mozilla/5.0 (compatible; Googlebot/2.1; +http://www.google.com/bot.html)"
208.115.111.69 - - [19/Aug/2013:09:12:31 -0400] "GET /shariki=667 HTTP/1.1" 404 575 "-" "Mozilla/5.0 (compatible; Ezooms/1.0; ezooms.bot@gmail.com)"
208.115.111.69 - - [19/Aug/2013:09:12:43 -0400] "GET /shariki=1719 HTTP/1.1" 404 575 "-" "Mozilla/5.0 (compatible; Ezooms/1.0; ezooms.bot@gmail.com)"
74.82.64.64 - - [19/Aug/2013:09:34:13 -0400] "GET /wordpress1/wp-content/themes/atahualpa/js/DD_roundies.js?ver=0.0.2a HTTP/1.1" 200 16853 "http://jodyyoung.com/wordpress1/" "BlackBerry8530/5.0.0.634 Profile/MIDP-2.1 Configuration/CLDC-1.1 VendorID/315"
74.82.64.64 - - [19/Aug/2013:09:34:13 -0400] "GET /wordpress1/wp-content/plugins/kino-event-calendar-plugin/js/jquery-ui-1.7.2.custom.min.js HTTP/1.1" 200 107835 "http://jodyyoung.com/wordpress1/" "BlackBerry8530/5.0.0.634 Profile/MIDP-2.1 Configuration/CLDC-1.1 VendorID/315"
74.82.64.64 - - [19/Aug/2013:09:34:13 -0400] "GET /wordpress1/wp-content/plugins/kino-event-calendar-plugin/css/calendar.css HTTP/1.1" 200 10091 "http://jodyyoung.com/wordpress1/" "BlackBerry8530/5.0.0.634 Profile/MIDP-2.1 Configuration/CLDC-1.1 VendorID/315"
74.82.64.64 - - [19/Aug/2013:09:34:13 -0400] "GET /wordpress1/wp-content/themes/atahualpa/images/comment-gray.png HTTP/1.1" 200 296 "http://jodyyoung.com/wordpress1/" "BlackBerry8530/5.0.0.634 Profile/MIDP-2.1 Configuration/CLDC-1.1 VendorID/315"
74.82.64.64 - - [19/Aug/2013:09:34:13 -0400] "GET /wordpress1/wp-content/themes/atahualpa/images/expand-down.gif HTTP/1.1" 200 57 "http://jodyyoung.com/wordpress1/" "BlackBerry8530/5.0.0.634 Profile/MIDP-2.1 Configuration/CLDC-1.1 VendorID/315"
37.140.165.197 - - [19/Aug/2013:22:38:52 -0400] "GET /311/images/3/motif02.jpg HTTP/1.1" 304 - "-" "Mozilla/5.0 (compatible; YandexImages/3.0; +http://yandex.com/bots)"
137.175.68.185 - - [19/Aug/2013:22:43:11 -0400] "GET /wordpress1/guestbook/ HTTP/1.0" 200 59405 "http://jodyyoung.com/wordpress1/guestbook/" "Mozilla/5.0 (Windows NT 5.1; rv:15.0) Gecko/20100101 Firefox/15.0.1"
208.115.111.69 - - [19/Aug/2013:09:12:44 -0400] "GET /shariki=1321 HTTP/1.1" 404 575 "-" "Mozilla/5.0 (compatible; Ezooms/1.0; ezooms.bot@gmail.com)"
198.27.82.114 - - [19/Aug/2013:10:42:37 -0400] "GET /wordpress1/guestbook/ HTTP/1.1" 200 59403 "-" "Mozilla/4.0 (compatible; MSIE 6.0; Windows NT 5.1; SV1; Mozilla/4.0 (compatible; MSIE 6.0; Windows NT 5.1; SV1) )"
24.15.216.13 - - [19/Aug/2013:07:05:56 -0400] "GET /wordpress1/wp-includes/js/jquery/jquery.js?ver=1.8.3 HTTP/1.1" 200 93658 "http://jodyyoung.com/wordpress1/" "Mozilla/5.0 (Macintosh; Intel Mac OS X 10.8; rv:21.0) Gecko/20100101 Firefox/21.0"
24.15.216.13 - - [19/Aug/2013:07:05:57 -0400] "GET /wordpress1/wp-content/ata-images/jyat-logo1.jpg HTTP/1.1" 200 10086 "http://jodyyoung.com/wordpress1/" "Mozilla/5.0 (Macintosh; Intel Mac OS X 10.8; rv:21.0) Gecko/20100101 Firefox/21.0"
24.15.216.13 - - [19/Aug/2013:07:05:57 -0400] "GET /wordpress1/wp-content/themes/atahualpa/images/rss-gray.png HTTP/1.1" 200 379 "http://jodyyoung.com/wordpress1/" "Mozilla/5.0 (Macintosh; Intel Mac OS X 10.8; rv:21.0) Gecko/20100101 Firefox/21.0"
208.115.113.85 - - [19/Aug/2013:18:28:04 -0400] "GET /robots.txt HTTP/1.1" 404 575 "-" "Mozilla/5.0 (compatible; Ezooms/1.0; ezooms.bot@gmail.com)"
202.46.50.51 - - [19/Aug/2013:19:33:31 -0400] "GET /shariki=1161 HTTP/1.1" 404 575 "-" "Mozilla/5.0 (Windows; U; Windows NT 5.1; zh-CN; rv:1.9.1.2) Firefox/3.5.2"
108.251.206.44 - - [19/Aug/2013:20:37:15 -0400] "GET /wordpress1/wp-content/flagallery/alaska-photos/p8240235ao.jpg HTTP/1.1" 200 360972 "http://www.google.com/blank.html" "Mozilla/5.0 (Windows NT 6.1; WOW64; rv:23.0) Gecko/20100101 Firefox/23.0"
208.115.111.69 - - [19/Aug/2013:13:12:30 -0400] "GET /shariki=1944 HTTP/1.1" 404 575 "-" "Mozilla/5.0 (compatible; Ezooms/1.0; ezooms.bot@gmail.com)"
94.27.79.143 - - [19/Aug/2013:14:04:26 -0400] "GET /wordpress1/guestbook/ HTTP/1.0" 200 59401 "http://jodyyoung.com/wordpress1/guestbook/" "Mozilla/5.0 (Windows NT 5.1) AppleWebKit/536.5 (KHTML, like Gecko) YaBrowser/1.1.1084.5409 Chrome/19.1.1084.5409 Safari/536.5"
93.159.230.87 - - [19/Aug/2013:14:57:15 -0400] "GET /wordpress1/wp-content/plugins/flash-album-gallery/admin/js/swfobject.js?ver=2.2 HTTP/1.1" 200 11754 "http://jodyyoung.com/wordpress1/" "Mozilla/4.0 (compatible; MSIE 8.0; Windows NT 5.1; Trident/4.0; Mozilla/4.0 (compatible; MSIE 6.0; Windows NT 5.1; SV1) ; .NET CLR 2.0.50727; .NET CLR 1.1.4322; .NET CLR 3.0.04506.30)"
10.30.72.4 - - [19/Aug/2013:02:51:59 -0400] "POST /wordpress1/wp-cron.php?doing_wp_cron=1376895119.6216080188751220703125 HTTP/1.0" 200 - "-" "WordPress/3.5.2; http://jodyyoung.com/wordpress1"
188.143.232.31 - - [19/Aug/2013:15:01:05 -0400] "GET /wordpress1/guestbook/guestbook-archives/ HTTP/1.1" 200 70868 "-" "Mozilla/4.0 (compatible; MSIE 6.0; Windows NT 5.1; SV1)"
5.9.251.133 - - [19/Aug/2013:15:28:58 -0400] "GET /wordpress1/guestbook/ HTTP/1.1" 200 59399 "-" "Mozilla/5.0 (compatible; MSIE 9.0; Windows NT 6.0; Trident/5.0)"
208.115.113.85 - - [19/Aug/2013:03:15:19 -0400] "GET /shariki=683 HTTP/1.1" 404 575 "-" "Mozilla/5.0 (compatible; Ezooms/1.0; ezooms.bot@gmail.com)"
208.115.111.69 - - [19/Aug/2013:04:21:18 -0400] "GET /robots.txt HTTP/1.1" 404 575 "-" "Mozilla/5.0 (compatible; Ezooms/1.0; ezooms.bot@gmail.com)"
10.30.72.4 - - [19/Aug/2013:04:36:17 -0400] "POST /wordpress1/wp-cron.php?doing_wp_cron=1376901377.2275810241699218750000 HTTP/1.0" 200 - "-" "WordPress/3.5.2; http://jodyyoung.com/wordpress1"
113.212.70.212 - - [19/Aug/2013:21:01:46 -0400] "GET /wordpress1/guestbook/guestbook-archives/ HTTP/1.1" 200 70868 "http://jodyyoung.com/" "Mozilla/4.0 (compatible; MSIE 7.0; Windows NT 5.1; SV1; .NET CLR 2.0.50727)"
46.119.114.170 - - [19/Aug/2013:21:13:10 -0400] "GET /wordpress1/guestbook/ HTTP/1.0" 200 59405 "http://jodyyoung.com/wordpress1/guestbook/" "Mozilla/5.0 (Windows NT 6.1) AppleWebKit/534.57.2 (KHTML, like Gecko) Version/5.1.7 Safari/534.57.2"
193.178.118.41 - - [19/Aug/2013:12:37:17 -0400] "POST /wp-login.php HTTP/1.0" 404 575 "-" "Mozilla/3.0 (compatible; Indy Library)"
121.222.20.51 - - [19/Aug/2013:05:15:59 -0400] "GET /wordpress1/wp-content/plugins/flash-album-gallery/admin/js/swfaddress.js?ver=2.4 HTTP/1.1" 200 15916 "http://jodyyoung.com/wordpress1/" "Mozilla/5.0 (Windows NT 6.1) AppleWebKit/537.36 (KHTML, like Gecko) Chrome/28.0.1500.95 Safari/537.36"
121.222.20.51 - - [19/Aug/2013:05:16:02 -0400] "GET /wordpress1/wp-content/plugins/kino-event-calendar-plugin/css/calendar.css HTTP/1.1" 200 10091 "http://jodyyoung.com/wordpress1/" "Mozilla/5.0 (Windows NT 6.1) AppleWebKit/537.36 (KHTML, like Gecko) Chrome/28.0.1500.95 Safari/537.36"
121.222.20.51 - - [19/Aug/2013:05:16:02 -0400] "GET /wordpress1/wp-content/uploads/2011/11/JYATlogo.jpg HTTP/1.1" 200 14807 "http://jodyyoung.com/wordpress1/" "Mozilla/5.0 (Windows NT 6.1) AppleWebKit/537.36 (KHTML, like Gecko) Chrome/28.0.1500.95 Safari/537.36"
208.115.113.85 - - [19/Aug/2013:15:22:39 -0400] "GET /shariki=15 HTTP/1.1" 404 575 "-" "Mozilla/5.0 (compatible; Ezooms/1.0; ezooms.bot@gmail.com)"
208.115.113.85 - - [19/Aug/2013:15:22:42 -0400] "GET /shariki=1993 HTTP/1.1" 404 575 "-" "Mozilla/5.0 (compatible; Ezooms/1.0; ezooms.bot@gmail.com)"
10.30.72.4 - - [19/Aug/2013:16:38:04 -0400] "POST /wordpress1/wp-cron.php?doing_wp_cron=1376944680.7401580810546875000000 HTTP/1.0" 503 323 "-" "WordPress/3.5.2; http://jodyyoung.com/wordpress1"
