189.24.52.248 - - [23/Oct/2014:18:32:04 -0400] "GET / HTTP/1.1" 301 240 "http://semalt.semalt.com/crawler.php?u=http://jodyyoung.com" "Mozilla/5.0 (Windows NT 6.1; WOW64) AppleWebKit/537.36 (KHTML, like Gecko) Chrome/32.0.1700.107 Safari/537.36"
189.24.52.248 - - [23/Oct/2014:18:32:05 -0400] "GET /wordpress1/ HTTP/1.1" 200 63518 "http://semalt.semalt.com/crawler.php?u=http://jodyyoung.com" "Mozilla/5.0 (Windows NT 6.1; WOW64) AppleWebKit/537.36 (KHTML, like Gecko) Chrome/32.0.1700.107 Safari/537.36"
189.24.52.248 - - [23/Oct/2014:18:32:06 -0400] "GET /wordpress1/wp-content/plugins/spiffy-calendar/spiffycal.css?ver=3.9.2 HTTP/1.1" 200 3825 "http://jodyyoung.com/wordpress1/" "Mozilla/5.0 (Windows NT 6.1; WOW64) AppleWebKit/537.36 (KHTML, like Gecko) Chrome/32.0.1700.107 Safari/537.36"
189.24.52.248 - - [23/Oct/2014:18:32:06 -0400] "GET /wordpress1/wp-includes/js/jquery/jquery.js?ver=1.11.0 HTTP/1.1" 200 96402 "http://jodyyoung.com/wordpress1/" "Mozilla/5.0 (Windows NT 6.1; WOW64) AppleWebKit/537.36 (KHTML, like Gecko) Chrome/32.0.1700.107 Safari/537.36"
189.24.52.248 - - [23/Oct/2014:18:32:06 -0400] "GET /wordpress1/wp-includes/js/jquery/jquery-migrate.min.js?ver=1.2.1 HTTP/1.1" 200 7200 "http://jodyyoung.com/wordpress1/" "Mozilla/5.0 (Windows NT 6.1; WOW64) AppleWebKit/537.36 (KHTML, like Gecko) Chrome/32.0.1700.107 Safari/537.36"
189.24.52.248 - - [23/Oct/2014:18:32:06 -0400] "GET /wordpress1/wp-content/plugins/anti-spam/js/anti-spam.js?ver=2.1 HTTP/1.1" 200 1694 "http://jodyyoung.com/wordpress1/" "Mozilla/5.0 (Windows NT 6.1; WOW64) AppleWebKit/537.36 (KHTML, like Gecko) Chrome/32.0.1700.107 Safari/537.36"
189.24.52.248 - - [23/Oct/2014:18:32:06 -0400] "GET /wordpress1/wp-content/themes/atahualpa/js/DD_roundies.js?ver=0.0.2a HTTP/1.1" 200 16853 "http://jodyyoung.com/wordpress1/" "Mozilla/5.0 (Windows NT 6.1; WOW64) AppleWebKit/537.36 (KHTML, like Gecko) Chrome/32.0.1700.107 Safari/537.36"
189.24.52.248 - - [23/Oct/2014:18:32:06 -0400] "GET /wordpress1/wp-content/plugins/flash-album-gallery/admin/js/swfobject.js?ver=2.2 HTTP/1.1" 200 11754 "http://jodyyoung.com/wordpress1/" "Mozilla/5.0 (Windows NT 6.1; WOW64) AppleWebKit/537.36 (KHTML, like Gecko) Chrome/32.0.1700.107 Safari/537.36"
189.24.52.248 - - [23/Oct/2014:18:32:06 -0400] "GET /wordpress1/wp-content/plugins/flash-album-gallery/admin/js/swfaddress.js?ver=2.4 HTTP/1.1" 200 15916 "http://jodyyoung.com/wordpress1/" "Mozilla/5.0 (Windows NT 6.1; WOW64) AppleWebKit/537.36 (KHTML, like Gecko) Chrome/32.0.1700.107 Safari/537.36"
189.24.52.248 - - [23/Oct/2014:18:32:10 -0400] "GET /wordpress1/wp-content/ata-images/jyat-logo1.jpg HTTP/1.1" 200 10086 "http://jodyyoung.com/wordpress1/" "Mozilla/5.0 (Windows NT 6.1; WOW64) AppleWebKit/537.36 (KHTML, like Gecko) Chrome/32.0.1700.107 Safari/537.36"
189.24.52.248 - - [23/Oct/2014:18:32:10 -0400] "GET /wordpress1/wp-content/themes/atahualpa/images/comment-gray.png HTTP/1.1" 200 296 "http://jodyyoung.com/wordpress1/" "Mozilla/5.0 (Windows NT 6.1; WOW64) AppleWebKit/537.36 (KHTML, like Gecko) Chrome/32.0.1700.107 Safari/537.36"
189.24.52.248 - - [23/Oct/2014:18:32:10 -0400] "GET /wordpress1/wp-content/themes/atahualpa/images/rss-gray.png HTTP/1.1" 200 379 "http://jodyyoung.com/wordpress1/" "Mozilla/5.0 (Windows NT 6.1; WOW64) AppleWebKit/537.36 (KHTML, like Gecko) Chrome/32.0.1700.107 Safari/537.36"
189.24.52.248 - - [23/Oct/2014:18:32:10 -0400] "GET /wordpress1/wp-content/themes/atahualpa/images/inputbackgr.gif HTTP/1.1" 200 4765 "http://jodyyoung.com/wordpress1/" "Mozilla/5.0 (Windows NT 6.1; WOW64) AppleWebKit/537.36 (KHTML, like Gecko) Chrome/32.0.1700.107 Safari/537.36"
189.24.52.248 - - [23/Oct/2014:18:32:10 -0400] "GET /wordpress1/wp-content/themes/atahualpa/images/header/jyatHD14.jpg HTTP/1.1" 200 62950 "http://jodyyoung.com/wordpress1/" "Mozilla/5.0 (Windows NT 6.1; WOW64) AppleWebKit/537.36 (KHTML, like Gecko) Chrome/32.0.1700.107 Safari/537.36"
189.24.52.248 - - [23/Oct/2014:18:32:10 -0400] "GET /wordpress1/wp-content/themes/atahualpa/images/expand-down.gif HTTP/1.1" 200 57 "http://jodyyoung.com/wordpress1/" "Mozilla/5.0 (Windows NT 6.1; WOW64) AppleWebKit/537.36 (KHTML, like Gecko) Chrome/32.0.1700.107 Safari/537.36"
189.24.52.248 - - [23/Oct/2014:18:32:10 -0400] "GET /wordpress1/wp-content/uploads/2012/10/P5210108ao-300x225.jpg HTTP/1.1" 200 26577 "http://jodyyoung.com/wordpress1/" "Mozilla/5.0 (Windows NT 6.1; WOW64) AppleWebKit/537.36 (KHTML, like Gecko) Chrome/32.0.1700.107 Safari/537.36"
189.24.52.248 - - [23/Oct/2014:18:32:10 -0400] "GET /wordpress1/wp-content/uploads/2011/11/JYATlogo.jpg HTTP/1.1" 200 14807 "http://jodyyoung.com/wordpress1/" "Mozilla/5.0 (Windows NT 6.1; WOW64) AppleWebKit/537.36 (KHTML, like Gecko) Chrome/32.0.1700.107 Safari/537.36"
100.43.90.8 - - [23/Oct/2014:18:32:23 -0400] "GET /robots.txt HTTP/1.1" 404 575 "-" "Mozilla/5.0 (compatible; YandexBot/3.0; +http://yandex.com/bots)"
112.111.172.130 - - [23/Oct/2014:18:32:28 -0400] "GET /wordpress1/gallery/ HTTP/1.1" 200 90302 "-" "Mozilla/4.0 (compatible; MSIE 6.0; Windows NT 5.1; SV1; Mozilla/4.0 (compatible; MSIE 6.0; Windows NT 5.1; SV1) ; .NET CLR 1.0.3705)"
112.111.172.130 - - [23/Oct/2014:18:33:22 -0400] "POST /wordpress1/wp-comments-post.php HTTP/1.1" 500 3129 "http://jodyyoung.com/wordpress1/gallery/" "Mozilla/4.0 (compatible; MSIE 6.0; Windows NT 5.1)"
100.43.90.8 - - [23/Oct/2014:18:34:39 -0400] "GET /wordpress1/2013/04/13/arches-canyonlands/?month=may&yr=2014 HTTP/1.1" 200 66596 "-" "Mozilla/5.0 (compatible; YandexBot/3.0; +http://yandex.com/bots)"
100.43.90.8 - - [23/Oct/2014:18:34:42 -0400] "GET /wordpress1/2013/04/13/arches-canyonlands/ HTTP/1.1" 200 64940 "-" "Mozilla/5.0 (compatible; YandexBot/3.0; +http://yandex.com/bots)"
10.30.72.4 - - [23/Oct/2014:18:36:36 -0400] "GET /wordpress1/wp-mail.php HTTP/1.0" 500 2965 "-" "WordPress/3.9.2; http://jodyyoung.com/wordpress1"
10.30.72.4 - - [23/Oct/2014:18:36:34 -0400] "GET /wordpress1/wp-mail.php HTTP/1.0" 500 2965 "-" "WordPress/3.9.2; http://jodyyoung.com/wordpress1"
193.201.224.28 - - [23/Oct/2014:18:46:15 -0400] "GET /wordpress1/2013/05/09/more-desert-fun/ HTTP/1.0" 200 64831 "http://jodyyoung.com/wordpress1/2013/05/09/more-desert-fun/" "Mozilla/5.0 (Windows NT 6.1; WOW64) AppleWebKit/537.36 (KHTML, like Gecko) Chrome/36.0.1985.143 Safari/537.36"
193.201.224.28 - - [23/Oct/2014:18:46:15 -0400] "GET /wordpress1/2012/10/25/new-web-site/ HTTP/1.0" 200 66562 "http://jodyyoung.com/wordpress1/2012/10/25/new-web-site/" "Mozilla/5.0 (Windows NT 6.0) AppleWebKit/537.36 (KHTML, like Gecko) Chrome/36.0.1985.143 Safari/537.36"
193.201.224.28 - - [23/Oct/2014:18:46:15 -0400] "GET /wordpress1/2013/10/29/days-getting-shorter/ HTTP/1.0" 200 64937 "http://jodyyoung.com/wordpress1/2013/10/29/days-getting-shorter/" "Mozilla/5.0 (Windows NT 6.1; WOW64) AppleWebKit/537.36 (KHTML, like Gecko) Chrome/36.0.1985.143 Safari/537.36 OPR/23.0.1522.77"
193.201.224.28 - - [23/Oct/2014:18:46:16 -0400] "POST /wordpress1/wp-comments-post.php HTTP/1.0" 500 3096 "http://jodyyoung.com/wordpress1/2013/05/09/more-desert-fun/" "Mozilla/5.0 (Windows NT 6.1; WOW64) AppleWebKit/537.36 (KHTML, like Gecko) Chrome/36.0.1985.143 Safari/537.36"
193.201.224.28 - - [23/Oct/2014:18:46:15 -0400] "GET /wordpress1/2013/08/31/alaska-summers/ HTTP/1.0" 200 67552 "http://jodyyoung.com/wordpress1/2013/08/31/alaska-summers/" "Mozilla/5.0 (Windows NT 5.1; rv:31.0) Gecko/20100101 Firefox/31.0"
193.201.224.28 - - [23/Oct/2014:18:46:15 -0400] "GET /wordpress1/2013/04/13/arches-canyonlands/ HTTP/1.0" 200 64945 "http://jodyyoung.com/wordpress1/2013/04/13/arches-canyonlands/" "Mozilla/5.0 (Windows NT 6.3; WOW64) AppleWebKit/537.36 (KHTML, like Gecko) Chrome/36.0.1985.125 Safari/537.36"
193.201.224.28 - - [23/Oct/2014:18:46:15 -0400] "GET /wordpress1/gallery/ HTTP/1.0" 200 90286 "http://jodyyoung.com/wordpress1/gallery/" "Mozilla/5.0 (Windows NT 5.1) AppleWebKit/537.36 (KHTML, like Gecko) Chrome/36.0.1985.143 Safari/537.36"
193.201.224.28 - - [23/Oct/2014:18:46:17 -0400] "POST /wordpress1/wp-comments-post.php HTTP/1.0" 500 3096 "http://jodyyoung.com/wordpress1/2012/10/25/new-web-site/" "Mozilla/5.0 (Windows NT 6.0) AppleWebKit/537.36 (KHTML, like Gecko) Chrome/36.0.1985.143 Safari/537.36"
193.201.224.28 - - [23/Oct/2014:18:46:15 -0400] "GET /wordpress1/2013/09/11/back-to-the-desert/ HTTP/1.0" 200 64964 "http://jodyyoung.com/wordpress1/2013/09/11/back-to-the-desert/" "Mozilla/5.0 (Windows NT 5.1; rv:31.0) Gecko/20100101 Firefox/31.0"
193.201.224.28 - - [23/Oct/2014:18:46:17 -0400] "POST /wordpress1/wp-comments-post.php HTTP/1.0" 500 3096 "http://jodyyoung.com/wordpress1/2013/10/29/days-getting-shorter/" "Mozilla/5.0 (Windows NT 6.1; WOW64) AppleWebKit/537.36 (KHTML, like Gecko) Chrome/36.0.1985.143 Safari/537.36 OPR/23.0.1522.77"
193.201.224.28 - - [23/Oct/2014:18:46:18 -0400] "POST /wordpress1/wp-comments-post.php HTTP/1.0" 500 3096 "http://jodyyoung.com/wordpress1/2013/08/31/alaska-summers/" "Mozilla/5.0 (Windows NT 5.1; rv:31.0) Gecko/20100101 Firefox/31.0"
193.201.224.28 - - [23/Oct/2014:18:46:18 -0400] "POST /wordpress1/wp-comments-post.php HTTP/1.0" 500 3096 "http://jodyyoung.com/wordpress1/2013/09/11/back-to-the-desert/" "Mozilla/5.0 (Windows NT 5.1; rv:31.0) Gecko/20100101 Firefox/31.0"
193.201.224.28 - - [23/Oct/2014:18:46:18 -0400] "POST /wordpress1/wp-comments-post.php HTTP/1.0" 500 3096 "http://jodyyoung.com/wordpress1/2013/04/13/arches-canyonlands/" "Mozilla/5.0 (Windows NT 6.3; WOW64) AppleWebKit/537.36 (KHTML, like Gecko) Chrome/36.0.1985.125 Safari/537.36"
193.201.224.28 - - [23/Oct/2014:18:46:18 -0400] "POST /wordpress1/wp-comments-post.php HTTP/1.0" 500 3096 "http://jodyyoung.com/wordpress1/gallery/" "Mozilla/5.0 (Windows NT 5.1) AppleWebKit/537.36 (KHTML, like Gecko) Chrome/36.0.1985.143 Safari/537.36"
66.249.65.106 - - [23/Oct/2014:18:53:38 -0400] "GET /wordpress1/gallery/ HTTP/1.1" 200 87378 "-" "Mozilla/5.0 (compatible; Googlebot/2.1; +http://www.google.com/bot.html)"
10.30.72.4 - - [23/Oct/2014:18:53:40 -0400] "GET /wordpress1/wp-mail.php HTTP/1.0" 500 2965 "-" "WordPress/3.9.2; http://jodyyoung.com/wordpress1"
180.76.5.188 - - [23/Oct/2014:18:59:04 -0400] "GET /wordpress1/2014/02/19/its-february-and-days-are-getting-longer/?month=nov&yr=2013 HTTP/1.1" 200 61276 "-" "Mozilla/5.0 (compatible; Baiduspider/2.0; +http://www.baidu.com/search/spider.html)"
10.30.72.4 - - [23/Oct/2014:19:17:43 -0400] "GET /wordpress1/wp-mail.php HTTP/1.0" 500 2965 "-" "WordPress/3.9.2; http://jodyyoung.com/wordpress1"
10.30.72.4 - - [23/Oct/2014:19:17:44 -0400] "GET /wordpress1/wp-mail.php HTTP/1.0" 500 2965 "-" "WordPress/3.9.2; http://jodyyoung.com/wordpress1"
120.32.66.29 - - [23/Oct/2014:19:24:55 -0400] "GET /wordpress1/guestbook/ HTTP/1.0" 200 64573 "http://jodyyoung.com/wordpress1/guestbook/" "Mozilla/5.0 (Windows NT 6.3; WOW64; rv:31.0) Gecko/20100101 Firefox/31.0"
120.32.66.29 - - [23/Oct/2014:19:24:56 -0400] "POST /wordpress1/wp-comments-post.php HTTP/1.0" 500 3099 "http://jodyyoung.com/wordpress1/guestbook/" "Mozilla/5.0 (Windows NT 6.3; WOW64; rv:31.0) Gecko/20100101 Firefox/31.0"
10.30.72.4 - - [23/Oct/2014:19:33:07 -0400] "GET /wordpress1/wp-mail.php HTTP/1.0" 500 2965 "-" "WordPress/3.9.2; http://jodyyoung.com/wordpress1"
10.30.72.4 - - [23/Oct/2014:19:33:08 -0400] "GET /wordpress1/wp-mail.php HTTP/1.0" 500 2965 "-" "WordPress/3.9.2; http://jodyyoung.com/wordpress1"
183.60.213.62 - - [23/Oct/2014:19:44:19 -0400] "GET /wordpress1/utah/?month=dec&yr=2013 HTTP/1.1" 200 69952 "-" "Mozilla/5.0 (compatible; EasouSpider; +http://www.easou.com/search/spider.html)"
10.30.72.4 - - [23/Oct/2014:19:50:44 -0400] "GET /wordpress1/wp-mail.php HTTP/1.0" 500 2965 "-" "WordPress/3.9.2; http://jodyyoung.com/wordpress1"
10.30.72.4 - - [23/Oct/2014:19:50:42 -0400] "GET /wordpress1/wp-mail.php HTTP/1.0" 500 2965 "-" "WordPress/3.9.2; http://jodyyoung.com/wordpress1"
54.172.193.150 - - [23/Oct/2014:19:57:45 -0400] "GET / HTTP/1.1" 200 6612 "-" "Mozilla/5.0 (X11; Linux x86_64) AppleWebKit/537.36 (KHTML, like Gecko) Chrome/29.0.1547.57 Safari/537.36"
188.165.15.15 - - [23/Oct/2014:20:15:24 -0400] "GET /shariki=1014 HTTP/1.1" 404 575 "-" "Mozilla/5.0 (compatible; AhrefsBot/5.0; +http://ahrefs.com/robot/)"
10.30.72.4 - - [23/Oct/2014:20:18:02 -0400] "GET /wordpress1/wp-mail.php HTTP/1.0" 500 2965 "-" "WordPress/3.9.2; http://jodyyoung.com/wordpress1"
10.30.72.4 - - [23/Oct/2014:20:18:04 -0400] "GET /wordpress1/wp-mail.php HTTP/1.0" 500 2965 "-" "WordPress/3.9.2; http://jodyyoung.com/wordpress1"
66.249.65.156 - - [23/Oct/2014:20:25:17 -0400] "GET /robots.txt HTTP/1.1" 404 575 "-" "Mozilla/5.0 (compatible; Googlebot/2.1; +http://www.google.com/bot.html)"
66.249.65.156 - - [23/Oct/2014:20:30:38 -0400] "GET /311/scripts/master.css HTTP/1.1" 200 1951 "-" "Mozilla/5.0 (compatible; Googlebot/2.1; +http://www.google.com/bot.html)"
10.30.72.4 - - [23/Oct/2014:20:38:24 -0400] "GET /wordpress1/wp-mail.php HTTP/1.0" 500 2965 "-" "WordPress/3.9.2; http://jodyyoung.com/wordpress1"
10.30.72.4 - - [23/Oct/2014:20:38:22 -0400] "GET /wordpress1/wp-mail.php HTTP/1.0" 500 2965 "-" "WordPress/3.9.2; http://jodyyoung.com/wordpress1"
10.30.72.4 - - [23/Oct/2014:21:10:24 -0400] "POST /wordpress1/wp-cron.php?doing_wp_cron=1414113024.3848159313201904296875 HTTP/1.0" 200 - "-" "WordPress/3.9.2; http://jodyyoung.com/wordpress1"
10.30.72.4 - - [23/Oct/2014:21:10:26 -0400] "GET /wordpress1/wp-mail.php HTTP/1.0" 500 2965 "-" "WordPress/3.9.2; http://jodyyoung.com/wordpress1"
10.30.72.4 - - [23/Oct/2014:21:10:29 -0400] "GET /wordpress1/wp-mail.php HTTP/1.0" 500 2965 "-" "WordPress/3.9.2; http://jodyyoung.com/wordpress1"
10.30.72.4 - - [23/Oct/2014:21:10:25 -0400] "GET /wordpress1/wp-mail.php HTTP/1.0" 500 2965 "-" "WordPress/3.9.2; http://jodyyoung.com/wordpress1"
199.15.233.176 - - [23/Oct/2014:21:29:49 -0400] "GET /wordpress1/guestbook/guestbook-archives/ HTTP/1.0" 200 75964 "http://jodyyoung.com/wordpress1/guestbook/guestbook-archives/" "Mozilla/5.0 (Windows NT 6.1; WOW64; rv:31.0) Gecko/20100101 Firefox/31.0"
199.15.233.176 - - [23/Oct/2014:21:29:54 -0400] "POST /wordpress1/wp-comments-post.php HTTP/1.0" 500 3096 "http://jodyyoung.com/wordpress1/guestbook/guestbook-archives/" "Mozilla/5.0 (Windows NT 6.1; WOW64; rv:31.0) Gecko/20100101 Firefox/31.0"
199.15.233.176 - - [23/Oct/2014:21:29:55 -0400] "GET /wordpress1/guestbook/guestbook-archives/ HTTP/1.0" 200 75963 "http://jodyyoung.com/wordpress1/guestbook/guestbook-archives/" "Mozilla/5.0 (Windows NT 6.1; WOW64; rv:31.0) Gecko/20100101 Firefox/31.0"
10.30.72.4 - - [23/Oct/2014:21:29:54 -0400] "GET /wordpress1/wp-mail.php HTTP/1.0" 500 2965 "-" "WordPress/3.9.2; http://jodyyoung.com/wordpress1"
10.30.72.4 - - [23/Oct/2014:21:29:50 -0400] "GET /wordpress1/wp-mail.php HTTP/1.0" 500 2965 "-" "WordPress/3.9.2; http://jodyyoung.com/wordpress1"
10.30.72.4 - - [23/Oct/2014:21:55:27 -0400] "GET /wordpress1/wp-mail.php HTTP/1.0" 500 2965 "-" "WordPress/3.9.2; http://jodyyoung.com/wordpress1"
10.30.72.4 - - [23/Oct/2014:21:55:22 -0400] "POST /wordpress1/wp-cron.php?doing_wp_cron=1414115722.4108428955078125000000 HTTP/1.0" 200 - "-" "WordPress/3.9.2; http://jodyyoung.com/wordpress1"
10.30.72.4 - - [23/Oct/2014:21:55:25 -0400] "GET /wordpress1/wp-mail.php HTTP/1.0" 500 2965 "-" "WordPress/3.9.2; http://jodyyoung.com/wordpress1"
10.30.72.4 - - [23/Oct/2014:21:55:23 -0400] "GET /wordpress1/wp-mail.php HTTP/1.0" 500 2965 "-" "WordPress/3.9.2; http://jodyyoung.com/wordpress1"
174.253.1.133 - - [23/Oct/2014:21:57:55 -0400] "GET /wordpress1/wp-content/flagallery/colorado-photos/st232ao.jpg HTTP/1.1" 200 315853 "-" "Mozilla/5.0 (iPad; CPU OS 7_0_4 like Mac OS X) AppleWebKit/537.51.1 (KHTML, like Gecko) GSA/4.1.0.31802 Mobile/11B554a Safari/9537.53"
10.30.72.4 - - [23/Oct/2014:21:57:59 -0400] "POST /wordpress1/wp-cron.php?doing_wp_cron=1414115879.1114990711212158203125 HTTP/1.0" 200 - "-" "WordPress/3.9.2; http://jodyyoung.com/wordpress1"
66.249.88.163 - - [23/Oct/2014:21:57:59 -0400] "GET /wordpress1/wp-content/plugins/flash-album-gallery/admin/css/flagallery_noflash.css HTTP/1.1" 200 2509 "http://jodyyoung.com/wordpress1/flagallery/colorado-scenes/" "Mozilla/5.0 (X11; Linux x86_64) AppleWebKit/537.36 (KHTML, like Gecko; Google Web Preview) Chrome/27.0.1453 Safari/537.36"
66.249.88.163 - - [23/Oct/2014:21:57:59 -0400] "GET /wordpress1/wp-content/plugins/flash-album-gallery/admin/js/swfaddress.js?ver=2.4 HTTP/1.1" 200 15916 "http://jodyyoung.com/wordpress1/flagallery/colorado-scenes/" "Mozilla/5.0 (X11; Linux x86_64) AppleWebKit/537.36 (KHTML, like Gecko; Google Web Preview) Chrome/27.0.1453 Safari/537.36"
66.249.88.163 - - [23/Oct/2014:21:57:59 -0400] "GET /wordpress1/wp-content/flagallery/colorado-photos/thumbs/thumbs_p9210040ao.jpg HTTP/1.1" 200 14853 "http://jodyyoung.com/wordpress1/flagallery/colorado-scenes/" "Mozilla/5.0 (X11; Linux x86_64) AppleWebKit/537.36 (KHTML, like Gecko; Google Web Preview) Chrome/27.0.1453 Safari/537.36"
66.249.88.163 - - [23/Oct/2014:21:57:59 -0400] "GET /wordpress1/wp-content/flagallery/colorado-photos/thumbs/thumbs_st-146ao.jpg HTTP/1.1" 200 12316 "http://jodyyoung.com/wordpress1/flagallery/colorado-scenes/" "Mozilla/5.0 (X11; Linux x86_64) AppleWebKit/537.36 (KHTML, like Gecko; Google Web Preview) Chrome/27.0.1453 Safari/537.36"
66.249.88.163 - - [23/Oct/2014:21:57:59 -0400] "GET /wordpress1/wp-content/flagallery/colorado-photos/thumbs/thumbs_20110519_45ao.jpg HTTP/1.1" 200 14715 "http://jodyyoung.com/wordpress1/flagallery/colorado-scenes/" "Mozilla/5.0 (X11; Linux x86_64) AppleWebKit/537.36 (KHTML, like Gecko; Google Web Preview) Chrome/27.0.1453 Safari/537.36"
183.60.214.7 - - [23/Oct/2014:22:09:09 -0400] "GET /wordpress1/guestbook/guestbook-archives/?month=nov&yr=2014 HTTP/1.1" 200 73193 "-" "Mozilla/5.0 (compatible; EasouSpider; +http://www.easou.com/search/spider.html)"
10.30.72.4 - - [23/Oct/2014:22:20:45 -0400] "GET /wordpress1/wp-mail.php HTTP/1.0" 500 2965 "-" "WordPress/3.9.2; http://jodyyoung.com/wordpress1"
10.30.72.4 - - [23/Oct/2014:22:20:44 -0400] "GET /wordpress1/wp-mail.php HTTP/1.0" 500 2965 "-" "WordPress/3.9.2; http://jodyyoung.com/wordpress1"
10.30.72.4 - - [23/Oct/2014:22:20:47 -0400] "GET /wordpress1/wp-mail.php HTTP/1.0" 500 2965 "-" "WordPress/3.9.2; http://jodyyoung.com/wordpress1"
211.23.149.71 - - [23/Oct/2014:22:23:04 -0400] "GET / HTTP/1.1" 200 6612 "http://www.campalaska.com" "Mozilla/4.0 (compatible; MSIE 9.0; Windows NT 6.1; 125LA; .NET CLR 2.0.50727; .NET CLR 3.0.04506.648; .NET CLR 3.5.21022)"
10.30.72.4 - - [23/Oct/2014:22:37:14 -0400] "GET /wordpress1/wp-mail.php HTTP/1.0" 500 2965 "-" "WordPress/3.9.2; http://jodyyoung.com/wordpress1"
10.30.72.4 - - [23/Oct/2014:22:37:11 -0400] "GET /wordpress1/wp-mail.php HTTP/1.0" 500 2965 "-" "WordPress/3.9.2; http://jodyyoung.com/wordpress1"
10.30.72.4 - - [23/Oct/2014:22:55:25 -0400] "GET /wordpress1/wp-mail.php HTTP/1.0" 500 2965 "-" "WordPress/3.9.2; http://jodyyoung.com/wordpress1"
10.30.72.4 - - [23/Oct/2014:22:55:23 -0400] "GET /wordpress1/wp-mail.php HTTP/1.0" 500 2965 "-" "WordPress/3.9.2; http://jodyyoung.com/wordpress1"
173.77.219.165 - - [23/Oct/2014:22:56:13 -0400] "GET /wordpress1/wp-content/flagallery/colorado-photos/st232ao.jpg HTTP/1.1" 200 315853 "-" "Mozilla/5.0 (iPhone; CPU iPhone OS 7_1_2 like Mac OS X) AppleWebKit/537.51.2 (KHTML, like Gecko) GSA/4.2.2.38484 Mobile/11D257 Safari/9537.53"
220.181.108.112 - - [23/Oct/2014:23:01:54 -0400] "GET /scripts/user.js HTTP/1.1" 200 13146 "http://www.campalaska.com/" "Mozilla/5.0 (Windows NT 6.1; rv:15.0) Gecko/20100101 Firefox/15.0.1"
180.76.5.25 - - [23/Oct/2014:23:09:38 -0400] "GET /wordpress1/2013/04/13/arches-canyonlands/?month=aug&yr=2014 HTTP/1.1" 200 66911 "-" "Mozilla/5.0 (compatible; Baiduspider/2.0; +http://www.baidu.com/search/spider.html)"
10.30.72.4 - - [23/Oct/2014:23:18:41 -0400] "POST /wordpress1/wp-cron.php?doing_wp_cron=1414120721.0444929599761962890625 HTTP/1.0" 200 - "-" "WordPress/3.9.2; http://jodyyoung.com/wordpress1"
10.30.72.4 - - [23/Oct/2014:23:18:43 -0400] "GET /wordpress1/wp-mail.php HTTP/1.0" 500 2965 "-" "WordPress/3.9.2; http://jodyyoung.com/wordpress1"
10.30.72.4 - - [23/Oct/2014:23:18:46 -0400] "GET /wordpress1/wp-mail.php HTTP/1.0" 500 2965 "-" "WordPress/3.9.2; http://jodyyoung.com/wordpress1"
10.30.72.4 - - [23/Oct/2014:23:18:42 -0400] "GET /wordpress1/wp-mail.php HTTP/1.0" 500 2965 "-" "WordPress/3.9.2; http://jodyyoung.com/wordpress1"
10.30.72.4 - - [23/Oct/2014:23:55:11 -0400] "GET /wordpress1/wp-mail.php HTTP/1.0" 500 2965 "-" "WordPress/3.9.2; http://jodyyoung.com/wordpress1"
10.30.72.4 - - [23/Oct/2014:23:55:08 -0400] "GET /wordpress1/wp-mail.php HTTP/1.0" 500 2965 "-" "WordPress/3.9.2; http://jodyyoung.com/wordpress1"
176.8.90.170 - - [23/Oct/2014:23:56:07 -0400] "GET /wordpress1/about-htm/ HTTP/1.0" 200 63460 "http://jodyyoung.com/wordpress1/about-htm/" "Mozilla/5.0 (Windows NT 6.1; WOW64) AppleWebKit/537.36 (KHTML, like Gecko) Chrome/36.0.1985.143 Safari/537.36"
176.8.90.170 - - [23/Oct/2014:23:56:09 -0400] "GET /wordpress1/guestbook/ HTTP/1.0" 200 64572 "http://jodyyoung.com/wordpress1/guestbook/" "Mozilla/5.0 (Windows NT 6.1; WOW64) AppleWebKit/537.36 (KHTML, like Gecko) Chrome/36.0.1985.143 Safari/537.36"
176.8.90.170 - - [23/Oct/2014:23:56:11 -0400] "POST /wordpress1/wp-comments-post.php HTTP/1.0" 500 2984 "http://jodyyoung.com/wordpress1/guestbook/" "Mozilla/5.0 (Windows NT 6.1; WOW64) AppleWebKit/537.36 (KHTML, like Gecko) Chrome/36.0.1985.143 Safari/537.36"
176.8.90.170 - - [23/Oct/2014:23:56:11 -0400] "GET /wordpress1/guestbook/ HTTP/1.0" 200 64572 "http://jodyyoung.com/wordpress1/guestbook/" "Mozilla/5.0 (Windows NT 6.1; WOW64) AppleWebKit/537.36 (KHTML, like Gecko) Chrome/36.0.1985.143 Safari/537.36"
176.8.90.170 - - [23/Oct/2014:23:56:12 -0400] "GET /wordpress1/guestbook/ HTTP/1.0" 200 64572 "http://jodyyoung.com/wordpress1/guestbook/" "Mozilla/5.0 (Windows NT 6.1; WOW64) AppleWebKit/537.36 (KHTML, like Gecko) Chrome/36.0.1985.143 Safari/537.36"
10.30.72.4 - - [23/Oct/2014:23:57:24 -0400] "POST /wordpress1/wp-cron.php?doing_wp_cron=1414123044.8744730949401855468750 HTTP/1.0" 200 - "-" "WordPress/3.9.2; http://jodyyoung.com/wordpress1"
66.249.65.106 - - [23/Oct/2014:23:57:25 -0400] "GET /wordpress1/ HTTP/1.1" 200 62879 "-" "DoCoMo/2.0 N905i(c100;TB;W24H16) (compatible; Googlebot-Mobile/2.1; +http://www.google.com/bot.html)"
192.187.99.194 - - [23/Oct/2014:23:59:03 -0400] "HEAD /wp-login.php HTTP/1.1" 404 - "-" "-"