199.15.233.163 - - [23/Oct/2014:02:03:33 -0400] "GET /wordpress1/guestbook/ HTTP/1.0" 200 64577 "http://jodyyoung.com/wordpress1/guestbook/" "Mozilla/5.0 (Windows NT 6.3; WOW64) AppleWebKit/537.36 (KHTML, like Gecko) Chrome/36.0.1985.125 Safari/537.36"
199.15.233.163 - - [23/Oct/2014:02:03:36 -0400] "POST /wordpress1/wp-comments-post.php HTTP/1.0" 500 3100 "http://jodyyoung.com/wordpress1/guestbook/" "Mozilla/5.0 (Windows NT 6.3; WOW64) AppleWebKit/537.36 (KHTML, like Gecko) Chrome/36.0.1985.125 Safari/537.36"
66.249.65.110 - - [23/Oct/2014:02:09:04 -0400] "GET /wordpress1/2014/02/19/its-february-and-days-are-getting-longer/?month=apr&yr=2112 HTTP/1.1" 200 61273 "-" "Mozilla/5.0 (compatible; Googlebot/2.1; +http://www.google.com/bot.html)"
195.211.155.210 - - [23/Oct/2014:02:21:22 -0400] "GET /wordpress1/guestbook/guestbook-archives/ HTTP/1.0" 200 75967 "http://jodyyoung.com/wordpress1/guestbook/guestbook-archives/" "Mozilla/5.0 (Windows NT 6.1; WOW64) AppleWebKit/537.36 (KHTML, like Gecko) Chrome/37.0.2062.102 Safari/537.36"
195.211.155.210 - - [23/Oct/2014:02:21:25 -0400] "POST /wordpress1/wp-comments-post.php HTTP/1.0" 500 3094 "http://jodyyoung.com/wordpress1/guestbook/guestbook-archives/" "Mozilla/5.0 (Windows NT 6.1; WOW64) AppleWebKit/537.36 (KHTML, like Gecko) Chrome/37.0.2062.102 Safari/537.36"
205.197.253.3 - - [23/Oct/2014:02:28:32 -0400] "GET /wordpress1/wp-content/flagallery/colorado-photos/st232ao.jpg HTTP/1.1" 200 315853 "https://www.google.com/" "Mozilla/5.0 (Windows NT 6.1; WOW64) AppleWebKit/537.36 (KHTML, like Gecko) Chrome/37.0.2062.124 Safari/537.36"
66.249.65.110 - - [23/Oct/2014:02:36:34 -0400] "GET /wordpress1/wp-content/plugins/spiffy-calendar/spiffycal.css?ver=3.9.1 HTTP/1.1" 200 3825 "-" "Mozilla/5.0 (compatible; Googlebot/2.1; +http://www.google.com/bot.html)"
10.30.72.4 - - [23/Oct/2014:03:00:32 -0400] "GET /wordpress1/wp-mail.php HTTP/1.0" 500 2965 "-" "WordPress/3.9.2; http://jodyyoung.com/wordpress1"
10.30.72.4 - - [23/Oct/2014:03:00:34 -0400] "GET /wordpress1/wp-mail.php HTTP/1.0" 500 2965 "-" "WordPress/3.9.2; http://jodyyoung.com/wordpress1"
66.249.65.145 - - [23/Oct/2014:03:13:35 -0400] "GET / HTTP/1.1" 304 - "-" "Mozilla/5.0 (iPhone; CPU iPhone OS 6_0 like Mac OS X) AppleWebKit/536.26 (KHTML, like Gecko) Version/6.0 Mobile/10A5376e Safari/8536.25 (compatible; Googlebot/2.1; +http://www.google.com/bot.html)"
10.30.72.4 - - [23/Oct/2014:03:24:24 -0400] "GET /wordpress1/wp-mail.php HTTP/1.0" 500 2965 "-" "WordPress/3.9.2; http://jodyyoung.com/wordpress1"
10.30.72.4 - - [23/Oct/2014:03:24:26 -0400] "GET /wordpress1/wp-mail.php HTTP/1.0" 500 2965 "-" "WordPress/3.9.2; http://jodyyoung.com/wordpress1"
180.76.6.151 - - [23/Oct/2014:03:32:00 -0400] "GET /robots.txt HTTP/1.1" 404 575 "-" "Mozilla/5.0 (Windows NT 5.1; rv:6.0.2) Gecko/20100101 Firefox/6.0.2"
188.165.15.162 - - [23/Oct/2014:03:41:05 -0400] "GET /robots.txt HTTP/1.1" 404 575 "-" "Mozilla/5.0 (compatible; AhrefsBot/5.0; +http://ahrefs.com/robot/)"
10.30.72.4 - - [23/Oct/2014:04:01:58 -0400] "POST /wordpress1/wp-cron.php?doing_wp_cron=1414051318.2978188991546630859375 HTTP/1.0" 200 - "-" "WordPress/3.9.2; http://jodyyoung.com/wordpress1"
10.30.72.4 - - [23/Oct/2014:04:02:03 -0400] "GET /wordpress1/wp-mail.php HTTP/1.0" 500 2965 "-" "WordPress/3.9.2; http://jodyyoung.com/wordpress1"
10.30.72.4 - - [23/Oct/2014:04:02:00 -0400] "GET /wordpress1/wp-mail.php HTTP/1.0" 500 2965 "-" "WordPress/3.9.2; http://jodyyoung.com/wordpress1"
10.30.72.4 - - [23/Oct/2014:04:01:59 -0400] "GET /wordpress1/wp-mail.php HTTP/1.0" 500 2965 "-" "WordPress/3.9.2; http://jodyyoung.com/wordpress1"
180.76.6.145 - - [23/Oct/2014:04:02:04 -0400] "GET /wordpress1/gallery/ HTTP/1.1" 200 89645 "-" "Mozilla/5.0 (compatible; Baiduspider/2.0; +http://www.baidu.com/search/spider.html)"
112.111.161.223 - - [23/Oct/2014:04:17:20 -0400] "GET /guestbook.html HTTP/1.0" 200 8916 "http://www.jodyyoung.com/guestbook.html" "Mozilla/5.0 (Windows NT 5.1; rv:31.0) Gecko/20100101 Firefox/31.0"
112.111.161.223 - - [23/Oct/2014:04:17:21 -0400] "GET /guestbook.html HTTP/1.0" 200 8916 "http://www.jodyyoung.com/guestbook.html" "Mozilla/5.0 (Windows NT 5.1; rv:31.0) Gecko/20100101 Firefox/31.0"
208.115.111.69 - - [23/Oct/2014:04:18:36 -0400] "GET /robots.txt HTTP/1.1" 404 575 "-" "Mozilla/5.0 (compatible; DotBot/1.1; http://www.opensiteexplorer.org/dotbot, help@moz.com)"
208.115.111.69 - - [23/Oct/2014:04:18:36 -0400] "GET /robots.txt HTTP/1.1" 404 575 "-" "Mozilla/5.0 (compatible; DotBot/1.1; http://www.opensiteexplorer.org/dotbot, help@moz.com)"
10.30.72.4 - - [23/Oct/2014:04:18:48 -0400] "GET /wordpress1/wp-mail.php HTTP/1.0" 500 2965 "-" "WordPress/3.9.2; http://jodyyoung.com/wordpress1"
10.30.72.4 - - [23/Oct/2014:04:18:45 -0400] "GET /wordpress1/wp-mail.php HTTP/1.0" 500 2965 "-" "WordPress/3.9.2; http://jodyyoung.com/wordpress1"
10.30.72.4 - - [23/Oct/2014:04:35:27 -0400] "GET /wordpress1/wp-mail.php HTTP/1.0" 500 2965 "-" "WordPress/3.9.2; http://jodyyoung.com/wordpress1"
10.30.72.4 - - [23/Oct/2014:04:35:24 -0400] "GET /wordpress1/wp-mail.php HTTP/1.0" 500 2965 "-" "WordPress/3.9.2; http://jodyyoung.com/wordpress1"
188.165.15.105 - - [23/Oct/2014:05:01:45 -0400] "GET /wordpress1/wp-content/flagallery/colorado-photos/20110519_121ao.jpg HTTP/1.1" 200 376171 "-" "Mozilla/5.0 (compatible; AhrefsBot/5.0; +http://ahrefs.com/robot/)"
10.30.72.4 - - [23/Oct/2014:05:16:16 -0400] "GET /wordpress1/wp-mail.php HTTP/1.0" 500 2965 "-" "WordPress/3.9.2; http://jodyyoung.com/wordpress1"
10.30.72.4 - - [23/Oct/2014:05:16:18 -0400] "GET /wordpress1/wp-mail.php HTTP/1.0" 500 2965 "-" "WordPress/3.9.2; http://jodyyoung.com/wordpress1"
10.30.72.4 - - [23/Oct/2014:05:33:57 -0400] "GET /wordpress1/wp-mail.php HTTP/1.0" 500 2965 "-" "WordPress/3.9.2; http://jodyyoung.com/wordpress1"
10.30.72.4 - - [23/Oct/2014:05:33:54 -0400] "GET /wordpress1/wp-mail.php HTTP/1.0" 500 2965 "-" "WordPress/3.9.2; http://jodyyoung.com/wordpress1"
10.30.72.4 - - [23/Oct/2014:05:52:06 -0400] "GET /wordpress1/wp-mail.php HTTP/1.0" 500 2965 "-" "WordPress/3.9.2; http://jodyyoung.com/wordpress1"
10.30.72.4 - - [23/Oct/2014:05:52:04 -0400] "GET /wordpress1/wp-mail.php HTTP/1.0" 500 2965 "-" "WordPress/3.9.2; http://jodyyoung.com/wordpress1"
10.30.72.4 - - [23/Oct/2014:05:58:01 -0400] "POST /wordpress1/wp-cron.php?doing_wp_cron=1414058281.8459570407867431640625 HTTP/1.0" 200 - "-" "WordPress/3.9.2; http://jodyyoung.com/wordpress1"
183.60.214.7 - - [23/Oct/2014:06:09:09 -0400] "GET /wordpress1/guestbook/?month=oct&yr=2013 HTTP/1.1" 200 61369 "-" "Mozilla/5.0 (compatible; EasouSpider; +http://www.easou.com/search/spider.html)"
10.30.72.4 - - [23/Oct/2014:06:24:03 -0400] "GET /wordpress1/wp-mail.php HTTP/1.0" 500 2965 "-" "WordPress/3.9.2; http://jodyyoung.com/wordpress1"
76.164.192.43 - - [23/Oct/2014:06:24:58 -0400] "GET /wordpress1/guestbook/ HTTP/1.0" 200 64574 "http://jodyyoung.com/wordpress1/guestbook/" "Opera/9.80 (Windows NT 5.1) Presto/2.12.388 Version/12.17"
76.164.192.43 - - [23/Oct/2014:06:25:00 -0400] "POST /wordpress1/wp-comments-post.php HTTP/1.0" 500 3099 "http://jodyyoung.com/wordpress1/guestbook/" "Opera/9.80 (Windows NT 5.1) Presto/2.12.388 Version/12.17"
162.243.15.197 - - [23/Oct/2014:06:36:15 -0400] "GET / HTTP/1.1" 200 6612 "-" "Mozilla/5.0 (Windows; U; Windows NT 5.1; ru-RU; rv:1.7.12) Gecko/20050919 Firefox/1.0.7"
10.30.72.4 - - [23/Oct/2014:06:43:59 -0400] "GET /wordpress1/wp-mail.php HTTP/1.0" 500 2965 "-" "WordPress/3.9.2; http://jodyyoung.com/wordpress1"
10.30.72.4 - - [23/Oct/2014:06:43:56 -0400] "GET /wordpress1/wp-mail.php HTTP/1.0" 500 2965 "-" "WordPress/3.9.2; http://jodyyoung.com/wordpress1"
10.30.72.4 - - [23/Oct/2014:07:04:19 -0400] "GET /wordpress1/wp-mail.php HTTP/1.0" 500 2965 "-" "WordPress/3.9.2; http://jodyyoung.com/wordpress1"
10.30.72.4 - - [23/Oct/2014:07:04:22 -0400] "GET /wordpress1/wp-mail.php HTTP/1.0" 500 2965 "-" "WordPress/3.9.2; http://jodyyoung.com/wordpress1"
10.30.72.4 - - [23/Oct/2014:07:39:41 -0400] "GET /wordpress1/wp-mail.php HTTP/1.0" 500 2965 "-" "WordPress/3.9.2; http://jodyyoung.com/wordpress1"
10.30.72.4 - - [23/Oct/2014:07:39:38 -0400] "GET /wordpress1/wp-mail.php HTTP/1.0" 500 2965 "-" "WordPress/3.9.2; http://jodyyoung.com/wordpress1"
10.30.72.4 - - [23/Oct/2014:07:55:11 -0400] "GET /wordpress1/wp-mail.php HTTP/1.0" 500 2965 "-" "WordPress/3.9.2; http://jodyyoung.com/wordpress1"
10.30.72.4 - - [23/Oct/2014:07:55:14 -0400] "GET /wordpress1/wp-mail.php HTTP/1.0" 500 2965 "-" "WordPress/3.9.2; http://jodyyoung.com/wordpress1"
123.125.71.88 - - [23/Oct/2014:08:16:52 -0400] "GET /robots.txt HTTP/1.1" 404 575 "-" "Mozilla/5.0 (compatible; Baiduspider/2.0; +http://www.baidu.com/search/spider.html)"
10.30.72.4 - - [23/Oct/2014:08:16:57 -0400] "GET /wordpress1/wp-mail.php HTTP/1.0" 500 2965 "-" "WordPress/3.9.2; http://jodyyoung.com/wordpress1"
123.125.68.190 - - [23/Oct/2014:08:16:59 -0400] "GET /wordpress1/ HTTP/1.1" 200 63520 "-" "Mozilla/5.0 (Windows NT 5.1; rv:6.0.2) Gecko/20100101 Firefox/6.0.2"
201.43.154.55 - - [23/Oct/2014:08:23:51 -0400] "GET / HTTP/1.1" 301 240 "-" "Mozilla/5.0 (compatible; Googlebot/2.1; +http://www.google.com/bot.html)"
201.43.154.55 - - [23/Oct/2014:08:23:54 -0400] "GET /wordpress1/ HTTP/1.1" 200 62879 "-" "Mozilla/5.0 (compatible; Googlebot/2.1; +http://www.google.com/bot.html)"
150.70.97.117 - - [23/Oct/2014:08:25:16 -0400] "GET /wordpress1/ HTTP/1.1" 200 63518 "-" "Mozilla/4.0 (compatible; MSIE 8.0; Windows NT 5.1; Trident/4.0)"
94.250.248.17 - - [23/Oct/2014:08:29:38 -0400] "GET /wordpress1/guestbook/guestbook-archives/ HTTP/1.1" 200 75962 "http://jodyyoung.com/" "Mozilla/5.0 (Windows NT 6.2; WOW64) AppleWebKit/537.36 (KHTML, like Gecko) Chrome/28.0.1500.72 Safari/537.36"
94.250.248.17 - - [23/Oct/2014:08:29:41 -0400] "GET /wordpress1/wp-login.php HTTP/1.1" 200 3247 "http://jodyyoung.com/" "Mozilla/5.0 (Windows NT 6.2; WOW64) AppleWebKit/537.36 (KHTML, like Gecko) Chrome/28.0.1500.72 Safari/537.36"
94.250.248.17 - - [23/Oct/2014:08:29:42 -0400] "GET /wordpress1/wp-login.php?action=register HTTP/1.1" 302 - "http://jodyyoung.com/wordpress1/wp-login.php" "Mozilla/5.0 (Windows NT 6.2; WOW64) AppleWebKit/537.36 (KHTML, like Gecko) Chrome/28.0.1500.72 Safari/537.36"
94.250.248.17 - - [23/Oct/2014:08:29:42 -0400] "GET /wordpress1/wp-login.php?registration=disabled HTTP/1.1" 200 3307 "http://jodyyoung.com/wordpress1/wp-login.php" "Mozilla/5.0 (Windows NT 6.2; WOW64) AppleWebKit/537.36 (KHTML, like Gecko) Chrome/28.0.1500.72 Safari/537.36"
10.30.72.4 - - [23/Oct/2014:08:32:02 -0400] "GET /wordpress1/wp-mail.php HTTP/1.0" 500 2965 "-" "WordPress/3.9.2; http://jodyyoung.com/wordpress1"
10.30.72.4 - - [23/Oct/2014:08:32:04 -0400] "GET /wordpress1/wp-mail.php HTTP/1.0" 500 2965 "-" "WordPress/3.9.2; http://jodyyoung.com/wordpress1"
66.249.65.114 - - [23/Oct/2014:08:45:29 -0400] "GET /wordpress1/ HTTP/1.1" 200 62879 "-" "Mozilla/5.0 (iPhone; CPU iPhone OS 6_0 like Mac OS X) AppleWebKit/536.26 (KHTML, like Gecko) Version/6.0 Mobile/10A5376e Safari/8536.25 (compatible; Googlebot/2.1; +http://www.google.com/bot.html)"
66.249.65.114 - - [23/Oct/2014:08:46:09 -0400] "GET /wordpress1/about-htm/?month=sept&yr=2024 HTTP/1.1" 200 59597 "-" "Mozilla/5.0 (compatible; Googlebot/2.1; +http://www.google.com/bot.html)"
10.30.72.4 - - [23/Oct/2014:08:47:32 -0400] "GET /wordpress1/wp-mail.php HTTP/1.0" 500 2965 "-" "WordPress/3.9.2; http://jodyyoung.com/wordpress1"
10.30.72.4 - - [23/Oct/2014:08:47:29 -0400] "GET /wordpress1/wp-mail.php HTTP/1.0" 500 2965 "-" "WordPress/3.9.2; http://jodyyoung.com/wordpress1"
66.249.65.114 - - [23/Oct/2014:08:50:15 -0400] "GET /wordpress1/about-htm/?month=aug&yr=2024 HTTP/1.1" 200 59610 "-" "Mozilla/5.0 (compatible; Googlebot/2.1; +http://www.google.com/bot.html)"
66.249.65.114 - - [23/Oct/2014:08:50:39 -0400] "GET /wordpress1/wp-login.php?action=lostpassword HTTP/1.1" 200 2887 "-" "Mozilla/5.0 (compatible; Googlebot/2.1; +http://www.google.com/bot.html)"
66.249.65.114 - - [23/Oct/2014:08:50:50 -0400] "GET /wordpress1/wp-includes/js/swfobject.js?ver=2.2-20120417 HTTP/1.1" 200 10231 "http://jodyyoung.com/wordpress1/wp-login.php" "Mozilla/5.0 (compatible; Googlebot/2.1; +http://www.google.com/bot.html)"
66.249.65.114 - - [23/Oct/2014:08:50:51 -0400] "GET /wordpress1/wp-admin/css/login.min.css?ver=3.9.2 HTTP/1.1" 200 18376 "http://jodyyoung.com/wordpress1/wp-login.php" "Mozilla/5.0 (compatible; Googlebot/2.1; +http://www.google.com/bot.html)"
199.15.233.176 - - [23/Oct/2014:08:58:20 -0400] "GET /wordpress1/guestbook/guestbook-archives/ HTTP/1.0" 200 75964 "http://jodyyoung.com/wordpress1/guestbook/guestbook-archives/" "Mozilla/5.0 (Windows NT 5.1; rv:31.0) Gecko/20100101 Firefox/31.0"
199.15.233.176 - - [23/Oct/2014:08:58:22 -0400] "POST /wordpress1/wp-comments-post.php HTTP/1.0" 500 3100 "http://jodyyoung.com/wordpress1/guestbook/guestbook-archives/" "Mozilla/5.0 (Windows NT 5.1; rv:31.0) Gecko/20100101 Firefox/31.0"
199.15.233.176 - - [23/Oct/2014:08:58:23 -0400] "GET /wordpress1/guestbook/guestbook-archives/ HTTP/1.0" 200 75963 "http://jodyyoung.com/wordpress1/guestbook/guestbook-archives/" "Mozilla/5.0 (Windows NT 5.1; rv:31.0) Gecko/20100101 Firefox/31.0"
183.60.215.26 - - [23/Oct/2014:09:00:30 -0400] "GET /robots.txt HTTP/1.1" 404 575 "-" "Mozilla/5.0 (compatible; EasouSpider; +http://www.easou.com/search/spider.html)"
10.30.72.4 - - [23/Oct/2014:09:06:14 -0400] "GET /wordpress1/wp-mail.php HTTP/1.0" 500 2965 "-" "WordPress/3.9.2; http://jodyyoung.com/wordpress1"
10.30.72.4 - - [23/Oct/2014:09:06:11 -0400] "GET /wordpress1/wp-mail.php HTTP/1.0" 500 2965 "-" "WordPress/3.9.2; http://jodyyoung.com/wordpress1"
66.249.65.145 - - [23/Oct/2014:09:10:19 -0400] "GET /favicon.ico HTTP/1.1" 404 575 "-" "Googlebot-Image/1.0"
66.249.65.145 - - [23/Oct/2014:09:13:00 -0400] "GET /311/images/enviro_17.jpg HTTP/1.1" 200 5180 "-" "Googlebot-Image/1.0"
66.249.65.114 - - [23/Oct/2014:09:20:59 -0400] "GET /wordpress1/about-htm/?month=jun&yr=2025 HTTP/1.1" 200 59592 "-" "Mozilla/5.0 (compatible; Googlebot/2.1; +http://www.google.com/bot.html)"
10.30.72.4 - - [23/Oct/2014:09:24:09 -0400] "GET /wordpress1/wp-mail.php HTTP/1.0" 500 2965 "-" "WordPress/3.9.2; http://jodyyoung.com/wordpress1"
10.30.72.4 - - [23/Oct/2014:09:24:06 -0400] "GET /wordpress1/wp-mail.php HTTP/1.0" 500 2965 "-" "WordPress/3.9.2; http://jodyyoung.com/wordpress1"
66.249.65.114 - - [23/Oct/2014:09:24:18 -0400] "GET /wordpress1/connections/?month=apr&yr=1948 HTTP/1.1" 200 62754 "-" "Mozilla/5.0 (compatible; Googlebot/2.1; +http://www.google.com/bot.html)"
66.249.65.114 - - [23/Oct/2014:09:25:56 -0400] "GET /wordpress1/about-htm/?month=jan&yr=2024 HTTP/1.1" 200 59594 "-" "Mozilla/5.0 (compatible; Googlebot/2.1; +http://www.google.com/bot.html)"
66.249.65.114 - - [23/Oct/2014:09:26:36 -0400] "GET /wordpress1/wp-content/plugins/spiffy-calendar/spiffycal.css?ver=3.9.2 HTTP/1.1" 200 3825 "-" "Mozilla/5.0 (compatible; Googlebot/2.1; +http://www.google.com/bot.html)"
66.249.65.114 - - [23/Oct/2014:09:31:04 -0400] "GET /wordpress1/about-htm/?month=dec&yr=2023 HTTP/1.1" 200 60048 "-" "Mozilla/5.0 (compatible; Googlebot/2.1; +http://www.google.com/bot.html)"
66.249.65.114 - - [23/Oct/2014:09:31:46 -0400] "GET /wordpress1/about-htm/?month=aug&yr=2025 HTTP/1.1" 200 60046 "-" "Mozilla/5.0 (compatible; Googlebot/2.1; +http://www.google.com/bot.html)"
10.30.72.4 - - [23/Oct/2014:09:39:05 -0400] "POST /wordpress1/wp-cron.php?doing_wp_cron=1414071545.3197929859161376953125 HTTP/1.0" 200 - "-" "WordPress/3.9.2; http://jodyyoung.com/wordpress1"
180.76.5.153 - - [23/Oct/2014:09:39:06 -0400] "GET /wordpress1/2013/09/11/back-to-the-desert/?month=nov&yr=2014 HTTP/1.1" 200 61554 "-" "Mozilla/5.0 (compatible; Baiduspider/2.0; +http://www.baidu.com/search/spider.html)"
66.249.65.114 - - [23/Oct/2014:09:41:02 -0400] "GET /wordpress1/about-htm/?month=oct&yr=2023 HTTP/1.1" 200 59610 "-" "Mozilla/5.0 (compatible; Googlebot/2.1; +http://www.google.com/bot.html)"
10.30.72.4 - - [23/Oct/2014:09:41:03 -0400] "GET /wordpress1/wp-mail.php HTTP/1.0" 500 2965 "-" "WordPress/3.9.2; http://jodyyoung.com/wordpress1"
66.249.65.114 - - [23/Oct/2014:09:41:10 -0400] "GET /wordpress1/about-htm/?month=oct&yr=2025 HTTP/1.1" 200 59595 "-" "Mozilla/5.0 (compatible; Googlebot/2.1; +http://www.google.com/bot.html)"
66.249.65.114 - - [23/Oct/2014:09:45:14 -0400] "GET /wordpress1/about-htm/?month=nov&yr=2025 HTTP/1.1" 200 60033 "-" "Mozilla/5.0 (compatible; Googlebot/2.1; +http://www.google.com/bot.html)"
121.205.239.140 - - [23/Oct/2014:09:48:56 -0400] "GET /wordpress1/guestbook/guestbook-archives/ HTTP/1.1" 200 75966 "-" "Mozilla/4.0 (compatible; MSIE 6.0; Windows NT 5.1; SV1; Mozilla/4.0 (compatible; MSIE 6.0; Windows NT 5.1; SV1) )"
121.205.239.140 - - [23/Oct/2014:09:49:08 -0400] "POST /wordpress1/wp-comments-post.php HTTP/1.1" 500 3117 "http://jodyyoung.com/wordpress1/guestbook/guestbook-archives/" "Mozilla/4.0 (compatible; MSIE 6.0; Windows NT 5.1; SV1; Mozilla/4.0 (compatible; MSIE 6.0; Windows NT 5.1; SV1) ; .NET CLR 2.0.50727 ; .NET CLR 4.0.30319)"
66.249.65.114 - - [23/Oct/2014:09:55:37 -0400] "GET /wordpress1/about-htm/?month=jul&yr=2023 HTTP/1.1" 200 60044 "-" "Mozilla/5.0 (compatible; Googlebot/2.1; +http://www.google.com/bot.html)"
10.30.72.4 - - [23/Oct/2014:09:58:06 -0400] "GET /wordpress1/wp-mail.php HTTP/1.0" 500 2965 "-" "WordPress/3.9.2; http://jodyyoung.com/wordpress1"
10.30.72.4 - - [23/Oct/2014:09:58:10 -0400] "GET /wordpress1/wp-mail.php HTTP/1.0" 500 2965 "-" "WordPress/3.9.2; http://jodyyoung.com/wordpress1"
10.30.72.4 - - [23/Oct/2014:09:58:09 -0400] "GET /wordpress1/wp-mail.php HTTP/1.0" 500 2965 "-" "WordPress/3.9.2; http://jodyyoung.com/wordpress1"
66.249.65.114 - - [23/Oct/2014:10:00:58 -0400] "GET /wordpress1/about-htm/?month=feb&yr=2026 HTTP/1.1" 200 59129 "-" "Mozilla/5.0 (compatible; Googlebot/2.1; +http://www.google.com/bot.html)"
130.211.121.223 - - [23/Oct/2014:10:04:43 -0400] "GET / HTTP/1.0" 301 240 "-" "NerdyBot"
130.211.121.223 - - [23/Oct/2014:10:04:43 -0400] "GET /wordpress1/ HTTP/1.0" 200 63523 "-" "NerdyBot"
66.249.65.145 - - [23/Oct/2014:10:13:24 -0400] "GET / HTTP/1.1" 200 6612 "-" "Mozilla/5.0 (compatible; Googlebot/2.1; +http://www.google.com/bot.html)"
66.249.65.114 - - [23/Oct/2014:10:13:25 -0400] "GET /wordpress1/about-htm/?month=apr&yr=2023 HTTP/1.1" 200 60030 "-" "Mozilla/5.0 (compatible; Googlebot/2.1; +http://www.google.com/bot.html)"
10.30.72.4 - - [23/Oct/2014:10:13:27 -0400] "GET /wordpress1/wp-mail.php HTTP/1.0" 500 2965 "-" "WordPress/3.9.2; http://jodyyoung.com/wordpress1"
66.249.65.114 - - [23/Oct/2014:10:13:38 -0400] "GET /wordpress1/about-htm/?month=apr&yr=2026 HTTP/1.1" 200 59578 "-" "Mozilla/5.0 (compatible; Googlebot/2.1; +http://www.google.com/bot.html)"
201.55.8.168 - - [23/Oct/2014:10:14:08 -0400] "GET / HTTP/1.0" 301 240 "-" "Mozilla/5.0 (compatible; Googlebot/2.1; +http://www.google.com/bot.html)"
201.55.8.168 - - [23/Oct/2014:10:14:09 -0400] "GET /wordpress1/ HTTP/1.0" 200 62879 "-" "Mozilla/5.0 (compatible; Googlebot/2.1; +http://www.google.com/bot.html)"
66.249.65.114 - - [23/Oct/2014:10:22:22 -0400] "GET /wordpress1/about-htm/?month=mar&yr=2023 HTTP/1.1" 200 59594 "-" "Mozilla/5.0 (compatible; Googlebot/2.1; +http://www.google.com/bot.html)"
10.30.72.4 - - [23/Oct/2014:10:31:15 -0400] "GET /wordpress1/wp-mail.php HTTP/1.0" 500 2965 "-" "WordPress/3.9.2; http://jodyyoung.com/wordpress1"
10.30.72.4 - - [23/Oct/2014:10:31:12 -0400] "GET /wordpress1/wp-mail.php HTTP/1.0" 500 2965 "-" "WordPress/3.9.2; http://jodyyoung.com/wordpress1"
66.249.65.114 - - [23/Oct/2014:10:33:07 -0400] "GET /wordpress1/about-htm/?month=jan&yr=2023 HTTP/1.1" 200 59610 "-" "Mozilla/5.0 (compatible; Googlebot/2.1; +http://www.google.com/bot.html)"
10.30.72.4 - - [23/Oct/2014:10:46:28 -0400] "GET /wordpress1/wp-mail.php HTTP/1.0" 500 2965 "-" "WordPress/3.9.2; http://jodyyoung.com/wordpress1"
10.30.72.4 - - [23/Oct/2014:10:46:24 -0400] "GET /wordpress1/wp-mail.php HTTP/1.0" 500 2965 "-" "WordPress/3.9.2; http://jodyyoung.com/wordpress1"
10.30.72.4 - - [23/Oct/2014:11:02:54 -0400] "GET /wordpress1/wp-mail.php HTTP/1.0" 500 2965 "-" "WordPress/3.9.2; http://jodyyoung.com/wordpress1"
10.30.72.4 - - [23/Oct/2014:11:02:50 -0400] "GET /wordpress1/wp-mail.php HTTP/1.0" 500 2965 "-" "WordPress/3.9.2; http://jodyyoung.com/wordpress1"
66.249.65.114 - - [23/Oct/2014:11:03:06 -0400] "GET /wordpress1/wp-content/ata-images/jyat-logo1.jpg HTTP/1.1" 304 - "-" "Googlebot-Image/1.0"
10.30.72.4 - - [23/Oct/2014:11:10:17 -0400] "GET /wordpress1/wp-mail.php HTTP/1.0" 500 2965 "-" "WordPress/3.9.2; http://jodyyoung.com/wordpress1"
10.30.72.4 - - [23/Oct/2014:11:10:14 -0400] "GET /wordpress1/wp-mail.php HTTP/1.0" 500 2965 "-" "WordPress/3.9.2; http://jodyyoung.com/wordpress1"
66.249.65.114 - - [23/Oct/2014:11:11:39 -0400] "GET /wordpress1/about-htm/?month=may&yr=2022 HTTP/1.1" 200 59606 "-" "Mozilla/5.0 (compatible; Googlebot/2.1; +http://www.google.com/bot.html)"
10.30.72.4 - - [23/Oct/2014:11:25:58 -0400] "GET /wordpress1/wp-mail.php HTTP/1.0" 500 2965 "-" "WordPress/3.9.2; http://jodyyoung.com/wordpress1"
10.30.72.4 - - [23/Oct/2014:11:25:55 -0400] "GET /wordpress1/wp-mail.php HTTP/1.0" 500 2965 "-" "WordPress/3.9.2; http://jodyyoung.com/wordpress1"
201.19.158.114 - - [23/Oct/2014:11:36:52 -0400] "GET / HTTP/1.1" 301 240 "-" "Mozilla/5.0 (compatible; Googlebot/2.1; +http://www.google.com/bot.html)"
201.19.158.114 - - [23/Oct/2014:11:36:53 -0400] "GET /wordpress1/ HTTP/1.1" 200 62879 "-" "Mozilla/5.0 (compatible; Googlebot/2.1; +http://www.google.com/bot.html)"
10.30.72.4 - - [23/Oct/2014:11:43:39 -0400] "GET /wordpress1/wp-mail.php HTTP/1.0" 500 2965 "-" "WordPress/3.9.2; http://jodyyoung.com/wordpress1"
10.30.72.4 - - [23/Oct/2014:11:43:36 -0400] "GET /wordpress1/wp-mail.php HTTP/1.0" 500 2965 "-" "WordPress/3.9.2; http://jodyyoung.com/wordpress1"
10.30.72.4 - - [23/Oct/2014:12:01:00 -0400] "GET /wordpress1/wp-mail.php HTTP/1.0" 500 2965 "-" "WordPress/3.9.2; http://jodyyoung.com/wordpress1"
10.30.72.4 - - [23/Oct/2014:12:00:57 -0400] "GET /wordpress1/wp-mail.php HTTP/1.0" 500 2965 "-" "WordPress/3.9.2; http://jodyyoung.com/wordpress1"
10.30.72.4 - - [23/Oct/2014:12:01:00 -0400] "GET /wordpress1/wp-mail.php HTTP/1.0" 500 2965 "-" "WordPress/3.9.2; http://jodyyoung.com/wordpress1"
120.32.66.29 - - [23/Oct/2014:12:02:04 -0400] "GET /wordpress1/guestbook/ HTTP/1.0" 200 64573 "http://jodyyoung.com/wordpress1/guestbook/" "Mozilla/5.0 (Windows NT 6.2; WOW64) AppleWebKit/537.36 (KHTML, like Gecko) Chrome/36.0.1985.143 Safari/537.36"
66.249.65.114 - - [23/Oct/2014:12:06:39 -0400] "GET /wordpress1/about-htm/?month=jun&yr=2021 HTTP/1.1" 200 59577 "-" "Mozilla/5.0 (compatible; Googlebot/2.1; +http://www.google.com/bot.html)"
66.249.65.114 - - [23/Oct/2014:12:10:16 -0400] "GET /wordpress1/about-htm/?month=may&yr=2021 HTTP/1.1" 200 60043 "-" "Mozilla/5.0 (compatible; Googlebot/2.1; +http://www.google.com/bot.html)"
159.238.182.162 - - [23/Oct/2014:12:10:34 -0400] "GET /wordpress1/wp-content/flagallery/alaska-photos/p8240215ao.jpg HTTP/1.1" 200 396551 "-" "Mozilla/5.0 (compatible; MSIE 9.0; Windows NT 6.1; WOW64; Trident/5.0)"
66.249.65.114 - - [23/Oct/2014:12:18:32 -0400] "GET /wordpress1/2013/04/13/arches-canyonlands/?month=feb&yr=2033 HTTP/1.1" 200 61055 "-" "Mozilla/5.0 (compatible; Googlebot/2.1; +http://www.google.com/bot.html)"
10.30.72.4 - - [23/Oct/2014:12:18:33 -0400] "GET /wordpress1/wp-mail.php HTTP/1.0" 500 2965 "-" "WordPress/3.9.2; http://jodyyoung.com/wordpress1"
66.249.65.114 - - [23/Oct/2014:12:20:52 -0400] "GET /wordpress1/wp-includes/js/comment-reply.min.js?ver=3.9 HTTP/1.1" 200 757 "-" "Mozilla/5.0 (compatible; Googlebot/2.1; +http://www.google.com/bot.html)"
66.249.65.114 - - [23/Oct/2014:12:30:33 -0400] "GET /wordpress1/about-htm/?month=feb&yr=2021 HTTP/1.1" 200 59551 "-" "Mozilla/5.0 (compatible; Googlebot/2.1; +http://www.google.com/bot.html)"
198.27.70.91 - - [23/Oct/2014:12:33:28 -0400] "GET /wordpress1/2014/04/21/home-from-death-valley-moab-is-next/ HTTP/1.1" 403 924 "-" "Mozilla/4.0 (compatible; MSIE 8.0; Windows NT 6.0 ; Claritybot)"
10.30.72.4 - - [23/Oct/2014:12:38:44 -0400] "GET /wordpress1/wp-mail.php HTTP/1.0" 500 251 "-" "WordPress/3.9.2; http://jodyyoung.com/wordpress1"
10.30.72.4 - - [23/Oct/2014:12:38:44 -0400] "GET /wordpress1/wp-mail.php HTTP/1.0" 500 2965 "-" "WordPress/3.9.2; http://jodyyoung.com/wordpress1"
10.30.72.4 - - [23/Oct/2014:12:38:44 -0400] "GET /wordpress1/wp-mail.php HTTP/1.0" 500 2965 "-" "WordPress/3.9.2; http://jodyyoung.com/wordpress1"
10.30.72.4 - - [23/Oct/2014:12:38:44 -0400] "GET /wordpress1/wp-mail.php HTTP/1.0" 500 2965 "-" "WordPress/3.9.2; http://jodyyoung.com/wordpress1"
10.30.72.4 - - [23/Oct/2014:12:38:43 -0400] "GET /wordpress1/wp-mail.php HTTP/1.0" 500 2965 "-" "WordPress/3.9.2; http://jodyyoung.com/wordpress1"
66.249.65.114 - - [23/Oct/2014:12:47:11 -0400] "GET /wordpress1/about-htm/?month=nov&yr=2020 HTTP/1.1" 200 59596 "-" "Mozilla/5.0 (compatible; Googlebot/2.1; +http://www.google.com/bot.html)"
10.30.72.4 - - [23/Oct/2014:12:56:41 -0400] "GET /wordpress1/wp-mail.php HTTP/1.0" 500 2965 "-" "WordPress/3.9.2; http://jodyyoung.com/wordpress1"
10.30.72.4 - - [23/Oct/2014:12:56:38 -0400] "GET /wordpress1/wp-mail.php HTTP/1.0" 500 2965 "-" "WordPress/3.9.2; http://jodyyoung.com/wordpress1"
66.249.65.114 - - [23/Oct/2014:13:03:36 -0400] "GET /wordpress1/about-htm/?month=aug&yr=2020 HTTP/1.1" 200 60047 "-" "Mozilla/5.0 (compatible; Googlebot/2.1; +http://www.google.com/bot.html)"
66.249.65.114 - - [23/Oct/2014:13:10:37 -0400] "GET /wordpress1/about-htm/?month=jun&yr=2020 HTTP/1.1" 200 59577 "-" "Mozilla/5.0 (compatible; Googlebot/2.1; +http://www.google.com/bot.html)"
10.30.72.4 - - [23/Oct/2014:13:15:46 -0400] "GET /wordpress1/wp-mail.php HTTP/1.0" 500 2965 "-" "WordPress/3.9.2; http://jodyyoung.com/wordpress1"
10.30.72.4 - - [23/Oct/2014:13:15:43 -0400] "GET /wordpress1/wp-mail.php HTTP/1.0" 500 2965 "-" "WordPress/3.9.2; http://jodyyoung.com/wordpress1"
72.225.11.202 - - [23/Oct/2014:13:24:45 -0400] "GET /wordpress1/wp-content/flagallery/alaska-photos/p8220154ao.jpg HTTP/1.1" 200 232212 "https://www.google.com/" "Mozilla/5.0 (Windows NT 6.1; WOW64) AppleWebKit/537.36 (KHTML, like Gecko) Chrome/37.0.2062.124 Safari/537.36"
10.30.72.4 - - [23/Oct/2014:13:32:12 -0400] "GET /wordpress1/wp-mail.php HTTP/1.0" 500 2965 "-" "WordPress/3.9.2; http://jodyyoung.com/wordpress1"
10.30.72.4 - - [23/Oct/2014:13:32:09 -0400] "GET /wordpress1/wp-mail.php HTTP/1.0" 500 2965 "-" "WordPress/3.9.2; http://jodyyoung.com/wordpress1"
66.249.65.114 - - [23/Oct/2014:13:37:28 -0400] "GET /jywwktbgo.html HTTP/1.1" 404 575 "-" "Mozilla/5.0 (compatible; Googlebot/2.1; +http://www.google.com/bot.html)"
10.30.72.4 - - [23/Oct/2014:13:50:48 -0400] "GET /wordpress1/wp-mail.php HTTP/1.0" 500 2965 "-" "WordPress/3.9.2; http://jodyyoung.com/wordpress1"
10.30.72.4 - - [23/Oct/2014:13:50:44 -0400] "GET /wordpress1/wp-mail.php HTTP/1.0" 500 2965 "-" "WordPress/3.9.2; http://jodyyoung.com/wordpress1"
199.15.233.182 - - [23/Oct/2014:13:53:32 -0400] "GET /wordpress1/guestbook/guestbook-archives/ HTTP/1.0" 200 75964 "http://jodyyoung.com/wordpress1/guestbook/guestbook-archives/" "Mozilla/5.0 (Windows NT 6.3; WOW64) AppleWebKit/537.36 (KHTML, like Gecko) Chrome/36.0.1985.143 Safari/537.36"
199.15.233.182 - - [23/Oct/2014:13:53:36 -0400] "POST /wordpress1/wp-comments-post.php HTTP/1.0" 500 3102 "http://jodyyoung.com/wordpress1/guestbook/guestbook-archives/" "Mozilla/5.0 (Windows NT 6.3; WOW64) AppleWebKit/537.36 (KHTML, like Gecko) Chrome/36.0.1985.143 Safari/537.36"
199.15.233.182 - - [23/Oct/2014:13:53:38 -0400] "GET /wordpress1/guestbook/guestbook-archives/ HTTP/1.0" 200 75963 "http://jodyyoung.com/wordpress1/guestbook/guestbook-archives/" "Mozilla/5.0 (Windows NT 6.3; WOW64) AppleWebKit/537.36 (KHTML, like Gecko) Chrome/36.0.1985.143 Safari/537.36"
66.249.65.114 - - [23/Oct/2014:13:57:17 -0400] "GET /wordpress1/about-htm/?month=sept&yr=2019 HTTP/1.1" 200 59597 "-" "Mozilla/5.0 (compatible; Googlebot/2.1; +http://www.google.com/bot.html)"
183.60.212.157 - - [23/Oct/2014:13:58:57 -0400] "GET /wordpress1/guestbook/guestbook-archives/?month=oct&yr=2014 HTTP/1.1" 200 75985 "-" "Mozilla/5.0 (compatible; EasouSpider; +http://www.easou.com/search/spider.html)"
10.30.72.4 - - [23/Oct/2014:14:08:31 -0400] "GET /wordpress1/wp-mail.php HTTP/1.0" 500 2965 "-" "WordPress/3.9.2; http://jodyyoung.com/wordpress1"
10.30.72.4 - - [23/Oct/2014:14:08:27 -0400] "GET /wordpress1/wp-mail.php HTTP/1.0" 500 2965 "-" "WordPress/3.9.2; http://jodyyoung.com/wordpress1"
12.179.104.81 - - [23/Oct/2014:14:10:02 -0400] "GET /wordpress1/wp-content/flagallery/jodys-world/P9220058.JPG HTTP/1.1" 200 173010 "-" "Mozilla/5.0 (compatible; MSIE 9.0; Windows NT 6.1; Trident/5.0)"
66.249.65.114 - - [23/Oct/2014:14:10:37 -0400] "GET /robots.txt HTTP/1.1" 404 575 "-" "Mozilla/5.0 (compatible; Googlebot/2.1; +http://www.google.com/bot.html)"
12.179.104.81 - - [23/Oct/2014:14:11:06 -0400] "GET /wordpress1/wp-content/flagallery/jodys-world/s1030012a.jpg HTTP/1.1" 200 377994 "-" "Mozilla/5.0 (compatible; MSIE 9.0; Windows NT 6.1; Trident/5.0)"
91.200.12.145 - - [23/Oct/2014:14:14:33 -0400] "GET /wordpress1/guestbook/guestbook-archives/ HTTP/1.1" 200 75962 "http://jodyyoung.com/" "Mozilla/5.0 (Windows NT 6.2; WOW64) AppleWebKit/537.36 (KHTML, like Gecko) Chrome/28.0.1500.72 Safari/537.36"
91.200.12.145 - - [23/Oct/2014:14:14:51 -0400] "POST /wordpress1/wp-comments-post.php HTTP/1.1" 500 3104 "http://jodyyoung.com/wordpress1/guestbook/guestbook-archives/" "Mozilla/5.0 (Windows NT 6.2; WOW64) AppleWebKit/537.36 (KHTML, like Gecko) Chrome/28.0.1500.72 Safari/537.36"
66.249.90.80 - - [23/Oct/2014:14:17:50 -0400] "GET /wordpress1/comments/feed/ HTTP/1.1" 200 5165 "-" "Feedfetcher-Google; (+http://www.google.com/feedfetcher.html; 1 subscribers; feed-id=8917805572480071123)"
66.249.65.114 - - [23/Oct/2014:14:20:15 -0400] "GET /wordpress1/about-htm/?month=apr&yr=2019 HTTP/1.1" 200 59578 "-" "Mozilla/5.0 (compatible; Googlebot/2.1; +http://www.google.com/bot.html)"
10.30.72.4 - - [23/Oct/2014:14:23:37 -0400] "GET /wordpress1/wp-mail.php HTTP/1.0" 500 2965 "-" "WordPress/3.9.2; http://jodyyoung.com/wordpress1"
10.30.72.4 - - [23/Oct/2014:14:23:33 -0400] "GET /wordpress1/wp-mail.php HTTP/1.0" 500 2965 "-" "WordPress/3.9.2; http://jodyyoung.com/wordpress1"
10.30.72.4 - - [23/Oct/2014:14:39:28 -0400] "GET /wordpress1/wp-mail.php HTTP/1.0" 500 2965 "-" "WordPress/3.9.2; http://jodyyoung.com/wordpress1"
10.30.72.4 - - [23/Oct/2014:14:39:25 -0400] "GET /wordpress1/wp-mail.php HTTP/1.0" 500 2965 "-" "WordPress/3.9.2; http://jodyyoung.com/wordpress1"
66.249.65.114 - - [23/Oct/2014:14:41:04 -0400] "GET / HTTP/1.1" 301 240 "-" "Mozilla/5.0 (compatible; Googlebot/2.1; +http://www.google.com/bot.html)"
66.249.65.114 - - [23/Oct/2014:14:48:35 -0400] "GET /wordpress1/about-htm/?month=nov&yr=2018 HTTP/1.1" 200 59581 "-" "Mozilla/5.0 (compatible; Googlebot/2.1; +http://www.google.com/bot.html)"
66.249.65.114 - - [23/Oct/2014:14:51:20 -0400] "GET /wordpress1/about-htm/?month=oct&yr=2018 HTTP/1.1" 200 59596 "-" "Mozilla/5.0 (compatible; Googlebot/2.1; +http://www.google.com/bot.html)"
10.30.72.4 - - [23/Oct/2014:14:55:45 -0400] "GET /wordpress1/wp-mail.php HTTP/1.0" 500 2965 "-" "WordPress/3.9.2; http://jodyyoung.com/wordpress1"
193.201.224.32 - - [23/Oct/2014:15:06:27 -0400] "GET /wordpress1/2013/05/15/arches-canyonlands-again/ HTTP/1.0" 200 64609 "http://jodyyoung.com/wordpress1/2013/05/15/arches-canyonlands-again/" "Mozilla/5.0 (Windows NT 6.1; WOW64; rv:31.0) Gecko/20100101 Firefox/31.0"
193.201.224.32 - - [23/Oct/2014:15:06:30 -0400] "POST /wordpress1/wp-comments-post.php HTTP/1.0" 500 3101 "http://jodyyoung.com/wordpress1/2013/05/15/arches-canyonlands-again/" "Mozilla/5.0 (Windows NT 6.1; WOW64; rv:31.0) Gecko/20100101 Firefox/31.0"
193.201.224.32 - - [23/Oct/2014:15:06:31 -0400] "GET /wordpress1/2013/05/15/arches-canyonlands-again/ HTTP/1.0" 200 64609 "http://jodyyoung.com/wordpress1/2013/05/15/arches-canyonlands-again/" "Mozilla/5.0 (Windows NT 6.1; WOW64; rv:31.0) Gecko/20100101 Firefox/31.0"
10.30.72.4 - - [23/Oct/2014:15:31:20 -0400] "GET /wordpress1/wp-mail.php HTTP/1.0" 500 2965 "-" "WordPress/3.9.2; http://jodyyoung.com/wordpress1"
10.30.72.4 - - [23/Oct/2014:15:31:16 -0400] "GET /wordpress1/wp-mail.php HTTP/1.0" 500 2965 "-" "WordPress/3.9.2; http://jodyyoung.com/wordpress1"
10.30.72.4 - - [23/Oct/2014:15:47:37 -0400] "GET /wordpress1/wp-mail.php HTTP/1.0" 500 2965 "-" "WordPress/3.9.2; http://jodyyoung.com/wordpress1"
10.30.72.4 - - [23/Oct/2014:15:47:40 -0400] "GET /wordpress1/wp-mail.php HTTP/1.0" 500 2965 "-" "WordPress/3.9.2; http://jodyyoung.com/wordpress1"
162.210.196.130 - - [23/Oct/2014:15:52:16 -0400] "GET /robots.txt HTTP/1.0" 404 575 "-" "Mozilla/5.0 (compatible; MJ12bot/v1.4.5; http://www.majestic12.co.uk/bot.php?+)"
162.210.196.130 - - [23/Oct/2014:15:52:17 -0400] "GET /wordpress1/2013/04/13/arches-canyonlands/ HTTP/1.0" 200 64948 "-" "Mozilla/5.0 (compatible; MJ12bot/v1.4.5; http://www.majestic12.co.uk/bot.php?+)"
162.210.196.130 - - [23/Oct/2014:15:52:18 -0400] "GET /robots.txt HTTP/1.0" 404 575 "-" "Mozilla/5.0 (compatible; MJ12bot/v1.4.5; http://www.majestic12.co.uk/bot.php?+)"
162.210.196.130 - - [23/Oct/2014:15:52:20 -0400] "GET /wordpress1/about-htm/ HTTP/1.0" 200 63466 "-" "Mozilla/5.0 (compatible; MJ12bot/v1.4.5; http://www.majestic12.co.uk/bot.php?+)"
183.60.213.62 - - [23/Oct/2014:16:10:43 -0400] "GET /wordpress1/utah/?month=jul&yr=2014 HTTP/1.1" 200 74645 "-" "Mozilla/5.0 (compatible; EasouSpider; +http://www.easou.com/search/spider.html)"
10.30.72.4 - - [23/Oct/2014:16:25:37 -0400] "GET /wordpress1/wp-mail.php HTTP/1.0" 500 251 "-" "WordPress/3.9.2; http://jodyyoung.com/wordpress1"
10.30.72.4 - - [23/Oct/2014:16:25:37 -0400] "GET /wordpress1/wp-mail.php HTTP/1.0" 500 2965 "-" "WordPress/3.9.2; http://jodyyoung.com/wordpress1"
10.30.72.4 - - [23/Oct/2014:16:25:35 -0400] "GET /wordpress1/wp-mail.php HTTP/1.0" 500 2965 "-" "WordPress/3.9.2; http://jodyyoung.com/wordpress1"
10.30.72.4 - - [23/Oct/2014:16:25:37 -0400] "GET /wordpress1/wp-mail.php HTTP/1.0" 500 2965 "-" "WordPress/3.9.2; http://jodyyoung.com/wordpress1"
10.30.72.4 - - [23/Oct/2014:16:25:37 -0400] "GET /wordpress1/wp-mail.php HTTP/1.0" 500 2965 "-" "WordPress/3.9.2; http://jodyyoung.com/wordpress1"
10.30.72.4 - - [23/Oct/2014:16:44:54 -0400] "GET /wordpress1/wp-mail.php HTTP/1.0" 500 2965 "-" "WordPress/3.9.2; http://jodyyoung.com/wordpress1"
10.30.72.4 - - [23/Oct/2014:16:44:51 -0400] "GET /wordpress1/wp-mail.php HTTP/1.0" 500 2965 "-" "WordPress/3.9.2; http://jodyyoung.com/wordpress1"
199.15.233.165 - - [23/Oct/2014:16:57:45 -0400] "GET /wordpress1/guestbook/guestbook-archives/ HTTP/1.0" 200 75964 "http://jodyyoung.com/wordpress1/guestbook/guestbook-archives/" "Mozilla/5.0 (Windows NT 6.1; WOW64) AppleWebKit/537.36 (KHTML, like Gecko) Chrome/36.0.1985.143 Safari/537.36"
199.15.233.165 - - [23/Oct/2014:16:57:46 -0400] "POST /wordpress1/wp-comments-post.php HTTP/1.0" 500 3099 "http://jodyyoung.com/wordpress1/guestbook/guestbook-archives/" "Mozilla/5.0 (Windows NT 6.1; WOW64) AppleWebKit/537.36 (KHTML, like Gecko) Chrome/36.0.1985.143 Safari/537.36"
93.76.201.223 - - [23/Oct/2014:16:58:42 -0400] "GET /wordpress1/guestbook/guestbook-archives/ HTTP/1.0" 403 824 "http://jodyyoung.com/wordpress1/guestbook/guestbook-archives/" "Mozilla/4.0 (compatible; MSIE 5.0; Windows 2000) Opera 6.0 [en]"
93.76.201.223 - - [23/Oct/2014:16:58:45 -0400] "GET / HTTP/1.0" 301 240 "http://jodyyoung.com/wordpress1/guestbook/guestbook-archives/" "Mozilla/4.0 (compatible; MSIE 5.0; Windows 2000) Opera 6.0 [en]"
93.76.201.223 - - [23/Oct/2014:16:58:46 -0400] "GET /wordpress1/ HTTP/1.0" 403 795 "http://jodyyoung.com/wordpress1/" "Mozilla/4.0 (compatible; MSIE 5.0; Windows 2000) Opera 6.0 [en]"
93.76.201.223 - - [23/Oct/2014:16:58:48 -0400] "GET / HTTP/1.0" 301 240 "http://jodyyoung.com/wordpress1/" "Mozilla/4.0 (compatible; MSIE 5.0; Windows 2000) Opera 6.0 [en]"
93.76.201.223 - - [23/Oct/2014:16:58:49 -0400] "GET / HTTP/1.0" 301 240 "http://jodyyoung.com/" "Mozilla/4.0 (compatible; MSIE 5.0; Windows 2000) Opera 6.0 [en]"
10.30.72.4 - - [23/Oct/2014:17:11:15 -0400] "GET /wordpress1/wp-mail.php HTTP/1.0" 500 2965 "-" "WordPress/3.9.2; http://jodyyoung.com/wordpress1"
10.30.72.4 - - [23/Oct/2014:17:11:12 -0400] "GET /wordpress1/wp-mail.php HTTP/1.0" 500 2965 "-" "WordPress/3.9.2; http://jodyyoung.com/wordpress1"
195.211.154.159 - - [23/Oct/2014:17:15:35 -0400] "GET / HTTP/1.1" 301 240 "-" "Mozilla/4.0 (compatible; MSIE 6.0; Windows NT 5.1; SV1)"
195.211.154.159 - - [23/Oct/2014:17:15:35 -0400] "GET /wordpress1/ HTTP/1.1" 200 63523 "-" "Mozilla/4.0 (compatible; MSIE 6.0; Windows NT 5.1; SV1)"
204.60.184.1 - - [23/Oct/2014:17:19:53 -0400] "GET /wordpress1/wp-content/flagallery/jodys-world/s1040043a.jpg HTTP/1.1" 200 327141 "-" "Mozilla/5.0 (compatible; MSIE 9.0; Windows NT 6.1; Trident/5.0)"
211.244.83.232 - - [23/Oct/2014:17:20:28 -0400] "GET /robots.txt HTTP/1.1" 404 575 "http://search.daum.net/" "Mozilla/5.0 (compatible; MSIE or Firefox mutant; not on Windows server; + http://tab.search.daum.net/aboutWebSearch.html) Daumoa/3.0"
211.244.83.232 - - [23/Oct/2014:17:20:28 -0400] "GET /index.htm HTTP/1.1" 200 6612 "http://search.daum.net/" "Mozilla/5.0 (compatible; MSIE or Firefox mutant; not on Windows server; + http://tab.search.daum.net/aboutWebSearch.html) Daumoa/3.0"
10.30.72.4 - - [23/Oct/2014:17:27:36 -0400] "GET /wordpress1/wp-mail.php HTTP/1.0" 500 2965 "-" "WordPress/3.9.2; http://jodyyoung.com/wordpress1"
10.30.72.4 - - [23/Oct/2014:17:27:33 -0400] "GET /wordpress1/wp-mail.php HTTP/1.0" 500 2965 "-" "WordPress/3.9.2; http://jodyyoung.com/wordpress1"
66.249.65.114 - - [23/Oct/2014:17:34:00 -0400] "GET /wordpress1/feed/ HTTP/1.1" 200 17917 "-" "Mozilla/5.0 (compatible; Googlebot/2.1; +http://www.google.com/bot.html)"
10.30.72.4 - - [23/Oct/2014:18:02:46 -0400] "GET /wordpress1/wp-mail.php HTTP/1.0" 500 2965 "-" "WordPress/3.9.2; http://jodyyoung.com/wordpress1"
10.30.72.4 - - [23/Oct/2014:18:02:43 -0400] "GET /wordpress1/wp-mail.php HTTP/1.0" 500 2965 "-" "WordPress/3.9.2; http://jodyyoung.com/wordpress1"
10.30.72.4 - - [23/Oct/2014:18:02:45 -0400] "GET /wordpress1/wp-mail.php HTTP/1.0" 500 2965 "-" "WordPress/3.9.2; http://jodyyoung.com/wordpress1"
10.30.72.4 - - [23/Oct/2014:18:20:08 -0400] "GET /wordpress1/wp-mail.php HTTP/1.0" 500 2965 "-" "WordPress/3.9.2; http://jodyyoung.com/wordpress1"
10.30.72.4 - - [23/Oct/2014:18:20:09 -0400] "GET /wordpress1/wp-mail.php HTTP/1.0" 500 2965 "-" "WordPress/3.9.2; http://jodyyoung.com/wordpress1"
193.201.224.28 - - [23/Oct/2014:18:36:33 -0400] "GET /wordpress1/2013/10/04/parks-closed/ HTTP/1.0" 200 65059 "http://jodyyoung.com/wordpress1/2013/10/04/parks-closed/" "Mozilla/5.0 (Windows NT 6.3; WOW64) AppleWebKit/537.36 (KHTML, like Gecko) Chrome/36.0.1985.125 Safari/537.36"
10.30.72.4 - - [23/Oct/2014:18:36:34 -0400] "GET /wordpress1/wp-mail.php HTTP/1.0" 500 2965 "-" "WordPress/3.9.2; http://jodyyoung.com/wordpress1"
193.201.224.28 - - [23/Oct/2014:18:36:41 -0400] "POST /wordpress1/wp-comments-post.php HTTP/1.0" 500 3096 "http://jodyyoung.com/wordpress1/2013/10/04/parks-closed/" "Mozilla/5.0 (Windows NT 6.3; WOW64) AppleWebKit/537.36 (KHTML, like Gecko) Chrome/36.0.1985.125 Safari/537.36"
199.58.180.220 - - [23/Oct/2014:18:53:41 -0400] "GET / HTTP/1.1" 200 6612 "https://www.google.com/" "Mozilla/5.0 (Macintosh; Intel Mac OS X 10_9_3) AppleWebKit/537.36 (KHTML, like Gecko) Chrome/36.0.1985.143 Safari/537.36"
199.58.180.220 - - [23/Oct/2014:18:53:41 -0400] "GET /311/scripts/master.css HTTP/1.1" 200 1951 "http://www.campalaska.com/" "Mozilla/5.0 (Macintosh; Intel Mac OS X 10_9_3) AppleWebKit/537.36 (KHTML, like Gecko) Chrome/36.0.1985.143 Safari/537.36"
199.58.180.220 - - [23/Oct/2014:18:53:41 -0400] "GET /311/images/company.jpg HTTP/1.1" 200 5583 "http://www.campalaska.com/" "Mozilla/5.0 (Macintosh; Intel Mac OS X 10_9_3) AppleWebKit/537.36 (KHTML, like Gecko) Chrome/36.0.1985.143 Safari/537.36"
199.58.180.220 - - [23/Oct/2014:18:53:41 -0400] "GET /311/images/enviro_17.jpg HTTP/1.1" 200 5180 "http://www.campalaska.com/" "Mozilla/5.0 (Macintosh; Intel Mac OS X 10_9_3) AppleWebKit/537.36 (KHTML, like Gecko) Chrome/36.0.1985.143 Safari/537.36"
199.58.180.220 - - [23/Oct/2014:18:53:41 -0400] "GET /311/images/motif01.jpg HTTP/1.1" 200 12635 "http://www.campalaska.com/" "Mozilla/5.0 (Macintosh; Intel Mac OS X 10_9_3) AppleWebKit/537.36 (KHTML, like Gecko) Chrome/36.0.1985.143 Safari/537.36"
199.58.180.220 - - [23/Oct/2014:18:53:41 -0400] "GET /311/images/motif02.jpg HTTP/1.1" 200 3615 "http://www.campalaska.com/" "Mozilla/5.0 (Macintosh; Intel Mac OS X 10_9_3) AppleWebKit/537.36 (KHTML, like Gecko) Chrome/36.0.1985.143 Safari/537.36"
199.58.180.220 - - [23/Oct/2014:18:53:41 -0400] "GET /311/images/spacer.gif HTTP/1.1" 200 43 "http://www.campalaska.com/" "Mozilla/5.0 (Macintosh; Intel Mac OS X 10_9_3) AppleWebKit/537.36 (KHTML, like Gecko) Chrome/36.0.1985.143 Safari/537.36"
199.58.180.220 - - [23/Oct/2014:18:53:41 -0400] "GET /scripts/user.js HTTP/1.1" 200 13146 "http://www.campalaska.com/" "Mozilla/5.0 (Macintosh; Intel Mac OS X 10_9_3) AppleWebKit/537.36 (KHTML, like Gecko) Chrome/36.0.1985.143 Safari/537.36"
199.58.180.220 - - [23/Oct/2014:18:53:41 -0400] "GET /311/images/slogan.jpg HTTP/1.1" 200 11317 "http://www.campalaska.com/" "Mozilla/5.0 (Macintosh; Intel Mac OS X 10_9_3) AppleWebKit/537.36 (KHTML, like Gecko) Chrome/36.0.1985.143 Safari/537.36"
199.58.180.220 - - [23/Oct/2014:18:53:41 -0400] "GET /311/images/motif03.jpg HTTP/1.1" 200 18763 "http://www.campalaska.com/" "Mozilla/5.0 (Macintosh; Intel Mac OS X 10_9_3) AppleWebKit/537.36 (KHTML, like Gecko) Chrome/36.0.1985.143 Safari/537.36"
199.58.180.220 - - [23/Oct/2014:18:53:42 -0400] "GET /311/images/01b.jpg HTTP/1.1" 200 2329 "http://www.campalaska.com/" "Mozilla/5.0 (Macintosh; Intel Mac OS X 10_9_3) AppleWebKit/537.36 (KHTML, like Gecko) Chrome/36.0.1985.143 Safari/537.36"
199.58.180.220 - - [23/Oct/2014:18:53:42 -0400] "GET /311/images/02b.jpg HTTP/1.1" 200 2735 "http://www.campalaska.com/" "Mozilla/5.0 (Macintosh; Intel Mac OS X 10_9_3) AppleWebKit/537.36 (KHTML, like Gecko) Chrome/36.0.1985.143 Safari/537.36"
199.58.180.220 - - [23/Oct/2014:18:53:42 -0400] "GET /311/images/03b.jpg HTTP/1.1" 200 2326 "http://www.campalaska.com/" "Mozilla/5.0 (Macintosh; Intel Mac OS X 10_9_3) AppleWebKit/537.36 (KHTML, like Gecko) Chrome/36.0.1985.143 Safari/537.36"
199.58.180.220 - - [23/Oct/2014:18:53:42 -0400] "GET /311/images/04b.jpg HTTP/1.1" 200 2208 "http://www.campalaska.com/" "Mozilla/5.0 (Macintosh; Intel Mac OS X 10_9_3) AppleWebKit/537.36 (KHTML, like Gecko) Chrome/36.0.1985.143 Safari/537.36"
199.58.180.220 - - [23/Oct/2014:18:53:42 -0400] "GET /311/images/05b.jpg HTTP/1.1" 200 2882 "http://www.campalaska.com/" "Mozilla/5.0 (Macintosh; Intel Mac OS X 10_9_3) AppleWebKit/537.36 (KHTML, like Gecko) Chrome/36.0.1985.143 Safari/537.36"
199.58.180.220 - - [23/Oct/2014:18:53:42 -0400] "GET /311/images/06b.jpg HTTP/1.1" 200 2759 "http://www.campalaska.com/" "Mozilla/5.0 (Macintosh; Intel Mac OS X 10_9_3) AppleWebKit/537.36 (KHTML, like Gecko) Chrome/36.0.1985.143 Safari/537.36"
199.58.180.220 - - [23/Oct/2014:18:53:42 -0400] "GET /311/images/07b.jpg HTTP/1.1" 200 2646 "http://www.campalaska.com/" "Mozilla/5.0 (Macintosh; Intel Mac OS X 10_9_3) AppleWebKit/537.36 (KHTML, like Gecko) Chrome/36.0.1985.143 Safari/537.36"
199.58.180.220 - - [23/Oct/2014:18:53:42 -0400] "GET /311/images/08b.jpg HTTP/1.1" 200 2757 "http://www.campalaska.com/" "Mozilla/5.0 (Macintosh; Intel Mac OS X 10_9_3) AppleWebKit/537.36 (KHTML, like Gecko) Chrome/36.0.1985.143 Safari/537.36"
199.58.180.220 - - [23/Oct/2014:18:53:42 -0400] "GET /311/images/09b.jpg HTTP/1.1" 200 8827 "http://www.campalaska.com/" "Mozilla/5.0 (Macintosh; Intel Mac OS X 10_9_3) AppleWebKit/537.36 (KHTML, like Gecko) Chrome/36.0.1985.143 Safari/537.36"
199.58.180.220 - - [23/Oct/2014:18:53:42 -0400] "GET /311/images/10b.jpg HTTP/1.1" 200 926 "http://www.campalaska.com/" "Mozilla/5.0 (Macintosh; Intel Mac OS X 10_9_3) AppleWebKit/537.36 (KHTML, like Gecko) Chrome/36.0.1985.143 Safari/537.36"
199.58.180.220 - - [23/Oct/2014:18:53:42 -0400] "GET /311/images/nav_back.jpg HTTP/1.1" 200 4297 "http://www.campalaska.com/" "Mozilla/5.0 (Macintosh; Intel Mac OS X 10_9_3) AppleWebKit/537.36 (KHTML, like Gecko) Chrome/36.0.1985.143 Safari/537.36"
199.58.180.220 - - [23/Oct/2014:18:53:42 -0400] "GET /favicon.ico HTTP/1.1" 404 575 "-" "Mozilla/5.0 (Macintosh; Intel Mac OS X 10_9_3) AppleWebKit/537.36 (KHTML, like Gecko) Chrome/36.0.1985.143 Safari/537.36"
10.30.72.4 - - [23/Oct/2014:18:53:42 -0400] "GET /wordpress1/wp-mail.php HTTP/1.0" 500 2965 "-" "WordPress/3.9.2; http://jodyyoung.com/wordpress1"
10.30.72.4 - - [23/Oct/2014:18:53:39 -0400] "GET /wordpress1/wp-mail.php HTTP/1.0" 500 2965 "-" "WordPress/3.9.2; http://jodyyoung.com/wordpress1"
180.76.5.154 - - [23/Oct/2014:19:07:58 -0400] "GET /wordpress1/2014/05/27/spring-colors/?month=jun&yr=2015 HTTP/1.1" 200 61264 "-" "Mozilla/5.0 (compatible; Baiduspider/2.0; +http://www.baidu.com/search/spider.html)"
10.30.72.4 - - [23/Oct/2014:19:17:47 -0400] "GET /wordpress1/wp-mail.php HTTP/1.0" 500 2965 "-" "WordPress/3.9.2; http://jodyyoung.com/wordpress1"
10.30.72.4 - - [23/Oct/2014:19:17:43 -0400] "GET /wordpress1/wp-mail.php HTTP/1.0" 500 2965 "-" "WordPress/3.9.2; http://jodyyoung.com/wordpress1"
10.30.72.4 - - [23/Oct/2014:19:33:11 -0400] "GET /wordpress1/wp-mail.php HTTP/1.0" 500 2965 "-" "WordPress/3.9.2; http://jodyyoung.com/wordpress1"
10.30.72.4 - - [23/Oct/2014:19:33:08 -0400] "GET /wordpress1/wp-mail.php HTTP/1.0" 500 2965 "-" "WordPress/3.9.2; http://jodyyoung.com/wordpress1"
66.249.65.114 - - [23/Oct/2014:19:50:41 -0400] "GET /wordpress1/our-guides/ HTTP/1.1" 200 66375 "-" "Mozilla/5.0 (compatible; Googlebot/2.1; +http://www.google.com/bot.html)"
10.30.72.4 - - [23/Oct/2014:19:50:43 -0400] "GET /wordpress1/wp-mail.php HTTP/1.0" 500 2965 "-" "WordPress/3.9.2; http://jodyyoung.com/wordpress1"
10.30.72.4 - - [23/Oct/2014:20:18:06 -0400] "GET /wordpress1/wp-mail.php HTTP/1.0" 500 2965 "-" "WordPress/3.9.2; http://jodyyoung.com/wordpress1"
10.30.72.4 - - [23/Oct/2014:20:18:03 -0400] "GET /wordpress1/wp-mail.php HTTP/1.0" 500 2965 "-" "WordPress/3.9.2; http://jodyyoung.com/wordpress1"
27.153.171.104 - - [23/Oct/2014:20:38:21 -0400] "GET /wordpress1/alaska/ HTTP/1.1" 200 67523 "-" "Mozilla/4.0 (compatible; MSIE 6.0; Windows NT 5.1; SV1; Mozilla/4.0 (compatible; MSIE 6.0; Windows NT 5.1; SV1) ; .NET CLR 1.0.3705)"
10.30.72.4 - - [23/Oct/2014:20:38:23 -0400] "GET /wordpress1/wp-mail.php HTTP/1.0" 500 2965 "-" "WordPress/3.9.2; http://jodyyoung.com/wordpress1"
27.153.171.104 - - [23/Oct/2014:20:38:29 -0400] "POST /wordpress1/alaska/ HTTP/1.1" 403 919 "http://jodyyoung.com/wordpress1/alaska/" "Mozilla/4.0 (compatible; MSIE 6.0; Windows NT 5.1)"
180.76.6.46 - - [23/Oct/2014:20:53:27 -0400] "GET /wordpress1/2013/05/15/arches-canyonlands-again/?month=jan&yr=2014 HTTP/1.1" 200 60762 "-" "Mozilla/5.0 (compatible; Baiduspider/2.0; +http://www.baidu.com/search/spider.html)"
10.30.72.4 - - [23/Oct/2014:21:10:28 -0400] "GET /wordpress1/wp-mail.php HTTP/1.0" 500 2965 "-" "WordPress/3.9.2; http://jodyyoung.com/wordpress1"
10.30.72.4 - - [23/Oct/2014:21:10:25 -0400] "GET /wordpress1/wp-mail.php HTTP/1.0" 500 2965 "-" "WordPress/3.9.2; http://jodyyoung.com/wordpress1"
10.30.72.4 - - [23/Oct/2014:21:10:28 -0400] "GET /wordpress1/wp-mail.php HTTP/1.0" 500 2965 "-" "WordPress/3.9.2; http://jodyyoung.com/wordpress1"
66.249.65.114 - - [23/Oct/2014:21:15:32 -0400] "GET /wordpress1/wp-includes/js/jquery/jquery.js?ver=1.11.0 HTTP/1.1" 200 96402 "-" "Mozilla/5.0 (compatible; Googlebot/2.1; +http://www.google.com/bot.html)"
66.249.65.114 - - [23/Oct/2014:21:15:34 -0400] "GET /wordpress1/wp-content/plugins/flash-album-gallery/admin/js/swfaddress.js?ver=2.4 HTTP/1.1" 200 15916 "-" "Mozilla/5.0 (compatible; Googlebot/2.1; +http://www.google.com/bot.html)"
66.249.65.114 - - [23/Oct/2014:21:15:34 -0400] "GET /wordpress1/wp-content/plugins/spiffy-calendar/spiffycal.css?ver=3.9.2 HTTP/1.1" 200 3825 "-" "Mozilla/5.0 (compatible; Googlebot/2.1; +http://www.google.com/bot.html)"
10.30.72.4 - - [23/Oct/2014:21:29:50 -0400] "GET /wordpress1/wp-mail.php HTTP/1.0" 500 2965 "-" "WordPress/3.9.2; http://jodyyoung.com/wordpress1"
10.30.72.4 - - [23/Oct/2014:21:29:53 -0400] "GET /wordpress1/wp-mail.php HTTP/1.0" 500 2965 "-" "WordPress/3.9.2; http://jodyyoung.com/wordpress1"
10.30.72.4 - - [23/Oct/2014:21:55:26 -0400] "GET /wordpress1/wp-mail.php HTTP/1.0" 500 2965 "-" "WordPress/3.9.2; http://jodyyoung.com/wordpress1"
10.30.72.4 - - [23/Oct/2014:21:55:28 -0400] "GET /wordpress1/wp-mail.php HTTP/1.0" 500 2965 "-" "WordPress/3.9.2; http://jodyyoung.com/wordpress1"
10.30.72.4 - - [23/Oct/2014:21:55:25 -0400] "GET /wordpress1/wp-mail.php HTTP/1.0" 500 2965 "-" "WordPress/3.9.2; http://jodyyoung.com/wordpress1"
180.76.5.223 - - [23/Oct/2014:22:00:44 -0400] "GET /wordpress1/ HTTP/1.1" 200 62879 "-" "Mozilla/5.0 (compatible; Baiduspider/2.0; +http://www.baidu.com/search/spider.html)"
10.30.72.4 - - [23/Oct/2014:22:20:48 -0400] "GET /wordpress1/wp-mail.php HTTP/1.0" 500 2965 "-" "WordPress/3.9.2; http://jodyyoung.com/wordpress1"
10.30.72.4 - - [23/Oct/2014:22:20:45 -0400] "GET /wordpress1/wp-mail.php HTTP/1.0" 500 2965 "-" "WordPress/3.9.2; http://jodyyoung.com/wordpress1"
193.201.224.62 - - [23/Oct/2014:22:30:57 -0400] "GET /wordpress1/2013/05/15/arches-canyonlands-again/ HTTP/1.0" 200 64609 "http://jodyyoung.com/wordpress1/2013/05/15/arches-canyonlands-again/" "Mozilla/5.0 (Windows NT 5.1) AppleWebKit/537.36 (KHTML, like Gecko) Chrome/36.0.1985.143 Safari/537.36"
