199.15.233.132 - - [23/Oct/2014:15:21:32 -0400] "GET /wordpress1/guestbook/guestbook-archives/ HTTP/1.0" 200 75964 "http://jodyyoung.com/wordpress1/guestbook/guestbook-archives/" "Mozilla/5.0 (Windows NT 6.1; WOW64) AppleWebKit/537.36 (KHTML, like Gecko) Chrome/37.0.2062.102 Safari/537.36"
199.15.233.132 - - [23/Oct/2014:15:21:34 -0400] "POST /wordpress1/wp-comments-post.php HTTP/1.0" 500 3105 "http://jodyyoung.com/wordpress1/guestbook/guestbook-archives/" "Mozilla/5.0 (Windows NT 6.1; WOW64) AppleWebKit/537.36 (KHTML, like Gecko) Chrome/37.0.2062.102 Safari/537.36"
199.15.233.132 - - [23/Oct/2014:15:21:34 -0400] "GET /wordpress1/guestbook/guestbook-archives/ HTTP/1.0" 200 75963 "http://jodyyoung.com/wordpress1/guestbook/guestbook-archives/" "Mozilla/5.0 (Windows NT 6.1; WOW64) AppleWebKit/537.36 (KHTML, like Gecko) Chrome/37.0.2062.102 Safari/537.36"
179.108.133.72 - - [23/Oct/2014:15:22:21 -0400] "GET / HTTP/1.1" 301 240 "-" "Mozilla/5.0 (compatible; Googlebot/2.1; +http://www.google.com/bot.html)"
179.108.133.72 - - [23/Oct/2014:15:22:21 -0400] "GET /wordpress1/ HTTP/1.1" 200 62878 "-" "Mozilla/5.0 (compatible; Googlebot/2.1; +http://www.google.com/bot.html)"
199.15.233.173 - - [23/Oct/2014:15:25:11 -0400] "GET /wordpress1/guestbook/ HTTP/1.0" 200 64577 "http://jodyyoung.com/wordpress1/guestbook/" "Mozilla/5.0 (Windows NT 6.2; WOW64) AppleWebKit/537.36 (KHTML, like Gecko) Chrome/36.0.1985.143 Safari/537.36"
199.15.233.173 - - [23/Oct/2014:15:25:12 -0400] "POST /wordpress1/wp-comments-post.php HTTP/1.0" 500 3100 "http://jodyyoung.com/wordpress1/guestbook/" "Mozilla/5.0 (Windows NT 6.2; WOW64) AppleWebKit/537.36 (KHTML, like Gecko) Chrome/36.0.1985.143 Safari/537.36"
208.115.113.85 - - [23/Oct/2014:15:26:06 -0400] "GET /shariki=1424 HTTP/1.1" 404 575 "-" "Mozilla/5.0 (compatible; DotBot/1.1; http://www.opensiteexplorer.org/dotbot, help@moz.com)"
208.115.113.85 - - [23/Oct/2014:15:26:10 -0400] "GET /shariki=1971 HTTP/1.1" 404 575 "-" "Mozilla/5.0 (compatible; DotBot/1.1; http://www.opensiteexplorer.org/dotbot, help@moz.com)"
10.30.72.4 - - [23/Oct/2014:15:31:15 -0400] "GET /wordpress1/wp-mail.php HTTP/1.0" 500 2965 "-" "WordPress/3.9.2; http://jodyyoung.com/wordpress1"
10.30.72.4 - - [23/Oct/2014:15:31:18 -0400] "GET /wordpress1/wp-mail.php HTTP/1.0" 500 2965 "-" "WordPress/3.9.2; http://jodyyoung.com/wordpress1"
66.249.65.148 - - [23/Oct/2014:15:32:22 -0400] "GET / HTTP/1.1" 301 244 "-" "Mozilla/5.0 (iPhone; CPU iPhone OS 6_0 like Mac OS X) AppleWebKit/536.26 (KHTML, like Gecko) Version/6.0 Mobile/10A5376e Safari/8536.25 (compatible; Googlebot/2.1; +http://www.google.com/bot.html)"
208.115.113.85 - - [23/Oct/2014:15:32:59 -0400] "GET /connections.htm HTTP/1.1" 200 11773 "-" "Mozilla/5.0 (compatible; DotBot/1.1; http://www.opensiteexplorer.org/dotbot, help@moz.com)"
208.115.113.85 - - [23/Oct/2014:15:33:00 -0400] "GET /wordpress1/2014/02/19/its-february-and-days-are-getting-longer/?month=sept&yr=2014 HTTP/1.1" 200 62443 "-" "Mozilla/5.0 (compatible; DotBot/1.1; http://www.opensiteexplorer.org/dotbot, help@moz.com)"
208.115.113.85 - - [23/Oct/2014:15:33:03 -0400] "GET /wordpress1/lake-powell-hiking-kayaking/?month=jul&yr=2014 HTTP/1.1" 200 72375 "-" "Mozilla/5.0 (compatible; DotBot/1.1; http://www.opensiteexplorer.org/dotbot, help@moz.com)"
188.165.15.177 - - [23/Oct/2014:15:47:37 -0400] "GET /wordpress1/2014/02/19/its-february-and-days-are-getting-longer/?month=nov&yr=2014 HTTP/1.1" 200 62355 "-" "Mozilla/5.0 (compatible; AhrefsBot/5.0; +http://ahrefs.com/robot/)"
10.30.72.4 - - [23/Oct/2014:15:47:39 -0400] "GET /wordpress1/wp-mail.php HTTP/1.0" 500 2965 "-" "WordPress/3.9.2; http://jodyyoung.com/wordpress1"
193.201.224.28 - - [23/Oct/2014:16:25:35 -0400] "GET /wordpress1/gallery/ HTTP/1.0" 200 90286 "http://jodyyoung.com/wordpress1/gallery/" "Mozilla/5.0 (Windows NT 6.2; WOW64) AppleWebKit/537.36 (KHTML, like Gecko) Chrome/36.0.1985.143 Safari/537.36"
193.201.224.28 - - [23/Oct/2014:16:25:35 -0400] "GET /wordpress1/2013/05/09/more-desert-fun/ HTTP/1.0" 200 64830 "http://jodyyoung.com/wordpress1/2013/05/09/more-desert-fun/" "Mozilla/5.0 (Windows NT 6.1; WOW64; rv:31.0) Gecko/20100101 Firefox/31.0"
10.30.72.4 - - [23/Oct/2014:16:25:37 -0400] "GET /wordpress1/wp-mail.php HTTP/1.0" 500 2965 "-" "WordPress/3.9.2; http://jodyyoung.com/wordpress1"
193.201.224.28 - - [23/Oct/2014:16:25:35 -0400] "GET /wordpress1/2013/09/11/back-to-the-desert/ HTTP/1.0" 200 64964 "http://jodyyoung.com/wordpress1/2013/09/11/back-to-the-desert/" "Mozilla/5.0 (Windows NT 6.0) AppleWebKit/537.36 (KHTML, like Gecko) Chrome/36.0.1985.143 Safari/537.36"
193.201.224.28 - - [23/Oct/2014:16:25:35 -0400] "GET /wordpress1/2013/08/31/alaska-summers/ HTTP/1.0" 200 67552 "http://jodyyoung.com/wordpress1/2013/08/31/alaska-summers/" "Mozilla/5.0 (Windows NT 6.3; WOW64) AppleWebKit/537.36 (KHTML, like Gecko) Chrome/36.0.1985.143 Safari/537.36 OPR/23.0.1522.77"
193.201.224.28 - - [23/Oct/2014:16:25:35 -0400] "GET /wordpress1/2013/04/13/arches-canyonlands/ HTTP/1.0" 200 64945 "http://jodyyoung.com/wordpress1/2013/04/13/arches-canyonlands/" "Mozilla/5.0 (Windows NT 6.1; WOW64) AppleWebKit/537.36 (KHTML, like Gecko) Chrome/35.0.1916.153 YaBrowser/14.7.1916.15705 Safari/537.36"
193.201.224.28 - - [23/Oct/2014:16:25:38 -0400] "POST /wordpress1/wp-comments-post.php HTTP/1.0" 500 3096 "http://jodyyoung.com/wordpress1/2012/10/25/new-web-site/" "Mozilla/5.0 (Windows NT 6.3; WOW64) AppleWebKit/537.36 (KHTML, like Gecko) Chrome/36.0.1985.125 Safari/537.36"
193.201.224.28 - - [23/Oct/2014:16:25:39 -0400] "POST /wordpress1/wp-comments-post.php HTTP/1.0" 500 3096 "http://jodyyoung.com/wordpress1/gallery/" "Mozilla/5.0 (Windows NT 6.2; WOW64) AppleWebKit/537.36 (KHTML, like Gecko) Chrome/36.0.1985.143 Safari/537.36"
193.201.224.28 - - [23/Oct/2014:16:25:35 -0400] "GET /wordpress1/2013/10/29/days-getting-shorter/ HTTP/1.0" 200 64936 "http://jodyyoung.com/wordpress1/2013/10/29/days-getting-shorter/" "Mozilla/5.0 (Windows NT 6.1; WOW64) AppleWebKit/537.36 (KHTML, like Gecko) Chrome/36.0.1985.143 Safari/537.36 OPR/23.0.1522.77 (Edition Campaign 37)"
193.201.224.28 - - [23/Oct/2014:16:25:35 -0400] "GET /wordpress1/2012/10/25/new-web-site/ HTTP/1.0" 200 66562 "http://jodyyoung.com/wordpress1/2012/10/25/new-web-site/" "Mozilla/5.0 (Windows NT 6.3; WOW64) AppleWebKit/537.36 (KHTML, like Gecko) Chrome/36.0.1985.125 Safari/537.36"
193.201.224.28 - - [23/Oct/2014:16:25:39 -0400] "POST /wordpress1/wp-comments-post.php HTTP/1.0" 500 3096 "http://jodyyoung.com/wordpress1/2013/05/09/more-desert-fun/" "Mozilla/5.0 (Windows NT 6.1; WOW64; rv:31.0) Gecko/20100101 Firefox/31.0"
193.201.224.28 - - [23/Oct/2014:16:25:40 -0400] "POST /wordpress1/wp-comments-post.php HTTP/1.0" 500 3096 "http://jodyyoung.com/wordpress1/2013/08/31/alaska-summers/" "Mozilla/5.0 (Windows NT 6.3; WOW64) AppleWebKit/537.36 (KHTML, like Gecko) Chrome/36.0.1985.143 Safari/537.36 OPR/23.0.1522.77"
193.201.224.28 - - [23/Oct/2014:16:25:40 -0400] "POST /wordpress1/wp-comments-post.php HTTP/1.0" 500 3096 "http://jodyyoung.com/wordpress1/2013/04/13/arches-canyonlands/" "Mozilla/5.0 (Windows NT 6.1; WOW64) AppleWebKit/537.36 (KHTML, like Gecko) Chrome/35.0.1916.153 YaBrowser/14.7.1916.15705 Safari/537.36"
193.201.224.28 - - [23/Oct/2014:16:25:40 -0400] "POST /wordpress1/wp-comments-post.php HTTP/1.0" 500 3096 "http://jodyyoung.com/wordpress1/2013/10/29/days-getting-shorter/" "Mozilla/5.0 (Windows NT 6.1; WOW64) AppleWebKit/537.36 (KHTML, like Gecko) Chrome/36.0.1985.143 Safari/537.36 OPR/23.0.1522.77 (Edition Campaign 37)"
193.201.224.28 - - [23/Oct/2014:16:25:40 -0400] "POST /wordpress1/wp-comments-post.php HTTP/1.0" 500 3096 "http://jodyyoung.com/wordpress1/2013/09/11/back-to-the-desert/" "Mozilla/5.0 (Windows NT 6.0) AppleWebKit/537.36 (KHTML, like Gecko) Chrome/36.0.1985.143 Safari/537.36"
10.30.72.4 - - [23/Oct/2014:16:44:53 -0400] "GET /wordpress1/wp-mail.php HTTP/1.0" 500 2965 "-" "WordPress/3.9.2; http://jodyyoung.com/wordpress1"
10.30.72.4 - - [23/Oct/2014:16:44:50 -0400] "GET /wordpress1/wp-mail.php HTTP/1.0" 500 2965 "-" "WordPress/3.9.2; http://jodyyoung.com/wordpress1"
10.30.72.4 - - [23/Oct/2014:17:11:14 -0400] "GET /wordpress1/wp-mail.php HTTP/1.0" 500 2965 "-" "WordPress/3.9.2; http://jodyyoung.com/wordpress1"
10.30.72.4 - - [23/Oct/2014:17:11:11 -0400] "GET /wordpress1/wp-mail.php HTTP/1.0" 500 2965 "-" "WordPress/3.9.2; http://jodyyoung.com/wordpress1"
10.30.72.4 - - [23/Oct/2014:17:27:34 -0400] "GET /wordpress1/wp-mail.php HTTP/1.0" 500 2965 "-" "WordPress/3.9.2; http://jodyyoung.com/wordpress1"
10.30.72.4 - - [23/Oct/2014:17:27:32 -0400] "GET /wordpress1/wp-mail.php HTTP/1.0" 500 2965 "-" "WordPress/3.9.2; http://jodyyoung.com/wordpress1"
10.30.72.4 - - [23/Oct/2014:18:02:44 -0400] "GET /wordpress1/wp-mail.php HTTP/1.0" 500 2965 "-" "WordPress/3.9.2; http://jodyyoung.com/wordpress1"
10.30.72.4 - - [23/Oct/2014:18:02:42 -0400] "GET /wordpress1/wp-mail.php HTTP/1.0" 500 2965 "-" "WordPress/3.9.2; http://jodyyoung.com/wordpress1"
10.30.72.4 - - [23/Oct/2014:18:02:44 -0400] "GET /wordpress1/wp-mail.php HTTP/1.0" 500 2965 "-" "WordPress/3.9.2; http://jodyyoung.com/wordpress1"
10.30.72.4 - - [23/Oct/2014:18:20:10 -0400] "GET /wordpress1/wp-mail.php HTTP/1.0" 500 2965 "-" "WordPress/3.9.2; http://jodyyoung.com/wordpress1"
10.30.72.4 - - [23/Oct/2014:18:20:07 -0400] "GET /wordpress1/wp-mail.php HTTP/1.0" 500 2965 "-" "WordPress/3.9.2; http://jodyyoung.com/wordpress1"
10.30.72.4 - - [23/Oct/2014:18:20:08 -0400] "GET /wordpress1/wp-mail.php HTTP/1.0" 500 2965 "-" "WordPress/3.9.2; http://jodyyoung.com/wordpress1"
180.76.5.150 - - [23/Oct/2014:18:20:12 -0400] "GET /wordpress1/2014/05/27/spring-colors/?month=jul&yr=2015 HTTP/1.1" 200 61279 "-" "Mozilla/5.0 (compatible; Baiduspider/2.0; +http://www.baidu.com/search/spider.html)"
199.15.233.132 - - [23/Oct/2014:18:31:59 -0400] "GET /wordpress1/guestbook/guestbook-archives/ HTTP/1.0" 200 75964 "http://jodyyoung.com/wordpress1/guestbook/guestbook-archives/" "Mozilla/5.0 (Windows NT 5.1; rv:31.0) Gecko/20100101 Firefox/31.0"
199.15.233.132 - - [23/Oct/2014:18:32:00 -0400] "POST /wordpress1/wp-comments-post.php HTTP/1.0" 500 3105 "http://jodyyoung.com/wordpress1/guestbook/guestbook-archives/" "Mozilla/5.0 (Windows NT 5.1; rv:31.0) Gecko/20100101 Firefox/31.0"
199.15.233.132 - - [23/Oct/2014:18:32:00 -0400] "GET /wordpress1/guestbook/guestbook-archives/ HTTP/1.0" 200 75963 "http://jodyyoung.com/wordpress1/guestbook/guestbook-archives/" "Mozilla/5.0 (Windows NT 5.1; rv:31.0) Gecko/20100101 Firefox/31.0"
10.30.72.4 - - [23/Oct/2014:18:36:37 -0400] "GET /wordpress1/wp-mail.php HTTP/1.0" 500 2965 "-" "WordPress/3.9.2; http://jodyyoung.com/wordpress1"
10.30.72.4 - - [23/Oct/2014:18:36:34 -0400] "GET /wordpress1/wp-mail.php HTTP/1.0" 500 2965 "-" "WordPress/3.9.2; http://jodyyoung.com/wordpress1"
10.30.72.4 - - [23/Oct/2014:18:53:41 -0400] "GET /wordpress1/wp-mail.php HTTP/1.0" 500 2965 "-" "WordPress/3.9.2; http://jodyyoung.com/wordpress1"
10.30.72.4 - - [23/Oct/2014:18:53:39 -0400] "GET /wordpress1/wp-mail.php HTTP/1.0" 500 2965 "-" "WordPress/3.9.2; http://jodyyoung.com/wordpress1"
10.30.72.4 - - [23/Oct/2014:18:59:04 -0400] "POST /wordpress1/wp-cron.php?doing_wp_cron=1414105144.5627610683441162109375 HTTP/1.0" 200 - "-" "WordPress/3.9.2; http://jodyyoung.com/wordpress1"
188.165.15.177 - - [23/Oct/2014:19:07:47 -0400] "GET /wordpress1/wp-content/flagallery/jodys-world/s1010002a.jpg HTTP/1.1" 200 567507 "-" "Mozilla/5.0 (compatible; AhrefsBot/5.0; +http://ahrefs.com/robot/)"
10.30.72.4 - - [23/Oct/2014:19:17:46 -0400] "GET /wordpress1/wp-mail.php HTTP/1.0" 500 2965 "-" "WordPress/3.9.2; http://jodyyoung.com/wordpress1"
10.30.72.4 - - [23/Oct/2014:19:17:43 -0400] "GET /wordpress1/wp-mail.php HTTP/1.0" 500 2965 "-" "WordPress/3.9.2; http://jodyyoung.com/wordpress1"
199.15.233.165 - - [23/Oct/2014:19:27:18 -0400] "GET /wordpress1/guestbook/guestbook-archives/ HTTP/1.0" 200 75964 "http://jodyyoung.com/wordpress1/guestbook/guestbook-archives/" "Mozilla/5.0 (Windows NT 6.3; WOW64) AppleWebKit/537.36 (KHTML, like Gecko) Chrome/36.0.1985.125 Safari/537.36"
199.15.233.165 - - [23/Oct/2014:19:27:19 -0400] "POST /wordpress1/wp-comments-post.php HTTP/1.0" 500 3098 "http://jodyyoung.com/wordpress1/guestbook/guestbook-archives/" "Mozilla/5.0 (Windows NT 6.3; WOW64) AppleWebKit/537.36 (KHTML, like Gecko) Chrome/36.0.1985.125 Safari/537.36"
10.30.72.4 - - [23/Oct/2014:19:33:09 -0400] "GET /wordpress1/wp-mail.php HTTP/1.0" 500 2965 "-" "WordPress/3.9.2; http://jodyyoung.com/wordpress1"
10.30.72.4 - - [23/Oct/2014:19:33:07 -0400] "GET /wordpress1/wp-mail.php HTTP/1.0" 500 2965 "-" "WordPress/3.9.2; http://jodyyoung.com/wordpress1"
10.30.72.4 - - [23/Oct/2014:19:50:46 -0400] "GET /wordpress1/wp-mail.php HTTP/1.0" 500 2965 "-" "WordPress/3.9.2; http://jodyyoung.com/wordpress1"
10.30.72.4 - - [23/Oct/2014:19:50:42 -0400] "GET /wordpress1/wp-mail.php HTTP/1.0" 500 2965 "-" "WordPress/3.9.2; http://jodyyoung.com/wordpress1"
10.30.72.4 - - [23/Oct/2014:20:18:05 -0400] "GET /wordpress1/wp-mail.php HTTP/1.0" 500 2965 "-" "WordPress/3.9.2; http://jodyyoung.com/wordpress1"
10.30.72.4 - - [23/Oct/2014:20:18:03 -0400] "GET /wordpress1/wp-mail.php HTTP/1.0" 500 2965 "-" "WordPress/3.9.2; http://jodyyoung.com/wordpress1"
10.30.72.4 - - [23/Oct/2014:20:38:26 -0400] "GET /wordpress1/wp-mail.php HTTP/1.0" 500 2965 "-" "WordPress/3.9.2; http://jodyyoung.com/wordpress1"
10.30.72.4 - - [23/Oct/2014:20:38:23 -0400] "GET /wordpress1/wp-mail.php HTTP/1.0" 500 2965 "-" "WordPress/3.9.2; http://jodyyoung.com/wordpress1"
10.30.72.4 - - [23/Oct/2014:21:10:27 -0400] "GET /wordpress1/wp-mail.php HTTP/1.0" 500 2965 "-" "WordPress/3.9.2; http://jodyyoung.com/wordpress1"
10.30.72.4 - - [23/Oct/2014:21:10:25 -0400] "GET /wordpress1/wp-mail.php HTTP/1.0" 500 2965 "-" "WordPress/3.9.2; http://jodyyoung.com/wordpress1"
10.30.72.4 - - [23/Oct/2014:21:10:26 -0400] "GET /wordpress1/wp-mail.php HTTP/1.0" 500 2965 "-" "WordPress/3.9.2; http://jodyyoung.com/wordpress1"
10.30.72.4 - - [23/Oct/2014:21:29:49 -0400] "GET /wordpress1/wp-mail.php HTTP/1.0" 500 2965 "-" "WordPress/3.9.2; http://jodyyoung.com/wordpress1"
10.30.72.4 - - [23/Oct/2014:21:29:51 -0400] "GET /wordpress1/wp-mail.php HTTP/1.0" 500 2965 "-" "WordPress/3.9.2; http://jodyyoung.com/wordpress1"
10.30.72.4 - - [23/Oct/2014:21:55:25 -0400] "GET /wordpress1/wp-mail.php HTTP/1.0" 500 2965 "-" "WordPress/3.9.2; http://jodyyoung.com/wordpress1"
10.30.72.4 - - [23/Oct/2014:21:55:27 -0400] "GET /wordpress1/wp-mail.php HTTP/1.0" 500 2965 "-" "WordPress/3.9.2; http://jodyyoung.com/wordpress1"
10.30.72.4 - - [23/Oct/2014:21:55:25 -0400] "GET /wordpress1/wp-mail.php HTTP/1.0" 500 2965 "-" "WordPress/3.9.2; http://jodyyoung.com/wordpress1"
193.201.224.32 - - [23/Oct/2014:22:00:56 -0400] "GET /wordpress1/2013/10/04/parks-closed/ HTTP/1.0" 200 65059 "http://jodyyoung.com/wordpress1/2013/10/04/parks-closed/" "Mozilla/5.0 (Windows NT 6.1; WOW64; rv:31.0) Gecko/20100101 Firefox/31.0"
193.201.224.32 - - [23/Oct/2014:22:00:56 -0400] "GET /wordpress1/2013/10/04/parks-closed/ HTTP/1.0" 200 65059 "http://jodyyoung.com/wordpress1/2013/10/04/parks-closed/" "Mozilla/5.0 (Windows NT 6.1) AppleWebKit/537.36 (KHTML, like Gecko) Chrome/36.0.1985.143 Safari/537.36"
193.201.224.32 - - [23/Oct/2014:22:00:58 -0400] "POST /wordpress1/wp-comments-post.php HTTP/1.0" 500 3103 "http://jodyyoung.com/wordpress1/2013/10/04/parks-closed/" "Mozilla/5.0 (Windows NT 6.1; WOW64; rv:31.0) Gecko/20100101 Firefox/31.0"
193.201.224.32 - - [23/Oct/2014:22:00:59 -0400] "GET /wordpress1/2013/10/04/parks-closed/ HTTP/1.0" 200 65059 "http://jodyyoung.com/wordpress1/2013/10/04/parks-closed/" "Mozilla/5.0 (Windows NT 6.1; WOW64; rv:31.0) Gecko/20100101 Firefox/31.0"
193.201.224.32 - - [23/Oct/2014:22:00:59 -0400] "POST /wordpress1/wp-comments-post.php HTTP/1.0" 500 3095 "http://jodyyoung.com/wordpress1/2013/10/04/parks-closed/" "Mozilla/5.0 (Windows NT 6.1) AppleWebKit/537.36 (KHTML, like Gecko) Chrome/36.0.1985.143 Safari/537.36"
193.201.224.32 - - [23/Oct/2014:22:01:00 -0400] "GET /wordpress1/2013/10/04/parks-closed/ HTTP/1.0" 200 65059 "http://jodyyoung.com/wordpress1/2013/10/04/parks-closed/" "Mozilla/5.0 (Windows NT 6.1) AppleWebKit/537.36 (KHTML, like Gecko) Chrome/36.0.1985.143 Safari/537.36"
193.201.224.32 - - [23/Oct/2014:22:03:22 -0400] "GET /wordpress1/2012/10/25/new-web-site/ HTTP/1.0" 200 66563 "http://jodyyoung.com/wordpress1/2012/10/25/new-web-site/" "Mozilla/5.0 (Windows NT 6.1; WOW64) AppleWebKit/537.36 (KHTML, like Gecko) Chrome/36.0.1985.143 Safari/537.36 OPR/23.0.1522.77 (Edition Campaign 37)"
193.201.224.32 - - [23/Oct/2014:22:03:23 -0400] "GET /wordpress1/2012/10/25/new-web-site/ HTTP/1.0" 200 66562 "http://jodyyoung.com/wordpress1/2012/10/25/new-web-site/" "Mozilla/5.0 (Windows NT 5.1; rv:31.0) Gecko/20100101 Firefox/31.0"
193.201.224.32 - - [23/Oct/2014:22:03:22 -0400] "GET /wordpress1/2013/05/09/more-desert-fun/ HTTP/1.0" 200 64830 "http://jodyyoung.com/wordpress1/2013/05/09/more-desert-fun/" "Mozilla/5.0 (Windows NT 6.1; WOW64) AppleWebKit/537.36 (KHTML, like Gecko) Chrome/36.0.1985.143 Safari/537.36"
193.201.224.32 - - [23/Oct/2014:22:03:22 -0400] "GET /wordpress1/2013/09/11/back-to-the-desert/ HTTP/1.0" 200 64964 "http://jodyyoung.com/wordpress1/2013/09/11/back-to-the-desert/" "Mozilla/5.0 (Windows NT 6.0) AppleWebKit/537.36 (KHTML, like Gecko) Chrome/36.0.1985.143 Safari/537.36"
193.201.224.32 - - [23/Oct/2014:22:03:22 -0400] "GET /wordpress1/2013/08/31/alaska-summers/ HTTP/1.0" 200 67552 "http://jodyyoung.com/wordpress1/2013/08/31/alaska-summers/" "Mozilla/5.0 (Windows NT 5.1; rv:31.0) Gecko/20100101 Firefox/31.0"
193.201.224.32 - - [23/Oct/2014:22:03:23 -0400] "GET /wordpress1/2013/10/29/days-getting-shorter/ HTTP/1.0" 200 64936 "http://jodyyoung.com/wordpress1/2013/10/29/days-getting-shorter/" "Mozilla/5.0 (Windows NT 6.1; WOW64; rv:31.0) Gecko/20100101 Firefox/31.0"
193.201.224.32 - - [23/Oct/2014:22:03:22 -0400] "GET /wordpress1/2013/10/29/days-getting-shorter/ HTTP/1.0" 200 64936 "http://jodyyoung.com/wordpress1/2013/10/29/days-getting-shorter/" "Mozilla/5.0 (Windows NT 6.0) AppleWebKit/537.36 (KHTML, like Gecko) Chrome/36.0.1985.143 Safari/537.36"
193.201.224.32 - - [23/Oct/2014:22:03:24 -0400] "GET /wordpress1/2013/04/13/arches-canyonlands/ HTTP/1.0" 200 64945 "http://jodyyoung.com/wordpress1/2013/04/13/arches-canyonlands/" "Mozilla/5.0 (Windows NT 5.1) AppleWebKit/537.36 (KHTML, like Gecko) Chrome/36.0.1985.143 Safari/537.36"
193.201.224.32 - - [23/Oct/2014:22:03:23 -0400] "GET /wordpress1/2013/05/09/more-desert-fun/ HTTP/1.0" 200 64831 "http://jodyyoung.com/wordpress1/2013/05/09/more-desert-fun/" "Mozilla/5.0 (Windows NT 6.1; WOW64) AppleWebKit/537.36 (KHTML, like Gecko) Chrome/37.0.2062.102 Safari/537.36"
193.201.224.32 - - [23/Oct/2014:22:03:23 -0400] "GET /wordpress1/2013/08/31/alaska-summers/ HTTP/1.0" 200 67552 "http://jodyyoung.com/wordpress1/2013/08/31/alaska-summers/" "Mozilla/5.0 (Windows NT 6.1; WOW64) AppleWebKit/537.36 (KHTML, like Gecko) Chrome/36.0.1985.143 Safari/537.36"
193.201.224.32 - - [23/Oct/2014:22:03:23 -0400] "GET /wordpress1/2013/09/11/back-to-the-desert/ HTTP/1.0" 200 64963 "http://jodyyoung.com/wordpress1/2013/09/11/back-to-the-desert/" "Mozilla/5.0 (Windows NT 6.3; WOW64) AppleWebKit/537.36 (KHTML, like Gecko) Chrome/36.0.1985.125 Safari/537.36"
193.201.224.32 - - [23/Oct/2014:22:03:22 -0400] "GET /wordpress1/gallery/ HTTP/1.0" 200 90300 "http://jodyyoung.com/wordpress1/gallery/" "Mozilla/5.0 (Windows NT 6.1) AppleWebKit/537.36 (KHTML, like Gecko) Chrome/36.0.1985.143 Safari/537.36 OPR/23.0.1522.77"
193.201.224.32 - - [23/Oct/2014:22:03:24 -0400] "POST /wordpress1/wp-comments-post.php HTTP/1.0" 500 3095 "http://jodyyoung.com/wordpress1/2012/10/25/new-web-site/" "Mozilla/5.0 (Windows NT 6.1; WOW64) AppleWebKit/537.36 (KHTML, like Gecko) Chrome/36.0.1985.143 Safari/537.36 OPR/23.0.1522.77 (Edition Campaign 37)"
193.201.224.32 - - [23/Oct/2014:22:03:22 -0400] "GET /wordpress1/2013/04/13/arches-canyonlands/ HTTP/1.0" 200 64945 "http://jodyyoung.com/wordpress1/2013/04/13/arches-canyonlands/" "Mozilla/5.0 (Windows NT 6.3; WOW64) AppleWebKit/537.36 (KHTML, like Gecko) Chrome/36.0.1985.143 Safari/537.36"
193.201.224.32 - - [23/Oct/2014:22:03:23 -0400] "GET /wordpress1/gallery/ HTTP/1.0" 200 90300 "http://jodyyoung.com/wordpress1/gallery/" "Mozilla/5.0 (Windows NT 6.1; WOW64) AppleWebKit/537.36 (KHTML, like Gecko) Chrome/36.0.1985.143 Safari/537.36 OPR/23.0.1522.77"
193.201.224.32 - - [23/Oct/2014:22:03:25 -0400] "POST /wordpress1/wp-comments-post.php HTTP/1.0" 500 3095 "http://jodyyoung.com/wordpress1/2013/08/31/alaska-summers/" "Mozilla/5.0 (Windows NT 5.1; rv:31.0) Gecko/20100101 Firefox/31.0"
193.201.224.32 - - [23/Oct/2014:22:03:25 -0400] "POST /wordpress1/wp-comments-post.php HTTP/1.0" 500 3100 "http://jodyyoung.com/wordpress1/2013/10/29/days-getting-shorter/" "Mozilla/5.0 (Windows NT 6.1; WOW64; rv:31.0) Gecko/20100101 Firefox/31.0"
193.201.224.32 - - [23/Oct/2014:22:03:25 -0400] "POST /wordpress1/wp-comments-post.php HTTP/1.0" 500 3095 "http://jodyyoung.com/wordpress1/2013/10/29/days-getting-shorter/" "Mozilla/5.0 (Windows NT 6.0) AppleWebKit/537.36 (KHTML, like Gecko) Chrome/36.0.1985.143 Safari/537.36"
193.201.224.32 - - [23/Oct/2014:22:03:25 -0400] "POST /wordpress1/wp-comments-post.php HTTP/1.0" 500 3095 "http://jodyyoung.com/wordpress1/2013/09/11/back-to-the-desert/" "Mozilla/5.0 (Windows NT 6.0) AppleWebKit/537.36 (KHTML, like Gecko) Chrome/36.0.1985.143 Safari/537.36"
193.201.224.32 - - [23/Oct/2014:22:03:25 -0400] "POST /wordpress1/wp-comments-post.php HTTP/1.0" 500 3100 "http://jodyyoung.com/wordpress1/2013/04/13/arches-canyonlands/" "Mozilla/5.0 (Windows NT 5.1) AppleWebKit/537.36 (KHTML, like Gecko) Chrome/36.0.1985.143 Safari/537.36"
193.201.224.32 - - [23/Oct/2014:22:03:25 -0400] "GET /wordpress1/2012/10/25/new-web-site/ HTTP/1.0" 200 66562 "http://jodyyoung.com/wordpress1/2012/10/25/new-web-site/" "Mozilla/5.0 (Windows NT 6.1; WOW64) AppleWebKit/537.36 (KHTML, like Gecko) Chrome/36.0.1985.143 Safari/537.36 OPR/23.0.1522.77 (Edition Campaign 37)"
193.201.224.32 - - [23/Oct/2014:22:03:25 -0400] "GET /wordpress1/2013/08/31/alaska-summers/ HTTP/1.0" 200 67552 "http://jodyyoung.com/wordpress1/2013/08/31/alaska-summers/" "Mozilla/5.0 (Windows NT 5.1; rv:31.0) Gecko/20100101 Firefox/31.0"
193.201.224.32 - - [23/Oct/2014:22:03:25 -0400] "GET /wordpress1/2013/10/29/days-getting-shorter/ HTTP/1.0" 200 64937 "http://jodyyoung.com/wordpress1/2013/10/29/days-getting-shorter/" "Mozilla/5.0 (Windows NT 6.1; WOW64; rv:31.0) Gecko/20100101 Firefox/31.0"
193.201.224.32 - - [23/Oct/2014:22:03:25 -0400] "GET /wordpress1/2013/09/11/back-to-the-desert/ HTTP/1.0" 200 64963 "http://jodyyoung.com/wordpress1/2013/09/11/back-to-the-desert/" "Mozilla/5.0 (Windows NT 6.0) AppleWebKit/537.36 (KHTML, like Gecko) Chrome/36.0.1985.143 Safari/537.36"
193.201.224.32 - - [23/Oct/2014:22:03:25 -0400] "GET /wordpress1/2013/10/29/days-getting-shorter/ HTTP/1.0" 200 64936 "http://jodyyoung.com/wordpress1/2013/10/29/days-getting-shorter/" "Mozilla/5.0 (Windows NT 6.0) AppleWebKit/537.36 (KHTML, like Gecko) Chrome/36.0.1985.143 Safari/537.36"
193.201.224.32 - - [23/Oct/2014:22:03:26 -0400] "POST /wordpress1/wp-comments-post.php HTTP/1.0" 500 3099 "http://jodyyoung.com/wordpress1/2013/09/11/back-to-the-desert/" "Mozilla/5.0 (Windows NT 6.3; WOW64) AppleWebKit/537.36 (KHTML, like Gecko) Chrome/36.0.1985.125 Safari/537.36"
193.201.224.32 - - [23/Oct/2014:22:03:26 -0400] "POST /wordpress1/wp-comments-post.php HTTP/1.0" 500 3099 "http://jodyyoung.com/wordpress1/2012/10/25/new-web-site/" "Mozilla/5.0 (Windows NT 5.1; rv:31.0) Gecko/20100101 Firefox/31.0"
193.201.224.32 - - [23/Oct/2014:22:03:26 -0400] "POST /wordpress1/wp-comments-post.php HTTP/1.0" 500 3095 "http://jodyyoung.com/wordpress1/2013/04/13/arches-canyonlands/" "Mozilla/5.0 (Windows NT 6.3; WOW64) AppleWebKit/537.36 (KHTML, like Gecko) Chrome/36.0.1985.143 Safari/537.36"
193.201.224.32 - - [23/Oct/2014:22:03:26 -0400] "POST /wordpress1/wp-comments-post.php HTTP/1.0" 500 3095 "http://jodyyoung.com/wordpress1/gallery/" "Mozilla/5.0 (Windows NT 6.1) AppleWebKit/537.36 (KHTML, like Gecko) Chrome/36.0.1985.143 Safari/537.36 OPR/23.0.1522.77"
193.201.224.32 - - [23/Oct/2014:22:03:26 -0400] "GET /wordpress1/2013/09/11/back-to-the-desert/ HTTP/1.0" 200 64963 "http://jodyyoung.com/wordpress1/2013/09/11/back-to-the-desert/" "Mozilla/5.0 (Windows NT 6.3; WOW64) AppleWebKit/537.36 (KHTML, like Gecko) Chrome/36.0.1985.125 Safari/537.36"
193.201.224.32 - - [23/Oct/2014:22:03:26 -0400] "POST /wordpress1/wp-comments-post.php HTTP/1.0" 500 3101 "http://jodyyoung.com/wordpress1/gallery/" "Mozilla/5.0 (Windows NT 6.1; WOW64) AppleWebKit/537.36 (KHTML, like Gecko) Chrome/36.0.1985.143 Safari/537.36 OPR/23.0.1522.77"
193.201.224.32 - - [23/Oct/2014:22:03:26 -0400] "GET /wordpress1/2012/10/25/new-web-site/ HTTP/1.0" 200 66562 "http://jodyyoung.com/wordpress1/2012/10/25/new-web-site/" "Mozilla/5.0 (Windows NT 5.1; rv:31.0) Gecko/20100101 Firefox/31.0"
193.201.224.32 - - [23/Oct/2014:22:03:26 -0400] "GET /wordpress1/2013/04/13/arches-canyonlands/ HTTP/1.0" 200 64945 "http://jodyyoung.com/wordpress1/2013/04/13/arches-canyonlands/" "Mozilla/5.0 (Windows NT 6.3; WOW64) AppleWebKit/537.36 (KHTML, like Gecko) Chrome/36.0.1985.143 Safari/537.36"
193.201.224.32 - - [23/Oct/2014:22:03:26 -0400] "POST /wordpress1/wp-comments-post.php HTTP/1.0" 500 3100 "http://jodyyoung.com/wordpress1/2013/05/09/more-desert-fun/" "Mozilla/5.0 (Windows NT 6.1; WOW64) AppleWebKit/537.36 (KHTML, like Gecko) Chrome/37.0.2062.102 Safari/537.36"
193.201.224.32 - - [23/Oct/2014:22:03:26 -0400] "POST /wordpress1/wp-comments-post.php HTTP/1.0" 500 3102 "http://jodyyoung.com/wordpress1/2013/08/31/alaska-summers/" "Mozilla/5.0 (Windows NT 6.1; WOW64) AppleWebKit/537.36 (KHTML, like Gecko) Chrome/36.0.1985.143 Safari/537.36"
193.201.224.32 - - [23/Oct/2014:22:03:26 -0400] "POST /wordpress1/wp-comments-post.php HTTP/1.0" 500 3095 "http://jodyyoung.com/wordpress1/2013/05/09/more-desert-fun/" "Mozilla/5.0 (Windows NT 6.1; WOW64) AppleWebKit/537.36 (KHTML, like Gecko) Chrome/36.0.1985.143 Safari/537.36"
193.201.224.32 - - [23/Oct/2014:22:03:27 -0400] "GET /wordpress1/gallery/ HTTP/1.0" 200 90286 "http://jodyyoung.com/wordpress1/gallery/" "Mozilla/5.0 (Windows NT 6.1; WOW64) AppleWebKit/537.36 (KHTML, like Gecko) Chrome/36.0.1985.143 Safari/537.36 OPR/23.0.1522.77"
193.201.224.32 - - [23/Oct/2014:22:03:27 -0400] "GET /wordpress1/2013/05/09/more-desert-fun/ HTTP/1.0" 200 64830 "http://jodyyoung.com/wordpress1/2013/05/09/more-desert-fun/" "Mozilla/5.0 (Windows NT 6.1; WOW64) AppleWebKit/537.36 (KHTML, like Gecko) Chrome/37.0.2062.102 Safari/537.36"
193.201.224.32 - - [23/Oct/2014:22:03:27 -0400] "GET /wordpress1/2013/05/09/more-desert-fun/ HTTP/1.0" 200 64830 "http://jodyyoung.com/wordpress1/2013/05/09/more-desert-fun/" "Mozilla/5.0 (Windows NT 6.1; WOW64) AppleWebKit/537.36 (KHTML, like Gecko) Chrome/36.0.1985.143 Safari/537.36"
193.201.224.32 - - [23/Oct/2014:22:03:27 -0400] "GET /wordpress1/2013/08/31/alaska-summers/ HTTP/1.0" 200 67552 "http://jodyyoung.com/wordpress1/2013/08/31/alaska-summers/" "Mozilla/5.0 (Windows NT 6.1; WOW64) AppleWebKit/537.36 (KHTML, like Gecko) Chrome/36.0.1985.143 Safari/537.36"
193.201.224.32 - - [23/Oct/2014:22:03:27 -0400] "GET /wordpress1/gallery/ HTTP/1.0" 200 90286 "http://jodyyoung.com/wordpress1/gallery/" "Mozilla/5.0 (Windows NT 6.1) AppleWebKit/537.36 (KHTML, like Gecko) Chrome/36.0.1985.143 Safari/537.36 OPR/23.0.1522.77"
193.201.224.32 - - [23/Oct/2014:22:03:26 -0400] "GET /wordpress1/2013/04/13/arches-canyonlands/ HTTP/1.0" 200 64945 "http://jodyyoung.com/wordpress1/2013/04/13/arches-canyonlands/" "Mozilla/5.0 (Windows NT 5.1) AppleWebKit/537.36 (KHTML, like Gecko) Chrome/36.0.1985.143 Safari/537.36"
10.30.72.4 - - [23/Oct/2014:22:20:47 -0400] "GET /wordpress1/wp-mail.php HTTP/1.0" 500 2965 "-" "WordPress/3.9.2; http://jodyyoung.com/wordpress1"
10.30.72.4 - - [23/Oct/2014:22:20:45 -0400] "GET /wordpress1/wp-mail.php HTTP/1.0" 500 2965 "-" "WordPress/3.9.2; http://jodyyoung.com/wordpress1"
10.30.72.4 - - [23/Oct/2014:22:20:48 -0400] "GET /wordpress1/wp-mail.php HTTP/1.0" 500 2965 "-" "WordPress/3.9.2; http://jodyyoung.com/wordpress1"
123.125.71.39 - - [23/Oct/2014:22:28:34 -0400] "GET /311/scripts/master.css HTTP/1.1" 200 1951 "-" "Mozilla/5.0 (compatible; Baiduspider/2.0; +http://www.baidu.com/search/spider.html)"
193.201.224.28 - - [23/Oct/2014:22:30:01 -0400] "GET /wordpress1/2013/10/04/parks-closed/ HTTP/1.0" 200 65059 "http://jodyyoung.com/wordpress1/2013/10/04/parks-closed/" "Mozilla/5.0 (Windows NT 6.1; WOW64) AppleWebKit/537.36 (KHTML, like Gecko) Chrome/36.0.1985.143 Safari/537.36"
193.201.224.28 - - [23/Oct/2014:22:30:02 -0400] "POST /wordpress1/wp-comments-post.php HTTP/1.0" 500 3096 "http://jodyyoung.com/wordpress1/2013/10/04/parks-closed/" "Mozilla/5.0 (Windows NT 6.1; WOW64) AppleWebKit/537.36 (KHTML, like Gecko) Chrome/36.0.1985.143 Safari/537.36"
123.125.71.30 - - [23/Oct/2014:22:33:14 -0400] "GET /wordpress1/feed/ HTTP/1.1" 200 17917 "-" "Mozilla/5.0 (compatible; Baiduspider/2.0; +http://www.baidu.com/search/spider.html)"
195.211.155.225 - - [23/Oct/2014:22:37:10 -0400] "GET /wordpress1/guestbook/guestbook-archives/ HTTP/1.0" 200 75966 "http://jodyyoung.com/wordpress1/guestbook/guestbook-archives/" "Mozilla/5.0 (Windows NT 5.1) AppleWebKit/537.36 (KHTML, like Gecko) Chrome/36.0.1985.143 Safari/537.36"
10.30.72.4 - - [23/Oct/2014:22:37:11 -0400] "GET /wordpress1/wp-mail.php HTTP/1.0" 500 2965 "-" "WordPress/3.9.2; http://jodyyoung.com/wordpress1"
195.211.155.225 - - [23/Oct/2014:22:37:30 -0400] "POST /wordpress1/wp-comments-post.php HTTP/1.0" 500 3099 "http://jodyyoung.com/wordpress1/guestbook/guestbook-archives/" "Mozilla/5.0 (Windows NT 5.1) AppleWebKit/537.36 (KHTML, like Gecko) Chrome/36.0.1985.143 Safari/537.36"
193.201.224.28 - - [23/Oct/2014:22:45:40 -0400] "GET /wordpress1/2013/10/29/days-getting-shorter/ HTTP/1.0" 200 64937 "http://jodyyoung.com/wordpress1/2013/10/29/days-getting-shorter/" "Mozilla/5.0 (Windows NT 6.1) AppleWebKit/537.36 (KHTML, like Gecko) Chrome/36.0.1985.143 Safari/537.36"
193.201.224.28 - - [23/Oct/2014:22:45:40 -0400] "GET /wordpress1/gallery/ HTTP/1.0" 200 90300 "http://jodyyoung.com/wordpress1/gallery/" "Mozilla/5.0 (Windows NT 6.1; WOW64; rv:31.0) Gecko/20100101 Firefox/31.0"
193.201.224.28 - - [23/Oct/2014:22:45:40 -0400] "GET /wordpress1/2013/09/11/back-to-the-desert/ HTTP/1.0" 200 64963 "http://jodyyoung.com/wordpress1/2013/09/11/back-to-the-desert/" "Mozilla/5.0 (Windows NT 6.1; WOW64) AppleWebKit/537.36 (KHTML, like Gecko) Chrome/36.0.1985.143 Safari/537.36"
193.201.224.28 - - [23/Oct/2014:22:45:41 -0400] "POST /wordpress1/wp-comments-post.php HTTP/1.0" 500 3096 "http://jodyyoung.com/wordpress1/gallery/" "Mozilla/5.0 (Windows NT 6.1; WOW64; rv:31.0) Gecko/20100101 Firefox/31.0"
193.201.224.28 - - [23/Oct/2014:22:45:40 -0400] "GET /wordpress1/2012/10/25/new-web-site/ HTTP/1.0" 200 66563 "http://jodyyoung.com/wordpress1/2012/10/25/new-web-site/" "Opera/9.80 (Windows NT 5.1) Presto/2.12.388 Version/12.17"
193.201.224.28 - - [23/Oct/2014:22:45:41 -0400] "GET /wordpress1/2013/08/31/alaska-summers/ HTTP/1.0" 200 67553 "http://jodyyoung.com/wordpress1/2013/08/31/alaska-summers/" "Mozilla/5.0 (Windows NT 6.1; WOW64; rv:31.0) Gecko/20100101 Firefox/31.0"
193.201.224.28 - - [23/Oct/2014:22:45:41 -0400] "GET /wordpress1/2013/05/09/more-desert-fun/ HTTP/1.0" 200 64831 "http://jodyyoung.com/wordpress1/2013/05/09/more-desert-fun/" "Mozilla/5.0 (Windows NT 6.1; WOW64; rv:31.0) Gecko/20100101 Firefox/31.0"
193.201.224.28 - - [23/Oct/2014:22:45:41 -0400] "GET /wordpress1/2013/04/13/arches-canyonlands/ HTTP/1.0" 200 64946 "http://jodyyoung.com/wordpress1/2013/04/13/arches-canyonlands/" "Mozilla/5.0 (Windows NT 6.1; WOW64) AppleWebKit/537.36 (KHTML, like Gecko) Chrome/36.0.1985.143 Safari/537.36"
193.201.224.28 - - [23/Oct/2014:22:45:42 -0400] "POST /wordpress1/wp-comments-post.php HTTP/1.0" 500 3096 "http://jodyyoung.com/wordpress1/2013/09/11/back-to-the-desert/" "Mozilla/5.0 (Windows NT 6.1; WOW64) AppleWebKit/537.36 (KHTML, like Gecko) Chrome/36.0.1985.143 Safari/537.36"
193.201.224.28 - - [23/Oct/2014:22:45:41 -0400] "POST /wordpress1/wp-comments-post.php HTTP/1.0" 500 3096 "http://jodyyoung.com/wordpress1/2013/10/29/days-getting-shorter/" "Mozilla/5.0 (Windows NT 6.1) AppleWebKit/537.36 (KHTML, like Gecko) Chrome/36.0.1985.143 Safari/537.36"
193.201.224.28 - - [23/Oct/2014:22:45:43 -0400] "POST /wordpress1/wp-comments-post.php HTTP/1.0" 500 3096 "http://jodyyoung.com/wordpress1/2012/10/25/new-web-site/" "Opera/9.80 (Windows NT 5.1) Presto/2.12.388 Version/12.17"
193.201.224.28 - - [23/Oct/2014:22:45:43 -0400] "POST /wordpress1/wp-comments-post.php HTTP/1.0" 500 3096 "http://jodyyoung.com/wordpress1/2013/08/31/alaska-summers/" "Mozilla/5.0 (Windows NT 6.1; WOW64; rv:31.0) Gecko/20100101 Firefox/31.0"
193.201.224.28 - - [23/Oct/2014:22:45:43 -0400] "POST /wordpress1/wp-comments-post.php HTTP/1.0" 500 3096 "http://jodyyoung.com/wordpress1/2013/05/09/more-desert-fun/" "Mozilla/5.0 (Windows NT 6.1; WOW64; rv:31.0) Gecko/20100101 Firefox/31.0"
193.201.224.28 - - [23/Oct/2014:22:45:45 -0400] "POST /wordpress1/wp-comments-post.php HTTP/1.0" 500 3096 "http://jodyyoung.com/wordpress1/2013/04/13/arches-canyonlands/" "Mozilla/5.0 (Windows NT 6.1; WOW64) AppleWebKit/537.36 (KHTML, like Gecko) Chrome/36.0.1985.143 Safari/537.36"
10.30.72.4 - - [23/Oct/2014:22:55:26 -0400] "GET /wordpress1/wp-mail.php HTTP/1.0" 500 2965 "-" "WordPress/3.9.2; http://jodyyoung.com/wordpress1"
10.30.72.4 - - [23/Oct/2014:22:55:23 -0400] "GET /wordpress1/wp-mail.php HTTP/1.0" 500 2965 "-" "WordPress/3.9.2; http://jodyyoung.com/wordpress1"
220.181.108.153 - - [23/Oct/2014:23:01:54 -0400] "GET / HTTP/1.1" 200 6612 "-" "Mozilla/5.0 (compatible; Baiduspider/2.0; +http://www.baidu.com/search/spider.html)"
183.60.213.62 - - [23/Oct/2014:23:05:38 -0400] "GET /wordpress1/category/travel-news/page/2/ HTTP/1.1" 200 61601 "-" "Mozilla/5.0 (compatible; EasouSpider; +http://www.easou.com/search/spider.html)"
10.30.72.4 - - [23/Oct/2014:23:18:41 -0400] "GET /wordpress1/wp-mail.php HTTP/1.0" 500 2965 "-" "WordPress/3.9.2; http://jodyyoung.com/wordpress1"
10.30.72.4 - - [23/Oct/2014:23:18:44 -0400] "GET /wordpress1/wp-mail.php HTTP/1.0" 500 2965 "-" "WordPress/3.9.2; http://jodyyoung.com/wordpress1"
10.30.72.4 - - [23/Oct/2014:23:18:43 -0400] "GET /wordpress1/wp-mail.php HTTP/1.0" 500 2965 "-" "WordPress/3.9.2; http://jodyyoung.com/wordpress1"
202.46.61.144 - - [23/Oct/2014:23:55:06 -0400] "GET /wordpress1/guestbook/?month=jun&yr=2013 HTTP/1.1" 200 61804 "-" "Mozilla/5.0 (Windows; U; Windows NT 5.1; zh-CN; rv:1.9.1.2) Firefox/3.5.2"
10.30.72.4 - - [23/Oct/2014:23:55:08 -0400] "GET /wordpress1/wp-mail.php HTTP/1.0" 500 2965 "-" "WordPress/3.9.2; http://jodyyoung.com/wordpress1"
10.30.72.4 - - [23/Oct/2014:00:01:37 -0400] "POST /wordpress1/wp-cron.php?doing_wp_cron=1414036897.6497740745544433593750 HTTP/1.0" 200 - "-" "WordPress/3.9.2; http://jodyyoung.com/wordpress1"
193.201.224.28 - - [23/Oct/2014:00:03:00 -0400] "GET /wordpress1/2013/05/09/more-desert-fun/ HTTP/1.0" 200 64831 "http://jodyyoung.com/wordpress1/2013/05/09/more-desert-fun/" "Mozilla/5.0 (Windows NT 6.3; WOW64) AppleWebKit/537.36 (KHTML, like Gecko) Chrome/36.0.1985.143 Safari/537.36"
193.201.224.28 - - [23/Oct/2014:00:03:01 -0400] "GET /wordpress1/2013/04/13/arches-canyonlands/ HTTP/1.0" 200 64945 "http://jodyyoung.com/wordpress1/2013/04/13/arches-canyonlands/" "Mozilla/5.0 (Windows NT 6.2; WOW64) AppleWebKit/537.36 (KHTML, like Gecko) Chrome/36.0.1985.143 Safari/537.36"
193.201.224.28 - - [23/Oct/2014:00:03:01 -0400] "GET /wordpress1/2012/10/25/new-web-site/ HTTP/1.0" 200 66562 "http://jodyyoung.com/wordpress1/2012/10/25/new-web-site/" "Mozilla/5.0 (Windows NT 6.0) AppleWebKit/537.36 (KHTML, like Gecko) Chrome/36.0.1985.143 Safari/537.36"
193.201.224.28 - - [23/Oct/2014:00:03:01 -0400] "GET /wordpress1/2013/10/29/days-getting-shorter/ HTTP/1.0" 200 64936 "http://jodyyoung.com/wordpress1/2013/10/29/days-getting-shorter/" "Mozilla/5.0 (Windows NT 6.1) AppleWebKit/537.36 (KHTML, like Gecko) Chrome/36.0.1985.143 Safari/537.36 OPR/23.0.1522.77"
193.201.224.28 - - [23/Oct/2014:00:03:01 -0400] "GET /wordpress1/2013/08/31/alaska-summers/ HTTP/1.0" 200 67552 "http://jodyyoung.com/wordpress1/2013/08/31/alaska-summers/" "Mozilla/5.0 (Windows NT 6.1) AppleWebKit/537.36 (KHTML, like Gecko) Chrome/36.0.1985.143 Safari/537.36 OPR/23.0.1522.77"
193.201.224.28 - - [23/Oct/2014:00:03:01 -0400] "GET /wordpress1/gallery/ HTTP/1.0" 200 90300 "http://jodyyoung.com/wordpress1/gallery/" "Mozilla/5.0 (Windows NT 6.3; WOW64) AppleWebKit/537.36 (KHTML, like Gecko) Chrome/36.0.1985.143 Safari/537.36 OPR/23.0.1522.77"
193.201.224.28 - - [23/Oct/2014:00:03:01 -0400] "GET /wordpress1/2013/09/11/back-to-the-desert/ HTTP/1.0" 200 64963 "http://jodyyoung.com/wordpress1/2013/09/11/back-to-the-desert/" "Mozilla/5.0 (Windows NT 6.3; WOW64) AppleWebKit/537.36 (KHTML, like Gecko) Chrome/36.0.1985.125 Safari/537.36"
193.201.224.28 - - [23/Oct/2014:00:03:02 -0400] "POST /wordpress1/wp-comments-post.php HTTP/1.0" 500 3096 "http://jodyyoung.com/wordpress1/2013/05/09/more-desert-fun/" "Mozilla/5.0 (Windows NT 6.3; WOW64) AppleWebKit/537.36 (KHTML, like Gecko) Chrome/36.0.1985.143 Safari/537.36"
193.201.224.28 - - [23/Oct/2014:00:03:03 -0400] "POST /wordpress1/wp-comments-post.php HTTP/1.0" 500 3096 "http://jodyyoung.com/wordpress1/2013/04/13/arches-canyonlands/" "Mozilla/5.0 (Windows NT 6.2; WOW64) AppleWebKit/537.36 (KHTML, like Gecko) Chrome/36.0.1985.143 Safari/537.36"
193.201.224.28 - - [23/Oct/2014:00:03:03 -0400] "POST /wordpress1/wp-comments-post.php HTTP/1.0" 500 3096 "http://jodyyoung.com/wordpress1/2013/09/11/back-to-the-desert/" "Mozilla/5.0 (Windows NT 6.3; WOW64) AppleWebKit/537.36 (KHTML, like Gecko) Chrome/36.0.1985.125 Safari/537.36"
193.201.224.28 - - [23/Oct/2014:00:03:04 -0400] "POST /wordpress1/wp-comments-post.php HTTP/1.0" 500 3096 "http://jodyyoung.com/wordpress1/2012/10/25/new-web-site/" "Mozilla/5.0 (Windows NT 6.0) AppleWebKit/537.36 (KHTML, like Gecko) Chrome/36.0.1985.143 Safari/537.36"
193.201.224.28 - - [23/Oct/2014:00:03:04 -0400] "POST /wordpress1/wp-comments-post.php HTTP/1.0" 500 3096 "http://jodyyoung.com/wordpress1/2013/08/31/alaska-summers/" "Mozilla/5.0 (Windows NT 6.1) AppleWebKit/537.36 (KHTML, like Gecko) Chrome/36.0.1985.143 Safari/537.36 OPR/23.0.1522.77"
193.201.224.28 - - [23/Oct/2014:00:03:04 -0400] "POST /wordpress1/wp-comments-post.php HTTP/1.0" 500 3096 "http://jodyyoung.com/wordpress1/2013/10/29/days-getting-shorter/" "Mozilla/5.0 (Windows NT 6.1) AppleWebKit/537.36 (KHTML, like Gecko) Chrome/36.0.1985.143 Safari/537.36 OPR/23.0.1522.77"
193.201.224.28 - - [23/Oct/2014:00:03:04 -0400] "POST /wordpress1/wp-comments-post.php HTTP/1.0" 500 3096 "http://jodyyoung.com/wordpress1/gallery/" "Mozilla/5.0 (Windows NT 6.3; WOW64) AppleWebKit/537.36 (KHTML, like Gecko) Chrome/36.0.1985.143 Safari/537.36 OPR/23.0.1522.77"
10.30.72.4 - - [23/Oct/2014:00:15:09 -0400] "GET /wordpress1/wp-mail.php HTTP/1.0" 500 2965 "-" "WordPress/3.9.2; http://jodyyoung.com/wordpress1"
10.30.72.4 - - [23/Oct/2014:00:15:11 -0400] "GET /wordpress1/wp-mail.php HTTP/1.0" 500 2965 "-" "WordPress/3.9.2; http://jodyyoung.com/wordpress1"
199.15.233.165 - - [23/Oct/2014:00:22:04 -0400] "GET /wordpress1/guestbook/guestbook-archives/ HTTP/1.0" 200 75964 "http://jodyyoung.com/wordpress1/guestbook/guestbook-archives/" "Mozilla/5.0 (Windows NT 6.1; WOW64) AppleWebKit/537.36 (KHTML, like Gecko) Chrome/36.0.1985.143 Safari/537.36"
199.15.233.165 - - [23/Oct/2014:00:22:04 -0400] "POST /wordpress1/wp-comments-post.php HTTP/1.0" 500 3098 "http://jodyyoung.com/wordpress1/guestbook/guestbook-archives/" "Mozilla/5.0 (Windows NT 6.1; WOW64) AppleWebKit/537.36 (KHTML, like Gecko) Chrome/36.0.1985.143 Safari/537.36"
10.30.72.4 - - [23/Oct/2014:00:41:43 -0400] "GET /wordpress1/wp-mail.php HTTP/1.0" 500 2965 "-" "WordPress/3.9.2; http://jodyyoung.com/wordpress1"
10.30.72.4 - - [23/Oct/2014:00:41:45 -0400] "GET /wordpress1/wp-mail.php HTTP/1.0" 500 2965 "-" "WordPress/3.9.2; http://jodyyoung.com/wordpress1"
180.76.6.150 - - [23/Oct/2014:00:43:30 -0400] "GET /wordpress1/contact/?month=jun&yr=2014 HTTP/1.1" 200 61677 "-" "Mozilla/5.0 (compatible; Baiduspider/2.0; +http://www.baidu.com/search/spider.html)"
10.30.72.4 - - [23/Oct/2014:01:28:46 -0400] "GET /wordpress1/wp-mail.php HTTP/1.0" 500 2965 "-" "WordPress/3.9.2; http://jodyyoung.com/wordpress1"
66.249.65.114 - - [23/Oct/2014:01:31:41 -0400] "GET /wordpress1/wp-content/flagallery/utah-photos/p9280217ao.jpg HTTP/1.1" 200 368107 "-" "Googlebot-Image/1.0"
66.249.65.114 - - [23/Oct/2014:01:32:20 -0400] "GET /wordpress1/wp-content/flagallery/utah-photos/p9240101ao.jpg HTTP/1.1" 200 359505 "-" "Googlebot-Image/1.0"
66.249.65.114 - - [23/Oct/2014:01:34:29 -0400] "GET /wordpress1/wp-content/flagallery/utah-photos/pa080043ao.jpg HTTP/1.1" 200 290936 "-" "Googlebot-Image/1.0"
66.249.65.114 - - [23/Oct/2014:01:35:12 -0400] "GET /wordpress1/wp-content/flagallery/utah-photos/pa100010ao.jpg HTTP/1.1" 200 266836 "-" "Googlebot-Image/1.0"
66.249.65.114 - - [23/Oct/2014:01:39:33 -0400] "GET /wordpress1/wp-content/flagallery/utah-photos/img_0532ao.jpg HTTP/1.1" 200 491397 "-" "Googlebot-Image/1.0"
66.249.65.114 - - [23/Oct/2014:01:40:20 -0400] "GET /wordpress1/wp-content/flagallery/utah-photos/pa150121ao.jpg HTTP/1.1" 200 368379 "-" "Googlebot-Image/1.0"
10.30.72.4 - - [23/Oct/2014:01:47:24 -0400] "GET /wordpress1/wp-mail.php HTTP/1.0" 500 2965 "-" "WordPress/3.9.2; http://jodyyoung.com/wordpress1"
10.30.72.4 - - [23/Oct/2014:01:47:28 -0400] "GET /wordpress1/wp-mail.php HTTP/1.0" 500 2965 "-" "WordPress/3.9.2; http://jodyyoung.com/wordpress1"
199.15.233.175 - - [23/Oct/2014:01:49:42 -0400] "GET /wordpress1/guestbook/guestbook-archives/ HTTP/1.0" 200 75964 "http://jodyyoung.com/wordpress1/guestbook/guestbook-archives/" "Mozilla/5.0 (Windows NT 6.3; WOW64) AppleWebKit/537.36 (KHTML, like Gecko) Chrome/36.0.1985.143 Safari/537.36"
199.15.233.175 - - [23/Oct/2014:01:49:51 -0400] "POST /wordpress1/wp-comments-post.php HTTP/1.0" 500 3100 "http://jodyyoung.com/wordpress1/guestbook/guestbook-archives/" "Mozilla/5.0 (Windows NT 6.3; WOW64) AppleWebKit/537.36 (KHTML, like Gecko) Chrome/36.0.1985.143 Safari/537.36"
199.15.233.175 - - [23/Oct/2014:01:57:27 -0400] "GET /wordpress1/guestbook/guestbook-archives/ HTTP/1.0" 200 75964 "http://jodyyoung.com/wordpress1/guestbook/guestbook-archives/" "Mozilla/5.0 (Windows NT 6.3; WOW64) AppleWebKit/537.36 (KHTML, like Gecko) Chrome/36.0.1985.125 Safari/537.36"
199.15.233.175 - - [23/Oct/2014:01:57:31 -0400] "POST /wordpress1/wp-comments-post.php HTTP/1.0" 500 3100 "http://jodyyoung.com/wordpress1/guestbook/guestbook-archives/" "Mozilla/5.0 (Windows NT 6.3; WOW64) AppleWebKit/537.36 (KHTML, like Gecko) Chrome/36.0.1985.125 Safari/537.36"
10.30.72.4 - - [23/Oct/2014:02:03:25 -0400] "GET /wordpress1/wp-mail.php HTTP/1.0" 500 2965 "-" "WordPress/3.9.2; http://jodyyoung.com/wordpress1"
10.30.72.4 - - [23/Oct/2014:02:03:27 -0400] "GET /wordpress1/wp-mail.php HTTP/1.0" 500 2965 "-" "WordPress/3.9.2; http://jodyyoung.com/wordpress1"
66.249.90.83 - - [23/Oct/2014:02:21:54 -0400] "GET /wordpress1/comments/feed/ HTTP/1.1" 200 5165 "-" "Feedfetcher-Google; (+http://www.google.com/feedfetcher.html; 1 subscribers; feed-id=8917805572480071123)"
207.46.13.138 - - [23/Oct/2014:02:59:06 -0400] "GET /robots.txt HTTP/1.1" 404 575 "-" "Mozilla/5.0 (compatible; bingbot/2.0; +http://www.bing.com/bingbot.htm)"
10.30.72.4 - - [23/Oct/2014:03:00:33 -0400] "GET /wordpress1/wp-mail.php HTTP/1.0" 500 2965 "-" "WordPress/3.9.2; http://jodyyoung.com/wordpress1"
10.30.72.4 - - [23/Oct/2014:03:00:36 -0400] "GET /wordpress1/wp-mail.php HTTP/1.0" 500 2965 "-" "WordPress/3.9.2; http://jodyyoung.com/wordpress1"
207.46.13.138 - - [23/Oct/2014:03:03:21 -0400] "GET / HTTP/1.1" 200 6612 "-" "Mozilla/5.0 (compatible; bingbot/2.0; +http://www.bing.com/bingbot.htm)"
10.30.72.4 - - [23/Oct/2014:03:24:24 -0400] "GET /wordpress1/wp-mail.php HTTP/1.0" 500 2965 "-" "WordPress/3.9.2; http://jodyyoung.com/wordpress1"
10.30.72.4 - - [23/Oct/2014:03:24:27 -0400] "GET /wordpress1/wp-mail.php HTTP/1.0" 500 2965 "-" "WordPress/3.9.2; http://jodyyoung.com/wordpress1"
66.249.65.114 - - [23/Oct/2014:03:31:12 -0400] "GET /wordpress1/2013/05/15/arches-canyonlands-again/?month=oct&yr=1813 HTTP/1.1" 200 61215 "-" "Mozilla/5.0 (compatible; Googlebot/2.1; +http://www.google.com/bot.html)"
193.201.224.28 - - [23/Oct/2014:03:37:40 -0400] "GET /wordpress1/guestbook/guestbook-archives/ HTTP/1.0" 200 75964 "http://jodyyoung.com/wordpress1/guestbook/guestbook-archives/" "Mozilla/5.0 (Windows NT 6.3; WOW64) AppleWebKit/537.36 (KHTML, like Gecko) Chrome/36.0.1985.143 Safari/537.36"
193.201.224.28 - - [23/Oct/2014:03:37:42 -0400] "POST /wordpress1/wp-comments-post.php HTTP/1.0" 500 3096 "http://jodyyoung.com/wordpress1/guestbook/guestbook-archives/" "Mozilla/5.0 (Windows NT 6.3; WOW64) AppleWebKit/537.36 (KHTML, like Gecko) Chrome/36.0.1985.143 Safari/537.36"
66.249.65.114 - - [23/Oct/2014:03:39:03 -0400] "GET /wordpress1/2013/05/15/arches-canyonlands-again/?month=oct&yr=1813 HTTP/1.1" 200 61214 "-" "Mozilla/5.0 (compatible; Googlebot/2.1; +http://www.google.com/bot.html)"
121.205.244.192 - - [23/Oct/2014:03:54:41 -0400] "GET /wordpress1/colorado/ HTTP/1.1" 200 68372 "-" "Mozilla/4.0 (compatible; MSIE 6.0; Windows NT 5.1; SV1; Mozilla/4.0 (compatible; MSIE 6.0; Windows NT 5.1; SV1) ; .NET CLR 1.0.3705)"
121.205.244.192 - - [23/Oct/2014:03:54:48 -0400] "POST /wordpress1/colorado/ HTTP/1.1" 403 921 "http://jodyyoung.com/wordpress1/colorado/" "Mozilla/4.0 (compatible; MSIE 6.0; Windows NT 5.1; SV1; Mozilla/4.0 (compatible; MSIE 6.0; Windows NT 5.1; SV1) ; .NET CLR 2.0.50727 ; .NET CLR 4.0.30319)"
10.30.72.4 - - [23/Oct/2014:04:01:58 -0400] "GET /wordpress1/wp-mail.php HTTP/1.0" 500 2965 "-" "WordPress/3.9.2; http://jodyyoung.com/wordpress1"
10.30.72.4 - - [23/Oct/2014:04:02:01 -0400] "GET /wordpress1/wp-mail.php HTTP/1.0" 500 2965 "-" "WordPress/3.9.2; http://jodyyoung.com/wordpress1"
10.30.72.4 - - [23/Oct/2014:04:02:00 -0400] "GET /wordpress1/wp-mail.php HTTP/1.0" 500 2965 "-" "WordPress/3.9.2; http://jodyyoung.com/wordpress1"
193.201.224.28 - - [23/Oct/2014:04:02:22 -0400] "GET /wordpress1/2013/10/29/days-getting-shorter/ HTTP/1.0" 200 64936 "http://jodyyoung.com/wordpress1/2013/10/29/days-getting-shorter/" "Mozilla/5.0 (Windows NT 6.1; WOW64) AppleWebKit/537.36 (KHTML, like Gecko) Chrome/36.0.1985.143 Safari/537.36"
193.201.224.28 - - [23/Oct/2014:04:02:23 -0400] "GET /wordpress1/2013/09/11/back-to-the-desert/ HTTP/1.0" 200 64964 "http://jodyyoung.com/wordpress1/2013/09/11/back-to-the-desert/" "Mozilla/5.0 (Windows NT 6.2; WOW64) AppleWebKit/537.36 (KHTML, like Gecko) Chrome/36.0.1985.143 Safari/537.36"
193.201.224.28 - - [23/Oct/2014:04:02:23 -0400] "GET /wordpress1/2012/10/25/new-web-site/ HTTP/1.0" 200 66563 "http://jodyyoung.com/wordpress1/2012/10/25/new-web-site/" "Mozilla/5.0 (Windows NT 6.3; WOW64) AppleWebKit/537.36 (KHTML, like Gecko) Chrome/36.0.1985.125 Safari/537.36"
193.201.224.28 - - [23/Oct/2014:04:02:23 -0400] "GET /wordpress1/2013/08/31/alaska-summers/ HTTP/1.0" 200 67554 "http://jodyyoung.com/wordpress1/2013/08/31/alaska-summers/" "Opera/9.80 (Windows NT 5.1) Presto/2.12.388 Version/12.17"
193.201.224.28 - - [23/Oct/2014:04:02:23 -0400] "GET /wordpress1/2013/05/09/more-desert-fun/ HTTP/1.0" 200 64832 "http://jodyyoung.com/wordpress1/2013/05/09/more-desert-fun/" "Mozilla/5.0 (Windows NT 6.1) AppleWebKit/537.36 (KHTML, like Gecko) Chrome/36.0.1985.143 Safari/537.36"
193.201.224.28 - - [23/Oct/2014:04:02:23 -0400] "GET /wordpress1/2013/04/13/arches-canyonlands/ HTTP/1.0" 200 64946 "http://jodyyoung.com/wordpress1/2013/04/13/arches-canyonlands/" "Mozilla/5.0 (Windows NT 6.1) AppleWebKit/537.36 (KHTML, like Gecko) Chrome/36.0.1985.143 Safari/537.36"
193.201.224.28 - - [23/Oct/2014:04:02:23 -0400] "GET /wordpress1/gallery/ HTTP/1.0" 200 90286 "http://jodyyoung.com/wordpress1/gallery/" "Mozilla/5.0 (Windows NT 6.1; WOW64) AppleWebKit/537.36 (KHTML, like Gecko) Chrome/35.0.1916.153 YaBrowser/14.7.1916.15705 Safari/537.36"
193.201.224.28 - - [23/Oct/2014:04:02:24 -0400] "POST /wordpress1/wp-comments-post.php HTTP/1.0" 500 3096 "http://jodyyoung.com/wordpress1/2013/10/29/days-getting-shorter/" "Mozilla/5.0 (Windows NT 6.1; WOW64) AppleWebKit/537.36 (KHTML, like Gecko) Chrome/36.0.1985.143 Safari/537.36"
193.201.224.28 - - [23/Oct/2014:04:02:24 -0400] "POST /wordpress1/wp-comments-post.php HTTP/1.0" 500 3096 "http://jodyyoung.com/wordpress1/2012/10/25/new-web-site/" "Mozilla/5.0 (Windows NT 6.3; WOW64) AppleWebKit/537.36 (KHTML, like Gecko) Chrome/36.0.1985.125 Safari/537.36"
193.201.224.28 - - [23/Oct/2014:04:02:24 -0400] "POST /wordpress1/wp-comments-post.php HTTP/1.0" 500 3096 "http://jodyyoung.com/wordpress1/2013/08/31/alaska-summers/" "Opera/9.80 (Windows NT 5.1) Presto/2.12.388 Version/12.17"
193.201.224.28 - - [23/Oct/2014:04:02:24 -0400] "POST /wordpress1/wp-comments-post.php HTTP/1.0" 500 3096 "http://jodyyoung.com/wordpress1/2013/05/09/more-desert-fun/" "Mozilla/5.0 (Windows NT 6.1) AppleWebKit/537.36 (KHTML, like Gecko) Chrome/36.0.1985.143 Safari/537.36"
193.201.224.28 - - [23/Oct/2014:04:02:25 -0400] "POST /wordpress1/wp-comments-post.php HTTP/1.0" 500 3096 "http://jodyyoung.com/wordpress1/2013/04/13/arches-canyonlands/" "Mozilla/5.0 (Windows NT 6.1) AppleWebKit/537.36 (KHTML, like Gecko) Chrome/36.0.1985.143 Safari/537.36"
