193.201.224.62 - - [23/Oct/2014:22:30:58 -0400] "POST /wordpress1/wp-comments-post.php HTTP/1.0" 500 3096 "http://jodyyoung.com/wordpress1/2013/05/15/arches-canyonlands-again/" "Mozilla/5.0 (Windows NT 5.1) AppleWebKit/537.36 (KHTML, like Gecko) Chrome/36.0.1985.143 Safari/537.36"
66.249.65.114 - - [23/Oct/2014:22:31:03 -0400] "GET /wordpress1/2014/02/19/its-february-and-days-are-getting-longer/ HTTP/1.1" 200 64479 "-" "Mozilla/5.0 (compatible; Googlebot/2.1; +http://www.google.com/bot.html)"
10.30.72.4 - - [23/Oct/2014:22:37:12 -0400] "GET /wordpress1/wp-mail.php HTTP/1.0" 500 2965 "-" "WordPress/3.9.2; http://jodyyoung.com/wordpress1"
10.30.72.4 - - [23/Oct/2014:22:37:10 -0400] "GET /wordpress1/wp-mail.php HTTP/1.0" 500 2965 "-" "WordPress/3.9.2; http://jodyyoung.com/wordpress1"
199.15.233.176 - - [23/Oct/2014:22:55:22 -0400] "GET /wordpress1/guestbook/guestbook-archives/ HTTP/1.0" 200 75964 "http://jodyyoung.com/wordpress1/guestbook/guestbook-archives/" "Mozilla/5.0 (Windows NT 6.3; WOW64; rv:31.0) Gecko/20100101 Firefox/31.0"
10.30.72.4 - - [23/Oct/2014:22:55:24 -0400] "GET /wordpress1/wp-mail.php HTTP/1.0" 500 2965 "-" "WordPress/3.9.2; http://jodyyoung.com/wordpress1"
199.15.233.176 - - [23/Oct/2014:22:55:28 -0400] "POST /wordpress1/wp-comments-post.php HTTP/1.0" 500 3096 "http://jodyyoung.com/wordpress1/guestbook/guestbook-archives/" "Mozilla/5.0 (Windows NT 6.3; WOW64; rv:31.0) Gecko/20100101 Firefox/31.0"
199.15.233.176 - - [23/Oct/2014:22:55:29 -0400] "GET /wordpress1/guestbook/guestbook-archives/ HTTP/1.0" 200 75963 "http://jodyyoung.com/wordpress1/guestbook/guestbook-archives/" "Mozilla/5.0 (Windows NT 6.3; WOW64; rv:31.0) Gecko/20100101 Firefox/31.0"
188.165.15.227 - - [23/Oct/2014:22:59:31 -0400] "GET /wordpress1/wp-content/flagallery/utah-photos/img_0224a.jpg HTTP/1.1" 200 63991 "-" "Mozilla/5.0 (compatible; AhrefsBot/5.0; +http://ahrefs.com/robot/)"
220.181.108.105 - - [23/Oct/2014:23:01:54 -0400] "GET /311/scripts/master.css HTTP/1.1" 200 1951 "http://www.campalaska.com/" "Mozilla/5.0 (Windows NT 6.1; rv:15.0) Gecko/20100101 Firefox/15.0.1"
10.30.72.4 - - [23/Oct/2014:23:05:38 -0400] "POST /wordpress1/wp-cron.php?doing_wp_cron=1414119938.9255349636077880859375 HTTP/1.0" 200 - "-" "WordPress/3.9.2; http://jodyyoung.com/wordpress1"
199.15.233.175 - - [23/Oct/2014:23:18:40 -0400] "GET /wordpress1/guestbook/guestbook-archives/ HTTP/1.0" 200 75964 "http://jodyyoung.com/wordpress1/guestbook/guestbook-archives/" "Mozilla/5.0 (Windows NT 6.1; WOW64; rv:31.0) Gecko/20100101 Firefox/31.0"
10.30.72.4 - - [23/Oct/2014:23:18:45 -0400] "GET /wordpress1/wp-mail.php HTTP/1.0" 500 2965 "-" "WordPress/3.9.2; http://jodyyoung.com/wordpress1"
10.30.72.4 - - [23/Oct/2014:23:18:41 -0400] "GET /wordpress1/wp-mail.php HTTP/1.0" 500 2965 "-" "WordPress/3.9.2; http://jodyyoung.com/wordpress1"
10.30.72.4 - - [23/Oct/2014:23:18:44 -0400] "GET /wordpress1/wp-mail.php HTTP/1.0" 500 2965 "-" "WordPress/3.9.2; http://jodyyoung.com/wordpress1"
199.15.233.175 - - [23/Oct/2014:23:18:47 -0400] "POST /wordpress1/wp-comments-post.php HTTP/1.0" 500 3100 "http://jodyyoung.com/wordpress1/guestbook/guestbook-archives/" "Mozilla/5.0 (Windows NT 6.1; WOW64; rv:31.0) Gecko/20100101 Firefox/31.0"
66.249.65.114 - - [23/Oct/2014:23:31:44 -0400] "GET /wordpress1/gallery/ HTTP/1.1" 200 87382 "-" "Mozilla/5.0 (compatible; Googlebot/2.1; +http://www.google.com/bot.html)"
199.15.233.165 - - [23/Oct/2014:23:38:59 -0400] "GET /wordpress1/guestbook/guestbook-archives/ HTTP/1.0" 200 75964 "http://jodyyoung.com/wordpress1/guestbook/guestbook-archives/" "Mozilla/5.0 (Windows NT 6.1) AppleWebKit/537.36 (KHTML, like Gecko) Chrome/36.0.1985.143 Safari/537.36 OPR/23.0.1522.77"
199.15.233.165 - - [23/Oct/2014:23:39:00 -0400] "POST /wordpress1/wp-comments-post.php HTTP/1.0" 500 3099 "http://jodyyoung.com/wordpress1/guestbook/guestbook-archives/" "Mozilla/5.0 (Windows NT 6.1) AppleWebKit/537.36 (KHTML, like Gecko) Chrome/36.0.1985.143 Safari/537.36 OPR/23.0.1522.77"
10.30.72.4 - - [23/Oct/2014:23:55:10 -0400] "GET /wordpress1/wp-mail.php HTTP/1.0" 500 2965 "-" "WordPress/3.9.2; http://jodyyoung.com/wordpress1"
10.30.72.4 - - [23/Oct/2014:23:55:07 -0400] "GET /wordpress1/wp-mail.php HTTP/1.0" 500 2965 "-" "WordPress/3.9.2; http://jodyyoung.com/wordpress1"
54.161.239.179 - - [23/Oct/2014:23:56:38 -0400] "GET / HTTP/1.1" 200 6612 "-" "HTTPClient/1.0 (2.4.0, ruby 1.9.3 (2013-06-27))"
199.15.233.176 - - [23/Oct/2014:00:01:36 -0400] "GET /wordpress1/guestbook/guestbook-archives/ HTTP/1.0" 200 75964 "http://jodyyoung.com/wordpress1/guestbook/guestbook-archives/" "Mozilla/5.0 (Windows NT 6.3; WOW64; rv:31.0) Gecko/20100101 Firefox/31.0"
199.15.233.176 - - [23/Oct/2014:00:01:39 -0400] "POST /wordpress1/wp-comments-post.php HTTP/1.0" 500 3098 "http://jodyyoung.com/wordpress1/guestbook/guestbook-archives/" "Mozilla/5.0 (Windows NT 6.3; WOW64; rv:31.0) Gecko/20100101 Firefox/31.0"
199.15.233.176 - - [23/Oct/2014:00:01:39 -0400] "GET /wordpress1/guestbook/guestbook-archives/ HTTP/1.0" 200 75964 "http://jodyyoung.com/wordpress1/guestbook/guestbook-archives/" "Mozilla/5.0 (Windows NT 6.3; WOW64; rv:31.0) Gecko/20100101 Firefox/31.0"
199.15.233.165 - - [23/Oct/2014:00:06:28 -0400] "GET /wordpress1/guestbook/guestbook-archives/ HTTP/1.0" 200 75964 "http://jodyyoung.com/wordpress1/guestbook/guestbook-archives/" "Mozilla/5.0 (Windows NT 6.1) AppleWebKit/537.36 (KHTML, like Gecko) Chrome/36.0.1985.143 Safari/537.36"
199.15.233.165 - - [23/Oct/2014:00:06:30 -0400] "POST /wordpress1/wp-comments-post.php HTTP/1.0" 500 3105 "http://jodyyoung.com/wordpress1/guestbook/guestbook-archives/" "Mozilla/5.0 (Windows NT 6.1) AppleWebKit/537.36 (KHTML, like Gecko) Chrome/36.0.1985.143 Safari/537.36"
180.76.5.24 - - [23/Oct/2014:01:10:31 -0400] "GET / HTTP/1.1" 200 6612 "-" "Mozilla/5.0 (compatible; Baiduspider/2.0; +http://www.baidu.com/search/spider.html)"
66.249.65.106 - - [23/Oct/2014:01:33:03 -0400] "GET /wordpress1/wp-content/flagallery/utah-photos/img_0137ao.jpg HTTP/1.1" 200 426920 "-" "Googlebot-Image/1.0"
66.249.65.106 - - [23/Oct/2014:01:33:46 -0400] "GET /wordpress1/wp-content/flagallery/utah-photos/p5220196ao.jpg HTTP/1.1" 200 356996 "-" "Googlebot-Image/1.0"
66.249.65.106 - - [23/Oct/2014:01:38:05 -0400] "GET /wordpress1/wp-content/flagallery/utah-photos/img_0376ao.jpg HTTP/1.1" 200 369799 "-" "Googlebot-Image/1.0"
66.249.65.106 - - [23/Oct/2014:01:38:49 -0400] "GET /wordpress1/wp-content/flagallery/utah-photos/img_0180ao.jpg HTTP/1.1" 200 238766 "-" "Googlebot-Image/1.0"
66.249.65.106 - - [23/Oct/2014:01:41:10 -0400] "GET /wordpress1/wp-content/flagallery/utah-photos/pa140071ao.jpg HTTP/1.1" 200 331170 "-" "Googlebot-Image/1.0"
66.249.65.149 - - [23/Oct/2014:01:43:47 -0400] "GET /robots.txt HTTP/1.1" 404 575 "-" "Mozilla/5.0 (compatible; Googlebot/2.1; +http://www.google.com/bot.html)"
66.249.65.106 - - [23/Oct/2014:02:09:04 -0400] "GET /robots.txt HTTP/1.1" 404 575 "-" "Mozilla/5.0 (compatible; Googlebot/2.1; +http://www.google.com/bot.html)"
183.60.214.7 - - [23/Oct/2014:02:54:17 -0400] "GET /wordpress1/guestbook/?month=jul&yr=2013 HTTP/1.1" 200 61365 "-" "Mozilla/5.0 (compatible; EasouSpider; +http://www.easou.com/search/spider.html)"
183.60.214.7 - - [23/Oct/2014:04:10:21 -0400] "GET /wordpress1/guestbook/guestbook-archives/?month=dec&yr=2014 HTTP/1.1" 200 72756 "-" "Mozilla/5.0 (compatible; EasouSpider; +http://www.easou.com/search/spider.html)"
183.60.214.7 - - [23/Oct/2014:04:43:08 -0400] "GET /wordpress1/gallery/?month=apr&yr=2014 HTTP/1.1" 200 87874 "-" "Mozilla/5.0 (compatible; EasouSpider; +http://www.easou.com/search/spider.html)"
183.60.212.157 - - [23/Oct/2014:05:01:06 -0400] "GET /wordpress1/guestbook/guestbook-archives/?month=feb&yr=2014 HTTP/1.1" 200 72715 "-" "Mozilla/5.0 (compatible; EasouSpider; +http://www.easou.com/search/spider.html)"
66.249.90.80 - - [23/Oct/2014:05:30:35 -0400] "GET /wordpress1/comments/feed/ HTTP/1.1" 200 5165 "-" "Feedfetcher-Google; (+http://www.google.com/feedfetcher.html; 1 subscribers; feed-id=8917805572480071123)"
183.60.214.7 - - [23/Oct/2014:05:34:58 -0400] "GET /wordpress1/guestbook/guestbook-archives/?month=jun&yr=2014 HTTP/1.1" 200 72752 "-" "Mozilla/5.0 (compatible; EasouSpider; +http://www.easou.com/search/spider.html)"
91.200.12.46 - - [23/Oct/2014:05:53:57 -0400] "GET /wordpress1/guestbook/guestbook-archives/ HTTP/1.1" 200 75960 "http://jodyyoung.com/" "Mozilla/5.0 (Windows NT 6.2; WOW64) AppleWebKit/537.36 (KHTML, like Gecko) Chrome/28.0.1500.72 Safari/537.36"
91.200.12.46 - - [23/Oct/2014:05:54:18 -0400] "POST /wordpress1/wp-comments-post.php HTTP/1.1" 500 3190 "http://jodyyoung.com/wordpress1/guestbook/guestbook-archives/" "Mozilla/5.0 (Windows NT 6.2; WOW64) AppleWebKit/537.36 (KHTML, like Gecko) Chrome/28.0.1500.72 Safari/537.36"
66.249.65.110 - - [23/Oct/2014:06:16:35 -0400] "GET /wordpress1/gallery/?month=may&yr=2011 HTTP/1.1" 200 84188 "-" "Mozilla/5.0 (compatible; Googlebot/2.1; +http://www.google.com/bot.html)"
183.60.214.7 - - [23/Oct/2014:06:43:53 -0400] "GET /wordpress1/utah/?month=jan&yr=2014 HTTP/1.1" 200 69934 "-" "Mozilla/5.0 (compatible; EasouSpider; +http://www.easou.com/search/spider.html)"
208.64.28.130 - - [23/Oct/2014:07:03:23 -0400] "GET / HTTP/1.1" 301 244 "-" "-"
208.64.28.130 - - [23/Oct/2014:07:03:23 -0400] "GET /xmlrpc.php HTTP/1.1" 404 575 "-" "-"
208.64.28.130 - - [23/Oct/2014:07:03:23 -0400] "GET /wp-login.php HTTP/1.1" 403 214 "-" "-"
174.239.98.132 - - [23/Oct/2014:07:36:27 -0400] "GET /wordpress1/our-guides/ HTTP/1.1" 200 67017 "https://www.google.com/" "Mozilla/5.0 (iPhone; CPU iPhone OS 8_0_2 like Mac OS X) AppleWebKit/600.1.4 (KHTML, like Gecko) Version/8.0 Mobile/12A405 Safari/600.1.4"
174.239.98.132 - - [23/Oct/2014:07:36:30 -0400] "GET /wordpress1/wp-content/plugins/spiffy-calendar/spiffycal.css?ver=3.9.2 HTTP/1.1" 200 3825 "http://jodyyoung.com/wordpress1/our-guides/" "Mozilla/5.0 (iPhone; CPU iPhone OS 8_0_2 like Mac OS X) AppleWebKit/600.1.4 (KHTML, like Gecko) Version/8.0 Mobile/12A405 Safari/600.1.4"
174.239.98.132 - - [23/Oct/2014:07:36:30 -0400] "GET /wordpress1/wp-includes/js/jquery/jquery.js?ver=1.11.0 HTTP/1.1" 200 96402 "http://jodyyoung.com/wordpress1/our-guides/" "Mozilla/5.0 (iPhone; CPU iPhone OS 8_0_2 like Mac OS X) AppleWebKit/600.1.4 (KHTML, like Gecko) Version/8.0 Mobile/12A405 Safari/600.1.4"
174.239.98.132 - - [23/Oct/2014:07:36:30 -0400] "GET /wordpress1/wp-includes/js/jquery/jquery-migrate.min.js?ver=1.2.1 HTTP/1.1" 200 7200 "http://jodyyoung.com/wordpress1/our-guides/" "Mozilla/5.0 (iPhone; CPU iPhone OS 8_0_2 like Mac OS X) AppleWebKit/600.1.4 (KHTML, like Gecko) Version/8.0 Mobile/12A405 Safari/600.1.4"
174.239.98.132 - - [23/Oct/2014:07:36:30 -0400] "GET /wordpress1/wp-content/plugins/anti-spam/js/anti-spam.js?ver=2.1 HTTP/1.1" 200 1694 "http://jodyyoung.com/wordpress1/our-guides/" "Mozilla/5.0 (iPhone; CPU iPhone OS 8_0_2 like Mac OS X) AppleWebKit/600.1.4 (KHTML, like Gecko) Version/8.0 Mobile/12A405 Safari/600.1.4"
174.239.98.132 - - [23/Oct/2014:07:36:30 -0400] "GET /wordpress1/wp-content/themes/atahualpa/js/DD_roundies.js?ver=0.0.2a HTTP/1.1" 200 16853 "http://jodyyoung.com/wordpress1/our-guides/" "Mozilla/5.0 (iPhone; CPU iPhone OS 8_0_2 like Mac OS X) AppleWebKit/600.1.4 (KHTML, like Gecko) Version/8.0 Mobile/12A405 Safari/600.1.4"
174.239.98.132 - - [23/Oct/2014:07:36:30 -0400] "GET /wordpress1/wp-content/plugins/flash-album-gallery/admin/js/swfobject.js?ver=2.2 HTTP/1.1" 200 11754 "http://jodyyoung.com/wordpress1/our-guides/" "Mozilla/5.0 (iPhone; CPU iPhone OS 8_0_2 like Mac OS X) AppleWebKit/600.1.4 (KHTML, like Gecko) Version/8.0 Mobile/12A405 Safari/600.1.4"
174.239.98.132 - - [23/Oct/2014:07:36:30 -0400] "GET /wordpress1/wp-content/plugins/flash-album-gallery/admin/js/swfaddress.js?ver=2.4 HTTP/1.1" 200 15916 "http://jodyyoung.com/wordpress1/our-guides/" "Mozilla/5.0 (iPhone; CPU iPhone OS 8_0_2 like Mac OS X) AppleWebKit/600.1.4 (KHTML, like Gecko) Version/8.0 Mobile/12A405 Safari/600.1.4"
174.239.98.132 - - [23/Oct/2014:07:36:30 -0400] "GET /wordpress1/wp-content/ata-images/jyat-logo1.jpg HTTP/1.1" 200 10086 "http://jodyyoung.com/wordpress1/our-guides/" "Mozilla/5.0 (iPhone; CPU iPhone OS 8_0_2 like Mac OS X) AppleWebKit/600.1.4 (KHTML, like Gecko) Version/8.0 Mobile/12A405 Safari/600.1.4"
174.239.98.132 - - [23/Oct/2014:07:36:31 -0400] "GET /wordpress1/wp-content/uploads/2011/11/g_jody.jpg HTTP/1.1" 200 20687 "http://jodyyoung.com/wordpress1/our-guides/" "Mozilla/5.0 (iPhone; CPU iPhone OS 8_0_2 like Mac OS X) AppleWebKit/600.1.4 (KHTML, like Gecko) Version/8.0 Mobile/12A405 Safari/600.1.4"
174.239.98.132 - - [23/Oct/2014:07:36:31 -0400] "GET /wordpress1/wp-content/uploads/2011/11/g_karen.jpg HTTP/1.1" 200 25592 "http://jodyyoung.com/wordpress1/our-guides/" "Mozilla/5.0 (iPhone; CPU iPhone OS 8_0_2 like Mac OS X) AppleWebKit/600.1.4 (KHTML, like Gecko) Version/8.0 Mobile/12A405 Safari/600.1.4"
174.239.98.132 - - [23/Oct/2014:07:36:31 -0400] "GET /wordpress1/wp-content/uploads/2011/11/g_jim.jpg HTTP/1.1" 200 20527 "http://jodyyoung.com/wordpress1/our-guides/" "Mozilla/5.0 (iPhone; CPU iPhone OS 8_0_2 like Mac OS X) AppleWebKit/600.1.4 (KHTML, like Gecko) Version/8.0 Mobile/12A405 Safari/600.1.4"
174.239.98.132 - - [23/Oct/2014:07:36:31 -0400] "GET /wordpress1/wp-content/uploads/2011/11/g_otto.jpg HTTP/1.1" 200 23366 "http://jodyyoung.com/wordpress1/our-guides/" "Mozilla/5.0 (iPhone; CPU iPhone OS 8_0_2 like Mac OS X) AppleWebKit/600.1.4 (KHTML, like Gecko) Version/8.0 Mobile/12A405 Safari/600.1.4"
174.239.98.132 - - [23/Oct/2014:07:36:31 -0400] "GET /wordpress1/wp-content/uploads/2011/11/g_steve.jpg HTTP/1.1" 200 18583 "http://jodyyoung.com/wordpress1/our-guides/" "Mozilla/5.0 (iPhone; CPU iPhone OS 8_0_2 like Mac OS X) AppleWebKit/600.1.4 (KHTML, like Gecko) Version/8.0 Mobile/12A405 Safari/600.1.4"
174.239.98.132 - - [23/Oct/2014:07:36:31 -0400] "GET /wordpress1/wp-content/uploads/2011/11/JYATlogo.jpg HTTP/1.1" 200 14807 "http://jodyyoung.com/wordpress1/our-guides/" "Mozilla/5.0 (iPhone; CPU iPhone OS 8_0_2 like Mac OS X) AppleWebKit/600.1.4 (KHTML, like Gecko) Version/8.0 Mobile/12A405 Safari/600.1.4"
174.239.98.132 - - [23/Oct/2014:07:36:32 -0400] "GET /wordpress1/wp-content/themes/atahualpa/images/comment-gray.png HTTP/1.1" 200 296 "http://jodyyoung.com/wordpress1/our-guides/" "Mozilla/5.0 (iPhone; CPU iPhone OS 8_0_2 like Mac OS X) AppleWebKit/600.1.4 (KHTML, like Gecko) Version/8.0 Mobile/12A405 Safari/600.1.4"
174.239.98.132 - - [23/Oct/2014:07:36:32 -0400] "GET /wordpress1/wp-content/themes/atahualpa/images/rss-gray.png HTTP/1.1" 200 379 "http://jodyyoung.com/wordpress1/our-guides/" "Mozilla/5.0 (iPhone; CPU iPhone OS 8_0_2 like Mac OS X) AppleWebKit/600.1.4 (KHTML, like Gecko) Version/8.0 Mobile/12A405 Safari/600.1.4"
174.239.98.132 - - [23/Oct/2014:07:36:32 -0400] "GET /wordpress1/wp-content/themes/atahualpa/images/inputbackgr.gif HTTP/1.1" 200 4765 "http://jodyyoung.com/wordpress1/our-guides/" "Mozilla/5.0 (iPhone; CPU iPhone OS 8_0_2 like Mac OS X) AppleWebKit/600.1.4 (KHTML, like Gecko) Version/8.0 Mobile/12A405 Safari/600.1.4"
174.239.98.132 - - [23/Oct/2014:07:36:32 -0400] "GET /wordpress1/wp-content/themes/atahualpa/images/header/jyatHD05.jpg HTTP/1.1" 200 89801 "http://jodyyoung.com/wordpress1/our-guides/" "Mozilla/5.0 (iPhone; CPU iPhone OS 8_0_2 like Mac OS X) AppleWebKit/600.1.4 (KHTML, like Gecko) Version/8.0 Mobile/12A405 Safari/600.1.4"
174.239.98.132 - - [23/Oct/2014:07:36:32 -0400] "GET /wordpress1/wp-content/themes/atahualpa/images/expand-down.gif HTTP/1.1" 200 57 "http://jodyyoung.com/wordpress1/our-guides/" "Mozilla/5.0 (iPhone; CPU iPhone OS 8_0_2 like Mac OS X) AppleWebKit/600.1.4 (KHTML, like Gecko) Version/8.0 Mobile/12A405 Safari/600.1.4"
188.143.232.123 - - [23/Oct/2014:07:37:25 -0400] "GET /GBArchive.htm HTTP/1.1" 200 13949 "-" "Mozilla/4.0 (compatible; MSIE 6.0; Windows NT 5.1; SV1)"
188.143.232.123 - - [23/Oct/2014:07:37:26 -0400] "GET /guestbook.html HTTP/1.1" 200 8916 "-" "Mozilla/4.0 (compatible; MSIE 6.0; Windows NT 5.1; SV1)"
188.143.232.123 - - [23/Oct/2014:07:39:40 -0400] "GET /guestbook.html HTTP/1.1" 200 8916 "-" "Mozilla/4.0 (compatible; MSIE 6.0; Windows NT 5.1; SV1)"
188.143.232.123 - - [23/Oct/2014:07:39:41 -0400] "GET /home.html HTTP/1.1" 200 13913 "-" "Mozilla/4.0 (compatible; MSIE 6.0; Windows NT 5.1; SV1)"
188.143.232.123 - - [23/Oct/2014:07:39:42 -0400] "GET /aboutjody.html HTTP/1.1" 200 17089 "-" "Mozilla/4.0 (compatible; MSIE 6.0; Windows NT 5.1; SV1)"
188.143.232.123 - - [23/Oct/2014:07:39:42 -0400] "GET /alaska.html HTTP/1.1" 200 16500 "-" "Mozilla/4.0 (compatible; MSIE 6.0; Windows NT 5.1; SV1)"
188.143.232.123 - - [23/Oct/2014:07:39:45 -0400] "GET /utah.html HTTP/1.1" 200 11999 "-" "Mozilla/4.0 (compatible; MSIE 6.0; Windows NT 5.1; SV1)"
188.143.232.123 - - [23/Oct/2014:07:39:45 -0400] "GET /specialprojects.html HTTP/1.1" 200 31246 "-" "Mozilla/4.0 (compatible; MSIE 6.0; Windows NT 5.1; SV1)"
188.143.232.123 - - [23/Oct/2014:07:39:48 -0400] "GET /customtours.html HTTP/1.1" 200 13273 "-" "Mozilla/4.0 (compatible; MSIE 6.0; Windows NT 5.1; SV1)"
188.143.232.123 - - [23/Oct/2014:07:39:48 -0400] "GET /otherareas.html HTTP/1.1" 200 10916 "-" "Mozilla/4.0 (compatible; MSIE 6.0; Windows NT 5.1; SV1)"
188.143.232.123 - - [23/Oct/2014:07:39:50 -0400] "GET /connections.htm HTTP/1.1" 200 11773 "-" "Mozilla/4.0 (compatible; MSIE 6.0; Windows NT 5.1; SV1)"
188.143.232.123 - - [23/Oct/2014:07:39:54 -0400] "GET /GBArchive.htm HTTP/1.1" 200 13949 "-" "Mozilla/4.0 (compatible; MSIE 6.0; Windows NT 5.1; SV1)"
188.165.15.236 - - [23/Oct/2014:07:42:59 -0400] "GET /wordpress1/guestbook/guestbook-archives/feed/ HTTP/1.1" 200 765 "-" "Mozilla/5.0 (compatible; AhrefsBot/5.0; +http://ahrefs.com/robot/)"
193.201.224.32 - - [23/Oct/2014:07:45:26 -0400] "GET /wordpress1/guestbook/guestbook-archives/ HTTP/1.0" 200 75964 "http://jodyyoung.com/wordpress1/guestbook/guestbook-archives/" "Mozilla/5.0 (Windows NT 6.1) AppleWebKit/537.36 (KHTML, like Gecko) Chrome/36.0.1985.143 Safari/537.36 OPR/23.0.1522.77"
193.201.224.32 - - [23/Oct/2014:07:45:32 -0400] "POST /wordpress1/wp-comments-post.php HTTP/1.0" 500 3100 "http://jodyyoung.com/wordpress1/guestbook/guestbook-archives/" "Mozilla/5.0 (Windows NT 6.1) AppleWebKit/537.36 (KHTML, like Gecko) Chrome/36.0.1985.143 Safari/537.36 OPR/23.0.1522.77"
193.201.224.32 - - [23/Oct/2014:07:45:32 -0400] "GET /wordpress1/guestbook/guestbook-archives/ HTTP/1.0" 200 75963 "http://jodyyoung.com/wordpress1/guestbook/guestbook-archives/" "Mozilla/5.0 (Windows NT 6.1) AppleWebKit/537.36 (KHTML, like Gecko) Chrome/36.0.1985.143 Safari/537.36 OPR/23.0.1522.77"
66.249.65.110 - - [23/Oct/2014:08:50:49 -0400] "GET /wordpress1/wp-includes/css/buttons.min.css?ver=3.9.2 HTTP/1.1" 200 5563 "http://jodyyoung.com/wordpress1/wp-login.php" "Mozilla/5.0 (compatible; Googlebot/2.1; +http://www.google.com/bot.html)"
183.60.213.62 - - [23/Oct/2014:08:55:26 -0400] "GET /wordpress1/guestbook/?month=sept&yr=2013 HTTP/1.1" 200 61373 "-" "Mozilla/5.0 (compatible; EasouSpider; +http://www.easou.com/search/spider.html)"
199.15.233.132 - - [23/Oct/2014:08:56:14 -0400] "GET /wordpress1/guestbook/guestbook-archives/ HTTP/1.0" 200 75963 "http://jodyyoung.com/wordpress1/guestbook/guestbook-archives/" "Opera/9.80 (Windows NT 5.1) Presto/2.12.388 Version/12.17"
199.15.233.132 - - [23/Oct/2014:08:56:15 -0400] "POST /wordpress1/wp-comments-post.php HTTP/1.0" 500 3105 "http://jodyyoung.com/wordpress1/guestbook/guestbook-archives/" "Opera/9.80 (Windows NT 5.1) Presto/2.12.388 Version/12.17"
199.15.233.132 - - [23/Oct/2014:08:56:16 -0400] "GET /wordpress1/guestbook/guestbook-archives/ HTTP/1.0" 200 75963 "http://jodyyoung.com/wordpress1/guestbook/guestbook-archives/" "Opera/9.80 (Windows NT 5.1) Presto/2.12.388 Version/12.17"
66.249.65.110 - - [23/Oct/2014:08:56:54 -0400] "GET /wordpress1/about-htm/?month=jul&yr=2024 HTTP/1.1" 200 59592 "-" "Mozilla/5.0 (compatible; Googlebot/2.1; +http://www.google.com/bot.html)"
180.76.6.37 - - [23/Oct/2014:09:06:08 -0400] "GET /wordpress1/utah/?month=oct&yr=2013 HTTP/1.1" 200 69297 "-" "Mozilla/5.0 (compatible; Baiduspider/2.0; +http://www.baidu.com/search/spider.html)"
66.249.65.110 - - [23/Oct/2014:09:06:33 -0400] "GET /wordpress1/about-htm/?month=mar&yr=2025 HTTP/1.1" 200 60044 "-" "Mozilla/5.0 (compatible; Googlebot/2.1; +http://www.google.com/bot.html)"
66.249.65.110 - - [23/Oct/2014:09:06:35 -0400] "GET /wordpress1/about-htm/?month=may&yr=2024 HTTP/1.1" 200 59590 "-" "Mozilla/5.0 (compatible; Googlebot/2.1; +http://www.google.com/bot.html)"
180.76.5.25 - - [23/Oct/2014:09:24:11 -0400] "GET /wordpress1/connections/?month=sept&yr=2013 HTTP/1.1" 200 62774 "-" "Mozilla/5.0 (compatible; Baiduspider/2.0; +http://www.baidu.com/search/spider.html)"
66.249.65.110 - - [23/Oct/2014:09:25:52 -0400] "GET /wordpress1/about-htm/?month=jul&yr=2025 HTTP/1.1" 200 59591 "-" "Mozilla/5.0 (compatible; Googlebot/2.1; +http://www.google.com/bot.html)"
66.249.65.110 - - [23/Oct/2014:09:36:37 -0400] "GET /wordpress1/about-htm/?month=sept&yr=2025 HTTP/1.1" 200 59582 "-" "Mozilla/5.0 (compatible; Googlebot/2.1; +http://www.google.com/bot.html)"
66.249.65.110 - - [23/Oct/2014:09:45:53 -0400] "GET /wordpress1/about-htm/?month=sept&yr=2023 HTTP/1.1" 200 59597 "-" "Mozilla/5.0 (compatible; Googlebot/2.1; +http://www.google.com/bot.html)"
183.60.214.7 - - [23/Oct/2014:09:53:43 -0400] "GET /wordpress1/wp-login.php?action=lostpassword HTTP/1.1" 200 2887 "-" "Mozilla/5.0 (compatible; EasouSpider; +http://www.easou.com/search/spider.html)"
180.76.5.167 - - [23/Oct/2014:09:54:05 -0400] "GET /wordpress1/gallery/?month=may&yr=2015 HTTP/1.1" 200 86901 "-" "Mozilla/5.0 (compatible; Baiduspider/2.0; +http://www.baidu.com/search/spider.html)"
193.201.224.28 - - [23/Oct/2014:09:59:07 -0400] "GET /wordpress1/2013/10/04/parks-closed/ HTTP/1.0" 200 65059 "http://jodyyoung.com/wordpress1/2013/10/04/parks-closed/" "Mozilla/5.0 (Windows NT 6.3; WOW64) AppleWebKit/537.36 (KHTML, like Gecko) Chrome/36.0.1985.143 Safari/537.36"
193.201.224.28 - - [23/Oct/2014:09:59:10 -0400] "POST /wordpress1/wp-comments-post.php HTTP/1.0" 500 3096 "http://jodyyoung.com/wordpress1/2013/10/04/parks-closed/" "Mozilla/5.0 (Windows NT 6.3; WOW64) AppleWebKit/537.36 (KHTML, like Gecko) Chrome/36.0.1985.143 Safari/537.36"
74.252.102.2 - - [23/Oct/2014:09:59:56 -0400] "GET / HTTP/1.1" 301 244 "https://www.google.com/" "Mozilla/5.0 (Windows NT 6.1; WOW64) AppleWebKit/537.36 (KHTML, like Gecko) Chrome/38.0.2125.104 Safari/537.36"
74.252.102.2 - - [23/Oct/2014:09:59:56 -0400] "GET /wordpress1/ HTTP/1.1" 301 - "https://www.google.com/" "Mozilla/5.0 (Windows NT 6.1; WOW64) AppleWebKit/537.36 (KHTML, like Gecko) Chrome/38.0.2125.104 Safari/537.36"
74.252.102.2 - - [23/Oct/2014:09:59:56 -0400] "GET /wordpress1/ HTTP/1.1" 200 63517 "https://www.google.com/" "Mozilla/5.0 (Windows NT 6.1; WOW64) AppleWebKit/537.36 (KHTML, like Gecko) Chrome/38.0.2125.104 Safari/537.36"
66.249.65.110 - - [23/Oct/2014:10:00:56 -0400] "GET /wordpress1/about-htm/?month=jun&yr=2023 HTTP/1.1" 200 59576 "-" "Mozilla/5.0 (compatible; Googlebot/2.1; +http://www.google.com/bot.html)"
66.249.65.110 - - [23/Oct/2014:10:07:34 -0400] "GET /wordpress1/about-htm/?month=may&yr=2023 HTTP/1.1" 200 59591 "-" "Mozilla/5.0 (compatible; Googlebot/2.1; +http://www.google.com/bot.html)"
46.118.153.215 - - [23/Oct/2014:10:26:02 -0400] "GET /wordpress1/guestbook/guestbook-archives/ HTTP/1.0" 200 75964 "http://jodyyoung.com/wordpress1/guestbook/guestbook-archives/" "Mozilla/5.0 (Windows NT 6.1; WOW64) AppleWebKit/537.36 (KHTML, like Gecko) Chrome/36.0.1985.143 Safari/537.36 OPR/23.0.1522.77 (Edition Campaign 37)"
46.118.153.215 - - [23/Oct/2014:10:26:06 -0400] "POST /wordpress1/wp-comments-post.php HTTP/1.0" 500 2984 "http://jodyyoung.com/wordpress1/guestbook/guestbook-archives/" "Mozilla/5.0 (Windows NT 6.1; WOW64) AppleWebKit/537.36 (KHTML, like Gecko) Chrome/36.0.1985.143 Safari/537.36 OPR/23.0.1522.77 (Edition Campaign 37)"
66.249.65.110 - - [23/Oct/2014:10:37:30 -0400] "GET /wordpress1/about-htm/?month=dec&yr=2022 HTTP/1.1" 200 59611 "-" "Mozilla/5.0 (compatible; Googlebot/2.1; +http://www.google.com/bot.html)"
66.249.65.110 - - [23/Oct/2014:10:47:46 -0400] "GET /wordpress1/about-htm/?month=oct&yr=2022 HTTP/1.1" 200 60048 "-" "Mozilla/5.0 (compatible; Googlebot/2.1; +http://www.google.com/bot.html)"
66.249.65.18 - - [23/Oct/2014:10:57:03 -0400] "GET /wordpress1/about-htm/?month=aug&yr=2022 HTTP/1.1" 200 59595 "-" "Mozilla/5.0 (compatible; Googlebot/2.1; +http://www.google.com/bot.html)"
66.249.65.110 - - [23/Oct/2014:11:02:34 -0400] "GET /wordpress1/wp-content/ata-images/jody-tvl.ico HTTP/1.1" 304 - "-" "Googlebot-Image/1.0"
66.249.65.110 - - [23/Oct/2014:11:02:48 -0400] "GET /wordpress1/about-htm/?month=jul&yr=2022 HTTP/1.1" 200 60044 "-" "Mozilla/5.0 (compatible; Googlebot/2.1; +http://www.google.com/bot.html)"
66.249.65.110 - - [23/Oct/2014:11:03:38 -0400] "GET /wordpress1/wp-content/uploads/2012/10/P5210108ao-300x225.jpg HTTP/1.1" 304 - "-" "Googlebot-Image/1.0"
38.72.114.141 - - [23/Oct/2014:11:12:33 -0400] "GET / HTTP/1.1" 301 240 "-" "Apache-HttpClient/4.3.3 (java 1.5)"
66.249.65.110 - - [23/Oct/2014:11:25:52 -0400] "GET /wordpress1/about-htm/?month=feb&yr=2022 HTTP/1.1" 200 59551 "-" "Mozilla/5.0 (compatible; Googlebot/2.1; +http://www.google.com/bot.html)"
66.249.90.80 - - [23/Oct/2014:11:32:54 -0400] "GET /wordpress1/comments/feed/ HTTP/1.1" 200 5165 "-" "Feedfetcher-Google; (+http://www.google.com/feedfetcher.html; 1 subscribers; feed-id=8917805572480071123)"
66.249.65.110 - - [23/Oct/2014:11:35:44 -0400] "GET /wordpress1/about-htm/?month=dec&yr=2021 HTTP/1.1" 200 59596 "-" "Mozilla/5.0 (compatible; Googlebot/2.1; +http://www.google.com/bot.html)"
74.94.242.233 - - [23/Oct/2014:11:40:02 -0400] "GET /wordpress1/wp-content/flagallery/alaska-photos/p8240215ao.jpg HTTP/1.1" 200 396551 "https://www.google.com/" "Mozilla/5.0 (Windows NT 6.1; WOW64) AppleWebKit/537.36 (KHTML, like Gecko) Chrome/38.0.2125.104 Safari/537.36"
66.249.65.110 - - [23/Oct/2014:11:47:36 -0400] "GET /wordpress1/about-htm/?month=oct&yr=2021 HTTP/1.1" 200 60048 "-" "Mozilla/5.0 (compatible; Googlebot/2.1; +http://www.google.com/bot.html)"
66.249.65.110 - - [23/Oct/2014:12:00:55 -0400] "GET /wordpress1/about-htm/?month=jul&yr=2021 HTTP/1.1" 200 59607 "-" "Mozilla/5.0 (compatible; Googlebot/2.1; +http://www.google.com/bot.html)"
66.249.65.110 - - [23/Oct/2014:12:15:57 -0400] "GET /wordpress1/about-htm/?month=apr&yr=2021 HTTP/1.1" 200 59578 "-" "Mozilla/5.0 (compatible; Googlebot/2.1; +http://www.google.com/bot.html)"
66.249.65.110 - - [23/Oct/2014:12:22:53 -0400] "GET /wordpress1/about-htm/?month=mar&yr=2021 HTTP/1.1" 200 59593 "-" "Mozilla/5.0 (compatible; Googlebot/2.1; +http://www.google.com/bot.html)"
183.252.52.31 - - [23/Oct/2014:12:24:43 -0400] "GET /wordpress1/guestbook/ HTTP/1.0" 200 64575 "http://jodyyoung.com/wordpress1/guestbook/" "Mozilla/5.0 (Windows NT 6.3; WOW64) AppleWebKit/537.36 (KHTML, like Gecko) Chrome/35.0.1916.153 YaBrowser/14.7.1916.15705 Safari/537.36"
183.252.52.31 - - [23/Oct/2014:12:24:53 -0400] "POST /wordpress1/wp-comments-post.php HTTP/1.0" 500 3094 "http://jodyyoung.com/wordpress1/guestbook/" "Mozilla/5.0 (Windows NT 6.3; WOW64) AppleWebKit/537.36 (KHTML, like Gecko) Chrome/35.0.1916.153 YaBrowser/14.7.1916.15705 Safari/537.36"
180.76.6.16 - - [23/Oct/2014:12:42:31 -0400] "GET /wordpress1/ HTTP/1.1" 200 62879 "-" "Mozilla/5.0 (compatible; Baiduspider/2.0; +http://www.baidu.com/search/spider.html)"
62.210.84.109 - - [23/Oct/2014:12:42:47 -0400] "GET /wordpress1/our-guides/ HTTP/1.1" 200 67014 "-" "Mozilla/4.0 (compatible; MSIE 6.0; Windows NT 5.1)"
207.190.179.254 - - [23/Oct/2014:12:42:51 -0400] "GET /wordpress1/wp-content/flagallery/alaska-photos/p8240235ao.jpg HTTP/1.1" 200 360972 "http://www.google.com/blank.html" "Mozilla/5.0 (X11; CrOS x86_64 6158.64.0) AppleWebKit/537.36 (KHTML, like Gecko) Chrome/38.0.2125.108 Safari/537.36"
66.249.67.62 - - [23/Oct/2014:13:05:48 -0400] "GET /wordpress1/about-htm/?month=jul&yr=2020 HTTP/1.1" 200 59592 "-" "Mozilla/5.0 (compatible; Googlebot/2.1; +http://www.google.com/bot.html)"
66.249.65.110 - - [23/Oct/2014:13:15:40 -0400] "GET /wordpress1/about-htm/?month=may&yr=2020 HTTP/1.1" 200 60043 "-" "Mozilla/5.0 (compatible; Googlebot/2.1; +http://www.google.com/bot.html)"
66.249.65.110 - - [23/Oct/2014:13:20:33 -0400] "GET /wordpress1/about-htm/?month=apr&yr=2020 HTTP/1.1" 200 59578 "-" "Mozilla/5.0 (compatible; Googlebot/2.1; +http://www.google.com/bot.html)"
188.165.15.224 - - [23/Oct/2014:13:22:38 -0400] "GET /wordpress1/connections/?month=aug&yr=2014 HTTP/1.1" 200 69226 "-" "Mozilla/5.0 (compatible; AhrefsBot/5.0; +http://ahrefs.com/robot/)"
208.115.111.69 - - [23/Oct/2014:13:23:16 -0400] "GET /wordpress1/2013/03/30/death-valley/?month=jun&yr=2014 HTTP/1.1" 200 61283 "-" "Mozilla/5.0 (compatible; DotBot/1.1; http://www.opensiteexplorer.org/dotbot, help@moz.com)"
208.115.111.69 - - [23/Oct/2014:13:23:18 -0400] "GET /wordpress1/2014/02/19/its-february-and-days-are-getting-longer/?month=aug&yr=2014 HTTP/1.1" 200 67728 "-" "Mozilla/5.0 (compatible; DotBot/1.1; http://www.opensiteexplorer.org/dotbot, help@moz.com)"
66.249.65.110 - - [23/Oct/2014:13:30:23 -0400] "GET /wordpress1/about-htm/?month=feb&yr=2020 HTTP/1.1" 200 59581 "-" "Mozilla/5.0 (compatible; Googlebot/2.1; +http://www.google.com/bot.html)"
66.249.65.110 - - [23/Oct/2014:13:32:11 -0400] "GET /wordpress1/2013/04/13/arches-canyonlands/?month=apr&yr=1987 HTTP/1.1" 200 61081 "-" "Mozilla/5.0 (compatible; Googlebot/2.1; +http://www.google.com/bot.html)"
66.249.65.110 - - [23/Oct/2014:13:40:54 -0400] "GET /wordpress1/about-htm/?month=dec&yr=2019 HTTP/1.1" 200 59611 "-" "Mozilla/5.0 (compatible; Googlebot/2.1; +http://www.google.com/bot.html)"
66.249.65.110 - - [23/Oct/2014:13:45:17 -0400] "GET /wordpress1/about-htm/?month=nov&yr=2019 HTTP/1.1" 200 59596 "-" "Mozilla/5.0 (compatible; Googlebot/2.1; +http://www.google.com/bot.html)"
66.249.65.110 - - [23/Oct/2014:13:50:42 -0400] "GET /wordpress1/about-htm/?month=oct&yr=2019 HTTP/1.1" 200 59596 "-" "Mozilla/5.0 (compatible; Googlebot/2.1; +http://www.google.com/bot.html)"
66.249.65.110 - - [23/Oct/2014:14:00:40 -0400] "GET /wordpress1/about-htm/?month=aug&yr=2019 HTTP/1.1" 200 59610 "-" "Mozilla/5.0 (compatible; Googlebot/2.1; +http://www.google.com/bot.html)"
66.249.65.110 - - [23/Oct/2014:14:15:15 -0400] "GET /wordpress1/about-htm/?month=may&yr=2019 HTTP/1.1" 200 59591 "-" "Mozilla/5.0 (compatible; Googlebot/2.1; +http://www.google.com/bot.html)"
199.15.233.165 - - [23/Oct/2014:14:17:03 -0400] "GET /wordpress1/guestbook/guestbook-archives/ HTTP/1.0" 200 75964 "http://jodyyoung.com/wordpress1/guestbook/guestbook-archives/" "Mozilla/5.0 (Windows NT 6.1; WOW64; rv:31.0) Gecko/20100101 Firefox/31.0"
199.15.233.165 - - [23/Oct/2014:14:17:07 -0400] "POST /wordpress1/wp-comments-post.php HTTP/1.0" 500 3098 "http://jodyyoung.com/wordpress1/guestbook/guestbook-archives/" "Mozilla/5.0 (Windows NT 6.1; WOW64; rv:31.0) Gecko/20100101 Firefox/31.0"
66.249.65.110 - - [23/Oct/2014:14:23:31 -0400] "GET /wordpress1/gallery/ HTTP/1.1" 200 87382 "-" "Mozilla/5.0 (compatible; Googlebot/2.1; +http://www.google.com/bot.html)"
66.249.65.110 - - [23/Oct/2014:14:31:02 -0400] "GET /wordpress1/about-htm/?month=feb&yr=2019 HTTP/1.1" 200 59551 "-" "Mozilla/5.0 (compatible; Googlebot/2.1; +http://www.google.com/bot.html)"
66.249.65.110 - - [23/Oct/2014:14:40:22 -0400] "GET /wordpress1/about-htm/?month=dec&yr=2018 HTTP/1.1" 200 60048 "-" "Mozilla/5.0 (compatible; Googlebot/2.1; +http://www.google.com/bot.html)"
66.249.65.110 - - [23/Oct/2014:14:55:42 -0400] "GET /wordpress1/about-htm/?month=sept&yr=2018 HTTP/1.1" 200 60034 "-" "Mozilla/5.0 (compatible; Googlebot/2.1; +http://www.google.com/bot.html)"
66.249.65.110 - - [23/Oct/2014:15:00:17 -0400] "GET /wordpress1/about-htm/?month=aug&yr=2018 HTTP/1.1" 200 59595 "-" "Mozilla/5.0 (compatible; Googlebot/2.1; +http://www.google.com/bot.html)"
199.15.233.182 - - [23/Oct/2014:15:31:13 -0400] "GET /wordpress1/guestbook/guestbook-archives/ HTTP/1.0" 200 75964 "http://jodyyoung.com/wordpress1/guestbook/guestbook-archives/" "Mozilla/5.0 (Windows NT 6.1) AppleWebKit/537.36 (KHTML, like Gecko) Chrome/36.0.1985.143 Safari/537.36"
199.15.233.182 - - [23/Oct/2014:15:31:20 -0400] "POST /wordpress1/wp-comments-post.php HTTP/1.0" 500 3102 "http://jodyyoung.com/wordpress1/guestbook/guestbook-archives/" "Mozilla/5.0 (Windows NT 6.1) AppleWebKit/537.36 (KHTML, like Gecko) Chrome/36.0.1985.143 Safari/537.36"
199.15.233.182 - - [23/Oct/2014:15:31:20 -0400] "GET /wordpress1/guestbook/guestbook-archives/ HTTP/1.0" 200 75963 "http://jodyyoung.com/wordpress1/guestbook/guestbook-archives/" "Mozilla/5.0 (Windows NT 6.1) AppleWebKit/537.36 (KHTML, like Gecko) Chrome/36.0.1985.143 Safari/537.36"
66.249.65.152 - - [23/Oct/2014:15:32:22 -0400] "GET /robots.txt HTTP/1.1" 404 575 "-" "Mozilla/5.0 (compatible; Googlebot/2.1; +http://www.google.com/bot.html)"
66.249.65.152 - - [23/Oct/2014:15:32:22 -0400] "GET /wordpress1/ HTTP/1.1" 301 - "-" "Mozilla/5.0 (iPhone; CPU iPhone OS 6_0 like Mac OS X) AppleWebKit/536.26 (KHTML, like Gecko) Version/6.0 Mobile/10A5376e Safari/8536.25 (compatible; Googlebot/2.1; +http://www.google.com/bot.html)"
201.69.192.5 - - [23/Oct/2014:15:47:41 -0400] "GET / HTTP/1.1" 301 240 "-" "Mozilla/5.0 (compatible; Googlebot/2.1; +http://www.google.com/bot.html)"
201.69.192.5 - - [23/Oct/2014:15:47:42 -0400] "GET /wordpress1/ HTTP/1.1" 200 62879 "-" "Mozilla/5.0 (compatible; Googlebot/2.1; +http://www.google.com/bot.html)"
193.201.224.28 - - [23/Oct/2014:16:01:30 -0400] "GET /wordpress1/guestbook/guestbook-archives/ HTTP/1.0" 200 75964 "http://jodyyoung.com/wordpress1/guestbook/guestbook-archives/" "Mozilla/5.0 (Windows NT 6.1) AppleWebKit/537.36 (KHTML, like Gecko) Chrome/36.0.1985.143 Safari/537.36"
193.201.224.28 - - [23/Oct/2014:16:01:33 -0400] "POST /wordpress1/wp-comments-post.php HTTP/1.0" 500 3096 "http://jodyyoung.com/wordpress1/guestbook/guestbook-archives/" "Mozilla/5.0 (Windows NT 6.1) AppleWebKit/537.36 (KHTML, like Gecko) Chrome/36.0.1985.143 Safari/537.36"
66.249.65.110 - - [23/Oct/2014:16:04:22 -0400] "GET /wordpress1/wp-content/flagallery/jodys-world/thumbs/thumbs_p5220144ao.jpg HTTP/1.1" 304 - "-" "Googlebot-Image/1.0"
193.201.224.32 - - [23/Oct/2014:16:08:00 -0400] "GET /wordpress1/2013/03/30/death-valley/ HTTP/1.0" 200 64491 "http://jodyyoung.com/wordpress1/2013/03/30/death-valley/" "Mozilla/5.0 (Windows NT 6.3; WOW64) AppleWebKit/537.36 (KHTML, like Gecko) Chrome/36.0.1985.143 Safari/537.36"
66.249.65.110 - - [23/Oct/2014:16:27:06 -0400] "GET /wordpress1/lake-powell-hiking-kayaking/ HTTP/1.1" 200 70251 "-" "Mozilla/5.0 (compatible; Googlebot/2.1; +http://www.google.com/bot.html)"
46.4.253.147 - - [23/Oct/2014:16:59:36 -0400] "GET /wordpress1/guestbook/guestbook-archives/ HTTP/1.1" 200 75960 "http://jodyyoung.com/" "Mozilla/5.0 (Windows NT 6.2; WOW64; rv:21.0) Gecko/20100101 Firefox/21.0"
46.4.253.147 - - [23/Oct/2014:16:59:39 -0400] "GET /wordpress1/wp-login.php HTTP/1.1" 200 3247 "http://jodyyoung.com/" "Mozilla/5.0 (Windows NT 6.2; WOW64; rv:21.0) Gecko/20100101 Firefox/21.0"
46.4.253.147 - - [23/Oct/2014:16:59:40 -0400] "GET /wordpress1/wp-login.php?action=register HTTP/1.1" 302 - "http://jodyyoung.com/wordpress1/wp-login.php" "Mozilla/5.0 (Windows NT 6.2; WOW64; rv:21.0) Gecko/20100101 Firefox/21.0"
46.4.253.147 - - [23/Oct/2014:16:59:40 -0400] "GET /wordpress1/wp-login.php?registration=disabled HTTP/1.1" 200 3307 "http://jodyyoung.com/wordpress1/wp-login.php" "Mozilla/5.0 (Windows NT 6.2; WOW64; rv:21.0) Gecko/20100101 Firefox/21.0"
188.165.15.212 - - [23/Oct/2014:17:00:23 -0400] "GET /shariki=1498 HTTP/1.1" 404 575 "-" "Mozilla/5.0 (compatible; AhrefsBot/5.0; +http://ahrefs.com/robot/)"
199.15.233.182 - - [23/Oct/2014:17:27:30 -0400] "GET /wordpress1/guestbook/guestbook-archives/ HTTP/1.0" 200 75964 "http://jodyyoung.com/wordpress1/guestbook/guestbook-archives/" "Mozilla/5.0 (Windows NT 6.1; WOW64; rv:31.0) Gecko/20100101 Firefox/31.0"
199.15.233.182 - - [23/Oct/2014:17:27:36 -0400] "POST /wordpress1/wp-comments-post.php HTTP/1.0" 500 3102 "http://jodyyoung.com/wordpress1/guestbook/guestbook-archives/" "Mozilla/5.0 (Windows NT 6.1; WOW64; rv:31.0) Gecko/20100101 Firefox/31.0"
199.15.233.182 - - [23/Oct/2014:17:27:37 -0400] "GET /wordpress1/guestbook/guestbook-archives/ HTTP/1.0" 200 75964 "http://jodyyoung.com/wordpress1/guestbook/guestbook-archives/" "Mozilla/5.0 (Windows NT 6.1; WOW64; rv:31.0) Gecko/20100101 Firefox/31.0"
183.60.214.7 - - [23/Oct/2014:17:35:40 -0400] "GET /wordpress1/gallery/?month=sept&yr=2014 HTTP/1.1" 200 87604 "-" "Mozilla/5.0 (compatible; EasouSpider; +http://www.easou.com/search/spider.html)"
183.60.212.157 - - [23/Oct/2014:17:42:11 -0400] "GET /wordpress1/our-guides/?month=dec&yr=2014 HTTP/1.1" 200 63791 "-" "Mozilla/5.0 (compatible; EasouSpider; +http://www.easou.com/search/spider.html)"
180.76.5.194 - - [23/Oct/2014:18:20:03 -0400] "GET /wordpress1/2014/05/27/spring-colors/?month=jul&yr=2015 HTTP/1.1" 301 - "-" "Mozilla/5.0 (compatible; Baiduspider/2.0; +http://www.baidu.com/search/spider.html)"
180.76.6.48 - - [23/Oct/2014:19:07:56 -0400] "GET /wordpress1/2014/05/27/spring-colors/?month=jun&yr=2015 HTTP/1.1" 301 - "-" "Mozilla/5.0 (compatible; Baiduspider/2.0; +http://www.baidu.com/search/spider.html)"
193.201.224.32 - - [23/Oct/2014:19:17:41 -0400] "GET /wordpress1/guestbook/guestbook-archives/ HTTP/1.0" 200 75964 "http://jodyyoung.com/wordpress1/guestbook/guestbook-archives/" "Mozilla/5.0 (Windows NT 6.1; WOW64) AppleWebKit/537.36 (KHTML, like Gecko) Chrome/37.0.2062.102 Safari/537.36"
193.201.224.32 - - [23/Oct/2014:19:17:48 -0400] "POST /wordpress1/wp-comments-post.php HTTP/1.0" 500 3103 "http://jodyyoung.com/wordpress1/guestbook/guestbook-archives/" "Mozilla/5.0 (Windows NT 6.1; WOW64) AppleWebKit/537.36 (KHTML, like Gecko) Chrome/37.0.2062.102 Safari/537.36"
193.201.224.32 - - [23/Oct/2014:19:17:49 -0400] "GET /wordpress1/guestbook/guestbook-archives/ HTTP/1.0" 200 75963 "http://jodyyoung.com/wordpress1/guestbook/guestbook-archives/" "Mozilla/5.0 (Windows NT 6.1; WOW64) AppleWebKit/537.36 (KHTML, like Gecko) Chrome/37.0.2062.102 Safari/537.36"
61.135.190.223 - - [23/Oct/2014:19:33:02 -0400] "GET / HTTP/1.1" 200 6612 "http://www.baidu.com/s?wd=JodyYoungAdventureTravelHomePage" "Mozilla/5.0 (Windows; U; Windows NT 5.1; zh-CN; rv:1.9.2.15) Gecko/20110303 Firefox/3.6.15"
61.135.190.223 - - [23/Oct/2014:19:33:02 -0400] "GET /scripts/user.js HTTP/1.1" 200 13146 "http://www.campalaska.com/" "Mozilla/5.0 (Windows; U; Windows NT 5.1; zh-CN; rv:1.9.2.15) Gecko/20110303 Firefox/3.6.15"
78.85.223.231 - - [23/Oct/2014:19:59:19 -0400] "GET /wordpress1//wp-content/plugins/infusionsoft/readme.txt HTTP/1.1" 403 838 "-" "Mozila/4.0 (compatible; MSIE 6.0; Windows NT 5.1;)"
66.249.90.83 - - [23/Oct/2014:20:18:00 -0400] "GET /wordpress1/comments/feed/ HTTP/1.1" 200 5165 "-" "Feedfetcher-Google; (+http://www.google.com/feedfetcher.html; 1 subscribers; feed-id=8917805572480071123)"
66.249.65.152 - - [23/Oct/2014:20:25:17 -0400] "GET / HTTP/1.1" 200 6612 "-" "Mozilla/5.0 (compatible; Googlebot/2.1; +http://www.google.com/bot.html)"
66.249.65.110 - - [23/Oct/2014:21:10:22 -0400] "GET /wordpress1/2013/09/11/back-to-the-desert/ HTTP/1.1" 200 64322 "-" "Mozilla/5.0 (compatible; Googlebot/2.1; +http://www.google.com/bot.html)"
66.249.65.110 - - [23/Oct/2014:21:15:31 -0400] "GET /wordpress1/wp-content/themes/atahualpa/js/DD_roundies.js?ver=0.0.2a HTTP/1.1" 200 16853 "-" "Mozilla/5.0 (compatible; Googlebot/2.1; +http://www.google.com/bot.html)"
66.249.65.110 - - [23/Oct/2014:21:15:31 -0400] "GET /wordpress1/wp-content/plugins/flash-album-gallery/admin/js/swfobject.js?ver=2.2 HTTP/1.1" 200 11754 "-" "Mozilla/5.0 (compatible; Googlebot/2.1; +http://www.google.com/bot.html)"
66.249.65.110 - - [23/Oct/2014:21:15:31 -0400] "GET /wordpress1/wp-includes/js/jquery/jquery-migrate.min.js?ver=1.2.1 HTTP/1.1" 200 7200 "-" "Mozilla/5.0 (compatible; Googlebot/2.1; +http://www.google.com/bot.html)"
66.249.65.110 - - [23/Oct/2014:21:15:32 -0400] "GET /wordpress1/wp-includes/js/comment-reply.min.js?ver=3.9.2 HTTP/1.1" 200 757 "-" "Mozilla/5.0 (compatible; Googlebot/2.1; +http://www.google.com/bot.html)"
66.249.65.110 - - [23/Oct/2014:21:15:33 -0400] "GET /wordpress1/wp-content/plugins/anti-spam/js/anti-spam.js?ver=2.1 HTTP/1.1" 200 1694 "-" "Mozilla/5.0 (compatible; Googlebot/2.1; +http://www.google.com/bot.html)"
180.76.5.166 - - [23/Oct/2014:21:45:37 -0400] "GET /shariki=1561 HTTP/1.1" 404 575 "-" "Mozilla/5.0 (compatible; Baiduspider/2.0; +http://www.baidu.com/search/spider.html)"
220.181.108.154 - - [23/Oct/2014:21:59:51 -0400] "GET / HTTP/1.1" 301 240 "-" "Mozilla/5.0 (compatible; Baiduspider/2.0; +http://www.baidu.com/search/spider.html)"
220.181.108.186 - - [23/Oct/2014:21:59:52 -0400] "GET /wordpress1/ HTTP/1.1" 200 62879 "-" "Mozilla/5.0 (compatible; Baiduspider/2.0; +http://www.baidu.com/search/spider.html)"
180.76.5.95 - - [23/Oct/2014:22:00:37 -0400] "GET / HTTP/1.1" 301 244 "-" "Mozilla/5.0 (compatible; Baiduspider/2.0; +http://www.baidu.com/search/spider.html)"
199.15.233.176 - - [23/Oct/2014:22:46:30 -0400] "GET /wordpress1/guestbook/guestbook-archives/ HTTP/1.0" 200 75964 "http://jodyyoung.com/wordpress1/guestbook/guestbook-archives/" "Mozilla/5.0 (Windows NT 6.1; rv:31.0) Gecko/20100101 Firefox/31.0"
199.15.233.176 - - [23/Oct/2014:22:46:33 -0400] "POST /wordpress1/wp-comments-post.php HTTP/1.0" 500 3100 "http://jodyyoung.com/wordpress1/guestbook/guestbook-archives/" "Mozilla/5.0 (Windows NT 6.1; rv:31.0) Gecko/20100101 Firefox/31.0"
199.15.233.176 - - [23/Oct/2014:22:46:34 -0400] "GET /wordpress1/guestbook/guestbook-archives/ HTTP/1.0" 200 75963 "http://jodyyoung.com/wordpress1/guestbook/guestbook-archives/" "Mozilla/5.0 (Windows NT 6.1; rv:31.0) Gecko/20100101 Firefox/31.0"
180.76.5.168 - - [23/Oct/2014:22:54:38 -0400] "GET /shariki=2252 HTTP/1.1" 404 575 "-" "Mozilla/5.0 (compatible; Baiduspider/2.0; +http://www.baidu.com/search/spider.html)"
66.249.65.144 - - [23/Oct/2014:23:57:22 -0400] "GET / HTTP/1.1" 301 244 "-" "DoCoMo/2.0 N905i(c100;TB;W24H16) (compatible; Googlebot-Mobile/2.1; +http://www.google.com/bot.html)"
66.249.65.144 - - [23/Oct/2014:23:57:23 -0400] "GET /wordpress1/ HTTP/1.1" 301 - "-" "DoCoMo/2.0 N905i(c100;TB;W24H16) (compatible; Googlebot-Mobile/2.1; +http://www.google.com/bot.html)"
10.30.72.4 - - [23/Oct/2014:00:15:09 -0400] "GET /wordpress1/wp-mail.php HTTP/1.0" 500 2965 "-" "WordPress/3.9.2; http://jodyyoung.com/wordpress1"
10.30.72.4 - - [23/Oct/2014:00:15:13 -0400] "GET /wordpress1/wp-mail.php HTTP/1.0" 500 2965 "-" "WordPress/3.9.2; http://jodyyoung.com/wordpress1"
208.115.111.69 - - [23/Oct/2014:00:20:53 -0400] "GET /robots.txt HTTP/1.1" 404 575 "-" "Mozilla/5.0 (compatible; DotBot/1.1; http://www.opensiteexplorer.org/dotbot, help@moz.com)"
208.115.111.69 - - [23/Oct/2014:00:20:53 -0400] "GET /robots.txt HTTP/1.1" 404 575 "-" "Mozilla/5.0 (compatible; DotBot/1.1; http://www.opensiteexplorer.org/dotbot, help@moz.com)"
10.30.72.4 - - [23/Oct/2014:00:41:43 -0400] "GET /wordpress1/wp-mail.php HTTP/1.0" 500 2965 "-" "WordPress/3.9.2; http://jodyyoung.com/wordpress1"
10.30.72.4 - - [23/Oct/2014:00:41:46 -0400] "GET /wordpress1/wp-mail.php HTTP/1.0" 500 2965 "-" "WordPress/3.9.2; http://jodyyoung.com/wordpress1"
199.15.233.165 - - [23/Oct/2014:00:43:24 -0400] "GET /wordpress1/guestbook/guestbook-archives/ HTTP/1.0" 200 75963 "http://jodyyoung.com/wordpress1/guestbook/guestbook-archives/" "Mozilla/5.0 (Windows NT 6.2; WOW64) AppleWebKit/537.36 (KHTML, like Gecko) Chrome/36.0.1985.143 Safari/537.36"
199.15.233.165 - - [23/Oct/2014:00:43:29 -0400] "POST /wordpress1/wp-comments-post.php HTTP/1.0" 500 3105 "http://jodyyoung.com/wordpress1/guestbook/guestbook-archives/" "Mozilla/5.0 (Windows NT 6.2; WOW64) AppleWebKit/537.36 (KHTML, like Gecko) Chrome/36.0.1985.143 Safari/537.36"
199.15.233.165 - - [23/Oct/2014:00:51:49 -0400] "GET /wordpress1/guestbook/guestbook-archives/ HTTP/1.0" 200 75964 "http://jodyyoung.com/wordpress1/guestbook/guestbook-archives/" "Mozilla/5.0 (Windows NT 6.1) AppleWebKit/537.36 (KHTML, like Gecko) Chrome/36.0.1985.143 Safari/537.36"
199.15.233.165 - - [23/Oct/2014:00:51:52 -0400] "POST /wordpress1/wp-comments-post.php HTTP/1.0" 500 3099 "http://jodyyoung.com/wordpress1/guestbook/guestbook-archives/" "Mozilla/5.0 (Windows NT 6.1) AppleWebKit/537.36 (KHTML, like Gecko) Chrome/36.0.1985.143 Safari/537.36"
220.181.108.94 - - [23/Oct/2014:00:53:53 -0400] "GET /311/images/slogan.jpg HTTP/1.1" 200 11317 "http://image.baidu.com/i?ct=503316480&z=0&tn=baiduimagedetail" "Baiduspider-image+(+http://www.baidu.com/search/spider.htm)"
207.46.13.138 - - [23/Oct/2014:01:21:24 -0400] "GET /robots.txt HTTP/1.1" 404 575 "-" "Mozilla/5.0 (compatible; bingbot/2.0; +http://www.bing.com/bingbot.htm)"
208.115.111.69 - - [23/Oct/2014:01:23:09 -0400] "GET /shariki=1133 HTTP/1.1" 404 575 "-" "Mozilla/5.0 (compatible; DotBot/1.1; http://www.opensiteexplorer.org/dotbot, help@moz.com)"
10.30.72.4 - - [23/Oct/2014:01:28:47 -0400] "GET /wordpress1/wp-mail.php HTTP/1.0" 500 2965 "-" "WordPress/3.9.2; http://jodyyoung.com/wordpress1"
208.115.111.69 - - [23/Oct/2014:01:28:43 -0400] "GET /wordpress1/2013/08/31/alaska-summers/?month=jun&yr=2014 HTTP/1.1" 200 64401 "-" "Mozilla/5.0 (compatible; DotBot/1.1; http://www.opensiteexplorer.org/dotbot, help@moz.com)"
183.60.212.157 - - [23/Oct/2014:01:40:32 -0400] "GET /wordpress1/guestbook/?month=dec&yr=2014 HTTP/1.1" 200 61373 "-" "Mozilla/5.0 (compatible; EasouSpider; +http://www.easou.com/search/spider.html)"
193.150.120.24 - - [23/Oct/2014:01:47:23 -0400] "GET /wordpress1/guestbook/guestbook-archives/ HTTP/1.0" 200 75964 "http://jodyyoung.com/wordpress1/guestbook/guestbook-archives/" "Mozilla/4.0 (compatible; MSIE 6.0; Windows NT 5.0)"
193.150.120.24 - - [23/Oct/2014:01:47:29 -0400] "POST /wordpress1/wp-comments-post.php HTTP/1.0" 500 3093 "http://jodyyoung.com/wordpress1/guestbook/guestbook-archives/" "Mozilla/4.0 (compatible; MSIE 6.0; Windows NT 5.0)"
10.30.72.4 - - [23/Oct/2014:01:47:29 -0400] "GET /wordpress1/wp-mail.php HTTP/1.0" 500 2965 "-" "WordPress/3.9.2; http://jodyyoung.com/wordpress1"
10.30.72.4 - - [23/Oct/2014:01:47:25 -0400] "GET /wordpress1/wp-mail.php HTTP/1.0" 500 2965 "-" "WordPress/3.9.2; http://jodyyoung.com/wordpress1"
10.30.72.4 - - [23/Oct/2014:01:57:28 -0400] "POST /wordpress1/wp-cron.php?doing_wp_cron=1414043848.1618900299072265625000 HTTP/1.0" 200 - "-" "WordPress/3.9.2; http://jodyyoung.com/wordpress1"
10.30.72.4 - - [23/Oct/2014:02:03:25 -0400] "GET /wordpress1/wp-mail.php HTTP/1.0" 500 2965 "-" "WordPress/3.9.2; http://jodyyoung.com/wordpress1"
10.30.72.4 - - [23/Oct/2014:02:03:28 -0400] "GET /wordpress1/wp-mail.php HTTP/1.0" 500 2965 "-" "WordPress/3.9.2; http://jodyyoung.com/wordpress1"
188.165.15.119 - - [23/Oct/2014:02:05:11 -0400] "GET /wordpress1/lake-powell-hiking-kayaking/?month=nov&yr=2014 HTTP/1.1" 200 68103 "-" "Mozilla/5.0 (compatible; AhrefsBot/5.0; +http://ahrefs.com/robot/)"
37.187.235.195 - - [23/Oct/2014:02:10:39 -0400] "GET / HTTP/1.1" 301 244 "-" "Mozilla/5.0 (compatible; Googlebot/2.1; +http://www.google.com/bot.html)"
37.187.235.195 - - [23/Oct/2014:02:10:40 -0400] "GET /wordpress1/ HTTP/1.1" 301 - "-" "Mozilla/5.0 (compatible; Googlebot/2.1; +http://www.google.com/bot.html)"
37.187.235.195 - - [23/Oct/2014:02:10:40 -0400] "GET /wordpress1/ HTTP/1.1" 200 62879 "-" "Mozilla/5.0 (compatible; Googlebot/2.1; +http://www.google.com/bot.html)"
208.115.113.85 - - [23/Oct/2014:02:20:31 -0400] "GET /robots.txt HTTP/1.1" 404 575 "-" "Mozilla/5.0 (compatible; DotBot/1.1; http://www.opensiteexplorer.org/dotbot, help@moz.com)"
193.201.224.32 - - [23/Oct/2014:03:00:31 -0400] "GET /wordpress1/2013/10/04/parks-closed/ HTTP/1.0" 200 65059 "http://jodyyoung.com/wordpress1/2013/10/04/parks-closed/" "Mozilla/5.0 (Windows NT 6.1) AppleWebKit/537.36 (KHTML, like Gecko) Chrome/36.0.1985.143 Safari/537.36 OPR/23.0.1522.77"
10.30.72.4 - - [23/Oct/2014:03:00:37 -0400] "GET /wordpress1/wp-mail.php HTTP/1.0" 500 2965 "-" "WordPress/3.9.2; http://jodyyoung.com/wordpress1"
10.30.72.4 - - [23/Oct/2014:03:00:33 -0400] "GET /wordpress1/wp-mail.php HTTP/1.0" 500 2965 "-" "WordPress/3.9.2; http://jodyyoung.com/wordpress1"
193.201.224.32 - - [23/Oct/2014:03:00:38 -0400] "POST /wordpress1/wp-comments-post.php HTTP/1.0" 500 3099 "http://jodyyoung.com/wordpress1/2013/10/04/parks-closed/" "Mozilla/5.0 (Windows NT 6.1) AppleWebKit/537.36 (KHTML, like Gecko) Chrome/36.0.1985.143 Safari/537.36 OPR/23.0.1522.77"
193.201.224.32 - - [23/Oct/2014:03:00:40 -0400] "GET /wordpress1/2013/10/04/parks-closed/ HTTP/1.0" 200 65058 "http://jodyyoung.com/wordpress1/2013/10/04/parks-closed/" "Mozilla/5.0 (Windows NT 6.1) AppleWebKit/537.36 (KHTML, like Gecko) Chrome/36.0.1985.143 Safari/537.36 OPR/23.0.1522.77"
193.201.224.32 - - [23/Oct/2014:03:03:20 -0400] "GET /wordpress1/2012/10/25/new-web-site/ HTTP/1.0" 200 66563 "http://jodyyoung.com/wordpress1/2012/10/25/new-web-site/" "Mozilla/5.0 (Windows NT 6.3; WOW64; rv:31.0) Gecko/20100101 Firefox/31.0"
193.201.224.32 - - [23/Oct/2014:03:03:20 -0400] "GET /wordpress1/2013/09/11/back-to-the-desert/ HTTP/1.0" 200 64965 "http://jodyyoung.com/wordpress1/2013/09/11/back-to-the-desert/" "Mozilla/5.0 (Windows NT 6.1; rv:31.0) Gecko/20100101 Firefox/31.0"
193.201.224.32 - - [23/Oct/2014:03:03:20 -0400] "GET /wordpress1/2013/08/31/alaska-summers/ HTTP/1.0" 200 67554 "http://jodyyoung.com/wordpress1/2013/08/31/alaska-summers/" "Mozilla/5.0 (Windows NT 6.1) AppleWebKit/537.36 (KHTML, like Gecko) Chrome/36.0.1985.143 Safari/537.36 OPR/23.0.1522.77"
