193.201.224.32 - - [23/Oct/2014:03:03:21 -0400] "GET /wordpress1/2013/04/13/arches-canyonlands/ HTTP/1.0" 200 64947 "http://jodyyoung.com/wordpress1/2013/04/13/arches-canyonlands/" "Mozilla/5.0 (Windows NT 6.3; WOW64) AppleWebKit/537.36 (KHTML, like Gecko) Chrome/36.0.1985.143 Safari/537.36"
193.201.224.32 - - [23/Oct/2014:03:03:20 -0400] "GET /wordpress1/2013/05/09/more-desert-fun/ HTTP/1.0" 200 64832 "http://jodyyoung.com/wordpress1/2013/05/09/more-desert-fun/" "Mozilla/5.0 (Windows NT 6.0) AppleWebKit/537.36 (KHTML, like Gecko) Chrome/36.0.1985.143 Safari/537.36"
193.201.224.32 - - [23/Oct/2014:03:03:21 -0400] "GET /wordpress1/gallery/ HTTP/1.0" 200 90300 "http://jodyyoung.com/wordpress1/gallery/" "Mozilla/5.0 (Windows NT 6.1; WOW64) AppleWebKit/537.36 (KHTML, like Gecko) Chrome/35.0.1916.153 YaBrowser/14.7.1916.15705 Safari/537.36"
193.201.224.32 - - [23/Oct/2014:03:03:21 -0400] "POST /wordpress1/wp-comments-post.php HTTP/1.0" 500 3101 "http://jodyyoung.com/wordpress1/2012/10/25/new-web-site/" "Mozilla/5.0 (Windows NT 6.3; WOW64; rv:31.0) Gecko/20100101 Firefox/31.0"
193.201.224.32 - - [23/Oct/2014:03:03:23 -0400] "GET /wordpress1/2012/10/25/new-web-site/ HTTP/1.0" 200 66563 "http://jodyyoung.com/wordpress1/2012/10/25/new-web-site/" "Mozilla/5.0 (Windows NT 6.3; WOW64; rv:31.0) Gecko/20100101 Firefox/31.0"
193.201.224.32 - - [23/Oct/2014:03:03:23 -0400] "POST /wordpress1/wp-comments-post.php HTTP/1.0" 500 3102 "http://jodyyoung.com/wordpress1/2013/04/13/arches-canyonlands/" "Mozilla/5.0 (Windows NT 6.3; WOW64) AppleWebKit/537.36 (KHTML, like Gecko) Chrome/36.0.1985.143 Safari/537.36"
193.201.224.32 - - [23/Oct/2014:03:03:23 -0400] "POST /wordpress1/wp-comments-post.php HTTP/1.0" 500 3102 "http://jodyyoung.com/wordpress1/2013/08/31/alaska-summers/" "Mozilla/5.0 (Windows NT 6.1) AppleWebKit/537.36 (KHTML, like Gecko) Chrome/36.0.1985.143 Safari/537.36 OPR/23.0.1522.77"
193.201.224.32 - - [23/Oct/2014:03:03:23 -0400] "POST /wordpress1/wp-comments-post.php HTTP/1.0" 500 3100 "http://jodyyoung.com/wordpress1/2013/09/11/back-to-the-desert/" "Mozilla/5.0 (Windows NT 6.1; rv:31.0) Gecko/20100101 Firefox/31.0"
193.201.224.32 - - [23/Oct/2014:03:03:23 -0400] "POST /wordpress1/wp-comments-post.php HTTP/1.0" 500 3101 "http://jodyyoung.com/wordpress1/2013/05/09/more-desert-fun/" "Mozilla/5.0 (Windows NT 6.0) AppleWebKit/537.36 (KHTML, like Gecko) Chrome/36.0.1985.143 Safari/537.36"
193.201.224.32 - - [23/Oct/2014:03:03:23 -0400] "POST /wordpress1/wp-comments-post.php HTTP/1.0" 500 3102 "http://jodyyoung.com/wordpress1/gallery/" "Mozilla/5.0 (Windows NT 6.1; WOW64) AppleWebKit/537.36 (KHTML, like Gecko) Chrome/35.0.1916.153 YaBrowser/14.7.1916.15705 Safari/537.36"
193.201.224.32 - - [23/Oct/2014:03:03:24 -0400] "GET /wordpress1/2013/04/13/arches-canyonlands/ HTTP/1.0" 200 64945 "http://jodyyoung.com/wordpress1/2013/04/13/arches-canyonlands/" "Mozilla/5.0 (Windows NT 6.3; WOW64) AppleWebKit/537.36 (KHTML, like Gecko) Chrome/36.0.1985.143 Safari/537.36"
193.201.224.32 - - [23/Oct/2014:03:03:24 -0400] "GET /wordpress1/2013/08/31/alaska-summers/ HTTP/1.0" 200 67552 "http://jodyyoung.com/wordpress1/2013/08/31/alaska-summers/" "Mozilla/5.0 (Windows NT 6.1) AppleWebKit/537.36 (KHTML, like Gecko) Chrome/36.0.1985.143 Safari/537.36 OPR/23.0.1522.77"
193.201.224.32 - - [23/Oct/2014:03:03:24 -0400] "GET /wordpress1/2013/09/11/back-to-the-desert/ HTTP/1.0" 200 64963 "http://jodyyoung.com/wordpress1/2013/09/11/back-to-the-desert/" "Mozilla/5.0 (Windows NT 6.1; rv:31.0) Gecko/20100101 Firefox/31.0"
193.201.224.32 - - [23/Oct/2014:03:03:24 -0400] "GET /wordpress1/2013/10/29/days-getting-shorter/ HTTP/1.0" 200 64936 "http://jodyyoung.com/wordpress1/2013/10/29/days-getting-shorter/" "Mozilla/5.0 (Windows NT 6.0) AppleWebKit/537.36 (KHTML, like Gecko) Chrome/36.0.1985.143 Safari/537.36"
193.201.224.32 - - [23/Oct/2014:03:03:24 -0400] "GET /wordpress1/2013/05/09/more-desert-fun/ HTTP/1.0" 200 64830 "http://jodyyoung.com/wordpress1/2013/05/09/more-desert-fun/" "Mozilla/5.0 (Windows NT 6.0) AppleWebKit/537.36 (KHTML, like Gecko) Chrome/36.0.1985.143 Safari/537.36"
193.201.224.32 - - [23/Oct/2014:03:03:24 -0400] "GET /wordpress1/gallery/ HTTP/1.0" 200 90300 "http://jodyyoung.com/wordpress1/gallery/" "Mozilla/5.0 (Windows NT 6.1; WOW64) AppleWebKit/537.36 (KHTML, like Gecko) Chrome/35.0.1916.153 YaBrowser/14.7.1916.15705 Safari/537.36"
193.201.224.32 - - [23/Oct/2014:03:03:42 -0400] "POST /wordpress1/wp-comments-post.php HTTP/1.0" 500 3101 "http://jodyyoung.com/wordpress1/2013/10/29/days-getting-shorter/" "Mozilla/5.0 (Windows NT 6.0) AppleWebKit/537.36 (KHTML, like Gecko) Chrome/36.0.1985.143 Safari/537.36"
193.201.224.32 - - [23/Oct/2014:03:03:43 -0400] "GET /wordpress1/2013/10/29/days-getting-shorter/ HTTP/1.0" 200 64937 "http://jodyyoung.com/wordpress1/2013/10/29/days-getting-shorter/" "Mozilla/5.0 (Windows NT 6.0) AppleWebKit/537.36 (KHTML, like Gecko) Chrome/36.0.1985.143 Safari/537.36"
183.60.213.62 - - [23/Oct/2014:03:12:00 -0400] "GET /wordpress1/guestbook/?month=jul&yr=2014 HTTP/1.1" 200 66079 "-" "Mozilla/5.0 (compatible; EasouSpider; +http://www.easou.com/search/spider.html)"
199.15.233.165 - - [23/Oct/2014:03:13:01 -0400] "GET /wordpress1/guestbook/guestbook-archives/ HTTP/1.0" 200 75963 "http://jodyyoung.com/wordpress1/guestbook/guestbook-archives/" "Mozilla/5.0 (Windows NT 6.1; WOW64) AppleWebKit/537.36 (KHTML, like Gecko) Chrome/36.0.1985.143 Safari/537.36"
199.15.233.165 - - [23/Oct/2014:03:13:03 -0400] "POST /wordpress1/wp-comments-post.php HTTP/1.0" 500 3105 "http://jodyyoung.com/wordpress1/guestbook/guestbook-archives/" "Mozilla/5.0 (Windows NT 6.1; WOW64) AppleWebKit/537.36 (KHTML, like Gecko) Chrome/36.0.1985.143 Safari/537.36"
66.249.65.106 - - [23/Oct/2014:03:24:23 -0400] "GET /wordpress1/2014/02/19/its-february-and-days-are-getting-longer/?month=apr&yr=2116 HTTP/1.1" 200 61258 "-" "Mozilla/5.0 (compatible; Googlebot/2.1; +http://www.google.com/bot.html)"
10.30.72.4 - - [23/Oct/2014:03:24:29 -0400] "GET /wordpress1/wp-mail.php HTTP/1.0" 500 2965 "-" "WordPress/3.9.2; http://jodyyoung.com/wordpress1"
10.30.72.4 - - [23/Oct/2014:03:24:24 -0400] "GET /wordpress1/wp-mail.php HTTP/1.0" 500 2965 "-" "WordPress/3.9.2; http://jodyyoung.com/wordpress1"
180.76.5.146 - - [23/Oct/2014:04:01:57 -0400] "GET /wordpress1/?p=60 HTTP/1.1" 301 - "-" "Mozilla/5.0 (compatible; Baiduspider/2.0; +http://www.baidu.com/search/spider.html)"
10.30.72.4 - - [23/Oct/2014:04:02:03 -0400] "GET /wordpress1/wp-mail.php HTTP/1.0" 500 2965 "-" "WordPress/3.9.2; http://jodyyoung.com/wordpress1"
10.30.72.4 - - [23/Oct/2014:04:02:01 -0400] "GET /wordpress1/wp-mail.php HTTP/1.0" 500 2965 "-" "WordPress/3.9.2; http://jodyyoung.com/wordpress1"
10.30.72.4 - - [23/Oct/2014:04:01:59 -0400] "GET /wordpress1/wp-mail.php HTTP/1.0" 500 2965 "-" "WordPress/3.9.2; http://jodyyoung.com/wordpress1"
49.183.250.156 - - [23/Oct/2014:04:12:47 -0400] "GET /wordpress1/wp-content/flagallery/alaska-photos/p8240215ao.jpg HTTP/1.1" 200 396551 "-" "Mozilla/5.0 (Macintosh; Intel Mac OS X 10_9_5) AppleWebKit/600.1.17 (KHTML, like Gecko) Version/7.1 Safari/537.85.10"
10.30.72.4 - - [23/Oct/2014:04:18:47 -0400] "GET /wordpress1/wp-mail.php HTTP/1.0" 500 2965 "-" "WordPress/3.9.2; http://jodyyoung.com/wordpress1"
10.30.72.4 - - [23/Oct/2014:04:18:44 -0400] "GET /wordpress1/wp-mail.php HTTP/1.0" 500 2965 "-" "WordPress/3.9.2; http://jodyyoung.com/wordpress1"
10.30.72.4 - - [23/Oct/2014:04:35:26 -0400] "GET /wordpress1/wp-mail.php HTTP/1.0" 500 2965 "-" "WordPress/3.9.2; http://jodyyoung.com/wordpress1"
10.30.72.4 - - [23/Oct/2014:04:35:24 -0400] "GET /wordpress1/wp-mail.php HTTP/1.0" 500 2965 "-" "WordPress/3.9.2; http://jodyyoung.com/wordpress1"
183.60.214.7 - - [23/Oct/2014:05:16:15 -0400] "GET /wordpress1/guestbook/guestbook-archives/?month=aug&yr=2014 HTTP/1.1" 200 78567 "-" "Mozilla/5.0 (compatible; EasouSpider; +http://www.easou.com/search/spider.html)"
10.30.72.4 - - [23/Oct/2014:05:16:17 -0400] "GET /wordpress1/wp-mail.php HTTP/1.0" 500 2965 "-" "WordPress/3.9.2; http://jodyyoung.com/wordpress1"
10.30.72.4 - - [23/Oct/2014:05:33:56 -0400] "GET /wordpress1/wp-mail.php HTTP/1.0" 500 2965 "-" "WordPress/3.9.2; http://jodyyoung.com/wordpress1"
10.30.72.4 - - [23/Oct/2014:05:33:54 -0400] "GET /wordpress1/wp-mail.php HTTP/1.0" 500 2965 "-" "WordPress/3.9.2; http://jodyyoung.com/wordpress1"
91.200.12.12 - - [23/Oct/2014:05:38:13 -0400] "GET /wordpress1/guestbook/guestbook-archives/ HTTP/1.1" 200 75960 "-" "Mozilla/4.0 (compatible; MSIE 6.0; Windows NT 5.1; SV1)"
91.200.12.12 - - [23/Oct/2014:05:38:17 -0400] "POST /wordpress1/wp-comments-post.php HTTP/1.1" 500 3109 "http://jodyyoung.com/wordpress1/guestbook/guestbook-archives/" "Mozilla/4.0 (compatible; MSIE 6.0; Windows NT 5.1; SV1; Mozilla/4.0 (compatible; MSIE 6.0; Windows NT 5.1; SV1) ; .NET CLR 1.0.3705)"
157.55.39.13 - - [23/Oct/2014:05:38:29 -0400] "GET / HTTP/1.1" 301 244 "-" "Mozilla/5.0 (compatible; bingbot/2.0; +http://www.bing.com/bingbot.htm)"
199.15.233.176 - - [23/Oct/2014:05:52:03 -0400] "GET /wordpress1/guestbook/guestbook-archives/ HTTP/1.0" 200 75964 "http://jodyyoung.com/wordpress1/guestbook/guestbook-archives/" "Mozilla/5.0 (Windows NT 6.1; WOW64) AppleWebKit/537.36 (KHTML, like Gecko) Chrome/36.0.1985.143 Safari/537.36"
10.30.72.4 - - [23/Oct/2014:05:52:05 -0400] "GET /wordpress1/wp-mail.php HTTP/1.0" 500 2965 "-" "WordPress/3.9.2; http://jodyyoung.com/wordpress1"
199.15.233.176 - - [23/Oct/2014:05:52:16 -0400] "POST /wordpress1/wp-comments-post.php HTTP/1.0" 500 3096 "http://jodyyoung.com/wordpress1/guestbook/guestbook-archives/" "Mozilla/5.0 (Windows NT 6.1; WOW64) AppleWebKit/537.36 (KHTML, like Gecko) Chrome/36.0.1985.143 Safari/537.36"
199.15.233.176 - - [23/Oct/2014:05:52:17 -0400] "GET /wordpress1/guestbook/guestbook-archives/ HTTP/1.0" 200 75963 "http://jodyyoung.com/wordpress1/guestbook/guestbook-archives/" "Mozilla/5.0 (Windows NT 6.1; WOW64) AppleWebKit/537.36 (KHTML, like Gecko) Chrome/36.0.1985.143 Safari/537.36"
183.60.214.7 - - [23/Oct/2014:05:58:01 -0400] "GET /wordpress1/utah/ HTTP/1.1" 200 73161 "-" "Mozilla/5.0 (compatible; EasouSpider; +http://www.easou.com/search/spider.html)"
10.30.72.4 - - [23/Oct/2014:06:24:02 -0400] "GET /wordpress1/wp-mail.php HTTP/1.0" 500 2965 "-" "WordPress/3.9.2; http://jodyyoung.com/wordpress1"
10.30.72.4 - - [23/Oct/2014:06:43:57 -0400] "GET /wordpress1/wp-mail.php HTTP/1.0" 500 2965 "-" "WordPress/3.9.2; http://jodyyoung.com/wordpress1"
10.30.72.4 - - [23/Oct/2014:06:43:55 -0400] "GET /wordpress1/wp-mail.php HTTP/1.0" 500 2965 "-" "WordPress/3.9.2; http://jodyyoung.com/wordpress1"
176.9.50.43 - - [23/Oct/2014:07:03:29 -0400] "GET / HTTP/1.1" 301 240 "-" "Mozilla/4.0 (compatible; MSIE 6.0; Windows 98; Win 9x4.90)"
176.9.50.43 - - [23/Oct/2014:07:03:29 -0400] "GET /wordpress1/ HTTP/1.1" 403 795 "-" "Mozilla/4.0 (compatible; MSIE 6.0; Windows 98; Win 9x4.90)"
10.30.72.4 - - [23/Oct/2014:07:04:18 -0400] "GET /wordpress1/wp-mail.php HTTP/1.0" 500 2965 "-" "WordPress/3.9.2; http://jodyyoung.com/wordpress1"
10.30.72.4 - - [23/Oct/2014:07:04:20 -0400] "GET /wordpress1/wp-mail.php HTTP/1.0" 500 2965 "-" "WordPress/3.9.2; http://jodyyoung.com/wordpress1"
180.76.5.75 - - [23/Oct/2014:07:37:09 -0400] "GET /wordpress1/california/?month=nov&yr=2014 HTTP/1.1" 200 62382 "-" "Mozilla/5.0 (compatible; Baiduspider/2.0; +http://www.baidu.com/search/spider.html)"
10.30.72.4 - - [23/Oct/2014:07:39:39 -0400] "GET /wordpress1/wp-mail.php HTTP/1.0" 500 2965 "-" "WordPress/3.9.2; http://jodyyoung.com/wordpress1"
10.30.72.4 - - [23/Oct/2014:07:39:37 -0400] "GET /wordpress1/wp-mail.php HTTP/1.0" 500 2965 "-" "WordPress/3.9.2; http://jodyyoung.com/wordpress1"
180.76.6.131 - - [23/Oct/2014:07:52:09 -0400] "GET /wordpress1/gallery/?month=oct&yr=2013 HTTP/1.1" 200 86441 "-" "Mozilla/5.0 (compatible; Baiduspider/2.0; +http://www.baidu.com/search/spider.html)"
10.30.72.4 - - [23/Oct/2014:07:55:11 -0400] "GET /wordpress1/wp-mail.php HTTP/1.0" 500 2965 "-" "WordPress/3.9.2; http://jodyyoung.com/wordpress1"
10.30.72.4 - - [23/Oct/2014:07:55:13 -0400] "GET /wordpress1/wp-mail.php HTTP/1.0" 500 2965 "-" "WordPress/3.9.2; http://jodyyoung.com/wordpress1"
10.30.72.4 - - [23/Oct/2014:08:16:56 -0400] "GET /wordpress1/wp-mail.php HTTP/1.0" 500 2965 "-" "WordPress/3.9.2; http://jodyyoung.com/wordpress1"
117.26.202.49 - - [23/Oct/2014:08:18:23 -0400] "GET /wordpress1/guestbook/guestbook-archives HTTP/1.1" 301 - "-" "Mozilla/4.0 (compatible; MSIE 6.0; Windows NT 5.1; SV1;)"
117.26.202.49 - - [23/Oct/2014:08:18:24 -0400] "GET /wordpress1/guestbook/guestbook-archives/ HTTP/1.1" 200 75962 "-" "Mozilla/4.0 (compatible; MSIE 6.0; Windows NT 5.1; SV1;)"
117.26.202.49 - - [23/Oct/2014:08:18:47 -0400] "GET /wordpress1/ HTTP/1.1" 200 63519 "-" "Mozilla/5.0 (Windows NT 6.1; rv:26.0) Gecko/20100101 Firefox/26.0"
117.26.202.49 - - [23/Oct/2014:08:19:41 -0400] "GET /wordpress1/ HTTP/1.1" 200 63519 "http://jodyyoung.com/wordpress1/" "Mozilla/5.0 (Windows NT 5.1; rv:26.0) Gecko/20100101 Firefox/26.0"
117.26.202.49 - - [23/Oct/2014:08:20:32 -0400] "GET /wordpress1/signup/ HTTP/1.1" 404 60154 "http://jodyyoung.com/wordpress1/signup/" "Mozilla/5.0 (Windows NT 5.1; rv:26.0) Gecko/20100101 Firefox/26.0"
117.26.202.49 - - [23/Oct/2014:08:20:33 -0400] "GET /wordpress1/signup.php HTTP/1.1" 400 1387 "signup.php" "Mozilla/5.0 (Windows NT 5.1; rv:26.0) Gecko/20100101 Firefox/26.0"
117.26.202.49 - - [23/Oct/2014:08:20:36 -0400] "GET /wordpress1/ HTTP/1.1" 400 877 "signup.php" "Mozilla/5.0 (Windows NT 5.1; rv:26.0) Gecko/20100101 Firefox/26.0"
117.26.202.49 - - [23/Oct/2014:08:20:39 -0400] "GET /wordpress1/ HTTP/1.1" 200 63519 "-" "Mozilla/5.0 (Windows NT 6.1; rv:26.0) Gecko/20100101 Firefox/26.0"
117.26.202.49 - - [23/Oct/2014:08:21:15 -0400] "GET /wordpress1/register.php HTTP/1.1" 404 60654 "http://jodyyoung.com/wordpress1/" "Mozilla/5.0 (Windows NT 6.1; rv:26.0) Gecko/20100101 Firefox/26.0"
117.26.202.49 - - [23/Oct/2014:08:21:37 -0400] "GET /wordpress1/register.php HTTP/1.1" 404 60654 "http://jodyyoung.com/wordpress1/" "Mozilla/5.0 (Windows NT 6.1; rv:26.0) Gecko/20100101 Firefox/26.0"
117.26.202.49 - - [23/Oct/2014:08:21:39 -0400] "GET /wordpress1/ HTTP/1.1" 200 63519 "http://jodyyoung.com/wordpress1/" "Mozilla/5.0 (Windows NT 5.1; rv:25.0) Gecko/20100101 Firefox/25.0"
117.26.202.49 - - [23/Oct/2014:08:24:36 -0400] "GET /wordpress1/index.php?option=com_community&view=register HTTP/1.1" 301 - "http://jodyyoung.com/wordpress1/index.php?option=com_community&view=register" "Mozilla/5.0 (Windows NT 5.1; rv:25.0) Gecko/20100101 Firefox/25.0"
117.26.202.49 - - [23/Oct/2014:08:24:36 -0400] "GET /wordpress1/?option=com_community&view=register HTTP/1.1" 200 63519 "http://jodyyoung.com/wordpress1/?option=com_community&view=register" "Mozilla/5.0 (Windows NT 5.1; rv:25.0) Gecko/20100101 Firefox/25.0"
117.26.202.49 - - [23/Oct/2014:08:25:10 -0400] "GET /wordpress1/ HTTP/1.1" 200 63519 "http://jodyyoung.com/wordpress1/index.php?option=com_community&view=register" "Mozilla/5.0 (Windows NT 5.1; rv:25.0) Gecko/20100101 Firefox/25.0"
117.26.202.49 - - [23/Oct/2014:08:25:31 -0400] "GET / HTTP/1.1" 301 240 "-" "Mozilla/5.0 (Windows NT 5.1; rv:25.0) Gecko/20100101 Firefox/25.0"
117.26.202.49 - - [23/Oct/2014:08:25:31 -0400] "GET /wordpress1/ HTTP/1.1" 200 63519 "http://jodyyoung.com/wordpress1/" "Mozilla/5.0 (Windows NT 5.1; rv:25.0) Gecko/20100101 Firefox/25.0"
117.26.202.49 - - [23/Oct/2014:08:26:03 -0400] "GET /wordpress1/ HTTP/1.1" 200 63519 "-" "Mozilla/5.0 (Windows NT 6.1; rv:26.0) Gecko/20100101 Firefox/26.0"
117.26.202.49 - - [23/Oct/2014:08:26:45 -0400] "GET /wordpress1/ HTTP/1.1" 200 63519 "http://jodyyoung.com/wordpress1/" "Mozilla/5.0 (Windows NT 6.1; rv:26.0) Gecko/20100101 Firefox/26.0"
117.26.202.49 - - [23/Oct/2014:08:27:12 -0400] "GET /wordpress1/ HTTP/1.1" 200 63519 "-" "Mozilla/5.0 (Windows NT 6.1; rv:26.0) Gecko/20100101 Firefox/26.0"
117.26.202.49 - - [23/Oct/2014:08:27:29 -0400] "GET /wordpress1/join.php HTTP/1.1" 404 60654 "http://jodyyoung.com/wordpress1/join.php" "Mozilla/5.0 (Windows NT 5.1; rv:16.0) Gecko/20100101 Firefox/16.0"
117.26.202.49 - - [23/Oct/2014:08:27:30 -0400] "GET /wordpress1/ HTTP/1.1" 200 63519 "-" "Mozilla/5.0 (Windows NT 6.1; rv:26.0) Gecko/20100101 Firefox/26.0"
117.26.202.49 - - [23/Oct/2014:08:28:18 -0400] "GET /wordpress1/ HTTP/1.1" 200 63519 "-" "Mozilla/5.0 (Windows NT 6.1; rv:26.0) Gecko/20100101 Firefox/26.0"
117.26.202.49 - - [23/Oct/2014:08:29:19 -0400] "GET /wordpress1/signup HTTP/1.1" 404 60154 "http://jodyyoung.com/wordpress1/" "Mozilla/5.0 (Windows NT 6.1; rv:26.0) Gecko/20100101 Firefox/26.0"
117.26.202.49 - - [23/Oct/2014:08:29:24 -0400] "GET /wordpress1/ HTTP/1.1" 200 63519 "-" "Mozilla/5.0 (Windows NT 6.1; rv:26.0) Gecko/20100101 Firefox/26.0"
117.26.202.49 - - [23/Oct/2014:08:29:56 -0400] "GET /wordpress1/tiki-register.php HTTP/1.1" 404 60653 "http://jodyyoung.com/wordpress1/" "Mozilla/5.0 (Windows NT 6.1; rv:26.0) Gecko/20100101 Firefox/26.0"
117.26.202.49 - - [23/Oct/2014:08:29:58 -0400] "GET /wordpress1/ HTTP/1.1" 200 63519 "-" "Mozilla/5.0 (Windows NT 6.1; rv:26.0) Gecko/20100101 Firefox/26.0"
117.26.202.49 - - [23/Oct/2014:08:30:58 -0400] "GET /wordpress1/ HTTP/1.1" 200 63519 "-" "Mozilla/5.0 (Windows NT 6.1; rv:26.0) Gecko/20100101 Firefox/26.0"
117.26.202.49 - - [23/Oct/2014:08:31:13 -0400] "GET /wordpress1/index.php?app=home&mod=public&act=register HTTP/1.1" 301 - "http://jodyyoung.com/wordpress1/" "Mozilla/5.0 (Windows NT 6.1; rv:26.0) Gecko/20100101 Firefox/26.0"
117.26.202.49 - - [23/Oct/2014:08:31:14 -0400] "GET /index.php?app=home&mod=public&act=register HTTP/1.1" 404 575 "http://jodyyoung.com/wordpress1/" "Mozilla/5.0 (Windows NT 6.1; rv:26.0) Gecko/20100101 Firefox/26.0"
117.26.202.49 - - [23/Oct/2014:08:31:16 -0400] "GET /wordpress1/modules.php?app=user_reg HTTP/1.1" 404 60654 "http://jodyyoung.com/wordpress1/" "Mozilla/5.0 (Windows NT 6.1; rv:26.0) Gecko/20100101 Firefox/26.0"
117.26.202.49 - - [23/Oct/2014:08:31:18 -0400] "GET /wordpress1/ HTTP/1.1" 200 63519 "-" "Mozilla/5.0 (Windows NT 6.1; rv:26.0) Gecko/20100101 Firefox/26.0"
117.26.202.49 - - [23/Oct/2014:08:31:27 -0400] "GET /wordpress1/wp-login.php HTTP/1.1" 200 3247 "http://jodyyoung.com/wordpress1/" "Mozilla/5.0 (Windows NT 6.1; rv:26.0) Gecko/20100101 Firefox/26.0"
117.26.202.49 - - [23/Oct/2014:08:31:32 -0400] "GET /signup/ HTTP/1.1" 404 575 "http://jodyyoung.com/" "Mozilla/5.0 (Windows NT 6.1; rv:26.0) Gecko/20100101 Firefox/26.0"
117.26.202.49 - - [23/Oct/2014:08:31:32 -0400] "GET /tools/quicklogin.one HTTP/1.1" 404 575 "http://jodyyoung.com/" "Mozilla/5.0 (Windows NT 6.1; rv:26.0) Gecko/20100101 Firefox/26.0"
117.26.202.49 - - [23/Oct/2014:08:31:33 -0400] "GET /wordpress1/ HTTP/1.1" 200 63519 "http://jodyyoung.com/wordpress1/" "Mozilla/5.0 (Windows NT 6.1; rv:26.0) Gecko/20100101 Firefox/26.0"
117.26.202.49 - - [23/Oct/2014:08:32:01 -0400] "GET /wordpress1/ HTTP/1.1" 200 63519 "http://jodyyoung.com/wordpress1/" "Mozilla/5.0 (Windows NT 6.1; rv:26.0) Gecko/20100101 Firefox/26.0"
10.30.72.4 - - [23/Oct/2014:08:32:06 -0400] "GET /wordpress1/wp-mail.php HTTP/1.0" 500 2965 "-" "WordPress/3.9.2; http://jodyyoung.com/wordpress1"
10.30.72.4 - - [23/Oct/2014:08:32:02 -0400] "GET /wordpress1/wp-mail.php HTTP/1.0" 500 2965 "-" "WordPress/3.9.2; http://jodyyoung.com/wordpress1"
117.26.202.49 - - [23/Oct/2014:08:32:13 -0400] "GET /wordpress1 HTTP/1.1" 301 240 "-" "Mozilla/5.0 (Windows NT 6.1; rv:26.0) Gecko/20100101 Firefox/26.0"
117.26.202.49 - - [23/Oct/2014:08:32:14 -0400] "GET /wordpress1/ HTTP/1.1" 200 63518 "http://jodyyoung.com/wordpress1" "Mozilla/5.0 (Windows NT 6.1; rv:26.0) Gecko/20100101 Firefox/26.0"
117.26.202.49 - - [23/Oct/2014:08:34:58 -0400] "GET /wordpress1/create_account_form.php?next_url= HTTP/1.1" 404 60654 "http://jodyyoung.com/wordpress1/create_account_form.php?next_url=" "Mozilla/5.0 (Windows NT 6.1; rv:26.0) Gecko/20100101 Firefox/26.0"
117.26.202.49 - - [23/Oct/2014:08:35:22 -0400] "GET /wordpress1/ HTTP/1.1" 200 63518 "-" "Mozilla/5.0 (Windows NT 6.1; rv:26.0) Gecko/20100101 Firefox/26.0"
117.26.202.49 - - [23/Oct/2014:08:36:03 -0400] "GET /wordpress1/signup.php HTTP/1.1" 404 60653 "http://jodyyoung.com/wordpress1/" "Mozilla/5.0 (Windows NT 6.1; WOW64; rv:24.0) Gecko/20100101 Firefox/24.0"
117.26.202.49 - - [23/Oct/2014:08:36:05 -0400] "GET /wordpress1/index.php?site=guestbook&action=add HTTP/1.1" 301 - "http://jodyyoung.com/wordpress1/" "Mozilla/5.0 (Windows NT 6.1; rv:26.0) Gecko/20100101 Firefox/26.0"
117.26.202.49 - - [23/Oct/2014:08:36:05 -0400] "GET /wordpress1/?site=guestbook&action=add HTTP/1.1" 200 63519 "http://jodyyoung.com/wordpress1/?site=guestbook&action=add" "Mozilla/5.0 (Windows NT 6.1; rv:26.0) Gecko/20100101 Firefox/26.0"
117.26.202.49 - - [23/Oct/2014:08:37:34 -0400] "GET /wordpress1/ HTTP/1.1" 200 63518 "-" "Mozilla/5.0 (Windows NT 6.1; rv:26.0) Gecko/20100101 Firefox/26.0"
117.26.202.49 - - [23/Oct/2014:08:37:46 -0400] "GET /wordpress1/ HTTP/1.1" 200 63518 "-" "Mozilla/5.0 (Windows NT 6.1; rv:26.0) Gecko/20100101 Firefox/26.0"
117.26.202.49 - - [23/Oct/2014:08:38:21 -0400] "GET /wordpress1/ HTTP/1.1" 200 63519 "-" "Mozilla/5.0 (Windows NT 6.1; rv:26.0) Gecko/20100101 Firefox/26.0"
117.26.202.49 - - [23/Oct/2014:08:38:38 -0400] "GET /wordpress1/ HTTP/1.1" 200 63518 "-" "Mozilla/5.0 (Windows NT 6.1; rv:26.0) Gecko/20100101 Firefox/26.0"
117.26.202.49 - - [23/Oct/2014:08:39:05 -0400] "GET /wordpress1/addentry.php HTTP/1.1" 404 60653 "-" "Mozilla/5.0 (Windows NT 6.1; rv:26.0) Gecko/20100101 Firefox/26.0"
117.26.202.49 - - [23/Oct/2014:08:39:58 -0400] "GET /wordpress1/ HTTP/1.1" 200 63518 "-" "Mozilla/5.0 (Windows NT 6.1; rv:26.0) Gecko/20100101 Firefox/26.0"
117.26.202.49 - - [23/Oct/2014:08:40:54 -0400] "GET /wordpress1/ HTTP/1.1" 200 63518 "-" "Mozilla/5.0 (Windows NT 6.1; rv:26.0) Gecko/20100101 Firefox/26.0"
117.26.202.49 - - [23/Oct/2014:08:41:30 -0400] "GET /wordpress1/CreateUser.asp HTTP/1.1" 404 60154 "http://jodyyoung.com/wordpress1/" "Mozilla/5.0 (Windows NT 6.1; rv:26.0) Gecko/20100101 Firefox/26.0"
117.26.202.49 - - [23/Oct/2014:08:41:31 -0400] "GET /wordpress1/login.php HTTP/1.1" 404 60653 "-" "Mozilla/5.0 (Windows NT 6.1; rv:26.0) Gecko/20100101 Firefox/26.0"
117.26.202.49 - - [23/Oct/2014:08:41:34 -0400] "GET /wordpress1/register.php HTTP/1.1" 404 60654 "-" "Mozilla/5.0 (Windows NT 6.1; rv:26.0) Gecko/20100101 Firefox/26.0"
117.26.202.49 - - [23/Oct/2014:08:41:35 -0400] "GET /wordpress1/guestadd.asp HTTP/1.1" 404 60153 "-" "Mozilla/5.0 (Windows NT 6.1; rv:26.0) Gecko/20100101 Firefox/26.0"
117.26.202.49 - - [23/Oct/2014:08:41:36 -0400] "GET /wordpress1/signup.php HTTP/1.1" 404 60653 "http://jodyyoung.com/wordpress1/" "Mozilla/5.0 (Windows NT 6.1; rv:26.0) Gecko/20100101 Firefox/26.0"
117.26.202.49 - - [23/Oct/2014:08:41:37 -0400] "GET /wordpress1/ HTTP/1.1" 200 63518 "-" "Mozilla/5.0 (Windows NT 6.1; rv:26.0) Gecko/20100101 Firefox/26.0"
117.26.202.49 - - [23/Oct/2014:08:42:30 -0400] "GET /wordpress1/ HTTP/1.1" 200 63518 "-" "Mozilla/5.0 (Windows NT 6.1; rv:26.0) Gecko/20100101 Firefox/26.0"
117.26.202.49 - - [23/Oct/2014:08:42:52 -0400] "GET /wordpress1/post.php HTTP/1.1" 404 60653 "-" "Mozilla/5.0 (Windows NT 6.1; rv:26.0) Gecko/20100101 Firefox/26.0"
117.26.202.49 - - [23/Oct/2014:08:42:54 -0400] "GET /wordpress1/join.php HTTP/1.1" 404 60653 "http://jodyyoung.com/wordpress1/" "Mozilla/5.0 (Windows NT 6.1; rv:26.0) Gecko/20100101 Firefox/26.0"
117.26.202.49 - - [23/Oct/2014:08:42:55 -0400] "GET /wordpress1/join_form.php HTTP/1.1" 404 60653 "http://jodyyoung.com/wordpress1/" "Mozilla/5.0 (Windows NT 6.1; rv:26.0) Gecko/20100101 Firefox/26.0"
117.26.202.49 - - [23/Oct/2014:08:42:56 -0400] "GET /wordpress1/ HTTP/1.1" 200 63518 "http://jodyyoung.com/wordpress1/" "Mozilla/5.0 (Windows NT 6.1; rv:26.0) Gecko/20100101 Firefox/26.0"
117.26.202.49 - - [23/Oct/2014:08:43:17 -0400] "GET /wordpress1/action-blog HTTP/1.1" 404 60153 "http://jodyyoung.com/wordpress1/" "Mozilla/5.0 (Windows NT 6.1; rv:26.0) Gecko/20100101 Firefox/26.0"
117.26.202.49 - - [23/Oct/2014:08:43:21 -0400] "GET /wordpress1/?action-blog HTTP/1.1" 200 63518 "http://jodyyoung.com/wordpress1/" "Mozilla/5.0 (Windows NT 6.1; rv:26.0) Gecko/20100101 Firefox/26.0"
117.26.202.49 - - [23/Oct/2014:08:43:47 -0400] "GET /wordpress1/ HTTP/1.1" 200 63519 "-" "Mozilla/5.0 (Windows NT 6.1; rv:26.0) Gecko/20100101 Firefox/26.0"
117.26.202.49 - - [23/Oct/2014:08:43:49 -0400] "GET /wordpress1/signup HTTP/1.1" 404 60154 "http://jodyyoung.com/wordpress1/" "Mozilla/5.0 (Windows NT 6.1; rv:26.0) Gecko/20100101 Firefox/26.0"
117.26.202.49 - - [23/Oct/2014:08:43:52 -0400] "GET /wordpress1/index.php?p=member/signup HTTP/1.1" 301 - "http://jodyyoung.com/wordpress1/" "Mozilla/5.0 (Windows NT 6.1; rv:26.0) Gecko/20100101 Firefox/26.0"
117.26.202.49 - - [23/Oct/2014:08:43:53 -0400] "GET /wordpress1/signup.php HTTP/1.1" 404 60653 "http://jodyyoung.com/wordpress1/" "Mozilla/5.0 (Windows NT 6.1; rv:26.0) Gecko/20100101 Firefox/26.0"
117.26.202.49 - - [23/Oct/2014:08:43:54 -0400] "GET /wordpress1/login.php?part=register HTTP/1.1" 404 60654 "http://jodyyoung.com/wordpress1/" "Mozilla/5.0 (Windows NT 6.1; rv:26.0) Gecko/20100101 Firefox/26.0"
117.26.202.49 - - [23/Oct/2014:08:43:55 -0400] "GET /wordpress1/register.php HTTP/1.1" 404 60654 "http://jodyyoung.com/wordpress1/" "Mozilla/5.0 (Windows NT 6.1; rv:26.0) Gecko/20100101 Firefox/26.0"
117.26.202.49 - - [23/Oct/2014:08:43:56 -0400] "GET /wordpress1/join.php HTTP/1.1" 404 60654 "http://jodyyoung.com/wordpress1/" "Mozilla/5.0 (Windows NT 6.1; rv:26.0) Gecko/20100101 Firefox/26.0"
117.26.202.49 - - [23/Oct/2014:08:43:57 -0400] "GET /wordpress1/blogs/load/recent HTTP/1.1" 404 60154 "http://jodyyoung.com/wordpress1/" "Mozilla/5.0 (Windows NT 6.1; rv:26.0) Gecko/20100101 Firefox/26.0"
117.26.202.49 - - [23/Oct/2014:08:43:59 -0400] "GET /wordpress1/ HTTP/1.1" 200 63519 "-" "Mozilla/5.0 (Windows NT 6.1; rv:26.0) Gecko/20100101 Firefox/26.0"
117.26.202.49 - - [23/Oct/2014:08:44:27 -0400] "GET /wordpress1/User/Register.aspx HTTP/1.1" 404 60153 "http://jodyyoung.com/wordpress1/" "Mozilla/5.0 (Windows NT 6.1; rv:26.0) Gecko/20100101 Firefox/26.0"
117.26.202.49 - - [23/Oct/2014:08:44:30 -0400] "GET /wordpress1/member/join.php HTTP/1.1" 404 60653 "http://jodyyoung.com/wordpress1/" "Mozilla/5.0 (Windows NT 6.1; rv:26.0) Gecko/20100101 Firefox/26.0"
117.26.202.49 - - [23/Oct/2014:08:44:34 -0400] "GET /wordpress1/index.php?page=blogs HTTP/1.1" 301 - "-" "Mozilla/5.0 (Windows NT 6.1; rv:26.0) Gecko/20100101 Firefox/26.0"
10.30.72.4 - - [23/Oct/2014:08:47:30 -0400] "GET /wordpress1/wp-mail.php HTTP/1.0" 500 2965 "-" "WordPress/3.9.2; http://jodyyoung.com/wordpress1"
10.30.72.4 - - [23/Oct/2014:08:47:28 -0400] "GET /wordpress1/wp-mail.php HTTP/1.0" 500 2965 "-" "WordPress/3.9.2; http://jodyyoung.com/wordpress1"
157.55.39.56 - - [23/Oct/2014:08:54:37 -0400] "GET /wordpress1/wp-content/ata-images/jyat-logo1.jpg HTTP/1.1" 200 10086 "-" "Mozilla/5.0 (compatible; bingbot/2.0; +http://www.bing.com/bingbot.htm)"
157.55.39.56 - - [23/Oct/2014:08:54:37 -0400] "GET /wordpress1/wp-content/themes/atahualpa/images/header/jyatHD01.jpg HTTP/1.1" 200 63437 "-" "Mozilla/5.0 (compatible; bingbot/2.0; +http://www.bing.com/bingbot.htm)"
157.55.39.56 - - [23/Oct/2014:08:54:38 -0400] "GET /wordpress1/wp-includes/js/jquery/jquery-migrate.min.js?ver=1.2.1 HTTP/1.1" 200 7200 "-" "Mozilla/5.0 (compatible; bingbot/2.0; +http://www.bing.com/bingbot.htm)"
10.30.72.4 - - [23/Oct/2014:09:06:12 -0400] "GET /wordpress1/wp-mail.php HTTP/1.0" 500 2965 "-" "WordPress/3.9.2; http://jodyyoung.com/wordpress1"
10.30.72.4 - - [23/Oct/2014:09:06:10 -0400] "GET /wordpress1/wp-mail.php HTTP/1.0" 500 2965 "-" "WordPress/3.9.2; http://jodyyoung.com/wordpress1"
183.60.213.62 - - [23/Oct/2014:09:10:56 -0400] "GET /wordpress1/gallery/ HTTP/1.1" 200 90299 "-" "Mozilla/5.0 (compatible; EasouSpider; +http://www.easou.com/search/spider.html)"
10.30.72.4 - - [23/Oct/2014:09:24:08 -0400] "GET /wordpress1/wp-mail.php HTTP/1.0" 500 2965 "-" "WordPress/3.9.2; http://jodyyoung.com/wordpress1"
10.30.72.4 - - [23/Oct/2014:09:24:05 -0400] "GET /wordpress1/wp-mail.php HTTP/1.0" 500 2965 "-" "WordPress/3.9.2; http://jodyyoung.com/wordpress1"
180.76.5.81 - - [23/Oct/2014:09:39:04 -0400] "GET /wordpress1/2013/09/11/back-to-the-desert/?month=nov&yr=2014 HTTP/1.1" 301 - "-" "Mozilla/5.0 (compatible; Baiduspider/2.0; +http://www.baidu.com/search/spider.html)"
10.30.72.4 - - [23/Oct/2014:09:41:06 -0400] "GET /wordpress1/wp-mail.php HTTP/1.0" 500 2965 "-" "WordPress/3.9.2; http://jodyyoung.com/wordpress1"
10.30.72.4 - - [23/Oct/2014:09:41:03 -0400] "GET /wordpress1/wp-mail.php HTTP/1.0" 500 2965 "-" "WordPress/3.9.2; http://jodyyoung.com/wordpress1"
183.60.213.62 - - [23/Oct/2014:09:51:37 -0400] "GET /wordpress1/colorado/?month=mar&yr=2014 HTTP/1.1" 200 65591 "-" "Mozilla/5.0 (compatible; EasouSpider; +http://www.easou.com/search/spider.html)"
10.30.72.4 - - [23/Oct/2014:09:58:06 -0400] "POST /wordpress1/wp-cron.php?doing_wp_cron=1414072686.5183188915252685546875 HTTP/1.0" 200 - "-" "WordPress/3.9.2; http://jodyyoung.com/wordpress1"
10.30.72.4 - - [23/Oct/2014:09:58:11 -0400] "GET /wordpress1/wp-mail.php HTTP/1.0" 500 2965 "-" "WordPress/3.9.2; http://jodyyoung.com/wordpress1"
10.30.72.4 - - [23/Oct/2014:09:58:08 -0400] "GET /wordpress1/wp-mail.php HTTP/1.0" 500 2965 "-" "WordPress/3.9.2; http://jodyyoung.com/wordpress1"
10.30.72.4 - - [23/Oct/2014:09:58:07 -0400] "GET /wordpress1/wp-mail.php HTTP/1.0" 500 2965 "-" "WordPress/3.9.2; http://jodyyoung.com/wordpress1"
207.46.13.138 - - [23/Oct/2014:10:11:08 -0400] "GET / HTTP/1.1" 304 - "-" "Mozilla/5.0 (compatible; bingbot/2.0; +http://www.bing.com/bingbot.htm)"
10.30.72.4 - - [23/Oct/2014:10:13:30 -0400] "GET /wordpress1/wp-mail.php HTTP/1.0" 500 2965 "-" "WordPress/3.9.2; http://jodyyoung.com/wordpress1"
10.30.72.4 - - [23/Oct/2014:10:13:27 -0400] "GET /wordpress1/wp-mail.php HTTP/1.0" 500 2965 "-" "WordPress/3.9.2; http://jodyyoung.com/wordpress1"
10.30.72.4 - - [23/Oct/2014:10:31:12 -0400] "GET /wordpress1/wp-mail.php HTTP/1.0" 500 2965 "-" "WordPress/3.9.2; http://jodyyoung.com/wordpress1"
10.30.72.4 - - [23/Oct/2014:10:31:14 -0400] "GET /wordpress1/wp-mail.php HTTP/1.0" 500 2965 "-" "WordPress/3.9.2; http://jodyyoung.com/wordpress1"
10.30.72.4 - - [23/Oct/2014:10:46:26 -0400] "GET /wordpress1/wp-mail.php HTTP/1.0" 500 2965 "-" "WordPress/3.9.2; http://jodyyoung.com/wordpress1"
10.30.72.4 - - [23/Oct/2014:10:46:24 -0400] "GET /wordpress1/wp-mail.php HTTP/1.0" 500 2965 "-" "WordPress/3.9.2; http://jodyyoung.com/wordpress1"
10.30.72.4 - - [23/Oct/2014:10:59:50 -0400] "POST /wordpress1/wp-cron.php?doing_wp_cron=1414076390.2759580612182617187500 HTTP/1.0" 200 - "-" "WordPress/3.9.2; http://jodyyoung.com/wordpress1"
10.30.72.4 - - [23/Oct/2014:11:02:52 -0400] "GET /wordpress1/wp-mail.php HTTP/1.0" 500 2965 "-" "WordPress/3.9.2; http://jodyyoung.com/wordpress1"
10.30.72.4 - - [23/Oct/2014:11:02:50 -0400] "GET /wordpress1/wp-mail.php HTTP/1.0" 500 2965 "-" "WordPress/3.9.2; http://jodyyoung.com/wordpress1"
10.30.72.4 - - [23/Oct/2014:11:10:16 -0400] "GET /wordpress1/wp-mail.php HTTP/1.0" 500 2965 "-" "WordPress/3.9.2; http://jodyyoung.com/wordpress1"
10.30.72.4 - - [23/Oct/2014:11:10:14 -0400] "GET /wordpress1/wp-mail.php HTTP/1.0" 500 2965 "-" "WordPress/3.9.2; http://jodyyoung.com/wordpress1"
10.30.72.4 - - [23/Oct/2014:11:17:17 -0400] "POST /wordpress1/wp-cron.php?doing_wp_cron=1414077437.2239999771118164062500 HTTP/1.0" 200 - "-" "WordPress/3.9.2; http://jodyyoung.com/wordpress1"
179.126.90.238 - - [23/Oct/2014:11:18:03 -0400] "GET / HTTP/1.1" 301 240 "-" "Mozilla/5.0 (compatible; Googlebot/2.1; +http://www.google.com/bot.html)"
179.126.90.238 - - [23/Oct/2014:11:18:03 -0400] "GET /wordpress1/ HTTP/1.1" 200 62879 "-" "Mozilla/5.0 (compatible; Googlebot/2.1; +http://www.google.com/bot.html)"
10.30.72.4 - - [23/Oct/2014:11:25:57 -0400] "GET /wordpress1/wp-mail.php HTTP/1.0" 500 2965 "-" "WordPress/3.9.2; http://jodyyoung.com/wordpress1"
10.30.72.4 - - [23/Oct/2014:11:25:54 -0400] "GET /wordpress1/wp-mail.php HTTP/1.0" 500 2965 "-" "WordPress/3.9.2; http://jodyyoung.com/wordpress1"
208.115.113.85 - - [23/Oct/2014:11:36:21 -0400] "GET /wordpress1/gallery/?month=jun&yr=2014 HTTP/1.1" 200 87079 "-" "Mozilla/5.0 (compatible; DotBot/1.1; http://www.opensiteexplorer.org/dotbot, help@moz.com)"
10.30.72.4 - - [23/Oct/2014:11:43:38 -0400] "GET /wordpress1/wp-mail.php HTTP/1.0" 500 2965 "-" "WordPress/3.9.2; http://jodyyoung.com/wordpress1"
10.30.72.4 - - [23/Oct/2014:11:43:35 -0400] "GET /wordpress1/wp-mail.php HTTP/1.0" 500 2965 "-" "WordPress/3.9.2; http://jodyyoung.com/wordpress1"
10.30.72.4 - - [23/Oct/2014:12:00:59 -0400] "GET /wordpress1/wp-mail.php HTTP/1.0" 500 2965 "-" "WordPress/3.9.2; http://jodyyoung.com/wordpress1"
10.30.72.4 - - [23/Oct/2014:12:00:57 -0400] "GET /wordpress1/wp-mail.php HTTP/1.0" 500 2965 "-" "WordPress/3.9.2; http://jodyyoung.com/wordpress1"
10.30.72.4 - - [23/Oct/2014:12:00:59 -0400] "GET /wordpress1/wp-mail.php HTTP/1.0" 500 2965 "-" "WordPress/3.9.2; http://jodyyoung.com/wordpress1"
159.238.182.162 - - [23/Oct/2014:12:04:47 -0400] "GET /wordpress1/wp-content/flagallery/alaska-photos/p8240251ao.jpg HTTP/1.1" 200 611598 "-" "Mozilla/5.0 (compatible; MSIE 9.0; Windows NT 6.1; WOW64; Trident/5.0)"
10.30.72.4 - - [23/Oct/2014:12:18:36 -0400] "GET /wordpress1/wp-mail.php HTTP/1.0" 500 2965 "-" "WordPress/3.9.2; http://jodyyoung.com/wordpress1"
10.30.72.4 - - [23/Oct/2014:12:18:33 -0400] "GET /wordpress1/wp-mail.php HTTP/1.0" 500 2965 "-" "WordPress/3.9.2; http://jodyyoung.com/wordpress1"
193.201.224.28 - - [23/Oct/2014:12:38:43 -0400] "GET /wordpress1/2013/08/31/alaska-summers/ HTTP/1.0" 200 67552 "http://jodyyoung.com/wordpress1/2013/08/31/alaska-summers/" "Mozilla/5.0 (Windows NT 6.3; WOW64) AppleWebKit/537.36 (KHTML, like Gecko) Chrome/36.0.1985.143 Safari/537.36 OPR/23.0.1522.77"
193.201.224.28 - - [23/Oct/2014:12:38:42 -0400] "GET /wordpress1/2013/10/29/days-getting-shorter/ HTTP/1.0" 200 64936 "http://jodyyoung.com/wordpress1/2013/10/29/days-getting-shorter/" "Mozilla/5.0 (Windows NT 6.3; WOW64) AppleWebKit/537.36 (KHTML, like Gecko) Chrome/36.0.1985.143 Safari/537.36 OPR/23.0.1522.77"
193.201.224.28 - - [23/Oct/2014:12:38:42 -0400] "GET /wordpress1/2012/10/25/new-web-site/ HTTP/1.0" 200 66562 "http://jodyyoung.com/wordpress1/2012/10/25/new-web-site/" "Mozilla/5.0 (Windows NT 6.3; WOW64) AppleWebKit/537.36 (KHTML, like Gecko) Chrome/35.0.1916.153 YaBrowser/14.7.1916.15705 Safari/537.36"
193.201.224.28 - - [23/Oct/2014:12:38:45 -0400] "POST /wordpress1/wp-comments-post.php HTTP/1.0" 500 3096 "http://jodyyoung.com/wordpress1/2012/10/25/new-web-site/" "Mozilla/5.0 (Windows NT 6.3; WOW64) AppleWebKit/537.36 (KHTML, like Gecko) Chrome/35.0.1916.153 YaBrowser/14.7.1916.15705 Safari/537.36"
193.201.224.28 - - [23/Oct/2014:12:38:43 -0400] "GET /wordpress1/2013/04/13/arches-canyonlands/ HTTP/1.0" 200 64946 "http://jodyyoung.com/wordpress1/2013/04/13/arches-canyonlands/" "Mozilla/5.0 (Windows NT 6.1; WOW64) AppleWebKit/537.36 (KHTML, like Gecko) Chrome/35.0.1916.153 YaBrowser/14.7.1916.15705 Safari/537.36"
10.30.72.4 - - [23/Oct/2014:12:38:44 -0400] "GET /wordpress1/wp-mail.php HTTP/1.0" 500 2965 "-" "WordPress/3.9.2; http://jodyyoung.com/wordpress1"
193.201.224.28 - - [23/Oct/2014:12:38:42 -0400] "GET /wordpress1/2013/05/09/more-desert-fun/ HTTP/1.0" 200 64831 "http://jodyyoung.com/wordpress1/2013/05/09/more-desert-fun/" "Mozilla/5.0 (Windows NT 6.1; WOW64) AppleWebKit/537.36 (KHTML, like Gecko) Chrome/36.0.1985.143 Safari/537.36 OPR/23.0.1522.77 (Edition Campaign 37)"
193.201.224.28 - - [23/Oct/2014:12:38:43 -0400] "GET /wordpress1/2013/09/11/back-to-the-desert/ HTTP/1.0" 200 64964 "http://jodyyoung.com/wordpress1/2013/09/11/back-to-the-desert/" "Mozilla/5.0 (Windows NT 6.1; WOW64) AppleWebKit/537.36 (KHTML, like Gecko) Chrome/35.0.1916.153 YaBrowser/14.7.1916.15705 Safari/537.36"
193.201.224.28 - - [23/Oct/2014:12:38:43 -0400] "GET /wordpress1/gallery/ HTTP/1.0" 200 90300 "http://jodyyoung.com/wordpress1/gallery/" "Mozilla/5.0 (Windows NT 6.3; WOW64) AppleWebKit/537.36 (KHTML, like Gecko) Chrome/36.0.1985.143 Safari/537.36"
193.201.224.28 - - [23/Oct/2014:12:38:46 -0400] "POST /wordpress1/wp-comments-post.php HTTP/1.0" 500 3096 "http://jodyyoung.com/wordpress1/2013/10/29/days-getting-shorter/" "Mozilla/5.0 (Windows NT 6.3; WOW64) AppleWebKit/537.36 (KHTML, like Gecko) Chrome/36.0.1985.143 Safari/537.36 OPR/23.0.1522.77"
193.201.224.28 - - [23/Oct/2014:12:38:47 -0400] "POST /wordpress1/wp-comments-post.php HTTP/1.0" 500 3096 "http://jodyyoung.com/wordpress1/2013/08/31/alaska-summers/" "Mozilla/5.0 (Windows NT 6.3; WOW64) AppleWebKit/537.36 (KHTML, like Gecko) Chrome/36.0.1985.143 Safari/537.36 OPR/23.0.1522.77"
193.201.224.28 - - [23/Oct/2014:12:38:47 -0400] "POST /wordpress1/wp-comments-post.php HTTP/1.0" 500 3096 "http://jodyyoung.com/wordpress1/2013/04/13/arches-canyonlands/" "Mozilla/5.0 (Windows NT 6.1; WOW64) AppleWebKit/537.36 (KHTML, like Gecko) Chrome/35.0.1916.153 YaBrowser/14.7.1916.15705 Safari/537.36"
193.201.224.28 - - [23/Oct/2014:12:38:47 -0400] "POST /wordpress1/wp-comments-post.php HTTP/1.0" 500 3096 "http://jodyyoung.com/wordpress1/2013/05/09/more-desert-fun/" "Mozilla/5.0 (Windows NT 6.1; WOW64) AppleWebKit/537.36 (KHTML, like Gecko) Chrome/36.0.1985.143 Safari/537.36 OPR/23.0.1522.77 (Edition Campaign 37)"
193.201.224.28 - - [23/Oct/2014:12:38:47 -0400] "POST /wordpress1/wp-comments-post.php HTTP/1.0" 500 3096 "http://jodyyoung.com/wordpress1/2013/09/11/back-to-the-desert/" "Mozilla/5.0 (Windows NT 6.1; WOW64) AppleWebKit/537.36 (KHTML, like Gecko) Chrome/35.0.1916.153 YaBrowser/14.7.1916.15705 Safari/537.36"
193.201.224.28 - - [23/Oct/2014:12:38:50 -0400] "POST /wordpress1/wp-comments-post.php HTTP/1.0" 500 3096 "http://jodyyoung.com/wordpress1/gallery/" "Mozilla/5.0 (Windows NT 6.3; WOW64) AppleWebKit/537.36 (KHTML, like Gecko) Chrome/36.0.1985.143 Safari/537.36"
10.30.72.4 - - [23/Oct/2014:12:56:40 -0400] "GET /wordpress1/wp-mail.php HTTP/1.0" 500 2965 "-" "WordPress/3.9.2; http://jodyyoung.com/wordpress1"
10.30.72.4 - - [23/Oct/2014:12:56:38 -0400] "GET /wordpress1/wp-mail.php HTTP/1.0" 500 2965 "-" "WordPress/3.9.2; http://jodyyoung.com/wordpress1"
10.30.72.4 - - [23/Oct/2014:13:15:45 -0400] "GET /wordpress1/wp-mail.php HTTP/1.0" 500 2965 "-" "WordPress/3.9.2; http://jodyyoung.com/wordpress1"
10.30.72.4 - - [23/Oct/2014:13:15:42 -0400] "GET /wordpress1/wp-mail.php HTTP/1.0" 500 2965 "-" "WordPress/3.9.2; http://jodyyoung.com/wordpress1"
195.211.155.228 - - [23/Oct/2014:13:26:42 -0400] "GET /wordpress1/guestbook/guestbook-archives/ HTTP/1.0" 200 75966 "http://jodyyoung.com/wordpress1/guestbook/guestbook-archives/" "Mozilla/5.0 (Windows NT 6.1; WOW64) AppleWebKit/537.36 (KHTML, like Gecko) Chrome/37.0.2062.102 Safari/537.36"
195.211.155.228 - - [23/Oct/2014:13:27:05 -0400] "POST /wordpress1/wp-comments-post.php HTTP/1.0" 500 3099 "http://jodyyoung.com/wordpress1/guestbook/guestbook-archives/" "Mozilla/5.0 (Windows NT 6.1; WOW64) AppleWebKit/537.36 (KHTML, like Gecko) Chrome/37.0.2062.102 Safari/537.36"
10.30.72.4 - - [23/Oct/2014:13:32:10 -0400] "GET /wordpress1/wp-mail.php HTTP/1.0" 500 2965 "-" "WordPress/3.9.2; http://jodyyoung.com/wordpress1"
10.30.72.4 - - [23/Oct/2014:13:32:08 -0400] "GET /wordpress1/wp-mail.php HTTP/1.0" 500 2965 "-" "WordPress/3.9.2; http://jodyyoung.com/wordpress1"
10.30.72.4 - - [23/Oct/2014:13:50:44 -0400] "GET /wordpress1/wp-mail.php HTTP/1.0" 500 2965 "-" "WordPress/3.9.2; http://jodyyoung.com/wordpress1"
10.30.72.4 - - [23/Oct/2014:13:50:47 -0400] "GET /wordpress1/wp-mail.php HTTP/1.0" 500 2965 "-" "WordPress/3.9.2; http://jodyyoung.com/wordpress1"
193.201.224.32 - - [23/Oct/2014:14:05:36 -0400] "GET /wordpress1/2013/10/04/parks-closed/ HTTP/1.0" 200 65059 "http://jodyyoung.com/wordpress1/2013/10/04/parks-closed/" "Mozilla/5.0 (Windows NT 6.3; WOW64; rv:31.0) Gecko/20100101 Firefox/31.0"
193.201.224.32 - - [23/Oct/2014:14:05:40 -0400] "POST /wordpress1/wp-comments-post.php HTTP/1.0" 500 3101 "http://jodyyoung.com/wordpress1/2013/10/04/parks-closed/" "Mozilla/5.0 (Windows NT 6.3; WOW64; rv:31.0) Gecko/20100101 Firefox/31.0"
193.201.224.32 - - [23/Oct/2014:14:05:40 -0400] "GET /wordpress1/2013/10/04/parks-closed/ HTTP/1.0" 200 65058 "http://jodyyoung.com/wordpress1/2013/10/04/parks-closed/" "Mozilla/5.0 (Windows NT 6.3; WOW64; rv:31.0) Gecko/20100101 Firefox/31.0"
10.30.72.4 - - [23/Oct/2014:14:08:29 -0400] "GET /wordpress1/wp-mail.php HTTP/1.0" 500 2965 "-" "WordPress/3.9.2; http://jodyyoung.com/wordpress1"
10.30.72.4 - - [23/Oct/2014:14:08:27 -0400] "GET /wordpress1/wp-mail.php HTTP/1.0" 500 2965 "-" "WordPress/3.9.2; http://jodyyoung.com/wordpress1"
193.201.224.32 - - [23/Oct/2014:14:08:43 -0400] "GET /wordpress1/2012/10/25/new-web-site/ HTTP/1.0" 200 66563 "http://jodyyoung.com/wordpress1/2012/10/25/new-web-site/" "Opera/9.80 (Windows NT 5.1) Presto/2.12.388 Version/12.17"
193.201.224.32 - - [23/Oct/2014:14:08:43 -0400] "GET /wordpress1/2013/05/09/more-desert-fun/ HTTP/1.0" 200 64831 "http://jodyyoung.com/wordpress1/2013/05/09/more-desert-fun/" "Mozilla/5.0 (Windows NT 6.1; WOW64) AppleWebKit/537.36 (KHTML, like Gecko) Chrome/35.0.1916.153 YaBrowser/14.7.1916.15705 Safari/537.36"
193.201.224.32 - - [23/Oct/2014:14:08:44 -0400] "GET /wordpress1/gallery/ HTTP/1.0" 200 90286 "http://jodyyoung.com/wordpress1/gallery/" "Mozilla/5.0 (Windows NT 6.1; WOW64; rv:31.0) Gecko/20100101 Firefox/31.0"
193.201.224.32 - - [23/Oct/2014:14:08:43 -0400] "GET /wordpress1/2013/08/31/alaska-summers/ HTTP/1.0" 200 67552 "http://jodyyoung.com/wordpress1/2013/08/31/alaska-summers/" "Mozilla/5.0 (Windows NT 5.1; rv:31.0) Gecko/20100101 Firefox/31.0"
193.201.224.32 - - [23/Oct/2014:14:08:43 -0400] "GET /wordpress1/2013/09/11/back-to-the-desert/ HTTP/1.0" 200 64964 "http://jodyyoung.com/wordpress1/2013/09/11/back-to-the-desert/" "Mozilla/5.0 (Windows NT 6.1) AppleWebKit/537.36 (KHTML, like Gecko) Chrome/36.0.1985.143 Safari/537.36"
193.201.224.32 - - [23/Oct/2014:14:08:43 -0400] "GET /wordpress1/2013/10/29/days-getting-shorter/ HTTP/1.0" 200 64936 "http://jodyyoung.com/wordpress1/2013/10/29/days-getting-shorter/" "Mozilla/5.0 (Windows NT 6.1; WOW64) AppleWebKit/537.36 (KHTML, like Gecko) Chrome/36.0.1985.143 Safari/537.36 OPR/23.0.1522.77 (Edition Campaign 37)"
193.201.224.32 - - [23/Oct/2014:14:08:44 -0400] "GET /wordpress1/2013/04/13/arches-canyonlands/ HTTP/1.0" 200 64945 "http://jodyyoung.com/wordpress1/2013/04/13/arches-canyonlands/" "Mozilla/5.0 (Windows NT 6.1; WOW64) AppleWebKit/537.36 (KHTML, like Gecko) Chrome/36.0.1985.143 Safari/537.36 OPR/23.0.1522.77"
193.201.224.32 - - [23/Oct/2014:14:08:45 -0400] "POST /wordpress1/wp-comments-post.php HTTP/1.0" 500 3101 "http://jodyyoung.com/wordpress1/2013/05/09/more-desert-fun/" "Mozilla/5.0 (Windows NT 6.1; WOW64) AppleWebKit/537.36 (KHTML, like Gecko) Chrome/35.0.1916.153 YaBrowser/14.7.1916.15705 Safari/537.36"
193.201.224.32 - - [23/Oct/2014:14:08:46 -0400] "GET /wordpress1/2013/05/09/more-desert-fun/ HTTP/1.0" 200 64830 "http://jodyyoung.com/wordpress1/2013/05/09/more-desert-fun/" "Mozilla/5.0 (Windows NT 6.1; WOW64) AppleWebKit/537.36 (KHTML, like Gecko) Chrome/35.0.1916.153 YaBrowser/14.7.1916.15705 Safari/537.36"
193.201.224.32 - - [23/Oct/2014:14:08:46 -0400] "POST /wordpress1/wp-comments-post.php HTTP/1.0" 500 3101 "http://jodyyoung.com/wordpress1/gallery/" "Mozilla/5.0 (Windows NT 6.1; WOW64; rv:31.0) Gecko/20100101 Firefox/31.0"
193.201.224.32 - - [23/Oct/2014:14:08:46 -0400] "GET /wordpress1/gallery/ HTTP/1.0" 200 90272 "http://jodyyoung.com/wordpress1/gallery/" "Mozilla/5.0 (Windows NT 6.1; WOW64; rv:31.0) Gecko/20100101 Firefox/31.0"
193.201.224.32 - - [23/Oct/2014:14:08:47 -0400] "POST /wordpress1/wp-comments-post.php HTTP/1.0" 500 3101 "http://jodyyoung.com/wordpress1/2013/09/11/back-to-the-desert/" "Mozilla/5.0 (Windows NT 6.1) AppleWebKit/537.36 (KHTML, like Gecko) Chrome/36.0.1985.143 Safari/537.36"
193.201.224.32 - - [23/Oct/2014:14:08:47 -0400] "GET /wordpress1/2013/09/11/back-to-the-desert/ HTTP/1.0" 200 64963 "http://jodyyoung.com/wordpress1/2013/09/11/back-to-the-desert/" "Mozilla/5.0 (Windows NT 6.1) AppleWebKit/537.36 (KHTML, like Gecko) Chrome/36.0.1985.143 Safari/537.36"
193.201.224.32 - - [23/Oct/2014:14:08:47 -0400] "POST /wordpress1/wp-comments-post.php HTTP/1.0" 500 3102 "http://jodyyoung.com/wordpress1/2013/08/31/alaska-summers/" "Mozilla/5.0 (Windows NT 5.1; rv:31.0) Gecko/20100101 Firefox/31.0"
193.201.224.32 - - [23/Oct/2014:14:08:48 -0400] "POST /wordpress1/wp-comments-post.php HTTP/1.0" 500 3100 "http://jodyyoung.com/wordpress1/2013/10/29/days-getting-shorter/" "Mozilla/5.0 (Windows NT 6.1; WOW64) AppleWebKit/537.36 (KHTML, like Gecko) Chrome/36.0.1985.143 Safari/537.36 OPR/23.0.1522.77 (Edition Campaign 37)"
193.201.224.32 - - [23/Oct/2014:14:08:48 -0400] "POST /wordpress1/wp-comments-post.php HTTP/1.0" 500 3100 "http://jodyyoung.com/wordpress1/2012/10/25/new-web-site/" "Opera/9.80 (Windows NT 5.1) Presto/2.12.388 Version/12.17"
193.201.224.32 - - [23/Oct/2014:14:08:48 -0400] "GET /wordpress1/2013/08/31/alaska-summers/ HTTP/1.0" 200 67552 "http://jodyyoung.com/wordpress1/2013/08/31/alaska-summers/" "Mozilla/5.0 (Windows NT 5.1; rv:31.0) Gecko/20100101 Firefox/31.0"
193.201.224.32 - - [23/Oct/2014:14:08:48 -0400] "GET /wordpress1/2013/10/29/days-getting-shorter/ HTTP/1.0" 200 64936 "http://jodyyoung.com/wordpress1/2013/10/29/days-getting-shorter/" "Mozilla/5.0 (Windows NT 6.1; WOW64) AppleWebKit/537.36 (KHTML, like Gecko) Chrome/36.0.1985.143 Safari/537.36 OPR/23.0.1522.77 (Edition Campaign 37)"
193.201.224.32 - - [23/Oct/2014:14:08:48 -0400] "GET /wordpress1/2012/10/25/new-web-site/ HTTP/1.0" 200 66562 "http://jodyyoung.com/wordpress1/2012/10/25/new-web-site/" "Opera/9.80 (Windows NT 5.1) Presto/2.12.388 Version/12.17"
193.201.224.32 - - [23/Oct/2014:14:08:59 -0400] "POST /wordpress1/wp-comments-post.php HTTP/1.0" 500 3102 "http://jodyyoung.com/wordpress1/2013/04/13/arches-canyonlands/" "Mozilla/5.0 (Windows NT 6.1; WOW64) AppleWebKit/537.36 (KHTML, like Gecko) Chrome/36.0.1985.143 Safari/537.36 OPR/23.0.1522.77"
193.201.224.32 - - [23/Oct/2014:14:08:59 -0400] "GET /wordpress1/2013/04/13/arches-canyonlands/ HTTP/1.0" 200 64945 "http://jodyyoung.com/wordpress1/2013/04/13/arches-canyonlands/" "Mozilla/5.0 (Windows NT 6.1; WOW64) AppleWebKit/537.36 (KHTML, like Gecko) Chrome/36.0.1985.143 Safari/537.36 OPR/23.0.1522.77"
10.30.72.4 - - [23/Oct/2014:14:23:35 -0400] "GET /wordpress1/wp-mail.php HTTP/1.0" 500 2965 "-" "WordPress/3.9.2; http://jodyyoung.com/wordpress1"
10.30.72.4 - - [23/Oct/2014:14:23:33 -0400] "GET /wordpress1/wp-mail.php HTTP/1.0" 500 2965 "-" "WordPress/3.9.2; http://jodyyoung.com/wordpress1"
208.115.113.85 - - [23/Oct/2014:14:24:10 -0400] "GET /robots.txt HTTP/1.1" 404 575 "-" "Mozilla/5.0 (compatible; DotBot/1.1; http://www.opensiteexplorer.org/dotbot, help@moz.com)"
208.115.113.85 - - [23/Oct/2014:14:24:10 -0400] "GET /robots.txt HTTP/1.1" 404 575 "-" "Mozilla/5.0 (compatible; DotBot/1.1; http://www.opensiteexplorer.org/dotbot, help@moz.com)"
10.30.72.4 - - [23/Oct/2014:14:39:27 -0400] "GET /wordpress1/wp-mail.php HTTP/1.0" 500 2965 "-" "WordPress/3.9.2; http://jodyyoung.com/wordpress1"
10.30.72.4 - - [23/Oct/2014:14:39:25 -0400] "GET /wordpress1/wp-mail.php HTTP/1.0" 500 2965 "-" "WordPress/3.9.2; http://jodyyoung.com/wordpress1"
10.30.72.4 - - [23/Oct/2014:14:55:47 -0400] "GET /wordpress1/wp-mail.php HTTP/1.0" 500 2965 "-" "WordPress/3.9.2; http://jodyyoung.com/wordpress1"
10.30.72.4 - - [23/Oct/2014:14:55:44 -0400] "GET /wordpress1/wp-mail.php HTTP/1.0" 500 2965 "-" "WordPress/3.9.2; http://jodyyoung.com/wordpress1"
66.249.65.148 - - [23/Oct/2014:14:58:23 -0400] "GET / HTTP/1.1" 200 6612 "-" "Mozilla/5.0 (compatible; Googlebot/2.1; +http://www.google.com/bot.html)"
70.193.69.121 - - [23/Oct/2014:15:00:51 -0400] "GET /wordpress1/wp-content/flagallery/colorado-photos/st232ao.jpg HTTP/1.1" 200 315853 "-" "Mozilla/5.0 (Linux; Android 4.4.2; SM-N900V Build/KOT49H) AppleWebKit/537.36 (KHTML, like Gecko) Version/4.0 Chrome/30.0.0.0 Mobile Safari/537.36 GSA/3.4.16.1149292.arm"
195.211.154.137 - - [23/Oct/2014:15:07:55 -0400] "GET /wordpress1/guestbook/?sign=1 HTTP/1.0" 200 64586 "http://jodyyoung.com/wordpress1/guestbook/?sign=1" "Mozilla/5.0 (Windows NT 6.1; WOW64; rv:31.0) Gecko/20100101 Firefox/31.0"
195.211.154.137 - - [23/Oct/2014:15:07:57 -0400] "POST /wordpress1/wp-comments-post.php HTTP/1.0" 500 3097 "http://jodyyoung.com/wordpress1/guestbook/?sign=1" "Mozilla/5.0 (Windows NT 6.1; WOW64; rv:31.0) Gecko/20100101 Firefox/31.0"
195.211.154.137 - - [23/Oct/2014:15:07:58 -0400] "GET /wordpress1/guestbook/?sign=1 HTTP/1.0" 200 64585 "http://jodyyoung.com/wordpress1/guestbook/?sign=1" "Mozilla/5.0 (Windows NT 6.1; WOW64; rv:31.0) Gecko/20100101 Firefox/31.0"
193.201.224.32 - - [23/Oct/2014:15:17:17 -0400] "GET /wordpress1/guestbook/guestbook-archives/ HTTP/1.0" 200 75964 "http://jodyyoung.com/wordpress1/guestbook/guestbook-archives/" "Mozilla/5.0 (Windows NT 6.1; WOW64) AppleWebKit/537.36 (KHTML, like Gecko) Chrome/35.0.1916.153 YaBrowser/14.7.1916.15705 Safari/537.36"
193.201.224.32 - - [23/Oct/2014:15:17:21 -0400] "POST /wordpress1/wp-comments-post.php HTTP/1.0" 500 3101 "http://jodyyoung.com/wordpress1/guestbook/guestbook-archives/" "Mozilla/5.0 (Windows NT 6.1; WOW64) AppleWebKit/537.36 (KHTML, like Gecko) Chrome/35.0.1916.153 YaBrowser/14.7.1916.15705 Safari/537.36"
193.201.224.32 - - [23/Oct/2014:15:17:22 -0400] "GET /wordpress1/guestbook/guestbook-archives/ HTTP/1.0" 200 75964 "http://jodyyoung.com/wordpress1/guestbook/guestbook-archives/" "Mozilla/5.0 (Windows NT 6.1; WOW64) AppleWebKit/537.36 (KHTML, like Gecko) Chrome/35.0.1916.153 YaBrowser/14.7.1916.15705 Safari/537.36"
