193.201.224.28 - - [23/Oct/2014:04:02:24 -0400] "POST /wordpress1/wp-comments-post.php HTTP/1.0" 500 3096 "http://jodyyoung.com/wordpress1/2013/09/11/back-to-the-desert/" "Mozilla/5.0 (Windows NT 6.2; WOW64) AppleWebKit/537.36 (KHTML, like Gecko) Chrome/36.0.1985.143 Safari/537.36"
193.201.224.28 - - [23/Oct/2014:04:02:26 -0400] "POST /wordpress1/wp-comments-post.php HTTP/1.0" 500 3096 "http://jodyyoung.com/wordpress1/gallery/" "Mozilla/5.0 (Windows NT 6.1; WOW64) AppleWebKit/537.36 (KHTML, like Gecko) Chrome/35.0.1916.153 YaBrowser/14.7.1916.15705 Safari/537.36"
180.76.5.176 - - [23/Oct/2014:04:12:31 -0400] "GET /wordpress1/2013/03/30/death-valley/?month=aug&yr=2014 HTTP/1.1" 200 66456 "-" "Mozilla/5.0 (compatible; Baiduspider/2.0; +http://www.baidu.com/search/spider.html)"
10.30.72.4 - - [23/Oct/2014:04:18:44 -0400] "GET /wordpress1/wp-mail.php HTTP/1.0" 500 2965 "-" "WordPress/3.9.2; http://jodyyoung.com/wordpress1"
10.30.72.4 - - [23/Oct/2014:04:18:45 -0400] "GET /wordpress1/wp-mail.php HTTP/1.0" 500 2965 "-" "WordPress/3.9.2; http://jodyyoung.com/wordpress1"
10.30.72.4 - - [23/Oct/2014:04:35:23 -0400] "GET /wordpress1/wp-mail.php HTTP/1.0" 500 2965 "-" "WordPress/3.9.2; http://jodyyoung.com/wordpress1"
10.30.72.4 - - [23/Oct/2014:04:35:25 -0400] "GET /wordpress1/wp-mail.php HTTP/1.0" 500 2965 "-" "WordPress/3.9.2; http://jodyyoung.com/wordpress1"
207.46.13.138 - - [23/Oct/2014:05:03:45 -0400] "GET / HTTP/1.1" 200 6612 "-" "Mozilla/5.0 (compatible; bingbot/2.0; +http://www.bing.com/bingbot.htm)"
10.30.72.4 - - [23/Oct/2014:05:16:20 -0400] "GET /wordpress1/wp-mail.php HTTP/1.0" 500 2965 "-" "WordPress/3.9.2; http://jodyyoung.com/wordpress1"
10.30.72.4 - - [23/Oct/2014:05:16:16 -0400] "GET /wordpress1/wp-mail.php HTTP/1.0" 500 2965 "-" "WordPress/3.9.2; http://jodyyoung.com/wordpress1"
66.249.65.114 - - [23/Oct/2014:05:20:34 -0400] "GET /wordpress1/our-guides/?month=feb&yr=2011 HTTP/1.1" 200 63104 "-" "Mozilla/5.0 (compatible; Googlebot/2.1; +http://www.google.com/bot.html)"
207.46.13.138 - - [23/Oct/2014:05:25:05 -0400] "GET / HTTP/1.1" 304 - "-" "Mozilla/5.0 (compatible; bingbot/2.0; +http://www.bing.com/bingbot.htm)"
162.210.196.97 - - [23/Oct/2014:05:28:53 -0400] "GET /robots.txt HTTP/1.0" 404 575 "-" "Mozilla/5.0 (compatible; MJ12bot/v1.4.5; http://www.majestic12.co.uk/bot.php?+)"
162.210.196.97 - - [23/Oct/2014:05:28:54 -0400] "GET / HTTP/1.0" 301 240 "-" "Mozilla/5.0 (compatible; MJ12bot/v1.4.5; http://www.majestic12.co.uk/bot.php?+)"
162.210.196.97 - - [23/Oct/2014:05:28:55 -0400] "GET /wordpress1/ HTTP/1.0" 200 63521 "-" "Mozilla/5.0 (compatible; MJ12bot/v1.4.5; http://www.majestic12.co.uk/bot.php?+)"
162.210.196.97 - - [23/Oct/2014:05:28:57 -0400] "GET /robots.txt HTTP/1.0" 404 575 "-" "Mozilla/5.0 (compatible; MJ12bot/v1.4.5; http://www.majestic12.co.uk/bot.php?+)"
162.210.196.97 - - [23/Oct/2014:05:28:58 -0400] "GET / HTTP/1.0" 301 244 "-" "Mozilla/5.0 (compatible; MJ12bot/v1.4.5; http://www.majestic12.co.uk/bot.php?+)"
162.210.196.97 - - [23/Oct/2014:05:28:59 -0400] "GET /wordpress1/ HTTP/1.0" 301 - "-" "Mozilla/5.0 (compatible; MJ12bot/v1.4.5; http://www.majestic12.co.uk/bot.php?+)"
162.210.196.97 - - [23/Oct/2014:05:29:01 -0400] "GET /wordpress1/ HTTP/1.0" 200 63520 "-" "Mozilla/5.0 (compatible; MJ12bot/v1.4.5; http://www.majestic12.co.uk/bot.php?+)"
10.30.72.4 - - [23/Oct/2014:05:33:53 -0400] "GET /wordpress1/wp-mail.php HTTP/1.0" 500 2965 "-" "WordPress/3.9.2; http://jodyyoung.com/wordpress1"
10.30.72.4 - - [23/Oct/2014:05:33:54 -0400] "GET /wordpress1/wp-mail.php HTTP/1.0" 500 2965 "-" "WordPress/3.9.2; http://jodyyoung.com/wordpress1"
10.30.72.4 - - [23/Oct/2014:05:52:08 -0400] "GET /wordpress1/wp-mail.php HTTP/1.0" 500 2965 "-" "WordPress/3.9.2; http://jodyyoung.com/wordpress1"
10.30.72.4 - - [23/Oct/2014:05:52:04 -0400] "GET /wordpress1/wp-mail.php HTTP/1.0" 500 2965 "-" "WordPress/3.9.2; http://jodyyoung.com/wordpress1"
104.143.2.137 - - [23/Oct/2014:06:12:57 -0400] "HEAD /fckeditor/editor HTTP/1.1" 404 - "-" "-"
104.143.2.137 - - [23/Oct/2014:06:12:57 -0400] "HEAD /editor/editor HTTP/1.1" 404 - "-" "-"
104.143.2.137 - - [23/Oct/2014:06:12:57 -0400] "HEAD /AFckLoad/file HTTP/1.1" 404 - "-" "-"
10.30.72.4 - - [23/Oct/2014:06:24:03 -0400] "GET /wordpress1/wp-mail.php HTTP/1.0" 500 251 "-" "WordPress/3.9.2; http://jodyyoung.com/wordpress1"
10.30.72.4 - - [23/Oct/2014:06:24:03 -0400] "GET /wordpress1/wp-mail.php HTTP/1.0" 500 251 "-" "WordPress/3.9.2; http://jodyyoung.com/wordpress1"
10.30.72.4 - - [23/Oct/2014:06:24:03 -0400] "GET /wordpress1/wp-mail.php HTTP/1.0" 500 2965 "-" "WordPress/3.9.2; http://jodyyoung.com/wordpress1"
10.30.72.4 - - [23/Oct/2014:06:24:03 -0400] "GET /wordpress1/wp-mail.php HTTP/1.0" 500 2965 "-" "WordPress/3.9.2; http://jodyyoung.com/wordpress1"
10.30.72.4 - - [23/Oct/2014:06:24:03 -0400] "GET /wordpress1/wp-mail.php HTTP/1.0" 500 2965 "-" "WordPress/3.9.2; http://jodyyoung.com/wordpress1"
10.30.72.4 - - [23/Oct/2014:06:24:02 -0400] "GET /wordpress1/wp-mail.php HTTP/1.0" 500 2965 "-" "WordPress/3.9.2; http://jodyyoung.com/wordpress1"
91.200.12.112 - - [23/Oct/2014:06:37:56 -0400] "GET /wordpress1/guestbook/ HTTP/1.1" 200 64575 "-" "Mozilla/4.0 (compatible; MSIE 6.0; Windows NT 5.1)"
91.200.12.112 - - [23/Oct/2014:06:37:58 -0400] "POST /wordpress1/wp-comments-post.php HTTP/1.1" 500 3111 "http://jodyyoung.com/wordpress1/guestbook/" "Mozilla/4.0 (compatible; MSIE 6.0; Windows NT 5.1; SV1)"
83.142.233.105 - - [23/Oct/2014:06:39:01 -0400] "GET /robots.txt HTTP/1.0" 404 575 "-" "Mozilla/5.0 (compatible; MJ12bot/v1.4.5; http://www.majestic12.co.uk/bot.php?+)"
83.142.233.105 - - [23/Oct/2014:06:39:03 -0400] "GET /%E6%85%A6%E6%A5%AD%E7%A5%AC%E6%A0%AE%E6%B5%B4 HTTP/1.1" 404 575 "-" "Mozilla/5.0 (compatible; MJ12bot/v1.4.5; http://www.majestic12.co.uk/bot.php?+)"
83.142.233.105 - - [23/Oct/2014:06:39:04 -0400] "GET /%E6%85%AA%E6%85%B6%E6%8D%B3%E6%A5%B2%E7%91%B0%E3%AC%BA HTTP/1.1" 404 575 "-" "Mozilla/5.0 (compatible; MJ12bot/v1.4.5; http://www.majestic12.co.uk/bot.php?+)"
83.142.233.105 - - [23/Oct/2014:06:39:06 -0400] "GET /%E6%85%AD%E6%B1%A9%E6%BD%B4%E6%A4%BA%E6%99%AE%E4%81%AF%E6%85%A3%E7%81%AD%E6%B1%A1%E7%8D%A1%E6%85%AB%E6%8C%AE%E6%B5%AF HTTP/1.1" 404 575 "-" "Mozilla/5.0 (compatible; MJ12bot/v1.4.5; http://www.majestic12.co.uk/bot.php?+)"
83.142.233.105 - - [23/Oct/2014:06:39:08 -0400] "GET /%E6%89%A1%E7%95%AF%E2%B9%B4%E7%91%A8 HTTP/1.1" 404 575 "-" "Mozilla/5.0 (compatible; MJ12bot/v1.4.5; http://www.majestic12.co.uk/bot.php?+)"
83.142.233.105 - - [23/Oct/2014:06:39:09 -0400] "GET /%E6%95%B2%E6%95%B3%E7%99%B2%E7%91%A1%E6%BD%A9%E7%8D%AE%E6%A0%AE%E6%B5%B4 HTTP/1.1" 404 575 "-" "Mozilla/5.0 (compatible; MJ12bot/v1.4.5; http://www.majestic12.co.uk/bot.php?+)"
83.142.233.105 - - [23/Oct/2014:06:39:12 -0400] "GET /%E6%AD%A1%E6%85%A3%E7%81%AD%E6%B9%A9%E2%B9%A7%E7%91%A8 HTTP/1.1" 404 575 "-" "Mozilla/5.0 (compatible; MJ12bot/v1.4.5; http://www.majestic12.co.uk/bot.php?+)"
83.142.233.105 - - [23/Oct/2014:06:39:13 -0400] "GET /%E6%B1%A1%E7%8D%A1%E6%85%AB%E6%A1%9F%E6%AD%A9%E6%B9%A9%E2%B9%A7%E7%91%A8 HTTP/1.1" 404 575 "-" "Mozilla/5.0 (compatible; MJ12bot/v1.4.5; http://www.majestic12.co.uk/bot.php?+)"
83.142.233.105 - - [23/Oct/2014:06:39:15 -0400] "GET /%E6%B9%A9%E6%95%A4%E2%B9%B8%E7%91%A8 HTTP/1.1" 404 575 "-" "Mozilla/5.0 (compatible; MJ12bot/v1.4.5; http://www.majestic12.co.uk/bot.php?+)"
83.142.233.105 - - [23/Oct/2014:06:39:16 -0400] "GET /%E6%BD%B4%E7%89%B5%E2%B9%B3%E7%91%A8 HTTP/1.1" 404 575 "-" "Mozilla/5.0 (compatible; MJ12bot/v1.4.5; http://www.majestic12.co.uk/bot.php?+)"
83.142.233.105 - - [23/Oct/2014:06:39:18 -0400] "GET /%E6%BD%B7%E6%95%AD%E2%B5%AE%E6%B9%AF%E7%A5%AC%E6%A0%AE%E6%B5%B4 HTTP/1.1" 404 575 "-" "Mozilla/5.0 (compatible; MJ12bot/v1.4.5; http://www.majestic12.co.uk/bot.php?+)"
83.142.233.105 - - [23/Oct/2014:06:39:20 -0400] "GET /%E7%89%A2%E6%8D%AF%E7%95%A8%E6%95%B2%E6%A0%AE%E6%B5%B4 HTTP/1.1" 404 575 "-" "Mozilla/5.0 (compatible; MJ12bot/v1.4.5; http://www.majestic12.co.uk/bot.php?+)"
83.142.233.105 - - [23/Oct/2014:06:39:21 -0400] "GET /%E7%91%A8%E7%81%B4%E2%BC%BA%E7%9C%AF%E7%9D%B7%E6%A8%AE%E6%91%AF%E7%A5%B9%E7%95%AF%E6%9D%AE%E6%8C%AE%E6%B5%AF HTTP/1.1" 404 575 "-" "Mozilla/5.0 (compatible; MJ12bot/v1.4.5; http://www.majestic12.co.uk/bot.php?+)"
83.142.233.105 - - [23/Oct/2014:06:39:29 -0400] "GET /%E7%91%A8%E7%81%B4%E2%BC%BA%E7%9C%AF%E7%9D%B7%E7%88%AE%E6%A5%A5%E6%8C%AE%E6%B5%AF%E6%84%AF%E7%99%A4%E6%B9%A5%E7%95%B4%E6%95%B2%E2%BD%B3%E7%89%B4%E7%81%A9%E2%BD%B3%E6%85%AE%E6%95%AD%E2%BD%B2%E6%B1%A1%E7%8D%A1%E6%85%AB%E6%85%9F%E6%8D%B2%E6%A5%B4%E2%B9%A3%E7%8D%AA%E2%8D%B0 HTTP/1.1" 404 575 "-" "Mozilla/5.0 (compatible; MJ12bot/v1.4.5; http://www.majestic12.co.uk/bot.php?+)"
83.142.233.105 - - [23/Oct/2014:06:39:31 -0400] "GET /%E7%95%AD%E7%91%AC%E2%B5%A9%E6%8D%A1%E6%A5%B4%E6%A5%B6%E7%A5%B4%E6%A0%AE%E6%B5%B4 HTTP/1.1" 404 575 "-" "Mozilla/5.0 (compatible; MJ12bot/v1.4.5; http://www.majestic12.co.uk/bot.php?+)"
83.142.233.105 - - [23/Oct/2014:06:39:32 -0400] "GET /robots.txt HTTP/1.0" 404 575 "-" "Mozilla/5.0 (compatible; MJ12bot/v1.4.5; http://www.majestic12.co.uk/bot.php?+)"
83.142.233.105 - - [23/Oct/2014:06:39:34 -0400] "GET /%E6%85%A6%E6%A5%AD%E7%A5%AC%E6%A0%AE%E6%B5%B4 HTTP/1.1" 404 575 "-" "Mozilla/5.0 (compatible; MJ12bot/v1.4.5; http://www.majestic12.co.uk/bot.php?+)"
83.142.233.105 - - [23/Oct/2014:06:39:36 -0400] "GET /%E6%85%AA%E6%85%B6%E6%8D%B3%E6%A5%B2%E7%91%B0%E3%AC%BA HTTP/1.1" 404 575 "-" "Mozilla/5.0 (compatible; MJ12bot/v1.4.5; http://www.majestic12.co.uk/bot.php?+)"
83.142.233.105 - - [23/Oct/2014:06:39:37 -0400] "GET /%E6%85%AD%E6%B1%A9%E6%BD%B4%E6%A4%BA%E6%99%AE%E4%81%AF%E6%85%A3%E7%81%AD%E6%B1%A1%E7%8D%A1%E6%85%AB%E6%8C%AE%E6%B5%AF HTTP/1.1" 404 575 "-" "Mozilla/5.0 (compatible; MJ12bot/v1.4.5; http://www.majestic12.co.uk/bot.php?+)"
83.142.233.105 - - [23/Oct/2014:06:39:42 -0400] "GET /%E6%89%A1%E7%95%AF%E2%B9%B4%E7%91%A8 HTTP/1.1" 404 575 "-" "Mozilla/5.0 (compatible; MJ12bot/v1.4.5; http://www.majestic12.co.uk/bot.php?+)"
83.142.233.105 - - [23/Oct/2014:06:39:44 -0400] "GET /%E6%95%B2%E6%95%B3%E7%99%B2%E7%91%A1%E6%BD%A9%E7%8D%AE%E6%A0%AE%E6%B5%B4 HTTP/1.1" 404 575 "-" "Mozilla/5.0 (compatible; MJ12bot/v1.4.5; http://www.majestic12.co.uk/bot.php?+)"
83.142.233.105 - - [23/Oct/2014:06:39:45 -0400] "GET /%E6%AD%A1%E6%85%A3%E7%81%AD%E6%B9%A9%E2%B9%A7%E7%91%A8 HTTP/1.1" 404 575 "-" "Mozilla/5.0 (compatible; MJ12bot/v1.4.5; http://www.majestic12.co.uk/bot.php?+)"
83.142.233.105 - - [23/Oct/2014:06:39:47 -0400] "GET /%E6%B1%A1%E7%8D%A1%E6%85%AB%E6%A1%9F%E6%AD%A9%E6%B9%A9%E2%B9%A7%E7%91%A8 HTTP/1.1" 404 575 "-" "Mozilla/5.0 (compatible; MJ12bot/v1.4.5; http://www.majestic12.co.uk/bot.php?+)"
83.142.233.105 - - [23/Oct/2014:06:39:49 -0400] "GET /%E6%B9%A9%E6%95%A4%E2%B9%B8%E7%91%A8 HTTP/1.1" 404 575 "-" "Mozilla/5.0 (compatible; MJ12bot/v1.4.5; http://www.majestic12.co.uk/bot.php?+)"
83.142.233.105 - - [23/Oct/2014:06:39:50 -0400] "GET /%E6%BD%B4%E7%89%B5%E2%B9%B3%E7%91%A8 HTTP/1.1" 404 575 "-" "Mozilla/5.0 (compatible; MJ12bot/v1.4.5; http://www.majestic12.co.uk/bot.php?+)"
83.142.233.105 - - [23/Oct/2014:06:39:52 -0400] "GET /%E6%BD%B7%E6%95%AD%E2%B5%AE%E6%B9%AF%E7%A5%AC%E6%A0%AE%E6%B5%B4 HTTP/1.1" 404 575 "-" "Mozilla/5.0 (compatible; MJ12bot/v1.4.5; http://www.majestic12.co.uk/bot.php?+)"
83.142.233.105 - - [23/Oct/2014:06:39:53 -0400] "GET /%E7%89%A2%E6%8D%AF%E7%95%A8%E6%95%B2%E6%A0%AE%E6%B5%B4 HTTP/1.1" 404 575 "-" "Mozilla/5.0 (compatible; MJ12bot/v1.4.5; http://www.majestic12.co.uk/bot.php?+)"
83.142.233.105 - - [23/Oct/2014:06:39:55 -0400] "GET /%E7%91%A8%E7%81%B4%E2%BC%BA%E7%9C%AF%E7%9D%B7%E6%A8%AE%E6%91%AF%E7%A5%B9%E7%95%AF%E6%9D%AE%E6%8C%AE%E6%B5%AF HTTP/1.1" 404 575 "-" "Mozilla/5.0 (compatible; MJ12bot/v1.4.5; http://www.majestic12.co.uk/bot.php?+)"
83.142.233.105 - - [23/Oct/2014:06:39:56 -0400] "GET /%E7%91%A8%E7%81%B4%E2%BC%BA%E7%9C%AF%E7%9D%B7%E7%88%AE%E6%A5%A5%E6%8C%AE%E6%B5%AF%E6%84%AF%E7%99%A4%E6%B9%A5%E7%95%B4%E6%95%B2%E2%BD%B3%E7%89%B4%E7%81%A9%E2%BD%B3%E6%85%AE%E6%95%AD%E2%BD%B2%E6%B1%A1%E7%8D%A1%E6%85%AB%E6%85%9F%E6%8D%B2%E6%A5%B4%E2%B9%A3%E7%8D%AA%E2%8D%B0 HTTP/1.1" 404 575 "-" "Mozilla/5.0 (compatible; MJ12bot/v1.4.5; http://www.majestic12.co.uk/bot.php?+)"
83.142.233.105 - - [23/Oct/2014:06:39:58 -0400] "GET /%E7%95%AD%E7%91%AC%E2%B5%A9%E6%8D%A1%E6%A5%B4%E6%A5%B6%E7%A5%B4%E6%A0%AE%E6%B5%B4 HTTP/1.1" 404 575 "-" "Mozilla/5.0 (compatible; MJ12bot/v1.4.5; http://www.majestic12.co.uk/bot.php?+)"
10.30.72.4 - - [23/Oct/2014:06:43:56 -0400] "GET /wordpress1/wp-mail.php HTTP/1.0" 500 2965 "-" "WordPress/3.9.2; http://jodyyoung.com/wordpress1"
10.30.72.4 - - [23/Oct/2014:06:43:55 -0400] "GET /wordpress1/wp-mail.php HTTP/1.0" 500 2965 "-" "WordPress/3.9.2; http://jodyyoung.com/wordpress1"
162.244.13.104 - - [23/Oct/2014:07:04:18 -0400] "GET /wordpress1/2013/04/13/arches-canyonlands/ HTTP/1.1" 200 64946 "-" "Mozilla/4.0 (compatible; MSIE 6.0; Windows NT 5.1; SV1; Mozilla/4.0 (compatible; MSIE 6.0; Windows NT 5.1; SV1) ; .NET CLR 1.0.3705)"
10.30.72.4 - - [23/Oct/2014:07:04:23 -0400] "GET /wordpress1/wp-mail.php HTTP/1.0" 500 2965 "-" "WordPress/3.9.2; http://jodyyoung.com/wordpress1"
10.30.72.4 - - [23/Oct/2014:07:04:19 -0400] "GET /wordpress1/wp-mail.php HTTP/1.0" 500 2965 "-" "WordPress/3.9.2; http://jodyyoung.com/wordpress1"
66.249.65.152 - - [23/Oct/2014:07:28:22 -0400] "GET /robots.txt HTTP/1.1" 404 575 "-" "Mozilla/5.0 (compatible; Googlebot/2.1; +http://www.google.com/bot.html)"
66.249.65.152 - - [23/Oct/2014:07:28:22 -0400] "GET / HTTP/1.1" 200 6612 "-" "Mozilla/5.0 (iPhone; CPU iPhone OS 6_0 like Mac OS X) AppleWebKit/536.26 (KHTML, like Gecko) Version/6.0 Mobile/10A5376e Safari/8536.25 (compatible; Googlebot/2.1; +http://www.google.com/bot.html)"
10.30.72.4 - - [23/Oct/2014:07:39:38 -0400] "GET /wordpress1/wp-mail.php HTTP/1.0" 500 2965 "-" "WordPress/3.9.2; http://jodyyoung.com/wordpress1"
10.30.72.4 - - [23/Oct/2014:07:39:37 -0400] "GET /wordpress1/wp-mail.php HTTP/1.0" 500 2965 "-" "WordPress/3.9.2; http://jodyyoung.com/wordpress1"
183.60.212.157 - - [23/Oct/2014:07:55:10 -0400] "GET /wordpress1/guestbook/guestbook-archives/?month=may&yr=2014 HTTP/1.1" 200 77620 "-" "Mozilla/5.0 (compatible; EasouSpider; +http://www.easou.com/search/spider.html)"
10.30.72.4 - - [23/Oct/2014:07:55:15 -0400] "GET /wordpress1/wp-mail.php HTTP/1.0" 500 2965 "-" "WordPress/3.9.2; http://jodyyoung.com/wordpress1"
10.30.72.4 - - [23/Oct/2014:07:55:11 -0400] "GET /wordpress1/wp-mail.php HTTP/1.0" 500 2965 "-" "WordPress/3.9.2; http://jodyyoung.com/wordpress1"
178.255.215.90 - - [23/Oct/2014:07:55:17 -0400] "GET /robots.txt HTTP/1.1" 404 575 "-" "Mozilla/5.0 (compatible; Exabot/3.0 (BiggerBetter); +http://www.exabot.com/go/robot)"
178.255.215.90 - - [23/Oct/2014:07:55:17 -0400] "GET /shariki=540 HTTP/1.1" 404 575 "-" "Mozilla/5.0 (compatible; Exabot/3.0 (BiggerBetter); +http://www.exabot.com/go/robot)"
10.30.72.4 - - [23/Oct/2014:08:16:57 -0400] "GET /wordpress1/wp-mail.php HTTP/1.0" 500 2965 "-" "WordPress/3.9.2; http://jodyyoung.com/wordpress1"
123.125.68.180 - - [23/Oct/2014:08:16:56 -0400] "GET /wordpress1/ HTTP/1.1" 301 - "-" "Mozilla/5.0 (Windows NT 5.1; rv:6.0.2) Gecko/20100101 Firefox/6.0.2"
208.115.111.69 - - [23/Oct/2014:08:18:24 -0400] "GET /robots.txt HTTP/1.1" 404 575 "-" "Mozilla/5.0 (compatible; DotBot/1.1; http://www.opensiteexplorer.org/dotbot, help@moz.com)"
208.115.111.69 - - [23/Oct/2014:08:18:24 -0400] "GET /robots.txt HTTP/1.1" 404 575 "-" "Mozilla/5.0 (compatible; DotBot/1.1; http://www.opensiteexplorer.org/dotbot, help@moz.com)"
66.249.90.80 - - [23/Oct/2014:08:25:15 -0400] "GET /wordpress1/comments/feed/ HTTP/1.1" 200 5165 "-" "Feedfetcher-Google; (+http://www.google.com/feedfetcher.html; 1 subscribers; feed-id=8917805572480071123)"
10.30.72.4 - - [23/Oct/2014:08:32:02 -0400] "GET /wordpress1/wp-mail.php HTTP/1.0" 500 2965 "-" "WordPress/3.9.2; http://jodyyoung.com/wordpress1"
10.30.72.4 - - [23/Oct/2014:08:32:05 -0400] "GET /wordpress1/wp-mail.php HTTP/1.0" 500 2965 "-" "WordPress/3.9.2; http://jodyyoung.com/wordpress1"
217.69.133.169 - - [23/Oct/2014:08:32:37 -0400] "GET / HTTP/1.1" 301 240 "-" "Mozilla/5.0 (X11; Linux x86_64; rv:18.0) Gecko/20100101 Firefox/18.0"
217.69.133.169 - - [23/Oct/2014:08:32:37 -0400] "GET /wordpress1/ HTTP/1.1" 200 63520 "-" "Mozilla/5.0 (X11; Linux x86_64; rv:18.0) Gecko/20100101 Firefox/18.0"
217.69.133.169 - - [23/Oct/2014:08:32:39 -0400] "GET /wordpress1/wp-content/ata-images/jody-tvl.ico HTTP/1.1" 200 894 "-" "Mozilla/5.0 (X11; Linux x86_64; rv:18.0) Gecko/20100101 Firefox/18.0"
66.249.65.106 - - [23/Oct/2014:08:42:52 -0400] "GET /wordpress1/about-htm/?month=oct&yr=2024 HTTP/1.1" 200 59596 "-" "Mozilla/5.0 (compatible; Googlebot/2.1; +http://www.google.com/bot.html)"
66.249.65.106 - - [23/Oct/2014:08:45:28 -0400] "GET / HTTP/1.1" 301 240 "-" "Mozilla/5.0 (iPhone; CPU iPhone OS 6_0 like Mac OS X) AppleWebKit/536.26 (KHTML, like Gecko) Version/6.0 Mobile/10A5376e Safari/8536.25 (compatible; Googlebot/2.1; +http://www.google.com/bot.html)"
66.249.65.106 - - [23/Oct/2014:08:46:01 -0400] "GET /wordpress1/wp-content/plugins/spiffy-calendar/spiffycal.css?ver=3.9 HTTP/1.1" 200 3825 "-" "Mozilla/5.0 (compatible; Googlebot/2.1; +http://www.google.com/bot.html)"
66.249.65.106 - - [23/Oct/2014:08:46:10 -0400] "GET /wordpress1/about-htm/?month=nov&yr=2024 HTTP/1.1" 200 59596 "-" "Mozilla/5.0 (compatible; Googlebot/2.1; +http://www.google.com/bot.html)"
66.249.65.106 - - [23/Oct/2014:08:46:10 -0400] "GET /wordpress1/wp-login.php HTTP/1.1" 200 3247 "-" "Mozilla/5.0 (compatible; Googlebot/2.1; +http://www.google.com/bot.html)"
10.30.72.4 - - [23/Oct/2014:08:47:29 -0400] "GET /wordpress1/wp-mail.php HTTP/1.0" 500 2965 "-" "WordPress/3.9.2; http://jodyyoung.com/wordpress1"
10.30.72.4 - - [23/Oct/2014:08:47:28 -0400] "GET /wordpress1/wp-mail.php HTTP/1.0" 500 2965 "-" "WordPress/3.9.2; http://jodyyoung.com/wordpress1"
66.249.65.106 - - [23/Oct/2014:08:50:38 -0400] "GET /wordpress1/about-htm/?month=dec&yr=2024 HTTP/1.1" 200 59611 "-" "Mozilla/5.0 (compatible; Googlebot/2.1; +http://www.google.com/bot.html)"
66.249.65.106 - - [23/Oct/2014:08:50:45 -0400] "GET /wordpress1/wp-includes/css/buttons.min.css?ver=3.8.3 HTTP/1.1" 200 5563 "-" "Mozilla/5.0 (compatible; Googlebot/2.1; +http://www.google.com/bot.html)"
66.249.65.106 - - [23/Oct/2014:08:50:46 -0400] "GET /wordpress1/wp-includes/css/dashicons.min.css?ver=3.8.3 HTTP/1.1" 200 39585 "-" "Mozilla/5.0 (compatible; Googlebot/2.1; +http://www.google.com/bot.html)"
66.249.65.106 - - [23/Oct/2014:08:50:47 -0400] "GET /wordpress1/wp-admin/css/wp-admin.min.css?ver=3.8.3 HTTP/1.1" 200 198866 "-" "Mozilla/5.0 (compatible; Googlebot/2.1; +http://www.google.com/bot.html)"
66.249.65.106 - - [23/Oct/2014:08:50:48 -0400] "GET /wordpress1/wp-admin/css/colors.min.css?ver=3.8.3 HTTP/1.1" 404 59513 "-" "Mozilla/5.0 (compatible; Googlebot/2.1; +http://www.google.com/bot.html)"
66.249.65.106 - - [23/Oct/2014:08:50:50 -0400] "GET /wordpress1/wp-includes/css/dashicons.min.css?ver=3.9.2 HTTP/1.1" 200 39585 "http://jodyyoung.com/wordpress1/wp-login.php" "Mozilla/5.0 (compatible; Googlebot/2.1; +http://www.google.com/bot.html)"
66.249.65.106 - - [23/Oct/2014:08:56:04 -0400] "GET /wordpress1/about-htm/?month=jan&yr=2025 HTTP/1.1" 200 59595 "-" "Mozilla/5.0 (compatible; Googlebot/2.1; +http://www.google.com/bot.html)"
207.46.13.105 - - [23/Oct/2014:08:57:10 -0400] "GET /robots.txt HTTP/1.1" 404 575 "-" "Mozilla/5.0 (compatible; bingbot/2.0; +http://www.bing.com/bingbot.htm)"
207.46.13.105 - - [23/Oct/2014:08:57:10 -0400] "GET /wordpress1/wp-content/plugins/anti-spam/js/anti-spam.js?ver=2.1 HTTP/1.1" 200 1694 "-" "Mozilla/5.0 (compatible; bingbot/2.0; +http://www.bing.com/bingbot.htm)"
207.46.13.105 - - [23/Oct/2014:08:57:10 -0400] "GET /wordpress1/wp-content/plugins/flash-album-gallery/admin/js/swfobject.js?ver=2.2 HTTP/1.1" 200 11754 "-" "Mozilla/5.0 (compatible; bingbot/2.0; +http://www.bing.com/bingbot.htm)"
207.46.13.105 - - [23/Oct/2014:08:57:10 -0400] "GET /wordpress1/wp-content/plugins/flash-album-gallery/admin/js/swfaddress.js?ver=2.4 HTTP/1.1" 200 15916 "-" "Mozilla/5.0 (compatible; bingbot/2.0; +http://www.bing.com/bingbot.htm)"
207.46.13.105 - - [23/Oct/2014:08:57:11 -0400] "GET /wordpress1/wp-content/uploads/2011/11/g_jody.jpg HTTP/1.1" 200 20687 "-" "Mozilla/5.0 (compatible; bingbot/2.0; +http://www.bing.com/bingbot.htm)"
207.46.13.105 - - [23/Oct/2014:08:57:11 -0400] "GET /wordpress1/wp-includes/js/jquery/jquery.js?ver=1.11.0 HTTP/1.1" 200 96402 "-" "Mozilla/5.0 (compatible; bingbot/2.0; +http://www.bing.com/bingbot.htm)"
10.30.72.4 - - [23/Oct/2014:08:58:20 -0400] "POST /wordpress1/wp-cron.php?doing_wp_cron=1414069100.9277980327606201171875 HTTP/1.0" 200 - "-" "WordPress/3.9.2; http://jodyyoung.com/wordpress1"
66.249.65.106 - - [23/Oct/2014:09:01:54 -0400] "GET /wordpress1/about-htm/?month=jun&yr=2024 HTTP/1.1" 200 60029 "-" "Mozilla/5.0 (compatible; Googlebot/2.1; +http://www.google.com/bot.html)"
66.249.65.106 - - [23/Oct/2014:09:02:31 -0400] "GET /wordpress1/about-htm/?month=feb&yr=2025 HTTP/1.1" 200 59551 "-" "Mozilla/5.0 (compatible; Googlebot/2.1; +http://www.google.com/bot.html)"
10.30.72.4 - - [23/Oct/2014:09:06:09 -0400] "GET /wordpress1/wp-mail.php HTTP/1.0" 500 2965 "-" "WordPress/3.9.2; http://jodyyoung.com/wordpress1"
10.30.72.4 - - [23/Oct/2014:09:06:11 -0400] "GET /wordpress1/wp-mail.php HTTP/1.0" 500 2965 "-" "WordPress/3.9.2; http://jodyyoung.com/wordpress1"
222.77.203.236 - - [23/Oct/2014:09:08:22 -0400] "GET /GBArchive.htm HTTP/1.1" 200 13949 "-" "Mozilla/4.0 (compatible; MSIE 6.0; Windows NT 5.1; SV1; Mozilla/4.0 (compatible; MSIE 6.0; Windows NT 5.1; SV1) ; .NET CLR 1.0.3705)"
222.77.203.236 - - [23/Oct/2014:09:08:24 -0400] "POST /GBArchive.htm/trackback/ HTTP/1.1" 404 575 "http://www.jodyyoung.com/GBArchive.htm" "Mozilla/4.0 (compatible; MSIE 6.0; Windows NT 5.1)"
66.249.65.106 - - [23/Oct/2014:09:10:30 -0400] "GET /wordpress1/about-htm/?month=apr&yr=2024 HTTP/1.1" 200 59578 "-" "Mozilla/5.0 (compatible; Googlebot/2.1; +http://www.google.com/bot.html)"
66.249.65.106 - - [23/Oct/2014:09:10:31 -0400] "GET /wordpress1/about-htm/?month=apr&yr=2025 HTTP/1.1" 200 59578 "-" "Mozilla/5.0 (compatible; Googlebot/2.1; +http://www.google.com/bot.html)"
66.249.65.106 - - [23/Oct/2014:09:15:17 -0400] "GET /wordpress1/about-htm/?month=mar&yr=2024 HTTP/1.1" 200 60045 "-" "Mozilla/5.0 (compatible; Googlebot/2.1; +http://www.google.com/bot.html)"
66.249.65.106 - - [23/Oct/2014:09:15:18 -0400] "GET /wordpress1/about-htm/?month=may&yr=2025 HTTP/1.1" 200 59605 "-" "Mozilla/5.0 (compatible; Googlebot/2.1; +http://www.google.com/bot.html)"
66.249.65.106 - - [23/Oct/2014:09:21:02 -0400] "GET /wordpress1/about-htm/?month=feb&yr=2024 HTTP/1.1" 200 59566 "-" "Mozilla/5.0 (compatible; Googlebot/2.1; +http://www.google.com/bot.html)"
180.76.5.78 - - [23/Oct/2014:09:24:04 -0400] "GET /wordpress1/connections/?month=sept&yr=2013 HTTP/1.1" 301 - "-" "Mozilla/5.0 (compatible; Baiduspider/2.0; +http://www.baidu.com/search/spider.html)"
10.30.72.4 - - [23/Oct/2014:09:24:06 -0400] "GET /wordpress1/wp-mail.php HTTP/1.0" 500 2965 "-" "WordPress/3.9.2; http://jodyyoung.com/wordpress1"
208.115.111.69 - - [23/Oct/2014:09:25:35 -0400] "GET /wordpress1/guestbook/guestbook-archives/?month=oct&yr=2014 HTTP/1.1" 200 75986 "-" "Mozilla/5.0 (compatible; DotBot/1.1; http://www.opensiteexplorer.org/dotbot, help@moz.com)"
208.115.111.69 - - [23/Oct/2014:09:25:40 -0400] "GET /otherareas.html HTTP/1.1" 200 10916 "-" "Mozilla/5.0 (compatible; DotBot/1.1; http://www.opensiteexplorer.org/dotbot, help@moz.com)"
199.15.233.132 - - [23/Oct/2014:09:31:38 -0400] "GET /wordpress1/guestbook/guestbook-archives/ HTTP/1.0" 200 75964 "http://jodyyoung.com/wordpress1/guestbook/guestbook-archives/" "Mozilla/5.0 (Windows NT 6.1; WOW64) AppleWebKit/537.36 (KHTML, like Gecko) Chrome/35.0.1916.153 YaBrowser/14.7.1916.15705 Safari/537.36"
199.15.233.132 - - [23/Oct/2014:09:31:44 -0400] "POST /wordpress1/wp-comments-post.php HTTP/1.0" 500 3105 "http://jodyyoung.com/wordpress1/guestbook/guestbook-archives/" "Mozilla/5.0 (Windows NT 6.1; WOW64) AppleWebKit/537.36 (KHTML, like Gecko) Chrome/35.0.1916.153 YaBrowser/14.7.1916.15705 Safari/537.36"
199.15.233.132 - - [23/Oct/2014:09:31:44 -0400] "GET /wordpress1/guestbook/guestbook-archives/ HTTP/1.0" 200 75964 "http://jodyyoung.com/wordpress1/guestbook/guestbook-archives/" "Mozilla/5.0 (Windows NT 6.1; WOW64) AppleWebKit/537.36 (KHTML, like Gecko) Chrome/35.0.1916.153 YaBrowser/14.7.1916.15705 Safari/537.36"
66.249.65.106 - - [23/Oct/2014:09:36:09 -0400] "GET /wordpress1/about-htm/?month=nov&yr=2023 HTTP/1.1" 200 59581 "-" "Mozilla/5.0 (compatible; Googlebot/2.1; +http://www.google.com/bot.html)"
10.30.72.4 - - [23/Oct/2014:09:41:05 -0400] "GET /wordpress1/wp-mail.php HTTP/1.0" 500 2965 "-" "WordPress/3.9.2; http://jodyyoung.com/wordpress1"
10.30.72.4 - - [23/Oct/2014:09:41:02 -0400] "GET /wordpress1/wp-mail.php HTTP/1.0" 500 2965 "-" "WordPress/3.9.2; http://jodyyoung.com/wordpress1"
193.201.224.28 - - [23/Oct/2014:09:50:16 -0400] "GET /wordpress1/guestbook/guestbook-archives/ HTTP/1.0" 200 75964 "http://jodyyoung.com/wordpress1/guestbook/guestbook-archives/" "Mozilla/5.0 (Windows NT 6.0) AppleWebKit/537.36 (KHTML, like Gecko) Chrome/36.0.1985.143 Safari/537.36"
193.201.224.28 - - [23/Oct/2014:09:50:20 -0400] "POST /wordpress1/wp-comments-post.php HTTP/1.0" 500 3096 "http://jodyyoung.com/wordpress1/guestbook/guestbook-archives/" "Mozilla/5.0 (Windows NT 6.0) AppleWebKit/537.36 (KHTML, like Gecko) Chrome/36.0.1985.143 Safari/537.36"
66.249.65.106 - - [23/Oct/2014:09:51:46 -0400] "GET /wordpress1/about-htm/?month=aug&yr=2023 HTTP/1.1" 200 59595 "-" "Mozilla/5.0 (compatible; Googlebot/2.1; +http://www.google.com/bot.html)"
66.249.65.106 - - [23/Oct/2014:09:52:51 -0400] "GET /wordpress1/about-htm/?month=dec&yr=2025 HTTP/1.1" 200 59596 "-" "Mozilla/5.0 (compatible; Googlebot/2.1; +http://www.google.com/bot.html)"
66.249.65.106 - - [23/Oct/2014:09:55:36 -0400] "GET /wordpress1/about-htm/?month=jan&yr=2026 HTTP/1.1" 200 59610 "-" "Mozilla/5.0 (compatible; Googlebot/2.1; +http://www.google.com/bot.html)"
188.143.232.123 - - [23/Oct/2014:09:58:06 -0400] "GET /wordpress1/guestbook/ HTTP/1.1" 200 64579 "-" "Mozilla/4.0 (compatible; MSIE 6.0; Windows NT 5.1; SV1)"
10.30.72.4 - - [23/Oct/2014:09:58:11 -0400] "GET /wordpress1/wp-mail.php HTTP/1.0" 500 2965 "-" "WordPress/3.9.2; http://jodyyoung.com/wordpress1"
10.30.72.4 - - [23/Oct/2014:09:58:10 -0400] "GET /wordpress1/wp-mail.php HTTP/1.0" 500 2965 "-" "WordPress/3.9.2; http://jodyyoung.com/wordpress1"
10.30.72.4 - - [23/Oct/2014:09:58:07 -0400] "GET /wordpress1/wp-mail.php HTTP/1.0" 500 2965 "-" "WordPress/3.9.2; http://jodyyoung.com/wordpress1"
188.143.232.123 - - [23/Oct/2014:09:58:17 -0400] "POST /wordpress1/wp-comments-post.php HTTP/1.1" 500 3094 "http://jodyyoung.com/wordpress1/guestbook/" "Mozilla/4.0 (compatible; MSIE 6.0; Windows NT 5.1; SV1)"
66.249.65.106 - - [23/Oct/2014:10:07:33 -0400] "GET /wordpress1/about-htm/?month=mar&yr=2026 HTTP/1.1" 200 59608 "-" "Mozilla/5.0 (compatible; Googlebot/2.1; +http://www.google.com/bot.html)"
10.30.72.4 - - [23/Oct/2014:10:13:28 -0400] "GET /wordpress1/wp-mail.php HTTP/1.0" 500 2965 "-" "WordPress/3.9.2; http://jodyyoung.com/wordpress1"
10.30.72.4 - - [23/Oct/2014:10:13:26 -0400] "GET /wordpress1/wp-mail.php HTTP/1.0" 500 2965 "-" "WordPress/3.9.2; http://jodyyoung.com/wordpress1"
66.249.65.106 - - [23/Oct/2014:10:25:15 -0400] "GET /wordpress1/about-htm/?month=feb&yr=2023 HTTP/1.1" 200 59551 "-" "Mozilla/5.0 (compatible; Googlebot/2.1; +http://www.google.com/bot.html)"
193.201.224.68 - - [23/Oct/2014:10:31:11 -0400] "GET /wordpress1/2014/05/27/spring-colors/ HTTP/1.1" 200 65129 "-" "Mozilla/4.0 (compatible; MSIE 6.0; Windows NT 5.1; SV1)"
10.30.72.4 - - [23/Oct/2014:10:31:12 -0400] "GET /wordpress1/wp-mail.php HTTP/1.0" 500 2965 "-" "WordPress/3.9.2; http://jodyyoung.com/wordpress1"
193.201.224.68 - - [23/Oct/2014:10:31:20 -0400] "POST /wordpress1/wp-comments-post.php HTTP/1.1" 500 2984 "http://jodyyoung.com/wordpress1/2014/05/27/spring-colors/" "Mozilla/4.0 (compatible; MSIE 6.0; Windows NT 5.1; SV1; Mozilla/4.0 (compatible; MSIE 6.0; Windows NT 5.1; SV1) ; .NET CLR 2.0.50727 ; .NET CLR 4.0.30319)"
66.249.65.106 - - [23/Oct/2014:10:42:27 -0400] "GET /wordpress1/about-htm/?month=nov&yr=2022 HTTP/1.1" 200 59581 "-" "Mozilla/5.0 (compatible; Googlebot/2.1; +http://www.google.com/bot.html)"
189.39.119.46 - - [23/Oct/2014:10:46:23 -0400] "GET / HTTP/1.1" 301 240 "-" "Mozilla/5.0 (compatible; Googlebot/2.1; +http://www.google.com/bot.html)"
189.39.119.46 - - [23/Oct/2014:10:46:23 -0400] "GET /wordpress1/ HTTP/1.1" 200 62879 "-" "Mozilla/5.0 (compatible; Googlebot/2.1; +http://www.google.com/bot.html)"
10.30.72.4 - - [23/Oct/2014:10:46:25 -0400] "GET /wordpress1/wp-mail.php HTTP/1.0" 500 2965 "-" "WordPress/3.9.2; http://jodyyoung.com/wordpress1"
66.249.65.106 - - [23/Oct/2014:10:50:40 -0400] "GET /wordpress1/about-htm/?month=sept&yr=2022 HTTP/1.1" 200 59582 "-" "Mozilla/5.0 (compatible; Googlebot/2.1; +http://www.google.com/bot.html)"
66.249.65.26 - - [23/Oct/2014:10:59:49 -0400] "GET /wordpress1/2013/04/13/arches-canyonlands/?month=apr&yr=1990 HTTP/1.1" 200 61097 "-" "Mozilla/5.0 (compatible; Googlebot/2.1; +http://www.google.com/bot.html)"
10.30.72.4 - - [23/Oct/2014:11:02:49 -0400] "GET /wordpress1/wp-mail.php HTTP/1.0" 500 2965 "-" "WordPress/3.9.2; http://jodyyoung.com/wordpress1"
10.30.72.4 - - [23/Oct/2014:11:02:51 -0400] "GET /wordpress1/wp-mail.php HTTP/1.0" 500 2965 "-" "WordPress/3.9.2; http://jodyyoung.com/wordpress1"
66.249.65.106 - - [23/Oct/2014:11:04:10 -0400] "GET /wordpress1/wp-content/uploads/2011/11/JYATlogo.jpg HTTP/1.1" 304 - "-" "Googlebot-Image/1.0"
66.249.65.106 - - [23/Oct/2014:11:05:34 -0400] "GET /wordpress1/about-htm/?month=jun&yr=2022 HTTP/1.1" 200 59577 "-" "Mozilla/5.0 (compatible; Googlebot/2.1; +http://www.google.com/bot.html)"
10.30.72.4 - - [23/Oct/2014:11:10:14 -0400] "GET /wordpress1/wp-mail.php HTTP/1.0" 500 2965 "-" "WordPress/3.9.2; http://jodyyoung.com/wordpress1"
10.30.72.4 - - [23/Oct/2014:11:10:13 -0400] "GET /wordpress1/wp-mail.php HTTP/1.0" 500 2965 "-" "WordPress/3.9.2; http://jodyyoung.com/wordpress1"
183.60.214.7 - - [23/Oct/2014:11:14:33 -0400] "GET /wordpress1/contact/?month=jan&yr=2014 HTTP/1.1" 200 62319 "-" "Mozilla/5.0 (compatible; EasouSpider; +http://www.easou.com/search/spider.html)"
66.249.65.106 - - [23/Oct/2014:11:17:16 -0400] "GET /wordpress1/about-htm/?month=apr&yr=2022 HTTP/1.1" 200 59593 "-" "Mozilla/5.0 (compatible; Googlebot/2.1; +http://www.google.com/bot.html)"
66.249.65.106 - - [23/Oct/2014:11:22:28 -0400] "GET /wordpress1/about-htm/?month=mar&yr=2022 HTTP/1.1" 200 59593 "-" "Mozilla/5.0 (compatible; Googlebot/2.1; +http://www.google.com/bot.html)"
188.165.15.15 - - [23/Oct/2014:11:24:16 -0400] "GET /wordpress1/wp-content/flagallery/colorado-photos/st-146ao.jpg HTTP/1.1" 200 256476 "-" "Mozilla/5.0 (compatible; AhrefsBot/5.0; +http://ahrefs.com/robot/)"
10.30.72.4 - - [23/Oct/2014:11:25:54 -0400] "GET /wordpress1/wp-mail.php HTTP/1.0" 500 2965 "-" "WordPress/3.9.2; http://jodyyoung.com/wordpress1"
10.30.72.4 - - [23/Oct/2014:11:25:55 -0400] "GET /wordpress1/wp-mail.php HTTP/1.0" 500 2965 "-" "WordPress/3.9.2; http://jodyyoung.com/wordpress1"
66.249.65.106 - - [23/Oct/2014:11:30:30 -0400] "GET /wordpress1/about-htm/?month=jan&yr=2022 HTTP/1.1" 200 60047 "-" "Mozilla/5.0 (compatible; Googlebot/2.1; +http://www.google.com/bot.html)"
130.211.164.63 - - [23/Oct/2014:11:42:13 -0400] "GET / HTTP/1.0" 200 6612 "-" "NerdyBot"
66.249.65.106 - - [23/Oct/2014:11:43:34 -0400] "GET /wordpress1/about-htm/?month=nov&yr=2021 HTTP/1.1" 200 59581 "-" "Mozilla/5.0 (compatible; Googlebot/2.1; +http://www.google.com/bot.html)"
10.30.72.4 - - [23/Oct/2014:11:43:36 -0400] "GET /wordpress1/wp-mail.php HTTP/1.0" 500 2965 "-" "WordPress/3.9.2; http://jodyyoung.com/wordpress1"
66.249.65.106 - - [23/Oct/2014:11:51:26 -0400] "GET /wordpress1/about-htm/?month=sept&yr=2021 HTTP/1.1" 200 59582 "-" "Mozilla/5.0 (compatible; Googlebot/2.1; +http://www.google.com/bot.html)"
183.60.213.62 - - [23/Oct/2014:11:54:26 -0400] "GET /wordpress1/contact/?month=oct&yr=2013 HTTP/1.1" 200 62322 "-" "Mozilla/5.0 (compatible; EasouSpider; +http://www.easou.com/search/spider.html)"
66.249.65.106 - - [23/Oct/2014:11:55:37 -0400] "GET /wordpress1/about-htm/?month=aug&yr=2021 HTTP/1.1" 200 59609 "-" "Mozilla/5.0 (compatible; Googlebot/2.1; +http://www.google.com/bot.html)"
10.30.72.4 - - [23/Oct/2014:12:00:56 -0400] "POST /wordpress1/wp-cron.php?doing_wp_cron=1414080056.7306499481201171875000 HTTP/1.0" 200 - "-" "WordPress/3.9.2; http://jodyyoung.com/wordpress1"
10.30.72.4 - - [23/Oct/2014:12:00:57 -0400] "GET /wordpress1/wp-mail.php HTTP/1.0" 500 2965 "-" "WordPress/3.9.2; http://jodyyoung.com/wordpress1"
10.30.72.4 - - [23/Oct/2014:12:01:01 -0400] "GET /wordpress1/wp-mail.php HTTP/1.0" 500 2965 "-" "WordPress/3.9.2; http://jodyyoung.com/wordpress1"
10.30.72.4 - - [23/Oct/2014:12:00:57 -0400] "GET /wordpress1/wp-mail.php HTTP/1.0" 500 2965 "-" "WordPress/3.9.2; http://jodyyoung.com/wordpress1"
208.115.111.69 - - [23/Oct/2014:12:17:40 -0400] "GET /robots.txt HTTP/1.1" 404 575 "-" "Mozilla/5.0 (compatible; DotBot/1.1; http://www.opensiteexplorer.org/dotbot, help@moz.com)"
10.30.72.4 - - [23/Oct/2014:12:18:34 -0400] "GET /wordpress1/wp-mail.php HTTP/1.0" 500 2965 "-" "WordPress/3.9.2; http://jodyyoung.com/wordpress1"
10.30.72.4 - - [23/Oct/2014:12:18:32 -0400] "GET /wordpress1/wp-mail.php HTTP/1.0" 500 2965 "-" "WordPress/3.9.2; http://jodyyoung.com/wordpress1"
193.201.224.28 - - [23/Oct/2014:12:22:42 -0400] "GET /wordpress1/guestbook/guestbook-archives/ HTTP/1.0" 200 75964 "http://jodyyoung.com/wordpress1/guestbook/guestbook-archives/" "Mozilla/5.0 (Windows NT 6.1; WOW64; rv:31.0) Gecko/20100101 Firefox/31.0"
193.201.224.28 - - [23/Oct/2014:12:22:44 -0400] "POST /wordpress1/wp-comments-post.php HTTP/1.0" 500 3096 "http://jodyyoung.com/wordpress1/guestbook/guestbook-archives/" "Mozilla/5.0 (Windows NT 6.1; WOW64; rv:31.0) Gecko/20100101 Firefox/31.0"
193.201.224.28 - - [23/Oct/2014:12:28:35 -0400] "GET /wordpress1/2013/10/04/parks-closed/ HTTP/1.0" 200 65059 "http://jodyyoung.com/wordpress1/2013/10/04/parks-closed/" "Mozilla/5.0 (Windows NT 6.1; WOW64) AppleWebKit/537.36 (KHTML, like Gecko) Chrome/36.0.1985.143 Safari/537.36 OPR/23.0.1522.77"
193.201.224.28 - - [23/Oct/2014:12:28:37 -0400] "POST /wordpress1/wp-comments-post.php HTTP/1.0" 500 3096 "http://jodyyoung.com/wordpress1/2013/10/04/parks-closed/" "Mozilla/5.0 (Windows NT 6.1; WOW64) AppleWebKit/537.36 (KHTML, like Gecko) Chrome/36.0.1985.143 Safari/537.36 OPR/23.0.1522.77"
198.27.70.91 - - [23/Oct/2014:12:37:52 -0400] "GET /wordpress1/california/ HTTP/1.1" 403 888 "-" "Mozilla/4.0 (compatible; MSIE 8.0; Windows NT 6.0 ; Claritybot)"
10.30.72.4 - - [23/Oct/2014:12:38:43 -0400] "GET /wordpress1/wp-mail.php HTTP/1.0" 500 2965 "-" "WordPress/3.9.2; http://jodyyoung.com/wordpress1"
66.249.65.106 - - [23/Oct/2014:12:39:11 -0400] "GET /wordpress1/about-htm/?month=jan&yr=2021 HTTP/1.1" 200 60046 "-" "Mozilla/5.0 (compatible; Googlebot/2.1; +http://www.google.com/bot.html)"
198.27.70.91 - - [23/Oct/2014:12:39:44 -0400] "GET /wordpress1/2013/04/13/arches-canyonlands/ HTTP/1.1" 403 907 "-" "Mozilla/4.0 (compatible; MSIE 8.0; Windows NT 6.0 ; Claritybot)"
180.76.6.62 - - [23/Oct/2014:12:42:29 -0400] "GET /wordpress1 HTTP/1.1" 301 244 "-" "Mozilla/5.0 (compatible; Baiduspider/2.0; +http://www.baidu.com/search/spider.html)"
66.249.65.106 - - [23/Oct/2014:12:42:41 -0400] "GET /wordpress1/about-htm/?month=dec&yr=2020 HTTP/1.1" 200 59596 "-" "Mozilla/5.0 (compatible; Googlebot/2.1; +http://www.google.com/bot.html)"
66.249.65.106 - - [23/Oct/2014:12:52:00 -0400] "GET /wordpress1/about-htm/?month=oct&yr=2020 HTTP/1.1" 200 59611 "-" "Mozilla/5.0 (compatible; Googlebot/2.1; +http://www.google.com/bot.html)"
66.249.65.106 - - [23/Oct/2014:12:56:36 -0400] "GET /wordpress1/about-htm/?month=sept&yr=2020 HTTP/1.1" 200 59582 "-" "Mozilla/5.0 (compatible; Googlebot/2.1; +http://www.google.com/bot.html)"
10.30.72.4 - - [23/Oct/2014:12:56:38 -0400] "GET /wordpress1/wp-mail.php HTTP/1.0" 500 2965 "-" "WordPress/3.9.2; http://jodyyoung.com/wordpress1"
10.30.72.4 - - [23/Oct/2014:13:15:43 -0400] "GET /wordpress1/wp-mail.php HTTP/1.0" 500 2965 "-" "WordPress/3.9.2; http://jodyyoung.com/wordpress1"
10.30.72.4 - - [23/Oct/2014:13:15:42 -0400] "GET /wordpress1/wp-mail.php HTTP/1.0" 500 2965 "-" "WordPress/3.9.2; http://jodyyoung.com/wordpress1"
66.249.65.106 - - [23/Oct/2014:13:25:13 -0400] "GET /wordpress1/about-htm/?month=mar&yr=2020 HTTP/1.1" 200 59608 "-" "Mozilla/5.0 (compatible; Googlebot/2.1; +http://www.google.com/bot.html)"
10.30.72.4 - - [23/Oct/2014:13:32:09 -0400] "GET /wordpress1/wp-mail.php HTTP/1.0" 500 2965 "-" "WordPress/3.9.2; http://jodyyoung.com/wordpress1"
10.30.72.4 - - [23/Oct/2014:13:32:08 -0400] "GET /wordpress1/wp-mail.php HTTP/1.0" 500 2965 "-" "WordPress/3.9.2; http://jodyyoung.com/wordpress1"
10.30.72.4 - - [23/Oct/2014:13:32:13 -0400] "GET /wordpress1/wp-mail.php HTTP/1.0" 500 2965 "-" "WordPress/3.9.2; http://jodyyoung.com/wordpress1"
66.249.65.106 - - [23/Oct/2014:13:35:33 -0400] "GET /wordpress1/about-htm/?month=jan&yr=2020 HTTP/1.1" 200 59595 "-" "Mozilla/5.0 (compatible; Googlebot/2.1; +http://www.google.com/bot.html)"
10.30.72.4 - - [23/Oct/2014:13:50:43 -0400] "GET /wordpress1/wp-mail.php HTTP/1.0" 500 2965 "-" "WordPress/3.9.2; http://jodyyoung.com/wordpress1"
10.30.72.4 - - [23/Oct/2014:13:50:45 -0400] "GET /wordpress1/wp-mail.php HTTP/1.0" 500 2965 "-" "WordPress/3.9.2; http://jodyyoung.com/wordpress1"
10.30.72.4 - - [23/Oct/2014:13:57:17 -0400] "POST /wordpress1/wp-cron.php?doing_wp_cron=1414087037.8662729263305664062500 HTTP/1.0" 200 - "-" "WordPress/3.9.2; http://jodyyoung.com/wordpress1"
66.249.65.106 - - [23/Oct/2014:14:05:34 -0400] "GET /wordpress1/about-htm/?month=jul&yr=2019 HTTP/1.1" 200 59592 "-" "Mozilla/5.0 (compatible; Googlebot/2.1; +http://www.google.com/bot.html)"
10.30.72.4 - - [23/Oct/2014:14:08:28 -0400] "GET /wordpress1/wp-mail.php HTTP/1.0" 500 2965 "-" "WordPress/3.9.2; http://jodyyoung.com/wordpress1"
10.30.72.4 - - [23/Oct/2014:14:08:27 -0400] "GET /wordpress1/wp-mail.php HTTP/1.0" 500 2965 "-" "WordPress/3.9.2; http://jodyyoung.com/wordpress1"
66.249.65.106 - - [23/Oct/2014:14:10:37 -0400] "GET /wordpress1/about-htm/?month=jun&yr=2019 HTTP/1.1" 200 60029 "-" "Mozilla/5.0 (compatible; Googlebot/2.1; +http://www.google.com/bot.html)"
10.30.72.4 - - [23/Oct/2014:14:23:33 -0400] "GET /wordpress1/wp-mail.php HTTP/1.0" 500 2965 "-" "WordPress/3.9.2; http://jodyyoung.com/wordpress1"
10.30.72.4 - - [23/Oct/2014:14:23:34 -0400] "GET /wordpress1/wp-mail.php HTTP/1.0" 500 2965 "-" "WordPress/3.9.2; http://jodyyoung.com/wordpress1"
66.249.65.106 - - [23/Oct/2014:14:25:36 -0400] "GET /wordpress1/about-htm/?month=mar&yr=2019 HTTP/1.1" 200 60045 "-" "Mozilla/5.0 (compatible; Googlebot/2.1; +http://www.google.com/bot.html)"
66.249.65.106 - - [23/Oct/2014:14:37:16 -0400] "GET /wordpress1/about-htm/?month=jan&yr=2019 HTTP/1.1" 200 59595 "-" "Mozilla/5.0 (compatible; Googlebot/2.1; +http://www.google.com/bot.html)"
183.60.213.62 - - [23/Oct/2014:14:39:24 -0400] "GET /wordpress1/our-guides/?month=jul&yr=2014 HTTP/1.1" 200 68497 "-" "Mozilla/5.0 (compatible; EasouSpider; +http://www.easou.com/search/spider.html)"
10.30.72.4 - - [23/Oct/2014:14:39:25 -0400] "GET /wordpress1/wp-mail.php HTTP/1.0" 500 2965 "-" "WordPress/3.9.2; http://jodyyoung.com/wordpress1"
84.95.88.100 - - [23/Oct/2014:14:50:55 -0400] "GET / HTTP/1.0" 200 6612 "-" "Mozilla/5.0 (Linux; U; Android 3.0.1; de-de; GT-P7100 Build/HRI83) AppleWebKit/534.13 (KHTML, like Gecko) Version/4.0 MobileS"
10.30.72.4 - - [23/Oct/2014:14:55:46 -0400] "GET /wordpress1/wp-mail.php HTTP/1.0" 500 2965 "-" "WordPress/3.9.2; http://jodyyoung.com/wordpress1"
10.30.72.4 - - [23/Oct/2014:14:55:44 -0400] "GET /wordpress1/wp-mail.php HTTP/1.0" 500 2965 "-" "WordPress/3.9.2; http://jodyyoung.com/wordpress1"
188.165.15.15 - - [23/Oct/2014:14:57:16 -0400] "GET /shariki=466 HTTP/1.1" 404 575 "-" "Mozilla/5.0 (compatible; AhrefsBot/5.0; +http://ahrefs.com/robot/)"
10.30.72.4 - - [23/Oct/2014:14:59:04 -0400] "POST /wordpress1/wp-cron.php?doing_wp_cron=1414090744.1355550289154052734375 HTTP/1.0" 200 - "-" "WordPress/3.9.2; http://jodyyoung.com/wordpress1"
66.249.65.106 - - [23/Oct/2014:15:05:32 -0400] "GET /wordpress1/about-htm/?month=jul&yr=2018 HTTP/1.1" 200 59607 "-" "Mozilla/5.0 (compatible; Googlebot/2.1; +http://www.google.com/bot.html)"
66.249.65.106 - - [23/Oct/2014:15:18:37 -0400] "GET /wordpress1/2013/08/31/alaska-summers/ HTTP/1.1" 200 66911 "-" "Mozilla/5.0 (compatible; Googlebot/2.1; +http://www.google.com/bot.html)"
193.201.224.32 - - [23/Oct/2014:15:26:35 -0400] "GET /wordpress1/guestbook/guestbook-archives/ HTTP/1.0" 200 75964 "http://jodyyoung.com/wordpress1/guestbook/guestbook-archives/" "Mozilla/5.0 (Windows NT 6.1; WOW64) AppleWebKit/537.36 (KHTML, like Gecko) Chrome/36.0.1985.143 Safari/537.36"
193.201.224.32 - - [23/Oct/2014:15:26:39 -0400] "POST /wordpress1/wp-comments-post.php HTTP/1.0" 500 3095 "http://jodyyoung.com/wordpress1/guestbook/guestbook-archives/" "Mozilla/5.0 (Windows NT 6.1; WOW64) AppleWebKit/537.36 (KHTML, like Gecko) Chrome/36.0.1985.143 Safari/537.36"
193.201.224.32 - - [23/Oct/2014:15:26:39 -0400] "GET /wordpress1/guestbook/guestbook-archives/ HTTP/1.0" 200 75963 "http://jodyyoung.com/wordpress1/guestbook/guestbook-archives/" "Mozilla/5.0 (Windows NT 6.1; WOW64) AppleWebKit/537.36 (KHTML, like Gecko) Chrome/36.0.1985.143 Safari/537.36"
10.30.72.4 - - [23/Oct/2014:15:31:15 -0400] "GET /wordpress1/wp-mail.php HTTP/1.0" 500 2965 "-" "WordPress/3.9.2; http://jodyyoung.com/wordpress1"
10.30.72.4 - - [23/Oct/2014:15:31:16 -0400] "GET /wordpress1/wp-mail.php HTTP/1.0" 500 2965 "-" "WordPress/3.9.2; http://jodyyoung.com/wordpress1"
72.43.89.66 - - [23/Oct/2014:15:33:18 -0400] "GET /wordpress1/wp-content/flagallery/alaska-photos/p8240215ao.jpg HTTP/1.1" 200 396551 "https://www.google.com/" "Mozilla/5.0 (Windows NT 6.1) AppleWebKit/537.36 (KHTML, like Gecko) Chrome/38.0.2125.104 Safari/537.36"
66.249.65.106 - - [23/Oct/2014:15:34:57 -0400] "GET /wordpress1/ HTTP/1.1" 200 62879 "-" "Mozilla/5.0 (compatible; Googlebot/2.1; +http://www.google.com/bot.html)"
10.30.72.4 - - [23/Oct/2014:15:47:42 -0400] "GET /wordpress1/wp-mail.php HTTP/1.0" 500 2965 "-" "WordPress/3.9.2; http://jodyyoung.com/wordpress1"
10.30.72.4 - - [23/Oct/2014:15:47:38 -0400] "GET /wordpress1/wp-mail.php HTTP/1.0" 500 2965 "-" "WordPress/3.9.2; http://jodyyoung.com/wordpress1"
10.30.72.4 - - [23/Oct/2014:16:00:26 -0400] "POST /wordpress1/wp-cron.php?doing_wp_cron=1414094426.5206460952758789062500 HTTP/1.0" 200 - "-" "WordPress/3.9.2; http://jodyyoung.com/wordpress1"
10.30.72.4 - - [23/Oct/2014:16:25:36 -0400] "GET /wordpress1/wp-mail.php HTTP/1.0" 500 2965 "-" "WordPress/3.9.2; http://jodyyoung.com/wordpress1"
10.30.72.4 - - [23/Oct/2014:16:25:38 -0400] "GET /wordpress1/wp-mail.php HTTP/1.0" 500 2965 "-" "WordPress/3.9.2; http://jodyyoung.com/wordpress1"
10.30.72.4 - - [23/Oct/2014:16:25:38 -0400] "GET /wordpress1/wp-mail.php HTTP/1.0" 500 2965 "-" "WordPress/3.9.2; http://jodyyoung.com/wordpress1"
180.76.6.21 - - [23/Oct/2014:16:44:50 -0400] "GET /wordpress1/2014/02/19/its-february-and-days-are-getting-longer/?month=jun&yr=2014 HTTP/1.1" 200 61272 "-" "Mozilla/5.0 (compatible; Baiduspider/2.0; +http://www.baidu.com/search/spider.html)"
10.30.72.4 - - [23/Oct/2014:16:44:51 -0400] "GET /wordpress1/wp-mail.php HTTP/1.0" 500 2965 "-" "WordPress/3.9.2; http://jodyyoung.com/wordpress1"
195.211.155.225 - - [23/Oct/2014:16:52:50 -0400] "GET /wordpress1/guestbook/guestbook-archives/ HTTP/1.0" 200 75966 "http://jodyyoung.com/wordpress1/guestbook/guestbook-archives/" "Mozilla/5.0 (Windows NT 6.1) AppleWebKit/537.36 (KHTML, like Gecko) Chrome/36.0.1985.143 Safari/537.36"
195.211.155.225 - - [23/Oct/2014:16:52:55 -0400] "POST /wordpress1/wp-comments-post.php HTTP/1.0" 500 3095 "http://jodyyoung.com/wordpress1/guestbook/guestbook-archives/" "Mozilla/5.0 (Windows NT 6.1) AppleWebKit/537.36 (KHTML, like Gecko) Chrome/36.0.1985.143 Safari/537.36"
180.76.6.41 - - [23/Oct/2014:16:56:46 -0400] "GET /wordpress1/alaska/?month=feb&yr=2014 HTTP/1.1" 301 - "-" "Mozilla/5.0 (compatible; Baiduspider/2.0; +http://www.baidu.com/search/spider.html)"
10.30.72.4 - - [23/Oct/2014:16:57:17 -0400] "POST /wordpress1/wp-cron.php?doing_wp_cron=1414097837.0547139644622802734375 HTTP/1.0" 200 - "-" "WordPress/3.9.2; http://jodyyoung.com/wordpress1"
94.102.56.210 - - [23/Oct/2014:17:11:11 -0400] "GET /wordpress1/guestbook/guestbook-archives/%20%5BPLM=0%5D%20GET%20http://jodyyoung.com/wordpress1/guestbook/guestbook-archives/%20%5B0,68697,73897%5D%20-%3E%20%5BN%5D%20POST%20http://jodyyoung.com/wordpress1/wp-comments-post.php%20%5BR=500%5D%5B0,0,3504%5D HTTP/1.1" 301 - "-" "Mozilla/4.0 (compatible; MSIE 6.0; Windows NT 5.1)"
10.30.72.4 - - [23/Oct/2014:17:11:12 -0400] "GET /wordpress1/wp-mail.php HTTP/1.0" 500 2965 "-" "WordPress/3.9.2; http://jodyyoung.com/wordpress1"
94.102.56.210 - - [23/Oct/2014:17:11:17 -0400] "GET /wordpress1/guestbook/guestbook-archives/%20%5BPLM=0%5D%20GET%20http:/jodyyoung.com/wordpress1/guestbook/guestbook-archives/%20%5B0,68697,73897%5D%20-%3E%20%5BN%5D%20POST%20http:/jodyyoung.com/wordpress1/wp-comments-post.php%20%5BR=500%5D%5B0,0,3504%5D HTTP/1.1" 404 60154 "-" "Mozilla/4.0 (compatible; MSIE 6.0; Windows NT 5.1)"
10.30.72.4 - - [23/Oct/2014:17:27:33 -0400] "GET /wordpress1/wp-mail.php HTTP/1.0" 500 2965 "-" "WordPress/3.9.2; http://jodyyoung.com/wordpress1"
10.30.72.4 - - [23/Oct/2014:17:27:32 -0400] "GET /wordpress1/wp-mail.php HTTP/1.0" 500 2965 "-" "WordPress/3.9.2; http://jodyyoung.com/wordpress1"
66.249.65.106 - - [23/Oct/2014:17:29:15 -0400] "GET /wordpress1/colorado/ HTTP/1.1" 200 67728 "-" "Mozilla/5.0 (compatible; Googlebot/2.1; +http://www.google.com/bot.html)"
91.200.12.64 - - [23/Oct/2014:17:43:43 -0400] "GET / HTTP/1.1" 301 244 "-" "Mozilla/4.0 (compatible; MSIE 6.0; Windows NT 5.1)"
91.200.12.64 - - [23/Oct/2014:17:43:44 -0400] "GET /wordpress1/ HTTP/1.1" 301 - "-" "Mozilla/4.0 (compatible; MSIE 6.0; Windows NT 5.1)"
91.200.12.64 - - [23/Oct/2014:17:43:45 -0400] "GET /wordpress1/ HTTP/1.1" 200 63516 "-" "Mozilla/4.0 (compatible; MSIE 6.0; Windows NT 5.1)"
91.200.12.64 - - [23/Oct/2014:17:43:46 -0400] "POST /trackback/ HTTP/1.1" 404 575 "http://www.jodyyoung.com/" "Mozilla/4.0 (compatible; MSIE 6.0; Windows NT 5.1; SV1; Mozilla/4.0 (compatible; MSIE 6.0; Windows NT 5.1; SV1) ; .NET CLR 2.0.50727 ; .NET CLR 4.0.30319)"
91.200.12.64 - - [23/Oct/2014:17:43:50 -0400] "GET / HTTP/1.1" 301 244 "-" "Mozilla/4.0 (compatible; MSIE 6.0; Windows NT 5.1; SV1; Mozilla/4.0 (compatible; MSIE 6.0; Windows NT 5.1; SV1) )"
91.200.12.64 - - [23/Oct/2014:17:43:51 -0400] "GET /wordpress1/ HTTP/1.1" 301 - "-" "Mozilla/4.0 (compatible; MSIE 6.0; Windows NT 5.1; SV1; Mozilla/4.0 (compatible; MSIE 6.0; Windows NT 5.1; SV1) )"
91.200.12.64 - - [23/Oct/2014:17:43:51 -0400] "GET /wordpress1/ HTTP/1.1" 200 63516 "-" "Mozilla/4.0 (compatible; MSIE 6.0; Windows NT 5.1; SV1; Mozilla/4.0 (compatible; MSIE 6.0; Windows NT 5.1; SV1) )"
91.200.12.64 - - [23/Oct/2014:17:43:56 -0400] "POST /trackback/ HTTP/1.1" 404 575 "http://www.jodyyoung.com/" "Mozilla/4.0 (compatible; MSIE 6.0; Windows NT 5.1; SV1; Mozilla/4.0 (compatible; MSIE 6.0; Windows NT 5.1; SV1) ; .NET CLR 1.0.3705)"
222.77.203.236 - - [23/Oct/2014:17:50:23 -0400] "GET /wordpress1/guestbook/guestbook-archives/ HTTP/1.1" 200 75964 "-" "Mozilla/4.0 (compatible; MSIE 6.0; Windows NT 5.1)"
222.77.203.236 - - [23/Oct/2014:17:50:34 -0400] "POST /wordpress1/wp-comments-post.php HTTP/1.1" 500 3145 "http://jodyyoung.com/wordpress1/guestbook/guestbook-archives/" "Mozilla/4.0 (compatible; MSIE 6.0; Windows NT 5.1; SV1)"
10.30.72.4 - - [23/Oct/2014:18:02:42 -0400] "POST /wordpress1/wp-cron.php?doing_wp_cron=1414101762.0928649902343750000000 HTTP/1.0" 200 - "-" "WordPress/3.9.2; http://jodyyoung.com/wordpress1"
10.30.72.4 - - [23/Oct/2014:18:02:43 -0400] "GET /wordpress1/wp-mail.php HTTP/1.0" 500 2965 "-" "WordPress/3.9.2; http://jodyyoung.com/wordpress1"
10.30.72.4 - - [23/Oct/2014:18:02:47 -0400] "GET /wordpress1/wp-mail.php HTTP/1.0" 500 2965 "-" "WordPress/3.9.2; http://jodyyoung.com/wordpress1"
10.30.72.4 - - [23/Oct/2014:18:02:43 -0400] "GET /wordpress1/wp-mail.php HTTP/1.0" 500 2965 "-" "WordPress/3.9.2; http://jodyyoung.com/wordpress1"
10.30.72.4 - - [23/Oct/2014:18:20:08 -0400] "GET /wordpress1/wp-mail.php HTTP/1.0" 500 2965 "-" "WordPress/3.9.2; http://jodyyoung.com/wordpress1"
10.30.72.4 - - [23/Oct/2014:18:20:06 -0400] "GET /wordpress1/wp-mail.php HTTP/1.0" 500 2965 "-" "WordPress/3.9.2; http://jodyyoung.com/wordpress1"
10.30.72.4 - - [23/Oct/2014:18:20:11 -0400] "GET /wordpress1/wp-mail.php HTTP/1.0" 500 2965 "-" "WordPress/3.9.2; http://jodyyoung.com/wordpress1"
10.30.72.4 - - [23/Oct/2014:18:20:05 -0400] "POST /wordpress1/wp-cron.php?doing_wp_cron=1414102805.2473909854888916015625 HTTP/1.0" 200 - "-" "WordPress/3.9.2; http://jodyyoung.com/wordpress1"
193.201.224.28 - - [23/Oct/2014:18:30:48 -0400] "GET /wordpress1/guestbook/guestbook-archives/ HTTP/1.0" 200 75964 "http://jodyyoung.com/wordpress1/guestbook/guestbook-archives/" "Mozilla/5.0 (Windows NT 6.1; WOW64) AppleWebKit/537.36 (KHTML, like Gecko) Chrome/35.0.1916.153 YaBrowser/14.7.1916.15705 Safari/537.36"
193.201.224.28 - - [23/Oct/2014:18:30:50 -0400] "POST /wordpress1/wp-comments-post.php HTTP/1.0" 500 3096 "http://jodyyoung.com/wordpress1/guestbook/guestbook-archives/" "Mozilla/5.0 (Windows NT 6.1; WOW64) AppleWebKit/537.36 (KHTML, like Gecko) Chrome/35.0.1916.153 YaBrowser/14.7.1916.15705 Safari/537.36"
