0byt3m1n1
Path:
/
data
/
0
/
0
/
69
/
144
/
69470
/
meta
/
70706
/
logs
/
[
Home
]
File: x-access_log.2014-10-23
186.241.254.216 - - [23/Oct/2014:00:18:34 -0400] "GET / HTTP/1.1" 301 240 "-" "Mozilla/5.0 (compatible; Googlebot/2.1; +http://www.google.com/bot.html)"
186.241.254.216 - - [23/Oct/2014:00:18:34 -0400] "GET /wordpress1/ HTTP/1.1" 200 62879 "-" "Mozilla/5.0 (compatible; Googlebot/2.1; +http://www.google.com/bot.html)"
61.135.190.104 - - [23/Oct/2014:01:33:36 -0400] "GET / HTTP/1.1" 301 244 "http://www.baidu.com/s?wd=NULL" "Mozilla/5.0 (Windows; U; Windows NT 5.1; zh-CN; rv:1.9.2.15) Gecko/20110303 Firefox/3.6.15"
61.135.190.104 - - [23/Oct/2014:01:33:36 -0400] "GET /wordpress1/ HTTP/1.1" 301 - "http://www.baidu.com/s?wd=NULL" "Mozilla/5.0 (Windows; U; Windows NT 5.1; zh-CN; rv:1.9.2.15) Gecko/20110303 Firefox/3.6.15"
78.171.116.141 - - [23/Oct/2014:01:58:29 -0400] "GET / HTTP/1.1" 301 240 "-" "Mozilla/5.0 (compatible; Googlebot/2.1; +http://www.google.com/bot.html)"
78.171.116.141 - - [23/Oct/2014:01:58:29 -0400] "GET /wordpress1/ HTTP/1.1" 200 62879 "-" "Mozilla/5.0 (compatible; Googlebot/2.1; +http://www.google.com/bot.html)"
91.200.12.12 - - [23/Oct/2014:02:18:55 -0400] "GET /wordpress1/guestbook/guestbook-archives/ HTTP/1.1" 200 75960 "-" "Mozilla/4.0 (compatible; MSIE 6.0; Windows NT 5.1)"
10.30.72.4 - - [23/Oct/2014:02:18:59 -0400] "GET /wordpress1/wp-mail.php HTTP/1.0" 500 2965 "-" "WordPress/3.9.2; http://jodyyoung.com/wordpress1"
10.30.72.4 - - [23/Oct/2014:02:18:58 -0400] "GET /wordpress1/wp-mail.php HTTP/1.0" 500 2965 "-" "WordPress/3.9.2; http://jodyyoung.com/wordpress1"
10.30.72.4 - - [23/Oct/2014:02:18:57 -0400] "GET /wordpress1/wp-mail.php HTTP/1.0" 500 2965 "-" "WordPress/3.9.2; http://jodyyoung.com/wordpress1"
10.30.72.4 - - [23/Oct/2014:02:18:55 -0400] "GET /wordpress1/wp-mail.php HTTP/1.0" 500 2965 "-" "WordPress/3.9.2; http://jodyyoung.com/wordpress1"
91.200.12.12 - - [23/Oct/2014:02:19:01 -0400] "POST /wordpress1/wp-comments-post.php HTTP/1.1" 500 3113 "http://jodyyoung.com/wordpress1/guestbook/guestbook-archives/" "Mozilla/4.0 (compatible; MSIE 6.0; Windows NT 5.1)"
183.60.214.7 - - [23/Oct/2014:02:43:18 -0400] "GET /wordpress1/guestbook/guestbook-archives/?month=jan&yr=2014 HTTP/1.1" 200 72755 "-" "Mozilla/5.0 (compatible; EasouSpider; +http://www.easou.com/search/spider.html)"
10.30.72.4 - - [23/Oct/2014:02:43:23 -0400] "GET /wordpress1/wp-mail.php HTTP/1.0" 500 2965 "-" "WordPress/3.9.2; http://jodyyoung.com/wordpress1"
10.30.72.4 - - [23/Oct/2014:02:43:21 -0400] "GET /wordpress1/wp-mail.php HTTP/1.0" 500 2965 "-" "WordPress/3.9.2; http://jodyyoung.com/wordpress1"
10.30.72.4 - - [23/Oct/2014:02:43:20 -0400] "GET /wordpress1/wp-mail.php HTTP/1.0" 500 2965 "-" "WordPress/3.9.2; http://jodyyoung.com/wordpress1"
10.30.72.4 - - [23/Oct/2014:02:43:19 -0400] "GET /wordpress1/wp-mail.php HTTP/1.0" 500 2965 "-" "WordPress/3.9.2; http://jodyyoung.com/wordpress1"
192.99.141.252 - - [23/Oct/2014:02:55:18 -0400] "GET /wordpress1/california/ HTTP/1.1" 200 65813 "-" "Mozilla/4.0 (compatible; MSIE 6.0; Windows NT 5.1; SV1)"
76.164.192.43 - - [23/Oct/2014:02:58:01 -0400] "GET /wordpress1/guestbook/ HTTP/1.0" 200 64575 "http://jodyyoung.com/wordpress1/guestbook/" "Mozilla/5.0 (Windows NT 6.1; WOW64) AppleWebKit/537.36 (KHTML, like Gecko) Chrome/37.0.2062.102 Safari/537.36"
10.30.72.4 - - [23/Oct/2014:02:58:02 -0400] "POST /wordpress1/wp-cron.php?doing_wp_cron=1414047482.1099290847778320312500 HTTP/1.0" 200 - "-" "WordPress/3.9.2; http://jodyyoung.com/wordpress1"
76.164.192.43 - - [23/Oct/2014:02:58:05 -0400] "POST /wordpress1/wp-comments-post.php HTTP/1.0" 500 3099 "http://jodyyoung.com/wordpress1/guestbook/" "Mozilla/5.0 (Windows NT 6.1; WOW64) AppleWebKit/537.36 (KHTML, like Gecko) Chrome/37.0.2062.102 Safari/537.36"
180.76.5.27 - - [23/Oct/2014:03:31:57 -0400] "GET /wordpress1/2013/08/31/alaska-summers/?month=jan&yr=2016&replytocom=899 HTTP/1.1" 301 - "-" "Mozilla/5.0 (compatible; Baiduspider/2.0; +http://www.baidu.com/search/spider.html)"
180.76.5.21 - - [23/Oct/2014:03:31:58 -0400] "GET /wordpress1/2013/08/31/alaska-summers/?month=jan&yr=2016&replytocom=899 HTTP/1.1" 200 64275 "-" "Mozilla/5.0 (compatible; Baiduspider/2.0; +http://www.baidu.com/search/spider.html)"
208.115.113.85 - - [23/Oct/2014:03:33:41 -0400] "GET /wordpress1/2013/05/09/more-desert-fun/?month=jul&yr=2014 HTTP/1.1" 200 66335 "-" "Mozilla/5.0 (compatible; DotBot/1.1; http://www.opensiteexplorer.org/dotbot, help@moz.com)"
193.201.224.28 - - [23/Oct/2014:03:46:13 -0400] "GET /wordpress1/2013/10/04/parks-closed/ HTTP/1.0" 200 65059 "http://jodyyoung.com/wordpress1/2013/10/04/parks-closed/" "Mozilla/5.0 (Windows NT 6.3; WOW64) AppleWebKit/537.36 (KHTML, like Gecko) Chrome/36.0.1985.125 Safari/537.36"
10.30.72.4 - - [23/Oct/2014:03:46:18 -0400] "GET /wordpress1/wp-mail.php HTTP/1.0" 500 2965 "-" "WordPress/3.9.2; http://jodyyoung.com/wordpress1"
10.30.72.4 - - [23/Oct/2014:03:46:17 -0400] "GET /wordpress1/wp-mail.php HTTP/1.0" 500 2965 "-" "WordPress/3.9.2; http://jodyyoung.com/wordpress1"
10.30.72.4 - - [23/Oct/2014:03:46:15 -0400] "GET /wordpress1/wp-mail.php HTTP/1.0" 500 2965 "-" "WordPress/3.9.2; http://jodyyoung.com/wordpress1"
10.30.72.4 - - [23/Oct/2014:03:46:14 -0400] "GET /wordpress1/wp-mail.php HTTP/1.0" 500 2965 "-" "WordPress/3.9.2; http://jodyyoung.com/wordpress1"
193.201.224.28 - - [23/Oct/2014:03:46:20 -0400] "POST /wordpress1/wp-comments-post.php HTTP/1.0" 500 3096 "http://jodyyoung.com/wordpress1/2013/10/04/parks-closed/" "Mozilla/5.0 (Windows NT 6.3; WOW64) AppleWebKit/537.36 (KHTML, like Gecko) Chrome/36.0.1985.125 Safari/537.36"
199.15.233.165 - - [23/Oct/2014:03:52:04 -0400] "GET /wordpress1/guestbook/guestbook-archives/ HTTP/1.0" 200 75964 "http://jodyyoung.com/wordpress1/guestbook/guestbook-archives/" "Mozilla/5.0 (Windows NT 6.3; WOW64) AppleWebKit/537.36 (KHTML, like Gecko) Chrome/36.0.1985.125 Safari/537.36"
199.15.233.165 - - [23/Oct/2014:03:52:07 -0400] "POST /wordpress1/wp-comments-post.php HTTP/1.0" 500 3105 "http://jodyyoung.com/wordpress1/guestbook/guestbook-archives/" "Mozilla/5.0 (Windows NT 6.3; WOW64) AppleWebKit/537.36 (KHTML, like Gecko) Chrome/36.0.1985.125 Safari/537.36"
195.211.155.217 - - [23/Oct/2014:04:06:31 -0400] "GET /wordpress1/guestbook/guestbook-archives/ HTTP/1.1" 200 75966 "http://jodyyoung.com/" "Mozilla/5.0 (Windows NT 6.2; WOW64; rv:21.0) Gecko/20100101 Firefox/21.0"
199.15.233.132 - - [23/Oct/2014:04:26:04 -0400] "GET /wordpress1/guestbook/guestbook-archives/ HTTP/1.0" 200 75964 "http://jodyyoung.com/wordpress1/guestbook/guestbook-archives/" "Mozilla/5.0 (Windows NT 6.1; WOW64; rv:31.0) Gecko/20100101 Firefox/31.0"
199.15.233.132 - - [23/Oct/2014:04:26:05 -0400] "POST /wordpress1/wp-comments-post.php HTTP/1.0" 500 3105 "http://jodyyoung.com/wordpress1/guestbook/guestbook-archives/" "Mozilla/5.0 (Windows NT 6.1; WOW64; rv:31.0) Gecko/20100101 Firefox/31.0"
199.15.233.132 - - [23/Oct/2014:04:26:06 -0400] "GET /wordpress1/guestbook/guestbook-archives/ HTTP/1.0" 200 75963 "http://jodyyoung.com/wordpress1/guestbook/guestbook-archives/" "Mozilla/5.0 (Windows NT 6.1; WOW64; rv:31.0) Gecko/20100101 Firefox/31.0"
183.60.212.157 - - [23/Oct/2014:04:51:37 -0400] "GET /wordpress1/utah/?month=mar&yr=2014 HTTP/1.1" 200 70388 "-" "Mozilla/5.0 (compatible; EasouSpider; +http://www.easou.com/search/spider.html)"
10.30.72.4 - - [23/Oct/2014:04:51:38 -0400] "GET /wordpress1/wp-mail.php HTTP/1.0" 500 2965 "-" "WordPress/3.9.2; http://jodyyoung.com/wordpress1"
199.15.233.175 - - [23/Oct/2014:04:58:54 -0400] "GET /wordpress1/guestbook/guestbook-archives/ HTTP/1.0" 200 75964 "http://jodyyoung.com/wordpress1/guestbook/guestbook-archives/" "Mozilla/5.0 (Windows NT 6.1) AppleWebKit/537.36 (KHTML, like Gecko) Chrome/36.0.1985.143 Safari/537.36"
10.30.72.4 - - [23/Oct/2014:04:58:55 -0400] "POST /wordpress1/wp-cron.php?doing_wp_cron=1414054735.1163840293884277343750 HTTP/1.0" 200 - "-" "WordPress/3.9.2; http://jodyyoung.com/wordpress1"
10.30.72.4 - - [23/Oct/2014:04:58:58 -0400] "GET /wordpress1/wp-mail.php HTTP/1.0" 500 2965 "-" "WordPress/3.9.2; http://jodyyoung.com/wordpress1"
10.30.72.4 - - [23/Oct/2014:04:58:56 -0400] "GET /wordpress1/wp-mail.php HTTP/1.0" 500 2965 "-" "WordPress/3.9.2; http://jodyyoung.com/wordpress1"
10.30.72.4 - - [23/Oct/2014:04:58:59 -0400] "GET /wordpress1/wp-mail.php HTTP/1.0" 500 2965 "-" "WordPress/3.9.2; http://jodyyoung.com/wordpress1"
10.30.72.4 - - [23/Oct/2014:04:58:57 -0400] "GET /wordpress1/wp-mail.php HTTP/1.0" 500 2965 "-" "WordPress/3.9.2; http://jodyyoung.com/wordpress1"
10.30.72.4 - - [23/Oct/2014:04:58:56 -0400] "GET /wordpress1/wp-mail.php HTTP/1.0" 500 2965 "-" "WordPress/3.9.2; http://jodyyoung.com/wordpress1"
199.15.233.175 - - [23/Oct/2014:04:59:04 -0400] "POST /wordpress1/wp-comments-post.php HTTP/1.0" 500 3100 "http://jodyyoung.com/wordpress1/guestbook/guestbook-archives/" "Mozilla/5.0 (Windows NT 6.1) AppleWebKit/537.36 (KHTML, like Gecko) Chrome/36.0.1985.143 Safari/537.36"
208.115.111.69 - - [23/Oct/2014:05:14:27 -0400] "GET /shariki=1340 HTTP/1.1" 404 575 "-" "Mozilla/5.0 (compatible; DotBot/1.1; http://www.opensiteexplorer.org/dotbot, help@moz.com)"
208.115.111.69 - - [23/Oct/2014:05:24:08 -0400] "GET /wordpress1/guestbook/?month=aug&yr=2014 HTTP/1.1" 200 67184 "-" "Mozilla/5.0 (compatible; DotBot/1.1; http://www.opensiteexplorer.org/dotbot, help@moz.com)"
208.115.111.69 - - [23/Oct/2014:05:24:11 -0400] "GET /wordpress1/utah/?month=jun&yr=2014 HTTP/1.1" 200 69934 "-" "Mozilla/5.0 (compatible; DotBot/1.1; http://www.opensiteexplorer.org/dotbot, help@moz.com)"
208.115.111.69 - - [23/Oct/2014:05:24:13 -0400] "GET /wordpress1/colorado/?month=jul&yr=2014 HTTP/1.1" 200 69851 "-" "Mozilla/5.0 (compatible; DotBot/1.1; http://www.opensiteexplorer.org/dotbot, help@moz.com)"
199.15.233.132 - - [23/Oct/2014:05:28:16 -0400] "GET /wordpress1/guestbook/guestbook-archives/ HTTP/1.0" 200 75964 "http://jodyyoung.com/wordpress1/guestbook/guestbook-archives/" "Opera/9.80 (Windows NT 5.1) Presto/2.12.388 Version/12.17"
199.15.233.132 - - [23/Oct/2014:05:28:17 -0400] "POST /wordpress1/wp-comments-post.php HTTP/1.0" 500 3105 "http://jodyyoung.com/wordpress1/guestbook/guestbook-archives/" "Opera/9.80 (Windows NT 5.1) Presto/2.12.388 Version/12.17"
199.15.233.132 - - [23/Oct/2014:05:28:18 -0400] "GET /wordpress1/guestbook/guestbook-archives/ HTTP/1.0" 200 75963 "http://jodyyoung.com/wordpress1/guestbook/guestbook-archives/" "Opera/9.80 (Windows NT 5.1) Presto/2.12.388 Version/12.17"
157.55.39.12 - - [23/Oct/2014:05:38:10 -0400] "GET /robots.txt HTTP/1.1" 404 575 "-" "Mozilla/5.0 (compatible; bingbot/2.0; +http://www.bing.com/bingbot.htm)"
183.60.212.157 - - [23/Oct/2014:05:43:09 -0400] "GET /wordpress1/gallery/?month=oct&yr=2014 HTTP/1.1" 200 90309 "-" "Mozilla/5.0 (compatible; EasouSpider; +http://www.easou.com/search/spider.html)"
207.46.13.138 - - [23/Oct/2014:05:56:07 -0400] "GET / HTTP/1.1" 200 6612 "-" "Mozilla/5.0 (compatible; bingbot/2.0; +http://www.bing.com/bingbot.htm)"
192.187.99.194 - - [23/Oct/2014:05:57:16 -0400] "HEAD /wp-login.php HTTP/1.1" 404 - "-" "-"
193.201.224.28 - - [23/Oct/2014:06:08:42 -0400] "GET /wordpress1/guestbook/guestbook-archives/ HTTP/1.0" 200 75964 "http://jodyyoung.com/wordpress1/guestbook/guestbook-archives/" "Mozilla/5.0 (Windows NT 6.3; WOW64; rv:31.0) Gecko/20100101 Firefox/31.0"
10.30.72.4 - - [23/Oct/2014:06:08:47 -0400] "GET /wordpress1/wp-mail.php HTTP/1.0" 500 2965 "-" "WordPress/3.9.2; http://jodyyoung.com/wordpress1"
10.30.72.4 - - [23/Oct/2014:06:08:46 -0400] "GET /wordpress1/wp-mail.php HTTP/1.0" 500 2965 "-" "WordPress/3.9.2; http://jodyyoung.com/wordpress1"
193.201.224.28 - - [23/Oct/2014:06:08:44 -0400] "POST /wordpress1/wp-comments-post.php HTTP/1.0" 500 3096 "http://jodyyoung.com/wordpress1/guestbook/guestbook-archives/" "Mozilla/5.0 (Windows NT 6.3; WOW64; rv:31.0) Gecko/20100101 Firefox/31.0"
10.30.72.4 - - [23/Oct/2014:06:08:46 -0400] "GET /wordpress1/wp-mail.php HTTP/1.0" 500 2965 "-" "WordPress/3.9.2; http://jodyyoung.com/wordpress1"
10.30.72.4 - - [23/Oct/2014:06:08:44 -0400] "GET /wordpress1/wp-mail.php HTTP/1.0" 500 2965 "-" "WordPress/3.9.2; http://jodyyoung.com/wordpress1"
10.30.72.4 - - [23/Oct/2014:06:08:43 -0400] "GET /wordpress1/wp-mail.php HTTP/1.0" 500 2965 "-" "WordPress/3.9.2; http://jodyyoung.com/wordpress1"
193.201.224.28 - - [23/Oct/2014:06:14:28 -0400] "GET /wordpress1/2013/10/04/parks-closed/ HTTP/1.0" 200 65059 "http://jodyyoung.com/wordpress1/2013/10/04/parks-closed/" "Mozilla/5.0 (Windows NT 6.3; WOW64) AppleWebKit/537.36 (KHTML, like Gecko) Chrome/36.0.1985.143 Safari/537.36"
193.201.224.28 - - [23/Oct/2014:06:14:31 -0400] "POST /wordpress1/wp-comments-post.php HTTP/1.0" 500 3096 "http://jodyyoung.com/wordpress1/2013/10/04/parks-closed/" "Mozilla/5.0 (Windows NT 6.3; WOW64) AppleWebKit/537.36 (KHTML, like Gecko) Chrome/36.0.1985.143 Safari/537.36"
10.30.72.4 - - [23/Oct/2014:06:14:29 -0400] "POST /wordpress1/wp-cron.php?doing_wp_cron=1414059269.0868499279022216796875 HTTP/1.0" 200 - "-" "WordPress/3.9.2; http://jodyyoung.com/wordpress1"
199.15.233.187 - - [23/Oct/2014:06:38:52 -0400] "GET /wordpress1/guestbook/guestbook-archives/ HTTP/1.0" 200 75964 "http://jodyyoung.com/wordpress1/guestbook/guestbook-archives/" "Mozilla/5.0 (Windows NT 6.1; WOW64) AppleWebKit/537.36 (KHTML, like Gecko) Chrome/35.0.1916.153 YaBrowser/14.7.1916.15705 Safari/537.36"
199.15.233.187 - - [23/Oct/2014:06:38:56 -0400] "POST /wordpress1/wp-comments-post.php HTTP/1.0" 500 3100 "http://jodyyoung.com/wordpress1/guestbook/guestbook-archives/" "Mozilla/5.0 (Windows NT 6.1; WOW64) AppleWebKit/537.36 (KHTML, like Gecko) Chrome/35.0.1916.153 YaBrowser/14.7.1916.15705 Safari/537.36"
199.15.233.187 - - [23/Oct/2014:06:38:57 -0400] "GET /wordpress1/guestbook/guestbook-archives/ HTTP/1.0" 200 75963 "http://jodyyoung.com/wordpress1/guestbook/guestbook-archives/" "Mozilla/5.0 (Windows NT 6.1; WOW64) AppleWebKit/537.36 (KHTML, like Gecko) Chrome/35.0.1916.153 YaBrowser/14.7.1916.15705 Safari/537.36"
183.60.213.62 - - [23/Oct/2014:06:57:28 -0400] "GET /wordpress1/utah/?month=feb&yr=2015 HTTP/1.1" 200 69470 "-" "Mozilla/5.0 (compatible; EasouSpider; +http://www.easou.com/search/spider.html)"
10.30.72.4 - - [23/Oct/2014:06:57:28 -0400] "POST /wordpress1/wp-cron.php?doing_wp_cron=1414061848.4122710227966308593750 HTTP/1.0" 200 - "-" "WordPress/3.9.2; http://jodyyoung.com/wordpress1"
195.211.154.137 - - [23/Oct/2014:07:22:26 -0400] "GET /wordpress1/guestbook/?sign=1 HTTP/1.0" 200 64586 "http://jodyyoung.com/wordpress1/guestbook/?sign=1" "Mozilla/5.0 (Windows NT 6.3; WOW64) AppleWebKit/537.36 (KHTML, like Gecko) Chrome/36.0.1985.125 Safari/537.36"
10.30.72.4 - - [23/Oct/2014:07:22:31 -0400] "GET /wordpress1/wp-mail.php HTTP/1.0" 500 2965 "-" "WordPress/3.9.2; http://jodyyoung.com/wordpress1"
10.30.72.4 - - [23/Oct/2014:07:22:29 -0400] "GET /wordpress1/wp-mail.php HTTP/1.0" 500 2965 "-" "WordPress/3.9.2; http://jodyyoung.com/wordpress1"
10.30.72.4 - - [23/Oct/2014:07:22:28 -0400] "GET /wordpress1/wp-mail.php HTTP/1.0" 500 2965 "-" "WordPress/3.9.2; http://jodyyoung.com/wordpress1"
10.30.72.4 - - [23/Oct/2014:07:22:27 -0400] "GET /wordpress1/wp-mail.php HTTP/1.0" 500 2965 "-" "WordPress/3.9.2; http://jodyyoung.com/wordpress1"
195.211.154.137 - - [23/Oct/2014:07:22:33 -0400] "POST /wordpress1/wp-comments-post.php HTTP/1.0" 500 3097 "http://jodyyoung.com/wordpress1/guestbook/?sign=1" "Mozilla/5.0 (Windows NT 6.3; WOW64) AppleWebKit/537.36 (KHTML, like Gecko) Chrome/36.0.1985.125 Safari/537.36"
195.211.154.137 - - [23/Oct/2014:07:22:34 -0400] "GET /wordpress1/guestbook/?sign=1 HTTP/1.0" 200 64585 "http://jodyyoung.com/wordpress1/guestbook/?sign=1" "Mozilla/5.0 (Windows NT 6.3; WOW64) AppleWebKit/537.36 (KHTML, like Gecko) Chrome/36.0.1985.125 Safari/537.36"
123.125.71.85 - - [23/Oct/2014:08:16:56 -0400] "GET /robots.txt HTTP/1.1" 404 575 "-" "Mozilla/5.0 (compatible; Baiduspider/2.0; +http://www.baidu.com/search/spider.html)"
123.125.68.137 - - [23/Oct/2014:08:16:50 -0400] "GET /wordpress1/ HTTP/1.1" 200 63521 "-" "Mozilla/5.0 (Windows NT 5.1; rv:6.0.2) Gecko/20100101 Firefox/6.0.2"
10.30.72.4 - - [23/Oct/2014:08:16:51 -0400] "POST /wordpress1/wp-cron.php?doing_wp_cron=1414066611.5942940711975097656250 HTTP/1.0" 200 - "-" "WordPress/3.9.2; http://jodyyoung.com/wordpress1"
10.30.72.4 - - [23/Oct/2014:08:16:55 -0400] "GET /wordpress1/wp-mail.php HTTP/1.0" 500 2965 "-" "WordPress/3.9.2; http://jodyyoung.com/wordpress1"
10.30.72.4 - - [23/Oct/2014:08:16:54 -0400] "GET /wordpress1/wp-mail.php HTTP/1.0" 500 2965 "-" "WordPress/3.9.2; http://jodyyoung.com/wordpress1"
10.30.72.4 - - [23/Oct/2014:08:16:52 -0400] "GET /wordpress1/wp-mail.php HTTP/1.0" 500 2965 "-" "WordPress/3.9.2; http://jodyyoung.com/wordpress1"
10.30.72.4 - - [23/Oct/2014:08:16:54 -0400] "GET /wordpress1/wp-mail.php HTTP/1.0" 500 2965 "-" "WordPress/3.9.2; http://jodyyoung.com/wordpress1"
10.30.72.4 - - [23/Oct/2014:08:16:53 -0400] "GET /wordpress1/wp-mail.php HTTP/1.0" 500 2965 "-" "WordPress/3.9.2; http://jodyyoung.com/wordpress1"
150.70.75.212 - - [23/Oct/2014:08:32:08 -0400] "GET / HTTP/1.1" 301 240 "-" "Mozilla/4.0 (compatible; MSIE 8.0; Windows NT 5.1; Trident/4.0)"
66.249.65.153 - - [23/Oct/2014:09:09:47 -0400] "GET /311/images/motif03.jpg HTTP/1.1" 200 18763 "-" "Googlebot-Image/1.0"
157.55.39.13 - - [23/Oct/2014:09:23:25 -0400] "GET / HTTP/1.1" 301 240 "-" "Mozilla/5.0 (compatible; bingbot/2.0; +http://www.bing.com/bingbot.htm)"
157.55.39.13 - - [23/Oct/2014:09:23:25 -0400] "GET /wordpress1/wp-content/themes/atahualpa/images/expand-down.gif HTTP/1.1" 200 57 "-" "Mozilla/5.0 (compatible; bingbot/2.0; +http://www.bing.com/bingbot.htm)"
157.55.39.13 - - [23/Oct/2014:09:23:25 -0400] "GET /wordpress1/wp-content/themes/atahualpa/js/DD_roundies.js?ver=0.0.2a HTTP/1.1" 200 16853 "-" "Mozilla/5.0 (compatible; bingbot/2.0; +http://www.bing.com/bingbot.htm)"
157.55.39.13 - - [23/Oct/2014:09:23:25 -0400] "GET /wordpress1/wp-content/themes/atahualpa/images/inputbackgr.gif HTTP/1.1" 200 4765 "-" "Mozilla/5.0 (compatible; bingbot/2.0; +http://www.bing.com/bingbot.htm)"
183.60.214.7 - - [23/Oct/2014:09:30:19 -0400] "GET /wordpress1/guestbook/?month=may&yr=2014 HTTP/1.1" 200 66229 "-" "Mozilla/5.0 (compatible; EasouSpider; +http://www.easou.com/search/spider.html)"
180.76.5.18 - - [23/Oct/2014:09:54:04 -0400] "GET /wordpress1/gallery/?month=may&yr=2015 HTTP/1.1" 301 - "-" "Mozilla/5.0 (compatible; Baiduspider/2.0; +http://www.baidu.com/search/spider.html)"
91.200.12.12 - - [23/Oct/2014:10:09:37 -0400] "GET /wordpress1/guestbook/guestbook-archives/ HTTP/1.1" 200 75960 "-" "Mozilla/4.0 (compatible; MSIE 6.0; Windows NT 5.1; SV1; Mozilla/4.0 (compatible; MSIE 6.0; Windows NT 5.1; SV1) ; .NET CLR 1.0.3705)"
91.200.12.12 - - [23/Oct/2014:10:09:40 -0400] "POST /wordpress1/wp-comments-post.php HTTP/1.1" 500 3109 "http://jodyyoung.com/wordpress1/guestbook/guestbook-archives/" "Mozilla/4.0 (compatible; MSIE 6.0; Windows NT 5.1; SV1)"
157.55.39.13 - - [23/Oct/2014:10:11:30 -0400] "GET / HTTP/1.1" 301 240 "-" "Mozilla/5.0 (compatible; bingbot/2.0; +http://www.bing.com/bingbot.htm)"
193.201.224.28 - - [23/Oct/2014:10:14:37 -0400] "GET /wordpress1/2013/09/11/back-to-the-desert/ HTTP/1.0" 200 64964 "http://jodyyoung.com/wordpress1/2013/09/11/back-to-the-desert/" "Mozilla/5.0 (Windows NT 6.3; WOW64) AppleWebKit/537.36 (KHTML, like Gecko) Chrome/36.0.1985.125 Safari/537.36"
193.201.224.28 - - [23/Oct/2014:10:14:37 -0400] "GET /wordpress1/2013/10/29/days-getting-shorter/ HTTP/1.0" 200 64936 "http://jodyyoung.com/wordpress1/2013/10/29/days-getting-shorter/" "Mozilla/5.0 (Windows NT 5.1) AppleWebKit/537.36 (KHTML, like Gecko) Chrome/36.0.1985.143 Safari/537.36"
193.201.224.28 - - [23/Oct/2014:10:14:37 -0400] "GET /wordpress1/2012/10/25/new-web-site/ HTTP/1.0" 200 66562 "http://jodyyoung.com/wordpress1/2012/10/25/new-web-site/" "Mozilla/5.0 (Windows NT 6.2; WOW64) AppleWebKit/537.36 (KHTML, like Gecko) Chrome/36.0.1985.143 Safari/537.36"
193.201.224.28 - - [23/Oct/2014:10:14:38 -0400] "GET /wordpress1/gallery/ HTTP/1.0" 200 90300 "http://jodyyoung.com/wordpress1/gallery/" "Opera/9.80 (Windows NT 5.1) Presto/2.12.388 Version/12.17"
193.201.224.28 - - [23/Oct/2014:10:14:38 -0400] "GET /wordpress1/2013/05/09/more-desert-fun/ HTTP/1.0" 200 64831 "http://jodyyoung.com/wordpress1/2013/05/09/more-desert-fun/" "Mozilla/5.0 (Windows NT 6.3; WOW64) AppleWebKit/537.36 (KHTML, like Gecko) Chrome/36.0.1985.143 Safari/537.36 OPR/23.0.1522.77"
193.201.224.28 - - [23/Oct/2014:10:14:38 -0400] "GET /wordpress1/2013/08/31/alaska-summers/ HTTP/1.0" 200 67552 "http://jodyyoung.com/wordpress1/2013/08/31/alaska-summers/" "Mozilla/5.0 (Windows NT 5.1; rv:31.0) Gecko/20100101 Firefox/31.0"
193.201.224.28 - - [23/Oct/2014:10:14:39 -0400] "POST /wordpress1/wp-comments-post.php HTTP/1.0" 500 3096 "http://jodyyoung.com/wordpress1/2013/09/11/back-to-the-desert/" "Mozilla/5.0 (Windows NT 6.3; WOW64) AppleWebKit/537.36 (KHTML, like Gecko) Chrome/36.0.1985.125 Safari/537.36"
193.201.224.28 - - [23/Oct/2014:10:14:38 -0400] "GET /wordpress1/2013/04/13/arches-canyonlands/ HTTP/1.0" 200 64945 "http://jodyyoung.com/wordpress1/2013/04/13/arches-canyonlands/" "Mozilla/5.0 (Windows NT 6.3; WOW64) AppleWebKit/537.36 (KHTML, like Gecko) Chrome/36.0.1985.125 Safari/537.36"
193.201.224.28 - - [23/Oct/2014:10:14:40 -0400] "POST /wordpress1/wp-comments-post.php HTTP/1.0" 500 3096 "http://jodyyoung.com/wordpress1/2013/10/29/days-getting-shorter/" "Mozilla/5.0 (Windows NT 5.1) AppleWebKit/537.36 (KHTML, like Gecko) Chrome/36.0.1985.143 Safari/537.36"
193.201.224.28 - - [23/Oct/2014:10:14:40 -0400] "POST /wordpress1/wp-comments-post.php HTTP/1.0" 500 3096 "http://jodyyoung.com/wordpress1/2012/10/25/new-web-site/" "Mozilla/5.0 (Windows NT 6.2; WOW64) AppleWebKit/537.36 (KHTML, like Gecko) Chrome/36.0.1985.143 Safari/537.36"
193.201.224.28 - - [23/Oct/2014:10:14:40 -0400] "POST /wordpress1/wp-comments-post.php HTTP/1.0" 500 3096 "http://jodyyoung.com/wordpress1/2013/05/09/more-desert-fun/" "Mozilla/5.0 (Windows NT 6.3; WOW64) AppleWebKit/537.36 (KHTML, like Gecko) Chrome/36.0.1985.143 Safari/537.36 OPR/23.0.1522.77"
193.201.224.28 - - [23/Oct/2014:10:14:40 -0400] "POST /wordpress1/wp-comments-post.php HTTP/1.0" 500 3096 "http://jodyyoung.com/wordpress1/2013/08/31/alaska-summers/" "Mozilla/5.0 (Windows NT 5.1; rv:31.0) Gecko/20100101 Firefox/31.0"
193.201.224.28 - - [23/Oct/2014:10:14:40 -0400] "POST /wordpress1/wp-comments-post.php HTTP/1.0" 500 3096 "http://jodyyoung.com/wordpress1/gallery/" "Opera/9.80 (Windows NT 5.1) Presto/2.12.388 Version/12.17"
193.201.224.28 - - [23/Oct/2014:10:14:41 -0400] "POST /wordpress1/wp-comments-post.php HTTP/1.0" 500 3096 "http://jodyyoung.com/wordpress1/2013/04/13/arches-canyonlands/" "Mozilla/5.0 (Windows NT 6.3; WOW64) AppleWebKit/537.36 (KHTML, like Gecko) Chrome/36.0.1985.125 Safari/537.36"
208.115.113.85 - - [23/Oct/2014:10:22:30 -0400] "GET /robots.txt HTTP/1.1" 404 575 "-" "Mozilla/5.0 (compatible; DotBot/1.1; http://www.opensiteexplorer.org/dotbot, help@moz.com)"
200.215.14.114 - - [23/Oct/2014:10:32:47 -0400] "GET / HTTP/1.1" 301 240 "-" "Mozilla/5.0 (compatible; Googlebot/2.1; +http://www.google.com/bot.html)"
200.215.14.114 - - [23/Oct/2014:10:32:47 -0400] "GET /wordpress1/ HTTP/1.1" 200 62879 "-" "Mozilla/5.0 (compatible; Googlebot/2.1; +http://www.google.com/bot.html)"
199.15.233.165 - - [23/Oct/2014:11:40:39 -0400] "GET /wordpress1/guestbook/guestbook-archives/ HTTP/1.0" 200 75964 "http://jodyyoung.com/wordpress1/guestbook/guestbook-archives/" "Mozilla/5.0 (Windows NT 6.3; WOW64) AppleWebKit/537.36 (KHTML, like Gecko) Chrome/36.0.1985.143 Safari/537.36"
199.15.233.165 - - [23/Oct/2014:11:40:42 -0400] "POST /wordpress1/wp-comments-post.php HTTP/1.0" 500 3105 "http://jodyyoung.com/wordpress1/guestbook/guestbook-archives/" "Mozilla/5.0 (Windows NT 6.3; WOW64) AppleWebKit/537.36 (KHTML, like Gecko) Chrome/36.0.1985.143 Safari/537.36"
207.172.186.71 - - [23/Oct/2014:12:20:11 -0400] "HEAD / HTTP/1.1" 200 - "-" "Mozilla/5.0 (compatible; pmoz.info ODP link checker; +http://pmoz.info/doc/botinfo.htm)"
200.239.65.168 - - [23/Oct/2014:12:31:24 -0400] "GET / HTTP/1.0" 301 240 "-" "Mozilla/5.0 (compatible; Googlebot/2.1; +http://www.google.com/bot.html)"
200.239.65.168 - - [23/Oct/2014:12:31:26 -0400] "GET /wordpress1/ HTTP/1.0" 200 62879 "-" "Mozilla/5.0 (compatible; Googlebot/2.1; +http://www.google.com/bot.html)"
189.249.28.136 - - [23/Oct/2014:12:46:42 -0400] "GET / HTTP/1.1" 301 240 "-" "Mozilla/5.0 (compatible; Googlebot/2.1; +http://www.google.com/bot.html)"
189.249.28.136 - - [23/Oct/2014:12:46:42 -0400] "GET /wordpress1/ HTTP/1.1" 200 62879 "-" "Mozilla/5.0 (compatible; Googlebot/2.1; +http://www.google.com/bot.html)"
199.15.233.176 - - [23/Oct/2014:12:58:42 -0400] "GET /wordpress1/guestbook/guestbook-archives/ HTTP/1.0" 200 75964 "http://jodyyoung.com/wordpress1/guestbook/guestbook-archives/" "Mozilla/5.0 (Windows NT 6.1; WOW64) AppleWebKit/537.36 (KHTML, like Gecko) Chrome/36.0.1985.143 Safari/537.36"
10.30.72.4 - - [23/Oct/2014:12:58:42 -0400] "POST /wordpress1/wp-cron.php?doing_wp_cron=1414083522.6769490242004394531250 HTTP/1.0" 200 - "-" "WordPress/3.9.2; http://jodyyoung.com/wordpress1"
199.15.233.176 - - [23/Oct/2014:12:58:46 -0400] "POST /wordpress1/wp-comments-post.php HTTP/1.0" 500 3100 "http://jodyyoung.com/wordpress1/guestbook/guestbook-archives/" "Mozilla/5.0 (Windows NT 6.1; WOW64) AppleWebKit/537.36 (KHTML, like Gecko) Chrome/36.0.1985.143 Safari/537.36"
199.15.233.176 - - [23/Oct/2014:12:58:47 -0400] "GET /wordpress1/guestbook/guestbook-archives/ HTTP/1.0" 200 75964 "http://jodyyoung.com/wordpress1/guestbook/guestbook-archives/" "Mozilla/5.0 (Windows NT 6.1; WOW64) AppleWebKit/537.36 (KHTML, like Gecko) Chrome/36.0.1985.143 Safari/537.36"
54.167.144.4 - - [23/Oct/2014:13:10:15 -0400] "GET /robots.txt HTTP/1.0" 404 575 "-" "CCBot/2.0 (http://commoncrawl.org/faq/)"
54.167.144.4 - - [23/Oct/2014:13:10:15 -0400] "GET /wordpress1/ HTTP/1.0" 200 63517 "-" "CCBot/2.0 (http://commoncrawl.org/faq/)"
206.253.226.18 - - [23/Oct/2014:13:24:15 -0400] "GET /robots.txt HTTP/1.1" 404 575 "-" "Mozilla/5.0 (compatible; oBot/2.3.1; http://filterdb.iss.net/crawler/)"
206.253.226.18 - - [23/Oct/2014:13:24:15 -0400] "HEAD /images/100_C__CompuServe_Download_Alaskan_oil_pipeline_12_Aug_01.JPG HTTP/1.1" 200 - "-" "Mozilla/5.0 (compatible; oBot/2.3.1; http://filterdb.iss.net/crawler/)"
206.253.226.18 - - [23/Oct/2014:13:24:15 -0400] "HEAD /images/200_firesong.jpg HTTP/1.1" 200 - "-" "Mozilla/5.0 (compatible; oBot/2.3.1; http://filterdb.iss.net/crawler/)"
206.253.226.18 - - [23/Oct/2014:13:24:16 -0400] "HEAD /311/images/motif03.jpg HTTP/1.1" 200 - "-" "Mozilla/5.0 (compatible; oBot/2.3.1; http://filterdb.iss.net/crawler/)"
206.253.226.18 - - [23/Oct/2014:13:24:16 -0400] "HEAD /images/250_10-2646a.jpg HTTP/1.1" 200 - "-" "Mozilla/5.0 (compatible; oBot/2.3.1; http://filterdb.iss.net/crawler/)"
206.253.226.18 - - [23/Oct/2014:13:24:16 -0400] "HEAD /images/92_vicki.jpg HTTP/1.1" 200 - "-" "Mozilla/5.0 (compatible; oBot/2.3.1; http://filterdb.iss.net/crawler/)"
206.253.226.18 - - [23/Oct/2014:13:24:16 -0400] "HEAD /311/images/09a.jpg HTTP/1.1" 200 - "-" "Mozilla/5.0 (compatible; oBot/2.3.1; http://filterdb.iss.net/crawler/)"
206.253.226.18 - - [23/Oct/2014:13:24:17 -0400] "HEAD /images/146_angels.jpg HTTP/1.1" 200 - "-" "Mozilla/5.0 (compatible; oBot/2.3.1; http://filterdb.iss.net/crawler/)"
206.253.226.18 - - [23/Oct/2014:13:24:17 -0400] "HEAD /images/250_IMG0092a.jpg HTTP/1.1" 200 - "-" "Mozilla/5.0 (compatible; oBot/2.3.1; http://filterdb.iss.net/crawler/)"
206.253.226.18 - - [23/Oct/2014:13:24:17 -0400] "HEAD /images/100_C__CompuServe_Download_Camping_at_11pm_Prudhoe_Bay_12_Aug_01.JPG HTTP/1.1" 200 - "-" "Mozilla/5.0 (compatible; oBot/2.3.1; http://filterdb.iss.net/crawler/)"
206.253.226.18 - - [23/Oct/2014:13:24:20 -0400] "HEAD /images/jysbanner.jpg HTTP/1.1" 200 - "-" "Mozilla/5.0 (compatible; oBot/2.3.1; http://filterdb.iss.net/crawler/)"
206.253.226.18 - - [23/Oct/2014:13:24:21 -0400] "HEAD /311/images/07a.jpg HTTP/1.1" 200 - "-" "Mozilla/5.0 (compatible; oBot/2.3.1; http://filterdb.iss.net/crawler/)"
206.253.226.18 - - [23/Oct/2014:13:24:21 -0400] "HEAD /311/images/motif02.jpg HTTP/1.1" 200 - "-" "Mozilla/5.0 (compatible; oBot/2.3.1; http://filterdb.iss.net/crawler/)"
206.253.226.18 - - [23/Oct/2014:13:24:21 -0400] "HEAD /images/jody2005.jpg HTTP/1.1" 200 - "-" "Mozilla/5.0 (compatible; oBot/2.3.1; http://filterdb.iss.net/crawler/)"
206.253.226.18 - - [23/Oct/2014:13:24:21 -0400] "HEAD /images/435_IMG0054a_Apr04_1246PM.jpg HTTP/1.1" 200 - "-" "Mozilla/5.0 (compatible; oBot/2.3.1; http://filterdb.iss.net/crawler/)"
206.253.226.18 - - [23/Oct/2014:13:24:22 -0400] "HEAD /images/174_jody_zion.jpg HTTP/1.1" 200 - "-" "Mozilla/5.0 (compatible; oBot/2.3.1; http://filterdb.iss.net/crawler/)"
206.253.226.18 - - [23/Oct/2014:13:24:22 -0400] "HEAD /images/88_jody_cu.jpg HTTP/1.1" 200 - "-" "Mozilla/5.0 (compatible; oBot/2.3.1; http://filterdb.iss.net/crawler/)"
206.253.226.18 - - [23/Oct/2014:13:24:22 -0400] "HEAD /images/96_jill.jpg HTTP/1.1" 200 - "-" "Mozilla/5.0 (compatible; oBot/2.3.1; http://filterdb.iss.net/crawler/)"
206.253.226.18 - - [23/Oct/2014:13:24:23 -0400] "HEAD /images/slofoodlogo.gif HTTP/1.1" 200 - "-" "Mozilla/5.0 (compatible; oBot/2.3.1; http://filterdb.iss.net/crawler/)"
206.253.226.18 - - [23/Oct/2014:13:24:23 -0400] "HEAD /311/images/05a.jpg HTTP/1.1" 200 - "-" "Mozilla/5.0 (compatible; oBot/2.3.1; http://filterdb.iss.net/crawler/)"
206.253.226.18 - - [23/Oct/2014:13:24:23 -0400] "HEAD /images/112_jody1203C.jpg HTTP/1.1" 200 - "-" "Mozilla/5.0 (compatible; oBot/2.3.1; http://filterdb.iss.net/crawler/)"
206.253.226.18 - - [23/Oct/2014:13:24:23 -0400] "HEAD /images/250_IMG0034a.jpg HTTP/1.1" 200 - "-" "Mozilla/5.0 (compatible; oBot/2.3.1; http://filterdb.iss.net/crawler/)"
206.253.226.18 - - [23/Oct/2014:13:24:24 -0400] "HEAD /images/oiwc.jpg HTTP/1.1" 200 - "-" "Mozilla/5.0 (compatible; oBot/2.3.1; http://filterdb.iss.net/crawler/)"
206.253.226.18 - - [23/Oct/2014:13:24:24 -0400] "HEAD /311/images/motif01.jpg HTTP/1.1" 200 - "-" "Mozilla/5.0 (compatible; oBot/2.3.1; http://filterdb.iss.net/crawler/)"
206.253.226.18 - - [23/Oct/2014:13:24:24 -0400] "HEAD /images/225_zionglyp.jpg HTTP/1.1" 200 - "-" "Mozilla/5.0 (compatible; oBot/2.3.1; http://filterdb.iss.net/crawler/)"
206.253.226.18 - - [23/Oct/2014:13:24:24 -0400] "HEAD /images/159_VTlogo.jpg HTTP/1.1" 200 - "-" "Mozilla/5.0 (compatible; oBot/2.3.1; http://filterdb.iss.net/crawler/)"
206.253.226.18 - - [23/Oct/2014:13:24:25 -0400] "HEAD /311/images/02a.jpg HTTP/1.1" 200 - "-" "Mozilla/5.0 (compatible; oBot/2.3.1; http://filterdb.iss.net/crawler/)"
206.253.226.18 - - [23/Oct/2014:13:24:25 -0400] "HEAD /images/198_puppie2.jpg HTTP/1.1" 200 - "-" "Mozilla/5.0 (compatible; oBot/2.3.1; http://filterdb.iss.net/crawler/)"
206.253.226.18 - - [23/Oct/2014:13:24:25 -0400] "HEAD /images/232_Kerryjodisteveo.jpg HTTP/1.1" 200 - "-" "Mozilla/5.0 (compatible; oBot/2.3.1; http://filterdb.iss.net/crawler/)"
206.253.226.18 - - [23/Oct/2014:13:24:25 -0400] "HEAD /images/goblogo.gif HTTP/1.1" 200 - "-" "Mozilla/5.0 (compatible; oBot/2.3.1; http://filterdb.iss.net/crawler/)"
206.253.226.18 - - [23/Oct/2014:13:24:26 -0400] "HEAD /311/images/4/motif01.jpg HTTP/1.1" 200 - "-" "Mozilla/5.0 (compatible; oBot/2.3.1; http://filterdb.iss.net/crawler/)"
206.253.226.18 - - [23/Oct/2014:13:24:26 -0400] "HEAD /images/exodus-logo.gif HTTP/1.1" 200 - "-" "Mozilla/5.0 (compatible; oBot/2.3.1; http://filterdb.iss.net/crawler/)"
206.253.226.18 - - [23/Oct/2014:13:24:26 -0400] "HEAD /311/images/3/motif03.jpg HTTP/1.1" 200 - "-" "Mozilla/5.0 (compatible; oBot/2.3.1; http://filterdb.iss.net/crawler/)"
206.253.226.18 - - [23/Oct/2014:13:24:26 -0400] "HEAD /images/100_C__CompuServe_Download_Tour_Group_at_Actric_Circle_14_Aug_01.JPG HTTP/1.1" 200 - "-" "Mozilla/5.0 (compatible; oBot/2.3.1; http://filterdb.iss.net/crawler/)"
206.253.226.18 - - [23/Oct/2014:13:24:27 -0400] "HEAD /311/images/10/motif02.jpg HTTP/1.1" 200 - "-" "Mozilla/5.0 (compatible; oBot/2.3.1; http://filterdb.iss.net/crawler/)"
206.253.226.18 - - [23/Oct/2014:13:24:27 -0400] "HEAD /311/images/enviro_17.jpg HTTP/1.1" 200 - "-" "Mozilla/5.0 (compatible; oBot/2.3.1; http://filterdb.iss.net/crawler/)"
206.253.226.18 - - [23/Oct/2014:13:24:27 -0400] "HEAD /311/images/10/motif03.jpg HTTP/1.1" 200 - "-" "Mozilla/5.0 (compatible; oBot/2.3.1; http://filterdb.iss.net/crawler/)"
206.253.226.18 - - [23/Oct/2014:13:24:27 -0400] "HEAD /311/images/3/motif02.jpg HTTP/1.1" 200 - "-" "Mozilla/5.0 (compatible; oBot/2.3.1; http://filterdb.iss.net/crawler/)"
206.253.226.18 - - [23/Oct/2014:13:24:28 -0400] "HEAD /311/images/nav_back.jpg HTTP/1.1" 200 - "-" "Mozilla/5.0 (compatible; oBot/2.3.1; http://filterdb.iss.net/crawler/)"
206.253.226.18 - - [23/Oct/2014:13:24:28 -0400] "HEAD /311/images/04a.jpg HTTP/1.1" 200 - "-" "Mozilla/5.0 (compatible; oBot/2.3.1; http://filterdb.iss.net/crawler/)"
206.253.226.18 - - [23/Oct/2014:13:24:28 -0400] "HEAD /images/heritagelogo.jpg HTTP/1.1" 200 - "-" "Mozilla/5.0 (compatible; oBot/2.3.1; http://filterdb.iss.net/crawler/)"
206.253.226.18 - - [23/Oct/2014:13:24:28 -0400] "HEAD /images/nacralogo.gif HTTP/1.1" 200 - "-" "Mozilla/5.0 (compatible; oBot/2.3.1; http://filterdb.iss.net/crawler/)"
206.253.226.18 - - [23/Oct/2014:13:24:29 -0400] "HEAD /images/222_powell01.jpg HTTP/1.1" 200 - "-" "Mozilla/5.0 (compatible; oBot/2.3.1; http://filterdb.iss.net/crawler/)"
206.253.226.18 - - [23/Oct/2014:13:24:29 -0400] "HEAD /311/images/03a.jpg HTTP/1.1" 200 - "-" "Mozilla/5.0 (compatible; oBot/2.3.1; http://filterdb.iss.net/crawler/)"
206.253.226.18 - - [23/Oct/2014:13:24:29 -0400] "HEAD /images/262_zion.jpg HTTP/1.1" 200 - "-" "Mozilla/5.0 (compatible; oBot/2.3.1; http://filterdb.iss.net/crawler/)"
206.253.226.18 - - [23/Oct/2014:13:24:29 -0400] "HEAD /images/lnt.gif HTTP/1.1" 200 - "-" "Mozilla/5.0 (compatible; oBot/2.3.1; http://filterdb.iss.net/crawler/)"
206.253.226.18 - - [23/Oct/2014:13:24:30 -0400] "HEAD /images/92_jody1203C.jpg HTTP/1.1" 200 - "-" "Mozilla/5.0 (compatible; oBot/2.3.1; http://filterdb.iss.net/crawler/)"
206.253.226.18 - - [23/Oct/2014:13:24:30 -0400] "HEAD /images/300_IMG0020a.jpg HTTP/1.1" 200 - "-" "Mozilla/5.0 (compatible; oBot/2.3.1; http://filterdb.iss.net/crawler/)"
206.253.226.18 - - [23/Oct/2014:13:24:30 -0400] "HEAD /images/jim_wall_s.jpg HTTP/1.1" 200 - "-" "Mozilla/5.0 (compatible; oBot/2.3.1; http://filterdb.iss.net/crawler/)"
206.253.226.18 - - [23/Oct/2014:13:24:30 -0400] "HEAD /images/67_IMG0029a.jpg HTTP/1.1" 200 - "-" "Mozilla/5.0 (compatible; oBot/2.3.1; http://filterdb.iss.net/crawler/)"
206.253.226.18 - - [23/Oct/2014:13:24:31 -0400] "HEAD /consoles/11/images/cn_back03.jpg HTTP/1.1" 200 - "-" "Mozilla/5.0 (compatible; oBot/2.3.1; http://filterdb.iss.net/crawler/)"
206.253.226.18 - - [23/Oct/2014:13:24:31 -0400] "HEAD /images/300_utmaps.jpg HTTP/1.1" 200 - "-" "Mozilla/5.0 (compatible; oBot/2.3.1; http://filterdb.iss.net/crawler/)"
206.253.226.18 - - [23/Oct/2014:13:24:31 -0400] "HEAD /311/images/4/motif02.jpg HTTP/1.1" 200 - "-" "Mozilla/5.0 (compatible; oBot/2.3.1; http://filterdb.iss.net/crawler/)"
206.253.226.18 - - [23/Oct/2014:13:24:31 -0400] "HEAD /311/images/slogan.jpg HTTP/1.1" 200 - "-" "Mozilla/5.0 (compatible; oBot/2.3.1; http://filterdb.iss.net/crawler/)"
206.253.226.18 - - [23/Oct/2014:13:24:32 -0400] "HEAD /311/images/company.jpg HTTP/1.1" 200 - "-" "Mozilla/5.0 (compatible; oBot/2.3.1; http://filterdb.iss.net/crawler/)"
206.253.226.18 - - [23/Oct/2014:13:24:32 -0400] "HEAD /311/images/10/motif01.jpg HTTP/1.1" 200 - "-" "Mozilla/5.0 (compatible; oBot/2.3.1; http://filterdb.iss.net/crawler/)"
206.253.226.18 - - [23/Oct/2014:13:24:32 -0400] "HEAD /311/images/08a.jpg HTTP/1.1" 200 - "-" "Mozilla/5.0 (compatible; oBot/2.3.1; http://filterdb.iss.net/crawler/)"
206.253.226.18 - - [23/Oct/2014:13:24:32 -0400] "HEAD /311/images/06a.jpg HTTP/1.1" 200 - "-" "Mozilla/5.0 (compatible; oBot/2.3.1; http://filterdb.iss.net/crawler/)"
206.253.226.18 - - [23/Oct/2014:13:24:33 -0400] "HEAD /311/images/enviro_01.jpg HTTP/1.1" 200 - "-" "Mozilla/5.0 (compatible; oBot/2.3.1; http://filterdb.iss.net/crawler/)"
206.253.226.18 - - [23/Oct/2014:13:24:33 -0400] "HEAD /311/images/4/motif03.jpg HTTP/1.1" 200 - "-" "Mozilla/5.0 (compatible; oBot/2.3.1; http://filterdb.iss.net/crawler/)"
206.253.226.18 - - [23/Oct/2014:13:24:33 -0400] "HEAD /311/images/3/motif01.jpg HTTP/1.1" 200 - "-" "Mozilla/5.0 (compatible; oBot/2.3.1; http://filterdb.iss.net/crawler/)"
206.253.226.18 - - [23/Oct/2014:13:24:33 -0400] "HEAD /images/campaklogo.jpg HTTP/1.1" 200 - "-" "Mozilla/5.0 (compatible; oBot/2.3.1; http://filterdb.iss.net/crawler/)"
206.253.226.18 - - [23/Oct/2014:13:24:34 -0400] "HEAD /images/Phippsban.jpg HTTP/1.1" 200 - "-" "Mozilla/5.0 (compatible; oBot/2.3.1; http://filterdb.iss.net/crawler/)"
206.253.226.18 - - [23/Oct/2014:13:24:34 -0400] "HEAD /images/stslogo.gif HTTP/1.1" 200 - "-" "Mozilla/5.0 (compatible; oBot/2.3.1; http://filterdb.iss.net/crawler/)"
206.253.226.18 - - [23/Oct/2014:13:24:34 -0400] "HEAD /images/232_2002woAK.jpg HTTP/1.1" 200 - "-" "Mozilla/5.0 (compatible; oBot/2.3.1; http://filterdb.iss.net/crawler/)"
206.253.226.18 - - [23/Oct/2014:13:24:34 -0400] "HEAD /311/images/01a.jpg HTTP/1.1" 200 - "-" "Mozilla/5.0 (compatible; oBot/2.3.1; http://filterdb.iss.net/crawler/)"
199.15.233.165 - - [23/Oct/2014:13:29:59 -0400] "GET /wordpress1/guestbook/guestbook-archives/ HTTP/1.0" 200 75964 "http://jodyyoung.com/wordpress1/guestbook/guestbook-archives/" "Mozilla/5.0 (Windows NT 6.3; WOW64) AppleWebKit/537.36 (KHTML, like Gecko) Chrome/36.0.1985.143 Safari/537.36"
199.15.233.165 - - [23/Oct/2014:13:30:01 -0400] "POST /wordpress1/wp-comments-post.php HTTP/1.0" 500 3105 "http://jodyyoung.com/wordpress1/guestbook/guestbook-archives/" "Mozilla/5.0 (Windows NT 6.3; WOW64) AppleWebKit/537.36 (KHTML, like Gecko) Chrome/36.0.1985.143 Safari/537.36"
157.55.39.13 - - [23/Oct/2014:13:32:35 -0400] "GET /wordpress1/wp-content/themes/atahualpa/images/header/jyatHD18.jpg HTTP/1.1" 200 59501 "-" "Mozilla/5.0 (compatible; bingbot/2.0; +http://www.bing.com/bingbot.htm)"
122.53.82.130 - - [23/Oct/2014:14:36:38 -0400] "GET /wordpress1/wp-content/flagallery/colorado-photos/st232ao.jpg HTTP/1.1" 200 315853 "https://www.google.com.ph/" "Mozilla/5.0 (Windows NT 6.1; WOW64) AppleWebKit/537.36 (KHTML, like Gecko) Chrome/32.0.1700.107 Safari/537.36"
183.60.214.7 - - [23/Oct/2014:15:09:57 -0400] "GET /wordpress1/our-guides/ HTTP/1.1" 200 67013 "-" "Mozilla/5.0 (compatible; EasouSpider; +http://www.easou.com/search/spider.html)"
199.15.233.176 - - [23/Oct/2014:15:15:11 -0400] "GET /wordpress1/guestbook/guestbook-archives/ HTTP/1.0" 200 75964 "http://jodyyoung.com/wordpress1/guestbook/guestbook-archives/" "Mozilla/5.0 (Windows NT 6.1) AppleWebKit/537.36 (KHTML, like Gecko) Chrome/36.0.1985.143 Safari/537.36"
10.30.72.4 - - [23/Oct/2014:15:15:15 -0400] "GET /wordpress1/wp-mail.php HTTP/1.0" 500 2965 "-" "WordPress/3.9.2; http://jodyyoung.com/wordpress1"
10.30.72.4 - - [23/Oct/2014:15:15:14 -0400] "GET /wordpress1/wp-mail.php HTTP/1.0" 500 2965 "-" "WordPress/3.9.2; http://jodyyoung.com/wordpress1"
10.30.72.4 - - [23/Oct/2014:15:15:12 -0400] "GET /wordpress1/wp-mail.php HTTP/1.0" 500 2965 "-" "WordPress/3.9.2; http://jodyyoung.com/wordpress1"
10.30.72.4 - - [23/Oct/2014:15:15:11 -0400] "GET /wordpress1/wp-mail.php HTTP/1.0" 500 2965 "-" "WordPress/3.9.2; http://jodyyoung.com/wordpress1"
199.15.233.176 - - [23/Oct/2014:15:15:16 -0400] "POST /wordpress1/wp-comments-post.php HTTP/1.0" 500 3096 "http://jodyyoung.com/wordpress1/guestbook/guestbook-archives/" "Mozilla/5.0 (Windows NT 6.1) AppleWebKit/537.36 (KHTML, like Gecko) Chrome/36.0.1985.143 Safari/537.36"
199.15.233.176 - - [23/Oct/2014:15:15:19 -0400] "GET /wordpress1/guestbook/guestbook-archives/ HTTP/1.0" 200 75963 "http://jodyyoung.com/wordpress1/guestbook/guestbook-archives/" "Mozilla/5.0 (Windows NT 6.1) AppleWebKit/537.36 (KHTML, like Gecko) Chrome/36.0.1985.143 Safari/537.36"
180.76.5.143 - - [23/Oct/2014:15:47:04 -0400] "GET /shariki=1465 HTTP/1.1" 404 575 "-" "Mozilla/5.0 (compatible; Baiduspider/2.0; +http://www.baidu.com/search/spider.html)"
199.15.233.173 - - [23/Oct/2014:15:51:30 -0400] "GET /wordpress1/guestbook/ HTTP/1.0" 200 64577 "http://jodyyoung.com/wordpress1/guestbook/" "Mozilla/5.0 (Windows NT 6.1; WOW64) AppleWebKit/537.36 (KHTML, like Gecko) Chrome/35.0.1916.153 YaBrowser/14.7.1916.15705 Safari/537.36"
199.15.233.173 - - [23/Oct/2014:15:51:33 -0400] "POST /wordpress1/wp-comments-post.php HTTP/1.0" 500 3100 "http://jodyyoung.com/wordpress1/guestbook/" "Mozilla/5.0 (Windows NT 6.1; WOW64) AppleWebKit/537.36 (KHTML, like Gecko) Chrome/35.0.1916.153 YaBrowser/14.7.1916.15705 Safari/537.36"
177.133.18.40 - - [23/Oct/2014:16:06:54 -0400] "GET / HTTP/1.1" 301 240 "-" "Mozilla/5.0 (compatible; Googlebot/2.1; +http://www.google.com/bot.html)"
177.133.18.40 - - [23/Oct/2014:16:06:54 -0400] "GET /wordpress1/ HTTP/1.1" 200 62879 "-" "Mozilla/5.0 (compatible; Googlebot/2.1; +http://www.google.com/bot.html)"
10.30.72.4 - - [23/Oct/2014:16:06:59 -0400] "GET /wordpress1/wp-mail.php HTTP/1.0" 500 2965 "-" "WordPress/3.9.2; http://jodyyoung.com/wordpress1"
10.30.72.4 - - [23/Oct/2014:16:06:57 -0400] "GET /wordpress1/wp-mail.php HTTP/1.0" 500 2965 "-" "WordPress/3.9.2; http://jodyyoung.com/wordpress1"
10.30.72.4 - - [23/Oct/2014:16:06:56 -0400] "GET /wordpress1/wp-mail.php HTTP/1.0" 500 2965 "-" "WordPress/3.9.2; http://jodyyoung.com/wordpress1"
10.30.72.4 - - [23/Oct/2014:16:06:54 -0400] "GET /wordpress1/wp-mail.php HTTP/1.0" 500 2965 "-" "WordPress/3.9.2; http://jodyyoung.com/wordpress1"
193.201.224.28 - - [23/Oct/2014:16:10:08 -0400] "GET /wordpress1/2013/10/04/parks-closed/ HTTP/1.0" 200 65059 "http://jodyyoung.com/wordpress1/2013/10/04/parks-closed/" "Mozilla/5.0 (Windows NT 6.1; WOW64) AppleWebKit/537.36 (KHTML, like Gecko) Chrome/36.0.1985.143 Safari/537.36 OPR/23.0.1522.77"
193.201.224.28 - - [23/Oct/2014:16:10:10 -0400] "POST /wordpress1/wp-comments-post.php HTTP/1.0" 500 3096 "http://jodyyoung.com/wordpress1/2013/10/04/parks-closed/" "Mozilla/5.0 (Windows NT 6.1; WOW64) AppleWebKit/537.36 (KHTML, like Gecko) Chrome/36.0.1985.143 Safari/537.36 OPR/23.0.1522.77"
177.20.224.239 - - [23/Oct/2014:16:32:18 -0400] "GET / HTTP/1.1" 301 240 "http://semalt.semalt.com/crawler.php?u=http://jodyyoung.com" "Mozilla/5.0 (Windows NT 6.1; WOW64) AppleWebKit/537.36 (KHTML, like Gecko) Chrome/36.0.1985.143 Safari/537.36"
177.20.224.239 - - [23/Oct/2014:16:32:18 -0400] "GET /wordpress1/ HTTP/1.1" 200 63521 "http://semalt.semalt.com/crawler.php?u=http://jodyyoung.com" "Mozilla/5.0 (Windows NT 6.1; WOW64) AppleWebKit/537.36 (KHTML, like Gecko) Chrome/36.0.1985.143 Safari/537.36"
177.20.224.239 - - [23/Oct/2014:16:32:19 -0400] "GET /wordpress1/wp-content/plugins/spiffy-calendar/spiffycal.css?ver=3.9.2 HTTP/1.1" 200 3825 "http://jodyyoung.com/wordpress1/" "Mozilla/5.0 (Windows NT 6.1; WOW64) AppleWebKit/537.36 (KHTML, like Gecko) Chrome/36.0.1985.143 Safari/537.36"
177.20.224.239 - - [23/Oct/2014:16:32:19 -0400] "GET /wordpress1/wp-includes/js/jquery/jquery.js?ver=1.11.0 HTTP/1.1" 200 96402 "http://jodyyoung.com/wordpress1/" "Mozilla/5.0 (Windows NT 6.1; WOW64) AppleWebKit/537.36 (KHTML, like Gecko) Chrome/36.0.1985.143 Safari/537.36"
177.20.224.239 - - [23/Oct/2014:16:32:19 -0400] "GET /wordpress1/wp-content/plugins/anti-spam/js/anti-spam.js?ver=2.1 HTTP/1.1" 200 1694 "http://jodyyoung.com/wordpress1/" "Mozilla/5.0 (Windows NT 6.1; WOW64) AppleWebKit/537.36 (KHTML, like Gecko) Chrome/36.0.1985.143 Safari/537.36"
177.20.224.239 - - [23/Oct/2014:16:32:19 -0400] "GET /wordpress1/wp-includes/js/jquery/jquery-migrate.min.js?ver=1.2.1 HTTP/1.1" 200 7200 "http://jodyyoung.com/wordpress1/" "Mozilla/5.0 (Windows NT 6.1; WOW64) AppleWebKit/537.36 (KHTML, like Gecko) Chrome/36.0.1985.143 Safari/537.36"
177.20.224.239 - - [23/Oct/2014:16:32:19 -0400] "GET /wordpress1/wp-content/themes/atahualpa/js/DD_roundies.js?ver=0.0.2a HTTP/1.1" 200 16853 "http://jodyyoung.com/wordpress1/" "Mozilla/5.0 (Windows NT 6.1; WOW64) AppleWebKit/537.36 (KHTML, like Gecko) Chrome/36.0.1985.143 Safari/537.36"
177.20.224.239 - - [23/Oct/2014:16:32:19 -0400] "GET /wordpress1/wp-content/plugins/flash-album-gallery/admin/js/swfobject.js?ver=2.2 HTTP/1.1" 200 11754 "http://jodyyoung.com/wordpress1/" "Mozilla/5.0 (Windows NT 6.1; WOW64) AppleWebKit/537.36 (KHTML, like Gecko) Chrome/36.0.1985.143 Safari/537.36"
177.20.224.239 - - [23/Oct/2014:16:32:19 -0400] "GET /wordpress1/wp-content/plugins/flash-album-gallery/admin/js/swfaddress.js?ver=2.4 HTTP/1.1" 200 15916 "http://jodyyoung.com/wordpress1/" "Mozilla/5.0 (Windows NT 6.1; WOW64) AppleWebKit/537.36 (KHTML, like Gecko) Chrome/36.0.1985.143 Safari/537.36"
177.20.224.239 - - [23/Oct/2014:16:32:24 -0400] "GET /wordpress1/wp-content/themes/atahualpa/images/comment-gray.png HTTP/1.1" 200 296 "http://jodyyoung.com/wordpress1/" "Mozilla/5.0 (Windows NT 6.1; WOW64) AppleWebKit/537.36 (KHTML, like Gecko) Chrome/36.0.1985.143 Safari/537.36"
177.20.224.239 - - [23/Oct/2014:16:32:24 -0400] "GET /wordpress1/wp-content/themes/atahualpa/images/rss-gray.png HTTP/1.1" 200 379 "http://jodyyoung.com/wordpress1/" "Mozilla/5.0 (Windows NT 6.1; WOW64) AppleWebKit/537.36 (KHTML, like Gecko) Chrome/36.0.1985.143 Safari/537.36"
177.20.224.239 - - [23/Oct/2014:16:32:24 -0400] "GET /wordpress1/wp-content/ata-images/jyat-logo1.jpg HTTP/1.1" 200 10086 "http://jodyyoung.com/wordpress1/" "Mozilla/5.0 (Windows NT 6.1; WOW64) AppleWebKit/537.36 (KHTML, like Gecko) Chrome/36.0.1985.143 Safari/537.36"
177.20.224.239 - - [23/Oct/2014:16:32:24 -0400] "GET /wordpress1/wp-content/themes/atahualpa/images/inputbackgr.gif HTTP/1.1" 200 4765 "http://jodyyoung.com/wordpress1/" "Mozilla/5.0 (Windows NT 6.1; WOW64) AppleWebKit/537.36 (KHTML, like Gecko) Chrome/36.0.1985.143 Safari/537.36"
177.20.224.239 - - [23/Oct/2014:16:32:24 -0400] "GET /wordpress1/wp-content/themes/atahualpa/images/header/jyatHD05.jpg HTTP/1.1" 200 89801 "http://jodyyoung.com/wordpress1/" "Mozilla/5.0 (Windows NT 6.1; WOW64) AppleWebKit/537.36 (KHTML, like Gecko) Chrome/36.0.1985.143 Safari/537.36"
177.20.224.239 - - [23/Oct/2014:16:32:24 -0400] "GET /wordpress1/wp-content/themes/atahualpa/images/expand-down.gif HTTP/1.1" 200 57 "http://jodyyoung.com/wordpress1/" "Mozilla/5.0 (Windows NT 6.1; WOW64) AppleWebKit/537.36 (KHTML, like Gecko) Chrome/36.0.1985.143 Safari/537.36"
177.20.224.239 - - [23/Oct/2014:16:32:24 -0400] "GET /wordpress1/wp-content/uploads/2012/10/P5210108ao-300x225.jpg HTTP/1.1" 200 26577 "http://jodyyoung.com/wordpress1/" "Mozilla/5.0 (Windows NT 6.1; WOW64) AppleWebKit/537.36 (KHTML, like Gecko) Chrome/36.0.1985.143 Safari/537.36"
177.20.224.239 - - [23/Oct/2014:16:32:24 -0400] "GET /wordpress1/wp-content/uploads/2011/11/JYATlogo.jpg HTTP/1.1" 200 14807 "http://jodyyoung.com/wordpress1/" "Mozilla/5.0 (Windows NT 6.1; WOW64) AppleWebKit/537.36 (KHTML, like Gecko) Chrome/36.0.1985.143 Safari/537.36"
180.76.6.154 - - [23/Oct/2014:16:56:47 -0400] "GET /wordpress1/alaska/?month=feb&yr=2014 HTTP/1.1" 200 63610 "-" "Mozilla/5.0 (compatible; Baiduspider/2.0; +http://www.baidu.com/search/spider.html)"
66.249.65.149 - - [23/Oct/2014:17:10:06 -0400] "GET /robots.txt HTTP/1.1" 404 575 "-" "Mozilla/5.0 (compatible; Googlebot/2.1; +http://www.google.com/bot.html)"
180.76.6.44 - - [23/Oct/2014:17:11:46 -0400] "GET /customtours.html HTTP/1.1" 200 13273 "-" "Mozilla/5.0 (compatible; Baiduspider/2.0; +http://www.baidu.com/search/spider.html)"
66.249.90.86 - - [23/Oct/2014:17:15:41 -0400] "GET /wordpress1/comments/feed/ HTTP/1.1" 200 5165 "-" "Feedfetcher-Google; (+http://www.google.com/feedfetcher.html; 1 subscribers; feed-id=8917805572480071123)"
180.76.6.65 - - [23/Oct/2014:17:43:22 -0400] "GET /wordpress1/2013/05/09/more-desert-fun/?month=feb&yr=2013 HTTP/1.1" 301 - "-" "Mozilla/5.0 (compatible; Baiduspider/2.0; +http://www.baidu.com/search/spider.html)"
10.30.72.4 - - [23/Oct/2014:17:43:27 -0400] "GET /wordpress1/wp-mail.php HTTP/1.0" 500 2965 "-" "WordPress/3.9.2; http://jodyyoung.com/wordpress1"
10.30.72.4 - - [23/Oct/2014:17:43:26 -0400] "GET /wordpress1/wp-mail.php HTTP/1.0" 500 2965 "-" "WordPress/3.9.2; http://jodyyoung.com/wordpress1"
10.30.72.4 - - [23/Oct/2014:17:43:24 -0400] "GET /wordpress1/wp-mail.php HTTP/1.0" 500 2965 "-" "WordPress/3.9.2; http://jodyyoung.com/wordpress1"
10.30.72.4 - - [23/Oct/2014:17:43:23 -0400] "GET /wordpress1/wp-mail.php HTTP/1.0" 500 2965 "-" "WordPress/3.9.2; http://jodyyoung.com/wordpress1"
100.43.81.148 - - [23/Oct/2014:18:13:21 -0400] "GET /robots.txt HTTP/1.1" 404 575 "-" "Mozilla/5.0 (compatible; YandexBot/3.0; +http://yandex.com/bots)"
79.116.31.246 - - [23/Oct/2014:18:19:19 -0400] "GET / HTTP/1.1" 301 240 "-" "Java/1.6.0_04"
79.116.31.246 - - [23/Oct/2014:18:19:19 -0400] "GET /wordpress1/ HTTP/1.1" 403 795 "-" "Java/1.6.0_04"
220.181.108.107 - - [23/Oct/2014:18:47:42 -0400] "GET /wordpress1/wp-includes/js/jquery/jquery-migrate.min.js HTTP/1.1" 200 7200 "-" "Mozilla/5.0 (compatible; Baiduspider/2.0; +http://www.baidu.com/search/spider.html)"
207.46.13.30 - - [23/Oct/2014:19:11:01 -0400] "GET /connections.htm HTTP/1.1" 200 11773 "-" "Mozilla/5.0 (compatible; bingbot/2.0; +http://www.bing.com/bingbot.htm)"
199.15.233.165 - - [23/Oct/2014:19:53:07 -0400] "GET /wordpress1/guestbook/guestbook-archives/ HTTP/1.0" 200 75964 "http://jodyyoung.com/wordpress1/guestbook/guestbook-archives/" "Mozilla/5.0 (Windows NT 6.3; WOW64; rv:31.0) Gecko/20100101 Firefox/31.0"
199.15.233.165 - - [23/Oct/2014:19:53:09 -0400] "POST /wordpress1/wp-comments-post.php HTTP/1.0" 500 3105 "http://jodyyoung.com/wordpress1/guestbook/guestbook-archives/" "Mozilla/5.0 (Windows NT 6.3; WOW64; rv:31.0) Gecko/20100101 Firefox/31.0"
