0byt3m1n1
Path:
/
data
/
0
/
0
/
70
/
125
/
70614
/
meta
/
71857
/
logs
/
[
Home
]
File: x-access_log.2013-08-11
205.209.190.116 - - [11/Aug/2013:21:22:53 -0400] "GET /robots.txt HTTP/1.0" 200 25 "-" "Mozilla/5.0 (compatible; MJ12bot/v1.4.3; http://www.majestic12.co.uk/bot.php?+)"
174.252.54.26 - - [11/Aug/2013:21:38:55 -0400] "GET /images/682_spider_mum_009.JPG HTTP/1.1" 200 68685 "https://www.google.com/" "Mozilla/5.0 (iPhone; CPU iPhone OS 6_1_3 like Mac OS X) AppleWebKit/536.26 (KHTML, like Gecko) Version/6.0 Mobile/10B329 Safari/8536.25"
109.194.165.165 - - [11/Aug/2013:21:42:29 -0400] "GET /images/682_elephant-completed.jpg HTTP/1.1" 200 260073 "http://www.liveinternet.ru/users/blaksa/post254284429/" "Opera/9.80 (Windows NT 6.1; WOW64; Edition Yx) Presto/2.12.388 Version/12.15"
123.21.142.210 - - [11/Aug/2013:22:21:47 -0400] "GET /scripts/photoalbum.js HTTP/1.1" 200 62481 "http://www.bogenriefstudios.com/" "Mozilla/5.0 (Windows NT 6.1; WOW64; rv:20.0) Gecko/20100101 Firefox/20.0"
123.21.142.210 - - [11/Aug/2013:22:21:50 -0400] "GET /images/682_post_card.JPG HTTP/1.1" 200 133316 "http://www.bogenriefstudios.com/" "Mozilla/5.0 (Windows NT 6.1; WOW64; rv:20.0) Gecko/20100101 Firefox/20.0"
74.89.67.68 - - [11/Aug/2013:22:22:58 -0400] "GET /images/682_a_items_onhand_025.JPG HTTP/1.1" 200 133679 "-" "Mozilla/5.0 (Windows NT 6.1) AppleWebKit/537.36 (KHTML, like Gecko) Chrome/28.0.1500.95 Safari/537.36"
123.21.142.210 - - [11/Aug/2013:22:23:09 -0400] "GET /images/photoalbum/button_photoPrev.jpg HTTP/1.1" 200 656 "http://www.bogenriefstudios.com/bogenriefgallery/ceilingsdomes.html" "Mozilla/5.0 (Windows NT 6.1; WOW64; rv:20.0) Gecko/20100101 Firefox/20.0"
123.21.142.210 - - [11/Aug/2013:22:23:10 -0400] "GET /images/photoalbum/button_photoNext.jpg HTTP/1.1" 200 662 "http://www.bogenriefstudios.com/bogenriefgallery/ceilingsdomes.html" "Mozilla/5.0 (Windows NT 6.1; WOW64; rv:20.0) Gecko/20100101 Firefox/20.0"
123.21.142.210 - - [11/Aug/2013:22:23:10 -0400] "GET /images/photoalbum/detail_close.jpg HTTP/1.1" 200 1095 "http://www.bogenriefstudios.com/bogenriefgallery/ceilingsdomes.html" "Mozilla/5.0 (Windows NT 6.1; WOW64; rv:20.0) Gecko/20100101 Firefox/20.0"
123.21.142.210 - - [11/Aug/2013:22:23:10 -0400] "GET /images/photoalbum/button_photoSpeed5.jpg HTTP/1.1" 200 502 "http://www.bogenriefstudios.com/bogenriefgallery/ceilingsdomes.html" "Mozilla/5.0 (Windows NT 6.1; WOW64; rv:20.0) Gecko/20100101 Firefox/20.0"
123.21.142.210 - - [11/Aug/2013:22:23:10 -0400] "GET /images/480_David_Siegel_s_Dome.jpg HTTP/1.1" 200 69275 "http://www.bogenriefstudios.com/bogenriefgallery/ceilingsdomes.html" "Mozilla/5.0 (Windows NT 6.1; WOW64; rv:20.0) Gecko/20100101 Firefox/20.0"
123.21.142.210 - - [11/Aug/2013:22:23:10 -0400] "GET /images/438_JDome2.jpg HTTP/1.1" 200 72533 "http://www.bogenriefstudios.com/bogenriefgallery/ceilingsdomes.html" "Mozilla/5.0 (Windows NT 6.1; WOW64; rv:20.0) Gecko/20100101 Firefox/20.0"
198.105.219.56 - - [11/Aug/2013:14:08:25 -0400] "HEAD / HTTP/1.1" 200 - "-" "checks.panopta.com"
157.55.35.76 - - [11/Aug/2013:09:24:12 -0400] "GET / HTTP/1.1" 200 13883 "-" "Mozilla/5.0 (compatible; bingbot/2.0; +http://www.bing.com/bingbot.htm)"
71.9.211.150 - - [11/Aug/2013:10:32:52 -0400] "GET /bogenriefgallery/thejunglewindow.html HTTP/1.1" 200 18159 "http://www.google.com/url?sa=t&rct=j&q=&esrc=s&source=web&cd=3&ved=0CEAQFjAC&url=http%3A%2F%2Fwww.bogenriefstudios.com%2Fbogenriefgallery%2Fthejunglewindow.html&ei=jaAHUtvcKqPs2wXl44GwBg&usg=AFQjCNEFvytE_d5LMQvVpxSm4mx3oeB1NA&sig2=wNnM00pVywBwbaZfnxKVGg&bvm=bv.50500085,d.b2I" "Mozilla/5.0 (Macintosh; Intel Mac OS X 10_8_4) AppleWebKit/536.30.1 (KHTML, like Gecko) Version/6.0.5 Safari/536.30.1"
71.9.211.150 - - [11/Aug/2013:10:32:52 -0400] "GET /scripts/7custom.css HTTP/1.1" 200 1142 "http://www.bogenriefstudios.com/bogenriefgallery/thejunglewindow.html" "Mozilla/5.0 (Macintosh; Intel Mac OS X 10_8_4) AppleWebKit/536.30.1 (KHTML, like Gecko) Version/6.0.5 Safari/536.30.1"
71.9.211.150 - - [11/Aug/2013:10:32:52 -0400] "GET /scripts/user.js HTTP/1.1" 200 23762 "http://www.bogenriefstudios.com/bogenriefgallery/thejunglewindow.html" "Mozilla/5.0 (Macintosh; Intel Mac OS X 10_8_4) AppleWebKit/536.30.1 (KHTML, like Gecko) Version/6.0.5 Safari/536.30.1"
71.9.211.150 - - [11/Aug/2013:10:32:52 -0400] "GET /images/68.jpg HTTP/1.1" 200 11436 "http://www.bogenriefstudios.com/bogenriefgallery/thejunglewindow.html" "Mozilla/5.0 (Macintosh; Intel Mac OS X 10_8_4) AppleWebKit/536.30.1 (KHTML, like Gecko) Version/6.0.5 Safari/536.30.1"
71.9.211.150 - - [11/Aug/2013:10:32:52 -0400] "GET /images/321_jungle_window.JPG HTTP/1.1" 200 58729 "http://www.bogenriefstudios.com/bogenriefgallery/thejunglewindow.html" "Mozilla/5.0 (Macintosh; Intel Mac OS X 10_8_4) AppleWebKit/536.30.1 (KHTML, like Gecko) Version/6.0.5 Safari/536.30.1"
71.9.211.150 - - [11/Aug/2013:10:32:52 -0400] "GET /images/photoalbum/button_photoNext.jpg HTTP/1.1" 200 662 "http://www.bogenriefstudios.com/bogenriefgallery/thejunglewindow.html" "Mozilla/5.0 (Macintosh; Intel Mac OS X 10_8_4) AppleWebKit/536.30.1 (KHTML, like Gecko) Version/6.0.5 Safari/536.30.1"
71.9.211.150 - - [11/Aug/2013:10:32:52 -0400] "GET /images/photoalbum/button_photoSpeed1_ON.jpg HTTP/1.1" 200 476 "http://www.bogenriefstudios.com/bogenriefgallery/thejunglewindow.html" "Mozilla/5.0 (Macintosh; Intel Mac OS X 10_8_4) AppleWebKit/536.30.1 (KHTML, like Gecko) Version/6.0.5 Safari/536.30.1"
71.9.211.150 - - [11/Aug/2013:10:32:52 -0400] "GET /images/photoalbum/button_photoSpeed5.jpg HTTP/1.1" 200 502 "http://www.bogenriefstudios.com/bogenriefgallery/thejunglewindow.html" "Mozilla/5.0 (Macintosh; Intel Mac OS X 10_8_4) AppleWebKit/536.30.1 (KHTML, like Gecko) Version/6.0.5 Safari/536.30.1"
71.9.211.150 - - [11/Aug/2013:10:32:52 -0400] "GET /images/photoalbum/button_photoSpeed4.jpg HTTP/1.1" 200 506 "http://www.bogenriefstudios.com/bogenriefgallery/thejunglewindow.html" "Mozilla/5.0 (Macintosh; Intel Mac OS X 10_8_4) AppleWebKit/536.30.1 (KHTML, like Gecko) Version/6.0.5 Safari/536.30.1"
71.9.211.150 - - [11/Aug/2013:10:32:52 -0400] "GET /images/522_Elephant_detail.JPG HTTP/1.1" 200 129616 "http://www.bogenriefstudios.com/bogenriefgallery/thejunglewindow.html" "Mozilla/5.0 (Macintosh; Intel Mac OS X 10_8_4) AppleWebKit/536.30.1 (KHTML, like Gecko) Version/6.0.5 Safari/536.30.1"
71.9.211.150 - - [11/Aug/2013:10:32:52 -0400] "GET /images/163_Elephant_detail.JPG HTTP/1.1" 200 18008 "http://www.bogenriefstudios.com/bogenriefgallery/thejunglewindow.html" "Mozilla/5.0 (Macintosh; Intel Mac OS X 10_8_4) AppleWebKit/536.30.1 (KHTML, like Gecko) Version/6.0.5 Safari/536.30.1"
71.9.211.150 - - [11/Aug/2013:10:32:53 -0400] "GET /images/218_e-mail_florida_011.jpg HTTP/1.1" 200 14431 "http://www.bogenriefstudios.com/bogenriefgallery/thejunglewindow.html" "Mozilla/5.0 (Macintosh; Intel Mac OS X 10_8_4) AppleWebKit/536.30.1 (KHTML, like Gecko) Version/6.0.5 Safari/536.30.1"
71.9.211.150 - - [11/Aug/2013:10:32:53 -0400] "GET /images/218_Detail_with_vines.JPG HTTP/1.1" 200 16325 "http://www.bogenriefstudios.com/bogenriefgallery/thejunglewindow.html" "Mozilla/5.0 (Macintosh; Intel Mac OS X 10_8_4) AppleWebKit/536.30.1 (KHTML, like Gecko) Version/6.0.5 Safari/536.30.1"
71.9.211.150 - - [11/Aug/2013:10:32:53 -0400] "GET /images/218_Detail_with_right_facing_parrot.jpg HTTP/1.1" 200 13722 "http://www.bogenriefstudios.com/bogenriefgallery/thejunglewindow.html" "Mozilla/5.0 (Macintosh; Intel Mac OS X 10_8_4) AppleWebKit/536.30.1 (KHTML, like Gecko) Version/6.0.5 Safari/536.30.1"
71.9.211.150 - - [11/Aug/2013:10:32:53 -0400] "GET /images/218_Detail_with_monkey.jpg HTTP/1.1" 200 17859 "http://www.bogenriefstudios.com/bogenriefgallery/thejunglewindow.html" "Mozilla/5.0 (Macintosh; Intel Mac OS X 10_8_4) AppleWebKit/536.30.1 (KHTML, like Gecko) Version/6.0.5 Safari/536.30.1"
71.9.211.150 - - [11/Aug/2013:10:32:53 -0400] "GET /images/696_Detail_with_monkey.jpg HTTP/1.1" 200 143429 "http://www.bogenriefstudios.com/bogenriefgallery/thejunglewindow.html" "Mozilla/5.0 (Macintosh; Intel Mac OS X 10_8_4) AppleWebKit/536.30.1 (KHTML, like Gecko) Version/6.0.5 Safari/536.30.1"
71.9.211.150 - - [11/Aug/2013:10:32:54 -0400] "GET /scripts/print.css HTTP/1.1" 200 - "http://www.bogenriefstudios.com/bogenriefgallery/thejunglewindow.html" "Mozilla/5.0 (Macintosh; Intel Mac OS X 10_8_4) AppleWebKit/536.30.1 (KHTML, like Gecko) Version/6.0.5 Safari/536.30.1"
5.63.151.189 - - [11/Aug/2013:11:36:58 -0400] "HEAD / HTTP/1.1" 200 - "-" "checks.panopta.com"
195.54.210.3 - - [11/Aug/2013:00:08:09 -0400] "GET /images/682_elephant-completed.jpg HTTP/1.0" 200 260073 "http://www.liveinternet.ru/users/oks77/post157534646/" "Mozilla/5.0 (iPad; CPU OS 5_1_1 like Mac OS X) AppleWebKit/534.46 (KHTML, like Gecko) Version/5.1 Mobile/9B206 Safari/7534.48.3"
37.152.221.161 - - [11/Aug/2013:16:25:14 -0400] "GET /images/682_Daydream_001.jpg HTTP/1.1" 200 215855 "-" "Mozilla/5.0 (Windows NT 6.1; WOW64) AppleWebKit/537.36 (KHTML, like Gecko) Chrome/28.0.1500.95 Safari/537.36"
5.63.151.189 - - [11/Aug/2013:17:39:30 -0400] "HEAD / HTTP/1.1" 200 - "-" "checks.panopta.com"
74.100.178.33 - - [11/Aug/2013:03:21:17 -0400] "GET /scripts/ic_globals_published.js HTTP/1.1" 200 566 "http://www.bogenriefstudios.com/studios.html" "Mozilla/5.0 (Macintosh; Intel Mac OS X 10_8_4) AppleWebKit/536.30.1 (KHTML, like Gecko) Version/6.0.5 Safari/536.30.1"
74.100.178.33 - - [11/Aug/2013:03:21:17 -0400] "GET /scripts/photoalbum.js HTTP/1.1" 200 62481 "http://www.bogenriefstudios.com/studios.html" "Mozilla/5.0 (Macintosh; Intel Mac OS X 10_8_4) AppleWebKit/536.30.1 (KHTML, like Gecko) Version/6.0.5 Safari/536.30.1"
74.100.178.33 - - [11/Aug/2013:03:21:18 -0400] "GET /images/682_Printed_20_.jpg HTTP/1.1" 200 124934 "http://www.bogenriefstudios.com/studios.html" "Mozilla/5.0 (Macintosh; Intel Mac OS X 10_8_4) AppleWebKit/536.30.1 (KHTML, like Gecko) Version/6.0.5 Safari/536.30.1"
218.3.164.126 - - [11/Aug/2013:04:16:28 -0400] "GET /bogenriefgallery/ladiesofbogenrief.html HTTP/1.1" 200 22147 "-" "Mozilla/4.0 (compatible; MSIE 6.0; Windows NT 5.1; .NET CLR 2.0.50727; .NET CLR 3.0.4506.2152; .NET CLR 3.5.30729)"
199.30.16.48 - - [11/Aug/2013:04:19:10 -0400] "GET /robots.txt HTTP/1.1" 200 25 "-" "msnbot-media/1.1 (+http://search.msn.com/msnbot.htm)"
199.21.99.79 - - [11/Aug/2013:05:12:30 -0400] "GET /robots.txt HTTP/1.1" 200 25 "-" "Mozilla/5.0 (compatible; YandexBot/3.0; +http://yandex.com/bots)"
220.181.108.79 - - [11/Aug/2013:05:34:31 -0400] "GET /videos.html HTTP/1.1" 200 7609 "-" "Mozilla/5.0 (compatible; Baiduspider/2.0; +http://www.baidu.com/search/spider.html)"
95.153.180.219 - - [11/Aug/2013:05:36:28 -0400] "GET /images/photoalbum/button_photoSpeed2_ON.jpg HTTP/1.1" 200 492 "http://www.bogenriefstudios.com/bogenriefgallery/blownfusedglass.html" "Mozilla/5.0 (Windows NT 6.1; WOW64; rv:22.0) Gecko/20100101 Firefox/22.0"
95.153.180.219 - - [11/Aug/2013:05:36:29 -0400] "GET /images/480_SPEN0036.JPG HTTP/1.1" 200 27450 "http://www.bogenriefstudios.com/bogenriefgallery/blownfusedglass.html" "Mozilla/5.0 (Windows NT 6.1; WOW64; rv:22.0) Gecko/20100101 Firefox/22.0"
95.153.180.219 - - [11/Aug/2013:05:37:00 -0400] "GET /images/479_atlanta_dome_2.JPG HTTP/1.1" 200 31635 "http://www.bogenriefstudios.com/bogenriefgallery/ceilingsdomes.html" "Mozilla/5.0 (Windows NT 6.1; WOW64; rv:22.0) Gecko/20100101 Firefox/22.0"
95.153.180.219 - - [11/Aug/2013:05:36:59 -0400] "GET /images/477_atlanta_dome_1.JPG HTTP/1.1" 200 84655 "http://www.bogenriefstudios.com/bogenriefgallery/ceilingsdomes.html" "Mozilla/5.0 (Windows NT 6.1; WOW64; rv:22.0) Gecko/20100101 Firefox/22.0"
65.55.217.231 - - [11/Aug/2013:19:14:03 -0400] "GET /images/682_01_Side_Lights_-_modified.jpg HTTP/1.1" 200 169071 "http://vista.net.pk/emigration-vented-sidelights/" "Mozilla/5.0 (Windows NT 6.1; WOW64) AppleWebKit/534+ (KHTML, like Gecko) BingPreview/1.0b"
190.57.254.49 - - [11/Aug/2013:20:32:13 -0400] "GET /images/314_Lauritzen_Gardens_33_-_modified.jpg HTTP/1.1" 200 44364 "-" "Mozilla/5.0 (Windows NT 6.1; WOW64) AppleWebKit/537.36 (KHTML, like Gecko) Chrome/28.0.1500.95 Safari/537.36"
178.137.128.238 - - [11/Aug/2013:15:41:07 -0400] "GET /home.html HTTP/1.1" 200 27081 "http://fre4games.net/" "Mozilla/4.0 (compatible; MSIE 6.0; Windows NT) ::ELNSB50::000061100320025802a00111000000000507000900000000"
178.137.128.238 - - [11/Aug/2013:15:41:08 -0400] "GET /home.html HTTP/1.1" 200 27081 "http://xn--80adj4atbj1eb.xn--p1ai/" "Mozilla/4.0 (compatible; MSIE 6.0; Windows NT 5.2; Win64; AMD64)"
5.63.151.189 - - [11/Aug/2013:11:52:01 -0400] "HEAD / HTTP/1.1" 200 - "-" "checks.panopta.com"
97.92.16.208 - - [11/Aug/2013:00:13:17 -0400] "GET /favicon.ico HTTP/1.1" 404 575 "-" "Mozilla/5.0 (compatible; MSIE 9.0; Windows NT 6.0; Trident/5.0)"
75.81.6.159 - - [11/Aug/2013:22:28:58 -0400] "GET /images/682_blue_white_chandelier_-_installed-edited.jpg HTTP/1.1" 200 79065 "http://www.google.com/search?client=safari&hl=en&biw=768&bih=946&tbm=isch&sa=1&ei=HkgIUrijPO2C2gXCiYDoBw&q=blown+glass+chandelier&oq=blown+glass+&gs_l=img.1.0.0l10.48503.53163.0.55234.12.9.0.3.3.0.360.1402.0j8j0j1.9.0....0...1c.1.24.img..0.12.1469.rKW7yXy7QRc" "Mozilla/5.0 (iPad; U; CPU OS 4_3_3 like Mac OS X; en-us) AppleWebKit/533.17.9 (KHTML, like Gecko) Version/5.0.2 Mobile/8J2 Safari/6533.18.5"
74.100.178.33 - - [11/Aug/2013:03:21:17 -0400] "GET /scripts/template.css HTTP/1.1" 200 9956 "http://www.bogenriefstudios.com/studios.html" "Mozilla/5.0 (Macintosh; Intel Mac OS X 10_8_4) AppleWebKit/536.30.1 (KHTML, like Gecko) Version/6.0.5 Safari/536.30.1"
74.100.178.33 - - [11/Aug/2013:03:21:18 -0400] "GET /images/188_blue_seperate.jpg HTTP/1.1" 200 14499 "http://www.bogenriefstudios.com/studios.html" "Mozilla/5.0 (Macintosh; Intel Mac OS X 10_8_4) AppleWebKit/536.30.1 (KHTML, like Gecko) Version/6.0.5 Safari/536.30.1"
74.100.178.33 - - [11/Aug/2013:03:21:18 -0400] "GET /images/188_orange_-_seperate.jpg HTTP/1.1" 200 16735 "http://www.bogenriefstudios.com/studios.html" "Mozilla/5.0 (Macintosh; Intel Mac OS X 10_8_4) AppleWebKit/536.30.1 (KHTML, like Gecko) Version/6.0.5 Safari/536.30.1"
92.249.127.111 - - [11/Aug/2013:04:38:50 -0400] "GET /home.html HTTP/1.1" 200 27081 "http://sovetogorod.ru/cveti_verbena_virashivanie.html" "Mozilla/5.0 (compatible; news bot /2.1)"
174.238.99.48 - - [11/Aug/2013:13:35:06 -0400] "GET /scripts/user.js HTTP/1.1" 200 23762 "http://www.bogenriefstudios.com/" "Mozilla/5.0 (iPhone; CPU iPhone OS 6_1_3 like Mac OS X) AppleWebKit/536.26 (KHTML, like Gecko) Version/6.0 Mobile/10B329 Safari/8536.25"
174.238.99.48 - - [11/Aug/2013:13:35:07 -0400] "GET /images/198_door_019.JPG HTTP/1.1" 200 8796 "http://www.bogenriefstudios.com/" "Mozilla/5.0 (iPhone; CPU iPhone OS 6_1_3 like Mac OS X) AppleWebKit/536.26 (KHTML, like Gecko) Version/6.0 Mobile/10B329 Safari/8536.25"
174.238.99.48 - - [11/Aug/2013:13:35:07 -0400] "GET /images/321_Richards_install_004.JPG HTTP/1.1" 200 21479 "http://www.bogenriefstudios.com/" "Mozilla/5.0 (iPhone; CPU iPhone OS 6_1_3 like Mac OS X) AppleWebKit/536.26 (KHTML, like Gecko) Version/6.0 Mobile/10B329 Safari/8536.25"
65.55.215.63 - - [11/Aug/2013:13:57:21 -0400] "GET /robots.txt HTTP/1.1" 200 25 "-" "msnbot-media/1.1 (+http://search.msn.com/msnbot.htm)"
205.209.190.116 - - [11/Aug/2013:21:22:53 -0400] "GET /robots.txt HTTP/1.0" 200 25 "-" "Mozilla/5.0 (compatible; MJ12bot/v1.4.3; http://www.majestic12.co.uk/bot.php?+)"
174.252.54.26 - - [11/Aug/2013:21:38:55 -0400] "GET /images/682_spider_mum_009.JPG HTTP/1.1" 200 68685 "https://www.google.com/" "Mozilla/5.0 (iPhone; CPU iPhone OS 6_1_3 like Mac OS X) AppleWebKit/536.26 (KHTML, like Gecko) Version/6.0 Mobile/10B329 Safari/8536.25"
109.194.165.165 - - [11/Aug/2013:21:42:29 -0400] "GET /images/682_elephant-completed.jpg HTTP/1.1" 200 260073 "http://www.liveinternet.ru/users/blaksa/post254284429/" "Opera/9.80 (Windows NT 6.1; WOW64; Edition Yx) Presto/2.12.388 Version/12.15"
123.21.142.210 - - [11/Aug/2013:22:21:47 -0400] "GET /scripts/photoalbum.js HTTP/1.1" 200 62481 "http://www.bogenriefstudios.com/" "Mozilla/5.0 (Windows NT 6.1; WOW64; rv:20.0) Gecko/20100101 Firefox/20.0"
123.21.142.210 - - [11/Aug/2013:22:21:50 -0400] "GET /images/682_post_card.JPG HTTP/1.1" 200 133316 "http://www.bogenriefstudios.com/" "Mozilla/5.0 (Windows NT 6.1; WOW64; rv:20.0) Gecko/20100101 Firefox/20.0"
74.89.67.68 - - [11/Aug/2013:22:22:58 -0400] "GET /images/682_a_items_onhand_025.JPG HTTP/1.1" 200 133679 "-" "Mozilla/5.0 (Windows NT 6.1) AppleWebKit/537.36 (KHTML, like Gecko) Chrome/28.0.1500.95 Safari/537.36"
123.21.142.210 - - [11/Aug/2013:22:23:09 -0400] "GET /images/photoalbum/button_photoPrev.jpg HTTP/1.1" 200 656 "http://www.bogenriefstudios.com/bogenriefgallery/ceilingsdomes.html" "Mozilla/5.0 (Windows NT 6.1; WOW64; rv:20.0) Gecko/20100101 Firefox/20.0"
123.21.142.210 - - [11/Aug/2013:22:23:10 -0400] "GET /images/photoalbum/button_photoNext.jpg HTTP/1.1" 200 662 "http://www.bogenriefstudios.com/bogenriefgallery/ceilingsdomes.html" "Mozilla/5.0 (Windows NT 6.1; WOW64; rv:20.0) Gecko/20100101 Firefox/20.0"
123.21.142.210 - - [11/Aug/2013:22:23:10 -0400] "GET /images/photoalbum/detail_close.jpg HTTP/1.1" 200 1095 "http://www.bogenriefstudios.com/bogenriefgallery/ceilingsdomes.html" "Mozilla/5.0 (Windows NT 6.1; WOW64; rv:20.0) Gecko/20100101 Firefox/20.0"
123.21.142.210 - - [11/Aug/2013:22:23:10 -0400] "GET /images/photoalbum/button_photoSpeed5.jpg HTTP/1.1" 200 502 "http://www.bogenriefstudios.com/bogenriefgallery/ceilingsdomes.html" "Mozilla/5.0 (Windows NT 6.1; WOW64; rv:20.0) Gecko/20100101 Firefox/20.0"
123.21.142.210 - - [11/Aug/2013:22:23:10 -0400] "GET /images/480_David_Siegel_s_Dome.jpg HTTP/1.1" 200 69275 "http://www.bogenriefstudios.com/bogenriefgallery/ceilingsdomes.html" "Mozilla/5.0 (Windows NT 6.1; WOW64; rv:20.0) Gecko/20100101 Firefox/20.0"
123.21.142.210 - - [11/Aug/2013:22:23:10 -0400] "GET /images/438_JDome2.jpg HTTP/1.1" 200 72533 "http://www.bogenriefstudios.com/bogenriefgallery/ceilingsdomes.html" "Mozilla/5.0 (Windows NT 6.1; WOW64; rv:20.0) Gecko/20100101 Firefox/20.0"
198.105.219.56 - - [11/Aug/2013:14:08:25 -0400] "HEAD / HTTP/1.1" 200 - "-" "checks.panopta.com"
157.55.35.76 - - [11/Aug/2013:09:24:12 -0400] "GET / HTTP/1.1" 200 13883 "-" "Mozilla/5.0 (compatible; bingbot/2.0; +http://www.bing.com/bingbot.htm)"
71.9.211.150 - - [11/Aug/2013:10:32:52 -0400] "GET /bogenriefgallery/thejunglewindow.html HTTP/1.1" 200 18159 "http://www.google.com/url?sa=t&rct=j&q=&esrc=s&source=web&cd=3&ved=0CEAQFjAC&url=http%3A%2F%2Fwww.bogenriefstudios.com%2Fbogenriefgallery%2Fthejunglewindow.html&ei=jaAHUtvcKqPs2wXl44GwBg&usg=AFQjCNEFvytE_d5LMQvVpxSm4mx3oeB1NA&sig2=wNnM00pVywBwbaZfnxKVGg&bvm=bv.50500085,d.b2I" "Mozilla/5.0 (Macintosh; Intel Mac OS X 10_8_4) AppleWebKit/536.30.1 (KHTML, like Gecko) Version/6.0.5 Safari/536.30.1"
71.9.211.150 - - [11/Aug/2013:10:32:52 -0400] "GET /scripts/7custom.css HTTP/1.1" 200 1142 "http://www.bogenriefstudios.com/bogenriefgallery/thejunglewindow.html" "Mozilla/5.0 (Macintosh; Intel Mac OS X 10_8_4) AppleWebKit/536.30.1 (KHTML, like Gecko) Version/6.0.5 Safari/536.30.1"
71.9.211.150 - - [11/Aug/2013:10:32:52 -0400] "GET /scripts/user.js HTTP/1.1" 200 23762 "http://www.bogenriefstudios.com/bogenriefgallery/thejunglewindow.html" "Mozilla/5.0 (Macintosh; Intel Mac OS X 10_8_4) AppleWebKit/536.30.1 (KHTML, like Gecko) Version/6.0.5 Safari/536.30.1"
71.9.211.150 - - [11/Aug/2013:10:32:52 -0400] "GET /images/68.jpg HTTP/1.1" 200 11436 "http://www.bogenriefstudios.com/bogenriefgallery/thejunglewindow.html" "Mozilla/5.0 (Macintosh; Intel Mac OS X 10_8_4) AppleWebKit/536.30.1 (KHTML, like Gecko) Version/6.0.5 Safari/536.30.1"
71.9.211.150 - - [11/Aug/2013:10:32:52 -0400] "GET /images/321_jungle_window.JPG HTTP/1.1" 200 58729 "http://www.bogenriefstudios.com/bogenriefgallery/thejunglewindow.html" "Mozilla/5.0 (Macintosh; Intel Mac OS X 10_8_4) AppleWebKit/536.30.1 (KHTML, like Gecko) Version/6.0.5 Safari/536.30.1"
71.9.211.150 - - [11/Aug/2013:10:32:52 -0400] "GET /images/photoalbum/button_photoNext.jpg HTTP/1.1" 200 662 "http://www.bogenriefstudios.com/bogenriefgallery/thejunglewindow.html" "Mozilla/5.0 (Macintosh; Intel Mac OS X 10_8_4) AppleWebKit/536.30.1 (KHTML, like Gecko) Version/6.0.5 Safari/536.30.1"
71.9.211.150 - - [11/Aug/2013:10:32:52 -0400] "GET /images/photoalbum/button_photoSpeed1_ON.jpg HTTP/1.1" 200 476 "http://www.bogenriefstudios.com/bogenriefgallery/thejunglewindow.html" "Mozilla/5.0 (Macintosh; Intel Mac OS X 10_8_4) AppleWebKit/536.30.1 (KHTML, like Gecko) Version/6.0.5 Safari/536.30.1"
71.9.211.150 - - [11/Aug/2013:10:32:52 -0400] "GET /images/photoalbum/button_photoSpeed5.jpg HTTP/1.1" 200 502 "http://www.bogenriefstudios.com/bogenriefgallery/thejunglewindow.html" "Mozilla/5.0 (Macintosh; Intel Mac OS X 10_8_4) AppleWebKit/536.30.1 (KHTML, like Gecko) Version/6.0.5 Safari/536.30.1"
71.9.211.150 - - [11/Aug/2013:10:32:52 -0400] "GET /images/photoalbum/button_photoSpeed4.jpg HTTP/1.1" 200 506 "http://www.bogenriefstudios.com/bogenriefgallery/thejunglewindow.html" "Mozilla/5.0 (Macintosh; Intel Mac OS X 10_8_4) AppleWebKit/536.30.1 (KHTML, like Gecko) Version/6.0.5 Safari/536.30.1"
71.9.211.150 - - [11/Aug/2013:10:32:52 -0400] "GET /images/522_Elephant_detail.JPG HTTP/1.1" 200 129616 "http://www.bogenriefstudios.com/bogenriefgallery/thejunglewindow.html" "Mozilla/5.0 (Macintosh; Intel Mac OS X 10_8_4) AppleWebKit/536.30.1 (KHTML, like Gecko) Version/6.0.5 Safari/536.30.1"
71.9.211.150 - - [11/Aug/2013:10:32:52 -0400] "GET /images/163_Elephant_detail.JPG HTTP/1.1" 200 18008 "http://www.bogenriefstudios.com/bogenriefgallery/thejunglewindow.html" "Mozilla/5.0 (Macintosh; Intel Mac OS X 10_8_4) AppleWebKit/536.30.1 (KHTML, like Gecko) Version/6.0.5 Safari/536.30.1"
71.9.211.150 - - [11/Aug/2013:10:32:53 -0400] "GET /images/218_e-mail_florida_011.jpg HTTP/1.1" 200 14431 "http://www.bogenriefstudios.com/bogenriefgallery/thejunglewindow.html" "Mozilla/5.0 (Macintosh; Intel Mac OS X 10_8_4) AppleWebKit/536.30.1 (KHTML, like Gecko) Version/6.0.5 Safari/536.30.1"
71.9.211.150 - - [11/Aug/2013:10:32:53 -0400] "GET /images/218_Detail_with_vines.JPG HTTP/1.1" 200 16325 "http://www.bogenriefstudios.com/bogenriefgallery/thejunglewindow.html" "Mozilla/5.0 (Macintosh; Intel Mac OS X 10_8_4) AppleWebKit/536.30.1 (KHTML, like Gecko) Version/6.0.5 Safari/536.30.1"
71.9.211.150 - - [11/Aug/2013:10:32:53 -0400] "GET /images/218_Detail_with_right_facing_parrot.jpg HTTP/1.1" 200 13722 "http://www.bogenriefstudios.com/bogenriefgallery/thejunglewindow.html" "Mozilla/5.0 (Macintosh; Intel Mac OS X 10_8_4) AppleWebKit/536.30.1 (KHTML, like Gecko) Version/6.0.5 Safari/536.30.1"
71.9.211.150 - - [11/Aug/2013:10:32:53 -0400] "GET /images/218_Detail_with_monkey.jpg HTTP/1.1" 200 17859 "http://www.bogenriefstudios.com/bogenriefgallery/thejunglewindow.html" "Mozilla/5.0 (Macintosh; Intel Mac OS X 10_8_4) AppleWebKit/536.30.1 (KHTML, like Gecko) Version/6.0.5 Safari/536.30.1"
71.9.211.150 - - [11/Aug/2013:10:32:53 -0400] "GET /images/696_Detail_with_monkey.jpg HTTP/1.1" 200 143429 "http://www.bogenriefstudios.com/bogenriefgallery/thejunglewindow.html" "Mozilla/5.0 (Macintosh; Intel Mac OS X 10_8_4) AppleWebKit/536.30.1 (KHTML, like Gecko) Version/6.0.5 Safari/536.30.1"
71.9.211.150 - - [11/Aug/2013:10:32:54 -0400] "GET /scripts/print.css HTTP/1.1" 200 - "http://www.bogenriefstudios.com/bogenriefgallery/thejunglewindow.html" "Mozilla/5.0 (Macintosh; Intel Mac OS X 10_8_4) AppleWebKit/536.30.1 (KHTML, like Gecko) Version/6.0.5 Safari/536.30.1"
5.63.151.189 - - [11/Aug/2013:11:36:58 -0400] "HEAD / HTTP/1.1" 200 - "-" "checks.panopta.com"
195.54.210.3 - - [11/Aug/2013:00:08:09 -0400] "GET /images/682_elephant-completed.jpg HTTP/1.0" 200 260073 "http://www.liveinternet.ru/users/oks77/post157534646/" "Mozilla/5.0 (iPad; CPU OS 5_1_1 like Mac OS X) AppleWebKit/534.46 (KHTML, like Gecko) Version/5.1 Mobile/9B206 Safari/7534.48.3"
37.152.221.161 - - [11/Aug/2013:16:25:14 -0400] "GET /images/682_Daydream_001.jpg HTTP/1.1" 200 215855 "-" "Mozilla/5.0 (Windows NT 6.1; WOW64) AppleWebKit/537.36 (KHTML, like Gecko) Chrome/28.0.1500.95 Safari/537.36"
5.63.151.189 - - [11/Aug/2013:17:39:30 -0400] "HEAD / HTTP/1.1" 200 - "-" "checks.panopta.com"
74.100.178.33 - - [11/Aug/2013:03:21:17 -0400] "GET /scripts/ic_globals_published.js HTTP/1.1" 200 566 "http://www.bogenriefstudios.com/studios.html" "Mozilla/5.0 (Macintosh; Intel Mac OS X 10_8_4) AppleWebKit/536.30.1 (KHTML, like Gecko) Version/6.0.5 Safari/536.30.1"
74.100.178.33 - - [11/Aug/2013:03:21:17 -0400] "GET /scripts/photoalbum.js HTTP/1.1" 200 62481 "http://www.bogenriefstudios.com/studios.html" "Mozilla/5.0 (Macintosh; Intel Mac OS X 10_8_4) AppleWebKit/536.30.1 (KHTML, like Gecko) Version/6.0.5 Safari/536.30.1"
74.100.178.33 - - [11/Aug/2013:03:21:18 -0400] "GET /images/682_Printed_20_.jpg HTTP/1.1" 200 124934 "http://www.bogenriefstudios.com/studios.html" "Mozilla/5.0 (Macintosh; Intel Mac OS X 10_8_4) AppleWebKit/536.30.1 (KHTML, like Gecko) Version/6.0.5 Safari/536.30.1"
218.3.164.126 - - [11/Aug/2013:04:16:28 -0400] "GET /bogenriefgallery/ladiesofbogenrief.html HTTP/1.1" 200 22147 "-" "Mozilla/4.0 (compatible; MSIE 6.0; Windows NT 5.1; .NET CLR 2.0.50727; .NET CLR 3.0.4506.2152; .NET CLR 3.5.30729)"
199.30.16.48 - - [11/Aug/2013:04:19:10 -0400] "GET /robots.txt HTTP/1.1" 200 25 "-" "msnbot-media/1.1 (+http://search.msn.com/msnbot.htm)"
199.21.99.79 - - [11/Aug/2013:05:12:30 -0400] "GET /robots.txt HTTP/1.1" 200 25 "-" "Mozilla/5.0 (compatible; YandexBot/3.0; +http://yandex.com/bots)"
220.181.108.79 - - [11/Aug/2013:05:34:31 -0400] "GET /videos.html HTTP/1.1" 200 7609 "-" "Mozilla/5.0 (compatible; Baiduspider/2.0; +http://www.baidu.com/search/spider.html)"
95.153.180.219 - - [11/Aug/2013:05:36:28 -0400] "GET /images/photoalbum/button_photoSpeed2_ON.jpg HTTP/1.1" 200 492 "http://www.bogenriefstudios.com/bogenriefgallery/blownfusedglass.html" "Mozilla/5.0 (Windows NT 6.1; WOW64; rv:22.0) Gecko/20100101 Firefox/22.0"
95.153.180.219 - - [11/Aug/2013:05:36:29 -0400] "GET /images/480_SPEN0036.JPG HTTP/1.1" 200 27450 "http://www.bogenriefstudios.com/bogenriefgallery/blownfusedglass.html" "Mozilla/5.0 (Windows NT 6.1; WOW64; rv:22.0) Gecko/20100101 Firefox/22.0"
95.153.180.219 - - [11/Aug/2013:05:37:00 -0400] "GET /images/479_atlanta_dome_2.JPG HTTP/1.1" 200 31635 "http://www.bogenriefstudios.com/bogenriefgallery/ceilingsdomes.html" "Mozilla/5.0 (Windows NT 6.1; WOW64; rv:22.0) Gecko/20100101 Firefox/22.0"
95.153.180.219 - - [11/Aug/2013:05:36:59 -0400] "GET /images/477_atlanta_dome_1.JPG HTTP/1.1" 200 84655 "http://www.bogenriefstudios.com/bogenriefgallery/ceilingsdomes.html" "Mozilla/5.0 (Windows NT 6.1; WOW64; rv:22.0) Gecko/20100101 Firefox/22.0"
65.55.217.231 - - [11/Aug/2013:19:14:03 -0400] "GET /images/682_01_Side_Lights_-_modified.jpg HTTP/1.1" 200 169071 "http://vista.net.pk/emigration-vented-sidelights/" "Mozilla/5.0 (Windows NT 6.1; WOW64) AppleWebKit/534+ (KHTML, like Gecko) BingPreview/1.0b"
190.57.254.49 - - [11/Aug/2013:20:32:13 -0400] "GET /images/314_Lauritzen_Gardens_33_-_modified.jpg HTTP/1.1" 200 44364 "-" "Mozilla/5.0 (Windows NT 6.1; WOW64) AppleWebKit/537.36 (KHTML, like Gecko) Chrome/28.0.1500.95 Safari/537.36"
178.137.128.238 - - [11/Aug/2013:15:41:07 -0400] "GET /home.html HTTP/1.1" 200 27081 "http://fre4games.net/" "Mozilla/4.0 (compatible; MSIE 6.0; Windows NT) ::ELNSB50::000061100320025802a00111000000000507000900000000"
178.137.128.238 - - [11/Aug/2013:15:41:08 -0400] "GET /home.html HTTP/1.1" 200 27081 "http://xn--80adj4atbj1eb.xn--p1ai/" "Mozilla/4.0 (compatible; MSIE 6.0; Windows NT 5.2; Win64; AMD64)"
5.63.151.189 - - [11/Aug/2013:11:52:01 -0400] "HEAD / HTTP/1.1" 200 - "-" "checks.panopta.com"
97.92.16.208 - - [11/Aug/2013:00:13:17 -0400] "GET /favicon.ico HTTP/1.1" 404 575 "-" "Mozilla/5.0 (compatible; MSIE 9.0; Windows NT 6.0; Trident/5.0)"
75.81.6.159 - - [11/Aug/2013:22:28:58 -0400] "GET /images/682_blue_white_chandelier_-_installed-edited.jpg HTTP/1.1" 200 79065 "http://www.google.com/search?client=safari&hl=en&biw=768&bih=946&tbm=isch&sa=1&ei=HkgIUrijPO2C2gXCiYDoBw&q=blown+glass+chandelier&oq=blown+glass+&gs_l=img.1.0.0l10.48503.53163.0.55234.12.9.0.3.3.0.360.1402.0j8j0j1.9.0....0...1c.1.24.img..0.12.1469.rKW7yXy7QRc" "Mozilla/5.0 (iPad; U; CPU OS 4_3_3 like Mac OS X; en-us) AppleWebKit/533.17.9 (KHTML, like Gecko) Version/5.0.2 Mobile/8J2 Safari/6533.18.5"
74.100.178.33 - - [11/Aug/2013:03:21:17 -0400] "GET /scripts/template.css HTTP/1.1" 200 9956 "http://www.bogenriefstudios.com/studios.html" "Mozilla/5.0 (Macintosh; Intel Mac OS X 10_8_4) AppleWebKit/536.30.1 (KHTML, like Gecko) Version/6.0.5 Safari/536.30.1"
74.100.178.33 - - [11/Aug/2013:03:21:18 -0400] "GET /images/188_blue_seperate.jpg HTTP/1.1" 200 14499 "http://www.bogenriefstudios.com/studios.html" "Mozilla/5.0 (Macintosh; Intel Mac OS X 10_8_4) AppleWebKit/536.30.1 (KHTML, like Gecko) Version/6.0.5 Safari/536.30.1"
74.100.178.33 - - [11/Aug/2013:03:21:18 -0400] "GET /images/188_orange_-_seperate.jpg HTTP/1.1" 200 16735 "http://www.bogenriefstudios.com/studios.html" "Mozilla/5.0 (Macintosh; Intel Mac OS X 10_8_4) AppleWebKit/536.30.1 (KHTML, like Gecko) Version/6.0.5 Safari/536.30.1"
92.249.127.111 - - [11/Aug/2013:04:38:50 -0400] "GET /home.html HTTP/1.1" 200 27081 "http://sovetogorod.ru/cveti_verbena_virashivanie.html" "Mozilla/5.0 (compatible; news bot /2.1)"
174.238.99.48 - - [11/Aug/2013:13:35:06 -0400] "GET /scripts/user.js HTTP/1.1" 200 23762 "http://www.bogenriefstudios.com/" "Mozilla/5.0 (iPhone; CPU iPhone OS 6_1_3 like Mac OS X) AppleWebKit/536.26 (KHTML, like Gecko) Version/6.0 Mobile/10B329 Safari/8536.25"
174.238.99.48 - - [11/Aug/2013:13:35:07 -0400] "GET /images/198_door_019.JPG HTTP/1.1" 200 8796 "http://www.bogenriefstudios.com/" "Mozilla/5.0 (iPhone; CPU iPhone OS 6_1_3 like Mac OS X) AppleWebKit/536.26 (KHTML, like Gecko) Version/6.0 Mobile/10B329 Safari/8536.25"
174.238.99.48 - - [11/Aug/2013:13:35:07 -0400] "GET /images/321_Richards_install_004.JPG HTTP/1.1" 200 21479 "http://www.bogenriefstudios.com/" "Mozilla/5.0 (iPhone; CPU iPhone OS 6_1_3 like Mac OS X) AppleWebKit/536.26 (KHTML, like Gecko) Version/6.0 Mobile/10B329 Safari/8536.25"
65.55.215.63 - - [11/Aug/2013:13:57:21 -0400] "GET /robots.txt HTTP/1.1" 200 25 "-" "msnbot-media/1.1 (+http://search.msn.com/msnbot.htm)"
209.121.225.210 - - [11/Aug/2013:15:42:28 -0400] "GET /images/682_Elephant_detail.JPG HTTP/1.1" 200 218582 "https://www.google.ca/" "Mozilla/5.0 (iPhone; CPU iPhone OS 6_1_4 like Mac OS X) AppleWebKit/536.26 (KHTML, like Gecko) Version/6.0 Mobile/10B350 Safari/8536.25"
199.187.122.91 - - [11/Aug/2013:18:26:05 -0400] "GET /home.html HTTP/1.1" 200 27081 "-" "Mozilla/4.0 (compatible; MSIE 6.0; Windows NT 5.1; SV1; .NET CLR 2.0.50727)"
98.124.85.52 - - [11/Aug/2013:19:56:40 -0400] "GET /images/682_01_Side_Lights_-_modified.jpg HTTP/1.1" 200 169071 "http://vista.net.pk/emigration-vented-sidelights/" "Mozilla/5.0 (Linux; U; en-us; KFOT Build/IML74K) AppleWebKit/535.19 (KHTML, like Gecko) Silk/3.1 Safari/535.19 Silk-Accelerated=true"
125.237.165.212 - - [11/Aug/2013:20:49:40 -0400] "GET /availableforpurchase.html HTTP/1.1" 200 22554 "http://www.google.co.nz/url?sa=i&rct=j&q=leadlight+lamp+shades&source=images&cd=&docid=EjhnNcoEfkjAQM&tbnid=SZNxgyf-1APK7M:&ved=0CAUQjRw&url=http%3A%2F%2Fwww.bogenriefstudios.com%2Favailableforpurchase.html&ei=GjEIUo3XLcnMkQWv-oC4Aw&bvm=bv.50500085,d.dGI&psig=AFQjCNHPyGgKZ1h77MKyCWryi9hSDadTGw&ust=1376354717878561" "Mozilla/5.0 (Windows NT 6.1; WOW64) AppleWebKit/537.36 (KHTML, like Gecko) Chrome/28.0.1500.95 Safari/537.36"
125.237.165.212 - - [11/Aug/2013:20:49:43 -0400] "GET /images/682_DSC_0038.JPG HTTP/1.1" 200 91594 "http://www.bogenriefstudios.com/availableforpurchase.html" "Mozilla/5.0 (Windows NT 6.1; WOW64) AppleWebKit/537.36 (KHTML, like Gecko) Chrome/28.0.1500.95 Safari/537.36"
108.240.4.124 - - [11/Aug/2013:13:02:18 -0400] "GET /images/682_blue_white_chandelier_-_installed-edited.jpg HTTP/1.1" 200 79065 "http://us.yhs4.search.yahoo.com/yhs/search?hspart=Babylon&hsimp=yhs-002&type=br101dm25ts65&p=blown%20glass%20art" "Mozilla/5.0 (compatible; MSIE 10.0; Windows NT 6.2; Trident/6.0)"
166.137.88.169 - - [11/Aug/2013:11:15:07 -0400] "GET /images/682_web_site_4-edited.jpg HTTP/1.1" 200 151078 "-" "Dalvik/1.6.0 (Linux; U; Android 4.2.2; SAMSUNG-SGH-I337 Build/JDQ39)"
181.29.144.10 - - [11/Aug/2013:21:16:21 -0400] "GET /images/682_Cool_Blue_Chandelier.jpg HTTP/1.1" 200 79065 "http://images.search.yahoo.com/images/view;_ylt=A0PDoX9YNwhSmywAbD2JzbkF;_ylu=X3oDMTFzc3EzazAwBHNlYwNzcgRzbGsDaW1nBG9pZAM0MmIzMmMzZGUwZjAzYzZmM2U2Yzg5Zjc0YmIwZDZkMgRncG9zAzE5MA--?back=http%3A%2F%2Fimages.search.yahoo.com%2Fsearch%2Fimages%3Fp%3Dblue%2Bchandelier%26n%3D30%26ei%3Dutf-8%26y%3DSearch%26fr%3Dyfp-t-600%26tab%3Dorganic%26ri%3D190&w=650&h=649&imgurl=ilsupermarket.com%2Fcontents%2Fmedia%2Fmurano-chandelier-san-joseph-6-lights.jpg&rurl=http%3A%2F%2Fchandelied.com%2F2013%2F03%2F02%2Fchandelier-6-light-multicolor-murano-glass%2F&size=44.7KB&name=light+%3Cb%3Eblue+chandelier+%3C%2Fb%3E%7C+murano+%3Cb%3Echandelier+%3C%2Fb%3E%7C+italian+glass+lighting&p=blue+chandelier&oid=42b32c3de0f03c6f3e6c89f74bb0d6d2&fr2=&fr=yfp-t-600&tt=light+%3Cb%3Eblue+chandelier+%3C%2Fb%3E%7C+murano+%3Cb%3Echandelier+%3C%2Fb%3E%7C+italian+glass+lighting&b=181&ni=96&no=190&ts=&tab=organic&sigr=12cvq9b0k&sigb=13lp9hl4f&sigi=12a1csgsv&.crumb=gcRtxc4jfyU&fr=yfp-t-600" "Mozilla/4.0 (compatible; MSIE 7.0; Windows NT 6.0; GTB7.5; SLCC1; .NET CLR 2.0.50727; .NET CLR 3.5.30729; .NET CLR 3.0.30618; InfoPath.2; OfficeLiveConnector.1.3; OfficeLivePatch.0.0; .NET4.0C; BRI/2)"
205.209.190.116 - - [11/Aug/2013:21:22:55 -0400] "GET / HTTP/1.1" 200 13883 "-" "Mozilla/5.0 (compatible; MJ12bot/v1.4.3; http://www.majestic12.co.uk/bot.php?+)"
69.171.178.81 - - [11/Aug/2013:22:23:53 -0400] "GET /scripts/print.css HTTP/1.1" 200 - "http://www.bogenriefstudios.com/bogenriefgallery/ceilingsdomes.html" "Mozilla/5.0 (Linux; U; Android 2.3.6; en-us; M886 Build/HuaweiM886) AppleWebKit/533.1 (KHTML, like Gecko) Version/4.0 Mobile Safari/533.1"
69.171.178.81 - - [11/Aug/2013:22:23:54 -0400] "GET /images/photoalbum/button_photoFirst.jpg HTTP/1.1" 200 637 "http://www.bogenriefstudios.com/bogenriefgallery/ceilingsdomes.html" "Mozilla/5.0 (Linux; U; Android 2.3.6; en-us; M886 Build/HuaweiM886) AppleWebKit/533.1 (KHTML, like Gecko) Version/4.0 Mobile Safari/533.1"
69.171.178.81 - - [11/Aug/2013:22:23:55 -0400] "GET /images/218_008.JPG HTTP/1.1" 200 15760 "http://www.bogenriefstudios.com/bogenriefgallery/ceilingsdomes.html" "Mozilla/5.0 (Linux; U; Android 2.3.6; en-us; M886 Build/HuaweiM886) AppleWebKit/533.1 (KHTML, like Gecko) Version/4.0 Mobile Safari/533.1"
69.171.178.81 - - [11/Aug/2013:22:23:56 -0400] "GET /images/480_Lattice_Clematis_Flower_Dome.JPG HTTP/1.1" 200 31141 "http://www.bogenriefstudios.com/bogenriefgallery/ceilingsdomes.html" "Mozilla/5.0 (Linux; U; Android 2.3.6; en-us; M886 Build/HuaweiM886) AppleWebKit/533.1 (KHTML, like Gecko) Version/4.0 Mobile Safari/533.1"
69.171.178.81 - - [11/Aug/2013:22:23:57 -0400] "GET /images/438_JDome2.jpg HTTP/1.1" 200 72533 "http://www.bogenriefstudios.com/bogenriefgallery/ceilingsdomes.html" "Mozilla/5.0 (Linux; U; Android 2.3.6; en-us; M886 Build/HuaweiM886) AppleWebKit/533.1 (KHTML, like Gecko) Version/4.0 Mobile Safari/533.1"
69.171.178.81 - - [11/Aug/2013:22:24:00 -0400] "GET /images/696_atlanta_dome_2.JPG HTTP/1.1" 200 59977 "http://www.bogenriefstudios.com/bogenriefgallery/ceilingsdomes.html" "Mozilla/5.0 (Linux; U; Android 2.3.6; en-us; M886 Build/HuaweiM886) AppleWebKit/533.1 (KHTML, like Gecko) Version/4.0 Mobile Safari/533.1"
69.171.178.81 - - [11/Aug/2013:22:24:00 -0400] "GET /images/696_atlanta_dome_3.JPG HTTP/1.1" 200 88199 "http://www.bogenriefstudios.com/bogenriefgallery/ceilingsdomes.html" "Mozilla/5.0 (Linux; U; Android 2.3.6; en-us; M886 Build/HuaweiM886) AppleWebKit/533.1 (KHTML, like Gecko) Version/4.0 Mobile Safari/533.1"
69.171.178.81 - - [11/Aug/2013:22:24:02 -0400] "GET /images/696_Ceiling_-_Lauritzen_Gardens_030_-_cropped.jpg HTTP/1.1" 200 117070 "http://www.bogenriefstudios.com/bogenriefgallery/ceilingsdomes.html" "Mozilla/5.0 (Linux; U; Android 2.3.6; en-us; M886 Build/HuaweiM886) AppleWebKit/533.1 (KHTML, like Gecko) Version/4.0 Mobile Safari/533.1"
69.171.178.81 - - [11/Aug/2013:22:24:03 -0400] "GET /images/218_Dome10.jpg HTTP/1.1" 200 10522 "http://www.bogenriefstudios.com/bogenriefgallery/ceilingsdomes.html" "Mozilla/5.0 (Linux; U; Android 2.3.6; en-us; M886 Build/HuaweiM886) AppleWebKit/533.1 (KHTML, like Gecko) Version/4.0 Mobile Safari/533.1"
54.235.20.180 - - [11/Aug/2013:06:10:58 -0400] "GET /bogenriefgallery/ladiesofbogenrief.html HTTP/1.1" 200 22147 "-" "Pinterest/0.1 +http://pinterest.com/"
31.30.26.13 - - [11/Aug/2013:06:21:41 -0400] "GET /images/314_Lauritzen_Gardens_42_.jpg HTTP/1.1" 200 31524 "http://www.liveinternet.ru/users/4454757/rubric/2230500/page47.html" "Mozilla/5.0 (Windows NT 5.1) AppleWebKit/537.36 (KHTML, like Gecko) Chrome/28.0.1500.95 Safari/537.36"
218.3.164.126 - - [11/Aug/2013:08:27:08 -0400] "GET /contactus.html HTTP/1.1" 200 11250 "-" "Mozilla/4.0 (compatible; MSIE 6.0; Windows NT 5.1; .NET CLR 2.0.50727; .NET CLR 3.0.4506.2152; .NET CLR 3.5.30729)"
218.3.164.126 - - [11/Aug/2013:08:27:23 -0400] "GET /bogenriefgallery/stainedglasswindows.html HTTP/1.1" 200 25295 "-" "Mozilla/4.0 (compatible; MSIE 6.0; Windows NT 5.1; .NET CLR 2.0.50727; .NET CLR 3.0.4506.2152; .NET CLR 3.5.30729)"
218.3.164.126 - - [11/Aug/2013:08:27:36 -0400] "GET /facebooktwitter.html HTTP/1.1" 200 8186 "-" "Mozilla/4.0 (compatible; MSIE 6.0; Windows NT 5.1; .NET CLR 2.0.50727; .NET CLR 3.0.4506.2152; .NET CLR 3.5.30729)"
74.100.178.33 - - [11/Aug/2013:03:21:17 -0400] "GET /scripts/5custom.css HTTP/1.1" 200 1820 "http://www.bogenriefstudios.com/studios.html" "Mozilla/5.0 (Macintosh; Intel Mac OS X 10_8_4) AppleWebKit/536.30.1 (KHTML, like Gecko) Version/6.0.5 Safari/536.30.1"
74.100.178.33 - - [11/Aug/2013:03:21:18 -0400] "GET /images/68.jpg HTTP/1.1" 200 11436 "http://www.bogenriefstudios.com/studios.html" "Mozilla/5.0 (Macintosh; Intel Mac OS X 10_8_4) AppleWebKit/536.30.1 (KHTML, like Gecko) Version/6.0.5 Safari/536.30.1"
74.100.178.33 - - [11/Aug/2013:03:21:18 -0400] "GET /images/188_Blown_Glass_104.jpg HTTP/1.1" 200 4494 "http://www.bogenriefstudios.com/studios.html" "Mozilla/5.0 (Macintosh; Intel Mac OS X 10_8_4) AppleWebKit/536.30.1 (KHTML, like Gecko) Version/6.0.5 Safari/536.30.1"
74.100.178.33 - - [11/Aug/2013:03:21:18 -0400] "GET /images/196_Blown_Glass_108_-_modified.jpg HTTP/1.1" 200 8997 "http://www.bogenriefstudios.com/studios.html" "Mozilla/5.0 (Macintosh; Intel Mac OS X 10_8_4) AppleWebKit/536.30.1 (KHTML, like Gecko) Version/6.0.5 Safari/536.30.1"
74.100.178.33 - - [11/Aug/2013:03:21:18 -0400] "GET /images/188_Blown_Glass_113_-_modified.jpg HTTP/1.1" 200 10516 "http://www.bogenriefstudios.com/studios.html" "Mozilla/5.0 (Macintosh; Intel Mac OS X 10_8_4) AppleWebKit/536.30.1 (KHTML, like Gecko) Version/6.0.5 Safari/536.30.1"
74.100.178.33 - - [11/Aug/2013:03:21:18 -0400] "GET /images/196_Blown_Glass_121_-_cropped.jpg HTTP/1.1" 200 6268 "http://www.bogenriefstudios.com/studios.html" "Mozilla/5.0 (Macintosh; Intel Mac OS X 10_8_4) AppleWebKit/536.30.1 (KHTML, like Gecko) Version/6.0.5 Safari/536.30.1"
74.100.178.33 - - [11/Aug/2013:03:21:19 -0400] "GET /images/188_Blown_Glass_114_-_modified.jpg HTTP/1.1" 200 7869 "http://www.bogenriefstudios.com/studios.html" "Mozilla/5.0 (Macintosh; Intel Mac OS X 10_8_4) AppleWebKit/536.30.1 (KHTML, like Gecko) Version/6.0.5 Safari/536.30.1"
74.100.178.33 - - [11/Aug/2013:03:21:19 -0400] "GET /images/196_paperweights_3_.jpg HTTP/1.1" 200 6754 "http://www.bogenriefstudios.com/studios.html" "Mozilla/5.0 (Macintosh; Intel Mac OS X 10_8_4) AppleWebKit/536.30.1 (KHTML, like Gecko) Version/6.0.5 Safari/536.30.1"
5.63.151.189 - - [11/Aug/2013:05:33:48 -0400] "HEAD / HTTP/1.1" 200 - "-" "checks.panopta.com"
95.153.180.219 - - [11/Aug/2013:05:36:28 -0400] "GET /images/photoalbum/button_photoFirst.jpg HTTP/1.1" 200 637 "http://www.bogenriefstudios.com/bogenriefgallery/blownfusedglass.html" "Mozilla/5.0 (Windows NT 6.1; WOW64; rv:22.0) Gecko/20100101 Firefox/22.0"
95.153.180.219 - - [11/Aug/2013:05:36:29 -0400] "GET /images/480_SPEN0029.JPG HTTP/1.1" 200 25641 "http://www.bogenriefstudios.com/bogenriefgallery/blownfusedglass.html" "Mozilla/5.0 (Windows NT 6.1; WOW64; rv:22.0) Gecko/20100101 Firefox/22.0"
95.153.180.219 - - [11/Aug/2013:05:36:35 -0400] "GET /images/480_weddingblown_029.jpg HTTP/1.1" 200 25966 "http://www.bogenriefstudios.com/bogenriefgallery/blownfusedglass.html" "Mozilla/5.0 (Windows NT 6.1; WOW64; rv:22.0) Gecko/20100101 Firefox/22.0"
95.153.180.219 - - [11/Aug/2013:05:36:35 -0400] "GET /images/159_SPEN0001.JPG HTTP/1.1" 200 8184 "http://www.bogenriefstudios.com/bogenriefgallery/blownfusedglass.html" "Mozilla/5.0 (Windows NT 6.1; WOW64; rv:22.0) Gecko/20100101 Firefox/22.0"
95.153.180.219 - - [11/Aug/2013:05:36:37 -0400] "GET /images/218_SPEN0034.JPG HTTP/1.1" 200 7538 "http://www.bogenriefstudios.com/bogenriefgallery/blownfusedglass.html" "Mozilla/5.0 (Windows NT 6.1; WOW64; rv:22.0) Gecko/20100101 Firefox/22.0"
95.153.180.219 - - [11/Aug/2013:05:36:38 -0400] "GET /images/164_SPEN0088.JPG HTTP/1.1" 200 5525 "http://www.bogenriefstudios.com/bogenriefgallery/blownfusedglass.html" "Mozilla/5.0 (Windows NT 6.1; WOW64; rv:22.0) Gecko/20100101 Firefox/22.0"
95.153.180.219 - - [11/Aug/2013:05:36:39 -0400] "GET /images/99_SUTH0035.JPG HTTP/1.1" 200 2854 "http://www.bogenriefstudios.com/bogenriefgallery/blownfusedglass.html" "Mozilla/5.0 (Windows NT 6.1; WOW64; rv:22.0) Gecko/20100101 Firefox/22.0"
95.153.180.219 - - [11/Aug/2013:05:36:39 -0400] "GET /images/photoalbum/photo_controlBG.jpg HTTP/1.1" 200 336 "http://www.bogenriefstudios.com/scripts/icwebsiteelement.css" "Mozilla/5.0 (Windows NT 6.1; WOW64; rv:22.0) Gecko/20100101 Firefox/22.0"
95.153.180.219 - - [11/Aug/2013:05:36:59 -0400] "GET /images/438_JDome2.jpg HTTP/1.1" 200 72533 "http://www.bogenriefstudios.com/bogenriefgallery/ceilingsdomes.html" "Mozilla/5.0 (Windows NT 6.1; WOW64; rv:22.0) Gecko/20100101 Firefox/22.0"
50.81.185.72 - - [11/Aug/2013:13:11:11 -0400] "GET /scripts/13custom.css HTTP/1.1" 200 2827 "http://www.bogenriefstudios.com/" "Mozilla/5.0 (Windows NT 5.1; rv:22.0) Gecko/20100101 Firefox/22.0"
50.81.185.72 - - [11/Aug/2013:13:11:12 -0400] "GET /images/198_door_019.JPG HTTP/1.1" 200 8796 "http://www.bogenriefstudios.com/" "Mozilla/5.0 (Windows NT 5.1; rv:22.0) Gecko/20100101 Firefox/22.0"
50.81.185.72 - - [11/Aug/2013:13:11:12 -0400] "GET /images/321_Richards_install_004.JPG HTTP/1.1" 200 21479 "http://www.bogenriefstudios.com/" "Mozilla/5.0 (Windows NT 5.1; rv:22.0) Gecko/20100101 Firefox/22.0"
174.238.99.48 - - [11/Aug/2013:13:36:49 -0400] "GET /onlinestore.html HTTP/1.1" 200 202 "http://www.bogenriefstudios.com/" "Mozilla/5.0 (iPhone; CPU iPhone OS 6_1_3 like Mac OS X) AppleWebKit/536.26 (KHTML, like Gecko) Version/6.0 Mobile/10B329 Safari/8536.25"
199.30.20.68 - - [11/Aug/2013:09:13:21 -0400] "GET /robots.txt HTTP/1.1" 200 25 "-" "msnbot-media/1.1 (+http://search.msn.com/msnbot.htm)"
71.9.211.150 - - [11/Aug/2013:10:32:55 -0400] "GET /favicon.ico HTTP/1.1" 404 575 "http://www.bogenriefstudios.com/bogenriefgallery/thejunglewindow.html" "Mozilla/5.0 (Macintosh; Intel Mac OS X 10_8_4) AppleWebKit/536.30.1 (KHTML, like Gecko) Version/6.0.5 Safari/536.30.1"
5.63.151.189 - - [11/Aug/2013:20:40:57 -0400] "HEAD / HTTP/1.1" 200 - "-" "checks.panopta.com"
66.249.75.165 - - [11/Aug/2013:20:52:29 -0400] "GET /images/300_window_dolphins.JPG HTTP/1.1" 304 - "-" "Googlebot-Image/1.0"
178.137.128.238 - - [11/Aug/2013:15:41:08 -0400] "GET /home.html HTTP/1.1" 200 27081 "http://fre4games.net/" "Mozilla/4.0 (compatible; MSIE 6.0; Windows NT) ::ELNSB50::000061100320025802a00111000000000507000900000000"
5.63.151.189 - - [11/Aug/2013:16:23:59 -0400] "HEAD / HTTP/1.1" 200 - "-" "checks.panopta.com"
199.21.99.79 - - [11/Aug/2013:17:12:59 -0400] "GET /robots.txt HTTP/1.1" 200 25 "-" "Mozilla/5.0 (compatible; YandexBot/3.0; +http://yandex.com/bots)"
199.30.20.126 - - [11/Aug/2013:02:12:37 -0400] "GET /images/682_Ceiling_-_Lauritzen_Gardens_030_-_cropped.jpg HTTP/1.1" 200 124325 "-" "msnbot-media/1.1 (+http://search.msn.com/msnbot.htm)"
46.165.197.151 - - [11/Aug/2013:22:54:55 -0400] "GET /robots.txt HTTP/1.0" 200 25 "-" "Mozilla/5.0 (compatible; MJ12bot/v1.4.3; http://www.majestic12.co.uk/bot.php?+)"
123.151.148.205 - - [11/Aug/2013:06:29:08 -0400] "GET / HTTP/1.1" 200 13883 "http://www.bogenriefstudios.com/" "Mozilla/5.0 (compatible; Sosospider/2.0; +http://help.soso.com/webspider.htm)"
92.249.127.111 - - [11/Aug/2013:04:38:54 -0400] "GET /home.html HTTP/1.1" 200 27081 "http://sovetogorod.ru/cveti_verbena_virashivanie.html" "Mozilla/5.0 (compatible; news bot /2.1)"
123.21.142.210 - - [11/Aug/2013:22:21:50 -0400] "GET /images/ic_034_body_bg_wide.jpg HTTP/1.1" 200 90532 "http://www.bogenriefstudios.com/scripts/template.css" "Mozilla/5.0 (Windows NT 6.1; WOW64; rv:20.0) Gecko/20100101 Firefox/20.0"
123.21.142.210 - - [11/Aug/2013:22:23:07 -0400] "GET /bogenriefgallery/ceilingsdomes.html HTTP/1.1" 200 17476 "http://www.bogenriefstudios.com/" "Mozilla/5.0 (Windows NT 6.1; WOW64; rv:20.0) Gecko/20100101 Firefox/20.0"
123.21.142.210 - - [11/Aug/2013:22:23:09 -0400] "GET /scripts/18custom.css HTTP/1.1" 200 804 "http://www.bogenriefstudios.com/bogenriefgallery/ceilingsdomes.html" "Mozilla/5.0 (Windows NT 6.1; WOW64; rv:20.0) Gecko/20100101 Firefox/20.0"
123.21.142.210 - - [11/Aug/2013:22:23:09 -0400] "GET /images/photoalbum/button_photoPlay.jpg HTTP/1.1" 200 613 "http://www.bogenriefstudios.com/bogenriefgallery/ceilingsdomes.html" "Mozilla/5.0 (Windows NT 6.1; WOW64; rv:20.0) Gecko/20100101 Firefox/20.0"
123.21.142.210 - - [11/Aug/2013:22:23:11 -0400] "GET /images/480_for_sale_5_008.JPG HTTP/1.1" 200 30227 "http://www.bogenriefstudios.com/bogenriefgallery/ceilingsdomes.html" "Mozilla/5.0 (Windows NT 6.1; WOW64; rv:20.0) Gecko/20100101 Firefox/20.0"
123.21.142.210 - - [11/Aug/2013:22:23:24 -0400] "GET /images/635_JDome2.jpg HTTP/1.1" 200 131050 "http://www.bogenriefstudios.com/bogenriefgallery/ceilingsdomes.html" "Mozilla/5.0 (Windows NT 6.1; WOW64; rv:20.0) Gecko/20100101 Firefox/20.0"
69.171.178.81 - - [11/Aug/2013:22:23:53 -0400] "GET /scripts/user.js HTTP/1.1" 200 23762 "http://www.bogenriefstudios.com/bogenriefgallery/ceilingsdomes.html" "Mozilla/5.0 (Linux; U; Android 2.3.6; en-us; M886 Build/HuaweiM886) AppleWebKit/533.1 (KHTML, like Gecko) Version/4.0 Mobile Safari/533.1"
69.171.178.81 - - [11/Aug/2013:22:23:53 -0400] "GET /images/ic_034_body_bg.jpg HTTP/1.1" 200 126342 "http://www.bogenriefstudios.com/bogenriefgallery/ceilingsdomes.html" "Mozilla/5.0 (Linux; U; Android 2.3.6; en-us; M886 Build/HuaweiM886) AppleWebKit/533.1 (KHTML, like Gecko) Version/4.0 Mobile Safari/533.1"
69.171.178.81 - - [11/Aug/2013:22:23:54 -0400] "GET /images/218_Water_Lily_Dome.JPG HTTP/1.1" 200 17262 "http://www.bogenriefstudios.com/bogenriefgallery/ceilingsdomes.html" "Mozilla/5.0 (Linux; U; Android 2.3.6; en-us; M886 Build/HuaweiM886) AppleWebKit/533.1 (KHTML, like Gecko) Version/4.0 Mobile Safari/533.1"
69.171.178.81 - - [11/Aug/2013:22:23:55 -0400] "GET /images/photoalbum/button_photoSpeed2_ON.jpg HTTP/1.1" 200 492 "http://www.bogenriefstudios.com/bogenriefgallery/ceilingsdomes.html" "Mozilla/5.0 (Linux; U; Android 2.3.6; en-us; M886 Build/HuaweiM886) AppleWebKit/533.1 (KHTML, like Gecko) Version/4.0 Mobile Safari/533.1"
69.171.178.81 - - [11/Aug/2013:22:23:56 -0400] "GET /images/480_David_Siegel_Dome.jpg HTTP/1.1" 200 69687 "http://www.bogenriefstudios.com/bogenriefgallery/ceilingsdomes.html" "Mozilla/5.0 (Linux; U; Android 2.3.6; en-us; M886 Build/HuaweiM886) AppleWebKit/533.1 (KHTML, like Gecko) Version/4.0 Mobile Safari/533.1"
109.120.157.179 - - [11/Aug/2013:22:36:46 -0400] "GET /home.html HTTP/1.1" 200 27081 "http://planetakino.com/" "Mozilla/5.0 (compatible; Add Catalog/2.1;)"
201.141.92.145 - - [11/Aug/2013:23:30:10 -0400] "GET /images/682_Daydream_001.jpg HTTP/1.1" 200 215855 "http://www.google.com.mx/search?q=objetos+art+noveau&oe=UTF-8&hl=es&client=safari&um=1&ie=UTF-8&tbm=isch&source=og&sa=N&tab=wi&ei=7FMIUri0J4TD2wWumoDYAQ&biw=1024&bih=672&sei=8FMIUr6gJubA2gWsl4DQCg#biv=i%7C132%3Bd%7CFopsm_N7xyZPTM%3A" "Mozilla/5.0 (iPad; CPU OS 5_1_1 like Mac OS X) AppleWebKit/534.46 (KHTML, like Gecko) Version/5.1 Mobile/9B206 Safari/7534.48.3"
66.249.75.165 - - [11/Aug/2013:23:55:08 -0400] "GET /images/227_LADY_4_Seasons_Lady_Summer_2.JPG HTTP/1.1" 304 - "-" "Googlebot-Image/1.0"
5.63.151.189 - - [11/Aug/2013:14:23:24 -0400] "HEAD / HTTP/1.1" 200 - "-" "checks.panopta.com"
199.30.16.53 - - [11/Aug/2013:14:52:18 -0400] "GET /robots.txt HTTP/1.1" 200 25 "-" "msnbot-media/1.1 (+http://search.msn.com/msnbot.htm)"
23.22.119.9 - - [11/Aug/2013:18:29:43 -0400] "HEAD /home.html HTTP/1.1" 200 - "-" "Mozilla/4.0 (compatible; MSIE 8.0; Windows NT 5.1; Trident/4.0; .NET CLR 2.0.50727; .NET CLR 1.1.4322; .NET CLR 3.0.04506.30; .NET CLR 3.0.04506.648)"
71.7.105.93 - - [11/Aug/2013:19:46:21 -0400] "GET / HTTP/1.1" 200 13883 "http://www.google.com/url?sa=t&rct=j&q=&esrc=s&source=web&cd=1&ved=0CDAQFjAA&url=http%3A%2F%2Fwww.bogenriefstudios.com%2F&ei=RyIIUpncNOjv2QWym4EQ&usg=AFQjCNFmvTLx1DvEtLdJ0hJ0NtYXCBpQiA&sig2=TLhzcebGcbHsId3jysr3Xg&bvm=bv.50500085,d.b2I" "Mozilla/5.0 (Macintosh; Intel Mac OS X 10.6; rv:22.0) Gecko/20100101 Firefox/22.0"
71.7.105.93 - - [11/Aug/2013:19:46:21 -0400] "GET /scripts/ic_globals_published.js HTTP/1.1" 200 566 "http://www.bogenriefstudios.com/" "Mozilla/5.0 (Macintosh; Intel Mac OS X 10.6; rv:22.0) Gecko/20100101 Firefox/22.0"
71.7.105.93 - - [11/Aug/2013:19:46:21 -0400] "GET /scripts/print.css HTTP/1.1" 200 - "http://www.bogenriefstudios.com/" "Mozilla/5.0 (Macintosh; Intel Mac OS X 10.6; rv:22.0) Gecko/20100101 Firefox/22.0"
