99.90.21.32 - - [13/Aug/2013:00:44:51 -0400] "GET /images/90_LADY_Flower_Lady_3.jpg HTTP/1.1" 200 9767 "http://www.bogenriefstudios.com/bogenriefgallery/ladiesofbogenrief.html" "Mozilla/5.0 (compatible; MSIE 9.0; Windows NT 6.1; Trident/5.0)"
99.90.21.32 - - [13/Aug/2013:00:44:51 -0400] "GET /images/101_LADY_Butterfly_Champ.jpg HTTP/1.1" 200 10673 "http://www.bogenriefstudios.com/bogenriefgallery/ladiesofbogenrief.html" "Mozilla/5.0 (compatible; MSIE 9.0; Windows NT 6.1; Trident/5.0)"
99.90.21.32 - - [13/Aug/2013:00:44:51 -0400] "GET /images/102_LADY_4_Seasons_Lady_Summer_1.jpg HTTP/1.1" 200 10838 "http://www.bogenriefstudios.com/bogenriefgallery/ladiesofbogenrief.html" "Mozilla/5.0 (compatible; MSIE 9.0; Windows NT 6.1; Trident/5.0)"
99.90.21.32 - - [13/Aug/2013:00:44:51 -0400] "GET /images/218_LADY_4_Seasons_Lady_Autumn_closeup_face.jpg HTTP/1.1" 200 5511 "http://www.bogenriefstudios.com/bogenriefgallery/ladiesofbogenrief.html" "Mozilla/5.0 (compatible; MSIE 9.0; Windows NT 6.1; Trident/5.0)"
99.90.21.32 - - [13/Aug/2013:00:44:51 -0400] "GET /images/163_LADY_4_Seasons_Lady_Winter_closeup.jpg HTTP/1.1" 200 19152 "http://www.bogenriefstudios.com/bogenriefgallery/ladiesofbogenrief.html" "Mozilla/5.0 (compatible; MSIE 9.0; Windows NT 6.1; Trident/5.0)"
99.90.21.32 - - [13/Aug/2013:00:44:51 -0400] "GET /images/99_LADY_Ladies_in_a_home_2.JPG HTTP/1.1" 200 8591 "http://www.bogenriefstudios.com/bogenriefgallery/ladiesofbogenrief.html" "Mozilla/5.0 (compatible; MSIE 9.0; Windows NT 6.1; Trident/5.0)"
99.90.21.32 - - [13/Aug/2013:00:44:51 -0400] "GET /images/103_LADY_Peacock_Lady_Green.jpg HTTP/1.1" 200 10165 "http://www.bogenriefstudios.com/bogenriefgallery/ladiesofbogenrief.html" "Mozilla/5.0 (compatible; MSIE 9.0; Windows NT 6.1; Trident/5.0)"
99.90.21.32 - - [13/Aug/2013:00:44:51 -0400] "GET /images/165_LADY_Sarah_3.JPG HTTP/1.1" 200 14082 "http://www.bogenriefstudios.com/bogenriefgallery/ladiesofbogenrief.html" "Mozilla/5.0 (compatible; MSIE 9.0; Windows NT 6.1; Trident/5.0)"
99.90.21.32 - - [13/Aug/2013:00:44:51 -0400] "GET /images/518_LADY_Daydreamer_Lady_1.jpg HTTP/1.1" 200 144265 "http://www.bogenriefstudios.com/bogenriefgallery/ladiesofbogenrief.html" "Mozilla/5.0 (compatible; MSIE 9.0; Windows NT 6.1; Trident/5.0)"
99.90.21.32 - - [13/Aug/2013:00:44:58 -0400] "GET /scripts/17custom.css HTTP/1.1" 200 1142 "http://www.bogenriefstudios.com/bogenriefgallery/lampshades.html" "Mozilla/5.0 (compatible; MSIE 9.0; Windows NT 6.1; Trident/5.0)"
99.90.21.32 - - [13/Aug/2013:00:44:59 -0400] "GET /images/522_decending_lotus_closeup.jpg HTTP/1.1" 200 89561 "http://www.bogenriefstudios.com/bogenriefgallery/lampshades.html" "Mozilla/5.0 (compatible; MSIE 9.0; Windows NT 6.1; Trident/5.0)"
77.232.15.215 - - [13/Aug/2013:11:34:12 -0400] "GET /images/677_SF_grapes_013.JPG HTTP/1.1" 200 216725 "http://www.google.ru/search?newwindow=1&client=safari&hl=ru&biw=1024&bih=672&tbm=isch&sa=1&ei=ny8KUpGjO83V4ATOxIGABg&q=%D0%B2%D0%B8%D1%82%D1%80%D0%B0%D0%B6%D0%B8+%D1%84%D0%BE%D1%82%D0%BE&oq=%D0%B2%D0%B8%D1%82%D1%80%D0%B0%D0%B6%D0%B8+&gs_l=img.1.5.0l10.25921.32849.0.44792.25.25.0.0.0.0.195.1785.23j2.25.0....0...1c.1.24.img..11.14.1117.VQMuTCGoWGI" "Mozilla/5.0 (iPad; CPU OS 5_1 like Mac OS X) AppleWebKit/534.46 (KHTML, like Gecko) Version/5.1 Mobile/9B176 Safari/7534.48.3"
66.249.72.165 - - [13/Aug/2013:21:00:02 -0400] "GET /images/300_home_page_4.JPG HTTP/1.1" 304 - "-" "Googlebot-Image/1.0"
68.93.192.165 - - [13/Aug/2013:21:25:32 -0400] "GET /images/188_Blown_Glass_129_-_modified.jpg HTTP/1.1" 200 5498 "http://www.bogenriefstudios.com/studios.html" "Mozilla/5.0 (iPhone; CPU iPhone OS 6_1_3 like Mac OS X) AppleWebKit/536.26 (KHTML, like Gecko) Version/6.0 Mobile/10B329 Safari/8536.25"
68.93.192.165 - - [13/Aug/2013:21:25:33 -0400] "GET /images/682_Daydream_001.jpg HTTP/1.1" 200 215855 "http://www.bogenriefstudios.com/studios.html" "Mozilla/5.0 (iPhone; CPU iPhone OS 6_1_3 like Mac OS X) AppleWebKit/536.26 (KHTML, like Gecko) Version/6.0 Mobile/10B329 Safari/8536.25"
182.68.202.178 - - [13/Aug/2013:04:55:12 -0400] "GET /scripts/photoalbum.js HTTP/1.1" 200 62481 "http://www.bogenriefstudios.com/contactus.html" "Mozilla/5.0 (Windows; U; Windows NT 5.1; en-US; rv:1.9.2.19) Gecko/20110707 Firefox/3.6.19 GTB7.1 (.NET CLR 3.5.30729)"
182.68.202.178 - - [13/Aug/2013:04:55:12 -0400] "GET /scripts/template.css HTTP/1.1" 200 9956 "http://www.bogenriefstudios.com/contactus.html" "Mozilla/5.0 (Windows; U; Windows NT 5.1; en-US; rv:1.9.2.19) Gecko/20110707 Firefox/3.6.19 GTB7.1 (.NET CLR 3.5.30729)"
178.137.128.238 - - [13/Aug/2013:04:57:20 -0400] "GET /home.html HTTP/1.1" 200 27081 "http://www.rospromtest.ru/" "Mozilla/4.0 (compatible; MSIE 6.0; Windows NT 5.1; SV1; .NET CLR 1.1.4322) NS8/0.9.6"
5.63.151.189 - - [13/Aug/2013:07:56:20 -0400] "HEAD / HTTP/1.1" 200 - "-" "checks.panopta.com"
220.181.108.184 - - [13/Aug/2013:13:59:02 -0400] "GET /scripts/print.css HTTP/1.1" 200 - "-" "Mozilla/5.0 (compatible; Baiduspider/2.0; +http://www.baidu.com/search/spider.html)"
66.249.81.161 - - [13/Aug/2013:14:38:32 -0400] "GET /favicon.ico HTTP/1.1" 404 575 "-" "Mozilla/5.0 (Windows NT 6.1; rv:6.0) Gecko/20110814 Firefox/6.0 Google (+https://developers.google.com/+/web/snippet/)"
184.155.16.30 - - [13/Aug/2013:16:11:38 -0400] "GET /scripts/template.css HTTP/1.1" 200 9956 "http://www.bogenriefstudios.com/" "Mozilla/5.0 (compatible; MSIE 10.0; Windows NT 6.1; WOW64; Trident/6.0)"
184.155.16.30 - - [13/Aug/2013:16:11:39 -0400] "GET /images/198_023.JPG HTTP/1.1" 200 9799 "http://www.bogenriefstudios.com/" "Mozilla/5.0 (compatible; MSIE 10.0; Windows NT 6.1; WOW64; Trident/6.0)"
184.155.16.30 - - [13/Aug/2013:16:11:39 -0400] "GET /images/682_post_card.JPG HTTP/1.1" 200 133316 "http://www.bogenriefstudios.com/" "Mozilla/5.0 (compatible; MSIE 10.0; Windows NT 6.1; WOW64; Trident/6.0)"
184.155.16.30 - - [13/Aug/2013:16:11:39 -0400] "GET /images/68.jpg HTTP/1.1" 200 11436 "http://www.bogenriefstudios.com/" "Mozilla/5.0 (compatible; MSIE 10.0; Windows NT 6.1; WOW64; Trident/6.0)"
207.172.191.39 - - [13/Aug/2013:16:14:40 -0400] "HEAD / HTTP/1.1" 200 - "-" "Mozilla/5.0 (compatible; pmoz.info ODP link checker; +http://pmoz.info/doc/botinfo.htm)"
207.32.34.140 - - [13/Aug/2013:09:10:40 -0400] "GET /scripts/ic_globals_published.js HTTP/1.1" 200 566 "http://www.bogenriefstudios.com/" "Mozilla/5.0 (compatible; MSIE 10.0; Windows NT 6.1; WOW64; Trident/6.0)"
207.32.34.140 - - [13/Aug/2013:09:10:40 -0400] "GET /scripts/print.css HTTP/1.1" 200 - "http://www.bogenriefstudios.com/" "Mozilla/5.0 (compatible; MSIE 10.0; Windows NT 6.1; WOW64; Trident/6.0)"
207.32.34.140 - - [13/Aug/2013:09:10:40 -0400] "GET /scripts/icwebsiteelement.css HTTP/1.1" 200 8132 "http://www.bogenriefstudios.com/" "Mozilla/5.0 (compatible; MSIE 10.0; Windows NT 6.1; WOW64; Trident/6.0)"
207.32.34.140 - - [13/Aug/2013:09:10:41 -0400] "GET /images/205_David_s_dome_006.JPG HTTP/1.1" 200 9145 "http://www.bogenriefstudios.com/" "Mozilla/5.0 (compatible; MSIE 10.0; Windows NT 6.1; WOW64; Trident/6.0)"
207.32.34.140 - - [13/Aug/2013:09:10:41 -0400] "GET /images/198_023.JPG HTTP/1.1" 200 9799 "http://www.bogenriefstudios.com/" "Mozilla/5.0 (compatible; MSIE 10.0; Windows NT 6.1; WOW64; Trident/6.0)"
207.32.34.140 - - [13/Aug/2013:09:10:41 -0400] "GET /images/321_David_s_dome_002.JPG HTTP/1.1" 200 23041 "http://www.bogenriefstudios.com/" "Mozilla/5.0 (compatible; MSIE 10.0; Windows NT 6.1; WOW64; Trident/6.0)"
218.186.17.13 - - [13/Aug/2013:10:47:11 -0400] "GET /images/682_blue_white_chandelier_-_installed-edited.jpg HTTP/1.1" 200 79065 "http://www.google.com.sg/search?hl=en&site=imghp&tbm=isch&source=hp&q=interesting+chandelier&oq=interesting+chande&gs_l=img.1.0.0.2245.12246.0.14604.22.14.2.6.7.0.265.2344.1j9j4.14.0....0...1ac.1.24.img..2.20.1985.HqEUsTHI4xw&biw=1024&bih=672&sei=mEYKUpyAK8LvkQWe9oDQAQ" "Mozilla/5.0 (iPad; CPU OS 6_1_3 like Mac OS X) AppleWebKit/536.26 (KHTML, like Gecko) Version/6.0 Mobile/10B329 Safari/8536.25"
188.168.215.59 - - [13/Aug/2013:10:54:16 -0400] "GET / HTTP/1.1" 200 13883 "http://metod-sunduchok.ucoz.ru/load/41-1-0-1389" "Mozilla/5.0 (Windows NT 6.1; WOW64) AppleWebKit/537.22 (KHTML, like Gecko) Chrome/25.0.1364.172 YaBrowser/1.7.1364.17262 Safari/537.22"
188.168.215.59 - - [13/Aug/2013:10:54:59 -0400] "GET /images/461_DSC_0087.JPG HTTP/1.1" 200 65451 "http://www.bogenriefstudios.com/bogenriefgallery/stainedglasswindows.html" "Mozilla/5.0 (Windows NT 6.1; WOW64) AppleWebKit/537.22 (KHTML, like Gecko) Chrome/25.0.1364.172 YaBrowser/1.7.1364.17262 Safari/537.22"
188.168.215.59 - - [13/Aug/2013:10:55:01 -0400] "GET /images/163_butterfly_window_-_mary_kay_peck_006.jpg HTTP/1.1" 200 9969 "http://www.bogenriefstudios.com/bogenriefgallery/stainedglasswindows.html" "Mozilla/5.0 (Windows NT 6.1; WOW64) AppleWebKit/537.22 (KHTML, like Gecko) Chrome/25.0.1364.172 YaBrowser/1.7.1364.17262 Safari/537.22"
188.168.215.59 - - [13/Aug/2013:10:55:01 -0400] "GET /images/108_Bevel_Window3.jpg HTTP/1.1" 200 12297 "http://www.bogenriefstudios.com/bogenriefgallery/stainedglasswindows.html" "Mozilla/5.0 (Windows NT 6.1; WOW64) AppleWebKit/537.22 (KHTML, like Gecko) Chrome/25.0.1364.172 YaBrowser/1.7.1364.17262 Safari/537.22"
188.168.215.59 - - [13/Aug/2013:10:55:01 -0400] "GET /images/239_Bevel_Window3.jpg HTTP/1.1" 200 54713 "http://www.bogenriefstudios.com/bogenriefgallery/stainedglasswindows.html" "Mozilla/5.0 (Windows NT 6.1; WOW64) AppleWebKit/537.22 (KHTML, like Gecko) Chrome/25.0.1364.172 YaBrowser/1.7.1364.17262 Safari/537.22"
188.168.215.59 - - [13/Aug/2013:10:55:04 -0400] "GET /images/266_007.JPG HTTP/1.1" 200 81674 "http://www.bogenriefstudios.com/bogenriefgallery/stainedglasswindows.html" "Mozilla/5.0 (Windows NT 6.1; WOW64) AppleWebKit/537.22 (KHTML, like Gecko) Chrome/25.0.1364.172 YaBrowser/1.7.1364.17262 Safari/537.22"
188.168.215.59 - - [13/Aug/2013:10:55:06 -0400] "GET /images/76_window_grapevines.JPG HTTP/1.1" 200 8055 "http://www.bogenriefstudios.com/bogenriefgallery/stainedglasswindows.html" "Mozilla/5.0 (Windows NT 6.1; WOW64) AppleWebKit/537.22 (KHTML, like Gecko) Chrome/25.0.1364.172 YaBrowser/1.7.1364.17262 Safari/537.22"
188.168.215.59 - - [13/Aug/2013:10:55:06 -0400] "GET /images/147_lincoln,_NE_012.jpg HTTP/1.1" 200 14535 "http://www.bogenriefstudios.com/bogenriefgallery/stainedglasswindows.html" "Mozilla/5.0 (Windows NT 6.1; WOW64) AppleWebKit/537.22 (KHTML, like Gecko) Chrome/25.0.1364.172 YaBrowser/1.7.1364.17262 Safari/537.22"
188.168.215.59 - - [13/Aug/2013:10:55:06 -0400] "GET /images/323_lincoln,_NE_012.jpg HTTP/1.1" 200 56870 "http://www.bogenriefstudios.com/bogenriefgallery/stainedglasswindows.html" "Mozilla/5.0 (Windows NT 6.1; WOW64) AppleWebKit/537.22 (KHTML, like Gecko) Chrome/25.0.1364.172 YaBrowser/1.7.1364.17262 Safari/537.22"
188.168.215.59 - - [13/Aug/2013:10:55:07 -0400] "GET /images/115_nugget_window.JPG HTTP/1.1" 200 10634 "http://www.bogenriefstudios.com/bogenriefgallery/stainedglasswindows.html" "Mozilla/5.0 (Windows NT 6.1; WOW64) AppleWebKit/537.22 (KHTML, like Gecko) Chrome/25.0.1364.172 YaBrowser/1.7.1364.17262 Safari/537.22"
188.168.215.59 - - [13/Aug/2013:10:55:08 -0400] "GET /images/480_P1010067.JPG HTTP/1.1" 200 70805 "http://www.bogenriefstudios.com/bogenriefgallery/stainedglasswindows.html" "Mozilla/5.0 (Windows NT 6.1; WOW64) AppleWebKit/537.22 (KHTML, like Gecko) Chrome/25.0.1364.172 YaBrowser/1.7.1364.17262 Safari/537.22"
74.42.116.226 - - [13/Aug/2013:18:18:10 -0400] "GET /scripts/template.css HTTP/1.1" 200 9956 "http://www.bogenriefstudios.com/" "Mozilla/5.0 (Windows NT 6.0; rv:22.0) Gecko/20100101 Firefox/22.0 AlexaToolbar/amznf-3.0.20121129"
74.42.116.226 - - [13/Aug/2013:18:18:12 -0400] "GET /images/205_David_s_dome_006.JPG HTTP/1.1" 200 9145 "http://www.bogenriefstudios.com/" "Mozilla/5.0 (Windows NT 6.0; rv:22.0) Gecko/20100101 Firefox/22.0 AlexaToolbar/amznf-3.0.20121129"
5.63.151.189 - - [13/Aug/2013:19:01:02 -0400] "HEAD / HTTP/1.1" 200 - "-" "checks.panopta.com"
110.81.154.40 - - [13/Aug/2013:19:47:44 -0400] "GET /favicon.ico HTTP/1.1" 404 575 "-" "Mozilla/4.0 (compatible; MSIE 7.0; Windows NT 5.1; Trident/4.0; .NET CLR 2.0.50727; 360space)"
192.94.94.106 - - [13/Aug/2013:15:59:56 -0400] "GET /images/617_Omaha_show_039.JPG HTTP/1.1" 200 147886 "http://www.bogenriefstudios.com/bogenriefgallery/stainedglasswindows.html" "Mozilla/4.0 (compatible; MSIE 8.0; Windows NT 6.1; WOW64; Trident/4.0; GTB7.5; SLCC2; .NET CLR 2.0.50727; .NET CLR 3.5.30729; .NET CLR 3.0.30729; Media Center PC 6.0)"
192.94.94.106 - - [13/Aug/2013:16:00:09 -0400] "GET /images/696_window_great_gatsby.jpg HTTP/1.1" 200 173530 "http://www.bogenriefstudios.com/bogenriefgallery/stainedglasswindows.html" "Mozilla/4.0 (compatible; MSIE 8.0; Windows NT 6.1; WOW64; Trident/4.0; GTB7.5; SLCC2; .NET CLR 2.0.50727; .NET CLR 3.5.30729; .NET CLR 3.0.30729; Media Center PC 6.0)"
192.94.94.106 - - [13/Aug/2013:16:00:11 -0400] "GET /images/696_window_dolphins.JPG HTTP/1.1" 200 124350 "http://www.bogenriefstudios.com/bogenriefgallery/stainedglasswindows.html" "Mozilla/4.0 (compatible; MSIE 8.0; Windows NT 6.1; WOW64; Trident/4.0; GTB7.5; SLCC2; .NET CLR 2.0.50727; .NET CLR 3.5.30729; .NET CLR 3.0.30729; Media Center PC 6.0)"
192.94.94.106 - - [13/Aug/2013:16:00:13 -0400] "GET /images/512_mjbhome%20int%20sm%20scale.jpg HTTP/1.1" 200 49869 "http://www.bogenriefstudios.com/bogenriefgallery/stainedglasswindows.html" "Mozilla/4.0 (compatible; MSIE 8.0; Windows NT 6.1; WOW64; Trident/4.0; GTB7.5; SLCC2; .NET CLR 2.0.50727; .NET CLR 3.5.30729; .NET CLR 3.0.30729; Media Center PC 6.0)"
184.155.16.30 - - [13/Aug/2013:16:11:38 -0400] "GET / HTTP/1.1" 200 13883 "http://www.bing.com/search?q=bogenreif&FORM=HPDTLB&PC=HPDTDF&QS=n" "Mozilla/5.0 (compatible; MSIE 10.0; Windows NT 6.1; WOW64; Trident/6.0)"
184.155.16.30 - - [13/Aug/2013:16:11:38 -0400] "GET /scripts/13custom.css HTTP/1.1" 200 2827 "http://www.bogenriefstudios.com/" "Mozilla/5.0 (compatible; MSIE 10.0; Windows NT 6.1; WOW64; Trident/6.0)"
184.155.16.30 - - [13/Aug/2013:16:11:39 -0400] "GET /images/205_David_s_dome_006.JPG HTTP/1.1" 200 9145 "http://www.bogenriefstudios.com/" "Mozilla/5.0 (compatible; MSIE 10.0; Windows NT 6.1; WOW64; Trident/6.0)"
184.155.16.30 - - [13/Aug/2013:16:11:39 -0400] "GET /images/205_025.JPG HTTP/1.1" 200 16394 "http://www.bogenriefstudios.com/" "Mozilla/5.0 (compatible; MSIE 10.0; Windows NT 6.1; WOW64; Trident/6.0)"
184.155.16.30 - - [13/Aug/2013:16:11:39 -0400] "GET /images/321_Richards_install_004.JPG HTTP/1.1" 200 21479 "http://www.bogenriefstudios.com/" "Mozilla/5.0 (compatible; MSIE 10.0; Windows NT 6.1; WOW64; Trident/6.0)"
123.125.71.28 - - [13/Aug/2013:07:06:46 -0400] "GET / HTTP/1.1" 200 13883 "-" "Mozilla/5.0 (Linux;u;Android 2.3.7;zh-cn;) AppleWebKit/533.1 (KHTML,like Gecko) Version/4.0 Mobile Safari/533.1 (compatible; +http://www.baidu.com/search/spider.html)"
99.90.21.32 - - [13/Aug/2013:00:44:00 -0400] "GET /scripts/ic_globals_published.js HTTP/1.1" 200 566 "http://www.bogenriefstudios.com/home.html" "Mozilla/5.0 (compatible; MSIE 9.0; Windows NT 6.1; Trident/5.0)"
99.90.21.32 - - [13/Aug/2013:00:45:10 -0400] "GET /images/480_Omaha_show_019.JPG HTTP/1.1" 200 38520 "http://www.bogenriefstudios.com/bogenriefgallery/lampshades.html" "Mozilla/5.0 (compatible; MSIE 9.0; Windows NT 6.1; Trident/5.0)"
142.136.99.74 - - [13/Aug/2013:01:12:22 -0400] "GET /scripts/template.css HTTP/1.1" 200 9956 "http://www.bogenriefstudios.com/studios.html" "Mozilla/5.0 (iPad; CPU OS 6_1_3 like Mac OS X) AppleWebKit/536.26 (KHTML, like Gecko) Mobile/10B329"
142.136.99.74 - - [13/Aug/2013:01:12:22 -0400] "GET /images/682_Daydream_001.jpg HTTP/1.1" 200 215855 "http://www.bogenriefstudios.com/studios.html" "Mozilla/5.0 (iPad; CPU OS 6_1_3 like Mac OS X) AppleWebKit/536.26 (KHTML, like Gecko) Mobile/10B329"
189.253.110.34 - - [13/Aug/2013:12:09:49 -0400] "GET /images/682_rocklin_-_sun_moon.jpg HTTP/1.1" 200 29490 "http://www.google.com.mx/blank.html" "Mozilla/5.0 (compatible; MSIE 10.0; Windows NT 6.1; WOW64; Trident/6.0)"
66.249.75.165 - - [13/Aug/2013:13:19:10 -0400] "GET /images/696_Lauritzen_Gardens_35_.jpg HTTP/1.1" 200 47627 "-" "Googlebot-Image/1.0"
123.125.71.87 - - [13/Aug/2013:14:49:49 -0400] "GET / HTTP/1.1" 200 13883 "-" "Mozilla/5.0 (compatible; Baiduspider/2.0; +http://www.baidu.com/search/spider.html)"
68.93.192.165 - - [13/Aug/2013:21:25:27 -0400] "GET /studios.html HTTP/1.1" 200 30400 "https://www.google.com/" "Mozilla/5.0 (iPhone; CPU iPhone OS 6_1_3 like Mac OS X) AppleWebKit/536.26 (KHTML, like Gecko) Version/6.0 Mobile/10B329 Safari/8536.25"
195.91.152.28 - - [13/Aug/2013:02:32:35 -0400] "GET /images/321_Aziza.jpg HTTP/1.1" 200 48989 "http://www.liveinternet.ru/tags/%F1%F2%E5%EA%EB%EE./" "Mozilla/5.0 (Windows NT 6.0; rv:22.0) Gecko/20100101 Firefox/22.0"
74.42.116.226 - - [13/Aug/2013:18:19:54 -0400] "GET /images/231_Bevel_Window8.JPG HTTP/1.1" 200 40472 "http://www.bogenriefstudios.com/bogenriefgallery/stainedglasswindows.html" "Mozilla/5.0 (Windows NT 6.0; rv:22.0) Gecko/20100101 Firefox/22.0 AlexaToolbar/amznf-3.0.20121129"
74.42.116.226 - - [13/Aug/2013:18:19:56 -0400] "GET /images/480_new26.JPG HTTP/1.1" 200 63373 "http://www.bogenriefstudios.com/bogenriefgallery/stainedglasswindows.html" "Mozilla/5.0 (Windows NT 6.0; rv:22.0) Gecko/20100101 Firefox/22.0 AlexaToolbar/amznf-3.0.20121129"
74.42.116.226 - - [13/Aug/2013:18:19:57 -0400] "GET /images/321_new22.JPG HTTP/1.1" 200 49037 "http://www.bogenriefstudios.com/bogenriefgallery/stainedglasswindows.html" "Mozilla/5.0 (Windows NT 6.0; rv:22.0) Gecko/20100101 Firefox/22.0 AlexaToolbar/amznf-3.0.20121129"
74.42.116.226 - - [13/Aug/2013:18:19:58 -0400] "GET /images/480_web_site-edited.jpg HTTP/1.1" 200 82353 "http://www.bogenriefstudios.com/bogenriefgallery/stainedglasswindows.html" "Mozilla/5.0 (Windows NT 6.0; rv:22.0) Gecko/20100101 Firefox/22.0 AlexaToolbar/amznf-3.0.20121129"
74.42.116.226 - - [13/Aug/2013:18:22:33 -0400] "GET /images/368_nugget_window.JPG HTTP/1.1" 206 51310 "http://www.bogenriefstudios.com/bogenriefgallery/stainedglasswindows.html" "Mozilla/5.0 (Windows NT 6.0; rv:22.0) Gecko/20100101 Firefox/22.0 AlexaToolbar/amznf-3.0.20121129"
199.30.16.6 - - [13/Aug/2013:18:27:10 -0400] "GET /robots.txt HTTP/1.1" 200 25 "-" "msnbot-media/1.1 (+http://search.msn.com/msnbot.htm)"
54.242.5.162 - - [13/Aug/2013:08:20:15 -0400] "GET /apple-touch-icon.png HTTP/1.1" 404 575 "-" "Pinterest/0.1 +http://pinterest.com/"
82.0.237.115 - - [13/Aug/2013:10:07:37 -0400] "GET /scripts/template.css HTTP/1.1" 200 9956 "http://www.bogenriefstudios.com/home.html" "Mozilla/5.0 (Windows NT 6.0) AppleWebKit/537.36 (KHTML, like Gecko) Chrome/28.0.1500.95 Safari/537.36"
82.0.237.115 - - [13/Aug/2013:10:07:38 -0400] "GET /images/342_elephant-completed.jpg HTTP/1.1" 200 67866 "http://www.bogenriefstudios.com/home.html" "Mozilla/5.0 (Windows NT 6.0) AppleWebKit/537.36 (KHTML, like Gecko) Chrome/28.0.1500.95 Safari/537.36"
188.168.215.59 - - [13/Aug/2013:10:54:16 -0400] "GET /scripts/template.css HTTP/1.1" 200 9956 "http://www.bogenriefstudios.com/" "Mozilla/5.0 (Windows NT 6.1; WOW64) AppleWebKit/537.22 (KHTML, like Gecko) Chrome/25.0.1364.172 YaBrowser/1.7.1364.17262 Safari/537.22"
5.63.151.189 - - [13/Aug/2013:11:28:05 -0400] "HEAD / HTTP/1.1" 200 - "-" "checks.panopta.com"
107.21.179.74 - - [13/Aug/2013:21:16:12 -0400] "HEAD /pricing.html HTTP/1.1" 200 - "-" "Mozilla/5.0 (Windows NT 6.1; rv:12.0) Gecko/20120403211507 Firefox/12.0"
97.81.43.217 - - [13/Aug/2013:21:16:13 -0400] "GET /scripts/template.css HTTP/1.1" 200 9956 "http://www.bogenriefstudios.com/pricing.html" "Mozilla/5.0 (compatible; MSIE 10.0; Windows NT 6.1; WOW64; Trident/6.0)"
97.81.43.217 - - [13/Aug/2013:21:16:13 -0400] "GET /images/188_Combo_Windows_72_.jpg HTTP/1.1" 200 21775 "http://www.bogenriefstudios.com/pricing.html" "Mozilla/5.0 (compatible; MSIE 10.0; Windows NT 6.1; WOW64; Trident/6.0)"
97.81.43.217 - - [13/Aug/2013:21:16:13 -0400] "GET /images/314_web_site_7.JPG HTTP/1.1" 200 75960 "http://www.bogenriefstudios.com/pricing.html" "Mozilla/5.0 (compatible; MSIE 10.0; Windows NT 6.1; WOW64; Trident/6.0)"
68.93.192.165 - - [13/Aug/2013:22:19:17 -0400] "GET /images/188_Blown_Glass_113_-_modified.jpg HTTP/1.1" 200 10516 "http://www.bogenriefstudios.com/studios.html" "Mozilla/5.0 (iPhone; CPU iPhone OS 6_1_3 like Mac OS X) AppleWebKit/536.26 (KHTML, like Gecko) Version/6.0 Mobile/10B329 Safari/8536.25"
198.105.219.55 - - [13/Aug/2013:05:10:15 -0400] "HEAD / HTTP/1.1" 200 - "-" "checks.panopta.com"
63.71.120.26 - - [13/Aug/2013:12:35:49 -0400] "GET /scripts/photoalbum.js HTTP/1.1" 200 62481 "http://www.bogenriefstudios.com/" "Mozilla/5.0 (compatible; MSIE 10.0; Windows NT 6.1; WOW64; Trident/6.0)"
63.71.120.26 - - [13/Aug/2013:12:35:50 -0400] "GET /images/198_023.JPG HTTP/1.1" 200 9799 "http://www.bogenriefstudios.com/" "Mozilla/5.0 (compatible; MSIE 10.0; Windows NT 6.1; WOW64; Trident/6.0)"
63.71.120.26 - - [13/Aug/2013:12:35:50 -0400] "GET /images/321_Richards_install_004.JPG HTTP/1.1" 200 21479 "http://www.bogenriefstudios.com/" "Mozilla/5.0 (compatible; MSIE 10.0; Windows NT 6.1; WOW64; Trident/6.0)"
63.71.120.26 - - [13/Aug/2013:12:35:51 -0400] "GET /images/68.jpg HTTP/1.1" 200 11436 "http://www.bogenriefstudios.com/" "Mozilla/5.0 (compatible; MSIE 10.0; Windows NT 6.1; WOW64; Trident/6.0)"
192.94.94.106 - - [13/Aug/2013:15:56:09 -0400] "GET / HTTP/1.1" 200 13883 "http://www.google.com/url?sa=t&rct=j&q=bogenrief+studios&source=web&cd=1&ved=0CC0QFjAA&url=http%3A%2F%2Fwww.bogenriefstudios.com%2F&ei=Uo8KUsWCMoLo2AXMm4DwBg&usg=AFQjCNFmvTLx1DvEtLdJ0hJ0NtYXCBpQiA&bvm=bv.50500085,d.b2I" "Mozilla/4.0 (compatible; MSIE 8.0; Windows NT 6.1; WOW64; Trident/4.0; GTB7.5; SLCC2; .NET CLR 2.0.50727; .NET CLR 3.5.30729; .NET CLR 3.0.30729; Media Center PC 6.0)"
192.94.94.106 - - [13/Aug/2013:15:56:10 -0400] "GET /scripts/photoalbum.js HTTP/1.1" 200 62481 "http://www.bogenriefstudios.com/" "Mozilla/4.0 (compatible; MSIE 8.0; Windows NT 6.1; WOW64; Trident/4.0; GTB7.5; SLCC2; .NET CLR 2.0.50727; .NET CLR 3.5.30729; .NET CLR 3.0.30729; Media Center PC 6.0)"
192.94.94.106 - - [13/Aug/2013:15:56:10 -0400] "GET /images/198_052_2_.JPG HTTP/1.1" 200 7649 "http://www.bogenriefstudios.com/" "Mozilla/4.0 (compatible; MSIE 8.0; Windows NT 6.1; WOW64; Trident/4.0; GTB7.5; SLCC2; .NET CLR 2.0.50727; .NET CLR 3.5.30729; .NET CLR 3.0.30729; Media Center PC 6.0)"
99.117.72.196 - - [13/Aug/2013:17:19:26 -0400] "GET /images/480_LADY_4_Seasons_Lady_Autumn_closeup_face.jpg HTTP/1.1" 200 17530 "-" "Mozilla/5.0 (X11; U; Linux x86_64; es-AR; rv:1.9.2.13) Gecko/20101206 Ubuntu/10.10 (maverick) Firefox/3.6.13"
97.81.43.217 - - [13/Aug/2013:21:17:15 -0400] "GET /images/480_DSC00157.JPG HTTP/1.1" 200 35066 "http://www.bogenriefstudios.com/bogenriefgallery/chandeliers.html" "Mozilla/5.0 (compatible; MSIE 10.0; Windows NT 6.1; WOW64; Trident/6.0)"
97.81.43.217 - - [13/Aug/2013:21:17:16 -0400] "GET /images/218_blue_white_chandelier_-_installed-edited.jpg HTTP/1.1" 200 13496 "http://www.bogenriefstudios.com/bogenriefgallery/chandeliers.html" "Mozilla/5.0 (compatible; MSIE 10.0; Windows NT 6.1; WOW64; Trident/6.0)"
97.81.43.217 - - [13/Aug/2013:21:17:16 -0400] "GET /images/178_193.JPG HTTP/1.1" 200 14335 "http://www.bogenriefstudios.com/bogenriefgallery/chandeliers.html" "Mozilla/5.0 (compatible; MSIE 10.0; Windows NT 6.1; WOW64; Trident/6.0)"
50.83.145.5 - - [13/Aug/2013:21:38:30 -0400] "GET /scripts/template.css HTTP/1.1" 200 9956 "http://www.bogenriefstudios.com/" "Mozilla/5.0 (Macintosh; Intel Mac OS X 10_6_8) AppleWebKit/537.36 (KHTML, like Gecko) Chrome/28.0.1500.71 Safari/537.36"
50.83.145.5 - - [13/Aug/2013:21:38:30 -0400] "GET /images/205_David_s_dome_006.JPG HTTP/1.1" 200 9145 "http://www.bogenriefstudios.com/" "Mozilla/5.0 (Macintosh; Intel Mac OS X 10_6_8) AppleWebKit/537.36 (KHTML, like Gecko) Chrome/28.0.1500.71 Safari/537.36"
50.83.145.5 - - [13/Aug/2013:21:38:30 -0400] "GET /images/205_025.JPG HTTP/1.1" 200 16394 "http://www.bogenriefstudios.com/" "Mozilla/5.0 (Macintosh; Intel Mac OS X 10_6_8) AppleWebKit/537.36 (KHTML, like Gecko) Chrome/28.0.1500.71 Safari/537.36"
50.83.145.5 - - [13/Aug/2013:21:38:30 -0400] "GET /images/ic_034_body_bg_wide.jpg HTTP/1.1" 200 90532 "http://www.bogenriefstudios.com/" "Mozilla/5.0 (Macintosh; Intel Mac OS X 10_6_8) AppleWebKit/537.36 (KHTML, like Gecko) Chrome/28.0.1500.71 Safari/537.36"
50.83.145.5 - - [13/Aug/2013:21:38:32 -0400] "GET /favicon.ico HTTP/1.1" 404 575 "-" "Mozilla/5.0 (Macintosh; Intel Mac OS X 10_6_8) AppleWebKit/537.36 (KHTML, like Gecko) Chrome/28.0.1500.71 Safari/537.36"
71.165.217.192 - - [13/Aug/2013:07:27:09 -0400] "GET /scripts/template.css HTTP/1.1" 200 9956 "http://www.bogenriefstudios.com/home.html" "Mozilla/5.0 (iPad; CPU OS 6_1_3 like Mac OS X) AppleWebKit/536.26 (KHTML, like Gecko) Version/6.0 Mobile/10B329 Safari/8536.25"
71.165.217.192 - - [13/Aug/2013:07:27:09 -0400] "GET /images/100_Elephant_detail.JPG HTTP/1.1" 200 8715 "http://www.bogenriefstudios.com/home.html" "Mozilla/5.0 (iPad; CPU OS 6_1_3 like Mac OS X) AppleWebKit/536.26 (KHTML, like Gecko) Version/6.0 Mobile/10B329 Safari/8536.25"
46.229.164.100 - - [13/Aug/2013:07:53:13 -0400] "GET /studios.html HTTP/1.1" 200 30400 "-" "Mozilla/5.0 (compatible; SemrushBot/0.96.4; +http://www.semrush.com/bot.html)"
164.40.61.179 - - [13/Aug/2013:08:08:11 -0400] "GET /images/677_SF_grapes_013.JPG HTTP/1.1" 200 216725 "https://www.google.kz/" "Mozilla/5.0 (iPhone; CPU iPhone OS 6_1_4 like Mac OS X) AppleWebKit/536.26 (KHTML, like Gecko) Version/6.0 Mobile/10B350 Safari/8536.25"
157.56.229.245 - - [13/Aug/2013:08:36:18 -0400] "GET /robots.txt HTTP/1.1" 200 25 "-" "Mozilla/5.0 (compatible; bingbot/2.0; +http://www.bing.com/bingbot.htm)"
99.90.21.32 - - [13/Aug/2013:00:44:48 -0400] "GET /bogenriefgallery/ladiesofbogenrief.html HTTP/1.1" 200 22147 "http://www.bogenriefstudios.com/home.html" "Mozilla/5.0 (compatible; MSIE 9.0; Windows NT 6.1; Trident/5.0)"
99.90.21.32 - - [13/Aug/2013:00:44:48 -0400] "GET /images/photoalbum/button_photoFirst.jpg HTTP/1.1" 200 637 "http://www.bogenriefstudios.com/bogenriefgallery/ladiesofbogenrief.html" "Mozilla/5.0 (compatible; MSIE 9.0; Windows NT 6.1; Trident/5.0)"
99.90.21.32 - - [13/Aug/2013:00:44:48 -0400] "GET /images/photoalbum/button_photoSpeed1_ON.jpg HTTP/1.1" 200 476 "http://www.bogenriefstudios.com/bogenriefgallery/ladiesofbogenrief.html" "Mozilla/5.0 (compatible; MSIE 9.0; Windows NT 6.1; Trident/5.0)"
99.90.21.32 - - [13/Aug/2013:00:44:48 -0400] "GET /images/357_LADY_Daydreamer_Lady_1.jpg HTTP/1.1" 200 76586 "http://www.bogenriefstudios.com/bogenriefgallery/ladiesofbogenrief.html" "Mozilla/5.0 (compatible; MSIE 9.0; Windows NT 6.1; Trident/5.0)"
99.90.21.32 - - [13/Aug/2013:00:44:50 -0400] "GET /images/185_LADY_Yellow_Lady.jpg HTTP/1.1" 200 42624 "http://www.bogenriefstudios.com/bogenriefgallery/ladiesofbogenrief.html" "Mozilla/5.0 (compatible; MSIE 9.0; Windows NT 6.1; Trident/5.0)"
99.90.21.32 - - [13/Aug/2013:00:44:51 -0400] "GET /images/218_LADY_Daydreamer_Lady_closeup.jpg HTTP/1.1" 200 18599 "http://www.bogenriefstudios.com/bogenriefgallery/ladiesofbogenrief.html" "Mozilla/5.0 (compatible; MSIE 9.0; Windows NT 6.1; Trident/5.0)"
99.90.21.32 - - [13/Aug/2013:00:44:51 -0400] "GET /images/83_LADY_Flower_Lady_4.jpg HTTP/1.1" 200 8774 "http://www.bogenriefstudios.com/bogenriefgallery/ladiesofbogenrief.html" "Mozilla/5.0 (compatible; MSIE 9.0; Windows NT 6.1; Trident/5.0)"
99.90.21.32 - - [13/Aug/2013:00:44:51 -0400] "GET /images/218_LADY_Butterfly_Champ_closeup.jpg HTTP/1.1" 200 18987 "http://www.bogenriefstudios.com/bogenriefgallery/ladiesofbogenrief.html" "Mozilla/5.0 (compatible; MSIE 9.0; Windows NT 6.1; Trident/5.0)"
99.90.21.32 - - [13/Aug/2013:00:44:51 -0400] "GET /images/144_LADY_4_Seasons_Lady_Autumn_closeup.jpg HTTP/1.1" 200 14465 "http://www.bogenriefstudios.com/bogenriefgallery/ladiesofbogenrief.html" "Mozilla/5.0 (compatible; MSIE 9.0; Windows NT 6.1; Trident/5.0)"
199.21.99.79 - - [13/Aug/2013:01:41:27 -0400] "GET /images/100_Grape_Dome_2_002_-_modified.jpg HTTP/1.1" 304 - "-" "Mozilla/5.0 (compatible; YandexImages/3.0; +http://yandex.com/bots)"
74.42.116.226 - - [13/Aug/2013:18:19:15 -0400] "GET /images/photoalbum/button_photoPrev.jpg HTTP/1.1" 200 656 "http://www.bogenriefstudios.com/bogenriefgallery/thejunglewindow.html" "Mozilla/5.0 (Windows NT 6.0; rv:22.0) Gecko/20100101 Firefox/22.0 AlexaToolbar/amznf-3.0.20121129"
74.42.116.226 - - [13/Aug/2013:18:19:16 -0400] "GET /images/photoalbum/button_photoFirst.jpg HTTP/1.1" 200 637 "http://www.bogenriefstudios.com/bogenriefgallery/thejunglewindow.html" "Mozilla/5.0 (Windows NT 6.0; rv:22.0) Gecko/20100101 Firefox/22.0 AlexaToolbar/amznf-3.0.20121129"
74.42.116.226 - - [13/Aug/2013:18:19:16 -0400] "GET /images/photoalbum/button_photoSpeed4.jpg HTTP/1.1" 200 506 "http://www.bogenriefstudios.com/bogenriefgallery/thejunglewindow.html" "Mozilla/5.0 (Windows NT 6.0; rv:22.0) Gecko/20100101 Firefox/22.0 AlexaToolbar/amznf-3.0.20121129"
74.42.116.226 - - [13/Aug/2013:18:19:16 -0400] "GET /images/480_e-mail_florida_011.jpg HTTP/1.1" 200 48443 "http://www.bogenriefstudios.com/bogenriefgallery/thejunglewindow.html" "Mozilla/5.0 (Windows NT 6.0; rv:22.0) Gecko/20100101 Firefox/22.0 AlexaToolbar/amznf-3.0.20121129"
74.42.116.226 - - [13/Aug/2013:18:19:18 -0400] "GET /images/360_Detail_with_greenery_red_flowers.jpg HTTP/1.1" 200 50882 "http://www.bogenriefstudios.com/bogenriefgallery/thejunglewindow.html" "Mozilla/5.0 (Windows NT 6.0; rv:22.0) Gecko/20100101 Firefox/22.0 AlexaToolbar/amznf-3.0.20121129"
74.42.116.226 - - [13/Aug/2013:18:19:21 -0400] "GET /images/163_Detail_with_greenery_red_flowers.jpg HTTP/1.1" 200 15231 "http://www.bogenriefstudios.com/bogenriefgallery/thejunglewindow.html" "Mozilla/5.0 (Windows NT 6.0; rv:22.0) Gecko/20100101 Firefox/22.0 AlexaToolbar/amznf-3.0.20121129"
74.42.116.226 - - [13/Aug/2013:18:26:10 -0400] "GET /images/696_window_great_gatsby.jpg HTTP/1.1" 200 173530 "http://www.bogenriefstudios.com/bogenriefgallery/stainedglasswindows.html" "Mozilla/5.0 (Windows NT 6.0; rv:22.0) Gecko/20100101 Firefox/22.0 AlexaToolbar/amznf-3.0.20121129"
200.86.32.49 - - [13/Aug/2013:20:05:03 -0400] "GET /images/682_Daydream_001.jpg HTTP/1.1" 200 215855 "http://images.google.com/blank.html" "Mozilla/5.0 (Windows NT 6.1; WOW64) AppleWebKit/537.36 (KHTML, like Gecko) Chrome/28.0.1500.95 Safari/537.36"
207.32.34.140 - - [13/Aug/2013:09:10:40 -0400] "GET /scripts/template.css HTTP/1.1" 200 9956 "http://www.bogenriefstudios.com/" "Mozilla/5.0 (compatible; MSIE 10.0; Windows NT 6.1; WOW64; Trident/6.0)"
207.32.34.140 - - [13/Aug/2013:09:10:41 -0400] "GET /images/198_052_2_.JPG HTTP/1.1" 200 7649 "http://www.bogenriefstudios.com/" "Mozilla/5.0 (compatible; MSIE 10.0; Windows NT 6.1; WOW64; Trident/6.0)"
207.32.34.140 - - [13/Aug/2013:09:10:41 -0400] "GET /images/198_door_019.JPG HTTP/1.1" 200 8796 "http://www.bogenriefstudios.com/" "Mozilla/5.0 (compatible; MSIE 10.0; Windows NT 6.1; WOW64; Trident/6.0)"
207.32.34.140 - - [13/Aug/2013:09:10:41 -0400] "GET /images/205_025.JPG HTTP/1.1" 200 16394 "http://www.bogenriefstudios.com/" "Mozilla/5.0 (compatible; MSIE 10.0; Windows NT 6.1; WOW64; Trident/6.0)"
207.32.34.140 - - [13/Aug/2013:09:10:41 -0400] "GET /images/321_Richards_install_004.JPG HTTP/1.1" 200 21479 "http://www.bogenriefstudios.com/" "Mozilla/5.0 (compatible; MSIE 10.0; Windows NT 6.1; WOW64; Trident/6.0)"
82.0.237.115 - - [13/Aug/2013:10:11:26 -0400] "GET /images/photoalbum/detail_close.jpg HTTP/1.1" 200 1095 "http://www.bogenriefstudios.com/bogenriefgallery/thejunglewindow.html" "Mozilla/5.0 (Windows NT 6.0) AppleWebKit/537.36 (KHTML, like Gecko) Chrome/28.0.1500.95 Safari/537.36"
82.0.237.115 - - [13/Aug/2013:10:11:26 -0400] "GET /images/photoalbum/button_photoSpeed3_ON.jpg HTTP/1.1" 200 587 "http://www.bogenriefstudios.com/bogenriefgallery/thejunglewindow.html" "Mozilla/5.0 (Windows NT 6.0) AppleWebKit/537.36 (KHTML, like Gecko) Chrome/28.0.1500.95 Safari/537.36"
82.0.237.115 - - [13/Aug/2013:10:11:26 -0400] "GET /images/photoalbum/button_photoSpeed4.jpg HTTP/1.1" 200 506 "http://www.bogenriefstudios.com/bogenriefgallery/thejunglewindow.html" "Mozilla/5.0 (Windows NT 6.0) AppleWebKit/537.36 (KHTML, like Gecko) Chrome/28.0.1500.95 Safari/537.36"
82.0.237.115 - - [13/Aug/2013:10:11:26 -0400] "GET /images/163_Elephant_detail.JPG HTTP/1.1" 200 18008 "http://www.bogenriefstudios.com/bogenriefgallery/thejunglewindow.html" "Mozilla/5.0 (Windows NT 6.0) AppleWebKit/537.36 (KHTML, like Gecko) Chrome/28.0.1500.95 Safari/537.36"
82.0.237.115 - - [13/Aug/2013:10:11:27 -0400] "GET /images/218_e-mail_florida_011.jpg HTTP/1.1" 200 14431 "http://www.bogenriefstudios.com/bogenriefgallery/thejunglewindow.html" "Mozilla/5.0 (Windows NT 6.0) AppleWebKit/537.36 (KHTML, like Gecko) Chrome/28.0.1500.95 Safari/537.36"
82.0.237.115 - - [13/Aug/2013:10:11:27 -0400] "GET /images/480_e-mail_florida_011.jpg HTTP/1.1" 200 48443 "http://www.bogenriefstudios.com/bogenriefgallery/thejunglewindow.html" "Mozilla/5.0 (Windows NT 6.0) AppleWebKit/537.36 (KHTML, like Gecko) Chrome/28.0.1500.95 Safari/537.36"
82.0.237.115 - - [13/Aug/2013:10:11:28 -0400] "GET /images/218_Detail_with_left_facing_parrot.JPG HTTP/1.1" 200 16786 "http://www.bogenriefstudios.com/bogenriefgallery/thejunglewindow.html" "Mozilla/5.0 (Windows NT 6.0) AppleWebKit/537.36 (KHTML, like Gecko) Chrome/28.0.1500.95 Safari/537.36"
82.0.237.115 - - [13/Aug/2013:10:11:28 -0400] "GET /images/360_Detail_with_greenery_red_flowers.jpg HTTP/1.1" 200 50882 "http://www.bogenriefstudios.com/bogenriefgallery/thejunglewindow.html" "Mozilla/5.0 (Windows NT 6.0) AppleWebKit/537.36 (KHTML, like Gecko) Chrome/28.0.1500.95 Safari/537.36"
63.71.120.26 - - [13/Aug/2013:12:35:49 -0400] "GET / HTTP/1.1" 200 13883 "http://www.google.com/url?sa=t&rct=j&q=&esrc=s&frm=1&source=web&cd=1&ved=0CC0QFjAA&url=http%3A%2F%2Fwww.bogenriefstudios.com%2F&ei=YGAKUpnsFKP92QXK54H4Ag&usg=AFQjCNFmvTLx1DvEtLdJ0hJ0NtYXCBpQiA&sig2=nvL2k6efMX96-2GPsWD1_Q&bvm=bv.50500085,d.eWU" "Mozilla/5.0 (compatible; MSIE 10.0; Windows NT 6.1; WOW64; Trident/6.0)"
63.71.120.26 - - [13/Aug/2013:12:35:49 -0400] "GET /scripts/ic_globals_published.js HTTP/1.1" 200 566 "http://www.bogenriefstudios.com/" "Mozilla/5.0 (compatible; MSIE 10.0; Windows NT 6.1; WOW64; Trident/6.0)"
63.71.120.26 - - [13/Aug/2013:12:35:49 -0400] "GET /scripts/13custom.css HTTP/1.1" 200 2827 "http://www.bogenriefstudios.com/" "Mozilla/5.0 (compatible; MSIE 10.0; Windows NT 6.1; WOW64; Trident/6.0)"
63.71.120.26 - - [13/Aug/2013:12:35:50 -0400] "GET /images/198_052_2_.JPG HTTP/1.1" 200 7649 "http://www.bogenriefstudios.com/" "Mozilla/5.0 (compatible; MSIE 10.0; Windows NT 6.1; WOW64; Trident/6.0)"
63.71.120.26 - - [13/Aug/2013:12:35:50 -0400] "GET /images/205_025.JPG HTTP/1.1" 200 16394 "http://www.bogenriefstudios.com/" "Mozilla/5.0 (compatible; MSIE 10.0; Windows NT 6.1; WOW64; Trident/6.0)"
107.21.180.227 - - [13/Aug/2013:13:33:19 -0400] "GET / HTTP/1.1" 200 13883 "-" "Mozilla/5.0 (compatible; URLAppendBot/1.0; +http://www.profound.net/urlappendbot.html)"
107.21.180.227 - - [13/Aug/2013:13:34:39 -0400] "GET /onlinestore.html HTTP/1.1" 200 202 "-" "Mozilla/5.0 (compatible; URLAppendBot/1.0; +http://www.profound.net/urlappendbot.html)"
82.102.141.243 - - [13/Aug/2013:13:59:25 -0400] "GET /images/677_SF_grapes_013.JPG HTTP/1.1" 200 216725 "-" "Dalvik/1.6.0 (Linux; U; Android 4.1.2; GT-I9300 Build/JZO54K)"
220.181.108.80 - - [13/Aug/2013:14:51:49 -0400] "GET /history.html HTTP/1.1" 200 14327 "-" "Mozilla/5.0 (compatible; Baiduspider/2.0; +http://www.baidu.com/search/spider.html)"
123.125.71.45 - - [13/Aug/2013:14:54:49 -0400] "GET /scripts/icwebsiteelement.css HTTP/1.1" 200 8132 "-" "Mozilla/5.0 (compatible; Baiduspider/2.0; +http://www.baidu.com/search/spider.html)"
97.118.141.138 - - [13/Aug/2013:14:59:38 -0400] "GET /scripts/ic_globals_published.js HTTP/1.1" 200 566 "http://www.bogenriefstudios.com/" "Mozilla/5.0 (Macintosh; Intel Mac OS X 10_7_4) AppleWebKit/536.25 (KHTML, like Gecko) Version/6.0 Safari/536.25"
99.117.72.196 - - [13/Aug/2013:17:19:26 -0400] "GET /images/522_LADY_4_Seasons_Lady_Spring_closeup.jpg HTTP/1.1" 200 99525 "-" "Mozilla/5.0 (X11; U; Linux x86_64; es-AR; rv:1.9.2.13) Gecko/20101206 Ubuntu/10.10 (maverick) Firefox/3.6.13"
101.226.169.201 - - [13/Aug/2013:17:24:27 -0400] "GET /robots.txt HTTP/1.1" 200 25 "http://www.bogenriefstudios.com/robots.txt" "Mozilla/4.0 (compatible; MSIE 8.0; Windows NT 6.1; Trident/4.0; SLCC2; .NET CLR 2.0.50727; .NET CLR 3.5.30729; .NET CLR 3.0.30729; Media Center PC 6.0; MDDR; .NET4.0C; .NET4.0E; .NET CLR 1.1.4322; Tablet PC 2.0); 360Spider"
91.207.9.226 - - [13/Aug/2013:17:39:03 -0400] "GET /home.html HTTP/1.1" 200 27081 "http://degustar.ru/" "Mozilla/4.0 (compatible; MSIE 6.0; Windows NT 5.1; SV1; FunWebProducts; .NET CLR 1.1.4322; PeoplePal 6.2)"
66.249.75.165 - - [13/Aug/2013:00:09:49 -0400] "GET /underconstruction.html HTTP/1.1" 304 - "-" "Mozilla/5.0 (iPhone; U; CPU iPhone OS 4_1 like Mac OS X; en-us) AppleWebKit/532.9 (KHTML, like Gecko) Version/4.0.5 Mobile/8B117 Safari/6531.22.7 (compatible; Googlebot-Mobile/2.1; +http://www.google.com/bot.html)"
99.90.21.32 - - [13/Aug/2013:00:44:59 -0400] "GET /images/360_decending_lotus_closeup.jpg HTTP/1.1" 200 51102 "http://www.bogenriefstudios.com/bogenriefgallery/lampshades.html" "Mozilla/5.0 (compatible; MSIE 9.0; Windows NT 6.1; Trident/5.0)"
99.90.21.32 - - [13/Aug/2013:00:45:00 -0400] "GET /images/480_Lamp_flower.jpg HTTP/1.1" 200 28501 "http://www.bogenriefstudios.com/bogenriefgallery/lampshades.html" "Mozilla/5.0 (compatible; MSIE 9.0; Windows NT 6.1; Trident/5.0)"
99.90.21.32 - - [13/Aug/2013:00:45:01 -0400] "GET /images/480_Lamp_spider_mum_2.JPG HTTP/1.1" 200 38898 "http://www.bogenriefstudios.com/bogenriefgallery/lampshades.html" "Mozilla/5.0 (compatible; MSIE 9.0; Windows NT 6.1; Trident/5.0)"
99.90.21.32 - - [13/Aug/2013:00:45:01 -0400] "GET /images/480_Lamp_spider_mum3.jpg HTTP/1.1" 200 35228 "http://www.bogenriefstudios.com/bogenriefgallery/lampshades.html" "Mozilla/5.0 (compatible; MSIE 9.0; Windows NT 6.1; Trident/5.0)"
99.90.21.32 - - [13/Aug/2013:00:45:02 -0400] "GET /images/480_Lamp_yellow_daisy.JPG HTTP/1.1" 200 38437 "http://www.bogenriefstudios.com/bogenriefgallery/lampshades.html" "Mozilla/5.0 (compatible; MSIE 9.0; Windows NT 6.1; Trident/5.0)"
99.90.21.32 - - [13/Aug/2013:00:45:03 -0400] "GET /images/218_Omaha_show_019.JPG HTTP/1.1" 200 11937 "http://www.bogenriefstudios.com/bogenriefgallery/lampshades.html" "Mozilla/5.0 (compatible; MSIE 9.0; Windows NT 6.1; Trident/5.0)"
99.90.21.32 - - [13/Aug/2013:00:45:03 -0400] "GET /images/218_pink_flowers.JPG HTTP/1.1" 200 8810 "http://www.bogenriefstudios.com/bogenriefgallery/lampshades.html" "Mozilla/5.0 (compatible; MSIE 9.0; Windows NT 6.1; Trident/5.0)"
99.90.21.32 - - [13/Aug/2013:00:45:03 -0400] "GET /images/218_Lamp_flower.jpg HTTP/1.1" 200 7454 "http://www.bogenriefstudios.com/bogenriefgallery/lampshades.html" "Mozilla/5.0 (compatible; MSIE 9.0; Windows NT 6.1; Trident/5.0)"
99.90.21.32 - - [13/Aug/2013:00:45:03 -0400] "GET /images/218_Lamp_spider_mum3.jpg HTTP/1.1" 200 9722 "http://www.bogenriefstudios.com/bogenriefgallery/lampshades.html" "Mozilla/5.0 (compatible; MSIE 9.0; Windows NT 6.1; Trident/5.0)"
99.90.21.32 - - [13/Aug/2013:00:45:04 -0400] "GET /images/218_Lamp_yellow_daisy.JPG HTTP/1.1" 200 11577 "http://www.bogenriefstudios.com/bogenriefgallery/lampshades.html" "Mozilla/5.0 (compatible; MSIE 9.0; Windows NT 6.1; Trident/5.0)"
99.90.21.32 - - [13/Aug/2013:00:45:04 -0400] "GET /images/218_DSC_0061.JPG HTTP/1.1" 200 9274 "http://www.bogenriefstudios.com/bogenriefgallery/lampshades.html" "Mozilla/5.0 (compatible; MSIE 9.0; Windows NT 6.1; Trident/5.0)"
99.90.21.32 - - [13/Aug/2013:00:45:04 -0400] "GET /images/522_decending_lotus_closeup.jpg HTTP/1.1" 200 89561 "http://www.bogenriefstudios.com/bogenriefgallery/lampshades.html" "Mozilla/5.0 (compatible; MSIE 9.0; Windows NT 6.1; Trident/5.0)"
142.136.99.74 - - [13/Aug/2013:01:12:27 -0400] "GET /images/188_orange_-_seperate.jpg HTTP/1.1" 200 16735 "http://www.bogenriefstudios.com/studios.html" "Mozilla/5.0 (iPad; CPU OS 6_1_3 like Mac OS X) AppleWebKit/536.26 (KHTML, like Gecko) Mobile/10B329"
195.91.152.28 - - [13/Aug/2013:02:32:35 -0400] "GET /images/314_Lauritzen_Gardens_42_.jpg HTTP/1.1" 200 31524 "http://www.liveinternet.ru/tags/%F1%F2%E5%EA%EB%EE./" "Mozilla/5.0 (Windows NT 6.0; rv:22.0) Gecko/20100101 Firefox/22.0"
5.63.151.189 - - [13/Aug/2013:18:30:56 -0400] "HEAD / HTTP/1.1" 200 - "-" "checks.panopta.com"
63.152.30.234 - - [13/Aug/2013:06:12:14 -0400] "GET /images/682_Detail_with_greenery_red_flowers.jpg HTTP/1.1" 200 168414 "http://www.google.com/blank.html" "Mozilla/5.0 (Windows NT 5.1) AppleWebKit/537.36 (KHTML, like Gecko) Chrome/28.0.1500.95 Safari/537.36"
5.63.151.189 - - [13/Aug/2013:06:41:06 -0400] "HEAD / HTTP/1.1" 200 - "-" "checks.panopta.com"
82.0.237.115 - - [13/Aug/2013:10:11:26 -0400] "GET /images/photoalbum/button_photoPause.jpg HTTP/1.1" 200 605 "http://www.bogenriefstudios.com/bogenriefgallery/thejunglewindow.html" "Mozilla/5.0 (Windows NT 6.0) AppleWebKit/537.36 (KHTML, like Gecko) Chrome/28.0.1500.95 Safari/537.36"
82.0.237.115 - - [13/Aug/2013:10:11:26 -0400] "GET /images/photoalbum/button_photoSpeed1_ON.jpg HTTP/1.1" 200 476 "http://www.bogenriefstudios.com/bogenriefgallery/thejunglewindow.html" "Mozilla/5.0 (Windows NT 6.0) AppleWebKit/537.36 (KHTML, like Gecko) Chrome/28.0.1500.95 Safari/537.36"
82.0.237.115 - - [13/Aug/2013:10:11:26 -0400] "GET /images/181_Project1v.jpg HTTP/1.1" 200 18265 "http://www.bogenriefstudios.com/bogenriefgallery/thejunglewindow.html" "Mozilla/5.0 (Windows NT 6.0) AppleWebKit/537.36 (KHTML, like Gecko) Chrome/28.0.1500.95 Safari/537.36"
82.0.237.115 - - [13/Aug/2013:10:11:27 -0400] "GET /images/360_Elephant_detail.JPG HTTP/1.1" 200 70767 "http://www.bogenriefstudios.com/bogenriefgallery/thejunglewindow.html" "Mozilla/5.0 (Windows NT 6.0) AppleWebKit/537.36 (KHTML, like Gecko) Chrome/28.0.1500.95 Safari/537.36"
82.0.237.115 - - [13/Aug/2013:10:11:27 -0400] "GET /images/480_Detail_with_vines.JPG HTTP/1.1" 200 69089 "http://www.bogenriefstudios.com/bogenriefgallery/thejunglewindow.html" "Mozilla/5.0 (Windows NT 6.0) AppleWebKit/537.36 (KHTML, like Gecko) Chrome/28.0.1500.95 Safari/537.36"
82.0.237.115 - - [13/Aug/2013:10:11:28 -0400] "GET /images/696_Detail_with_monkey.jpg HTTP/1.1" 200 143429 "http://www.bogenriefstudios.com/bogenriefgallery/thejunglewindow.html" "Mozilla/5.0 (Windows NT 6.0) AppleWebKit/537.36 (KHTML, like Gecko) Chrome/28.0.1500.95 Safari/537.36"
82.0.237.115 - - [13/Aug/2013:10:11:28 -0400] "GET /images/480_Detail_with_left_facing_parrot.JPG HTTP/1.1" 200 54803 "http://www.bogenriefstudios.com/bogenriefgallery/thejunglewindow.html" "Mozilla/5.0 (Windows NT 6.0) AppleWebKit/537.36 (KHTML, like Gecko) Chrome/28.0.1500.95 Safari/537.36"
82.0.237.115 - - [13/Aug/2013:10:11:28 -0400] "GET /images/163_Detail_with_greenery_red_flowers.jpg HTTP/1.1" 200 15231 "http://www.bogenriefstudios.com/bogenriefgallery/thejunglewindow.html" "Mozilla/5.0 (Windows NT 6.0) AppleWebKit/537.36 (KHTML, like Gecko) Chrome/28.0.1500.95 Safari/537.36"
82.0.237.115 - - [13/Aug/2013:10:11:28 -0400] "GET /images/696_Detail_with_fronds.jpg HTTP/1.1" 200 96442 "http://www.bogenriefstudios.com/bogenriefgallery/thejunglewindow.html" "Mozilla/5.0 (Windows NT 6.0) AppleWebKit/537.36 (KHTML, like Gecko) Chrome/28.0.1500.95 Safari/537.36"
82.0.237.115 - - [13/Aug/2013:10:11:28 -0400] "GET /images/photoalbum/button_photoSpeed5.jpg HTTP/1.1" 200 502 "http://www.bogenriefstudios.com/bogenriefgallery/thejunglewindow.html" "Mozilla/5.0 (Windows NT 6.0) AppleWebKit/537.36 (KHTML, like Gecko) Chrome/28.0.1500.95 Safari/537.36"
188.168.215.59 - - [13/Aug/2013:10:56:13 -0400] "GET /images/480_Ceiling_-_Lauritzen_Gardens_030_-_cropped.jpg HTTP/1.1" 200 59326 "http://www.bogenriefstudios.com/bogenriefgallery/ceilingsdomes.html" "Mozilla/5.0 (Windows NT 6.1; WOW64) AppleWebKit/537.22 (KHTML, like Gecko) Chrome/25.0.1364.172 YaBrowser/1.7.1364.17262 Safari/537.22"
188.168.215.59 - - [13/Aug/2013:10:56:14 -0400] "GET /images/696_SUTH0079.jpg HTTP/1.1" 200 103378 "http://www.bogenriefstudios.com/bogenriefgallery/ceilingsdomes.html" "Mozilla/5.0 (Windows NT 6.1; WOW64) AppleWebKit/537.22 (KHTML, like Gecko) Chrome/25.0.1364.172 YaBrowser/1.7.1364.17262 Safari/537.22"
188.168.215.59 - - [13/Aug/2013:10:56:16 -0400] "GET /favicon.ico HTTP/1.1" 404 575 "-" "Mozilla/5.0 (Windows NT 6.1; WOW64) AppleWebKit/537.22 (KHTML, like Gecko) Chrome/25.0.1364.172 YaBrowser/1.7.1364.17262 Safari/537.22"
66.249.72.165 - - [13/Aug/2013:21:09:34 -0400] "GET /images/696_SUTH0025.JPG HTTP/1.1" 304 - "-" "Googlebot-Image/1.0"
97.81.43.217 - - [13/Aug/2013:21:16:24 -0400] "GET /bogenriefgallery/blownfusedglass.html HTTP/1.1" 200 16316 "http://www.bogenriefstudios.com/pricing.html" "Mozilla/5.0 (compatible; MSIE 10.0; Windows NT 6.1; WOW64; Trident/6.0)"
97.81.43.217 - - [13/Aug/2013:21:16:26 -0400] "GET /images/photoalbum/button_photoSpeed3_ON.jpg HTTP/1.1" 200 587 "http://www.bogenriefstudios.com/bogenriefgallery/blownfusedglass.html" "Mozilla/5.0 (compatible; MSIE 10.0; Windows NT 6.1; WOW64; Trident/6.0)"
97.81.43.217 - - [13/Aug/2013:21:16:26 -0400] "GET /images/480_SPEN0017.JPG HTTP/1.1" 200 20019 "http://www.bogenriefstudios.com/bogenriefgallery/blownfusedglass.html" "Mozilla/5.0 (compatible; MSIE 10.0; Windows NT 6.1; WOW64; Trident/6.0)"
97.81.43.217 - - [13/Aug/2013:21:16:26 -0400] "GET /images/472_SPEN0100.JPG HTTP/1.1" 200 27955 "http://www.bogenriefstudios.com/bogenriefgallery/blownfusedglass.html" "Mozilla/5.0 (compatible; MSIE 10.0; Windows NT 6.1; WOW64; Trident/6.0)"
97.81.43.217 - - [13/Aug/2013:21:16:27 -0400] "GET /images/480_SUTH0025.JPG HTTP/1.1" 200 27932 "http://www.bogenriefstudios.com/bogenriefgallery/blownfusedglass.html" "Mozilla/5.0 (compatible; MSIE 10.0; Windows NT 6.1; WOW64; Trident/6.0)"
97.81.43.217 - - [13/Aug/2013:21:16:28 -0400] "GET /images/218_SPEN0034.JPG HTTP/1.1" 200 7538 "http://www.bogenriefstudios.com/bogenriefgallery/blownfusedglass.html" "Mozilla/5.0 (compatible; MSIE 10.0; Windows NT 6.1; WOW64; Trident/6.0)"
68.93.192.165 - - [13/Aug/2013:21:25:27 -0400] "GET /scripts/ic_globals_published.js HTTP/1.1" 200 566 "http://www.bogenriefstudios.com/studios.html" "Mozilla/5.0 (iPhone; CPU iPhone OS 6_1_3 like Mac OS X) AppleWebKit/536.26 (KHTML, like Gecko) Version/6.0 Mobile/10B329 Safari/8536.25"
68.93.192.165 - - [13/Aug/2013:21:25:27 -0400] "GET /scripts/5custom.css HTTP/1.1" 200 1820 "http://www.bogenriefstudios.com/studios.html" "Mozilla/5.0 (iPhone; CPU iPhone OS 6_1_3 like Mac OS X) AppleWebKit/536.26 (KHTML, like Gecko) Version/6.0 Mobile/10B329 Safari/8536.25"
68.93.192.165 - - [13/Aug/2013:21:25:27 -0400] "GET /scripts/icwebsiteelement.css HTTP/1.1" 200 8132 "http://www.bogenriefstudios.com/studios.html" "Mozilla/5.0 (iPhone; CPU iPhone OS 6_1_3 like Mac OS X) AppleWebKit/536.26 (KHTML, like Gecko) Version/6.0 Mobile/10B329 Safari/8536.25"
68.93.192.165 - - [13/Aug/2013:21:25:32 -0400] "GET /images/188_Blown_Glass_114_-_modified.jpg HTTP/1.1" 200 7869 "http://www.bogenriefstudios.com/studios.html" "Mozilla/5.0 (iPhone; CPU iPhone OS 6_1_3 like Mac OS X) AppleWebKit/536.26 (KHTML, like Gecko) Version/6.0 Mobile/10B329 Safari/8536.25"
68.93.192.165 - - [13/Aug/2013:21:25:33 -0400] "GET /images/ic_034_body_bg_wide.jpg HTTP/1.1" 200 90532 "http://www.bogenriefstudios.com/studios.html" "Mozilla/5.0 (iPhone; CPU iPhone OS 6_1_3 like Mac OS X) AppleWebKit/536.26 (KHTML, like Gecko) Version/6.0 Mobile/10B329 Safari/8536.25"
66.249.72.165 - - [13/Aug/2013:23:29:14 -0400] "GET /facebooktwitter.html HTTP/1.1" 200 8186 "-" "Mozilla/5.0 (compatible; Googlebot/2.1; +http://www.google.com/bot.html)"
174.22.124.94 - - [13/Aug/2013:03:05:08 -0400] "GET /scripts/template.css HTTP/1.1" 200 9956 "http://www.bogenriefstudios.com/" "Mozilla/5.0 (Windows NT 6.1; WOW64; rv:16.0) Gecko/20100101 Firefox/16.0"
174.22.124.94 - - [13/Aug/2013:03:05:09 -0400] "GET /images/198_052_2_.JPG HTTP/1.1" 200 7649 "http://www.bogenriefstudios.com/" "Mozilla/5.0 (Windows NT 6.1; WOW64; rv:16.0) Gecko/20100101 Firefox/16.0"
174.22.124.94 - - [13/Aug/2013:03:05:09 -0400] "GET /images/205_David_s_dome_006.JPG HTTP/1.1" 200 9145 "http://www.bogenriefstudios.com/" "Mozilla/5.0 (Windows NT 6.1; WOW64; rv:16.0) Gecko/20100101 Firefox/16.0"
174.22.124.94 - - [13/Aug/2013:03:05:09 -0400] "GET /images/205_025.JPG HTTP/1.1" 200 16394 "http://www.bogenriefstudios.com/" "Mozilla/5.0 (Windows NT 6.1; WOW64; rv:16.0) Gecko/20100101 Firefox/16.0"
192.94.94.106 - - [13/Aug/2013:16:00:05 -0400] "GET /images/559_SF_grapes_006.JPG HTTP/1.1" 200 111660 "http://www.bogenriefstudios.com/bogenriefgallery/stainedglasswindows.html" "Mozilla/4.0 (compatible; MSIE 8.0; Windows NT 6.1; WOW64; Trident/4.0; GTB7.5; SLCC2; .NET CLR 2.0.50727; .NET CLR 3.5.30729; .NET CLR 3.0.30729; Media Center PC 6.0)"