220.181.108.94 - - [13/Aug/2013:14:51:37 -0400] "GET /scripts/photoalbum.js HTTP/1.1" 200 62481 "http://www.bogenriefstudios.com/history/inthenews.html" "Mozilla/5.0 (X11; U; Linux x86_64; en-US; rv:1.9) Gecko Minefield/3.0"
5.63.151.189 - - [13/Aug/2013:00:07:33 -0400] "HEAD / HTTP/1.1" 200 - "-" "checks.panopta.com"
99.90.21.32 - - [13/Aug/2013:00:44:00 -0400] "GET /scripts/icwebsiteelement.css HTTP/1.1" 200 8132 "http://www.bogenriefstudios.com/home.html" "Mozilla/5.0 (compatible; MSIE 9.0; Windows NT 6.1; Trident/5.0)"
99.90.21.32 - - [13/Aug/2013:00:44:00 -0400] "GET /images/392_P1010004-edited.jpg HTTP/1.1" 200 71852 "http://www.bogenriefstudios.com/home.html" "Mozilla/5.0 (compatible; MSIE 9.0; Windows NT 6.1; Trident/5.0)"
66.249.75.119 - - [13/Aug/2013:02:11:47 -0400] "GET /scripts/print.css HTTP/1.1" 200 - "-" "Mozilla/5.0 (compatible; Googlebot/2.1; +http://www.google.com/bot.html)"
188.168.215.59 - - [13/Aug/2013:11:01:03 -0400] "GET /studiolocations.html HTTP/1.1" 200 13348 "http://www.bogenriefstudios.com/videos.html" "Mozilla/5.0 (Windows NT 6.1; WOW64) AppleWebKit/537.22 (KHTML, like Gecko) Chrome/25.0.1364.172 YaBrowser/1.7.1364.17262 Safari/537.22"
188.168.215.59 - - [13/Aug/2013:11:01:09 -0400] "GET /favicon.ico HTTP/1.1" 404 575 "-" "Mozilla/5.0 (Windows NT 6.1; WOW64) AppleWebKit/537.22 (KHTML, like Gecko) Chrome/25.0.1364.172 YaBrowser/1.7.1364.17262 Safari/537.22"
192.94.94.106 - - [13/Aug/2013:15:58:32 -0400] "GET /images/518_LADY_Daydreamer_Lady_1.jpg HTTP/1.1" 200 144265 "http://www.bogenriefstudios.com/bogenriefgallery/ladiesofbogenrief.html" "Mozilla/4.0 (compatible; MSIE 8.0; Windows NT 6.1; WOW64; Trident/4.0; GTB7.5; SLCC2; .NET CLR 2.0.50727; .NET CLR 3.5.30729; .NET CLR 3.0.30729; Media Center PC 6.0)"
192.94.94.106 - - [13/Aug/2013:15:58:33 -0400] "GET /images/518_LADY_daydreamer_lady_2.JPG HTTP/1.1" 200 129507 "http://www.bogenriefstudios.com/bogenriefgallery/ladiesofbogenrief.html" "Mozilla/4.0 (compatible; MSIE 8.0; Windows NT 6.1; WOW64; Trident/4.0; GTB7.5; SLCC2; .NET CLR 2.0.50727; .NET CLR 3.5.30729; .NET CLR 3.0.30729; Media Center PC 6.0)"
192.94.94.106 - - [13/Aug/2013:15:58:36 -0400] "GET /images/696_LADY_Daydreamer_Lady_closeup_of_book.jpg HTTP/1.1" 200 115669 "http://www.bogenriefstudios.com/bogenriefgallery/ladiesofbogenrief.html" "Mozilla/4.0 (compatible; MSIE 8.0; Windows NT 6.1; WOW64; Trident/4.0; GTB7.5; SLCC2; .NET CLR 2.0.50727; .NET CLR 3.5.30729; .NET CLR 3.0.30729; Media Center PC 6.0)"
192.94.94.106 - - [13/Aug/2013:15:58:38 -0400] "GET /images/696_LADY_Flower_Ladies.jpg HTTP/1.1" 200 106679 "http://www.bogenriefstudios.com/bogenriefgallery/ladiesofbogenrief.html" "Mozilla/4.0 (compatible; MSIE 8.0; Windows NT 6.1; WOW64; Trident/4.0; GTB7.5; SLCC2; .NET CLR 2.0.50727; .NET CLR 3.5.30729; .NET CLR 3.0.30729; Media Center PC 6.0)"
192.94.94.106 - - [13/Aug/2013:16:00:47 -0400] "GET /bogenriefgallery/terracehillrestoration.html HTTP/1.1" 200 15397 "http://www.bogenriefstudios.com/bogenriefgallery.html" "Mozilla/4.0 (compatible; MSIE 8.0; Windows NT 6.1; WOW64; Trident/4.0; GTB7.5; SLCC2; .NET CLR 2.0.50727; .NET CLR 3.5.30729; .NET CLR 3.0.30729; Media Center PC 6.0)"
192.94.94.106 - - [13/Aug/2013:16:00:48 -0400] "GET /images/302_DSC_0147.JPG HTTP/1.1" 200 32566 "http://www.bogenriefstudios.com/bogenriefgallery/terracehillrestoration.html" "Mozilla/4.0 (compatible; MSIE 8.0; Windows NT 6.1; WOW64; Trident/4.0; GTB7.5; SLCC2; .NET CLR 2.0.50727; .NET CLR 3.5.30729; .NET CLR 3.0.30729; Media Center PC 6.0)"
97.118.141.138 - - [13/Aug/2013:16:05:33 -0400] "GET / HTTP/1.1" 200 13883 "-" "Mozilla/5.0 (Macintosh; Intel Mac OS X 10_7_4) AppleWebKit/536.25 (KHTML, like Gecko) Version/6.0 Safari/536.25"
97.118.141.138 - - [13/Aug/2013:16:05:34 -0400] "GET /scripts/user.js HTTP/1.1" 200 23762 "http://www.bogenriefstudios.com/" "Mozilla/5.0 (Macintosh; Intel Mac OS X 10_7_4) AppleWebKit/536.25 (KHTML, like Gecko) Version/6.0 Safari/536.25"
97.118.141.138 - - [13/Aug/2013:16:05:36 -0400] "GET /images/ic_034_body_bg_wide.jpg HTTP/1.1" 200 90532 "http://www.bogenriefstudios.com/" "Mozilla/5.0 (Macintosh; Intel Mac OS X 10_7_4) AppleWebKit/536.25 (KHTML, like Gecko) Version/6.0 Safari/536.25"
109.120.137.68 - - [13/Aug/2013:16:12:29 -0400] "GET / HTTP/1.1" 200 13883 "http://asupro.com/building/smart/kit-door-lock-remote-control.html" "Mozilla/5.0 (Windows; U; Windows NT 5.1; en-US; rv:1.8.1.11) Gecko/20071127 Firefox/2.0.0.4/Megaupload 3.0"
54.211.46.209 - - [13/Aug/2013:16:57:11 -0400] "GET / HTTP/1.1" 200 13883 "-" "Mozilla/5.0 (compatible; URLAppendBot/1.0; +http://www.profound.net/urlappendbot.html)"
74.42.116.226 - - [13/Aug/2013:18:20:05 -0400] "GET /images/480_Omaha_show_004.JPG HTTP/1.1" 200 58234 "http://www.bogenriefstudios.com/bogenriefgallery/stainedglasswindows.html" "Mozilla/5.0 (Windows NT 6.0; rv:22.0) Gecko/20100101 Firefox/22.0 AlexaToolbar/amznf-3.0.20121129"
74.42.116.226 - - [13/Aug/2013:18:20:12 -0400] "GET /images/253_nugget_window.JPG HTTP/1.1" 200 47276 "http://www.bogenriefstudios.com/bogenriefgallery/stainedglasswindows.html" "Mozilla/5.0 (Windows NT 6.0; rv:22.0) Gecko/20100101 Firefox/22.0 AlexaToolbar/amznf-3.0.20121129"
74.42.116.226 - - [13/Aug/2013:18:20:14 -0400] "GET /images/146_AzizaJungleMaiden.jpg HTTP/1.1" 200 13793 "http://www.bogenriefstudios.com/bogenriefgallery/stainedglasswindows.html" "Mozilla/5.0 (Windows NT 6.0; rv:22.0) Gecko/20100101 Firefox/22.0 AlexaToolbar/amznf-3.0.20121129"
74.42.116.226 - - [13/Aug/2013:18:20:15 -0400] "GET /images/127_window_rose_vase.JPG HTTP/1.1" 200 10401 "http://www.bogenriefstudios.com/bogenriefgallery/stainedglasswindows.html" "Mozilla/5.0 (Windows NT 6.0; rv:22.0) Gecko/20100101 Firefox/22.0 AlexaToolbar/amznf-3.0.20121129"
74.42.116.226 - - [13/Aug/2013:18:20:15 -0400] "GET /images/218_web_site-edited.jpg HTTP/1.1" 200 20953 "http://www.bogenriefstudios.com/bogenriefgallery/stainedglasswindows.html" "Mozilla/5.0 (Windows NT 6.0; rv:22.0) Gecko/20100101 Firefox/22.0 AlexaToolbar/amznf-3.0.20121129"
74.42.116.226 - - [13/Aug/2013:18:20:17 -0400] "GET /images/218_window_oval.jpg HTTP/1.1" 200 12314 "http://www.bogenriefstudios.com/bogenriefgallery/stainedglasswindows.html" "Mozilla/5.0 (Windows NT 6.0; rv:22.0) Gecko/20100101 Firefox/22.0 AlexaToolbar/amznf-3.0.20121129"
74.42.116.226 - - [13/Aug/2013:18:20:17 -0400] "GET /images/218_000_0031.JPG HTTP/1.1" 200 16332 "http://www.bogenriefstudios.com/bogenriefgallery/stainedglasswindows.html" "Mozilla/5.0 (Windows NT 6.0; rv:22.0) Gecko/20100101 Firefox/22.0 AlexaToolbar/amznf-3.0.20121129"
74.42.116.226 - - [13/Aug/2013:18:20:19 -0400] "GET /images/165_Bevel_Window2.jpg HTTP/1.1" 200 16638 "http://www.bogenriefstudios.com/bogenriefgallery/stainedglasswindows.html" "Mozilla/5.0 (Windows NT 6.0; rv:22.0) Gecko/20100101 Firefox/22.0 AlexaToolbar/amznf-3.0.20121129"
74.42.116.226 - - [13/Aug/2013:18:20:19 -0400] "GET /images/196_P1010130.JPG HTTP/1.1" 200 20954 "http://www.bogenriefstudios.com/bogenriefgallery/stainedglasswindows.html" "Mozilla/5.0 (Windows NT 6.0; rv:22.0) Gecko/20100101 Firefox/22.0 AlexaToolbar/amznf-3.0.20121129"
74.42.116.226 - - [13/Aug/2013:18:21:57 -0400] "GET /images/696_web_site_8.JPG HTTP/1.1" 200 62947 "http://www.bogenriefstudios.com/bogenriefgallery/stainedglasswindows.html" "Mozilla/5.0 (Windows NT 6.0; rv:22.0) Gecko/20100101 Firefox/22.0 AlexaToolbar/amznf-3.0.20121129"
74.42.116.226 - - [13/Aug/2013:18:25:54 -0400] "GET /images/696_window_oval.jpg HTTP/1.1" 200 83660 "http://www.bogenriefstudios.com/bogenriefgallery/stainedglasswindows.html" "Mozilla/5.0 (Windows NT 6.0; rv:22.0) Gecko/20100101 Firefox/22.0 AlexaToolbar/amznf-3.0.20121129"
192.95.47.180 - - [13/Aug/2013:06:41:30 -0400] "GET /availableforpurchase.html HTTP/1.1" 200 22554 "-" "Mozilla/4.0 (compatible; MSIE 6.0; Windows NT 5.1)"
218.48.72.164 - - [13/Aug/2013:07:02:34 -0400] "GET /images/682_Daydream_001.jpg HTTP/1.1" 200 215855 "http://www.google.co.kr/search?q=alphonse+mucha&newwindow=1&sa=X&tbm=isch&tbo=u&source=univ&ei=VREKUvvFD8r9kAWJrYHoCA&ved=0CJ0BEOwJ&biw=360&bih=567&sei=XBEKUrGQM8WkkgX77YDwCg" "Mozilla/5.0 (Linux; U; Android 4.1.2; ko-kr; LG-F240L Build/JZO54K) AppleWebKit/534.30 (KHTML, like Gecko) Version/4.0 Mobile Safari/534.30"
199.30.20.162 - - [13/Aug/2013:08:33:43 -0400] "GET /images/100_Detail_with_fronds.jpg HTTP/1.1" 200 5397 "-" "msnbot-media/1.1 (+http://search.msn.com/msnbot.htm)"
82.0.237.115 - - [13/Aug/2013:10:11:26 -0400] "GET /images/photoalbum/button_photoPlay.jpg HTTP/1.1" 200 613 "http://www.bogenriefstudios.com/bogenriefgallery/thejunglewindow.html" "Mozilla/5.0 (Windows NT 6.0) AppleWebKit/537.36 (KHTML, like Gecko) Chrome/28.0.1500.95 Safari/537.36"
82.0.237.115 - - [13/Aug/2013:10:11:26 -0400] "GET /images/photoalbum/button_photoLast.jpg HTTP/1.1" 200 637 "http://www.bogenriefstudios.com/bogenriefgallery/thejunglewindow.html" "Mozilla/5.0 (Windows NT 6.0) AppleWebKit/537.36 (KHTML, like Gecko) Chrome/28.0.1500.95 Safari/537.36"
82.0.237.115 - - [13/Aug/2013:10:11:26 -0400] "GET /images/579_Project1v.jpg HTTP/1.1" 200 164526 "http://www.bogenriefstudios.com/bogenriefgallery/thejunglewindow.html" "Mozilla/5.0 (Windows NT 6.0) AppleWebKit/537.36 (KHTML, like Gecko) Chrome/28.0.1500.95 Safari/537.36"
188.168.215.59 - - [13/Aug/2013:10:54:47 -0400] "GET /images/696_P1010067.JPG HTTP/1.1" 200 134048 "http://www.bogenriefstudios.com/bogenriefgallery/stainedglasswindows.html" "Mozilla/5.0 (Windows NT 6.1; WOW64) AppleWebKit/537.22 (KHTML, like Gecko) Chrome/25.0.1364.172 YaBrowser/1.7.1364.17262 Safari/537.22"
188.168.215.59 - - [13/Aug/2013:10:54:54 -0400] "GET /images/386_SF_grapes_006.JPG HTTP/1.1" 200 61665 "http://www.bogenriefstudios.com/bogenriefgallery/stainedglasswindows.html" "Mozilla/5.0 (Windows NT 6.1; WOW64) AppleWebKit/537.22 (KHTML, like Gecko) Chrome/25.0.1364.172 YaBrowser/1.7.1364.17262 Safari/537.22"
188.168.215.59 - - [13/Aug/2013:10:54:55 -0400] "GET /images/218_window_great_gatsby.jpg HTTP/1.1" 200 20905 "http://www.bogenriefstudios.com/bogenriefgallery/stainedglasswindows.html" "Mozilla/5.0 (Windows NT 6.1; WOW64) AppleWebKit/537.22 (KHTML, like Gecko) Chrome/25.0.1364.172 YaBrowser/1.7.1364.17262 Safari/537.22"
188.168.215.59 - - [13/Aug/2013:10:54:55 -0400] "GET /images/696_window_dolphins.JPG HTTP/1.1" 200 124350 "http://www.bogenriefstudios.com/bogenriefgallery/stainedglasswindows.html" "Mozilla/5.0 (Windows NT 6.1; WOW64) AppleWebKit/537.22 (KHTML, like Gecko) Chrome/25.0.1364.172 YaBrowser/1.7.1364.17262 Safari/537.22"
188.168.215.59 - - [13/Aug/2013:10:54:56 -0400] "GET /images/512_mjbhome%20int%20sm%20scale.jpg HTTP/1.1" 200 49869 "http://www.bogenriefstudios.com/bogenriefgallery/stainedglasswindows.html" "Mozilla/5.0 (Windows NT 6.1; WOW64) AppleWebKit/537.22 (KHTML, like Gecko) Chrome/25.0.1364.172 YaBrowser/1.7.1364.17262 Safari/537.22"
188.168.215.59 - - [13/Aug/2013:10:54:56 -0400] "GET /images/696_DSC_0100.JPG HTTP/1.1" 200 58849 "http://www.bogenriefstudios.com/bogenriefgallery/stainedglasswindows.html" "Mozilla/5.0 (Windows NT 6.1; WOW64) AppleWebKit/537.22 (KHTML, like Gecko) Chrome/25.0.1364.172 YaBrowser/1.7.1364.17262 Safari/537.22"
188.168.215.59 - - [13/Aug/2013:11:05:01 -0400] "GET /onlinestore.html HTTP/1.1" 200 202 "http://www.bogenriefstudios.com/studiolocations.html" "Mozilla/5.0 (Windows NT 6.1; WOW64) AppleWebKit/537.22 (KHTML, like Gecko) Chrome/25.0.1364.172 YaBrowser/1.7.1364.17262 Safari/537.22"
188.168.215.59 - - [13/Aug/2013:11:05:01 -0400] "GET /favicon.ico HTTP/1.1" 404 575 "-" "Mozilla/5.0 (Windows NT 6.1; WOW64) AppleWebKit/537.22 (KHTML, like Gecko) Chrome/25.0.1364.172 YaBrowser/1.7.1364.17262 Safari/537.22"
204.73.55.10 - - [13/Aug/2013:11:55:26 -0400] "GET /scripts/website.css HTTP/1.1" 200 1646 "http://www.bogenriefstudios.com/studios.html" "Mozilla/4.0 (compatible; MSIE 8.0; Windows NT 5.1; Trident/4.0; .NET CLR 1.1.4322; .NET CLR 2.0.50727; .NET CLR 3.0.4506.2152; .NET CLR 3.5.30729; .NET4.0C; .NET4.0E; InfoPath.3)"
204.73.55.10 - - [13/Aug/2013:11:55:26 -0400] "GET /scripts/5custom.css HTTP/1.1" 200 1820 "http://www.bogenriefstudios.com/studios.html" "Mozilla/4.0 (compatible; MSIE 8.0; Windows NT 5.1; Trident/4.0; .NET CLR 1.1.4322; .NET CLR 2.0.50727; .NET CLR 3.0.4506.2152; .NET CLR 3.5.30729; .NET4.0C; .NET4.0E; InfoPath.3)"
204.73.55.10 - - [13/Aug/2013:11:55:28 -0400] "GET /images/682_Printed_20_.jpg HTTP/1.1" 200 124934 "http://www.bogenriefstudios.com/studios.html" "Mozilla/4.0 (compatible; MSIE 8.0; Windows NT 5.1; Trident/4.0; .NET CLR 1.1.4322; .NET CLR 2.0.50727; .NET CLR 3.0.4506.2152; .NET CLR 3.5.30729; .NET4.0C; .NET4.0E; InfoPath.3)"
192.94.94.106 - - [13/Aug/2013:15:56:20 -0400] "GET /images/photoalbum/button_photoFirst.jpg HTTP/1.1" 200 637 "http://www.bogenriefstudios.com/bogenriefgallery/thejunglewindow.html" "Mozilla/4.0 (compatible; MSIE 8.0; Windows NT 6.1; WOW64; Trident/4.0; GTB7.5; SLCC2; .NET CLR 2.0.50727; .NET CLR 3.5.30729; .NET CLR 3.0.30729; Media Center PC 6.0)"
192.94.94.106 - - [13/Aug/2013:15:56:20 -0400] "GET /images/photoalbum/button_photoSpeed2_ON.jpg HTTP/1.1" 200 492 "http://www.bogenriefstudios.com/bogenriefgallery/thejunglewindow.html" "Mozilla/4.0 (compatible; MSIE 8.0; Windows NT 6.1; WOW64; Trident/4.0; GTB7.5; SLCC2; .NET CLR 2.0.50727; .NET CLR 3.5.30729; .NET CLR 3.0.30729; Media Center PC 6.0)"
192.94.94.106 - - [13/Aug/2013:15:56:20 -0400] "GET /images/360_Elephant_detail.JPG HTTP/1.1" 200 70767 "http://www.bogenriefstudios.com/bogenriefgallery/thejunglewindow.html" "Mozilla/4.0 (compatible; MSIE 8.0; Windows NT 6.1; WOW64; Trident/4.0; GTB7.5; SLCC2; .NET CLR 2.0.50727; .NET CLR 3.5.30729; .NET CLR 3.0.30729; Media Center PC 6.0)"
192.94.94.106 - - [13/Aug/2013:15:56:21 -0400] "GET /images/480_Detail_with_left_facing_parrot.JPG HTTP/1.1" 200 54803 "http://www.bogenriefstudios.com/bogenriefgallery/thejunglewindow.html" "Mozilla/4.0 (compatible; MSIE 8.0; Windows NT 6.1; WOW64; Trident/4.0; GTB7.5; SLCC2; .NET CLR 2.0.50727; .NET CLR 3.5.30729; .NET CLR 3.0.30729; Media Center PC 6.0)"
192.94.94.106 - - [13/Aug/2013:15:56:21 -0400] "GET /images/480_Detail_with_cockatoo.jpg HTTP/1.1" 200 73657 "http://www.bogenriefstudios.com/bogenriefgallery/thejunglewindow.html" "Mozilla/4.0 (compatible; MSIE 8.0; Windows NT 6.1; WOW64; Trident/4.0; GTB7.5; SLCC2; .NET CLR 2.0.50727; .NET CLR 3.5.30729; .NET CLR 3.0.30729; Media Center PC 6.0)"
192.94.94.106 - - [13/Aug/2013:15:56:21 -0400] "GET /images/163_Elephant_detail.JPG HTTP/1.1" 200 18008 "http://www.bogenriefstudios.com/bogenriefgallery/thejunglewindow.html" "Mozilla/4.0 (compatible; MSIE 8.0; Windows NT 6.1; WOW64; Trident/4.0; GTB7.5; SLCC2; .NET CLR 2.0.50727; .NET CLR 3.5.30729; .NET CLR 3.0.30729; Media Center PC 6.0)"
192.94.94.106 - - [13/Aug/2013:15:56:21 -0400] "GET /images/218_Detail_with_vines.JPG HTTP/1.1" 200 16325 "http://www.bogenriefstudios.com/bogenriefgallery/thejunglewindow.html" "Mozilla/4.0 (compatible; MSIE 8.0; Windows NT 6.1; WOW64; Trident/4.0; GTB7.5; SLCC2; .NET CLR 2.0.50727; .NET CLR 3.5.30729; .NET CLR 3.0.30729; Media Center PC 6.0)"
192.94.94.106 - - [13/Aug/2013:15:56:21 -0400] "GET /images/218_Detail_with_right_facing_parrot.jpg HTTP/1.1" 200 13722 "http://www.bogenriefstudios.com/bogenriefgallery/thejunglewindow.html" "Mozilla/4.0 (compatible; MSIE 8.0; Windows NT 6.1; WOW64; Trident/4.0; GTB7.5; SLCC2; .NET CLR 2.0.50727; .NET CLR 3.5.30729; .NET CLR 3.0.30729; Media Center PC 6.0)"
192.94.94.106 - - [13/Aug/2013:15:56:22 -0400] "GET /images/218_Detail_with_monkey.jpg HTTP/1.1" 200 17859 "http://www.bogenriefstudios.com/bogenriefgallery/thejunglewindow.html" "Mozilla/4.0 (compatible; MSIE 8.0; Windows NT 6.1; WOW64; Trident/4.0; GTB7.5; SLCC2; .NET CLR 2.0.50727; .NET CLR 3.5.30729; .NET CLR 3.0.30729; Media Center PC 6.0)"
192.94.94.106 - - [13/Aug/2013:15:56:22 -0400] "GET /images/218_Detail_with_left_facing_parrot.JPG HTTP/1.1" 200 16786 "http://www.bogenriefstudios.com/bogenriefgallery/thejunglewindow.html" "Mozilla/4.0 (compatible; MSIE 8.0; Windows NT 6.1; WOW64; Trident/4.0; GTB7.5; SLCC2; .NET CLR 2.0.50727; .NET CLR 3.5.30729; .NET CLR 3.0.30729; Media Center PC 6.0)"
192.94.94.106 - - [13/Aug/2013:15:56:22 -0400] "GET /images/163_Detail_with_greenery_red_flowers.jpg HTTP/1.1" 200 15231 "http://www.bogenriefstudios.com/bogenriefgallery/thejunglewindow.html" "Mozilla/4.0 (compatible; MSIE 8.0; Windows NT 6.1; WOW64; Trident/4.0; GTB7.5; SLCC2; .NET CLR 2.0.50727; .NET CLR 3.5.30729; .NET CLR 3.0.30729; Media Center PC 6.0)"
192.94.94.106 - - [13/Aug/2013:15:56:22 -0400] "GET /images/218_Detail_with_fronds.jpg HTTP/1.1" 200 16924 "http://www.bogenriefstudios.com/bogenriefgallery/thejunglewindow.html" "Mozilla/4.0 (compatible; MSIE 8.0; Windows NT 6.1; WOW64; Trident/4.0; GTB7.5; SLCC2; .NET CLR 2.0.50727; .NET CLR 3.5.30729; .NET CLR 3.0.30729; Media Center PC 6.0)"
192.94.94.106 - - [13/Aug/2013:15:56:22 -0400] "GET /images/218_Detail_with_cockatoo.jpg HTTP/1.1" 200 17660 "http://www.bogenriefstudios.com/bogenriefgallery/thejunglewindow.html" "Mozilla/4.0 (compatible; MSIE 8.0; Windows NT 6.1; WOW64; Trident/4.0; GTB7.5; SLCC2; .NET CLR 2.0.50727; .NET CLR 3.5.30729; .NET CLR 3.0.30729; Media Center PC 6.0)"
192.94.94.106 - - [13/Aug/2013:15:56:22 -0400] "GET /images/photoalbum/photo_controlBG.jpg HTTP/1.1" 200 336 "http://www.bogenriefstudios.com/bogenriefgallery/thejunglewindow.html" "Mozilla/4.0 (compatible; MSIE 8.0; Windows NT 6.1; WOW64; Trident/4.0; GTB7.5; SLCC2; .NET CLR 2.0.50727; .NET CLR 3.5.30729; .NET CLR 3.0.30729; Media Center PC 6.0)"
192.94.94.106 - - [13/Aug/2013:15:56:22 -0400] "GET /images/579_Project1v.jpg HTTP/1.1" 200 164526 "http://www.bogenriefstudios.com/bogenriefgallery/thejunglewindow.html" "Mozilla/4.0 (compatible; MSIE 8.0; Windows NT 6.1; WOW64; Trident/4.0; GTB7.5; SLCC2; .NET CLR 2.0.50727; .NET CLR 3.5.30729; .NET CLR 3.0.30729; Media Center PC 6.0)"
5.63.151.189 - - [13/Aug/2013:15:59:58 -0400] "HEAD / HTTP/1.1" 200 - "-" "checks.panopta.com"
66.249.75.165 - - [13/Aug/2013:16:13:10 -0400] "GET /robots.txt HTTP/1.1" 200 25 "-" "Mozilla/5.0 (compatible; Googlebot/2.1; +http://www.google.com/bot.html)"
66.249.75.165 - - [13/Aug/2013:16:13:10 -0400] "GET /bogenriefgallery/thejunglewindow.html HTTP/1.1" 200 18159 "-" "DoCoMo/2.0 N905i(c100;TB;W24H16) (compatible; Googlebot-Mobile/2.1; +http://www.google.com/bot.html)"
107.21.180.227 - - [13/Aug/2013:13:35:02 -0400] "GET /contactus.html HTTP/1.1" 200 11250 "-" "Mozilla/5.0 (compatible; URLAppendBot/1.0; +http://www.profound.net/urlappendbot.html)"
5.63.151.189 - - [13/Aug/2013:14:44:29 -0400] "HEAD / HTTP/1.1" 200 - "-" "checks.panopta.com"
123.125.71.104 - - [13/Aug/2013:14:54:29 -0400] "GET /bogenriefgallery/blownfusedglass.html HTTP/1.1" 200 16316 "-" "Mozilla/5.0 (compatible; Baiduspider/2.0; +http://www.baidu.com/search/spider.html)"
99.90.21.32 - - [13/Aug/2013:00:44:00 -0400] "GET /scripts/photoalbum.js HTTP/1.1" 200 62481 "http://www.bogenriefstudios.com/home.html" "Mozilla/5.0 (compatible; MSIE 9.0; Windows NT 6.1; Trident/5.0)"
99.90.21.32 - - [13/Aug/2013:00:44:03 -0400] "GET /images/682_rocklin_-_sun_moon.jpg HTTP/1.1" 200 29490 "http://www.bogenriefstudios.com/home.html" "Mozilla/5.0 (compatible; MSIE 9.0; Windows NT 6.1; Trident/5.0)"
75.48.4.188 - - [13/Aug/2013:01:39:32 -0400] "GET /images/682_Daydream_001.jpg HTTP/1.1" 200 215855 "-" "Mozilla/5.0 (compatible; MSIE 10.0; Windows NT 6.2; ARM; Trident/6.0; Touch)"
5.63.151.189 - - [13/Aug/2013:03:54:21 -0400] "HEAD / HTTP/1.1" 200 - "-" "checks.panopta.com"
95.141.234.165 - - [13/Aug/2013:04:44:23 -0400] "GET /images/682_rocklin_-_sun_moon.jpg HTTP/1.1" 200 29490 "http://images.yandex.ru/yandsearch?source=wiz&uinfo=sw-947-sh-833-fw-765-fh-598-pd-1&p=15&text=%D0%B2%D0%B8%D1%82%D1%80%D0%B0%D0%B6%D0%BD%D1%8B%D0%B5%20%D0%BA%D0%B0%D1%80%D1%82%D0%B8%D0%BD%D1%8B%20%D0%BD%D0%B0%20%D1%81%D1%82%D0%B5%D0%BA%D0%BB%D0%B5&noreask=1&pos=459&rpt=simage&lr=45&img_url=http%3A%2F%2Fimg1.liveinternet.ru%2Fimages%2Ffoto%2Fb%2F3%2Fapps%2F1%2F959%2F1959631_1278622248_682_jungle_full_further_away.jpg" "Opera/9.80 (Windows NT 6.1; MRA 6.0 (build 6037)) Presto/2.12.388 Version/12.16"
66.249.81.161 - - [13/Aug/2013:05:38:45 -0400] "GET /favicon.ico HTTP/1.1" 404 575 "-" "Mozilla/5.0 (Windows NT 6.1; rv:6.0) Gecko/20110814 Firefox/6.0 Google (+https://developers.google.com/+/web/snippet/)"
5.63.151.189 - - [13/Aug/2013:18:00:44 -0400] "HEAD / HTTP/1.1" 200 - "-" "checks.panopta.com"
65.55.215.96 - - [13/Aug/2013:18:34:21 -0400] "GET /images/682_Detail_with_greenery_red_flowers.jpg HTTP/1.1" 200 168414 "-" "msnbot-media/1.1 (+http://search.msn.com/msnbot.htm)"
199.21.99.79 - - [13/Aug/2013:18:40:51 -0400] "GET /images/398_Grape_Lamp_1_-_cropped.jpg HTTP/1.1" 200 48954 "-" "Mozilla/5.0 (compatible; YandexImages/3.0; +http://yandex.com/bots)"
199.30.20.59 - - [13/Aug/2013:21:13:06 -0400] "GET /images/682_Detail_with_vines.JPG HTTP/1.1" 200 142065 "-" "msnbot-media/1.1 (+http://search.msn.com/msnbot.htm)"
97.81.43.217 - - [13/Aug/2013:21:16:13 -0400] "GET /scripts/ic_globals_published.js HTTP/1.1" 200 566 "http://www.bogenriefstudios.com/pricing.html" "Mozilla/5.0 (compatible; MSIE 10.0; Windows NT 6.1; WOW64; Trident/6.0)"
97.81.43.217 - - [13/Aug/2013:21:16:13 -0400] "GET /scripts/print.css HTTP/1.1" 200 - "http://www.bogenriefstudios.com/pricing.html" "Mozilla/5.0 (compatible; MSIE 10.0; Windows NT 6.1; WOW64; Trident/6.0)"
97.81.43.217 - - [13/Aug/2013:21:16:13 -0400] "GET /scripts/icwebsiteelement.css HTTP/1.1" 200 8132 "http://www.bogenriefstudios.com/pricing.html" "Mozilla/5.0 (compatible; MSIE 10.0; Windows NT 6.1; WOW64; Trident/6.0)"
97.81.43.217 - - [13/Aug/2013:21:16:13 -0400] "GET /images/314_lincoln,_NE_011.jpg HTTP/1.1" 200 32168 "http://www.bogenriefstudios.com/pricing.html" "Mozilla/5.0 (compatible; MSIE 10.0; Windows NT 6.1; WOW64; Trident/6.0)"
97.81.43.217 - - [13/Aug/2013:21:16:13 -0400] "GET /images/ic_034_body_bg_wide.jpg HTTP/1.1" 200 90532 "http://www.bogenriefstudios.com/pricing.html" "Mozilla/5.0 (compatible; MSIE 10.0; Windows NT 6.1; WOW64; Trident/6.0)"
97.81.43.217 - - [13/Aug/2013:21:17:57 -0400] "GET /images/480_LADY_Daydreamer_Lady_closeup.jpg HTTP/1.1" 200 68115 "http://www.bogenriefstudios.com/bogenriefgallery/ladiesofbogenrief.html" "Mozilla/5.0 (compatible; MSIE 10.0; Windows NT 6.1; WOW64; Trident/6.0)"
97.81.43.217 - - [13/Aug/2013:21:17:58 -0400] "GET /images/224_LADY_Butterfly_Champ.jpg HTTP/1.1" 200 45957 "http://www.bogenriefstudios.com/bogenriefgallery/ladiesofbogenrief.html" "Mozilla/5.0 (compatible; MSIE 10.0; Windows NT 6.1; WOW64; Trident/6.0)"
97.81.43.217 - - [13/Aug/2013:21:17:58 -0400] "GET /images/221_LADY_4_Seasons_Lady_Winter_1.jpg HTTP/1.1" 200 47790 "http://www.bogenriefstudios.com/bogenriefgallery/ladiesofbogenrief.html" "Mozilla/5.0 (compatible; MSIE 10.0; Windows NT 6.1; WOW64; Trident/6.0)"
97.81.43.217 - - [13/Aug/2013:21:17:59 -0400] "GET /images/328_LADY_Hippy_Chick.jpg HTTP/1.1" 200 64001 "http://www.bogenriefstudios.com/bogenriefgallery/ladiesofbogenrief.html" "Mozilla/5.0 (compatible; MSIE 10.0; Windows NT 6.1; WOW64; Trident/6.0)"
97.81.43.217 - - [13/Aug/2013:21:17:59 -0400] "GET /images/480_LADY_closeup.JPG HTTP/1.1" 200 57251 "http://www.bogenriefstudios.com/bogenriefgallery/ladiesofbogenrief.html" "Mozilla/5.0 (compatible; MSIE 10.0; Windows NT 6.1; WOW64; Trident/6.0)"
97.81.43.217 - - [13/Aug/2013:21:18:00 -0400] "GET /images/162_LADY_Daydreamer_Lady_1.jpg HTTP/1.1" 200 19155 "http://www.bogenriefstudios.com/bogenriefgallery/ladiesofbogenrief.html" "Mozilla/5.0 (compatible; MSIE 10.0; Windows NT 6.1; WOW64; Trident/6.0)"
97.81.43.217 - - [13/Aug/2013:21:18:01 -0400] "GET /images/102_LADY_4_Seasons_Lady_Summer_1.jpg HTTP/1.1" 200 10838 "http://www.bogenriefstudios.com/bogenriefgallery/ladiesofbogenrief.html" "Mozilla/5.0 (compatible; MSIE 10.0; Windows NT 6.1; WOW64; Trident/6.0)"
97.81.43.217 - - [13/Aug/2013:21:18:01 -0400] "GET /images/144_LADY_4_Seasons_Lady_Autumn_closeup.jpg HTTP/1.1" 200 14465 "http://www.bogenriefstudios.com/bogenriefgallery/ladiesofbogenrief.html" "Mozilla/5.0 (compatible; MSIE 10.0; Windows NT 6.1; WOW64; Trident/6.0)"
97.81.43.217 - - [13/Aug/2013:21:18:01 -0400] "GET /images/218_LADY_closeup.JPG HTTP/1.1" 200 16823 "http://www.bogenriefstudios.com/bogenriefgallery/ladiesofbogenrief.html" "Mozilla/5.0 (compatible; MSIE 10.0; Windows NT 6.1; WOW64; Trident/6.0)"
97.81.43.217 - - [13/Aug/2013:21:18:01 -0400] "GET /images/160_LADY_Sarah_1.jpg HTTP/1.1" 200 14520 "http://www.bogenriefstudios.com/bogenriefgallery/ladiesofbogenrief.html" "Mozilla/5.0 (compatible; MSIE 10.0; Windows NT 6.1; WOW64; Trident/6.0)"
98.223.92.180 - - [13/Aug/2013:21:47:48 -0400] "GET /scripts/user.js HTTP/1.1" 200 23762 "http://www.bogenriefstudios.com/studios.html" "Mozilla/5.0 (iPad; CPU OS 6_1_3 like Mac OS X) AppleWebKit/536.26 (KHTML, like Gecko) Version/6.0 Mobile/10B329 Safari/8536.25"
98.223.92.180 - - [13/Aug/2013:21:47:49 -0400] "GET /images/682_Daydream_001.jpg HTTP/1.1" 200 215855 "http://www.bogenriefstudios.com/studios.html" "Mozilla/5.0 (iPad; CPU OS 6_1_3 like Mac OS X) AppleWebKit/536.26 (KHTML, like Gecko) Version/6.0 Mobile/10B329 Safari/8536.25"
98.223.92.180 - - [13/Aug/2013:21:47:50 -0400] "GET /images/ic_034_body_bg_wide.jpg HTTP/1.1" 200 90532 "http://www.bogenriefstudios.com/studios.html" "Mozilla/5.0 (iPad; CPU OS 6_1_3 like Mac OS X) AppleWebKit/536.26 (KHTML, like Gecko) Version/6.0 Mobile/10B329 Safari/8536.25"
98.223.92.180 - - [13/Aug/2013:21:47:50 -0400] "GET /images/68.jpg HTTP/1.1" 200 11436 "http://www.bogenriefstudios.com/studios.html" "Mozilla/5.0 (iPad; CPU OS 6_1_3 like Mac OS X) AppleWebKit/536.26 (KHTML, like Gecko) Version/6.0 Mobile/10B329 Safari/8536.25"
68.93.192.165 - - [13/Aug/2013:22:02:15 -0400] "GET /studios.html HTTP/1.1" 200 30400 "-" "Mozilla/5.0 (iPhone; CPU iPhone OS 6_1_3 like Mac OS X) AppleWebKit/536.26 (KHTML, like Gecko) Version/6.0 Mobile/10B329 Safari/8536.25"
68.93.192.165 - - [13/Aug/2013:22:02:15 -0400] "GET /scripts/5custom.css HTTP/1.1" 200 1820 "http://www.bogenriefstudios.com/studios.html" "Mozilla/5.0 (iPhone; CPU iPhone OS 6_1_3 like Mac OS X) AppleWebKit/536.26 (KHTML, like Gecko) Version/6.0 Mobile/10B329 Safari/8536.25"
68.93.192.165 - - [13/Aug/2013:22:02:15 -0400] "GET /scripts/icwebsiteelement.css HTTP/1.1" 200 8132 "http://www.bogenriefstudios.com/studios.html" "Mozilla/5.0 (iPhone; CPU iPhone OS 6_1_3 like Mac OS X) AppleWebKit/536.26 (KHTML, like Gecko) Version/6.0 Mobile/10B329 Safari/8536.25"
68.93.192.165 - - [13/Aug/2013:22:02:16 -0400] "GET /images/682_Printed_20_.jpg HTTP/1.1" 200 124934 "http://www.bogenriefstudios.com/studios.html" "Mozilla/5.0 (iPhone; CPU iPhone OS 6_1_3 like Mac OS X) AppleWebKit/536.26 (KHTML, like Gecko) Version/6.0 Mobile/10B329 Safari/8536.25"
99.28.94.36 - - [13/Aug/2013:06:03:56 -0400] "GET /images/273_Blown_Glass_052_-_modified.jpg HTTP/1.1" 200 21982 "http://www.dogpile.com/info.dogpl.t10.5/search/images?fcoid=417&fcop=bottomnav&fpid=2&q=%22blown+glass+%22&ql=" "Mozilla/5.0 (compatible; MSIE 10.0; AOL 9.7; AOLBuild 4343.1028; Windows NT 6.1; WOW64; Trident/6.0)"
5.63.151.189 - - [13/Aug/2013:06:25:59 -0400] "HEAD / HTTP/1.1" 200 - "-" "checks.panopta.com"
59.93.204.101 - - [13/Aug/2013:07:11:15 -0400] "GET /images/682_Detail_with_right_facing_parrot.jpg HTTP/1.1" 200 91003 "http://www.google.co.in/blank.html" "Mozilla/5.0 (Windows NT 5.1) AppleWebKit/537.36 (KHTML, like Gecko) Chrome/28.0.1500.95 Safari/537.36"
5.63.151.189 - - [13/Aug/2013:07:26:12 -0400] "HEAD / HTTP/1.1" 200 - "-" "checks.panopta.com"
123.151.148.195 - - [13/Aug/2013:15:59:18 -0400] "GET / HTTP/1.1" 200 13883 "http://bogenriefstudios.com/" "Mozilla/5.0 (compatible; Sosospider/2.0; +http://help.soso.com/webspider.htm)"
97.118.141.138 - - [13/Aug/2013:16:05:34 -0400] "GET /scripts/template.css HTTP/1.1" 200 9956 "http://www.bogenriefstudios.com/" "Mozilla/5.0 (Macintosh; Intel Mac OS X 10_7_4) AppleWebKit/536.25 (KHTML, like Gecko) Version/6.0 Safari/536.25"
97.118.141.138 - - [13/Aug/2013:16:05:36 -0400] "GET /images/68.jpg HTTP/1.1" 200 11436 "http://www.bogenriefstudios.com/" "Mozilla/5.0 (Macintosh; Intel Mac OS X 10_7_4) AppleWebKit/536.25 (KHTML, like Gecko) Version/6.0 Safari/536.25"
97.118.141.138 - - [13/Aug/2013:16:05:37 -0400] "GET /images/205_025.JPG HTTP/1.1" 200 16394 "http://www.bogenriefstudios.com/" "Mozilla/5.0 (Macintosh; Intel Mac OS X 10_7_4) AppleWebKit/536.25 (KHTML, like Gecko) Version/6.0 Safari/536.25"
184.146.245.33 - - [13/Aug/2013:16:18:29 -0400] "GET /images/682_Sara.JPG HTTP/1.1" 200 161280 "http://entertainmentartandfashion.blogspot.ca/2011/02/stained-glass-panel.html" "Mozilla/5.0 (Windows NT 5.1) AppleWebKit/537.36 (KHTML, like Gecko) Chrome/27.0.1453.116 Safari/537.36"
74.78.11.193 - - [13/Aug/2013:16:39:35 -0400] "GET /images/314_Lauritzen_Gardens_42_.jpg HTTP/1.1" 200 31524 "-" "Google/2.5.1.13455 CFNetwork/609.1.4 Darwin/13.0.0"
66.249.75.119 - - [13/Aug/2013:13:55:12 -0400] "GET /robots.txt HTTP/1.1" 200 25 "-" "Mozilla/5.0 (compatible; Googlebot/2.1; +http://www.google.com/bot.html)"
182.68.202.178 - - [13/Aug/2013:04:37:09 -0400] "GET /images/ic_034_body_bg_wide.jpg HTTP/1.1" 200 90532 "http://www.bogenriefstudios.com/scripts/template.css" "Mozilla/5.0 (Windows; U; Windows NT 5.1; en-US; rv:1.9.2.19) Gecko/20110707 Firefox/3.6.19 GTB7.1 (.NET CLR 3.5.30729)"
99.90.21.32 - - [13/Aug/2013:00:44:00 -0400] "GET /scripts/print.css HTTP/1.1" 200 - "http://www.bogenriefstudios.com/home.html" "Mozilla/5.0 (compatible; MSIE 9.0; Windows NT 6.1; Trident/5.0)"
99.90.21.32 - - [13/Aug/2013:00:44:00 -0400] "GET /images/622_David_Siegel_s_Dome.jpg HTTP/1.1" 200 106576 "http://www.bogenriefstudios.com/home.html" "Mozilla/5.0 (compatible; MSIE 9.0; Windows NT 6.1; Trident/5.0)"
99.90.21.32 - - [13/Aug/2013:00:46:05 -0400] "GET /images/480_John_Gray_Ceiling.JPG HTTP/1.1" 200 50702 "http://www.bogenriefstudios.com/bogenriefgallery/stainedglasswindows.html" "Mozilla/5.0 (compatible; MSIE 9.0; Windows NT 6.1; Trident/5.0)"
99.90.21.32 - - [13/Aug/2013:00:46:06 -0400] "GET /images/480_new26.JPG HTTP/1.1" 200 63373 "http://www.bogenriefstudios.com/bogenriefgallery/stainedglasswindows.html" "Mozilla/5.0 (compatible; MSIE 9.0; Windows NT 6.1; Trident/5.0)"
99.90.21.32 - - [13/Aug/2013:00:46:06 -0400] "GET /images/479_tryptich2.JPG HTTP/1.1" 200 78502 "http://www.bogenriefstudios.com/bogenriefgallery/stainedglasswindows.html" "Mozilla/5.0 (compatible; MSIE 9.0; Windows NT 6.1; Trident/5.0)"
99.90.21.32 - - [13/Aug/2013:00:46:07 -0400] "GET /images/480_window_triangel.JPG HTTP/1.1" 200 28625 "http://www.bogenriefstudios.com/bogenriefgallery/stainedglasswindows.html" "Mozilla/5.0 (compatible; MSIE 9.0; Windows NT 6.1; Trident/5.0)"
99.90.21.32 - - [13/Aug/2013:00:46:07 -0400] "GET /images/480_web_site_9-edited.jpg HTTP/1.1" 200 37070 "http://www.bogenriefstudios.com/bogenriefgallery/stainedglasswindows.html" "Mozilla/5.0 (compatible; MSIE 9.0; Windows NT 6.1; Trident/5.0)"
99.90.21.32 - - [13/Aug/2013:00:46:07 -0400] "GET /images/386_SF_grapes_006.JPG HTTP/1.1" 200 61665 "http://www.bogenriefstudios.com/bogenriefgallery/stainedglasswindows.html" "Mozilla/5.0 (compatible; MSIE 9.0; Windows NT 6.1; Trident/5.0)"
99.90.21.32 - - [13/Aug/2013:00:46:07 -0400] "GET /images/480_window_circles.JPG HTTP/1.1" 200 25453 "http://www.bogenriefstudios.com/bogenriefgallery/stainedglasswindows.html" "Mozilla/5.0 (compatible; MSIE 9.0; Windows NT 6.1; Trident/5.0)"
99.90.21.32 - - [13/Aug/2013:00:46:08 -0400] "GET /images/480_029.JPG HTTP/1.1" 200 49894 "http://www.bogenriefstudios.com/bogenriefgallery/stainedglasswindows.html" "Mozilla/5.0 (compatible; MSIE 9.0; Windows NT 6.1; Trident/5.0)"
99.90.21.32 - - [13/Aug/2013:00:46:08 -0400] "GET /images/338_Combo_Windows_72_.jpg HTTP/1.1" 200 55530 "http://www.bogenriefstudios.com/bogenriefgallery/stainedglasswindows.html" "Mozilla/5.0 (compatible; MSIE 9.0; Windows NT 6.1; Trident/5.0)"
99.90.21.32 - - [13/Aug/2013:00:46:08 -0400] "GET /images/325_window_waterfall.JPG HTTP/1.1" 200 69321 "http://www.bogenriefstudios.com/bogenriefgallery/stainedglasswindows.html" "Mozilla/5.0 (compatible; MSIE 9.0; Windows NT 6.1; Trident/5.0)"
99.90.21.32 - - [13/Aug/2013:00:46:09 -0400] "GET /images/261_snowmass_1_PP.jpg HTTP/1.1" 200 40912 "http://www.bogenriefstudios.com/bogenriefgallery/stainedglasswindows.html" "Mozilla/5.0 (compatible; MSIE 9.0; Windows NT 6.1; Trident/5.0)"
99.90.21.32 - - [13/Aug/2013:00:46:09 -0400] "GET /images/184_007.JPG HTTP/1.1" 200 41714 "http://www.bogenriefstudios.com/bogenriefgallery/stainedglasswindows.html" "Mozilla/5.0 (compatible; MSIE 9.0; Windows NT 6.1; Trident/5.0)"
99.90.21.32 - - [13/Aug/2013:00:46:09 -0400] "GET /images/236_009.JPG HTTP/1.1" 200 26202 "http://www.bogenriefstudios.com/bogenriefgallery/stainedglasswindows.html" "Mozilla/5.0 (compatible; MSIE 9.0; Windows NT 6.1; Trident/5.0)"
99.90.21.32 - - [13/Aug/2013:00:46:09 -0400] "GET /images/184_DSC_0091.JPG HTTP/1.1" 200 30465 "http://www.bogenriefstudios.com/bogenriefgallery/stainedglasswindows.html" "Mozilla/5.0 (compatible; MSIE 9.0; Windows NT 6.1; Trident/5.0)"
99.90.21.32 - - [13/Aug/2013:00:46:09 -0400] "GET /images/323_lincoln,_NE_012.jpg HTTP/1.1" 200 56870 "http://www.bogenriefstudios.com/bogenriefgallery/stainedglasswindows.html" "Mozilla/5.0 (compatible; MSIE 9.0; Windows NT 6.1; Trident/5.0)"
99.90.21.32 - - [13/Aug/2013:00:46:09 -0400] "GET /images/218_Grout_Museum_veterans_memorial_wall.jpg HTTP/1.1" 200 7621 "http://www.bogenriefstudios.com/bogenriefgallery/stainedglasswindows.html" "Mozilla/5.0 (compatible; MSIE 9.0; Windows NT 6.1; Trident/5.0)"
99.90.21.32 - - [13/Aug/2013:00:46:09 -0400] "GET /images/217_John_Gray_Ceiling.JPG HTTP/1.1" 200 13176 "http://www.bogenriefstudios.com/bogenriefgallery/stainedglasswindows.html" "Mozilla/5.0 (compatible; MSIE 9.0; Windows NT 6.1; Trident/5.0)"
99.90.21.32 - - [13/Aug/2013:00:46:10 -0400] "GET /images/107_Ridiculous_Bevel.JPG HTTP/1.1" 200 9748 "http://www.bogenriefstudios.com/bogenriefgallery/stainedglasswindows.html" "Mozilla/5.0 (compatible; MSIE 9.0; Windows NT 6.1; Trident/5.0)"
99.90.21.32 - - [13/Aug/2013:00:46:10 -0400] "GET /images/218_new26.JPG HTTP/1.1" 200 17309 "http://www.bogenriefstudios.com/bogenriefgallery/stainedglasswindows.html" "Mozilla/5.0 (compatible; MSIE 9.0; Windows NT 6.1; Trident/5.0)"
99.90.21.32 - - [13/Aug/2013:00:46:10 -0400] "GET /images/145_window_rose_closeup.JPG HTTP/1.1" 200 14671 "http://www.bogenriefstudios.com/bogenriefgallery/stainedglasswindows.html" "Mozilla/5.0 (compatible; MSIE 9.0; Windows NT 6.1; Trident/5.0)"
99.90.21.32 - - [13/Aug/2013:00:46:10 -0400] "GET /images/218_web_site-edited.jpg HTTP/1.1" 200 20953 "http://www.bogenriefstudios.com/bogenriefgallery/stainedglasswindows.html" "Mozilla/5.0 (compatible; MSIE 9.0; Windows NT 6.1; Trident/5.0)"
99.90.21.32 - - [13/Aug/2013:00:46:10 -0400] "GET /images/145_DSC_0055.JPG HTTP/1.1" 200 10327 "http://www.bogenriefstudios.com/bogenriefgallery/stainedglasswindows.html" "Mozilla/5.0 (compatible; MSIE 9.0; Windows NT 6.1; Trident/5.0)"
99.90.21.32 - - [13/Aug/2013:00:46:10 -0400] "GET /images/218_window_oval.jpg HTTP/1.1" 200 12314 "http://www.bogenriefstudios.com/bogenriefgallery/stainedglasswindows.html" "Mozilla/5.0 (compatible; MSIE 9.0; Windows NT 6.1; Trident/5.0)"
99.90.21.32 - - [13/Aug/2013:00:46:10 -0400] "GET /images/175_SF_grapes_006.JPG HTTP/1.1" 200 15651 "http://www.bogenriefstudios.com/bogenriefgallery/stainedglasswindows.html" "Mozilla/5.0 (compatible; MSIE 9.0; Windows NT 6.1; Trident/5.0)"
99.90.21.32 - - [13/Aug/2013:00:46:10 -0400] "GET /images/218_mjbhome%20int%20sm%20scale.jpg HTTP/1.1" 404 575 "http://www.bogenriefstudios.com/bogenriefgallery/stainedglasswindows.html" "Mozilla/5.0 (compatible; MSIE 9.0; Windows NT 6.1; Trident/5.0)"
99.90.21.32 - - [13/Aug/2013:00:46:10 -0400] "GET /images/218_Omaha_show_011.JPG HTTP/1.1" 200 9328 "http://www.bogenriefstudios.com/bogenriefgallery/stainedglasswindows.html" "Mozilla/5.0 (compatible; MSIE 9.0; Windows NT 6.1; Trident/5.0)"
99.90.21.32 - - [13/Aug/2013:00:46:10 -0400] "GET /images/218_Omaha_show_004.JPG HTTP/1.1" 200 14321 "http://www.bogenriefstudios.com/bogenriefgallery/stainedglasswindows.html" "Mozilla/5.0 (compatible; MSIE 9.0; Windows NT 6.1; Trident/5.0)"
99.90.21.32 - - [13/Aug/2013:00:46:10 -0400] "GET /images/209_DSC_0087.JPG HTTP/1.1" 200 16100 "http://www.bogenriefstudios.com/bogenriefgallery/stainedglasswindows.html" "Mozilla/5.0 (compatible; MSIE 9.0; Windows NT 6.1; Trident/5.0)"
99.90.21.32 - - [13/Aug/2013:00:46:10 -0400] "GET /images/163_butterfly_window_-_mary_kay_peck_006.jpg HTTP/1.1" 200 9969 "http://www.bogenriefstudios.com/bogenriefgallery/stainedglasswindows.html" "Mozilla/5.0 (compatible; MSIE 9.0; Windows NT 6.1; Trident/5.0)"
99.90.21.32 - - [13/Aug/2013:00:46:10 -0400] "GET /images/107_web_site_7.JPG HTTP/1.1" 200 10289 "http://www.bogenriefstudios.com/bogenriefgallery/stainedglasswindows.html" "Mozilla/5.0 (compatible; MSIE 9.0; Windows NT 6.1; Trident/5.0)"
99.90.21.32 - - [13/Aug/2013:00:46:10 -0400] "GET /images/107_009.JPG HTTP/1.1" 200 8189 "http://www.bogenriefstudios.com/bogenriefgallery/stainedglasswindows.html" "Mozilla/5.0 (compatible; MSIE 9.0; Windows NT 6.1; Trident/5.0)"
99.90.21.32 - - [13/Aug/2013:00:46:11 -0400] "GET /images/147_lincoln,_NE_012.jpg HTTP/1.1" 200 14535 "http://www.bogenriefstudios.com/bogenriefgallery/stainedglasswindows.html" "Mozilla/5.0 (compatible; MSIE 9.0; Windows NT 6.1; Trident/5.0)"
99.90.21.32 - - [13/Aug/2013:00:46:11 -0400] "GET /images/696_Grout_Museum_veterans_memorial_wall.jpg HTTP/1.1" 200 61793 "http://www.bogenriefstudios.com/bogenriefgallery/stainedglasswindows.html" "Mozilla/5.0 (compatible; MSIE 9.0; Windows NT 6.1; Trident/5.0)"
99.38.161.97 - - [13/Aug/2013:01:24:07 -0400] "GET /images/682_blue_white_chandelier_-_installed-edited.jpg HTTP/1.1" 200 79065 "https://www.google.com/" "Mozilla/5.0 (iPhone; CPU iPhone OS 6_1_3 like Mac OS X) AppleWebKit/536.26 (KHTML, like Gecko) Version/6.0 Mobile/10B329 Safari/8536.25"
99.67.18.105 - - [13/Aug/2013:02:40:47 -0400] "GET /images/682_blue_white_chandelier_-_installed-edited.jpg HTTP/1.1" 200 79065 "-" "Mozilla/5.0 (iPad; CPU OS 6_1_3 like Mac OS X) AppleWebKit/536.26 (KHTML, like Gecko) Version/6.0 Mobile/10B329 Safari/8536.25"
97.118.141.138 - - [13/Aug/2013:10:18:15 -0400] "GET /scripts/template.css HTTP/1.1" 200 9956 "http://www.bogenriefstudios.com/" "Mozilla/5.0 (Macintosh; Intel Mac OS X 10_7_4) AppleWebKit/536.25 (KHTML, like Gecko) Version/6.0 Safari/536.25"
97.118.141.138 - - [13/Aug/2013:10:18:17 -0400] "GET /images/68.jpg HTTP/1.1" 200 11436 "http://www.bogenriefstudios.com/" "Mozilla/5.0 (Macintosh; Intel Mac OS X 10_7_4) AppleWebKit/536.25 (KHTML, like Gecko) Version/6.0 Safari/536.25"
86.178.91.138 - - [13/Aug/2013:11:52:07 -0400] "GET /images/404_12x12%20sm%20scale.jpg HTTP/1.1" 200 64273 "-" "Mozilla/4.0 (compatible; MSIE 7.0; Windows NT 6.1; WOW64; Trident/6.0; SLCC2; .NET CLR 2.0.50727; .NET CLR 3.5.30729; .NET CLR 3.0.30729; Media Center PC 6.0; HPNTDF; .NET4.0C; InfoPath.2)"
204.73.55.10 - - [13/Aug/2013:11:55:26 -0400] "GET /scripts/photoalbum.js HTTP/1.1" 200 62481 "http://www.bogenriefstudios.com/studios.html" "Mozilla/4.0 (compatible; MSIE 8.0; Windows NT 5.1; Trident/4.0; .NET CLR 1.1.4322; .NET CLR 2.0.50727; .NET CLR 3.0.4506.2152; .NET CLR 3.5.30729; .NET4.0C; .NET4.0E; InfoPath.3)"
204.73.55.10 - - [13/Aug/2013:11:55:28 -0400] "GET /images/273_Blown_Glass_052_-_modified.jpg HTTP/1.1" 200 21982 "http://www.bogenriefstudios.com/studios.html" "Mozilla/4.0 (compatible; MSIE 8.0; Windows NT 5.1; Trident/4.0; .NET CLR 1.1.4322; .NET CLR 2.0.50727; .NET CLR 3.0.4506.2152; .NET CLR 3.5.30729; .NET4.0C; .NET4.0E; InfoPath.3)"
204.73.55.10 - - [13/Aug/2013:11:55:28 -0400] "GET /images/188_blue_seperate.jpg HTTP/1.1" 200 14499 "http://www.bogenriefstudios.com/studios.html" "Mozilla/4.0 (compatible; MSIE 8.0; Windows NT 5.1; Trident/4.0; .NET CLR 1.1.4322; .NET CLR 2.0.50727; .NET CLR 3.0.4506.2152; .NET CLR 3.5.30729; .NET4.0C; .NET4.0E; InfoPath.3)"
204.73.55.10 - - [13/Aug/2013:11:55:28 -0400] "GET /images/188_orange_-_seperate.jpg HTTP/1.1" 200 16735 "http://www.bogenriefstudios.com/studios.html" "Mozilla/4.0 (compatible; MSIE 8.0; Windows NT 5.1; Trident/4.0; .NET CLR 1.1.4322; .NET CLR 2.0.50727; .NET CLR 3.0.4506.2152; .NET CLR 3.5.30729; .NET4.0C; .NET4.0E; InfoPath.3)"
74.42.116.226 - - [13/Aug/2013:18:20:11 -0400] "GET /images/236_009.JPG HTTP/1.1" 200 26202 "http://www.bogenriefstudios.com/bogenriefgallery/stainedglasswindows.html" "Mozilla/5.0 (Windows NT 6.0; rv:22.0) Gecko/20100101 Firefox/22.0 AlexaToolbar/amznf-3.0.20121129"
74.42.116.226 - - [13/Aug/2013:18:20:12 -0400] "GET /images/168_window_grapevines.JPG HTTP/1.1" 200 28858 "http://www.bogenriefstudios.com/bogenriefgallery/stainedglasswindows.html" "Mozilla/5.0 (Windows NT 6.0; rv:22.0) Gecko/20100101 Firefox/22.0 AlexaToolbar/amznf-3.0.20121129"
74.42.116.226 - - [13/Aug/2013:18:20:15 -0400] "GET /images/107_Ridiculous_Bevel.JPG HTTP/1.1" 200 9748 "http://www.bogenriefstudios.com/bogenriefgallery/stainedglasswindows.html" "Mozilla/5.0 (Windows NT 6.0; rv:22.0) Gecko/20100101 Firefox/22.0 AlexaToolbar/amznf-3.0.20121129"
74.42.116.226 - - [13/Aug/2013:18:20:15 -0400] "GET /images/145_new22.JPG HTTP/1.1" 200 14916 "http://www.bogenriefstudios.com/bogenriefgallery/stainedglasswindows.html" "Mozilla/5.0 (Windows NT 6.0; rv:22.0) Gecko/20100101 Firefox/22.0 AlexaToolbar/amznf-3.0.20121129"
74.42.116.226 - - [13/Aug/2013:18:20:17 -0400] "GET /images/217_window_triangel.JPG HTTP/1.1" 200 7722 "http://www.bogenriefstudios.com/bogenriefgallery/stainedglasswindows.html" "Mozilla/5.0 (Windows NT 6.0; rv:22.0) Gecko/20100101 Firefox/22.0 AlexaToolbar/amznf-3.0.20121129"
74.42.116.226 - - [13/Aug/2013:18:20:17 -0400] "GET /images/218_web_site_1-edited.jpg HTTP/1.1" 200 15464 "http://www.bogenriefstudios.com/bogenriefgallery/stainedglasswindows.html" "Mozilla/5.0 (Windows NT 6.0; rv:22.0) Gecko/20100101 Firefox/22.0 AlexaToolbar/amznf-3.0.20121129"
74.42.116.226 - - [13/Aug/2013:18:20:17 -0400] "GET /images/218_window_dolphins.JPG HTTP/1.1" 200 20022 "http://www.bogenriefstudios.com/bogenriefgallery/stainedglasswindows.html" "Mozilla/5.0 (Windows NT 6.0; rv:22.0) Gecko/20100101 Firefox/22.0 AlexaToolbar/amznf-3.0.20121129"
74.42.116.226 - - [13/Aug/2013:18:20:18 -0400] "GET /images/218_window_sun_and_moon.JPG HTTP/1.1" 200 5081 "http://www.bogenriefstudios.com/bogenriefgallery/stainedglasswindows.html" "Mozilla/5.0 (Windows NT 6.0; rv:22.0) Gecko/20100101 Firefox/22.0 AlexaToolbar/amznf-3.0.20121129"
74.42.116.226 - - [13/Aug/2013:18:20:19 -0400] "GET /images/163_butterfly_window_-_mary_kay_peck_006.jpg HTTP/1.1" 200 9969 "http://www.bogenriefstudios.com/bogenriefgallery/stainedglasswindows.html" "Mozilla/5.0 (Windows NT 6.0; rv:22.0) Gecko/20100101 Firefox/22.0 AlexaToolbar/amznf-3.0.20121129"
74.42.116.226 - - [13/Aug/2013:18:20:19 -0400] "GET /images/83_007.JPG HTTP/1.1" 200 8971 "http://www.bogenriefstudios.com/bogenriefgallery/stainedglasswindows.html" "Mozilla/5.0 (Windows NT 6.0; rv:22.0) Gecko/20100101 Firefox/22.0 AlexaToolbar/amznf-3.0.20121129"
74.42.116.226 - - [13/Aug/2013:18:20:21 -0400] "GET /images/145_DSC_0317.JPG HTTP/1.1" 200 7737 "http://www.bogenriefstudios.com/bogenriefgallery/stainedglasswindows.html" "Mozilla/5.0 (Windows NT 6.0; rv:22.0) Gecko/20100101 Firefox/22.0 AlexaToolbar/amznf-3.0.20121129"
74.42.116.226 - - [13/Aug/2013:18:20:22 -0400] "GET /images/479_003.JPG HTTP/1.1" 200 38085 "http://www.bogenriefstudios.com/bogenriefgallery/stainedglasswindows.html" "Mozilla/5.0 (Windows NT 6.0; rv:22.0) Gecko/20100101 Firefox/22.0 AlexaToolbar/amznf-3.0.20121129"
217.212.231.65 - - [13/Aug/2013:20:10:35 -0400] "GET /onlinestore.html HTTP/1.1" 200 202 "http://www.bogenriefstudios.com/bogenriefgallery.html" "Opera/9.80 (Android; Opera Mini/7.5.32199/30.3643; U; ru) Presto/2.8.119 Version/11.10"
66.249.72.165 - - [13/Aug/2013:20:55:02 -0400] "GET /images/163_Detail_with_greenery_red_flowers.jpg HTTP/1.1" 304 - "-" "Googlebot-Image/1.0"
97.81.43.217 - - [13/Aug/2013:21:16:29 -0400] "GET /images/photoalbum/photo_controlBG.jpg HTTP/1.1" 200 336 "http://www.bogenriefstudios.com/bogenriefgallery/blownfusedglass.html" "Mozilla/5.0 (compatible; MSIE 10.0; Windows NT 6.1; WOW64; Trident/6.0)"
208.54.40.217 - - [13/Aug/2013:14:01:12 -0400] "GET /images/682_blue_white_chandelier_-_installed-edited.jpg HTTP/1.1" 200 79065 "https://www.google.com/" "Mozilla/5.0 (iPhone; CPU iPhone OS 6_1_4 like Mac OS X) AppleWebKit/536.26 (KHTML, like Gecko) Version/6.0 Mobile/10B350 Safari/8536.25"
46.118.126.194 - - [13/Aug/2013:14:52:24 -0400] "GET /home.html HTTP/1.1" 200 27081 "http://seoprodvig.ru/" "Mozilla/4.0 (compatible; MSIE 6.0; Windows NT 5.1; Deepnet Explorer 1.5.0; .NET CLR 1.0.3705)"
97.118.141.138 - - [13/Aug/2013:14:59:42 -0400] "GET /images/682_post_card.JPG HTTP/1.1" 200 133316 "http://www.bogenriefstudios.com/" "Mozilla/5.0 (Macintosh; Intel Mac OS X 10_7_4) AppleWebKit/536.25 (KHTML, like Gecko) Version/6.0 Safari/536.25"
173.238.162.225 - - [13/Aug/2013:18:18:14 -0400] "GET /images/682_Detail_with_greenery_red_flowers.jpg HTTP/1.1" 200 168414 "-" "Dalvik/1.6.0 (Linux; U; Android 4.1.2; SGH-I747M Build/JZO54K)"
74.42.116.226 - - [13/Aug/2013:18:19:54 -0400] "GET /images/480_John_Gray_Ceiling.JPG HTTP/1.1" 200 50702 "http://www.bogenriefstudios.com/bogenriefgallery/stainedglasswindows.html" "Mozilla/5.0 (Windows NT 6.0; rv:22.0) Gecko/20100101 Firefox/22.0 AlexaToolbar/amznf-3.0.20121129"
74.42.116.226 - - [13/Aug/2013:18:19:56 -0400] "GET /images/301_new24.JPG HTTP/1.1" 200 60158 "http://www.bogenriefstudios.com/bogenriefgallery/stainedglasswindows.html" "Mozilla/5.0 (Windows NT 6.0; rv:22.0) Gecko/20100101 Firefox/22.0 AlexaToolbar/amznf-3.0.20121129"
74.42.116.226 - - [13/Aug/2013:18:19:59 -0400] "GET /images/425_Omaha_show_039.JPG HTTP/1.1" 200 77420 "http://www.bogenriefstudios.com/bogenriefgallery/stainedglasswindows.html" "Mozilla/5.0 (Windows NT 6.0; rv:22.0) Gecko/20100101 Firefox/22.0 AlexaToolbar/amznf-3.0.20121129"
74.42.116.226 - - [13/Aug/2013:18:20:02 -0400] "GET /images/480_web_site_9-edited.jpg HTTP/1.1" 200 37070 "http://www.bogenriefstudios.com/bogenriefgallery/stainedglasswindows.html" "Mozilla/5.0 (Windows NT 6.0; rv:22.0) Gecko/20100101 Firefox/22.0 AlexaToolbar/amznf-3.0.20121129"
74.42.116.226 - - [13/Aug/2013:18:20:04 -0400] "GET /images/480_window_great_gatsby.jpg HTTP/1.1" 200 89004 "http://www.bogenriefstudios.com/bogenriefgallery/stainedglasswindows.html" "Mozilla/5.0 (Windows NT 6.0; rv:22.0) Gecko/20100101 Firefox/22.0 AlexaToolbar/amznf-3.0.20121129"
74.42.116.226 - - [13/Aug/2013:18:20:19 -0400] "GET /images/120_P1010026.JPG HTTP/1.1" 200 13590 "http://www.bogenriefstudios.com/bogenriefgallery/stainedglasswindows.html" "Mozilla/5.0 (Windows NT 6.0; rv:22.0) Gecko/20100101 Firefox/22.0 AlexaToolbar/amznf-3.0.20121129"
74.42.116.226 - - [13/Aug/2013:18:20:23 -0400] "GET /images/480_web_site_8.JPG HTTP/1.1" 200 34006 "http://www.bogenriefstudios.com/bogenriefgallery/stainedglasswindows.html" "Mozilla/5.0 (Windows NT 6.0; rv:22.0) Gecko/20100101 Firefox/22.0 AlexaToolbar/amznf-3.0.20121129"
74.42.116.226 - - [13/Aug/2013:18:25:56 -0400] "GET /images/696_web_site_1-edited.jpg HTTP/1.1" 200 103405 "http://www.bogenriefstudios.com/bogenriefgallery/stainedglasswindows.html" "Mozilla/5.0 (Windows NT 6.0; rv:22.0) Gecko/20100101 Firefox/22.0 AlexaToolbar/amznf-3.0.20121129"
64.134.34.70 - - [13/Aug/2013:19:16:17 -0400] "GET /images/314_Lauritzen_Gardens_42_.jpg HTTP/1.1" 200 31524 "-" "Mozilla/5.0 (iPad; CPU OS 6_1_3 like Mac OS X) AppleWebKit/536.26 (KHTML, like Gecko) Version/6.0 Mobile/10B329 Safari/8536.25"
97.87.167.38 - - [13/Aug/2013:20:20:13 -0400] "GET /images/682_blue_white_chandelier_-_installed-edited.jpg HTTP/1.1" 200 79065 "http://www.bing.com/images/search?q=Blown+Glass&Form=IRTRRL" "Mozilla/5.0 (compatible; MSIE 9.0; Windows NT 6.0; Trident/5.0; yie8)"
82.0.237.115 - - [13/Aug/2013:10:07:37 -0400] "GET /scripts/website.css HTTP/1.1" 200 1646 "http://www.bogenriefstudios.com/home.html" "Mozilla/5.0 (Windows NT 6.0) AppleWebKit/537.36 (KHTML, like Gecko) Chrome/28.0.1500.95 Safari/537.36"
82.0.237.115 - - [13/Aug/2013:10:07:37 -0400] "GET /scripts/photoalbum.js HTTP/1.1" 200 62481 "http://www.bogenriefstudios.com/home.html" "Mozilla/5.0 (Windows NT 6.0) AppleWebKit/537.36 (KHTML, like Gecko) Chrome/28.0.1500.95 Safari/537.36"
82.0.237.115 - - [13/Aug/2013:10:07:38 -0400] "GET /images/622_David_Siegel_s_Dome.jpg HTTP/1.1" 200 106576 "http://www.bogenriefstudios.com/home.html" "Mozilla/5.0 (Windows NT 6.0) AppleWebKit/537.36 (KHTML, like Gecko) Chrome/28.0.1500.95 Safari/537.36"
82.0.237.115 - - [13/Aug/2013:10:07:38 -0400] "GET /images/321_rocklin_-_green_circle.jpg HTTP/1.1" 200 71393 "http://www.bogenriefstudios.com/home.html" "Mozilla/5.0 (Windows NT 6.0) AppleWebKit/537.36 (KHTML, like Gecko) Chrome/28.0.1500.95 Safari/537.36"
82.0.237.115 - - [13/Aug/2013:10:07:40 -0400] "GET /favicon.ico HTTP/1.1" 404 575 "-" "Mozilla/5.0 (Windows NT 6.0) AppleWebKit/537.36 (KHTML, like Gecko) Chrome/28.0.1500.95 Safari/537.36"
97.118.141.138 - - [13/Aug/2013:10:18:15 -0400] "GET /scripts/13custom.css HTTP/1.1" 200 2827 "http://www.bogenriefstudios.com/" "Mozilla/5.0 (Macintosh; Intel Mac OS X 10_7_4) AppleWebKit/536.25 (KHTML, like Gecko) Version/6.0 Safari/536.25"
97.118.141.138 - - [13/Aug/2013:10:18:17 -0400] "GET /images/198_052_2_.JPG HTTP/1.1" 200 7649 "http://www.bogenriefstudios.com/" "Mozilla/5.0 (Macintosh; Intel Mac OS X 10_7_4) AppleWebKit/536.25 (KHTML, like Gecko) Version/6.0 Safari/536.25"
