68.93.192.165 - - [13/Aug/2013:21:25:32 -0400] "GET /images/196_Blown_Glass_121_-_cropped.jpg HTTP/1.1" 200 6268 "http://www.bogenriefstudios.com/studios.html" "Mozilla/5.0 (iPhone; CPU iPhone OS 6_1_3 like Mac OS X) AppleWebKit/536.26 (KHTML, like Gecko) Version/6.0 Mobile/10B329 Safari/8536.25"
68.93.192.165 - - [13/Aug/2013:21:25:33 -0400] "GET /images/188_perfume_bottles.jpg HTTP/1.1" 200 8362 "http://www.bogenriefstudios.com/studios.html" "Mozilla/5.0 (iPhone; CPU iPhone OS 6_1_3 like Mac OS X) AppleWebKit/536.26 (KHTML, like Gecko) Version/6.0 Mobile/10B329 Safari/8536.25"
100.1.117.85 - - [13/Aug/2013:21:46:18 -0400] "GET /images/682_Daydream_001.jpg HTTP/1.1" 200 215855 "https://www.google.com/" "Mozilla/5.0 (iPhone; CPU iPhone OS 6_1_4 like Mac OS X) AppleWebKit/536.26 (KHTML, like Gecko) CriOS/28.0.1500.16 Mobile/10B350 Safari/8536.25"
199.30.20.53 - - [13/Aug/2013:23:00:24 -0400] "GET /robots.txt HTTP/1.1" 200 25 "-" "msnbot-media/1.1 (+http://search.msn.com/msnbot.htm)"
99.90.21.32 - - [13/Aug/2013:00:44:00 -0400] "GET /scripts/1custom.css HTTP/1.1" 200 2496 "http://www.bogenriefstudios.com/home.html" "Mozilla/5.0 (compatible; MSIE 9.0; Windows NT 6.1; Trident/5.0)"
99.90.21.32 - - [13/Aug/2013:00:44:00 -0400] "GET /scripts/template.css HTTP/1.1" 200 9956 "http://www.bogenriefstudios.com/home.html" "Mozilla/5.0 (compatible; MSIE 9.0; Windows NT 6.1; Trident/5.0)"
99.90.21.32 - - [13/Aug/2013:00:44:00 -0400] "GET /images/342_elephant-completed.jpg HTTP/1.1" 200 67866 "http://www.bogenriefstudios.com/home.html" "Mozilla/5.0 (compatible; MSIE 9.0; Windows NT 6.1; Trident/5.0)"
66.249.84.231 - - [13/Aug/2013:01:12:27 -0400] "GET / HTTP/1.1" 200 13883 "-" "Mozilla/5.0 (Windows NT 6.1; rv:6.0) Gecko/20110814 Firefox/6.0 Google (+https://developers.google.com/+/web/snippet/)"
5.63.151.189 - - [13/Aug/2013:01:53:26 -0400] "HEAD / HTTP/1.1" 200 - "-" "checks.panopta.com"
66.249.80.211 - - [13/Aug/2013:02:27:12 -0400] "GET /images/682_blue_white_chandelier_-_installed-edited.jpg HTTP/1.1" 200 79065 "http://biologyblockb.blogspot.com/2011/04/jenny-riebesells-blog-glass-blowing.html" "Mozilla/5.0 (X11; Linux x86_64) AppleWebKit/537.4 (KHTML, like Gecko; Google Web Preview) Chrome/22.0.1229 Safari/537.4"
70.209.14.179 - - [13/Aug/2013:14:00:54 -0400] "GET /images/682_Detail_with_right_facing_parrot.jpg HTTP/1.1" 200 91003 "http://www.google.com/search?tbm=isch&sa=1&ei=C6oJUrmvCrWy4AOTi4HQAg&q=blown+glass+parrot&oq=blown+glass+parrot&gs_l=img.1.0.0i24.71235.98721.0.100740.59.36.12.5.7.2.650.7152.3j4j6j5j6j1.25.0....0...1c.1.24.img..33.26.4537.aT4S1N0Ql2A&biw=320&bih=546&sei=GCEKUsucKOSVygHMg4GYDA" "Mozilla/5.0 (Linux; U; Android 4.1.2; en-us; SCH-i705 Build/JZO54K) AppleWebKit/534.30 (KHTML, like Gecko) Version/4.0 Safari/534.30"
157.56.229.244 - - [13/Aug/2013:14:52:46 -0400] "GET /robots.txt HTTP/1.1" 200 25 "-" "Mozilla/5.0 (compatible; bingbot/2.0; +http://www.bing.com/bingbot.htm)"
83.6.187.35 - - [13/Aug/2013:14:57:37 -0400] "GET /images/696_blue_white_chandelier_-_installed-edited.jpg HTTP/1.1" 200 80559 "-" "Mozilla/5.0 (iPad; CPU OS 6_1 like Mac OS X) AppleWebKit/536.26 (KHTML, like Gecko) Version/6.0 Mobile/10B141 Safari/8536.25"
97.81.43.217 - - [13/Aug/2013:21:16:13 -0400] "GET /scripts/photoalbum.js HTTP/1.1" 200 62481 "http://www.bogenriefstudios.com/pricing.html" "Mozilla/5.0 (compatible; MSIE 10.0; Windows NT 6.1; WOW64; Trident/6.0)"
97.81.43.217 - - [13/Aug/2013:21:16:13 -0400] "GET /images/68.jpg HTTP/1.1" 200 11436 "http://www.bogenriefstudios.com/pricing.html" "Mozilla/5.0 (compatible; MSIE 10.0; Windows NT 6.1; WOW64; Trident/6.0)"
97.81.43.217 - - [13/Aug/2013:21:17:57 -0400] "GET /images/162_LADY_Daydreamer_Lady_1.jpg HTTP/1.1" 200 19155 "http://www.bogenriefstudios.com/bogenriefgallery/ladiesofbogenrief.html" "Mozilla/5.0 (compatible; MSIE 10.0; Windows NT 6.1; WOW64; Trident/6.0)"
74.42.116.226 - - [13/Aug/2013:18:18:57 -0400] "GET /bogenriefgallery.html HTTP/1.1" 200 13883 "http://www.bogenriefstudios.com/" "Mozilla/5.0 (Windows NT 6.0; rv:22.0) Gecko/20100101 Firefox/22.0 AlexaToolbar/amznf-3.0.20121129"
74.42.116.226 - - [13/Aug/2013:18:20:04 -0400] "GET /images/480_mjbhome%20int%20sm%20scale.jpg HTTP/1.1" 404 575 "http://www.bogenriefstudios.com/bogenriefgallery/stainedglasswindows.html" "Mozilla/5.0 (Windows NT 6.0; rv:22.0) Gecko/20100101 Firefox/22.0 AlexaToolbar/amznf-3.0.20121129"
74.42.116.226 - - [13/Aug/2013:18:20:04 -0400] "GET /images/480_DSC_0100.JPG HTTP/1.1" 200 30362 "http://www.bogenriefstudios.com/bogenriefgallery/stainedglasswindows.html" "Mozilla/5.0 (Windows NT 6.0; rv:22.0) Gecko/20100101 Firefox/22.0 AlexaToolbar/amznf-3.0.20121129"
74.42.116.226 - - [13/Aug/2013:18:20:06 -0400] "GET /images/336_DSC_0090.JPG HTTP/1.1" 200 64563 "http://www.bogenriefstudios.com/bogenriefgallery/stainedglasswindows.html" "Mozilla/5.0 (Windows NT 6.0; rv:22.0) Gecko/20100101 Firefox/22.0 AlexaToolbar/amznf-3.0.20121129"
74.42.116.226 - - [13/Aug/2013:18:20:08 -0400] "GET /images/325_window_waterfall.JPG HTTP/1.1" 200 69321 "http://www.bogenriefstudios.com/bogenriefgallery/stainedglasswindows.html" "Mozilla/5.0 (Windows NT 6.0; rv:22.0) Gecko/20100101 Firefox/22.0 AlexaToolbar/amznf-3.0.20121129"
74.42.116.226 - - [13/Aug/2013:18:20:11 -0400] "GET /images/431_P1010130.JPG HTTP/1.1" 200 72434 "http://www.bogenriefstudios.com/bogenriefgallery/stainedglasswindows.html" "Mozilla/5.0 (Windows NT 6.0; rv:22.0) Gecko/20100101 Firefox/22.0 AlexaToolbar/amznf-3.0.20121129"
217.212.231.65 - - [13/Aug/2013:20:07:44 -0400] "GET /images/198_023.JPG HTTP/1.1" 200 9799 "http://www.bogenriefstudios.com/" "Opera/9.80 (Android; Opera Mini/7.5.32199/30.3643; U; ru) Presto/2.8.119 Version/11.10"
217.212.231.65 - - [13/Aug/2013:20:10:14 -0400] "GET /scripts/print.css HTTP/1.1" 200 - "http://www.bogenriefstudios.com/bogenriefgallery.html" "Opera/9.80 (Android; Opera Mini/7.5.32199/30.3643; U; ru) Presto/2.8.119 Version/11.10"
188.168.215.59 - - [13/Aug/2013:10:54:43 -0400] "GET /images/photoalbum/button_photoPlay.jpg HTTP/1.1" 200 613 "http://www.bogenriefstudios.com/bogenriefgallery/stainedglasswindows.html" "Mozilla/5.0 (Windows NT 6.1; WOW64) AppleWebKit/537.22 (KHTML, like Gecko) Chrome/25.0.1364.172 YaBrowser/1.7.1364.17262 Safari/537.22"
188.168.215.59 - - [13/Aug/2013:10:54:43 -0400] "GET /images/photoalbum/button_photoSpeed1_ON.jpg HTTP/1.1" 200 476 "http://www.bogenriefstudios.com/bogenriefgallery/stainedglasswindows.html" "Mozilla/5.0 (Windows NT 6.1; WOW64) AppleWebKit/537.22 (KHTML, like Gecko) Chrome/25.0.1364.172 YaBrowser/1.7.1364.17262 Safari/537.22"
188.168.215.59 - - [13/Aug/2013:10:54:43 -0400] "GET /images/696_Grout_Museum_veterans_memorial_wall.jpg HTTP/1.1" 200 61793 "http://www.bogenriefstudios.com/bogenriefgallery/stainedglasswindows.html" "Mozilla/5.0 (Windows NT 6.1; WOW64) AppleWebKit/537.22 (KHTML, like Gecko) Chrome/25.0.1364.172 YaBrowser/1.7.1364.17262 Safari/537.22"
188.168.215.59 - - [13/Aug/2013:10:54:44 -0400] "GET /images/335_Bevel_Window8.JPG HTTP/1.1" 200 76961 "http://www.bogenriefstudios.com/bogenriefgallery/stainedglasswindows.html" "Mozilla/5.0 (Windows NT 6.1; WOW64) AppleWebKit/537.22 (KHTML, like Gecko) Chrome/25.0.1364.172 YaBrowser/1.7.1364.17262 Safari/537.22"
188.168.215.59 - - [13/Aug/2013:10:54:44 -0400] "GET /images/235_Ridiculous_Bevel.JPG HTTP/1.1" 200 41428 "http://www.bogenriefstudios.com/bogenriefgallery/stainedglasswindows.html" "Mozilla/5.0 (Windows NT 6.1; WOW64) AppleWebKit/537.22 (KHTML, like Gecko) Chrome/25.0.1364.172 YaBrowser/1.7.1364.17262 Safari/537.22"
188.168.215.59 - - [13/Aug/2013:10:54:45 -0400] "GET /images/127_window_rose_vase.JPG HTTP/1.1" 200 10401 "http://www.bogenriefstudios.com/bogenriefgallery/stainedglasswindows.html" "Mozilla/5.0 (Windows NT 6.1; WOW64) AppleWebKit/537.22 (KHTML, like Gecko) Chrome/25.0.1364.172 YaBrowser/1.7.1364.17262 Safari/537.22"
188.168.215.59 - - [13/Aug/2013:10:54:45 -0400] "GET /images/436_new24.JPG HTTP/1.1" 200 114165 "http://www.bogenriefstudios.com/bogenriefgallery/stainedglasswindows.html" "Mozilla/5.0 (Windows NT 6.1; WOW64) AppleWebKit/537.22 (KHTML, like Gecko) Chrome/25.0.1364.172 YaBrowser/1.7.1364.17262 Safari/537.22"
188.168.215.59 - - [13/Aug/2013:10:54:45 -0400] "GET /images/480_new26.JPG HTTP/1.1" 200 63373 "http://www.bogenriefstudios.com/bogenriefgallery/stainedglasswindows.html" "Mozilla/5.0 (Windows NT 6.1; WOW64) AppleWebKit/537.22 (KHTML, like Gecko) Chrome/25.0.1364.172 YaBrowser/1.7.1364.17262 Safari/537.22"
188.168.215.59 - - [13/Aug/2013:10:54:45 -0400] "GET /images/460_window_rose.JPG HTTP/1.1" 200 115261 "http://www.bogenriefstudios.com/bogenriefgallery/stainedglasswindows.html" "Mozilla/5.0 (Windows NT 6.1; WOW64) AppleWebKit/537.22 (KHTML, like Gecko) Chrome/25.0.1364.172 YaBrowser/1.7.1364.17262 Safari/537.22"
188.168.215.59 - - [13/Aug/2013:10:55:07 -0400] "GET /images/253_nugget_window.JPG HTTP/1.1" 200 47276 "http://www.bogenriefstudios.com/bogenriefgallery/stainedglasswindows.html" "Mozilla/5.0 (Windows NT 6.1; WOW64) AppleWebKit/537.22 (KHTML, like Gecko) Chrome/25.0.1364.172 YaBrowser/1.7.1364.17262 Safari/537.22"
188.168.215.59 - - [13/Aug/2013:10:56:06 -0400] "GET /bogenriefgallery/ceilingsdomes.html HTTP/1.1" 200 17476 "http://www.bogenriefstudios.com/" "Mozilla/5.0 (Windows NT 6.1; WOW64) AppleWebKit/537.22 (KHTML, like Gecko) Chrome/25.0.1364.172 YaBrowser/1.7.1364.17262 Safari/537.22"
188.168.215.59 - - [13/Aug/2013:10:56:08 -0400] "GET /images/218_Lattice_Clematis_Flower_Dome.JPG HTTP/1.1" 200 8191 "http://www.bogenriefstudios.com/bogenriefgallery/ceilingsdomes.html" "Mozilla/5.0 (Windows NT 6.1; WOW64) AppleWebKit/537.22 (KHTML, like Gecko) Chrome/25.0.1364.172 YaBrowser/1.7.1364.17262 Safari/537.22"
188.168.215.59 - - [13/Aug/2013:10:56:09 -0400] "GET /images/480_David_Siegel_Dome.jpg HTTP/1.1" 200 69687 "http://www.bogenriefstudios.com/bogenriefgallery/ceilingsdomes.html" "Mozilla/5.0 (Windows NT 6.1; WOW64) AppleWebKit/537.22 (KHTML, like Gecko) Chrome/25.0.1364.172 YaBrowser/1.7.1364.17262 Safari/537.22"
188.168.215.59 - - [13/Aug/2013:11:01:04 -0400] "GET /scripts/5custom.css HTTP/1.1" 200 1820 "http://www.bogenriefstudios.com/studiolocations.html" "Mozilla/5.0 (Windows NT 6.1; WOW64) AppleWebKit/537.22 (KHTML, like Gecko) Chrome/25.0.1364.172 YaBrowser/1.7.1364.17262 Safari/537.22"
178.5.76.8 - - [13/Aug/2013:11:13:59 -0400] "GET /images/682_Daydream_001.jpg HTTP/1.1" 200 215855 "http://www.forocartagena.com/t57-modernismo-objetos-mobiliario-pintura" "Mozilla/5.0 (Windows NT 6.0; WOW64; rv:22.0) Gecko/20100101 Firefox/22.0"
199.30.20.63 - - [13/Aug/2013:15:37:13 -0400] "GET /robots.txt HTTP/1.1" 200 25 "-" "msnbot-media/1.1 (+http://search.msn.com/msnbot.htm)"
192.94.94.106 - - [13/Aug/2013:15:57:40 -0400] "GET /images/267_LADY_Flower_Lady_4.jpg HTTP/1.1" 200 64806 "http://www.bogenriefstudios.com/bogenriefgallery/ladiesofbogenrief.html" "Mozilla/4.0 (compatible; MSIE 8.0; Windows NT 6.1; WOW64; Trident/4.0; GTB7.5; SLCC2; .NET CLR 2.0.50727; .NET CLR 3.5.30729; .NET CLR 3.0.30729; Media Center PC 6.0)"
192.94.94.106 - - [13/Aug/2013:15:58:12 -0400] "GET /images/696_LADY_closeup.JPG HTTP/1.1" 200 101032 "http://www.bogenriefstudios.com/bogenriefgallery/ladiesofbogenrief.html" "Mozilla/4.0 (compatible; MSIE 8.0; Windows NT 6.1; WOW64; Trident/4.0; GTB7.5; SLCC2; .NET CLR 2.0.50727; .NET CLR 3.5.30729; .NET CLR 3.0.30729; Media Center PC 6.0)"
71.165.217.192 - - [13/Aug/2013:07:27:09 -0400] "GET /scripts/ic_globals_published.js HTTP/1.1" 200 566 "http://www.bogenriefstudios.com/home.html" "Mozilla/5.0 (iPad; CPU OS 6_1_3 like Mac OS X) AppleWebKit/536.26 (KHTML, like Gecko) Version/6.0 Mobile/10B329 Safari/8536.25"
71.165.217.192 - - [13/Aug/2013:07:27:09 -0400] "GET /scripts/1custom.css HTTP/1.1" 200 2496 "http://www.bogenriefstudios.com/home.html" "Mozilla/5.0 (iPad; CPU OS 6_1_3 like Mac OS X) AppleWebKit/536.26 (KHTML, like Gecko) Version/6.0 Mobile/10B329 Safari/8536.25"
71.165.217.192 - - [13/Aug/2013:07:27:09 -0400] "GET /scripts/icwebsiteelement.css HTTP/1.1" 200 8132 "http://www.bogenriefstudios.com/home.html" "Mozilla/5.0 (iPad; CPU OS 6_1_3 like Mac OS X) AppleWebKit/536.26 (KHTML, like Gecko) Version/6.0 Mobile/10B329 Safari/8536.25"
71.165.217.192 - - [13/Aug/2013:07:27:09 -0400] "GET /images/314_Lauritzen_Gardens_33_-_modified.jpg HTTP/1.1" 200 44364 "http://www.bogenriefstudios.com/home.html" "Mozilla/5.0 (iPad; CPU OS 6_1_3 like Mac OS X) AppleWebKit/536.26 (KHTML, like Gecko) Version/6.0 Mobile/10B329 Safari/8536.25"
71.165.217.192 - - [13/Aug/2013:07:27:10 -0400] "GET /images/100_Detail_with_fronds.jpg HTTP/1.1" 200 5397 "http://www.bogenriefstudios.com/home.html" "Mozilla/5.0 (iPad; CPU OS 6_1_3 like Mac OS X) AppleWebKit/536.26 (KHTML, like Gecko) Version/6.0 Mobile/10B329 Safari/8536.25"
71.165.217.192 - - [13/Aug/2013:07:27:10 -0400] "GET /images/392_P1010004-edited.jpg HTTP/1.1" 200 71852 "http://www.bogenriefstudios.com/home.html" "Mozilla/5.0 (iPad; CPU OS 6_1_3 like Mac OS X) AppleWebKit/536.26 (KHTML, like Gecko) Version/6.0 Mobile/10B329 Safari/8536.25"
71.165.217.192 - - [13/Aug/2013:07:27:11 -0400] "GET /images/321_rocklin_-_green_circle.jpg HTTP/1.1" 200 71393 "http://www.bogenriefstudios.com/home.html" "Mozilla/5.0 (iPad; CPU OS 6_1_3 like Mac OS X) AppleWebKit/536.26 (KHTML, like Gecko) Version/6.0 Mobile/10B329 Safari/8536.25"
71.165.217.192 - - [13/Aug/2013:07:27:14 -0400] "GET /images/68.jpg HTTP/1.1" 200 11436 "http://www.bogenriefstudios.com/home.html" "Mozilla/5.0 (iPad; CPU OS 6_1_3 like Mac OS X) AppleWebKit/536.26 (KHTML, like Gecko) Version/6.0 Mobile/10B329 Safari/8536.25"
71.165.217.192 - - [13/Aug/2013:07:27:14 -0400] "GET /scripts/print.css HTTP/1.1" 200 - "http://www.bogenriefstudios.com/home.html" "Mozilla/5.0 (iPad; CPU OS 6_1_3 like Mac OS X) AppleWebKit/536.26 (KHTML, like Gecko) Version/6.0 Mobile/10B329 Safari/8536.25"
174.22.124.94 - - [13/Aug/2013:03:05:08 -0400] "GET /scripts/photoalbum.js HTTP/1.1" 200 62481 "http://www.bogenriefstudios.com/" "Mozilla/5.0 (Windows NT 6.1; WOW64; rv:16.0) Gecko/20100101 Firefox/16.0"
174.22.124.94 - - [13/Aug/2013:03:05:09 -0400] "GET /images/321_David_s_dome_002.JPG HTTP/1.1" 200 23041 "http://www.bogenriefstudios.com/" "Mozilla/5.0 (Windows NT 6.1; WOW64; rv:16.0) Gecko/20100101 Firefox/16.0"
174.22.124.94 - - [13/Aug/2013:03:05:10 -0400] "GET /images/ic_034_body_bg_wide.jpg HTTP/1.1" 200 90532 "http://www.bogenriefstudios.com/scripts/template.css" "Mozilla/5.0 (Windows NT 6.1; WOW64; rv:16.0) Gecko/20100101 Firefox/16.0"
5.63.151.189 - - [13/Aug/2013:03:08:54 -0400] "HEAD / HTTP/1.1" 200 - "-" "checks.panopta.com"
5.63.151.189 - - [13/Aug/2013:05:40:45 -0400] "HEAD / HTTP/1.1" 200 - "-" "checks.panopta.com"
63.71.120.26 - - [13/Aug/2013:12:35:49 -0400] "GET /scripts/template.css HTTP/1.1" 200 9956 "http://www.bogenriefstudios.com/" "Mozilla/5.0 (compatible; MSIE 10.0; Windows NT 6.1; WOW64; Trident/6.0)"
63.71.120.26 - - [13/Aug/2013:12:35:50 -0400] "GET /images/198_door_019.JPG HTTP/1.1" 200 8796 "http://www.bogenriefstudios.com/" "Mozilla/5.0 (compatible; MSIE 10.0; Windows NT 6.1; WOW64; Trident/6.0)"
63.71.120.26 - - [13/Aug/2013:12:35:50 -0400] "GET /images/198_dome_008.JPG HTTP/1.1" 200 8321 "http://www.bogenriefstudios.com/" "Mozilla/5.0 (compatible; MSIE 10.0; Windows NT 6.1; WOW64; Trident/6.0)"
5.63.151.189 - - [13/Aug/2013:12:58:41 -0400] "HEAD / HTTP/1.1" 200 - "-" "checks.panopta.com"
65.55.217.252 - - [13/Aug/2013:13:27:11 -0400] "GET /images/682_blue_white_chandelier_-_installed-edited.jpg HTTP/1.1" 200 79065 "http://ochandelier.net/glass-chandelier-pieces/" "Mozilla/5.0 (Windows NT 6.1; WOW64) AppleWebKit/534+ (KHTML, like Gecko) BingPreview/1.0b"
74.42.116.226 - - [13/Aug/2013:18:24:27 -0400] "GET /images/341_Ridiculous_Bevel.JPG HTTP/1.1" 206 22761 "http://www.bogenriefstudios.com/bogenriefgallery/stainedglasswindows.html" "Mozilla/5.0 (Windows NT 6.0; rv:22.0) Gecko/20100101 Firefox/22.0 AlexaToolbar/amznf-3.0.20121129"
74.42.116.226 - - [13/Aug/2013:18:24:30 -0400] "GET /images/436_new24.JPG HTTP/1.1" 200 114165 "http://www.bogenriefstudios.com/bogenriefgallery/stainedglasswindows.html" "Mozilla/5.0 (Windows NT 6.0; rv:22.0) Gecko/20100101 Firefox/22.0 AlexaToolbar/amznf-3.0.20121129"
82.0.237.115 - - [13/Aug/2013:10:07:37 -0400] "GET /scripts/ic_globals_published.js HTTP/1.1" 200 566 "http://www.bogenriefstudios.com/home.html" "Mozilla/5.0 (Windows NT 6.0) AppleWebKit/537.36 (KHTML, like Gecko) Chrome/28.0.1500.95 Safari/537.36"
82.0.237.115 - - [13/Aug/2013:10:07:38 -0400] "GET /images/100_Elephant_detail.JPG HTTP/1.1" 200 8715 "http://www.bogenriefstudios.com/home.html" "Mozilla/5.0 (Windows NT 6.0) AppleWebKit/537.36 (KHTML, like Gecko) Chrome/28.0.1500.95 Safari/537.36"
82.0.237.115 - - [13/Aug/2013:10:07:38 -0400] "GET /images/68.jpg HTTP/1.1" 200 11436 "http://www.bogenriefstudios.com/home.html" "Mozilla/5.0 (Windows NT 6.0) AppleWebKit/537.36 (KHTML, like Gecko) Chrome/28.0.1500.95 Safari/537.36"
82.0.237.115 - - [13/Aug/2013:10:07:38 -0400] "GET /images/321_P1010005.JPG HTTP/1.1" 200 60353 "http://www.bogenriefstudios.com/home.html" "Mozilla/5.0 (Windows NT 6.0) AppleWebKit/537.36 (KHTML, like Gecko) Chrome/28.0.1500.95 Safari/537.36"
188.168.215.59 - - [13/Aug/2013:10:54:43 -0400] "GET /scripts/website.css HTTP/1.1" 200 1646 "http://www.bogenriefstudios.com/bogenriefgallery/stainedglasswindows.html" "Mozilla/5.0 (Windows NT 6.1; WOW64) AppleWebKit/537.22 (KHTML, like Gecko) Chrome/25.0.1364.172 YaBrowser/1.7.1364.17262 Safari/537.22"
188.168.215.59 - - [13/Aug/2013:10:54:43 -0400] "GET /images/68.jpg HTTP/1.1" 200 11436 "http://www.bogenriefstudios.com/bogenriefgallery/stainedglasswindows.html" "Mozilla/5.0 (Windows NT 6.1; WOW64) AppleWebKit/537.22 (KHTML, like Gecko) Chrome/25.0.1364.172 YaBrowser/1.7.1364.17262 Safari/537.22"
188.168.215.59 - - [13/Aug/2013:10:54:43 -0400] "GET /images/photoalbum/button_photoSpeed5.jpg HTTP/1.1" 200 502 "http://www.bogenriefstudios.com/bogenriefgallery/stainedglasswindows.html" "Mozilla/5.0 (Windows NT 6.1; WOW64) AppleWebKit/537.22 (KHTML, like Gecko) Chrome/25.0.1364.172 YaBrowser/1.7.1364.17262 Safari/537.22"
188.168.215.59 - - [13/Aug/2013:10:54:44 -0400] "GET /images/480_Grout_Museum_veterans_memorial_wall_edited_.jpg HTTP/1.1" 200 39409 "http://www.bogenriefstudios.com/bogenriefgallery/stainedglasswindows.html" "Mozilla/5.0 (Windows NT 6.1; WOW64) AppleWebKit/537.22 (KHTML, like Gecko) Chrome/25.0.1364.172 YaBrowser/1.7.1364.17262 Safari/537.22"
188.168.215.59 - - [13/Aug/2013:10:54:44 -0400] "GET /images/480_John_Gray_Ceiling.JPG HTTP/1.1" 200 50702 "http://www.bogenriefstudios.com/bogenriefgallery/stainedglasswindows.html" "Mozilla/5.0 (Windows NT 6.1; WOW64) AppleWebKit/537.22 (KHTML, like Gecko) Chrome/25.0.1364.172 YaBrowser/1.7.1364.17262 Safari/537.22"
188.168.215.59 - - [13/Aug/2013:10:54:44 -0400] "GET /images/231_Bevel_Window8.JPG HTTP/1.1" 200 40472 "http://www.bogenriefstudios.com/bogenriefgallery/stainedglasswindows.html" "Mozilla/5.0 (Windows NT 6.1; WOW64) AppleWebKit/537.22 (KHTML, like Gecko) Chrome/25.0.1364.172 YaBrowser/1.7.1364.17262 Safari/537.22"
188.168.215.59 - - [13/Aug/2013:10:54:44 -0400] "GET /images/107_Ridiculous_Bevel.JPG HTTP/1.1" 200 9748 "http://www.bogenriefstudios.com/bogenriefgallery/stainedglasswindows.html" "Mozilla/5.0 (Windows NT 6.1; WOW64) AppleWebKit/537.22 (KHTML, like Gecko) Chrome/25.0.1364.172 YaBrowser/1.7.1364.17262 Safari/537.22"
188.168.215.59 - - [13/Aug/2013:10:54:45 -0400] "GET /images/406_window_rose_vase.JPG HTTP/1.1" 200 79114 "http://www.bogenriefstudios.com/bogenriefgallery/stainedglasswindows.html" "Mozilla/5.0 (Windows NT 6.1; WOW64) AppleWebKit/537.22 (KHTML, like Gecko) Chrome/25.0.1364.172 YaBrowser/1.7.1364.17262 Safari/537.22"
188.168.215.59 - - [13/Aug/2013:10:54:45 -0400] "GET /images/301_new24.JPG HTTP/1.1" 200 60158 "http://www.bogenriefstudios.com/bogenriefgallery/stainedglasswindows.html" "Mozilla/5.0 (Windows NT 6.1; WOW64) AppleWebKit/537.22 (KHTML, like Gecko) Chrome/25.0.1364.172 YaBrowser/1.7.1364.17262 Safari/537.22"
188.168.215.59 - - [13/Aug/2013:10:54:45 -0400] "GET /images/218_new26.JPG HTTP/1.1" 200 17309 "http://www.bogenriefstudios.com/bogenriefgallery/stainedglasswindows.html" "Mozilla/5.0 (Windows NT 6.1; WOW64) AppleWebKit/537.22 (KHTML, like Gecko) Chrome/25.0.1364.172 YaBrowser/1.7.1364.17262 Safari/537.22"
188.168.215.59 - - [13/Aug/2013:10:54:47 -0400] "GET /images/480_lincoln,_NE_011.jpg HTTP/1.1" 200 59105 "http://www.bogenriefstudios.com/bogenriefgallery/stainedglasswindows.html" "Mozilla/5.0 (Windows NT 6.1; WOW64) AppleWebKit/537.22 (KHTML, like Gecko) Chrome/25.0.1364.172 YaBrowser/1.7.1364.17262 Safari/537.22"
188.168.215.59 - - [13/Aug/2013:10:54:49 -0400] "GET /images/218_tryptich2.JPG HTTP/1.1" 200 19916 "http://www.bogenriefstudios.com/bogenriefgallery/stainedglasswindows.html" "Mozilla/5.0 (Windows NT 6.1; WOW64) AppleWebKit/537.22 (KHTML, like Gecko) Chrome/25.0.1364.172 YaBrowser/1.7.1364.17262 Safari/537.22"
188.168.215.59 - - [13/Aug/2013:10:54:49 -0400] "GET /images/479_tryptich2.JPG HTTP/1.1" 200 78502 "http://www.bogenriefstudios.com/bogenriefgallery/stainedglasswindows.html" "Mozilla/5.0 (Windows NT 6.1; WOW64) AppleWebKit/537.22 (KHTML, like Gecko) Chrome/25.0.1364.172 YaBrowser/1.7.1364.17262 Safari/537.22"
188.168.215.59 - - [13/Aug/2013:10:54:51 -0400] "GET /images/480_window_triangel.JPG HTTP/1.1" 200 28625 "http://www.bogenriefstudios.com/bogenriefgallery/stainedglasswindows.html" "Mozilla/5.0 (Windows NT 6.1; WOW64) AppleWebKit/537.22 (KHTML, like Gecko) Chrome/25.0.1364.172 YaBrowser/1.7.1364.17262 Safari/537.22"
188.168.215.59 - - [13/Aug/2013:10:54:53 -0400] "GET /images/218_000_0031.JPG HTTP/1.1" 200 16332 "http://www.bogenriefstudios.com/bogenriefgallery/stainedglasswindows.html" "Mozilla/5.0 (Windows NT 6.1; WOW64) AppleWebKit/537.22 (KHTML, like Gecko) Chrome/25.0.1364.172 YaBrowser/1.7.1364.17262 Safari/537.22"
188.168.215.59 - - [13/Aug/2013:10:54:54 -0400] "GET /images/559_SF_grapes_006.JPG HTTP/1.1" 200 111660 "http://www.bogenriefstudios.com/bogenriefgallery/stainedglasswindows.html" "Mozilla/5.0 (Windows NT 6.1; WOW64) AppleWebKit/537.22 (KHTML, like Gecko) Chrome/25.0.1364.172 YaBrowser/1.7.1364.17262 Safari/537.22"
188.168.215.59 - - [13/Aug/2013:10:54:55 -0400] "GET /images/218_window_dolphins.JPG HTTP/1.1" 200 20022 "http://www.bogenriefstudios.com/bogenriefgallery/stainedglasswindows.html" "Mozilla/5.0 (Windows NT 6.1; WOW64) AppleWebKit/537.22 (KHTML, like Gecko) Chrome/25.0.1364.172 YaBrowser/1.7.1364.17262 Safari/537.22"
188.168.215.59 - - [13/Aug/2013:10:54:56 -0400] "GET /images/218_mjbhome%20int%20sm%20scale.jpg HTTP/1.1" 404 575 "http://www.bogenriefstudios.com/bogenriefgallery/stainedglasswindows.html" "Mozilla/5.0 (Windows NT 6.1; WOW64) AppleWebKit/537.22 (KHTML, like Gecko) Chrome/25.0.1364.172 YaBrowser/1.7.1364.17262 Safari/537.22"
188.168.215.59 - - [13/Aug/2013:10:54:56 -0400] "GET /images/696_window_circles.JPG HTTP/1.1" 200 44032 "http://www.bogenriefstudios.com/bogenriefgallery/stainedglasswindows.html" "Mozilla/5.0 (Windows NT 6.1; WOW64) AppleWebKit/537.22 (KHTML, like Gecko) Chrome/25.0.1364.172 YaBrowser/1.7.1364.17262 Safari/537.22"
188.168.215.59 - - [13/Aug/2013:10:54:57 -0400] "GET /images/480_window_sun_and_moon.JPG HTTP/1.1" 200 18561 "http://www.bogenriefstudios.com/bogenriefgallery/stainedglasswindows.html" "Mozilla/5.0 (Windows NT 6.1; WOW64) AppleWebKit/537.22 (KHTML, like Gecko) Chrome/25.0.1364.172 YaBrowser/1.7.1364.17262 Safari/537.22"
188.168.215.59 - - [13/Aug/2013:10:54:57 -0400] "GET /images/480_Omaha_show_011.JPG HTTP/1.1" 200 38785 "http://www.bogenriefstudios.com/bogenriefgallery/stainedglasswindows.html" "Mozilla/5.0 (Windows NT 6.1; WOW64) AppleWebKit/537.22 (KHTML, like Gecko) Chrome/25.0.1364.172 YaBrowser/1.7.1364.17262 Safari/537.22"
188.168.215.59 - - [13/Aug/2013:10:54:57 -0400] "GET /images/696_003.JPG HTTP/1.1" 200 69629 "http://www.bogenriefstudios.com/bogenriefgallery/stainedglasswindows.html" "Mozilla/5.0 (Windows NT 6.1; WOW64) AppleWebKit/537.22 (KHTML, like Gecko) Chrome/25.0.1364.172 YaBrowser/1.7.1364.17262 Safari/537.22"
188.168.215.59 - - [13/Aug/2013:10:54:58 -0400] "GET /images/480_071.JPG HTTP/1.1" 200 43447 "http://www.bogenriefstudios.com/bogenriefgallery/stainedglasswindows.html" "Mozilla/5.0 (Windows NT 6.1; WOW64) AppleWebKit/537.22 (KHTML, like Gecko) Chrome/25.0.1364.172 YaBrowser/1.7.1364.17262 Safari/537.22"
188.168.215.59 - - [13/Aug/2013:10:54:59 -0400] "GET /images/338_Combo_Windows_72_.jpg HTTP/1.1" 200 55530 "http://www.bogenriefstudios.com/bogenriefgallery/stainedglasswindows.html" "Mozilla/5.0 (Windows NT 6.1; WOW64) AppleWebKit/537.22 (KHTML, like Gecko) Chrome/25.0.1364.172 YaBrowser/1.7.1364.17262 Safari/537.22"
188.168.215.59 - - [13/Aug/2013:10:55:01 -0400] "GET /images/347_Bevel_Window3.jpg HTTP/1.1" 200 102292 "http://www.bogenriefstudios.com/bogenriefgallery/stainedglasswindows.html" "Mozilla/5.0 (Windows NT 6.1; WOW64) AppleWebKit/537.22 (KHTML, like Gecko) Chrome/25.0.1364.172 YaBrowser/1.7.1364.17262 Safari/537.22"
188.168.215.59 - - [13/Aug/2013:10:56:07 -0400] "GET /images/218_Water_Lily_Dome.JPG HTTP/1.1" 200 17262 "http://www.bogenriefstudios.com/bogenriefgallery/ceilingsdomes.html" "Mozilla/5.0 (Windows NT 6.1; WOW64) AppleWebKit/537.22 (KHTML, like Gecko) Chrome/25.0.1364.172 YaBrowser/1.7.1364.17262 Safari/537.22"
188.168.215.59 - - [13/Aug/2013:10:56:07 -0400] "GET /images/696_Lattice_Clematis_Flower_Dome.JPG HTTP/1.1" 200 58143 "http://www.bogenriefstudios.com/bogenriefgallery/ceilingsdomes.html" "Mozilla/5.0 (Windows NT 6.1; WOW64) AppleWebKit/537.22 (KHTML, like Gecko) Chrome/25.0.1364.172 YaBrowser/1.7.1364.17262 Safari/537.22"
188.168.215.59 - - [13/Aug/2013:10:56:09 -0400] "GET /images/218_David_Siegel_Dome.jpg HTTP/1.1" 200 14842 "http://www.bogenriefstudios.com/bogenriefgallery/ceilingsdomes.html" "Mozilla/5.0 (Windows NT 6.1; WOW64) AppleWebKit/537.22 (KHTML, like Gecko) Chrome/25.0.1364.172 YaBrowser/1.7.1364.17262 Safari/537.22"
188.168.215.59 - - [13/Aug/2013:10:56:09 -0400] "GET /images/682_David_Siegel_s_Dome.jpg HTTP/1.1" 200 130582 "http://www.bogenriefstudios.com/bogenriefgallery/ceilingsdomes.html" "Mozilla/5.0 (Windows NT 6.1; WOW64) AppleWebKit/537.22 (KHTML, like Gecko) Chrome/25.0.1364.172 YaBrowser/1.7.1364.17262 Safari/537.22"
188.168.215.59 - - [13/Aug/2013:10:56:10 -0400] "GET /images/198_JDome2.jpg HTTP/1.1" 200 18865 "http://www.bogenriefstudios.com/bogenriefgallery/ceilingsdomes.html" "Mozilla/5.0 (Windows NT 6.1; WOW64) AppleWebKit/537.22 (KHTML, like Gecko) Chrome/25.0.1364.172 YaBrowser/1.7.1364.17262 Safari/537.22"
188.168.215.59 - - [13/Aug/2013:10:56:10 -0400] "GET /images/696_for_sale_5_008.JPG HTTP/1.1" 200 53373 "http://www.bogenriefstudios.com/bogenriefgallery/ceilingsdomes.html" "Mozilla/5.0 (Windows NT 6.1; WOW64) AppleWebKit/537.22 (KHTML, like Gecko) Chrome/25.0.1364.172 YaBrowser/1.7.1364.17262 Safari/537.22"
188.168.215.59 - - [13/Aug/2013:10:56:11 -0400] "GET /images/692_atlanta_dome_1.JPG HTTP/1.1" 200 154660 "http://www.bogenriefstudios.com/bogenriefgallery/ceilingsdomes.html" "Mozilla/5.0 (Windows NT 6.1; WOW64) AppleWebKit/537.22 (KHTML, like Gecko) Chrome/25.0.1364.172 YaBrowser/1.7.1364.17262 Safari/537.22"
188.168.215.59 - - [13/Aug/2013:10:56:12 -0400] "GET /images/696_atlanta_dome_3.JPG HTTP/1.1" 200 88199 "http://www.bogenriefstudios.com/bogenriefgallery/ceilingsdomes.html" "Mozilla/5.0 (Windows NT 6.1; WOW64) AppleWebKit/537.22 (KHTML, like Gecko) Chrome/25.0.1364.172 YaBrowser/1.7.1364.17262 Safari/537.22"
188.168.215.59 - - [13/Aug/2013:10:56:12 -0400] "GET /images/480_ceilings_4_.jpg HTTP/1.1" 200 46528 "http://www.bogenriefstudios.com/bogenriefgallery/ceilingsdomes.html" "Mozilla/5.0 (Windows NT 6.1; WOW64) AppleWebKit/537.22 (KHTML, like Gecko) Chrome/25.0.1364.172 YaBrowser/1.7.1364.17262 Safari/537.22"
188.168.215.59 - - [13/Aug/2013:10:56:13 -0400] "GET /images/218_Ceiling_-_Lauritzen_Gardens_030_-_cropped.jpg HTTP/1.1" 200 13271 "http://www.bogenriefstudios.com/bogenriefgallery/ceilingsdomes.html" "Mozilla/5.0 (Windows NT 6.1; WOW64) AppleWebKit/537.22 (KHTML, like Gecko) Chrome/25.0.1364.172 YaBrowser/1.7.1364.17262 Safari/537.22"
188.168.215.59 - - [13/Aug/2013:10:56:13 -0400] "GET /images/218_Dome10.jpg HTTP/1.1" 200 10522 "http://www.bogenriefstudios.com/bogenriefgallery/ceilingsdomes.html" "Mozilla/5.0 (Windows NT 6.1; WOW64) AppleWebKit/537.22 (KHTML, like Gecko) Chrome/25.0.1364.172 YaBrowser/1.7.1364.17262 Safari/537.22"
188.168.215.59 - - [13/Aug/2013:10:56:13 -0400] "GET /images/561_Dome7.jpg HTTP/1.1" 200 72410 "http://www.bogenriefstudios.com/bogenriefgallery/ceilingsdomes.html" "Mozilla/5.0 (Windows NT 6.1; WOW64) AppleWebKit/537.22 (KHTML, like Gecko) Chrome/25.0.1364.172 YaBrowser/1.7.1364.17262 Safari/537.22"
188.168.215.59 - - [13/Aug/2013:10:56:13 -0400] "GET /images/218_Dome8.jpg HTTP/1.1" 200 11541 "http://www.bogenriefstudios.com/bogenriefgallery/ceilingsdomes.html" "Mozilla/5.0 (Windows NT 6.1; WOW64) AppleWebKit/537.22 (KHTML, like Gecko) Chrome/25.0.1364.172 YaBrowser/1.7.1364.17262 Safari/537.22"
188.168.215.59 - - [13/Aug/2013:10:56:14 -0400] "GET /images/696_Dome9.jpg HTTP/1.1" 200 87543 "http://www.bogenriefstudios.com/bogenriefgallery/ceilingsdomes.html" "Mozilla/5.0 (Windows NT 6.1; WOW64) AppleWebKit/537.22 (KHTML, like Gecko) Chrome/25.0.1364.172 YaBrowser/1.7.1364.17262 Safari/537.22"
188.168.215.59 - - [13/Aug/2013:10:56:14 -0400] "GET /images/359_Dome_-_hangers_004.jpg HTTP/1.1" 200 34412 "http://www.bogenriefstudios.com/bogenriefgallery/ceilingsdomes.html" "Mozilla/5.0 (Windows NT 6.1; WOW64) AppleWebKit/537.22 (KHTML, like Gecko) Chrome/25.0.1364.172 YaBrowser/1.7.1364.17262 Safari/537.22"
188.168.215.59 - - [13/Aug/2013:10:56:14 -0400] "GET /images/218_SUTH0088.jpg HTTP/1.1" 200 10170 "http://www.bogenriefstudios.com/bogenriefgallery/ceilingsdomes.html" "Mozilla/5.0 (Windows NT 6.1; WOW64) AppleWebKit/537.22 (KHTML, like Gecko) Chrome/25.0.1364.172 YaBrowser/1.7.1364.17262 Safari/537.22"
188.168.215.59 - - [13/Aug/2013:10:56:14 -0400] "GET /images/218_atlanta_dome_2.JPG HTTP/1.1" 200 7854 "http://www.bogenriefstudios.com/bogenriefgallery/ceilingsdomes.html" "Mozilla/5.0 (Windows NT 6.1; WOW64) AppleWebKit/537.22 (KHTML, like Gecko) Chrome/25.0.1364.172 YaBrowser/1.7.1364.17262 Safari/537.22"
178.5.76.8 - - [13/Aug/2013:11:14:01 -0400] "GET /images/682_Daydream_001.jpg HTTP/1.1" 200 215855 "http://www.forocartagena.com/t57-modernismo-objetos-mobiliario-pintura" "Mozilla/5.0 (Windows NT 6.0; WOW64; rv:22.0) Gecko/20100101 Firefox/22.0"
99.28.94.36 - - [13/Aug/2013:06:04:07 -0400] "GET /images/682_blue_white_chandelier_-_installed-edited.jpg HTTP/1.1" 200 79065 "http://www.dogpile.com/info.dogpl.t10.5/search/images?fcoid=417&fcop=bottomnav&fpid=2&q=%22blown+glass+%22&ql=" "Mozilla/5.0 (compatible; MSIE 10.0; AOL 9.7; AOLBuild 4343.1028; Windows NT 6.1; WOW64; Trident/6.0)"
109.120.137.68 - - [13/Aug/2013:08:19:34 -0400] "GET / HTTP/1.1" 200 13883 "http://asupro.com/gps-gsm/rfid/rfid-business-applications.html" "Mozilla/3.0 (X11; U; Linux 2.4.2-2 i586; en-US; m18) Gecko/20010131 Netscape6/6.01"
79.143.190.141 - - [13/Aug/2013:05:10:11 -0400] "HEAD / HTTP/1.1" 200 - "-" "checks.panopta.com"
199.30.20.63 - - [13/Aug/2013:15:37:13 -0400] "GET /images/photoalbum/button_photoSpeed2_ON.jpg HTTP/1.1" 200 492 "-" "msnbot-media/1.1 (+http://search.msn.com/msnbot.htm)"
192.94.94.106 - - [13/Aug/2013:15:57:32 -0400] "GET /images/99_LADY_Ladies_in_a_home_2.JPG HTTP/1.1" 200 8591 "http://www.bogenriefstudios.com/bogenriefgallery/ladiesofbogenrief.html" "Mozilla/4.0 (compatible; MSIE 8.0; Windows NT 6.1; WOW64; Trident/4.0; GTB7.5; SLCC2; .NET CLR 2.0.50727; .NET CLR 3.5.30729; .NET CLR 3.0.30729; Media Center PC 6.0)"
97.118.141.138 - - [13/Aug/2013:16:05:34 -0400] "GET /scripts/website.css HTTP/1.1" 200 1646 "http://www.bogenriefstudios.com/" "Mozilla/5.0 (Macintosh; Intel Mac OS X 10_7_4) AppleWebKit/536.25 (KHTML, like Gecko) Version/6.0 Safari/536.25"
97.118.141.138 - - [13/Aug/2013:16:05:34 -0400] "GET /scripts/photoalbum.js HTTP/1.1" 200 62481 "http://www.bogenriefstudios.com/" "Mozilla/5.0 (Macintosh; Intel Mac OS X 10_7_4) AppleWebKit/536.25 (KHTML, like Gecko) Version/6.0 Safari/536.25"
97.118.141.138 - - [13/Aug/2013:16:05:36 -0400] "GET /images/682_post_card.JPG HTTP/1.1" 200 133316 "http://www.bogenriefstudios.com/" "Mozilla/5.0 (Macintosh; Intel Mac OS X 10_7_4) AppleWebKit/536.25 (KHTML, like Gecko) Version/6.0 Safari/536.25"
65.55.215.79 - - [13/Aug/2013:21:10:20 -0400] "GET /images/682_Detail_with_left_facing_parrot.JPG HTTP/1.1" 200 110874 "-" "msnbot-media/1.1 (+http://search.msn.com/msnbot.htm)"
97.81.43.217 - - [13/Aug/2013:21:16:13 -0400] "GET /scripts/user.js HTTP/1.1" 200 23762 "http://www.bogenriefstudios.com/pricing.html" "Mozilla/5.0 (compatible; MSIE 10.0; Windows NT 6.1; WOW64; Trident/6.0)"
97.81.43.217 - - [13/Aug/2013:21:16:13 -0400] "GET /images/314_lincoln,_NE_012.jpg HTTP/1.1" 200 60871 "http://www.bogenriefstudios.com/pricing.html" "Mozilla/5.0 (compatible; MSIE 10.0; Windows NT 6.1; WOW64; Trident/6.0)"
97.81.43.217 - - [13/Aug/2013:21:16:15 -0400] "GET /favicon.ico HTTP/1.1" 404 575 "-" "Mozilla/5.0 (compatible; MSIE 10.0; Windows NT 6.1; Win64; x64; Trident/6.0)"
97.81.43.217 - - [13/Aug/2013:21:16:31 -0400] "GET /favicon.ico HTTP/1.1" 404 575 "-" "Mozilla/5.0 (compatible; MSIE 10.0; Windows NT 6.1; Win64; x64; Trident/6.0)"
68.93.192.165 - - [13/Aug/2013:21:25:39 -0400] "GET /scripts/print.css HTTP/1.1" 200 - "http://www.bogenriefstudios.com/studios.html" "Mozilla/5.0 (iPhone; CPU iPhone OS 6_1_3 like Mac OS X) AppleWebKit/536.26 (KHTML, like Gecko) Version/6.0 Mobile/10B329 Safari/8536.25"
180.76.5.163 - - [13/Aug/2013:22:55:37 -0400] "GET / HTTP/1.1" 304 - "-" "Mozilla/5.0 (compatible; Baiduspider/2.0; +http://www.baidu.com/search/spider.html)"
157.55.35.38 - - [13/Aug/2013:23:40:36 -0400] "GET / HTTP/1.1" 200 13883 "-" "Mozilla/5.0 (compatible; bingbot/2.0; +http://www.bing.com/bingbot.htm)"
66.249.75.119 - - [13/Aug/2013:02:11:52 -0400] "GET /scripts/13custom.css HTTP/1.1" 200 2827 "-" "Mozilla/5.0 (compatible; Googlebot/2.1; +http://www.google.com/bot.html)"
204.63.248.215 - - [13/Aug/2013:12:09:05 -0400] "GET /images/273_Blown_Glass_052_-_modified.jpg HTTP/1.1" 200 21982 "http://ca.search.yahoo.com/search;_ylt=A0geu8P8WQpSM0kApazrFAx.?p=blow%20glass%20pictures&fr2=sb-top&fr=yfp-t-715&rd=r1" "Mozilla/5.0 (compatible; MSIE 10.0; Windows NT 6.1; WOW64; Trident/6.0)"
5.63.151.189 - - [13/Aug/2013:13:13:43 -0400] "HEAD / HTTP/1.1" 200 - "-" "checks.panopta.com"
5.63.151.189 - - [13/Aug/2013:13:44:02 -0400] "HEAD / HTTP/1.1" 200 - "-" "checks.panopta.com"
74.42.116.226 - - [13/Aug/2013:18:25:16 -0400] "GET /images/696_Q_of_P_comp_3a.JPG HTTP/1.1" 200 76912 "http://www.bogenriefstudios.com/bogenriefgallery/stainedglasswindows.html" "Mozilla/5.0 (Windows NT 6.0; rv:22.0) Gecko/20100101 Firefox/22.0 AlexaToolbar/amznf-3.0.20121129"
199.30.16.47 - - [13/Aug/2013:20:48:56 -0400] "GET /images/565_Four_Seasons_-_Autumn_002.jpg HTTP/1.1" 200 198260 "-" "msnbot-media/1.1 (+http://search.msn.com/msnbot.htm)"
71.197.161.254 - - [13/Aug/2013:20:58:16 -0400] "GET /images/188_perfume_bottles.jpg HTTP/1.1" 200 8362 "-" "Mozilla/5.0 (Windows NT 6.2; WOW64; rv:22.0) Gecko/20100101 Firefox/22.0"
188.168.215.59 - - [13/Aug/2013:10:54:21 -0400] "GET /images/198_052_2_.JPG HTTP/1.1" 200 7649 "http://www.bogenriefstudios.com/" "Mozilla/5.0 (Windows NT 6.1; WOW64) AppleWebKit/537.22 (KHTML, like Gecko) Chrome/25.0.1364.172 YaBrowser/1.7.1364.17262 Safari/537.22"
188.168.215.59 - - [13/Aug/2013:10:57:11 -0400] "GET /images/photoalbum/button_photoPlay_ON.jpg HTTP/1.1" 200 612 "http://www.bogenriefstudios.com/bogenriefgallery/ceilingsdomes.html" "Mozilla/5.0 (Windows NT 6.1; WOW64) AppleWebKit/537.22 (KHTML, like Gecko) Chrome/25.0.1364.172 YaBrowser/1.7.1364.17262 Safari/537.22"
204.73.55.10 - - [13/Aug/2013:11:55:26 -0400] "GET /scripts/template.css HTTP/1.1" 200 9956 "http://www.bogenriefstudios.com/studios.html" "Mozilla/4.0 (compatible; MSIE 8.0; Windows NT 5.1; Trident/4.0; .NET CLR 1.1.4322; .NET CLR 2.0.50727; .NET CLR 3.0.4506.2152; .NET CLR 3.5.30729; .NET4.0C; .NET4.0E; InfoPath.3)"
204.73.55.10 - - [13/Aug/2013:11:55:28 -0400] "GET /images/682_Daydream_001.jpg HTTP/1.1" 200 215855 "http://www.bogenriefstudios.com/studios.html" "Mozilla/4.0 (compatible; MSIE 8.0; Windows NT 5.1; Trident/4.0; .NET CLR 1.1.4322; .NET CLR 2.0.50727; .NET CLR 3.0.4506.2152; .NET CLR 3.5.30729; .NET4.0C; .NET4.0E; InfoPath.3)"
204.73.55.10 - - [13/Aug/2013:11:55:28 -0400] "GET /images/188_Blown_Glass_114_-_modified.jpg HTTP/1.1" 200 7869 "http://www.bogenriefstudios.com/studios.html" "Mozilla/4.0 (compatible; MSIE 8.0; Windows NT 5.1; Trident/4.0; .NET CLR 1.1.4322; .NET CLR 2.0.50727; .NET CLR 3.0.4506.2152; .NET CLR 3.5.30729; .NET4.0C; .NET4.0E; InfoPath.3)"
204.73.55.10 - - [13/Aug/2013:11:55:28 -0400] "GET /images/196_paperweights_3_.jpg HTTP/1.1" 200 6754 "http://www.bogenriefstudios.com/studios.html" "Mozilla/4.0 (compatible; MSIE 8.0; Windows NT 5.1; Trident/4.0; .NET CLR 1.1.4322; .NET CLR 2.0.50727; .NET CLR 3.0.4506.2152; .NET CLR 3.5.30729; .NET4.0C; .NET4.0E; InfoPath.3)"
220.181.108.86 - - [13/Aug/2013:07:52:08 -0400] "GET /bogenriefgallery/ladiesofbogenrief.html HTTP/1.1" 200 22147 "-" "Mozilla/5.0 (compatible; Baiduspider/2.0; +http://www.baidu.com/search/spider.html)"
192.94.94.106 - - [13/Aug/2013:15:58:15 -0400] "GET /images/photoalbum/button_photoNext_ON.jpg HTTP/1.1" 200 664 "http://www.bogenriefstudios.com/bogenriefgallery/ladiesofbogenrief.html" "Mozilla/4.0 (compatible; MSIE 8.0; Windows NT 6.1; WOW64; Trident/4.0; GTB7.5; SLCC2; .NET CLR 2.0.50727; .NET CLR 3.5.30729; .NET CLR 3.0.30729; Media Center PC 6.0)"
192.94.94.106 - - [13/Aug/2013:15:59:55 -0400] "GET /images/696_tryptich2.JPG HTTP/1.1" 200 142540 "http://www.bogenriefstudios.com/bogenriefgallery/stainedglasswindows.html" "Mozilla/4.0 (compatible; MSIE 8.0; Windows NT 6.1; WOW64; Trident/4.0; GTB7.5; SLCC2; .NET CLR 2.0.50727; .NET CLR 3.5.30729; .NET CLR 3.0.30729; Media Center PC 6.0)"
91.207.9.226 - - [13/Aug/2013:17:39:03 -0400] "GET /home.html HTTP/1.1" 200 27081 "http://degustar.ru/" "Mozilla/4.0 (compatible; MSIE 6.0; Windows NT 5.1; SV1; FunWebProducts; .NET CLR 1.1.4322; PeoplePal 6.2)"
97.81.43.217 - - [13/Aug/2013:21:16:26 -0400] "GET /images/photoalbum/button_photoPrev.jpg HTTP/1.1" 200 656 "http://www.bogenriefstudios.com/bogenriefgallery/blownfusedglass.html" "Mozilla/5.0 (compatible; MSIE 10.0; Windows NT 6.1; WOW64; Trident/6.0)"
97.81.43.217 - - [13/Aug/2013:21:16:26 -0400] "GET /images/photoalbum/button_photoLast.jpg HTTP/1.1" 200 637 "http://www.bogenriefstudios.com/bogenriefgallery/blownfusedglass.html" "Mozilla/5.0 (compatible; MSIE 10.0; Windows NT 6.1; WOW64; Trident/6.0)"
97.81.43.217 - - [13/Aug/2013:21:16:26 -0400] "GET /images/photoalbum/button_photoSpeed5.jpg HTTP/1.1" 200 502 "http://www.bogenriefstudios.com/bogenriefgallery/blownfusedglass.html" "Mozilla/5.0 (compatible; MSIE 10.0; Windows NT 6.1; WOW64; Trident/6.0)"
97.81.43.217 - - [13/Aug/2013:21:16:26 -0400] "GET /images/480_SPEN0029.JPG HTTP/1.1" 200 25641 "http://www.bogenriefstudios.com/bogenriefgallery/blownfusedglass.html" "Mozilla/5.0 (compatible; MSIE 10.0; Windows NT 6.1; WOW64; Trident/6.0)"
97.81.43.217 - - [13/Aug/2013:21:16:26 -0400] "GET /images/164_SPEN0096.JPG HTTP/1.1" 200 9542 "http://www.bogenriefstudios.com/bogenriefgallery/blownfusedglass.html" "Mozilla/5.0 (compatible; MSIE 10.0; Windows NT 6.1; WOW64; Trident/6.0)"
97.81.43.217 - - [13/Aug/2013:21:16:26 -0400] "GET /images/480_SPEN0111.JPG HTTP/1.1" 200 38494 "http://www.bogenriefstudios.com/bogenriefgallery/blownfusedglass.html" "Mozilla/5.0 (compatible; MSIE 10.0; Windows NT 6.1; WOW64; Trident/6.0)"
97.81.43.217 - - [13/Aug/2013:21:16:27 -0400] "GET /images/218_SUTH0035.JPG HTTP/1.1" 200 7767 "http://www.bogenriefstudios.com/bogenriefgallery/blownfusedglass.html" "Mozilla/5.0 (compatible; MSIE 10.0; Windows NT 6.1; WOW64; Trident/6.0)"
97.81.43.217 - - [13/Aug/2013:21:16:29 -0400] "GET /images/99_SUTH0035.JPG HTTP/1.1" 200 2854 "http://www.bogenriefstudios.com/bogenriefgallery/blownfusedglass.html" "Mozilla/5.0 (compatible; MSIE 10.0; Windows NT 6.1; WOW64; Trident/6.0)"
97.81.43.217 - - [13/Aug/2013:21:16:29 -0400] "GET /images/218_weddingblown_029.jpg HTTP/1.1" 200 7435 "http://www.bogenriefstudios.com/bogenriefgallery/blownfusedglass.html" "Mozilla/5.0 (compatible; MSIE 10.0; Windows NT 6.1; WOW64; Trident/6.0)"
5.63.151.189 - - [13/Aug/2013:22:47:38 -0400] "HEAD / HTTP/1.1" 200 - "-" "checks.panopta.com"
5.63.151.189 - - [13/Aug/2013:23:32:58 -0400] "HEAD / HTTP/1.1" 200 - "-" "checks.panopta.com"
99.90.21.32 - - [13/Aug/2013:00:44:03 -0400] "GET /images/68.jpg HTTP/1.1" 200 11436 "http://www.bogenriefstudios.com/home.html" "Mozilla/5.0 (compatible; MSIE 9.0; Windows NT 6.1; Trident/5.0)"
5.63.151.189 - - [13/Aug/2013:01:38:24 -0400] "HEAD / HTTP/1.1" 200 - "-" "checks.panopta.com"
74.42.116.226 - - [13/Aug/2013:18:24:17 -0400] "GET /images/335_Bevel_Window8.JPG HTTP/1.1" 200 76961 "http://www.bogenriefstudios.com/bogenriefgallery/stainedglasswindows.html" "Mozilla/5.0 (Windows NT 6.0; rv:22.0) Gecko/20100101 Firefox/22.0 AlexaToolbar/amznf-3.0.20121129"
74.42.116.226 - - [13/Aug/2013:18:24:18 -0400] "GET /images/341_Ridiculous_Bevel.JPG HTTP/1.1" 200 80577 "http://www.bogenriefstudios.com/bogenriefgallery/stainedglasswindows.html" "Mozilla/5.0 (Windows NT 6.0; rv:22.0) Gecko/20100101 Firefox/22.0 AlexaToolbar/amznf-3.0.20121129"
74.42.116.226 - - [13/Aug/2013:18:24:57 -0400] "GET /images/696_lincoln,_NE_011.jpg HTTP/1.1" 200 110832 "http://www.bogenriefstudios.com/bogenriefgallery/stainedglasswindows.html" "Mozilla/5.0 (Windows NT 6.0; rv:22.0) Gecko/20100101 Firefox/22.0 AlexaToolbar/amznf-3.0.20121129"
220.181.132.17 - - [13/Aug/2013:19:50:30 -0400] "GET / HTTP/1.1" 200 13883 "-" "Mozilla/5.0 (X11; Linux x86_64) AppleWebKit/536.11 (KHTML, like Gecko) DumpRenderTree/0.0.0.0 Safari/536.11"
220.181.132.17 - - [13/Aug/2013:19:50:31 -0400] "GET /scripts/template.css HTTP/1.1" 200 9956 "http://www.bogenriefstudios.com/" "Mozilla/5.0 (X11; Linux x86_64) AppleWebKit/536.11 (KHTML, like Gecko) DumpRenderTree/0.0.0.0 Safari/536.11"
220.181.132.17 - - [13/Aug/2013:19:50:31 -0400] "GET /scripts/photoalbum.js HTTP/1.1" 200 62481 "http://www.bogenriefstudios.com/" "Mozilla/5.0 (X11; Linux x86_64) AppleWebKit/536.11 (KHTML, like Gecko) DumpRenderTree/0.0.0.0 Safari/536.11"
188.168.215.59 - - [13/Aug/2013:10:56:06 -0400] "GET /scripts/18custom.css HTTP/1.1" 200 804 "http://www.bogenriefstudios.com/bogenriefgallery/ceilingsdomes.html" "Mozilla/5.0 (Windows NT 6.1; WOW64) AppleWebKit/537.22 (KHTML, like Gecko) Chrome/25.0.1364.172 YaBrowser/1.7.1364.17262 Safari/537.22"
188.168.215.59 - - [13/Aug/2013:10:56:07 -0400] "GET /images/696_Water_Lily_Dome.JPG HTTP/1.1" 200 132125 "http://www.bogenriefstudios.com/bogenriefgallery/ceilingsdomes.html" "Mozilla/5.0 (Windows NT 6.1; WOW64) AppleWebKit/537.22 (KHTML, like Gecko) Chrome/25.0.1364.172 YaBrowser/1.7.1364.17262 Safari/537.22"
188.168.215.59 - - [13/Aug/2013:10:56:09 -0400] "GET /images/465_DSC_0238.JPG HTTP/1.1" 200 83986 "http://www.bogenriefstudios.com/bogenriefgallery/ceilingsdomes.html" "Mozilla/5.0 (Windows NT 6.1; WOW64) AppleWebKit/537.22 (KHTML, like Gecko) Chrome/25.0.1364.172 YaBrowser/1.7.1364.17262 Safari/537.22"
188.168.215.59 - - [13/Aug/2013:10:56:10 -0400] "GET /images/438_JDome2.jpg HTTP/1.1" 200 72533 "http://www.bogenriefstudios.com/bogenriefgallery/ceilingsdomes.html" "Mozilla/5.0 (Windows NT 6.1; WOW64) AppleWebKit/537.22 (KHTML, like Gecko) Chrome/25.0.1364.172 YaBrowser/1.7.1364.17262 Safari/537.22"
188.168.215.59 - - [13/Aug/2013:10:56:12 -0400] "GET /images/480_atlanta_dome_3.JPG HTTP/1.1" 200 50533 "http://www.bogenriefstudios.com/bogenriefgallery/ceilingsdomes.html" "Mozilla/5.0 (Windows NT 6.1; WOW64) AppleWebKit/537.22 (KHTML, like Gecko) Chrome/25.0.1364.172 YaBrowser/1.7.1364.17262 Safari/537.22"
5.63.151.189 - - [13/Aug/2013:12:13:14 -0400] "HEAD / HTTP/1.1" 200 - "-" "checks.panopta.com"
131.253.26.228 - - [13/Aug/2013:12:33:46 -0400] "GET /scripts/website.css HTTP/1.1" 200 1646 "http://www.bogenriefstudios.com/pricing.html" "Mozilla/4.0 (compatible; MSIE 7.0; Windows NT 5.1; SLCC1; .NET CLR 1.1.4325; .NET CLR 2.0.40607)"
220.181.108.104 - - [13/Aug/2013:14:50:37 -0400] "GET /scripts/photoalbum.js HTTP/1.1" 200 62481 "http://www.bogenriefstudios.com/bogenriefgallery/ceilingsdomes.html" "Mozilla/5.0 (X11; U; Linux x86_64; en-US; rv:1.9) Gecko Minefield/3.0"
182.68.202.178 - - [13/Aug/2013:04:36:51 -0400] "GET /contactus.html HTTP/1.1" 200 11250 "-" "Mozilla/5.0 (Windows; U; Windows NT 5.1; en-US; rv:1.9.2.19) Gecko/20110707 Firefox/3.6.19 GTB7.1 (.NET CLR 3.5.30729)"
182.68.202.178 - - [13/Aug/2013:04:36:52 -0400] "GET /scripts/ic_globals_published.js HTTP/1.1" 200 566 "http://www.bogenriefstudios.com/contactus.html" "Mozilla/5.0 (Windows; U; Windows NT 5.1; en-US; rv:1.9.2.19) Gecko/20110707 Firefox/3.6.19 GTB7.1 (.NET CLR 3.5.30729)"
182.68.202.178 - - [13/Aug/2013:04:36:52 -0400] "GET /scripts/user.js HTTP/1.1" 200 23762 "http://www.bogenriefstudios.com/contactus.html" "Mozilla/5.0 (Windows; U; Windows NT 5.1; en-US; rv:1.9.2.19) Gecko/20110707 Firefox/3.6.19 GTB7.1 (.NET CLR 3.5.30729)"
182.68.202.178 - - [13/Aug/2013:04:36:53 -0400] "GET /scripts/photoalbum.js HTTP/1.1" 200 62481 "http://www.bogenriefstudios.com/contactus.html" "Mozilla/5.0 (Windows; U; Windows NT 5.1; en-US; rv:1.9.2.19) Gecko/20110707 Firefox/3.6.19 GTB7.1 (.NET CLR 3.5.30729)"
182.68.202.178 - - [13/Aug/2013:04:36:55 -0400] "GET /scripts/template.css HTTP/1.1" 200 9956 "http://www.bogenriefstudios.com/contactus.html" "Mozilla/5.0 (Windows; U; Windows NT 5.1; en-US; rv:1.9.2.19) Gecko/20110707 Firefox/3.6.19 GTB7.1 (.NET CLR 3.5.30729)"
182.68.202.178 - - [13/Aug/2013:04:36:55 -0400] "GET /scripts/website.css HTTP/1.1" 200 1646 "http://www.bogenriefstudios.com/contactus.html" "Mozilla/5.0 (Windows; U; Windows NT 5.1; en-US; rv:1.9.2.19) Gecko/20110707 Firefox/3.6.19 GTB7.1 (.NET CLR 3.5.30729)"
182.68.202.178 - - [13/Aug/2013:04:36:56 -0400] "GET /scripts/print.css HTTP/1.1" 200 - "http://www.bogenriefstudios.com/contactus.html" "Mozilla/5.0 (Windows; U; Windows NT 5.1; en-US; rv:1.9.2.19) Gecko/20110707 Firefox/3.6.19 GTB7.1 (.NET CLR 3.5.30729)"
182.68.202.178 - - [13/Aug/2013:04:36:56 -0400] "GET /scripts/22custom.css HTTP/1.1" 200 1141 "http://www.bogenriefstudios.com/contactus.html" "Mozilla/5.0 (Windows; U; Windows NT 5.1; en-US; rv:1.9.2.19) Gecko/20110707 Firefox/3.6.19 GTB7.1 (.NET CLR 3.5.30729)"
182.68.202.178 - - [13/Aug/2013:04:36:56 -0400] "GET /scripts/icwebsiteelement.css HTTP/1.1" 200 8132 "http://www.bogenriefstudios.com/contactus.html" "Mozilla/5.0 (Windows; U; Windows NT 5.1; en-US; rv:1.9.2.19) Gecko/20110707 Firefox/3.6.19 GTB7.1 (.NET CLR 3.5.30729)"
209.190.1.134 - - [13/Aug/2013:05:35:27 -0400] "GET / HTTP/1.1" 200 13883 "-" "Mozilla/5.0 (compatible; MSIE 8.0; Windows NT 5.1) KomodiaBot/1.0"
97.81.43.217 - - [13/Aug/2013:21:17:15 -0400] "GET /scripts/19custom.css HTTP/1.1" 200 1141 "http://www.bogenriefstudios.com/bogenriefgallery/chandeliers.html" "Mozilla/5.0 (compatible; MSIE 10.0; Windows NT 6.1; WOW64; Trident/6.0)"
97.81.43.217 - - [13/Aug/2013:21:17:15 -0400] "GET /images/218_blue_white_chandelier_-_installed-edited.jpg HTTP/1.1" 200 13496 "http://www.bogenriefstudios.com/bogenriefgallery/chandeliers.html" "Mozilla/5.0 (compatible; MSIE 10.0; Windows NT 6.1; WOW64; Trident/6.0)"
174.238.99.199 - - [13/Aug/2013:23:10:13 -0400] "GET /images/682_blue_white_chandelier_-_installed-edited.jpg HTTP/1.1" 200 79065 "http://www.google.com/search?hl=en&biw=320&bih=416&site=webhp&tbm=isch&sa=1&ei=gPQKUrWvF-KN2gWOz4DQBw&q=blue+chandelier&oq=blue+chandelier&gs_l=mobile-gws-serp.3..0l5.63558.68382.0.69528.11.9.0.0.0.0.1419.5049.5-1j1j3.5.0....0...1c.1.25.mobile-gws-serp..9.2.1506.cJngdwSHki8" "Mozilla/5.0 (iPhone; CPU iPhone OS 6_0_1 like Mac OS X) AppleWebKit/536.26 (KHTML, like Gecko) Version/6.0 Mobile/10A523 Safari/8536.25"
37.79.74.30 - - [13/Aug/2013:06:24:53 -0400] "GET /images/677_SF_grapes_013.JPG HTTP/1.1" 200 216725 "http://www.google.ru/search?q=%D0%B2%D0%B8%D1%82%D1%80%D0%B0%D0%B6%D0%B8+%D0%BA%D0%B0%D1%80%D1%82%D0%B8%D0%BD%D0%BA%D0%B8&newwindow=1&tbm=isch&tbo=u&source=univ&sa=X&ei=wggKUsHtE4WO4AT91YHgCQ&sqi=2&ved=0CDEQsAQ&biw=768&bih=928" "Mozilla/5.0 (iPad; CPU OS 6_1_3 like Mac OS X) AppleWebKit/536.26 (KHTML, like Gecko) Version/6.0 Mobile/10B329 Safari/8536.25"
68.61.215.145 - - [13/Aug/2013:17:24:16 -0400] "GET /images/682_Daydream_001.jpg HTTP/1.1" 200 215855 "https://www.google.com/" "Mozilla/5.0 (iPhone; CPU iPhone OS 6_1_4 like Mac OS X) AppleWebKit/536.26 (KHTML, like Gecko) Version/6.0 Mobile/10B350 Safari/8536.25"
14.99.146.249 - - [13/Aug/2013:02:06:44 -0400] "GET /images/314_Lauritzen_Gardens_42_.jpg HTTP/1.1" 200 31524 "http://www.google.co.in/blank.html" "Mozilla/5.0 (Windows NT 6.1; WOW64; rv:22.0) Gecko/20100101 Firefox/22.0"
99.90.21.32 - - [13/Aug/2013:00:44:00 -0400] "GET /home.html HTTP/1.1" 200 27081 "http://www.freepatternsforstainedglass.com/Stained_Glass_Gems-stainedglassgems039.html" "Mozilla/5.0 (compatible; MSIE 9.0; Windows NT 6.1; Trident/5.0)"
99.90.21.32 - - [13/Aug/2013:00:44:00 -0400] "GET /scripts/website.css HTTP/1.1" 200 1646 "http://www.bogenriefstudios.com/home.html" "Mozilla/5.0 (compatible; MSIE 9.0; Windows NT 6.1; Trident/5.0)"
99.90.21.32 - - [13/Aug/2013:00:44:00 -0400] "GET /images/314_Lauritzen_Gardens_42_.jpg HTTP/1.1" 200 31524 "http://www.bogenriefstudios.com/home.html" "Mozilla/5.0 (compatible; MSIE 9.0; Windows NT 6.1; Trident/5.0)"
