99.90.21.32 - - [13/Aug/2013:00:44:00 -0400] "GET /images/100_Elephant_detail.JPG HTTP/1.1" 200 8715 "http://www.bogenriefstudios.com/home.html" "Mozilla/5.0 (compatible; MSIE 9.0; Windows NT 6.1; Trident/5.0)"
99.90.21.32 - - [13/Aug/2013:00:44:00 -0400] "GET /images/100_Detail_with_fronds.jpg HTTP/1.1" 200 5397 "http://www.bogenriefstudios.com/home.html" "Mozilla/5.0 (compatible; MSIE 9.0; Windows NT 6.1; Trident/5.0)"
178.126.200.255 - - [13/Aug/2013:14:54:48 -0400] "GET /images/682_elephant-completed.jpg HTTP/1.1" 200 260073 "http://blog.i.ua/community/2311/670358/" "Opera/9.80 (Windows NT 5.1; U; ru) Presto/2.10.229 Version/11.62"
97.118.141.138 - - [13/Aug/2013:14:59:42 -0400] "GET /images/198_door_019.JPG HTTP/1.1" 200 8796 "http://www.bogenriefstudios.com/" "Mozilla/5.0 (Macintosh; Intel Mac OS X 10_7_4) AppleWebKit/536.25 (KHTML, like Gecko) Version/6.0 Safari/536.25"
97.118.141.138 - - [13/Aug/2013:14:59:43 -0400] "GET /images/198_dome_008.JPG HTTP/1.1" 200 8321 "http://www.bogenriefstudios.com/" "Mozilla/5.0 (Macintosh; Intel Mac OS X 10_7_4) AppleWebKit/536.25 (KHTML, like Gecko) Version/6.0 Safari/536.25"
97.118.141.138 - - [13/Aug/2013:14:59:43 -0400] "GET /images/321_David_s_dome_002.JPG HTTP/1.1" 200 23041 "http://www.bogenriefstudios.com/" "Mozilla/5.0 (Macintosh; Intel Mac OS X 10_7_4) AppleWebKit/536.25 (KHTML, like Gecko) Version/6.0 Safari/536.25"
74.42.116.226 - - [13/Aug/2013:18:22:23 -0400] "GET /images/photoalbum/button_photoNext_ON.jpg HTTP/1.1" 200 664 "http://www.bogenriefstudios.com/bogenriefgallery/stainedglasswindows.html" "Mozilla/5.0 (Windows NT 6.0; rv:22.0) Gecko/20100101 Firefox/22.0 AlexaToolbar/amznf-3.0.20121129"
5.63.151.189 - - [13/Aug/2013:19:16:04 -0400] "HEAD / HTTP/1.1" 200 - "-" "checks.panopta.com"
5.63.151.189 - - [13/Aug/2013:20:31:44 -0400] "HEAD / HTTP/1.1" 200 - "-" "checks.panopta.com"
5.63.151.189 - - [13/Aug/2013:21:47:13 -0400] "HEAD / HTTP/1.1" 200 - "-" "checks.panopta.com"
66.249.75.165 - - [13/Aug/2013:09:01:00 -0400] "GET /bogenriefgallery/blownfusedglass.html HTTP/1.1" 304 - "-" "Mozilla/5.0 (iPhone; U; CPU iPhone OS 4_1 like Mac OS X; en-us) AppleWebKit/532.9 (KHTML, like Gecko) Version/4.0.5 Mobile/8B117 Safari/6531.22.7 (compatible; Googlebot-Mobile/2.1; +http://www.google.com/bot.html)"
5.63.151.189 - - [13/Aug/2013:09:27:12 -0400] "HEAD / HTTP/1.1" 200 - "-" "checks.panopta.com"
188.168.215.59 - - [13/Aug/2013:10:54:21 -0400] "GET /images/198_door_019.JPG HTTP/1.1" 200 8796 "http://www.bogenriefstudios.com/" "Mozilla/5.0 (Windows NT 6.1; WOW64) AppleWebKit/537.22 (KHTML, like Gecko) Chrome/25.0.1364.172 YaBrowser/1.7.1364.17262 Safari/537.22"
188.168.215.59 - - [13/Aug/2013:10:54:22 -0400] "GET /images/198_dome_008.JPG HTTP/1.1" 200 8321 "http://www.bogenriefstudios.com/" "Mozilla/5.0 (Windows NT 6.1; WOW64) AppleWebKit/537.22 (KHTML, like Gecko) Chrome/25.0.1364.172 YaBrowser/1.7.1364.17262 Safari/537.22"
188.168.215.59 - - [13/Aug/2013:10:54:22 -0400] "GET /images/321_David_s_dome_002.JPG HTTP/1.1" 200 23041 "http://www.bogenriefstudios.com/" "Mozilla/5.0 (Windows NT 6.1; WOW64) AppleWebKit/537.22 (KHTML, like Gecko) Chrome/25.0.1364.172 YaBrowser/1.7.1364.17262 Safari/537.22"
5.63.151.189 - - [13/Aug/2013:15:14:33 -0400] "HEAD / HTTP/1.1" 200 - "-" "checks.panopta.com"
97.118.141.138 - - [13/Aug/2013:16:05:42 -0400] "GET /scripts/print.css HTTP/1.1" 200 - "http://www.bogenriefstudios.com/" "Mozilla/5.0 (Macintosh; Intel Mac OS X 10_7_4) AppleWebKit/536.25 (KHTML, like Gecko) Version/6.0 Safari/536.25"
184.155.16.30 - - [13/Aug/2013:16:11:38 -0400] "GET /scripts/website.css HTTP/1.1" 200 1646 "http://www.bogenriefstudios.com/" "Mozilla/5.0 (compatible; MSIE 10.0; Windows NT 6.1; WOW64; Trident/6.0)"
184.155.16.30 - - [13/Aug/2013:16:11:39 -0400] "GET /images/198_052_2_.JPG HTTP/1.1" 200 7649 "http://www.bogenriefstudios.com/" "Mozilla/5.0 (compatible; MSIE 10.0; Windows NT 6.1; WOW64; Trident/6.0)"
184.155.16.30 - - [13/Aug/2013:16:11:39 -0400] "GET /images/198_door_019.JPG HTTP/1.1" 200 8796 "http://www.bogenriefstudios.com/" "Mozilla/5.0 (compatible; MSIE 10.0; Windows NT 6.1; WOW64; Trident/6.0)"
131.253.24.119 - - [13/Aug/2013:17:15:58 -0400] "GET /images/682_elephant-completed.jpg HTTP/1.1" 200 260073 "http://www.liveinternet.ru/users/yail/post157425864/" "Mozilla/5.0 (Windows NT 6.1; WOW64) AppleWebKit/534+ (KHTML, like Gecko) BingPreview/1.0b"
5.63.151.189 - - [13/Aug/2013:05:25:30 -0400] "HEAD / HTTP/1.1" 200 - "-" "checks.panopta.com"
91.207.9.226 - - [13/Aug/2013:05:59:04 -0400] "GET /home.html HTTP/1.1" 200 27081 "http://basicuse.net/" "Mozilla/4.0 (compatible; MSIE 6.0; Windows XP)"
97.81.43.217 - - [13/Aug/2013:21:16:13 -0400] "GET /scripts/website.css HTTP/1.1" 200 1646 "http://www.bogenriefstudios.com/pricing.html" "Mozilla/5.0 (compatible; MSIE 10.0; Windows NT 6.1; WOW64; Trident/6.0)"
97.81.43.217 - - [13/Aug/2013:21:16:13 -0400] "GET /images/188_pineapple.jpg HTTP/1.1" 200 20310 "http://www.bogenriefstudios.com/pricing.html" "Mozilla/5.0 (compatible; MSIE 10.0; Windows NT 6.1; WOW64; Trident/6.0)"
97.81.43.217 - - [13/Aug/2013:21:16:13 -0400] "GET /images/314_web_site_5.JPG HTTP/1.1" 200 118782 "http://www.bogenriefstudios.com/pricing.html" "Mozilla/5.0 (compatible; MSIE 10.0; Windows NT 6.1; WOW64; Trident/6.0)"
97.81.43.217 - - [13/Aug/2013:21:17:57 -0400] "GET /images/518_LADY_daydreamer_lady_2.JPG HTTP/1.1" 200 129507 "http://www.bogenriefstudios.com/bogenriefgallery/ladiesofbogenrief.html" "Mozilla/5.0 (compatible; MSIE 10.0; Windows NT 6.1; WOW64; Trident/6.0)"
97.81.43.217 - - [13/Aug/2013:21:18:01 -0400] "GET /images/218_LADY_Butterfly_Champ_closeup.jpg HTTP/1.1" 200 18987 "http://www.bogenriefstudios.com/bogenriefgallery/ladiesofbogenrief.html" "Mozilla/5.0 (compatible; MSIE 10.0; Windows NT 6.1; WOW64; Trident/6.0)"
97.81.43.217 - - [13/Aug/2013:21:18:01 -0400] "GET /images/102_LADY_4_Seasons_Lady_Autumn.jpg HTTP/1.1" 200 11160 "http://www.bogenriefstudios.com/bogenriefgallery/ladiesofbogenrief.html" "Mozilla/5.0 (compatible; MSIE 10.0; Windows NT 6.1; WOW64; Trident/6.0)"
97.81.43.217 - - [13/Aug/2013:21:18:01 -0400] "GET /images/99_LADY_Ladies_in_a_home_2.JPG HTTP/1.1" 200 8591 "http://www.bogenriefstudios.com/bogenriefgallery/ladiesofbogenrief.html" "Mozilla/5.0 (compatible; MSIE 10.0; Windows NT 6.1; WOW64; Trident/6.0)"
97.81.43.217 - - [13/Aug/2013:21:18:01 -0400] "GET /images/103_LADY_Peacock_Lady_Blue.jpg HTTP/1.1" 200 9464 "http://www.bogenriefstudios.com/bogenriefgallery/ladiesofbogenrief.html" "Mozilla/5.0 (compatible; MSIE 10.0; Windows NT 6.1; WOW64; Trident/6.0)"
97.81.43.217 - - [13/Aug/2013:21:18:02 -0400] "GET /images/104_LADY_Spanish_Dancer.jpg HTTP/1.1" 200 11033 "http://www.bogenriefstudios.com/bogenriefgallery/ladiesofbogenrief.html" "Mozilla/5.0 (compatible; MSIE 10.0; Windows NT 6.1; WOW64; Trident/6.0)"
81.27.53.6 - - [13/Aug/2013:22:22:36 -0400] "GET /images/321_Aziza.jpg HTTP/1.1" 200 48989 "http://www.liveinternet.ru/users/migda/post152674608" "Mozilla/5.0 (Windows NT 6.1; rv:22.0) Gecko/20100101 Firefox/22.0"
81.27.53.6 - - [13/Aug/2013:22:22:36 -0400] "GET /images/682_Flower_Series.jpg HTTP/1.1" 200 102670 "http://www.liveinternet.ru/users/migda/post152674608" "Mozilla/5.0 (Windows NT 6.1; rv:22.0) Gecko/20100101 Firefox/22.0"
81.27.53.6 - - [13/Aug/2013:22:22:37 -0400] "GET /images/629_Four_Seasons_-_Summer_001.jpg HTTP/1.1" 200 258482 "http://www.liveinternet.ru/users/migda/post152674608" "Mozilla/5.0 (Windows NT 6.1; rv:22.0) Gecko/20100101 Firefox/22.0"
98.220.2.242 - - [13/Aug/2013:22:32:40 -0400] "GET /images/353_Blue_Labernum_-_cropped.jpg HTTP/1.1" 200 47362 "https://www.google.com/" "Mozilla/5.0 (iPod; CPU iPhone OS 6_1_3 like Mac OS X) AppleWebKit/536.26 (KHTML, like Gecko) Version/6.0 Mobile/10B329 Safari/8536.25"
54.224.52.130 - - [13/Aug/2013:22:56:17 -0400] "GET / HTTP/1.1" 200 13883 "-" "Mozilla/4.0 (compatible; MSIE 6.0; Windows NT 5.1)"
174.22.124.94 - - [13/Aug/2013:03:05:08 -0400] "GET /scripts/user.js HTTP/1.1" 200 23762 "http://www.bogenriefstudios.com/" "Mozilla/5.0 (Windows NT 6.1; WOW64; rv:16.0) Gecko/20100101 Firefox/16.0"
174.22.124.94 - - [13/Aug/2013:03:05:09 -0400] "GET /images/198_023.JPG HTTP/1.1" 200 9799 "http://www.bogenriefstudios.com/" "Mozilla/5.0 (Windows NT 6.1; WOW64; rv:16.0) Gecko/20100101 Firefox/16.0"
174.22.124.94 - - [13/Aug/2013:03:05:09 -0400] "GET /images/198_dome_008.JPG HTTP/1.1" 200 8321 "http://www.bogenriefstudios.com/" "Mozilla/5.0 (Windows NT 6.1; WOW64; rv:16.0) Gecko/20100101 Firefox/16.0"
174.22.124.94 - - [13/Aug/2013:03:05:09 -0400] "GET /images/321_Richards_install_004.JPG HTTP/1.1" 200 21479 "http://www.bogenriefstudios.com/" "Mozilla/5.0 (Windows NT 6.1; WOW64; rv:16.0) Gecko/20100101 Firefox/16.0"
174.22.124.94 - - [13/Aug/2013:03:05:10 -0400] "GET /images/68.jpg HTTP/1.1" 200 11436 "http://www.bogenriefstudios.com/scripts/website.css" "Mozilla/5.0 (Windows NT 6.1; WOW64; rv:16.0) Gecko/20100101 Firefox/16.0"
5.63.151.189 - - [13/Aug/2013:03:24:07 -0400] "HEAD / HTTP/1.1" 200 - "-" "checks.panopta.com"
124.43.206.183 - - [13/Aug/2013:03:28:17 -0400] "GET /images/682_Detail_with_right_facing_parrot.jpg HTTP/1.1" 200 91003 "http://www.google.lk/blank.html" "Mozilla/5.0 (Windows NT 5.1; rv:22.0) Gecko/20100101 Firefox/22.0"
66.249.75.165 - - [13/Aug/2013:05:59:49 -0400] "GET /bogenriefgallery/lampshades.html HTTP/1.1" 304 - "-" "Mozilla/5.0 (iPhone; U; CPU iPhone OS 4_1 like Mac OS X; en-us) AppleWebKit/532.9 (KHTML, like Gecko) Version/4.0.5 Mobile/8B117 Safari/6531.22.7 (compatible; Googlebot-Mobile/2.1; +http://www.google.com/bot.html)"
65.55.217.242 - - [13/Aug/2013:09:28:16 -0400] "GET /images/682_01_Side_Lights_-_modified.jpg HTTP/1.1" 200 169071 "http://vista.net.pk/emigration-vented-sidelights/" "Mozilla/5.0 (Windows NT 6.1; WOW64) AppleWebKit/534+ (KHTML, like Gecko) BingPreview/1.0b"
5.63.151.189 - - [13/Aug/2013:10:27:37 -0400] "HEAD / HTTP/1.1" 200 - "-" "checks.panopta.com"
188.168.215.59 - - [13/Aug/2013:10:55:13 -0400] "GET /favicon.ico HTTP/1.1" 404 575 "-" "Mozilla/5.0 (Windows NT 6.1; WOW64) AppleWebKit/537.22 (KHTML, like Gecko) Chrome/25.0.1364.172 YaBrowser/1.7.1364.17262 Safari/537.22"
199.30.20.110 - - [13/Aug/2013:18:21:08 -0400] "GET /images/682_DSC_0055.JPG HTTP/1.1" 200 161775 "-" "msnbot-media/1.1 (+http://search.msn.com/msnbot.htm)"
74.42.116.226 - - [13/Aug/2013:18:26:30 -0400] "GET /images/696_window_dolphins.JPG HTTP/1.1" 200 124350 "http://www.bogenriefstudios.com/bogenriefgallery/stainedglasswindows.html" "Mozilla/5.0 (Windows NT 6.0; rv:22.0) Gecko/20100101 Firefox/22.0 AlexaToolbar/amznf-3.0.20121129"
199.30.16.6 - - [13/Aug/2013:18:27:10 -0400] "GET /images/682_web_site_4-edited.jpg HTTP/1.1" 200 151078 "-" "msnbot-media/1.1 (+http://search.msn.com/msnbot.htm)"
217.212.231.65 - - [13/Aug/2013:20:07:44 -0400] "GET /images/198_dome_008.JPG HTTP/1.1" 200 8321 "http://www.bogenriefstudios.com/" "Opera/9.80 (Android; Opera Mini/7.5.32199/30.3643; U; ru) Presto/2.8.119 Version/11.10"
99.90.21.32 - - [13/Aug/2013:00:44:03 -0400] "GET /images/682_iowa_hall_of_pride_window_014_-_cropped.jpg HTTP/1.1" 200 92976 "http://www.bogenriefstudios.com/home.html" "Mozilla/5.0 (compatible; MSIE 9.0; Windows NT 6.1; Trident/5.0)"
99.90.21.32 - - [13/Aug/2013:00:44:48 -0400] "GET /scripts/16custom.css HTTP/1.1" 200 1143 "http://www.bogenriefstudios.com/bogenriefgallery/ladiesofbogenrief.html" "Mozilla/5.0 (compatible; MSIE 9.0; Windows NT 6.1; Trident/5.0)"
99.90.21.32 - - [13/Aug/2013:00:44:48 -0400] "GET /images/photoalbum/button_photoPrev.jpg HTTP/1.1" 200 656 "http://www.bogenriefstudios.com/bogenriefgallery/ladiesofbogenrief.html" "Mozilla/5.0 (compatible; MSIE 9.0; Windows NT 6.1; Trident/5.0)"
99.90.21.32 - - [13/Aug/2013:00:44:48 -0400] "GET /images/photoalbum/button_photoLast.jpg HTTP/1.1" 200 637 "http://www.bogenriefstudios.com/bogenriefgallery/ladiesofbogenrief.html" "Mozilla/5.0 (compatible; MSIE 9.0; Windows NT 6.1; Trident/5.0)"
99.90.21.32 - - [13/Aug/2013:00:44:48 -0400] "GET /images/photoalbum/button_photoSpeed2_ON.jpg HTTP/1.1" 200 492 "http://www.bogenriefstudios.com/bogenriefgallery/ladiesofbogenrief.html" "Mozilla/5.0 (compatible; MSIE 9.0; Windows NT 6.1; Trident/5.0)"
99.90.21.32 - - [13/Aug/2013:00:44:48 -0400] "GET /images/357_LADY_daydreamer_lady_2.JPG HTTP/1.1" 200 70411 "http://www.bogenriefstudios.com/bogenriefgallery/ladiesofbogenrief.html" "Mozilla/5.0 (compatible; MSIE 9.0; Windows NT 6.1; Trident/5.0)"
99.90.21.32 - - [13/Aug/2013:00:44:49 -0400] "GET /images/318_LADY_4_Seasons_Lady_Autumn_closeup.jpg HTTP/1.1" 200 57888 "http://www.bogenriefstudios.com/bogenriefgallery/ladiesofbogenrief.html" "Mozilla/5.0 (compatible; MSIE 9.0; Windows NT 6.1; Trident/5.0)"
99.90.21.32 - - [13/Aug/2013:00:44:49 -0400] "GET /images/360_LADY_4_Seasons_Lady_Winter_closeup.jpg HTTP/1.1" 200 69872 "http://www.bogenriefstudios.com/bogenriefgallery/ladiesofbogenrief.html" "Mozilla/5.0 (compatible; MSIE 9.0; Windows NT 6.1; Trident/5.0)"
99.90.21.32 - - [13/Aug/2013:00:44:49 -0400] "GET /images/226_LADY_Peacock_Lady_Blue.jpg HTTP/1.1" 200 35296 "http://www.bogenriefstudios.com/bogenriefgallery/ladiesofbogenrief.html" "Mozilla/5.0 (compatible; MSIE 9.0; Windows NT 6.1; Trident/5.0)"
99.90.21.32 - - [13/Aug/2013:00:44:50 -0400] "GET /images/480_LADY_Flower_Ladies.jpg HTTP/1.1" 200 54283 "http://www.bogenriefstudios.com/bogenriefgallery/ladiesofbogenrief.html" "Mozilla/5.0 (compatible; MSIE 9.0; Windows NT 6.1; Trident/5.0)"
99.90.21.32 - - [13/Aug/2013:00:44:50 -0400] "GET /images/480_LADY_4_Stages_of_the_Day_Ladies.jpg HTTP/1.1" 200 54310 "http://www.bogenriefstudios.com/bogenriefgallery/ladiesofbogenrief.html" "Mozilla/5.0 (compatible; MSIE 9.0; Windows NT 6.1; Trident/5.0)"
99.90.21.32 - - [13/Aug/2013:00:44:51 -0400] "GET /images/218_LADY_Daydreamer_Lady_closeup_of_book.jpg HTTP/1.1" 200 16952 "http://www.bogenriefstudios.com/bogenriefgallery/ladiesofbogenrief.html" "Mozilla/5.0 (compatible; MSIE 9.0; Windows NT 6.1; Trident/5.0)"
99.90.21.32 - - [13/Aug/2013:00:44:51 -0400] "GET /images/84_LADY_Yellow_Lady.jpg HTTP/1.1" 200 9826 "http://www.bogenriefstudios.com/bogenriefgallery/ladiesofbogenrief.html" "Mozilla/5.0 (compatible; MSIE 9.0; Windows NT 6.1; Trident/5.0)"
99.90.21.32 - - [13/Aug/2013:00:44:51 -0400] "GET /images/218_LADY_Champ_Ladies.jpg HTTP/1.1" 200 10081 "http://www.bogenriefstudios.com/bogenriefgallery/ladiesofbogenrief.html" "Mozilla/5.0 (compatible; MSIE 9.0; Windows NT 6.1; Trident/5.0)"
99.90.21.32 - - [13/Aug/2013:00:44:51 -0400] "GET /images/163_LADY_4_Seasons_Lady_Spring_closeup.jpg HTTP/1.1" 200 15082 "http://www.bogenriefstudios.com/bogenriefgallery/ladiesofbogenrief.html" "Mozilla/5.0 (compatible; MSIE 9.0; Windows NT 6.1; Trident/5.0)"
99.90.21.32 - - [13/Aug/2013:00:44:51 -0400] "GET /images/102_LADY_4_Seasons_Lady_Autumn.jpg HTTP/1.1" 200 11160 "http://www.bogenriefstudios.com/bogenriefgallery/ladiesofbogenrief.html" "Mozilla/5.0 (compatible; MSIE 9.0; Windows NT 6.1; Trident/5.0)"
99.90.21.32 - - [13/Aug/2013:00:44:51 -0400] "GET /images/77_LADY_4_Seasons_Lady_Winter_2.jpg HTTP/1.1" 200 7661 "http://www.bogenriefstudios.com/bogenriefgallery/ladiesofbogenrief.html" "Mozilla/5.0 (compatible; MSIE 9.0; Windows NT 6.1; Trident/5.0)"
99.90.21.32 - - [13/Aug/2013:00:44:51 -0400] "GET /images/145_LADY_Ladies_in_a_home_1.JPG HTTP/1.1" 200 12119 "http://www.bogenriefstudios.com/bogenriefgallery/ladiesofbogenrief.html" "Mozilla/5.0 (compatible; MSIE 9.0; Windows NT 6.1; Trident/5.0)"
99.90.21.32 - - [13/Aug/2013:00:44:51 -0400] "GET /images/103_LADY_Peacock_Lady_Blue.jpg HTTP/1.1" 200 9464 "http://www.bogenriefstudios.com/bogenriefgallery/ladiesofbogenrief.html" "Mozilla/5.0 (compatible; MSIE 9.0; Windows NT 6.1; Trident/5.0)"
99.90.21.32 - - [13/Aug/2013:00:44:51 -0400] "GET /images/139_LADY_Sarah_2.JPG HTTP/1.1" 200 13197 "http://www.bogenriefstudios.com/bogenriefgallery/ladiesofbogenrief.html" "Mozilla/5.0 (compatible; MSIE 9.0; Windows NT 6.1; Trident/5.0)"
99.90.21.32 - - [13/Aug/2013:00:44:51 -0400] "GET /images/218_Flower_Series.jpg HTTP/1.1" 200 12369 "http://www.bogenriefstudios.com/bogenriefgallery/ladiesofbogenrief.html" "Mozilla/5.0 (compatible; MSIE 9.0; Windows NT 6.1; Trident/5.0)"
99.90.21.32 - - [13/Aug/2013:00:44:59 -0400] "GET /images/395_Lamp_small_blue_flower.jpg HTTP/1.1" 200 45273 "http://www.bogenriefstudios.com/bogenriefgallery/lampshades.html" "Mozilla/5.0 (compatible; MSIE 9.0; Windows NT 6.1; Trident/5.0)"
99.90.21.32 - - [13/Aug/2013:00:45:00 -0400] "GET /images/480_tile_with_flowers.JPG HTTP/1.1" 200 27740 "http://www.bogenriefstudios.com/bogenriefgallery/lampshades.html" "Mozilla/5.0 (compatible; MSIE 9.0; Windows NT 6.1; Trident/5.0)"
99.90.21.32 - - [13/Aug/2013:00:45:00 -0400] "GET /images/480_yellow_rose_1.JPG HTTP/1.1" 200 43759 "http://www.bogenriefstudios.com/bogenriefgallery/lampshades.html" "Mozilla/5.0 (compatible; MSIE 9.0; Windows NT 6.1; Trident/5.0)"
99.90.21.32 - - [13/Aug/2013:00:45:02 -0400] "GET /images/480_lamp_yellow_daisy_closeup.JPG HTTP/1.1" 200 30347 "http://www.bogenriefstudios.com/bogenriefgallery/lampshades.html" "Mozilla/5.0 (compatible; MSIE 9.0; Windows NT 6.1; Trident/5.0)"
99.90.21.32 - - [13/Aug/2013:00:45:03 -0400] "GET /images/480_DSC_0061.JPG HTTP/1.1" 200 35057 "http://www.bogenriefstudios.com/bogenriefgallery/lampshades.html" "Mozilla/5.0 (compatible; MSIE 9.0; Windows NT 6.1; Trident/5.0)"
99.90.21.32 - - [13/Aug/2013:00:45:03 -0400] "GET /images/163_decending_lotus_closeup.jpg HTTP/1.1" 200 15286 "http://www.bogenriefstudios.com/bogenriefgallery/lampshades.html" "Mozilla/5.0 (compatible; MSIE 9.0; Windows NT 6.1; Trident/5.0)"
99.90.21.32 - - [13/Aug/2013:00:45:03 -0400] "GET /images/218_Lamp_jungle.jpg HTTP/1.1" 200 6346 "http://www.bogenriefstudios.com/bogenriefgallery/lampshades.html" "Mozilla/5.0 (compatible; MSIE 9.0; Windows NT 6.1; Trident/5.0)"
99.90.21.32 - - [13/Aug/2013:00:45:03 -0400] "GET /images/218_Lamp_spider_mum_2.JPG HTTP/1.1" 200 9921 "http://www.bogenriefstudios.com/bogenriefgallery/lampshades.html" "Mozilla/5.0 (compatible; MSIE 9.0; Windows NT 6.1; Trident/5.0)"
99.90.21.32 - - [13/Aug/2013:00:45:04 -0400] "GET /images/218_lamp_yellow_daisy_closeup.JPG HTTP/1.1" 200 11138 "http://www.bogenriefstudios.com/bogenriefgallery/lampshades.html" "Mozilla/5.0 (compatible; MSIE 9.0; Windows NT 6.1; Trident/5.0)"
99.90.21.32 - - [13/Aug/2013:00:45:04 -0400] "GET /images/218_tile_with_flowers.JPG HTTP/1.1" 200 7264 "http://www.bogenriefstudios.com/bogenriefgallery/lampshades.html" "Mozilla/5.0 (compatible; MSIE 9.0; Windows NT 6.1; Trident/5.0)"
99.90.21.32 - - [13/Aug/2013:00:46:05 -0400] "GET /images/231_Bevel_Window8.JPG HTTP/1.1" 200 40472 "http://www.bogenriefstudios.com/bogenriefgallery/stainedglasswindows.html" "Mozilla/5.0 (compatible; MSIE 9.0; Windows NT 6.1; Trident/5.0)"
99.90.21.32 - - [13/Aug/2013:00:46:06 -0400] "GET /images/480_web_site-edited.jpg HTTP/1.1" 200 82353 "http://www.bogenriefstudios.com/bogenriefgallery/stainedglasswindows.html" "Mozilla/5.0 (compatible; MSIE 9.0; Windows NT 6.1; Trident/5.0)"
192.94.94.106 - - [13/Aug/2013:15:56:56 -0400] "GET /scripts/user.js HTTP/1.1" 304 - "http://www.bogenriefstudios.com/" "Mozilla/4.0 (compatible; MSIE 8.0; Windows NT 6.1; WOW64; Trident/4.0; GTB7.5; SLCC2; .NET CLR 2.0.50727; .NET CLR 3.5.30729; .NET CLR 3.0.30729; Media Center PC 6.0)"
192.94.94.106 - - [13/Aug/2013:15:56:56 -0400] "GET /images/321_Richards_install_004.JPG HTTP/1.1" 304 - "http://www.bogenriefstudios.com/" "Mozilla/4.0 (compatible; MSIE 8.0; Windows NT 6.1; WOW64; Trident/4.0; GTB7.5; SLCC2; .NET CLR 2.0.50727; .NET CLR 3.5.30729; .NET CLR 3.0.30729; Media Center PC 6.0)"
66.249.75.165 - - [13/Aug/2013:13:17:11 -0400] "GET /images/682_a_items_onhand_023.JPG HTTP/1.1" 200 46128 "-" "Googlebot-Image/1.0"
190.51.21.185 - - [13/Aug/2013:14:14:07 -0400] "GET /images/682_blue_white_chandelier_-_installed-edited.jpg HTTP/1.1" 200 79065 "http://www.bing.com/images/search?q=blow+glass&FORM=HDRSC2" "Mozilla/4.0 (compatible; MSIE 8.0; Windows NT 5.1; Trident/4.0)"
97.118.141.138 - - [13/Aug/2013:14:59:38 -0400] "GET /scripts/icwebsiteelement.css HTTP/1.1" 200 8132 "http://www.bogenriefstudios.com/" "Mozilla/5.0 (Macintosh; Intel Mac OS X 10_7_4) AppleWebKit/536.25 (KHTML, like Gecko) Version/6.0 Safari/536.25"
192.94.94.106 - - [13/Aug/2013:15:56:10 -0400] "GET /scripts/ic_globals_published.js HTTP/1.1" 200 566 "http://www.bogenriefstudios.com/" "Mozilla/4.0 (compatible; MSIE 8.0; Windows NT 6.1; WOW64; Trident/4.0; GTB7.5; SLCC2; .NET CLR 2.0.50727; .NET CLR 3.5.30729; .NET CLR 3.0.30729; Media Center PC 6.0)"
192.94.94.106 - - [13/Aug/2013:15:56:10 -0400] "GET /scripts/website.css HTTP/1.1" 200 1646 "http://www.bogenriefstudios.com/" "Mozilla/4.0 (compatible; MSIE 8.0; Windows NT 6.1; WOW64; Trident/4.0; GTB7.5; SLCC2; .NET CLR 2.0.50727; .NET CLR 3.5.30729; .NET CLR 3.0.30729; Media Center PC 6.0)"
192.94.94.106 - - [13/Aug/2013:15:56:10 -0400] "GET /scripts/print.css HTTP/1.1" 200 - "http://www.bogenriefstudios.com/" "Mozilla/4.0 (compatible; MSIE 8.0; Windows NT 6.1; WOW64; Trident/4.0; GTB7.5; SLCC2; .NET CLR 2.0.50727; .NET CLR 3.5.30729; .NET CLR 3.0.30729; Media Center PC 6.0)"
192.94.94.106 - - [13/Aug/2013:15:56:10 -0400] "GET /scripts/icwebsiteelement.css HTTP/1.1" 200 8132 "http://www.bogenriefstudios.com/" "Mozilla/4.0 (compatible; MSIE 8.0; Windows NT 6.1; WOW64; Trident/4.0; GTB7.5; SLCC2; .NET CLR 2.0.50727; .NET CLR 3.5.30729; .NET CLR 3.0.30729; Media Center PC 6.0)"
192.94.94.106 - - [13/Aug/2013:15:56:10 -0400] "GET /images/ic_034_body_bg_wide.jpg HTTP/1.1" 200 90532 "http://www.bogenriefstudios.com/" "Mozilla/4.0 (compatible; MSIE 8.0; Windows NT 6.1; WOW64; Trident/4.0; GTB7.5; SLCC2; .NET CLR 2.0.50727; .NET CLR 3.5.30729; .NET CLR 3.0.30729; Media Center PC 6.0)"
192.94.94.106 - - [13/Aug/2013:15:56:10 -0400] "GET /images/682_post_card.JPG HTTP/1.1" 200 133316 "http://www.bogenriefstudios.com/" "Mozilla/4.0 (compatible; MSIE 8.0; Windows NT 6.1; WOW64; Trident/4.0; GTB7.5; SLCC2; .NET CLR 2.0.50727; .NET CLR 3.5.30729; .NET CLR 3.0.30729; Media Center PC 6.0)"
74.42.116.226 - - [13/Aug/2013:18:20:09 -0400] "GET /images/265_P1010026.JPG HTTP/1.1" 200 55247 "http://www.bogenriefstudios.com/bogenriefgallery/stainedglasswindows.html" "Mozilla/5.0 (Windows NT 6.0; rv:22.0) Gecko/20100101 Firefox/22.0 AlexaToolbar/amznf-3.0.20121129"
74.42.116.226 - - [13/Aug/2013:18:25:06 -0400] "GET /images/696_tryptich2.JPG HTTP/1.1" 200 142540 "http://www.bogenriefstudios.com/bogenriefgallery/stainedglasswindows.html" "Mozilla/5.0 (Windows NT 6.0; rv:22.0) Gecko/20100101 Firefox/22.0 AlexaToolbar/amznf-3.0.20121129"
5.63.151.189 - - [13/Aug/2013:18:46:00 -0400] "GET / HTTP/1.1" 200 13883 "-" "checks.panopta.com"
66.87.69.0 - - [13/Aug/2013:18:55:20 -0400] "GET /images/682_blue_white_chandelier_-_installed-edited.jpg HTTP/1.1" 200 79065 "http://www.google.com/search?q=the+art+of+glass+blowing&client=ms-android-boost-us&hl=en&source=android-launcher-search&v=133247963&source=lnms&tbm=isch&sa=X&ei=g7gKUqPvCuKq2wWtx4CYBQ&ved=0CAcQ_AUoAQ&biw=320&bih=452&sei=rrgKUpTgIYb42AWa8IGQCw" "Mozilla/5.0 (Linux; U; Android 2.3.5; en-us; N860 Build/GINGERBREAD) AppleWebKit/533.1 (KHTML, like Gecko) Version/4.0 Mobile Safari/533.1"
66.249.75.165 - - [13/Aug/2013:13:50:40 -0400] "GET /bogenriefgallery/stainedglasswindows.html HTTP/1.1" 200 25295 "-" "SAMSUNG-SGH-E250/1.0 Profile/MIDP-2.0 Configuration/CLDC-1.1 UP.Browser/6.2.3.3.c.1.101 (GUI) MMP/2.0 (compatible; Googlebot-Mobile/2.1; +http://www.google.com/bot.html)"
5.63.151.189 - - [13/Aug/2013:13:59:05 -0400] "HEAD / HTTP/1.1" 200 - "-" "checks.panopta.com"
220.181.108.82 - - [13/Aug/2013:14:51:36 -0400] "GET /scripts/user.js HTTP/1.1" 200 23762 "http://www.bogenriefstudios.com/history/inthenews.html" "Mozilla/5.0 (X11; U; Linux x86_64; en-US; rv:1.9) Gecko Minefield/3.0"
220.181.108.121 - - [13/Aug/2013:14:52:37 -0400] "GET /scripts/ic_globals_published.js HTTP/1.1" 200 566 "http://www.bogenriefstudios.com/contactus.html" "Mozilla/5.0 (X11; U; Linux x86_64; en-US; rv:1.9) Gecko Minefield/3.0"
123.125.71.83 - - [13/Aug/2013:14:53:09 -0400] "GET /scripts/13custom.css HTTP/1.1" 200 2827 "-" "Mozilla/5.0 (compatible; Baiduspider/2.0; +http://www.baidu.com/search/spider.html)"
193.106.136.58 - - [13/Aug/2013:07:40:54 -0400] "GET /home.html HTTP/1.1" 200 27081 "http://aztraf.pw/?az54461" "Mozilla/4.0 (compatible; MSIE 6.0; Windows NT 5.1; SV1; Media Center PC"
91.207.9.226 - - [13/Aug/2013:05:59:05 -0400] "GET /home.html HTTP/1.1" 200 27081 "http://basicuse.net/" "Mozilla/4.0 (compatible; MSIE 6.0; Windows XP)"
99.90.21.32 - - [13/Aug/2013:00:46:09 -0400] "GET /images/480_web_site_8.JPG HTTP/1.1" 200 34006 "http://www.bogenriefstudios.com/bogenriefgallery/stainedglasswindows.html" "Mozilla/5.0 (compatible; MSIE 9.0; Windows NT 6.1; Trident/5.0)"
99.90.21.32 - - [13/Aug/2013:00:46:10 -0400] "GET /images/136_new24.JPG HTTP/1.1" 200 13347 "http://www.bogenriefstudios.com/bogenriefgallery/stainedglasswindows.html" "Mozilla/5.0 (compatible; MSIE 9.0; Windows NT 6.1; Trident/5.0)"
99.90.21.32 - - [13/Aug/2013:00:46:10 -0400] "GET /images/218_web_site_1-edited.jpg HTTP/1.1" 200 15464 "http://www.bogenriefstudios.com/bogenriefgallery/stainedglasswindows.html" "Mozilla/5.0 (compatible; MSIE 9.0; Windows NT 6.1; Trident/5.0)"
99.90.21.32 - - [13/Aug/2013:00:46:10 -0400] "GET /images/218_DSC_0100.JPG HTTP/1.1" 200 6754 "http://www.bogenriefstudios.com/bogenriefgallery/stainedglasswindows.html" "Mozilla/5.0 (compatible; MSIE 9.0; Windows NT 6.1; Trident/5.0)"
99.90.21.32 - - [13/Aug/2013:00:46:10 -0400] "GET /images/218_DSC_0084.JPG HTTP/1.1" 200 8321 "http://www.bogenriefstudios.com/bogenriefgallery/stainedglasswindows.html" "Mozilla/5.0 (compatible; MSIE 9.0; Windows NT 6.1; Trident/5.0)"
99.90.21.32 - - [13/Aug/2013:00:46:10 -0400] "GET /images/218_029.JPG HTTP/1.1" 200 12707 "http://www.bogenriefstudios.com/bogenriefgallery/stainedglasswindows.html" "Mozilla/5.0 (compatible; MSIE 9.0; Windows NT 6.1; Trident/5.0)"
99.90.21.32 - - [13/Aug/2013:00:46:10 -0400] "GET /images/153_Combo_Windows_72_.jpg HTTP/1.1" 200 13142 "http://www.bogenriefstudios.com/bogenriefgallery/stainedglasswindows.html" "Mozilla/5.0 (compatible; MSIE 9.0; Windows NT 6.1; Trident/5.0)"
99.90.21.32 - - [13/Aug/2013:00:46:10 -0400] "GET /images/108_Bevel_Window3.jpg HTTP/1.1" 200 12297 "http://www.bogenriefstudios.com/bogenriefgallery/stainedglasswindows.html" "Mozilla/5.0 (compatible; MSIE 9.0; Windows NT 6.1; Trident/5.0)"
99.90.21.32 - - [13/Aug/2013:00:46:10 -0400] "GET /images/75_rocklin_-_green_circle.jpg HTTP/1.1" 200 6434 "http://www.bogenriefstudios.com/bogenriefgallery/stainedglasswindows.html" "Mozilla/5.0 (compatible; MSIE 9.0; Windows NT 6.1; Trident/5.0)"
99.90.21.32 - - [13/Aug/2013:00:46:10 -0400] "GET /images/60_DSC_0051.JPG HTTP/1.1" 200 5951 "http://www.bogenriefstudios.com/bogenriefgallery/stainedglasswindows.html" "Mozilla/5.0 (compatible; MSIE 9.0; Windows NT 6.1; Trident/5.0)"
99.90.21.32 - - [13/Aug/2013:00:46:11 -0400] "GET /images/218_web_site_8.JPG HTTP/1.1" 200 9303 "http://www.bogenriefstudios.com/bogenriefgallery/stainedglasswindows.html" "Mozilla/5.0 (compatible; MSIE 9.0; Windows NT 6.1; Trident/5.0)"
198.105.219.57 - - [13/Aug/2013:09:27:35 -0400] "HEAD / HTTP/1.1" 200 - "-" "checks.panopta.com"
24.234.41.241 - - [13/Aug/2013:10:45:41 -0400] "GET /scripts/ic_globals_published.js HTTP/1.1" 200 566 "http://www.bogenriefstudios.com/" "Mozilla/5.0 (Windows NT 6.1; WOW64; rv:17.0) Gecko/17.0 Firefox/17.0"
24.234.41.241 - - [13/Aug/2013:10:45:41 -0400] "GET /scripts/print.css HTTP/1.1" 200 - "http://www.bogenriefstudios.com/" "Mozilla/5.0 (Windows NT 6.1; WOW64; rv:17.0) Gecko/17.0 Firefox/17.0"
24.234.41.241 - - [13/Aug/2013:10:45:41 -0400] "GET /scripts/13custom.css HTTP/1.1" 200 2827 "http://www.bogenriefstudios.com/" "Mozilla/5.0 (Windows NT 6.1; WOW64; rv:17.0) Gecko/17.0 Firefox/17.0"
24.234.41.241 - - [13/Aug/2013:10:45:41 -0400] "GET /images/682_post_card.JPG HTTP/1.1" 200 133316 "http://www.bogenriefstudios.com/" "Mozilla/5.0 (Windows NT 6.1; WOW64; rv:17.0) Gecko/17.0 Firefox/17.0"
24.234.41.241 - - [13/Aug/2013:10:45:42 -0400] "GET /images/205_025.JPG HTTP/1.1" 200 16394 "http://www.bogenriefstudios.com/" "Mozilla/5.0 (Windows NT 6.1; WOW64; rv:17.0) Gecko/17.0 Firefox/17.0"
188.168.215.59 - - [13/Aug/2013:10:54:43 -0400] "GET /bogenriefgallery/stainedglasswindows.html HTTP/1.1" 200 25295 "http://www.bogenriefstudios.com/" "Mozilla/5.0 (Windows NT 6.1; WOW64) AppleWebKit/537.22 (KHTML, like Gecko) Chrome/25.0.1364.172 YaBrowser/1.7.1364.17262 Safari/537.22"
188.168.215.59 - - [13/Aug/2013:10:54:43 -0400] "GET /images/photoalbum/button_photoSpeed2_ON.jpg HTTP/1.1" 200 492 "http://www.bogenriefstudios.com/bogenriefgallery/stainedglasswindows.html" "Mozilla/5.0 (Windows NT 6.1; WOW64) AppleWebKit/537.22 (KHTML, like Gecko) Chrome/25.0.1364.172 YaBrowser/1.7.1364.17262 Safari/537.22"
188.168.215.59 - - [13/Aug/2013:10:54:43 -0400] "GET /images/218_Grout_Museum_veterans_memorial_wall.jpg HTTP/1.1" 200 7621 "http://www.bogenriefstudios.com/bogenriefgallery/stainedglasswindows.html" "Mozilla/5.0 (Windows NT 6.1; WOW64) AppleWebKit/537.22 (KHTML, like Gecko) Chrome/25.0.1364.172 YaBrowser/1.7.1364.17262 Safari/537.22"
188.168.215.59 - - [13/Aug/2013:10:54:44 -0400] "GET /images/696_John_Gray_Ceiling.JPG HTTP/1.1" 200 90042 "http://www.bogenriefstudios.com/bogenriefgallery/stainedglasswindows.html" "Mozilla/5.0 (Windows NT 6.1; WOW64) AppleWebKit/537.22 (KHTML, like Gecko) Chrome/25.0.1364.172 YaBrowser/1.7.1364.17262 Safari/537.22"
188.168.215.59 - - [13/Aug/2013:10:54:44 -0400] "GET /images/467_AzizaJungleMaiden.jpg HTTP/1.1" 200 96978 "http://www.bogenriefstudios.com/bogenriefgallery/stainedglasswindows.html" "Mozilla/5.0 (Windows NT 6.1; WOW64) AppleWebKit/537.22 (KHTML, like Gecko) Chrome/25.0.1364.172 YaBrowser/1.7.1364.17262 Safari/537.22"
188.168.215.59 - - [13/Aug/2013:10:56:07 -0400] "GET /images/696_P1010001.JPG HTTP/1.1" 200 103260 "http://www.bogenriefstudios.com/bogenriefgallery/ceilingsdomes.html" "Mozilla/5.0 (Windows NT 6.1; WOW64) AppleWebKit/537.22 (KHTML, like Gecko) Chrome/25.0.1364.172 YaBrowser/1.7.1364.17262 Safari/537.22"
188.168.215.59 - - [13/Aug/2013:10:56:09 -0400] "GET /images/696_David_Siegel_Dome.jpg HTTP/1.1" 200 137677 "http://www.bogenriefstudios.com/bogenriefgallery/ceilingsdomes.html" "Mozilla/5.0 (Windows NT 6.1; WOW64) AppleWebKit/537.22 (KHTML, like Gecko) Chrome/25.0.1364.172 YaBrowser/1.7.1364.17262 Safari/537.22"
188.168.215.59 - - [13/Aug/2013:10:56:10 -0400] "GET /images/145_DSC_0238.JPG HTTP/1.1" 200 9335 "http://www.bogenriefstudios.com/bogenriefgallery/ceilingsdomes.html" "Mozilla/5.0 (Windows NT 6.1; WOW64) AppleWebKit/537.22 (KHTML, like Gecko) Chrome/25.0.1364.172 YaBrowser/1.7.1364.17262 Safari/537.22"
188.168.215.59 - - [13/Aug/2013:10:56:10 -0400] "GET /images/635_JDome2.jpg HTTP/1.1" 200 131050 "http://www.bogenriefstudios.com/bogenriefgallery/ceilingsdomes.html" "Mozilla/5.0 (Windows NT 6.1; WOW64) AppleWebKit/537.22 (KHTML, like Gecko) Chrome/25.0.1364.172 YaBrowser/1.7.1364.17262 Safari/537.22"
188.168.215.59 - - [13/Aug/2013:10:56:11 -0400] "GET /images/216_atlanta_dome_1.JPG HTTP/1.1" 200 22209 "http://www.bogenriefstudios.com/bogenriefgallery/ceilingsdomes.html" "Mozilla/5.0 (Windows NT 6.1; WOW64) AppleWebKit/537.22 (KHTML, like Gecko) Chrome/25.0.1364.172 YaBrowser/1.7.1364.17262 Safari/537.22"
188.168.215.59 - - [13/Aug/2013:10:56:11 -0400] "GET /images/696_atlanta_dome_2.JPG HTTP/1.1" 200 59977 "http://www.bogenriefstudios.com/bogenriefgallery/ceilingsdomes.html" "Mozilla/5.0 (Windows NT 6.1; WOW64) AppleWebKit/537.22 (KHTML, like Gecko) Chrome/25.0.1364.172 YaBrowser/1.7.1364.17262 Safari/537.22"
188.168.215.59 - - [13/Aug/2013:10:56:11 -0400] "GET /images/479_atlanta_dome_2.JPG HTTP/1.1" 200 31635 "http://www.bogenriefstudios.com/bogenriefgallery/ceilingsdomes.html" "Mozilla/5.0 (Windows NT 6.1; WOW64) AppleWebKit/537.22 (KHTML, like Gecko) Chrome/25.0.1364.172 YaBrowser/1.7.1364.17262 Safari/537.22"
188.168.215.59 - - [13/Aug/2013:10:56:12 -0400] "GET /images/480_008.JPG HTTP/1.1" 200 66085 "http://www.bogenriefstudios.com/bogenriefgallery/ceilingsdomes.html" "Mozilla/5.0 (Windows NT 6.1; WOW64) AppleWebKit/537.22 (KHTML, like Gecko) Chrome/25.0.1364.172 YaBrowser/1.7.1364.17262 Safari/537.22"
188.168.215.59 - - [13/Aug/2013:10:56:12 -0400] "GET /images/150_34.jpg HTTP/1.1" 200 9772 "http://www.bogenriefstudios.com/bogenriefgallery/ceilingsdomes.html" "Mozilla/5.0 (Windows NT 6.1; WOW64) AppleWebKit/537.22 (KHTML, like Gecko) Chrome/25.0.1364.172 YaBrowser/1.7.1364.17262 Safari/537.22"
188.168.215.59 - - [13/Aug/2013:10:56:12 -0400] "GET /images/218_ceilings_4_.jpg HTTP/1.1" 200 12993 "http://www.bogenriefstudios.com/bogenriefgallery/ceilingsdomes.html" "Mozilla/5.0 (Windows NT 6.1; WOW64) AppleWebKit/537.22 (KHTML, like Gecko) Chrome/25.0.1364.172 YaBrowser/1.7.1364.17262 Safari/537.22"
188.168.215.59 - - [13/Aug/2013:10:56:12 -0400] "GET /images/696_Ceiling_-_Lauritzen_Gardens_030_-_cropped.jpg HTTP/1.1" 200 117070 "http://www.bogenriefstudios.com/bogenriefgallery/ceilingsdomes.html" "Mozilla/5.0 (Windows NT 6.1; WOW64) AppleWebKit/537.22 (KHTML, like Gecko) Chrome/25.0.1364.172 YaBrowser/1.7.1364.17262 Safari/537.22"
188.168.215.59 - - [13/Aug/2013:10:56:13 -0400] "GET /images/480_Dome10.jpg HTTP/1.1" 200 41460 "http://www.bogenriefstudios.com/bogenriefgallery/ceilingsdomes.html" "Mozilla/5.0 (Windows NT 6.1; WOW64) AppleWebKit/537.22 (KHTML, like Gecko) Chrome/25.0.1364.172 YaBrowser/1.7.1364.17262 Safari/537.22"
188.168.215.59 - - [13/Aug/2013:10:56:13 -0400] "GET /images/176_Dome7.jpg HTTP/1.1" 200 10712 "http://www.bogenriefstudios.com/bogenriefgallery/ceilingsdomes.html" "Mozilla/5.0 (Windows NT 6.1; WOW64) AppleWebKit/537.22 (KHTML, like Gecko) Chrome/25.0.1364.172 YaBrowser/1.7.1364.17262 Safari/537.22"
188.168.215.59 - - [13/Aug/2013:10:56:13 -0400] "GET /images/696_Dome8.jpg HTTP/1.1" 200 70220 "http://www.bogenriefstudios.com/bogenriefgallery/ceilingsdomes.html" "Mozilla/5.0 (Windows NT 6.1; WOW64) AppleWebKit/537.22 (KHTML, like Gecko) Chrome/25.0.1364.172 YaBrowser/1.7.1364.17262 Safari/537.22"
188.168.215.59 - - [13/Aug/2013:10:56:14 -0400] "GET /images/521_Dome_-_hangers_004.jpg HTTP/1.1" 200 62573 "http://www.bogenriefstudios.com/bogenriefgallery/ceilingsdomes.html" "Mozilla/5.0 (Windows NT 6.1; WOW64) AppleWebKit/537.22 (KHTML, like Gecko) Chrome/25.0.1364.172 YaBrowser/1.7.1364.17262 Safari/537.22"
188.168.215.59 - - [13/Aug/2013:10:56:14 -0400] "GET /images/480_SUTH0079.jpg HTTP/1.1" 200 56870 "http://www.bogenriefstudios.com/bogenriefgallery/ceilingsdomes.html" "Mozilla/5.0 (Windows NT 6.1; WOW64) AppleWebKit/537.22 (KHTML, like Gecko) Chrome/25.0.1364.172 YaBrowser/1.7.1364.17262 Safari/537.22"
204.73.55.10 - - [13/Aug/2013:11:55:26 -0400] "GET /studios.html HTTP/1.1" 200 30400 "http://www.google.com/url?sa=t&rct=j&q=glass+blowing+spencer+iowa&source=web&cd=1&ved=0CCwQFjAA&url=http%3A%2F%2Fwww.bogenriefstudios.com%2Fstudios.html&ei=0VYKUtbaKeS22AXJooGQCQ&usg=AFQjCNGRxcLSGMXdC6tmOh3JHbQcPnXfVQ&bvm=bv.50500085,d.b2I" "Mozilla/4.0 (compatible; MSIE 8.0; Windows NT 5.1; Trident/4.0; .NET CLR 1.1.4322; .NET CLR 2.0.50727; .NET CLR 3.0.4506.2152; .NET CLR 3.5.30729; .NET4.0C; .NET4.0E; InfoPath.3)"
204.73.55.10 - - [13/Aug/2013:11:55:26 -0400] "GET /scripts/icwebsiteelement.css HTTP/1.1" 200 8132 "http://www.bogenriefstudios.com/studios.html" "Mozilla/4.0 (compatible; MSIE 8.0; Windows NT 5.1; Trident/4.0; .NET CLR 1.1.4322; .NET CLR 2.0.50727; .NET CLR 3.0.4506.2152; .NET CLR 3.5.30729; .NET4.0C; .NET4.0E; InfoPath.3)"
204.73.55.10 - - [13/Aug/2013:11:55:27 -0400] "GET /images/68.jpg HTTP/1.1" 200 11436 "http://www.bogenriefstudios.com/studios.html" "Mozilla/4.0 (compatible; MSIE 8.0; Windows NT 5.1; Trident/4.0; .NET CLR 1.1.4322; .NET CLR 2.0.50727; .NET CLR 3.0.4506.2152; .NET CLR 3.5.30729; .NET4.0C; .NET4.0E; InfoPath.3)"
204.73.55.10 - - [13/Aug/2013:11:55:28 -0400] "GET /images/196_Blown_Glass_043.jpg HTTP/1.1" 200 20009 "http://www.bogenriefstudios.com/studios.html" "Mozilla/4.0 (compatible; MSIE 8.0; Windows NT 5.1; Trident/4.0; .NET CLR 1.1.4322; .NET CLR 2.0.50727; .NET CLR 3.0.4506.2152; .NET CLR 3.5.30729; .NET4.0C; .NET4.0E; InfoPath.3)"
70.196.65.183 - - [13/Aug/2013:21:11:08 -0400] "GET /images/682_Daydream_001.jpg HTTP/1.1" 200 215855 "http://www.google.com/url?sa=i&rct=j&q=alphonse+mucha&source=images&cd=&docid=CPA85vu-vgBwqM&tbnid=RZtJ-vCLBQH46M:&ved=0CAIQjBw&url=http%3A%2F%2Fwww.bogenriefstudios.com%2Fimages%2F682_Daydream_001.jpg&ei=J9kKUsqNL8ekyQGAnIHYBQ&bvm=bv.50723672,d.b2I&psig=AFQjCNELQt7Q3CBMxgBzFzyMfiWawkVvuQ&ust=1376529002346711" "Mozilla/5.0 (compatible; MSIE 9.0; Windows NT 6.0; WOW64; Trident/5.0)"
81.27.53.6 - - [13/Aug/2013:22:22:36 -0400] "GET /images/314_Lauritzen_Gardens_42_.jpg HTTP/1.1" 200 31524 "http://www.liveinternet.ru/users/migda/post152674608" "Mozilla/5.0 (Windows NT 6.1; rv:22.0) Gecko/20100101 Firefox/22.0"
81.27.53.6 - - [13/Aug/2013:22:22:36 -0400] "GET /images/150_Summer.JPG HTTP/1.1" 200 19062 "http://www.liveinternet.ru/users/migda/post152674608" "Mozilla/5.0 (Windows NT 6.1; rv:22.0) Gecko/20100101 Firefox/22.0"
81.27.53.6 - - [13/Aug/2013:22:22:37 -0400] "GET /images/682_rocklin_-_sun_moon.jpg HTTP/1.1" 200 29490 "http://www.liveinternet.ru/users/migda/post152674608" "Mozilla/5.0 (Windows NT 6.1; rv:22.0) Gecko/20100101 Firefox/22.0"
81.27.53.6 - - [13/Aug/2013:22:22:39 -0400] "GET /images/682_web_site_4-edited.jpg HTTP/1.1" 200 151078 "http://www.liveinternet.ru/users/migda/post152674608" "Mozilla/5.0 (Windows NT 6.1; rv:22.0) Gecko/20100101 Firefox/22.0"
95.169.240.188 - - [13/Aug/2013:10:01:55 -0400] "GET /images/682_Daydream_001.jpg HTTP/1.1" 200 215855 "http://www.forocartagena.com/t57-modernismo-objetos-mobiliario-pintura" "Mozilla/5.0 (compatible; MSIE 9.0; Windows NT 6.1; Trident/5.0)"
96.8.175.60 - - [13/Aug/2013:10:39:26 -0400] "GET /images/682_blue_white_chandelier_-_installed-edited.jpg HTTP/1.1" 200 79065 "https://www.google.com/" "Mozilla/5.0 (iPhone; CPU iPhone OS 6_1_3 like Mac OS X) AppleWebKit/536.26 (KHTML, like Gecko) Version/6.0 Mobile/10B329 Safari/8536.25"
182.64.17.217 - - [13/Aug/2013:10:47:07 -0400] "GET /images/314_Lauritzen_Gardens_33_-_modified.jpg HTTP/1.1" 200 44364 "http://www.google.co.in/blank.html" "Mozilla/5.0 (Windows NT 6.0) AppleWebKit/537.36 (KHTML, like Gecko) Chrome/28.0.1500.72 Safari/537.36"
188.168.215.59 - - [13/Aug/2013:10:55:09 -0400] "GET /images/175_SF_grapes_006.JPG HTTP/1.1" 200 15651 "http://www.bogenriefstudios.com/bogenriefgallery/stainedglasswindows.html" "Mozilla/5.0 (Windows NT 6.1; WOW64) AppleWebKit/537.22 (KHTML, like Gecko) Chrome/25.0.1364.172 YaBrowser/1.7.1364.17262 Safari/537.22"
188.168.215.59 - - [13/Aug/2013:10:56:07 -0400] "GET /images/218_P1010001.JPG HTTP/1.1" 200 13416 "http://www.bogenriefstudios.com/bogenriefgallery/ceilingsdomes.html" "Mozilla/5.0 (Windows NT 6.1; WOW64) AppleWebKit/537.22 (KHTML, like Gecko) Chrome/25.0.1364.172 YaBrowser/1.7.1364.17262 Safari/537.22"
188.168.215.59 - - [13/Aug/2013:10:56:07 -0400] "GET /images/480_P1010001.JPG HTTP/1.1" 200 56007 "http://www.bogenriefstudios.com/bogenriefgallery/ceilingsdomes.html" "Mozilla/5.0 (Windows NT 6.1; WOW64) AppleWebKit/537.22 (KHTML, like Gecko) Chrome/25.0.1364.172 YaBrowser/1.7.1364.17262 Safari/537.22"
5.63.151.189 - - [13/Aug/2013:11:12:46 -0400] "HEAD / HTTP/1.1" 200 - "-" "checks.panopta.com"
188.168.215.59 - - [13/Aug/2013:11:18:34 -0400] "GET /favicon.ico HTTP/1.1" 404 575 "-" "Mozilla/5.0 (Windows NT 6.1; WOW64) AppleWebKit/537.22 (KHTML, like Gecko) Chrome/25.0.1364.172 YaBrowser/1.7.1364.17262 Safari/537.22"
204.63.248.215 - - [13/Aug/2013:12:08:59 -0400] "GET /images/682_blue_white_chandelier_-_installed-edited.jpg HTTP/1.1" 200 79065 "http://ca.search.yahoo.com/search;_ylt=A0geu8P8WQpSM0kApazrFAx.?p=blow%20glass%20pictures&fr2=sb-top&fr=yfp-t-715&rd=r1" "Mozilla/5.0 (compatible; MSIE 10.0; Windows NT 6.1; WOW64; Trident/6.0)"
66.249.85.227 - - [13/Aug/2013:13:48:07 -0400] "GET /images/682_blue_white_chandelier_-_installed-edited.jpg HTTP/1.1" 200 79065 "-" "Mozilla/5.0 (Windows; U; Windows NT 5.1; de; rv:1.9.0.7) Gecko/2009021910 Firefox/3.0.7 (via ggpht.com)"
99.90.21.32 - - [13/Aug/2013:00:45:21 -0400] "GET /onlinestore.html HTTP/1.1" 200 202 "http://www.bogenriefstudios.com/bogenriefgallery/lampshades.html" "Mozilla/5.0 (compatible; MSIE 9.0; Windows NT 6.1; Trident/5.0)"
66.249.75.119 - - [13/Aug/2013:02:11:48 -0400] "GET /scripts/user.js HTTP/1.1" 200 23762 "-" "Mozilla/5.0 (compatible; Googlebot/2.1; +http://www.google.com/bot.html)"
5.63.151.189 - - [13/Aug/2013:02:38:53 -0400] "GET / HTTP/1.1" 200 13883 "-" "checks.panopta.com"
151.75.26.118 - - [13/Aug/2013:02:41:44 -0400] "GET / HTTP/1.1" 200 13883 "-" "Java/1.6.0_04"
5.63.151.189 - - [13/Aug/2013:15:44:56 -0400] "HEAD / HTTP/1.1" 200 - "-" "checks.panopta.com"
65.55.215.79 - - [13/Aug/2013:21:10:20 -0400] "GET /robots.txt HTTP/1.1" 200 25 "-" "msnbot-media/1.1 (+http://search.msn.com/msnbot.htm)"
70.196.65.183 - - [13/Aug/2013:21:11:03 -0400] "GET /images/682_Daydream_001.jpg HTTP/1.1" 200 215855 "http://www.google.com/blank.html" "Mozilla/5.0 (compatible; MSIE 9.0; Windows NT 6.0; WOW64; Trident/5.0)"
70.196.65.183 - - [13/Aug/2013:21:11:21 -0400] "GET /favicon.ico HTTP/1.1" 404 575 "-" "Mozilla/5.0 (compatible; MSIE 9.0; Windows NT 6.0; WOW64; Trident/5.0)"
97.81.43.217 - - [13/Aug/2013:21:16:26 -0400] "GET /images/photoalbum/button_photoNext.jpg HTTP/1.1" 200 662 "http://www.bogenriefstudios.com/bogenriefgallery/blownfusedglass.html" "Mozilla/5.0 (compatible; MSIE 10.0; Windows NT 6.1; WOW64; Trident/6.0)"
97.81.43.217 - - [13/Aug/2013:21:16:26 -0400] "GET /images/photoalbum/button_photoSpeed1_ON.jpg HTTP/1.1" 200 476 "http://www.bogenriefstudios.com/bogenriefgallery/blownfusedglass.html" "Mozilla/5.0 (compatible; MSIE 10.0; Windows NT 6.1; WOW64; Trident/6.0)"
97.81.43.217 - - [13/Aug/2013:21:16:26 -0400] "GET /images/350_SPEN0001.JPG HTTP/1.1" 200 29379 "http://www.bogenriefstudios.com/bogenriefgallery/blownfusedglass.html" "Mozilla/5.0 (compatible; MSIE 10.0; Windows NT 6.1; WOW64; Trident/6.0)"
97.81.43.217 - - [13/Aug/2013:21:16:26 -0400] "GET /images/480_SPEN0034.JPG HTTP/1.1" 200 20513 "http://www.bogenriefstudios.com/bogenriefgallery/blownfusedglass.html" "Mozilla/5.0 (compatible; MSIE 10.0; Windows NT 6.1; WOW64; Trident/6.0)"
97.81.43.217 - - [13/Aug/2013:21:16:26 -0400] "GET /images/480_SPEN0048.JPG HTTP/1.1" 200 25152 "http://www.bogenriefstudios.com/bogenriefgallery/blownfusedglass.html" "Mozilla/5.0 (compatible; MSIE 10.0; Windows NT 6.1; WOW64; Trident/6.0)"
97.81.43.217 - - [13/Aug/2013:21:16:26 -0400] "GET /images/363_SPEN0088.JPG HTTP/1.1" 200 19924 "http://www.bogenriefstudios.com/bogenriefgallery/blownfusedglass.html" "Mozilla/5.0 (compatible; MSIE 10.0; Windows NT 6.1; WOW64; Trident/6.0)"
97.81.43.217 - - [13/Aug/2013:21:16:26 -0400] "GET /images/350_SPEN0110.JPG HTTP/1.1" 200 20118 "http://www.bogenriefstudios.com/bogenriefgallery/blownfusedglass.html" "Mozilla/5.0 (compatible; MSIE 10.0; Windows NT 6.1; WOW64; Trident/6.0)"
97.81.43.217 - - [13/Aug/2013:21:16:27 -0400] "GET /images/480_SUTH0008.JPG HTTP/1.1" 200 22550 "http://www.bogenriefstudios.com/bogenriefgallery/blownfusedglass.html" "Mozilla/5.0 (compatible; MSIE 10.0; Windows NT 6.1; WOW64; Trident/6.0)"
97.81.43.217 - - [13/Aug/2013:21:16:27 -0400] "GET /images/403_SUTH0048.JPG HTTP/1.1" 200 24358 "http://www.bogenriefstudios.com/bogenriefgallery/blownfusedglass.html" "Mozilla/5.0 (compatible; MSIE 10.0; Windows NT 6.1; WOW64; Trident/6.0)"
97.81.43.217 - - [13/Aug/2013:21:16:27 -0400] "GET /images/480_weddingblown_015.jpg HTTP/1.1" 200 18470 "http://www.bogenriefstudios.com/bogenriefgallery/blownfusedglass.html" "Mozilla/5.0 (compatible; MSIE 10.0; Windows NT 6.1; WOW64; Trident/6.0)"
97.81.43.217 - - [13/Aug/2013:21:17:16 -0400] "GET /images/218_DSC00131.JPG HTTP/1.1" 200 7563 "http://www.bogenriefstudios.com/bogenriefgallery/chandeliers.html" "Mozilla/5.0 (compatible; MSIE 10.0; Windows NT 6.1; WOW64; Trident/6.0)"
97.81.43.217 - - [13/Aug/2013:21:17:16 -0400] "GET /images/218_Lauritzen_Gardens_35_.jpg HTTP/1.1" 200 9109 "http://www.bogenriefstudios.com/bogenriefgallery/chandeliers.html" "Mozilla/5.0 (compatible; MSIE 10.0; Windows NT 6.1; WOW64; Trident/6.0)"
97.81.43.217 - - [13/Aug/2013:21:17:16 -0400] "GET /images/112_191.JPG HTTP/1.1" 200 9760 "http://www.bogenriefstudios.com/bogenriefgallery/chandeliers.html" "Mozilla/5.0 (compatible; MSIE 10.0; Windows NT 6.1; WOW64; Trident/6.0)"
97.81.43.217 - - [13/Aug/2013:21:17:16 -0400] "GET /images/146_194.JPG HTTP/1.1" 200 13979 "http://www.bogenriefstudios.com/bogenriefgallery/chandeliers.html" "Mozilla/5.0 (compatible; MSIE 10.0; Windows NT 6.1; WOW64; Trident/6.0)"
97.81.43.217 - - [13/Aug/2013:21:17:17 -0400] "GET /images/146_grape_dome_547.JPG HTTP/1.1" 200 11313 "http://www.bogenriefstudios.com/bogenriefgallery/chandeliers.html" "Mozilla/5.0 (compatible; MSIE 10.0; Windows NT 6.1; WOW64; Trident/6.0)"
182.68.202.178 - - [13/Aug/2013:04:55:09 -0400] "GET /scripts/website.css HTTP/1.1" 200 1646 "http://www.bogenriefstudios.com/contactus.html" "Mozilla/5.0 (Windows; U; Windows NT 5.1; en-US; rv:1.9.2.19) Gecko/20110707 Firefox/3.6.19 GTB7.1 (.NET CLR 3.5.30729)"
182.68.202.178 - - [13/Aug/2013:04:55:18 -0400] "GET /scripts/ic_globals_published.js HTTP/1.1" 200 566 "http://www.bogenriefstudios.com/contactus.html" "Mozilla/5.0 (Windows; U; Windows NT 5.1; en-US; rv:1.9.2.19) Gecko/20110707 Firefox/3.6.19 GTB7.1 (.NET CLR 3.5.30729)"
182.68.202.178 - - [13/Aug/2013:04:55:18 -0400] "GET /images/68.jpg HTTP/1.1" 200 11436 "http://www.bogenriefstudios.com/scripts/website.css" "Mozilla/5.0 (Windows; U; Windows NT 5.1; en-US; rv:1.9.2.19) Gecko/20110707 Firefox/3.6.19 GTB7.1 (.NET CLR 3.5.30729)"
220.181.108.104 - - [13/Aug/2013:05:50:07 -0400] "GET /onlinestore.html HTTP/1.1" 200 202 "-" "Mozilla/5.0 (compatible; Baiduspider/2.0; +http://www.baidu.com/search/spider.html)"
199.30.20.110 - - [13/Aug/2013:18:21:07 -0400] "GET /robots.txt HTTP/1.1" 200 25 "-" "msnbot-media/1.1 (+http://search.msn.com/msnbot.htm)"
199.30.20.85 - - [13/Aug/2013:18:23:47 -0400] "GET /robots.txt HTTP/1.1" 200 25 "-" "msnbot-media/1.1 (+http://search.msn.com/msnbot.htm)"
74.42.116.226 - - [13/Aug/2013:18:25:15 -0400] "GET /images/465_DSC_0055.JPG HTTP/1.1" 200 80173 "http://www.bogenriefstudios.com/bogenriefgallery/stainedglasswindows.html" "Mozilla/5.0 (Windows NT 6.0; rv:22.0) Gecko/20100101 Firefox/22.0 AlexaToolbar/amznf-3.0.20121129"
67.186.193.155 - - [13/Aug/2013:19:37:35 -0400] "GET /images/682_blue_white_chandelier_-_installed-edited.jpg HTTP/1.1" 200 79065 "-" "Mozilla/5.0 (iPad; CPU OS 6_1_3 like Mac OS X) AppleWebKit/536.26 (KHTML, like Gecko) Version/6.0 Mobile/10B329 Safari/8536.25"
199.30.20.85 - - [13/Aug/2013:18:23:47 -0400] "GET /images/273_Blown_Glass_052_-_modified.jpg HTTP/1.1" 200 21982 "-" "msnbot-media/1.1 (+http://search.msn.com/msnbot.htm)"
74.42.116.226 - - [13/Aug/2013:18:25:57 -0400] "GET /images/696_web_site_9-edited.jpg HTTP/1.1" 200 66511 "http://www.bogenriefstudios.com/bogenriefgallery/stainedglasswindows.html" "Mozilla/5.0 (Windows NT 6.0; rv:22.0) Gecko/20100101 Firefox/22.0 AlexaToolbar/amznf-3.0.20121129"
217.212.231.65 - - [13/Aug/2013:20:07:43 -0400] "GET /scripts/icwebsiteelement.css HTTP/1.1" 200 8132 "http://www.bogenriefstudios.com/" "Opera/9.80 (Android; Opera Mini/7.5.32199/30.3643; U; ru) Presto/2.8.119 Version/11.10"
99.90.21.32 - - [13/Aug/2013:00:44:48 -0400] "GET /images/photoalbum/button_photoPause.jpg HTTP/1.1" 200 605 "http://www.bogenriefstudios.com/bogenriefgallery/ladiesofbogenrief.html" "Mozilla/5.0 (compatible; MSIE 9.0; Windows NT 6.1; Trident/5.0)"
99.90.21.32 - - [13/Aug/2013:00:44:48 -0400] "GET /images/photoalbum/button_photoSpeed4.jpg HTTP/1.1" 200 506 "http://www.bogenriefstudios.com/bogenriefgallery/ladiesofbogenrief.html" "Mozilla/5.0 (compatible; MSIE 9.0; Windows NT 6.1; Trident/5.0)"
99.90.21.32 - - [13/Aug/2013:00:44:48 -0400] "GET /images/480_LADY_Daydreamer_Lady_closeup.jpg HTTP/1.1" 200 68115 "http://www.bogenriefstudios.com/bogenriefgallery/ladiesofbogenrief.html" "Mozilla/5.0 (compatible; MSIE 9.0; Windows NT 6.1; Trident/5.0)"
99.90.21.32 - - [13/Aug/2013:00:44:49 -0400] "GET /images/221_LADY_4_Seasons_Lady_Winter_1.jpg HTTP/1.1" 200 47790 "http://www.bogenriefstudios.com/bogenriefgallery/ladiesofbogenrief.html" "Mozilla/5.0 (compatible; MSIE 9.0; Windows NT 6.1; Trident/5.0)"
99.90.21.32 - - [13/Aug/2013:00:44:49 -0400] "GET /images/364_LADY_Sarah_3.JPG HTTP/1.1" 200 58032 "http://www.bogenriefstudios.com/bogenriefgallery/ladiesofbogenrief.html" "Mozilla/5.0 (compatible; MSIE 9.0; Windows NT 6.1; Trident/5.0)"
99.90.21.32 - - [13/Aug/2013:00:44:50 -0400] "GET /images/480_LADY_Champ_Ladies.jpg HTTP/1.1" 200 39905 "http://www.bogenriefstudios.com/bogenriefgallery/ladiesofbogenrief.html" "Mozilla/5.0 (compatible; MSIE 9.0; Windows NT 6.1; Trident/5.0)"
99.90.21.32 - - [13/Aug/2013:00:44:50 -0400] "GET /images/360_LADY_4_Seasons_Lady_Spring_closeup.jpg HTTP/1.1" 200 54522 "http://www.bogenriefstudios.com/bogenriefgallery/ladiesofbogenrief.html" "Mozilla/5.0 (compatible; MSIE 9.0; Windows NT 6.1; Trident/5.0)"
99.90.21.32 - - [13/Aug/2013:00:44:51 -0400] "GET /images/162_LADY_Daydreamer_Lady_1.jpg HTTP/1.1" 200 19155 "http://www.bogenriefstudios.com/bogenriefgallery/ladiesofbogenrief.html" "Mozilla/5.0 (compatible; MSIE 9.0; Windows NT 6.1; Trident/5.0)"
99.90.21.32 - - [13/Aug/2013:00:44:51 -0400] "GET /images/218_LADY_Flower_Ladies.jpg HTTP/1.1" 200 12244 "http://www.bogenriefstudios.com/bogenriefgallery/ladiesofbogenrief.html" "Mozilla/5.0 (compatible; MSIE 9.0; Windows NT 6.1; Trident/5.0)"
