192.94.94.106 - - [13/Aug/2013:15:57:31 -0400] "GET /images/160_LADY_Sarah_1.jpg HTTP/1.1" 200 14520 "http://www.bogenriefstudios.com/bogenriefgallery/ladiesofbogenrief.html" "Mozilla/4.0 (compatible; MSIE 8.0; Windows NT 6.1; WOW64; Trident/4.0; GTB7.5; SLCC2; .NET CLR 2.0.50727; .NET CLR 3.5.30729; .NET CLR 3.0.30729; Media Center PC 6.0)"
192.94.94.106 - - [13/Aug/2013:15:57:31 -0400] "GET /images/218_LADY_4_Stages_of_the_Day_Ladies.jpg HTTP/1.1" 200 13100 "http://www.bogenriefstudios.com/bogenriefgallery/ladiesofbogenrief.html" "Mozilla/4.0 (compatible; MSIE 8.0; Windows NT 6.1; WOW64; Trident/4.0; GTB7.5; SLCC2; .NET CLR 2.0.50727; .NET CLR 3.5.30729; .NET CLR 3.0.30729; Media Center PC 6.0)"
192.94.94.106 - - [13/Aug/2013:15:57:32 -0400] "GET /images/218_LADY_Butterfly_Champ_closeup.jpg HTTP/1.1" 200 18987 "http://www.bogenriefstudios.com/bogenriefgallery/ladiesofbogenrief.html" "Mozilla/4.0 (compatible; MSIE 8.0; Windows NT 6.1; WOW64; Trident/4.0; GTB7.5; SLCC2; .NET CLR 2.0.50727; .NET CLR 3.5.30729; .NET CLR 3.0.30729; Media Center PC 6.0)"
192.94.94.106 - - [13/Aug/2013:15:57:32 -0400] "GET /images/163_LADY_4_Seasons_Lady_Spring_closeup.jpg HTTP/1.1" 200 15082 "http://www.bogenriefstudios.com/bogenriefgallery/ladiesofbogenrief.html" "Mozilla/4.0 (compatible; MSIE 8.0; Windows NT 6.1; WOW64; Trident/4.0; GTB7.5; SLCC2; .NET CLR 2.0.50727; .NET CLR 3.5.30729; .NET CLR 3.0.30729; Media Center PC 6.0)"
192.94.94.106 - - [13/Aug/2013:15:57:32 -0400] "GET /images/145_LADY_Ladies_in_a_home_1.JPG HTTP/1.1" 200 12119 "http://www.bogenriefstudios.com/bogenriefgallery/ladiesofbogenrief.html" "Mozilla/4.0 (compatible; MSIE 8.0; Windows NT 6.1; WOW64; Trident/4.0; GTB7.5; SLCC2; .NET CLR 2.0.50727; .NET CLR 3.5.30729; .NET CLR 3.0.30729; Media Center PC 6.0)"
192.94.94.106 - - [13/Aug/2013:15:57:32 -0400] "GET /images/218_LADY_closeup.JPG HTTP/1.1" 200 16823 "http://www.bogenriefstudios.com/bogenriefgallery/ladiesofbogenrief.html" "Mozilla/4.0 (compatible; MSIE 8.0; Windows NT 6.1; WOW64; Trident/4.0; GTB7.5; SLCC2; .NET CLR 2.0.50727; .NET CLR 3.5.30729; .NET CLR 3.0.30729; Media Center PC 6.0)"
192.94.94.106 - - [13/Aug/2013:15:57:32 -0400] "GET /images/696_LADY_Daydreamer_Lady_closeup.jpg HTTP/1.1" 200 122357 "http://www.bogenriefstudios.com/bogenriefgallery/ladiesofbogenrief.html" "Mozilla/4.0 (compatible; MSIE 8.0; Windows NT 6.1; WOW64; Trident/4.0; GTB7.5; SLCC2; .NET CLR 2.0.50727; .NET CLR 3.5.30729; .NET CLR 3.0.30729; Media Center PC 6.0)"
97.118.141.138 - - [13/Aug/2013:16:05:34 -0400] "GET /scripts/13custom.css HTTP/1.1" 200 2827 "http://www.bogenriefstudios.com/" "Mozilla/5.0 (Macintosh; Intel Mac OS X 10_7_4) AppleWebKit/536.25 (KHTML, like Gecko) Version/6.0 Safari/536.25"
97.118.141.138 - - [13/Aug/2013:16:05:37 -0400] "GET /images/198_052_2_.JPG HTTP/1.1" 200 7649 "http://www.bogenriefstudios.com/" "Mozilla/5.0 (Macintosh; Intel Mac OS X 10_7_4) AppleWebKit/536.25 (KHTML, like Gecko) Version/6.0 Safari/536.25"
97.118.141.138 - - [13/Aug/2013:16:05:37 -0400] "GET /images/321_Richards_install_004.JPG HTTP/1.1" 200 21479 "http://www.bogenriefstudios.com/" "Mozilla/5.0 (Macintosh; Intel Mac OS X 10_7_4) AppleWebKit/536.25 (KHTML, like Gecko) Version/6.0 Safari/536.25"
5.63.151.189 - - [13/Aug/2013:17:45:41 -0400] "HEAD / HTTP/1.1" 200 - "-" "checks.panopta.com"
74.42.116.226 - - [13/Aug/2013:18:20:15 -0400] "GET /images/218_new26.JPG HTTP/1.1" 200 17309 "http://www.bogenriefstudios.com/bogenriefgallery/stainedglasswindows.html" "Mozilla/5.0 (Windows NT 6.0; rv:22.0) Gecko/20100101 Firefox/22.0 AlexaToolbar/amznf-3.0.20121129"
74.42.116.226 - - [13/Aug/2013:18:20:17 -0400] "GET /images/218_mjbhome%20int%20sm%20scale.jpg HTTP/1.1" 404 575 "http://www.bogenriefstudios.com/bogenriefgallery/stainedglasswindows.html" "Mozilla/5.0 (Windows NT 6.0; rv:22.0) Gecko/20100101 Firefox/22.0 AlexaToolbar/amznf-3.0.20121129"
74.42.116.226 - - [13/Aug/2013:18:20:17 -0400] "GET /images/218_DSC_0100.JPG HTTP/1.1" 200 6754 "http://www.bogenriefstudios.com/bogenriefgallery/stainedglasswindows.html" "Mozilla/5.0 (Windows NT 6.0; rv:22.0) Gecko/20100101 Firefox/22.0 AlexaToolbar/amznf-3.0.20121129"
74.42.116.226 - - [13/Aug/2013:18:20:18 -0400] "GET /images/218_Omaha_show_011.JPG HTTP/1.1" 200 9328 "http://www.bogenriefstudios.com/bogenriefgallery/stainedglasswindows.html" "Mozilla/5.0 (Windows NT 6.0; rv:22.0) Gecko/20100101 Firefox/22.0 AlexaToolbar/amznf-3.0.20121129"
74.42.116.226 - - [13/Aug/2013:18:20:18 -0400] "GET /images/218_DSC_0084.JPG HTTP/1.1" 200 8321 "http://www.bogenriefstudios.com/bogenriefgallery/stainedglasswindows.html" "Mozilla/5.0 (Windows NT 6.0; rv:22.0) Gecko/20100101 Firefox/22.0 AlexaToolbar/amznf-3.0.20121129"
74.42.116.226 - - [13/Aug/2013:18:20:18 -0400] "GET /images/218_Omaha_show_004.JPG HTTP/1.1" 200 14321 "http://www.bogenriefstudios.com/bogenriefgallery/stainedglasswindows.html" "Mozilla/5.0 (Windows NT 6.0; rv:22.0) Gecko/20100101 Firefox/22.0 AlexaToolbar/amznf-3.0.20121129"
74.42.116.226 - - [13/Aug/2013:18:20:18 -0400] "GET /images/218_029.JPG HTTP/1.1" 200 12707 "http://www.bogenriefstudios.com/bogenriefgallery/stainedglasswindows.html" "Mozilla/5.0 (Windows NT 6.0; rv:22.0) Gecko/20100101 Firefox/22.0 AlexaToolbar/amznf-3.0.20121129"
74.42.116.226 - - [13/Aug/2013:18:20:18 -0400] "GET /images/218_011_2_.JPG HTTP/1.1" 200 12826 "http://www.bogenriefstudios.com/bogenriefgallery/stainedglasswindows.html" "Mozilla/5.0 (Windows NT 6.0; rv:22.0) Gecko/20100101 Firefox/22.0 AlexaToolbar/amznf-3.0.20121129"
74.42.116.226 - - [13/Aug/2013:18:20:19 -0400] "GET /images/209_DSC_0087.JPG HTTP/1.1" 200 16100 "http://www.bogenriefstudios.com/bogenriefgallery/stainedglasswindows.html" "Mozilla/5.0 (Windows NT 6.0; rv:22.0) Gecko/20100101 Firefox/22.0 AlexaToolbar/amznf-3.0.20121129"
74.42.116.226 - - [13/Aug/2013:18:20:19 -0400] "GET /images/108_Bevel_Window3.jpg HTTP/1.1" 200 12297 "http://www.bogenriefstudios.com/bogenriefgallery/stainedglasswindows.html" "Mozilla/5.0 (Windows NT 6.0; rv:22.0) Gecko/20100101 Firefox/22.0 AlexaToolbar/amznf-3.0.20121129"
74.42.116.226 - - [13/Aug/2013:18:20:21 -0400] "GET /images/218_web_site_8.JPG HTTP/1.1" 200 9303 "http://www.bogenriefstudios.com/bogenriefgallery/stainedglasswindows.html" "Mozilla/5.0 (Windows NT 6.0; rv:22.0) Gecko/20100101 Firefox/22.0 AlexaToolbar/amznf-3.0.20121129"
74.42.116.226 - - [13/Aug/2013:18:20:22 -0400] "GET /images/480_lincoln,_NE_011.jpg HTTP/1.1" 200 59105 "http://www.bogenriefstudios.com/bogenriefgallery/stainedglasswindows.html" "Mozilla/5.0 (Windows NT 6.0; rv:22.0) Gecko/20100101 Firefox/22.0 AlexaToolbar/amznf-3.0.20121129"
217.212.231.65 - - [13/Aug/2013:20:10:13 -0400] "GET /bogenriefgallery.html HTTP/1.1" 200 13883 "http://www.bogenriefstudios.com/" "Opera/9.80 (Android; Opera Mini/7.5.32199/30.3643; U; ru) Presto/2.8.119 Version/11.10"
199.21.99.79 - - [13/Aug/2013:18:06:14 -0400] "GET /robots.txt HTTP/1.1" 200 25 "-" "Mozilla/5.0 (compatible; YandexBot/3.0; +http://yandex.com/bots)"
74.42.116.226 - - [13/Aug/2013:18:26:32 -0400] "GET /images/480_mjbhome%20int%20sm%20scale.jpg HTTP/1.1" 404 575 "http://www.bogenriefstudios.com/bogenriefgallery/stainedglasswindows.html" "Mozilla/5.0 (Windows NT 6.0; rv:22.0) Gecko/20100101 Firefox/22.0 AlexaToolbar/amznf-3.0.20121129"
204.73.55.10 - - [13/Aug/2013:11:55:35 -0400] "GET /favicon.ico HTTP/1.1" 404 575 "-" "Mozilla/4.0 (compatible; MSIE 8.0; Windows NT 5.1; Trident/4.0; .NET CLR 1.1.4322; .NET CLR 2.0.50727; .NET CLR 3.0.4506.2152; .NET CLR 3.5.30729; .NET4.0C; .NET4.0E; InfoPath.3)"
182.68.202.178 - - [13/Aug/2013:04:55:05 -0400] "GET /favicon.ico HTTP/1.1" 404 575 "-" "Mozilla/5.0 (Windows; U; Windows NT 5.1; en-US; rv:1.9.2.19) Gecko/20110707 Firefox/3.6.19 GTB7.1 (.NET CLR 3.5.30729)"
182.68.202.178 - - [13/Aug/2013:04:55:08 -0400] "GET /contactus.html HTTP/1.1" 200 11250 "http://www.bogenriefstudios.com/contactus.html" "Mozilla/5.0 (Windows; U; Windows NT 5.1; en-US; rv:1.9.2.19) Gecko/20110707 Firefox/3.6.19 GTB7.1 (.NET CLR 3.5.30729)"
182.68.202.178 - - [13/Aug/2013:04:55:08 -0400] "GET /scripts/print.css HTTP/1.1" 200 - "http://www.bogenriefstudios.com/contactus.html" "Mozilla/5.0 (Windows; U; Windows NT 5.1; en-US; rv:1.9.2.19) Gecko/20110707 Firefox/3.6.19 GTB7.1 (.NET CLR 3.5.30729)"
182.68.202.178 - - [13/Aug/2013:04:55:09 -0400] "GET /scripts/22custom.css HTTP/1.1" 200 1141 "http://www.bogenriefstudios.com/contactus.html" "Mozilla/5.0 (Windows; U; Windows NT 5.1; en-US; rv:1.9.2.19) Gecko/20110707 Firefox/3.6.19 GTB7.1 (.NET CLR 3.5.30729)"
182.68.202.178 - - [13/Aug/2013:04:55:09 -0400] "GET /scripts/icwebsiteelement.css HTTP/1.1" 200 8132 "http://www.bogenriefstudios.com/contactus.html" "Mozilla/5.0 (Windows; U; Windows NT 5.1; en-US; rv:1.9.2.19) Gecko/20110707 Firefox/3.6.19 GTB7.1 (.NET CLR 3.5.30729)"
178.137.128.238 - - [13/Aug/2013:04:57:18 -0400] "GET /home.html HTTP/1.1" 200 27081 "http://www.rospromtest.ru/" "Mozilla/4.0 (compatible; MSIE 6.0; Windows NT 5.1; SV1; .NET CLR 1.1.4322) NS8/0.9.6"
192.94.94.106 - - [13/Aug/2013:16:00:39 -0400] "GET /bogenriefgallery.html HTTP/1.1" 200 13883 "http://www.bogenriefstudios.com/bogenriefgallery/stainedglasswindows.html" "Mozilla/4.0 (compatible; MSIE 8.0; Windows NT 6.1; WOW64; Trident/4.0; GTB7.5; SLCC2; .NET CLR 2.0.50727; .NET CLR 3.5.30729; .NET CLR 3.0.30729; Media Center PC 6.0)"
192.94.94.106 - - [13/Aug/2013:16:00:48 -0400] "GET /images/321_DSC_0195.JPG HTTP/1.1" 200 21574 "http://www.bogenriefstudios.com/bogenriefgallery/terracehillrestoration.html" "Mozilla/4.0 (compatible; MSIE 8.0; Windows NT 6.1; WOW64; Trident/4.0; GTB7.5; SLCC2; .NET CLR 2.0.50727; .NET CLR 3.5.30729; .NET CLR 3.0.30729; Media Center PC 6.0)"
192.94.94.106 - - [13/Aug/2013:16:00:48 -0400] "GET /images/318_DSC_0266.JPG HTTP/1.1" 200 14722 "http://www.bogenriefstudios.com/bogenriefgallery/terracehillrestoration.html" "Mozilla/4.0 (compatible; MSIE 8.0; Windows NT 6.1; WOW64; Trident/4.0; GTB7.5; SLCC2; .NET CLR 2.0.50727; .NET CLR 3.5.30729; .NET CLR 3.0.30729; Media Center PC 6.0)"
91.207.9.226 - - [13/Aug/2013:17:39:02 -0400] "GET /home.html HTTP/1.1" 200 27081 "http://degustar.ru/" "Mozilla/4.0 (compatible; MSIE 6.0; Windows NT 5.1; SV1; FunWebProducts; .NET CLR 1.1.4322; PeoplePal 6.2)"
66.249.75.165 - - [13/Aug/2013:17:39:35 -0400] "GET /pricing.html HTTP/1.1" 304 - "-" "Mozilla/5.0 (iPhone; U; CPU iPhone OS 4_1 like Mac OS X; en-us) AppleWebKit/532.9 (KHTML, like Gecko) Version/4.0.5 Mobile/8B117 Safari/6531.22.7 (compatible; Googlebot-Mobile/2.1; +http://www.google.com/bot.html)"
108.59.8.70 - - [13/Aug/2013:06:34:00 -0400] "GET / HTTP/1.0" 200 13883 "-" "Mozilla/5.0 (compatible; MJ12bot/v1.4.3; http://www.majestic12.co.uk/bot.php?+)"
142.136.99.74 - - [13/Aug/2013:01:12:21 -0400] "GET /scripts/photoalbum.js HTTP/1.1" 200 62481 "http://www.bogenriefstudios.com/studios.html" "Mozilla/5.0 (iPad; CPU OS 6_1_3 like Mac OS X) AppleWebKit/536.26 (KHTML, like Gecko) Mobile/10B329"
142.136.99.74 - - [13/Aug/2013:01:12:22 -0400] "GET /images/188_blue_seperate.jpg HTTP/1.1" 200 14499 "http://www.bogenriefstudios.com/studios.html" "Mozilla/5.0 (iPad; CPU OS 6_1_3 like Mac OS X) AppleWebKit/536.26 (KHTML, like Gecko) Mobile/10B329"
142.136.99.74 - - [13/Aug/2013:01:12:22 -0400] "GET /images/196_Blown_Glass_108_-_modified.jpg HTTP/1.1" 200 8997 "http://www.bogenriefstudios.com/studios.html" "Mozilla/5.0 (iPad; CPU OS 6_1_3 like Mac OS X) AppleWebKit/536.26 (KHTML, like Gecko) Mobile/10B329"
142.136.99.74 - - [13/Aug/2013:01:12:22 -0400] "GET /images/188_Blown_Glass_129_-_modified.jpg HTTP/1.1" 200 5498 "http://www.bogenriefstudios.com/studios.html" "Mozilla/5.0 (iPad; CPU OS 6_1_3 like Mac OS X) AppleWebKit/536.26 (KHTML, like Gecko) Mobile/10B329"
142.136.99.74 - - [13/Aug/2013:01:12:22 -0400] "GET /images/188_Blown_Glass_113_-_modified.jpg HTTP/1.1" 200 10516 "http://www.bogenriefstudios.com/studios.html" "Mozilla/5.0 (iPad; CPU OS 6_1_3 like Mac OS X) AppleWebKit/536.26 (KHTML, like Gecko) Mobile/10B329"
142.136.99.74 - - [13/Aug/2013:01:12:27 -0400] "GET /images/196_Blown_Glass_043.jpg HTTP/1.1" 200 20009 "http://www.bogenriefstudios.com/studios.html" "Mozilla/5.0 (iPad; CPU OS 6_1_3 like Mac OS X) AppleWebKit/536.26 (KHTML, like Gecko) Mobile/10B329"
5.63.151.189 - - [13/Aug/2013:02:38:52 -0400] "HEAD / HTTP/1.1" 200 - "-" "checks.panopta.com"
97.81.43.217 - - [13/Aug/2013:21:17:57 -0400] "GET /images/162_LADY_daydreamer_lady_2.JPG HTTP/1.1" 200 17947 "http://www.bogenriefstudios.com/bogenriefgallery/ladiesofbogenrief.html" "Mozilla/5.0 (compatible; MSIE 10.0; Windows NT 6.1; WOW64; Trident/6.0)"
66.249.72.165 - - [13/Aug/2013:22:12:21 -0400] "GET /images/522_LADY_4_Seasons_Lady_Winter_closeup.jpg HTTP/1.1" 304 - "-" "Googlebot-Image/1.0"
217.69.133.186 - - [13/Aug/2013:22:40:39 -0400] "GET / HTTP/1.1" 200 13883 "-" "Mozilla/5.0 (X11; Linux x86_64; rv:18.0) Gecko/20100101 Firefox/18.0"
217.69.133.186 - - [13/Aug/2013:22:40:40 -0400] "GET /favicon.ico HTTP/1.1" 404 575 "-" "Mozilla/5.0 (X11; Linux x86_64; rv:18.0) Gecko/20100101 Firefox/18.0"
220.181.108.111 - - [13/Aug/2013:14:52:09 -0400] "GET /scripts/user.js HTTP/1.1" 200 23762 "-" "Mozilla/5.0 (compatible; Baiduspider/2.0; +http://www.baidu.com/search/spider.html)"
97.118.141.138 - - [13/Aug/2013:14:59:42 -0400] "GET /images/205_David_s_dome_006.JPG HTTP/1.1" 200 9145 "http://www.bogenriefstudios.com/" "Mozilla/5.0 (Macintosh; Intel Mac OS X 10_7_4) AppleWebKit/536.25 (KHTML, like Gecko) Version/6.0 Safari/536.25"
97.118.141.138 - - [13/Aug/2013:14:59:43 -0400] "GET /images/198_023.JPG HTTP/1.1" 200 9799 "http://www.bogenriefstudios.com/" "Mozilla/5.0 (Macintosh; Intel Mac OS X 10_7_4) AppleWebKit/536.25 (KHTML, like Gecko) Version/6.0 Safari/536.25"
157.55.34.74 - - [13/Aug/2013:03:14:55 -0400] "GET /robots.txt HTTP/1.1" 200 25 "-" "Mozilla/5.0 (compatible; bingbot/2.0; +http://www.bing.com/bingbot.htm)"
192.211.48.88 - - [13/Aug/2013:05:23:47 -0400] "GET /images/682_Detail_with_greenery_red_flowers.jpg HTTP/1.1" 200 168414 "http://www.google.co.uk/blank.html" "Mozilla/5.0 (compatible; MSIE 10.0; Windows NT 6.1; WOW64; Trident/6.0)"
54.211.62.211 - - [13/Aug/2013:08:20:13 -0400] "HEAD /studios.html HTTP/1.1" 200 - "-" "Mozilla/5.0 (Windows; U; MSIE 9.0; Windows NT 9.0; en-US)"
68.93.192.165 - - [13/Aug/2013:21:25:32 -0400] "GET /images/188_blue_seperate.jpg HTTP/1.1" 200 14499 "http://www.bogenriefstudios.com/studios.html" "Mozilla/5.0 (iPhone; CPU iPhone OS 6_1_3 like Mac OS X) AppleWebKit/536.26 (KHTML, like Gecko) Version/6.0 Mobile/10B329 Safari/8536.25"
70.160.211.128 - - [13/Aug/2013:22:01:20 -0400] "GET /images/682_blue_white_chandelier_-_installed-edited.jpg HTTP/1.1" 200 79065 "-" "Mozilla/5.0 (iPad; CPU OS 6_1_3 like Mac OS X) AppleWebKit/536.26 (KHTML, like Gecko) Version/6.0 Mobile/10B329 Safari/8536.25"
157.55.35.38 - - [13/Aug/2013:23:39:44 -0400] "GET /robots.txt HTTP/1.1" 200 25 "-" "Mozilla/5.0 (compatible; bingbot/2.0; +http://www.bing.com/bingbot.htm)"
99.90.21.32 - - [13/Aug/2013:00:45:10 -0400] "GET /images/218_Lamp_blue_flower.jpg HTTP/1.1" 200 10943 "http://www.bogenriefstudios.com/bogenriefgallery/lampshades.html" "Mozilla/5.0 (compatible; MSIE 9.0; Windows NT 6.1; Trident/5.0)"
66.249.75.165 - - [13/Aug/2013:11:54:12 -0400] "GET /images/480_DSC00157.JPG HTTP/1.1" 200 35066 "-" "Googlebot-Image/1.0"
79.52.183.118 - - [13/Aug/2013:18:00:09 -0400] "GET /images/682_Daydream_001.jpg HTTP/1.1" 200 215855 "-" "Utherverse Client"
74.42.116.226 - - [13/Aug/2013:18:18:10 -0400] "GET /scripts/ic_globals_published.js HTTP/1.1" 200 566 "http://www.bogenriefstudios.com/" "Mozilla/5.0 (Windows NT 6.0; rv:22.0) Gecko/20100101 Firefox/22.0 AlexaToolbar/amznf-3.0.20121129"
74.42.116.226 - - [13/Aug/2013:18:18:10 -0400] "GET /scripts/13custom.css HTTP/1.1" 200 2827 "http://www.bogenriefstudios.com/" "Mozilla/5.0 (Windows NT 6.0; rv:22.0) Gecko/20100101 Firefox/22.0 AlexaToolbar/amznf-3.0.20121129"
74.42.116.226 - - [13/Aug/2013:18:18:12 -0400] "GET /images/198_023.JPG HTTP/1.1" 200 9799 "http://www.bogenriefstudios.com/" "Mozilla/5.0 (Windows NT 6.0; rv:22.0) Gecko/20100101 Firefox/22.0 AlexaToolbar/amznf-3.0.20121129"
74.42.116.226 - - [13/Aug/2013:18:19:58 -0400] "GET /images/480_P1010067.JPG HTTP/1.1" 200 70805 "http://www.bogenriefstudios.com/bogenriefgallery/stainedglasswindows.html" "Mozilla/5.0 (Windows NT 6.0; rv:22.0) Gecko/20100101 Firefox/22.0 AlexaToolbar/amznf-3.0.20121129"
74.42.116.226 - - [13/Aug/2013:18:20:00 -0400] "GET /images/321_DSC_0055.JPG HTTP/1.1" 200 41581 "http://www.bogenriefstudios.com/bogenriefgallery/stainedglasswindows.html" "Mozilla/5.0 (Windows NT 6.0; rv:22.0) Gecko/20100101 Firefox/22.0 AlexaToolbar/amznf-3.0.20121129"
74.42.116.226 - - [13/Aug/2013:18:20:00 -0400] "GET /images/480_window_triangel.JPG HTTP/1.1" 200 28625 "http://www.bogenriefstudios.com/bogenriefgallery/stainedglasswindows.html" "Mozilla/5.0 (Windows NT 6.0; rv:22.0) Gecko/20100101 Firefox/22.0 AlexaToolbar/amznf-3.0.20121129"
74.42.116.226 - - [13/Aug/2013:18:20:02 -0400] "GET /images/480_window_oval.jpg HTTP/1.1" 200 46871 "http://www.bogenriefstudios.com/bogenriefgallery/stainedglasswindows.html" "Mozilla/5.0 (Windows NT 6.0; rv:22.0) Gecko/20100101 Firefox/22.0 AlexaToolbar/amznf-3.0.20121129"
74.42.116.226 - - [13/Aug/2013:18:20:02 -0400] "GET /images/480_000_0031.JPG HTTP/1.1" 200 72350 "http://www.bogenriefstudios.com/bogenriefgallery/stainedglasswindows.html" "Mozilla/5.0 (Windows NT 6.0; rv:22.0) Gecko/20100101 Firefox/22.0 AlexaToolbar/amznf-3.0.20121129"
74.42.116.226 - - [13/Aug/2013:18:20:04 -0400] "GET /images/479_window_dolphins.JPG HTTP/1.1" 200 68855 "http://www.bogenriefstudios.com/bogenriefgallery/stainedglasswindows.html" "Mozilla/5.0 (Windows NT 6.0; rv:22.0) Gecko/20100101 Firefox/22.0 AlexaToolbar/amznf-3.0.20121129"
74.42.116.226 - - [13/Aug/2013:18:20:05 -0400] "GET /images/480_DSC_0084.JPG HTTP/1.1" 200 35571 "http://www.bogenriefstudios.com/bogenriefgallery/stainedglasswindows.html" "Mozilla/5.0 (Windows NT 6.0; rv:22.0) Gecko/20100101 Firefox/22.0 AlexaToolbar/amznf-3.0.20121129"
74.42.116.226 - - [13/Aug/2013:18:20:07 -0400] "GET /images/461_DSC_0087.JPG HTTP/1.1" 200 65451 "http://www.bogenriefstudios.com/bogenriefgallery/stainedglasswindows.html" "Mozilla/5.0 (Windows NT 6.0; rv:22.0) Gecko/20100101 Firefox/22.0 AlexaToolbar/amznf-3.0.20121129"
74.42.116.226 - - [13/Aug/2013:18:20:08 -0400] "GET /images/359_butterfly_window_-_mary_kay_peck_006.jpg HTTP/1.1" 200 34364 "http://www.bogenriefstudios.com/bogenriefgallery/stainedglasswindows.html" "Mozilla/5.0 (Windows NT 6.0; rv:22.0) Gecko/20100101 Firefox/22.0 AlexaToolbar/amznf-3.0.20121129"
74.42.116.226 - - [13/Aug/2013:18:20:09 -0400] "GET /images/237_web_site_7.JPG HTTP/1.1" 200 43110 "http://www.bogenriefstudios.com/bogenriefgallery/stainedglasswindows.html" "Mozilla/5.0 (Windows NT 6.0; rv:22.0) Gecko/20100101 Firefox/22.0 AlexaToolbar/amznf-3.0.20121129"
74.42.116.226 - - [13/Aug/2013:18:20:10 -0400] "GET /images/184_007.JPG HTTP/1.1" 200 41714 "http://www.bogenriefstudios.com/bogenriefgallery/stainedglasswindows.html" "Mozilla/5.0 (Windows NT 6.0; rv:22.0) Gecko/20100101 Firefox/22.0 AlexaToolbar/amznf-3.0.20121129"
74.42.116.226 - - [13/Aug/2013:18:20:11 -0400] "GET /images/184_DSC_0091.JPG HTTP/1.1" 200 30465 "http://www.bogenriefstudios.com/bogenriefgallery/stainedglasswindows.html" "Mozilla/5.0 (Windows NT 6.0; rv:22.0) Gecko/20100101 Firefox/22.0 AlexaToolbar/amznf-3.0.20121129"
74.42.116.226 - - [13/Aug/2013:18:20:12 -0400] "GET /images/323_lincoln,_NE_012.jpg HTTP/1.1" 200 56870 "http://www.bogenriefstudios.com/bogenriefgallery/stainedglasswindows.html" "Mozilla/5.0 (Windows NT 6.0; rv:22.0) Gecko/20100101 Firefox/22.0 AlexaToolbar/amznf-3.0.20121129"
74.42.116.226 - - [13/Aug/2013:18:20:15 -0400] "GET /images/105_Bevel_Window8.JPG HTTP/1.1" 200 9972 "http://www.bogenriefstudios.com/bogenriefgallery/stainedglasswindows.html" "Mozilla/5.0 (Windows NT 6.0; rv:22.0) Gecko/20100101 Firefox/22.0 AlexaToolbar/amznf-3.0.20121129"
74.42.116.226 - - [13/Aug/2013:18:20:15 -0400] "GET /images/144_window_rose.JPG HTTP/1.1" 200 13788 "http://www.bogenriefstudios.com/bogenriefgallery/stainedglasswindows.html" "Mozilla/5.0 (Windows NT 6.0; rv:22.0) Gecko/20100101 Firefox/22.0 AlexaToolbar/amznf-3.0.20121129"
74.42.116.226 - - [13/Aug/2013:18:20:17 -0400] "GET /images/175_SF_grapes_006.JPG HTTP/1.1" 200 15651 "http://www.bogenriefstudios.com/bogenriefgallery/stainedglasswindows.html" "Mozilla/5.0 (Windows NT 6.0; rv:22.0) Gecko/20100101 Firefox/22.0 AlexaToolbar/amznf-3.0.20121129"
74.42.116.226 - - [13/Aug/2013:18:20:18 -0400] "GET /images/217_071.JPG HTTP/1.1" 200 10211 "http://www.bogenriefstudios.com/bogenriefgallery/stainedglasswindows.html" "Mozilla/5.0 (Windows NT 6.0; rv:22.0) Gecko/20100101 Firefox/22.0 AlexaToolbar/amznf-3.0.20121129"
74.42.116.226 - - [13/Aug/2013:18:20:18 -0400] "GET /images/152_DSC_0090.JPG HTTP/1.1" 200 15887 "http://www.bogenriefstudios.com/bogenriefgallery/stainedglasswindows.html" "Mozilla/5.0 (Windows NT 6.0; rv:22.0) Gecko/20100101 Firefox/22.0 AlexaToolbar/amznf-3.0.20121129"
74.42.116.226 - - [13/Aug/2013:18:20:19 -0400] "GET /images/153_Combo_Windows_72_.jpg HTTP/1.1" 200 13142 "http://www.bogenriefstudios.com/bogenriefgallery/stainedglasswindows.html" "Mozilla/5.0 (Windows NT 6.0; rv:22.0) Gecko/20100101 Firefox/22.0 AlexaToolbar/amznf-3.0.20121129"
74.42.116.226 - - [13/Aug/2013:18:20:19 -0400] "GET /images/148_window_waterfall.JPG HTTP/1.1" 200 17236 "http://www.bogenriefstudios.com/bogenriefgallery/stainedglasswindows.html" "Mozilla/5.0 (Windows NT 6.0; rv:22.0) Gecko/20100101 Firefox/22.0 AlexaToolbar/amznf-3.0.20121129"
74.42.116.226 - - [13/Aug/2013:18:20:19 -0400] "GET /images/107_web_site_7.JPG HTTP/1.1" 200 10289 "http://www.bogenriefstudios.com/bogenriefgallery/stainedglasswindows.html" "Mozilla/5.0 (Windows NT 6.0; rv:22.0) Gecko/20100101 Firefox/22.0 AlexaToolbar/amznf-3.0.20121129"
74.42.116.226 - - [13/Aug/2013:18:20:19 -0400] "GET /images/75_rocklin_-_green_circle.jpg HTTP/1.1" 200 6434 "http://www.bogenriefstudios.com/bogenriefgallery/stainedglasswindows.html" "Mozilla/5.0 (Windows NT 6.0; rv:22.0) Gecko/20100101 Firefox/22.0 AlexaToolbar/amznf-3.0.20121129"
74.42.116.226 - - [13/Aug/2013:18:20:19 -0400] "GET /images/107_009.JPG HTTP/1.1" 200 8189 "http://www.bogenriefstudios.com/bogenriefgallery/stainedglasswindows.html" "Mozilla/5.0 (Windows NT 6.0; rv:22.0) Gecko/20100101 Firefox/22.0 AlexaToolbar/amznf-3.0.20121129"
74.42.116.226 - - [13/Aug/2013:18:20:20 -0400] "GET /images/60_DSC_0051.JPG HTTP/1.1" 200 5951 "http://www.bogenriefstudios.com/bogenriefgallery/stainedglasswindows.html" "Mozilla/5.0 (Windows NT 6.0; rv:22.0) Gecko/20100101 Firefox/22.0 AlexaToolbar/amznf-3.0.20121129"
74.42.116.226 - - [13/Aug/2013:18:20:20 -0400] "GET /images/83_DSC_0091.JPG HTTP/1.1" 200 7016 "http://www.bogenriefstudios.com/bogenriefgallery/stainedglasswindows.html" "Mozilla/5.0 (Windows NT 6.0; rv:22.0) Gecko/20100101 Firefox/22.0 AlexaToolbar/amznf-3.0.20121129"
74.42.116.226 - - [13/Aug/2013:18:20:20 -0400] "GET /images/76_window_grapevines.JPG HTTP/1.1" 200 8055 "http://www.bogenriefstudios.com/bogenriefgallery/stainedglasswindows.html" "Mozilla/5.0 (Windows NT 6.0; rv:22.0) Gecko/20100101 Firefox/22.0 AlexaToolbar/amznf-3.0.20121129"
74.42.116.226 - - [13/Aug/2013:18:20:20 -0400] "GET /images/147_lincoln,_NE_012.jpg HTTP/1.1" 200 14535 "http://www.bogenriefstudios.com/bogenriefgallery/stainedglasswindows.html" "Mozilla/5.0 (Windows NT 6.0; rv:22.0) Gecko/20100101 Firefox/22.0 AlexaToolbar/amznf-3.0.20121129"
74.42.116.226 - - [13/Aug/2013:18:20:22 -0400] "GET /images/479_tryptich2.JPG HTTP/1.1" 200 78502 "http://www.bogenriefstudios.com/bogenriefgallery/stainedglasswindows.html" "Mozilla/5.0 (Windows NT 6.0; rv:22.0) Gecko/20100101 Firefox/22.0 AlexaToolbar/amznf-3.0.20121129"
74.42.116.226 - - [13/Aug/2013:18:20:23 -0400] "GET /images/261_snowmass_1_PP.jpg HTTP/1.1" 200 40912 "http://www.bogenriefstudios.com/bogenriefgallery/stainedglasswindows.html" "Mozilla/5.0 (Windows NT 6.0; rv:22.0) Gecko/20100101 Firefox/22.0 AlexaToolbar/amznf-3.0.20121129"
74.42.116.226 - - [13/Aug/2013:18:26:08 -0400] "GET /images/559_SF_grapes_006.JPG HTTP/1.1" 200 111660 "http://www.bogenriefstudios.com/bogenriefgallery/stainedglasswindows.html" "Mozilla/5.0 (Windows NT 6.0; rv:22.0) Gecko/20100101 Firefox/22.0 AlexaToolbar/amznf-3.0.20121129"
74.42.116.226 - - [13/Aug/2013:18:26:49 -0400] "GET /images/696_window_dolphins.JPG HTTP/1.1" 206 120286 "http://www.bogenriefstudios.com/bogenriefgallery/stainedglasswindows.html" "Mozilla/5.0 (Windows NT 6.0; rv:22.0) Gecko/20100101 Firefox/22.0 AlexaToolbar/amznf-3.0.20121129"
177.117.239.193 - - [13/Aug/2013:20:49:10 -0400] "GET /images/682_Cool_Blue_Chandelier.jpg HTTP/1.1" 200 79065 "https://www.google.com.br/" "Mozilla/5.0 (iPhone; CPU iPhone OS 6_1_3 like Mac OS X) AppleWebKit/536.26 (KHTML, like Gecko) Version/6.0 Mobile/10B329 Safari/8536.25"
82.0.237.115 - - [13/Aug/2013:10:11:25 -0400] "GET /bogenriefgallery/thejunglewindow.html HTTP/1.1" 200 18159 "http://www.bogenriefstudios.com/videos.html" "Mozilla/5.0 (Windows NT 6.0) AppleWebKit/537.36 (KHTML, like Gecko) Chrome/28.0.1500.95 Safari/537.36"
82.0.237.115 - - [13/Aug/2013:10:11:26 -0400] "GET /scripts/7custom.css HTTP/1.1" 200 1142 "http://www.bogenriefstudios.com/bogenriefgallery/thejunglewindow.html" "Mozilla/5.0 (Windows NT 6.0) AppleWebKit/537.36 (KHTML, like Gecko) Chrome/28.0.1500.95 Safari/537.36"
82.0.237.115 - - [13/Aug/2013:10:11:26 -0400] "GET /images/photoalbum/button_photoPrev.jpg HTTP/1.1" 200 656 "http://www.bogenriefstudios.com/bogenriefgallery/thejunglewindow.html" "Mozilla/5.0 (Windows NT 6.0) AppleWebKit/537.36 (KHTML, like Gecko) Chrome/28.0.1500.95 Safari/537.36"
82.0.237.115 - - [13/Aug/2013:10:11:26 -0400] "GET /images/photoalbum/button_photoFirst.jpg HTTP/1.1" 200 637 "http://www.bogenriefstudios.com/bogenriefgallery/thejunglewindow.html" "Mozilla/5.0 (Windows NT 6.0) AppleWebKit/537.36 (KHTML, like Gecko) Chrome/28.0.1500.95 Safari/537.36"
82.0.237.115 - - [13/Aug/2013:10:11:26 -0400] "GET /images/photoalbum/photo_controlBG.jpg HTTP/1.1" 200 336 "http://www.bogenriefstudios.com/bogenriefgallery/thejunglewindow.html" "Mozilla/5.0 (Windows NT 6.0) AppleWebKit/537.36 (KHTML, like Gecko) Chrome/28.0.1500.95 Safari/537.36"
82.0.237.115 - - [13/Aug/2013:10:11:26 -0400] "GET /images/522_Elephant_detail.JPG HTTP/1.1" 200 129616 "http://www.bogenriefstudios.com/bogenriefgallery/thejunglewindow.html" "Mozilla/5.0 (Windows NT 6.0) AppleWebKit/537.36 (KHTML, like Gecko) Chrome/28.0.1500.95 Safari/537.36"
82.0.237.115 - - [13/Aug/2013:10:11:27 -0400] "GET /images/696_Detail_with_vines.JPG HTTP/1.1" 200 132075 "http://www.bogenriefstudios.com/bogenriefgallery/thejunglewindow.html" "Mozilla/5.0 (Windows NT 6.0) AppleWebKit/537.36 (KHTML, like Gecko) Chrome/28.0.1500.95 Safari/537.36"
82.0.237.115 - - [13/Aug/2013:10:11:27 -0400] "GET /images/218_Detail_with_right_facing_parrot.jpg HTTP/1.1" 200 13722 "http://www.bogenriefstudios.com/bogenriefgallery/thejunglewindow.html" "Mozilla/5.0 (Windows NT 6.0) AppleWebKit/537.36 (KHTML, like Gecko) Chrome/28.0.1500.95 Safari/537.36"
82.0.237.115 - - [13/Aug/2013:10:11:28 -0400] "GET /images/218_Detail_with_monkey.jpg HTTP/1.1" 200 17859 "http://www.bogenriefstudios.com/bogenriefgallery/thejunglewindow.html" "Mozilla/5.0 (Windows NT 6.0) AppleWebKit/537.36 (KHTML, like Gecko) Chrome/28.0.1500.95 Safari/537.36"
82.0.237.115 - - [13/Aug/2013:10:11:28 -0400] "GET /images/480_Detail_with_monkey.jpg HTTP/1.1" 200 75901 "http://www.bogenriefstudios.com/bogenriefgallery/thejunglewindow.html" "Mozilla/5.0 (Windows NT 6.0) AppleWebKit/537.36 (KHTML, like Gecko) Chrome/28.0.1500.95 Safari/537.36"
82.0.237.115 - - [13/Aug/2013:10:11:28 -0400] "GET /images/522_Detail_with_greenery_red_flowers.jpg HTTP/1.1" 200 91872 "http://www.bogenriefstudios.com/bogenriefgallery/thejunglewindow.html" "Mozilla/5.0 (Windows NT 6.0) AppleWebKit/537.36 (KHTML, like Gecko) Chrome/28.0.1500.95 Safari/537.36"
82.0.237.115 - - [13/Aug/2013:10:11:28 -0400] "GET /images/480_Detail_with_fronds.jpg HTTP/1.1" 200 54331 "http://www.bogenriefstudios.com/bogenriefgallery/thejunglewindow.html" "Mozilla/5.0 (Windows NT 6.0) AppleWebKit/537.36 (KHTML, like Gecko) Chrome/28.0.1500.95 Safari/537.36"
82.0.237.115 - - [13/Aug/2013:10:11:28 -0400] "GET /images/480_Detail_with_cockatoo.jpg HTTP/1.1" 200 73657 "http://www.bogenriefstudios.com/bogenriefgallery/thejunglewindow.html" "Mozilla/5.0 (Windows NT 6.0) AppleWebKit/537.36 (KHTML, like Gecko) Chrome/28.0.1500.95 Safari/537.36"
67.197.38.137 - - [13/Aug/2013:10:30:07 -0400] "GET /images/682_DSC_0049.JPG HTTP/1.1" 200 121211 "-" "rarely used"
24.234.41.241 - - [13/Aug/2013:10:46:41 -0400] "GET /scripts/website.css HTTP/1.1" 200 1646 "http://www.bogenriefstudios.com/" "Mozilla/5.0 (Windows NT 6.1; WOW64; rv:17.0) Gecko/17.0 Firefox/17.0"
24.234.41.241 - - [13/Aug/2013:10:46:41 -0400] "GET /images/68.jpg HTTP/1.1" 200 11436 "http://www.bogenriefstudios.com/scripts/website.css" "Mozilla/5.0 (Windows NT 6.1; WOW64; rv:17.0) Gecko/17.0 Firefox/17.0"
188.168.215.59 - - [13/Aug/2013:10:54:21 -0400] "GET /images/ic_034_body_bg_wide.jpg HTTP/1.1" 200 90532 "http://www.bogenriefstudios.com/" "Mozilla/5.0 (Windows NT 6.1; WOW64) AppleWebKit/537.22 (KHTML, like Gecko) Chrome/25.0.1364.172 YaBrowser/1.7.1364.17262 Safari/537.22"
188.168.215.59 - - [13/Aug/2013:10:55:04 -0400] "GET /images/196_P1010130.JPG HTTP/1.1" 200 20954 "http://www.bogenriefstudios.com/bogenriefgallery/stainedglasswindows.html" "Mozilla/5.0 (Windows NT 6.1; WOW64) AppleWebKit/537.22 (KHTML, like Gecko) Chrome/25.0.1364.172 YaBrowser/1.7.1364.17262 Safari/537.22"
188.168.215.59 - - [13/Aug/2013:10:55:05 -0400] "GET /images/60_DSC_0051.JPG HTTP/1.1" 200 5951 "http://www.bogenriefstudios.com/bogenriefgallery/stainedglasswindows.html" "Mozilla/5.0 (Windows NT 6.1; WOW64) AppleWebKit/537.22 (KHTML, like Gecko) Chrome/25.0.1364.172 YaBrowser/1.7.1364.17262 Safari/537.22"
188.168.215.59 - - [13/Aug/2013:10:55:06 -0400] "GET /images/244_window_grapevines.JPG HTTP/1.1" 200 53563 "http://www.bogenriefstudios.com/bogenriefgallery/stainedglasswindows.html" "Mozilla/5.0 (Windows NT 6.1; WOW64) AppleWebKit/537.22 (KHTML, like Gecko) Chrome/25.0.1364.172 YaBrowser/1.7.1364.17262 Safari/537.22"
188.168.215.59 - - [13/Aug/2013:10:55:07 -0400] "GET /images/321_DSC_0317.JPG HTTP/1.1" 200 30587 "http://www.bogenriefstudios.com/bogenriefgallery/stainedglasswindows.html" "Mozilla/5.0 (Windows NT 6.1; WOW64) AppleWebKit/537.22 (KHTML, like Gecko) Chrome/25.0.1364.172 YaBrowser/1.7.1364.17262 Safari/537.22"
188.168.215.59 - - [13/Aug/2013:10:55:09 -0400] "GET /images/480_DSC_0084.JPG HTTP/1.1" 200 35571 "http://www.bogenriefstudios.com/bogenriefgallery/stainedglasswindows.html" "Mozilla/5.0 (Windows NT 6.1; WOW64) AppleWebKit/537.22 (KHTML, like Gecko) Chrome/25.0.1364.172 YaBrowser/1.7.1364.17262 Safari/537.22"
83.220.238.157 - - [13/Aug/2013:15:40:34 -0400] "GET /images/682_elephant-completed.jpg HTTP/1.1" 200 260073 "http://www.crown6.org/publ/18-1-0-5082" "Mozilla/5.0 (iPad; CPU OS 6_0_1 like Mac OS X) AppleWebKit/536.26 (KHTML, like Gecko) Version/6.0 Mobile/10A523 Safari/8536.25"
97.118.141.138 - - [13/Aug/2013:16:05:34 -0400] "GET /scripts/ic_globals_published.js HTTP/1.1" 200 566 "http://www.bogenriefstudios.com/" "Mozilla/5.0 (Macintosh; Intel Mac OS X 10_7_4) AppleWebKit/536.25 (KHTML, like Gecko) Version/6.0 Safari/536.25"
97.118.141.138 - - [13/Aug/2013:16:05:37 -0400] "GET /images/198_door_019.JPG HTTP/1.1" 200 8796 "http://www.bogenriefstudios.com/" "Mozilla/5.0 (Macintosh; Intel Mac OS X 10_7_4) AppleWebKit/536.25 (KHTML, like Gecko) Version/6.0 Safari/536.25"
97.118.141.138 - - [13/Aug/2013:16:05:37 -0400] "GET /images/321_David_s_dome_002.JPG HTTP/1.1" 200 23041 "http://www.bogenriefstudios.com/" "Mozilla/5.0 (Macintosh; Intel Mac OS X 10_7_4) AppleWebKit/536.25 (KHTML, like Gecko) Version/6.0 Safari/536.25"
54.211.46.209 - - [13/Aug/2013:16:58:35 -0400] "GET /contactus.html HTTP/1.1" 200 11250 "-" "Mozilla/5.0 (compatible; URLAppendBot/1.0; +http://www.profound.net/urlappendbot.html)"
187.253.190.249 - - [13/Aug/2013:17:09:33 -0400] "GET /images/682_Daydream_001.jpg HTTP/1.1" 200 215855 "-" "Mozilla/5.0 (iPad; CPU OS 6_1_3 like Mac OS X) AppleWebKit/536.26 (KHTML, like Gecko) Version/6.0 Mobile/10B329 Safari/8536.25"
5.63.151.189 - - [13/Aug/2013:04:54:50 -0400] "HEAD / HTTP/1.1" 200 - "-" "checks.panopta.com"
74.42.116.226 - - [13/Aug/2013:18:20:09 -0400] "GET /images/239_Bevel_Window3.jpg HTTP/1.1" 200 54713 "http://www.bogenriefstudios.com/bogenriefgallery/stainedglasswindows.html" "Mozilla/5.0 (Windows NT 6.0; rv:22.0) Gecko/20100101 Firefox/22.0 AlexaToolbar/amznf-3.0.20121129"
74.42.116.226 - - [13/Aug/2013:18:24:31 -0400] "GET /images/696_new26.JPG HTTP/1.1" 200 116253 "http://www.bogenriefstudios.com/bogenriefgallery/stainedglasswindows.html" "Mozilla/5.0 (Windows NT 6.0; rv:22.0) Gecko/20100101 Firefox/22.0 AlexaToolbar/amznf-3.0.20121129"
74.42.116.226 - - [13/Aug/2013:18:25:05 -0400] "GET /images/696_web_site-edited.jpg HTTP/1.1" 200 150555 "http://www.bogenriefstudios.com/bogenriefgallery/stainedglasswindows.html" "Mozilla/5.0 (Windows NT 6.0; rv:22.0) Gecko/20100101 Firefox/22.0 AlexaToolbar/amznf-3.0.20121129"
66.249.72.165 - - [13/Aug/2013:19:50:15 -0400] "GET /images/480_DSC00677.JPG HTTP/1.1" 200 21050 "-" "Googlebot-Image/1.0"
220.181.132.17 - - [13/Aug/2013:19:50:31 -0400] "GET /scripts/ic_globals_published.js HTTP/1.1" 200 566 "http://www.bogenriefstudios.com/" "Mozilla/5.0 (X11; Linux x86_64) AppleWebKit/536.11 (KHTML, like Gecko) DumpRenderTree/0.0.0.0 Safari/536.11"
65.55.212.64 - - [13/Aug/2013:12:33:49 -0400] "GET /scripts/4custom.css HTTP/1.1" 200 3498 "http://www.bogenriefstudios.com/pricing.html" "Mozilla/4.0 (compatible; MSIE 7.0; Windows NT 5.1; SLCC1; .NET CLR 1.1.4325; .NET CLR 2.0.40607)"
65.55.212.64 - - [13/Aug/2013:12:33:52 -0400] "GET /scripts/icwebsiteelement.css HTTP/1.1" 200 8132 "http://www.bogenriefstudios.com/pricing.html" "Mozilla/4.0 (compatible; MSIE 7.0; Windows NT 5.1; SLCC1; .NET CLR 1.1.4325; .NET CLR 2.0.40607)"
94.195.32.223 - - [13/Aug/2013:13:49:42 -0400] "GET /images/682_Detail_with_greenery_red_flowers.jpg HTTP/1.1" 200 168414 "http://www.google.co.uk/search?hl=en&redir_esc=&client=tablet-android-google&source=android-launcher-search&v=141299849&qsubts=1376416070142&action=devloc&q=stained+glass" "Mozilla/5.0 (Linux; U; Android 4.0.4; en-us; SGH-T989 Build/IMM76L; CyanogenMod-9) AppleWebKit/534.30 (KHTML, like Gecko) Version/4.0 Safari/534.30"
138.210.211.91 - - [13/Aug/2013:14:24:33 -0400] "GET /images/404_12x12%20sm%20scale.jpg HTTP/1.1" 200 64273 "http://www.google.com/search?q=projects+on+the+great+gatsby&bav=on.2,or.&bvm=bv.50500085,d.aWc,pv.xjs.s.en_US.ciY8R2R6XC8.O&biw=768&bih=928&um=1&ie=UTF-8&hl=en&tbm=isch&source=og&sa=N&tab=wi&ei=nXcKUqiIGajgyQHL6YDoDQ" "Mozilla/5.0 (iPad; CPU OS 6_1_3 like Mac OS X) AppleWebKit/536.26 (KHTML, like Gecko) Version/6.0 Mobile/10B329 Safari/8536.25"
97.81.43.217 - - [13/Aug/2013:21:18:01 -0400] "GET /images/78_LADY_4_Seasons_Lady_Spring.jpg HTTP/1.1" 200 8299 "http://www.bogenriefstudios.com/bogenriefgallery/ladiesofbogenrief.html" "Mozilla/5.0 (compatible; MSIE 10.0; Windows NT 6.1; WOW64; Trident/6.0)"
97.81.43.217 - - [13/Aug/2013:21:18:01 -0400] "GET /images/100_LADY_4_Seasons_Lady_Winter_1.jpg HTTP/1.1" 200 11890 "http://www.bogenriefstudios.com/bogenriefgallery/ladiesofbogenrief.html" "Mozilla/5.0 (compatible; MSIE 10.0; Windows NT 6.1; WOW64; Trident/6.0)"
97.81.43.217 - - [13/Aug/2013:21:18:02 -0400] "GET /images/139_LADY_Sarah_2.JPG HTTP/1.1" 200 13197 "http://www.bogenriefstudios.com/bogenriefgallery/ladiesofbogenrief.html" "Mozilla/5.0 (compatible; MSIE 10.0; Windows NT 6.1; WOW64; Trident/6.0)"
97.81.43.217 - - [13/Aug/2013:21:18:02 -0400] "GET /images/518_LADY_Daydreamer_Lady_1.jpg HTTP/1.1" 200 144265 "http://www.bogenriefstudios.com/bogenriefgallery/ladiesofbogenrief.html" "Mozilla/5.0 (compatible; MSIE 10.0; Windows NT 6.1; WOW64; Trident/6.0)"
98.223.92.180 - - [13/Aug/2013:21:47:48 -0400] "GET /scripts/website.css HTTP/1.1" 200 1646 "http://www.bogenriefstudios.com/studios.html" "Mozilla/5.0 (iPad; CPU OS 6_1_3 like Mac OS X) AppleWebKit/536.26 (KHTML, like Gecko) Version/6.0 Mobile/10B329 Safari/8536.25"
98.223.92.180 - - [13/Aug/2013:21:47:49 -0400] "GET /images/188_blue_seperate.jpg HTTP/1.1" 200 14499 "http://www.bogenriefstudios.com/studios.html" "Mozilla/5.0 (iPad; CPU OS 6_1_3 like Mac OS X) AppleWebKit/536.26 (KHTML, like Gecko) Version/6.0 Mobile/10B329 Safari/8536.25"
98.223.92.180 - - [13/Aug/2013:21:47:50 -0400] "GET /images/196_paperweights_3_.jpg HTTP/1.1" 200 6754 "http://www.bogenriefstudios.com/studios.html" "Mozilla/5.0 (iPad; CPU OS 6_1_3 like Mac OS X) AppleWebKit/536.26 (KHTML, like Gecko) Version/6.0 Mobile/10B329 Safari/8536.25"
98.223.92.180 - - [13/Aug/2013:21:47:50 -0400] "GET /images/188_perfume_bottles.jpg HTTP/1.1" 200 8362 "http://www.bogenriefstudios.com/studios.html" "Mozilla/5.0 (iPad; CPU OS 6_1_3 like Mac OS X) AppleWebKit/536.26 (KHTML, like Gecko) Version/6.0 Mobile/10B329 Safari/8536.25"
107.22.151.93 - - [13/Aug/2013:22:08:11 -0400] "GET / HTTP/1.1" 200 13883 "-" "Ruby"
81.27.53.6 - - [13/Aug/2013:22:22:36 -0400] "GET /images/314_Lauritzen_Gardens_33_-_modified.jpg HTTP/1.1" 200 44364 "http://www.liveinternet.ru/users/migda/post152674608" "Mozilla/5.0 (Windows NT 6.1; rv:22.0) Gecko/20100101 Firefox/22.0"
81.27.53.6 - - [13/Aug/2013:22:22:36 -0400] "GET /images/150_Winter.JPG HTTP/1.1" 200 20889 "http://www.liveinternet.ru/users/migda/post152674608" "Mozilla/5.0 (Windows NT 6.1; rv:22.0) Gecko/20100101 Firefox/22.0"
81.27.53.6 - - [13/Aug/2013:22:22:38 -0400] "GET /images/404_12x12%20sm%20scale.jpg HTTP/1.1" 200 64273 "http://www.liveinternet.ru/users/migda/post152674608" "Mozilla/5.0 (Windows NT 6.1; rv:22.0) Gecko/20100101 Firefox/22.0"
81.27.53.6 - - [13/Aug/2013:22:22:40 -0400] "GET /images/682_web_site_1-edited.jpg HTTP/1.1" 200 106170 "http://www.liveinternet.ru/users/migda/post152674608" "Mozilla/5.0 (Windows NT 6.1; rv:22.0) Gecko/20100101 Firefox/22.0"
81.27.53.6 - - [13/Aug/2013:22:22:42 -0400] "GET /images/682_web_site_8.JPG HTTP/1.1" 200 65649 "http://www.liveinternet.ru/users/migda/post152674608" "Mozilla/5.0 (Windows NT 6.1; rv:22.0) Gecko/20100101 Firefox/22.0"
74.42.116.226 - - [13/Aug/2013:18:19:54 -0400] "GET /images/322_AzizaJungleMaiden.jpg HTTP/1.1" 200 52455 "http://www.bogenriefstudios.com/bogenriefgallery/stainedglasswindows.html" "Mozilla/5.0 (Windows NT 6.0; rv:22.0) Gecko/20100101 Firefox/22.0 AlexaToolbar/amznf-3.0.20121129"
74.42.116.226 - - [13/Aug/2013:19:02:45 -0400] "GET /onlinestore.html HTTP/1.1" 200 202 "http://www.bogenriefstudios.com/bogenriefgallery/thejunglewindow.html" "Mozilla/5.0 (Windows NT 6.0; rv:22.0) Gecko/20100101 Firefox/22.0 AlexaToolbar/amznf-3.0.20121129"
217.212.231.65 - - [13/Aug/2013:20:07:43 -0400] "GET /favicon.ico HTTP/1.1" 404 575 "http://www.bogenriefstudios.com/" "Opera/9.80 (Android; Opera Mini/7.5.32199/30.3643; U; ru) Presto/2.8.119 Version/11.10"
217.212.231.65 - - [13/Aug/2013:20:07:43 -0400] "GET /scripts/13custom.css HTTP/1.1" 200 2827 "http://www.bogenriefstudios.com/" "Opera/9.80 (Android; Opera Mini/7.5.32199/30.3643; U; ru) Presto/2.8.119 Version/11.10"
217.212.231.65 - - [13/Aug/2013:20:07:43 -0400] "GET /images/205_David_s_dome_006.JPG HTTP/1.1" 200 9145 "http://www.bogenriefstudios.com/" "Opera/9.80 (Android; Opera Mini/7.5.32199/30.3643; U; ru) Presto/2.8.119 Version/11.10"
217.212.231.65 - - [13/Aug/2013:20:07:43 -0400] "GET /images/198_door_019.JPG HTTP/1.1" 200 8796 "http://www.bogenriefstudios.com/" "Opera/9.80 (Android; Opera Mini/7.5.32199/30.3643; U; ru) Presto/2.8.119 Version/11.10"
75.184.13.179 - - [13/Aug/2013:00:40:45 -0400] "GET /images/682_Daydream_001.jpg HTTP/1.1" 200 215855 "https://www.google.com/" "Mozilla/5.0 (iPhone; CPU iPhone OS 6_1_4 like Mac OS X) AppleWebKit/536.26 (KHTML, like Gecko) Version/6.0 Mobile/10B350 Safari/8536.25"
66.249.75.119 - - [13/Aug/2013:02:11:51 -0400] "GET /scripts/icwebsiteelement.css HTTP/1.1" 200 8132 "-" "Mozilla/5.0 (compatible; Googlebot/2.1; +http://www.google.com/bot.html)"
223.27.244.178 - - [13/Aug/2013:02:27:09 -0400] "GET /images/682_blue_white_chandelier_-_installed-edited.jpg HTTP/1.1" 200 79065 "-" "Mozilla/5.0 (iPad; CPU OS 6_1_3 like Mac OS X) AppleWebKit/536.26 (KHTML, like Gecko) Version/6.0 Mobile/10B329 Safari/8536.25"
195.91.152.28 - - [13/Aug/2013:02:32:35 -0400] "GET /images/682_Flower_Series.jpg HTTP/1.1" 200 102670 "http://www.liveinternet.ru/tags/%F1%F2%E5%EA%EB%EE./" "Mozilla/5.0 (Windows NT 6.0; rv:22.0) Gecko/20100101 Firefox/22.0"
5.63.151.189 - - [13/Aug/2013:02:53:53 -0400] "HEAD / HTTP/1.1" 200 - "-" "checks.panopta.com"
63.71.120.26 - - [13/Aug/2013:12:36:07 -0400] "GET /contactus.html HTTP/1.1" 200 11250 "http://www.bogenriefstudios.com/" "Mozilla/5.0 (compatible; MSIE 10.0; Windows NT 6.1; WOW64; Trident/6.0)"
63.71.120.26 - - [13/Aug/2013:12:36:07 -0400] "GET /scripts/22custom.css HTTP/1.1" 200 1141 "http://www.bogenriefstudios.com/contactus.html" "Mozilla/5.0 (compatible; MSIE 10.0; Windows NT 6.1; WOW64; Trident/6.0)"
63.71.120.26 - - [13/Aug/2013:12:36:08 -0400] "GET /favicon.ico HTTP/1.1" 404 575 "-" "Mozilla/5.0 (compatible; MSIE 10.0; Windows NT 6.1; WOW64; Trident/6.0)"
5.63.151.189 - - [13/Aug/2013:14:14:07 -0400] "HEAD / HTTP/1.1" 200 - "-" "checks.panopta.com"
220.181.108.121 - - [13/Aug/2013:14:50:49 -0400] "GET /scripts/website.css HTTP/1.1" 200 1646 "-" "Mozilla/5.0 (compatible; Baiduspider/2.0; +http://www.baidu.com/search/spider.html)"
157.56.229.244 - - [13/Aug/2013:14:55:27 -0400] "GET /home.html HTTP/1.1" 200 27081 "-" "Mozilla/5.0 (compatible; bingbot/2.0; +http://www.bing.com/bingbot.htm)"
192.91.75.30 - - [13/Aug/2013:15:56:12 -0400] "GET /favicon.ico HTTP/1.1" 404 575 "-" "Mozilla/4.0 (compatible; MSIE 8.0; Windows NT 6.1; WOW64; Trident/4.0; GTB7.5; SLCC2; .NET CLR 2.0.50727; .NET CLR 3.5.30729; .NET CLR 3.0.30729; Media Center PC 6.0)"
192.94.94.106 - - [13/Aug/2013:15:56:55 -0400] "GET /scripts/ic_globals_published.js HTTP/1.1" 304 - "http://www.bogenriefstudios.com/" "Mozilla/4.0 (compatible; MSIE 8.0; Windows NT 6.1; WOW64; Trident/4.0; GTB7.5; SLCC2; .NET CLR 2.0.50727; .NET CLR 3.5.30729; .NET CLR 3.0.30729; Media Center PC 6.0)"
192.94.94.106 - - [13/Aug/2013:15:56:55 -0400] "GET /scripts/website.css HTTP/1.1" 304 - "http://www.bogenriefstudios.com/" "Mozilla/4.0 (compatible; MSIE 8.0; Windows NT 6.1; WOW64; Trident/4.0; GTB7.5; SLCC2; .NET CLR 2.0.50727; .NET CLR 3.5.30729; .NET CLR 3.0.30729; Media Center PC 6.0)"
192.94.94.106 - - [13/Aug/2013:15:56:55 -0400] "GET /scripts/13custom.css HTTP/1.1" 304 - "http://www.bogenriefstudios.com/" "Mozilla/4.0 (compatible; MSIE 8.0; Windows NT 6.1; WOW64; Trident/4.0; GTB7.5; SLCC2; .NET CLR 2.0.50727; .NET CLR 3.5.30729; .NET CLR 3.0.30729; Media Center PC 6.0)"
192.94.94.106 - - [13/Aug/2013:15:56:55 -0400] "GET /scripts/icwebsiteelement.css HTTP/1.1" 304 - "http://www.bogenriefstudios.com/" "Mozilla/4.0 (compatible; MSIE 8.0; Windows NT 6.1; WOW64; Trident/4.0; GTB7.5; SLCC2; .NET CLR 2.0.50727; .NET CLR 3.5.30729; .NET CLR 3.0.30729; Media Center PC 6.0)"
192.94.94.106 - - [13/Aug/2013:15:56:56 -0400] "GET /images/ic_034_body_bg_wide.jpg HTTP/1.1" 304 - "http://www.bogenriefstudios.com/" "Mozilla/4.0 (compatible; MSIE 8.0; Windows NT 6.1; WOW64; Trident/4.0; GTB7.5; SLCC2; .NET CLR 2.0.50727; .NET CLR 3.5.30729; .NET CLR 3.0.30729; Media Center PC 6.0)"
192.94.94.106 - - [13/Aug/2013:15:56:56 -0400] "GET /images/682_post_card.JPG HTTP/1.1" 304 - "http://www.bogenriefstudios.com/" "Mozilla/4.0 (compatible; MSIE 8.0; Windows NT 6.1; WOW64; Trident/4.0; GTB7.5; SLCC2; .NET CLR 2.0.50727; .NET CLR 3.5.30729; .NET CLR 3.0.30729; Media Center PC 6.0)"
192.94.94.106 - - [13/Aug/2013:15:56:56 -0400] "GET /images/205_David_s_dome_006.JPG HTTP/1.1" 304 - "http://www.bogenriefstudios.com/" "Mozilla/4.0 (compatible; MSIE 8.0; Windows NT 6.1; WOW64; Trident/4.0; GTB7.5; SLCC2; .NET CLR 2.0.50727; .NET CLR 3.5.30729; .NET CLR 3.0.30729; Media Center PC 6.0)"
192.94.94.106 - - [13/Aug/2013:15:56:56 -0400] "GET /images/205_025.JPG HTTP/1.1" 304 - "http://www.bogenriefstudios.com/" "Mozilla/4.0 (compatible; MSIE 8.0; Windows NT 6.1; WOW64; Trident/4.0; GTB7.5; SLCC2; .NET CLR 2.0.50727; .NET CLR 3.5.30729; .NET CLR 3.0.30729; Media Center PC 6.0)"
192.94.94.106 - - [13/Aug/2013:15:56:56 -0400] "GET /images/198_023.JPG HTTP/1.1" 304 - "http://www.bogenriefstudios.com/" "Mozilla/4.0 (compatible; MSIE 8.0; Windows NT 6.1; WOW64; Trident/4.0; GTB7.5; SLCC2; .NET CLR 2.0.50727; .NET CLR 3.5.30729; .NET CLR 3.0.30729; Media Center PC 6.0)"
184.155.16.30 - - [13/Aug/2013:16:11:38 -0400] "GET /scripts/photoalbum.js HTTP/1.1" 200 62481 "http://www.bogenriefstudios.com/" "Mozilla/5.0 (compatible; MSIE 10.0; Windows NT 6.1; WOW64; Trident/6.0)"
184.155.16.30 - - [13/Aug/2013:16:11:39 -0400] "GET /images/ic_034_body_bg_wide.jpg HTTP/1.1" 200 90532 "http://www.bogenriefstudios.com/" "Mozilla/5.0 (compatible; MSIE 10.0; Windows NT 6.1; WOW64; Trident/6.0)"
5.63.151.189 - - [13/Aug/2013:17:15:20 -0400] "HEAD / HTTP/1.1" 200 - "-" "checks.panopta.com"
157.55.34.74 - - [13/Aug/2013:03:15:50 -0400] "GET /bogenriefgallery/thejunglewindow.html HTTP/1.1" 304 - "-" "Mozilla/5.0 (compatible; bingbot/2.0; +http://www.bing.com/bingbot.htm)"
66.249.81.161 - - [13/Aug/2013:05:38:44 -0400] "GET / HTTP/1.1" 200 13883 "-" "Mozilla/5.0 (Windows NT 6.1; rv:6.0) Gecko/20110814 Firefox/6.0 Google (+https://developers.google.com/+/web/snippet/)"
71.165.217.192 - - [13/Aug/2013:07:27:09 -0400] "GET /scripts/photoalbum.js HTTP/1.1" 200 62481 "http://www.bogenriefstudios.com/home.html" "Mozilla/5.0 (iPad; CPU OS 6_1_3 like Mac OS X) AppleWebKit/536.26 (KHTML, like Gecko) Version/6.0 Mobile/10B329 Safari/8536.25"
71.165.217.192 - - [13/Aug/2013:07:27:09 -0400] "GET /images/622_David_Siegel_s_Dome.jpg HTTP/1.1" 200 106576 "http://www.bogenriefstudios.com/home.html" "Mozilla/5.0 (iPad; CPU OS 6_1_3 like Mac OS X) AppleWebKit/536.26 (KHTML, like Gecko) Version/6.0 Mobile/10B329 Safari/8536.25"
71.165.217.192 - - [13/Aug/2013:07:27:10 -0400] "GET /images/321_P1010005.JPG HTTP/1.1" 200 60353 "http://www.bogenriefstudios.com/home.html" "Mozilla/5.0 (iPad; CPU OS 6_1_3 like Mac OS X) AppleWebKit/536.26 (KHTML, like Gecko) Version/6.0 Mobile/10B329 Safari/8536.25"
71.165.217.192 - - [13/Aug/2013:07:27:10 -0400] "GET /images/682_rocklin_-_sun_moon.jpg HTTP/1.1" 200 29490 "http://www.bogenriefstudios.com/home.html" "Mozilla/5.0 (iPad; CPU OS 6_1_3 like Mac OS X) AppleWebKit/536.26 (KHTML, like Gecko) Version/6.0 Mobile/10B329 Safari/8536.25"
71.165.217.192 - - [13/Aug/2013:07:27:10 -0400] "GET /images/682_iowa_hall_of_pride_window_014_-_cropped.jpg HTTP/1.1" 200 92976 "http://www.bogenriefstudios.com/home.html" "Mozilla/5.0 (iPad; CPU OS 6_1_3 like Mac OS X) AppleWebKit/536.26 (KHTML, like Gecko) Version/6.0 Mobile/10B329 Safari/8536.25"
66.87.94.54 - - [13/Aug/2013:08:44:40 -0400] "GET /images/682_Cool_Blue_Chandelier.jpg HTTP/1.1" 200 79065 "https://www.google.com/" "Mozilla/5.0 (iPhone; CPU iPhone OS 6_1_3 like Mac OS X) AppleWebKit/536.26 (KHTML, like Gecko) Version/6.0 Mobile/10B329 Safari/8536.25"
207.32.34.140 - - [13/Aug/2013:09:10:40 -0400] "GET / HTTP/1.1" 200 13883 "http://www.google.com/url?sa=t&rct=j&q=bogenrief%20studios%20sutherland%20iowa&source=web&cd=1&ved=0CCoQFjAA&url=http%3A%2F%2Fwww.bogenriefstudios.com%2F&ei=RzAKUuzlH6is2QXvy4CoCw&usg=AFQjCNFmvTLx1DvEtLdJ0hJ0NtYXCBpQiA" "Mozilla/5.0 (compatible; MSIE 10.0; Windows NT 6.1; WOW64; Trident/6.0)"
207.32.34.140 - - [13/Aug/2013:09:10:40 -0400] "GET /scripts/13custom.css HTTP/1.1" 200 2827 "http://www.bogenriefstudios.com/" "Mozilla/5.0 (compatible; MSIE 10.0; Windows NT 6.1; WOW64; Trident/6.0)"
207.32.34.140 - - [13/Aug/2013:09:10:42 -0400] "GET /images/ic_034_body_bg_wide.jpg HTTP/1.1" 200 90532 "http://www.bogenriefstudios.com/" "Mozilla/5.0 (compatible; MSIE 10.0; Windows NT 6.1; WOW64; Trident/6.0)"
5.63.151.189 - - [13/Aug/2013:09:42:33 -0400] "HEAD / HTTP/1.1" 200 - "-" "checks.panopta.com"
82.0.237.115 - - [13/Aug/2013:10:07:49 -0400] "GET /images/198_door_019.JPG HTTP/1.1" 200 8796 "http://www.bogenriefstudios.com/bogenriefgallery.html" "Mozilla/5.0 (Windows NT 6.0) AppleWebKit/537.36 (KHTML, like Gecko) Chrome/28.0.1500.95 Safari/537.36"
82.0.237.115 - - [13/Aug/2013:10:07:50 -0400] "GET /images/321_David_s_dome_002.JPG HTTP/1.1" 200 23041 "http://www.bogenriefstudios.com/bogenriefgallery.html" "Mozilla/5.0 (Windows NT 6.0) AppleWebKit/537.36 (KHTML, like Gecko) Chrome/28.0.1500.95 Safari/537.36"
24.234.41.241 - - [13/Aug/2013:10:45:41 -0400] "GET /scripts/photoalbum.js HTTP/1.1" 200 62481 "http://www.bogenriefstudios.com/" "Mozilla/5.0 (Windows NT 6.1; WOW64; rv:17.0) Gecko/17.0 Firefox/17.0"
24.234.41.241 - - [13/Aug/2013:10:45:41 -0400] "GET /images/198_023.JPG HTTP/1.1" 200 9799 "http://www.bogenriefstudios.com/" "Mozilla/5.0 (Windows NT 6.1; WOW64; rv:17.0) Gecko/17.0 Firefox/17.0"
24.234.41.241 - - [13/Aug/2013:10:45:42 -0400] "GET /images/198_dome_008.JPG HTTP/1.1" 200 8321 "http://www.bogenriefstudios.com/" "Mozilla/5.0 (Windows NT 6.1; WOW64; rv:17.0) Gecko/17.0 Firefox/17.0"
97.81.43.217 - - [13/Aug/2013:21:17:15 -0400] "GET /images/480_Lauritzen_Gardens_35_.jpg HTTP/1.1" 200 26979 "http://www.bogenriefstudios.com/bogenriefgallery/chandeliers.html" "Mozilla/5.0 (compatible; MSIE 10.0; Windows NT 6.1; WOW64; Trident/6.0)"
