97.118.141.138 - - [13/Aug/2013:10:18:19 -0400] "GET /images/198_dome_008.JPG HTTP/1.1" 200 8321 "http://www.bogenriefstudios.com/" "Mozilla/5.0 (Macintosh; Intel Mac OS X 10_7_4) AppleWebKit/536.25 (KHTML, like Gecko) Version/6.0 Safari/536.25"
5.63.151.189 - - [13/Aug/2013:08:11:23 -0400] "HEAD / HTTP/1.1" 200 - "-" "checks.panopta.com"
157.56.229.245 - - [13/Aug/2013:08:58:23 -0400] "GET / HTTP/1.1" 200 13883 "-" "Mozilla/5.0 (compatible; bingbot/2.0; +http://www.bing.com/bingbot.htm)"
66.249.81.161 - - [13/Aug/2013:04:34:22 -0400] "GET / HTTP/1.1" 200 13883 "-" "Mozilla/5.0 (Windows NT 6.1; rv:6.0) Gecko/20110814 Firefox/6.0 Google (+https://developers.google.com/+/web/snippet/)"
192.94.94.106 - - [13/Aug/2013:15:58:16 -0400] "GET /images/329_LADY_Peacock_Lady_Blue.jpg HTTP/1.1" 200 63597 "http://www.bogenriefstudios.com/bogenriefgallery/ladiesofbogenrief.html" "Mozilla/4.0 (compatible; MSIE 8.0; Windows NT 6.1; WOW64; Trident/4.0; GTB7.5; SLCC2; .NET CLR 2.0.50727; .NET CLR 3.5.30729; .NET CLR 3.0.30729; Media Center PC 6.0)"
184.155.16.30 - - [13/Aug/2013:16:11:40 -0400] "GET /favicon.ico HTTP/1.1" 404 575 "-" "Mozilla/5.0 (compatible; MSIE 10.0; Windows NT 6.1; Win64; x64; Trident/6.0)"
184.155.16.30 - - [13/Aug/2013:16:11:47 -0400] "GET /contactus.html HTTP/1.1" 200 11250 "http://www.bogenriefstudios.com/" "Mozilla/5.0 (compatible; MSIE 10.0; Windows NT 6.1; WOW64; Trident/6.0)"
108.230.68.53 - - [13/Aug/2013:16:37:20 -0400] "GET /images/682_web_site_4-edited.jpg HTTP/1.1" 304 - "http://www.google.com/blank.html" "Mozilla/5.0 (compatible; MSIE 10.0; Windows NT 6.1; Trident/6.0)"
97.81.43.217 - - [13/Aug/2013:21:16:13 -0400] "GET /pricing.html HTTP/1.1" 200 17343 "-" "Mozilla/5.0 (compatible; MSIE 10.0; Windows NT 6.1; WOW64; Trident/6.0)"
97.81.43.217 - - [13/Aug/2013:21:16:13 -0400] "GET /scripts/4custom.css HTTP/1.1" 200 3498 "http://www.bogenriefstudios.com/pricing.html" "Mozilla/5.0 (compatible; MSIE 10.0; Windows NT 6.1; WOW64; Trident/6.0)"
97.81.43.217 - - [13/Aug/2013:21:16:13 -0400] "GET /images/196_web_site-edited.jpg HTTP/1.1" 200 19717 "http://www.bogenriefstudios.com/pricing.html" "Mozilla/5.0 (compatible; MSIE 10.0; Windows NT 6.1; WOW64; Trident/6.0)"
97.81.43.217 - - [13/Aug/2013:21:16:29 -0400] "GET /images/508_SPEN0001.JPG HTTP/1.1" 200 54597 "http://www.bogenriefstudios.com/bogenriefgallery/blownfusedglass.html" "Mozilla/5.0 (compatible; MSIE 10.0; Windows NT 6.1; WOW64; Trident/6.0)"
68.93.192.165 - - [13/Aug/2013:21:25:32 -0400] "GET /images/188_Blown_Glass_104.jpg HTTP/1.1" 200 4494 "http://www.bogenriefstudios.com/studios.html" "Mozilla/5.0 (iPhone; CPU iPhone OS 6_1_3 like Mac OS X) AppleWebKit/536.26 (KHTML, like Gecko) Version/6.0 Mobile/10B329 Safari/8536.25"
68.93.192.165 - - [13/Aug/2013:21:25:33 -0400] "GET /images/682_blue_white_chandelier_-_installed-edited.jpg HTTP/1.1" 200 79065 "http://www.bogenriefstudios.com/studios.html" "Mozilla/5.0 (iPhone; CPU iPhone OS 6_1_3 like Mac OS X) AppleWebKit/536.26 (KHTML, like Gecko) Version/6.0 Mobile/10B329 Safari/8536.25"
50.83.135.148 - - [13/Aug/2013:21:47:27 -0400] "GET /images/404_12x12%20sm%20scale.jpg HTTP/1.1" 200 64273 "https://www.google.com/" "Mozilla/5.0 (iPhone; CPU iPhone OS 6_1_3 like Mac OS X) AppleWebKit/536.26 (KHTML, like Gecko) Version/6.0 Mobile/10B329 Safari/8536.25"
68.93.192.165 - - [13/Aug/2013:22:20:14 -0400] "GET /onlinestore.html HTTP/1.1" 200 202 "http://www.bogenriefstudios.com/studios.html" "Mozilla/5.0 (iPhone; CPU iPhone OS 6_1_3 like Mac OS X) AppleWebKit/536.26 (KHTML, like Gecko) Version/6.0 Mobile/10B329 Safari/8536.25"
27.55.142.73 - - [13/Aug/2013:02:09:09 -0400] "GET /images/682_Detail_with_greenery_red_flowers.jpg HTTP/1.1" 200 168414 "http://www.google.co.th/search?tbm=isch&sa=1&ei=s8wJUqKGCMXqlAXczIGIDQ&q=stained+glass+flowers&oq=stained+glass+flo&gs_l=mobile-gws-serp.1.0.0l5.75308.81414.0.82961.11.7.1.0.0.0.428.1611.0j1j1j2j1.5.0....0...1c.1.24.mobile-gws-serp..5.6.1766.hB6ppSKI9fg&biw=360&bih=515&sei=Cs0JUvvFDsuFkwXEnIFA#" "Mozilla/5.0 (Linux; U; Android 4.2.1; en-gb; Galaxy Nexus Build/JOP40D) AppleWebKit/534.30 (KHTML, like Gecko) Version/4.0 Mobile Safari/534.30"
5.63.151.189 - - [13/Aug/2013:21:16:50 -0400] "HEAD / HTTP/1.1" 200 - "-" "checks.panopta.com"
184.155.16.30 - - [13/Aug/2013:16:11:38 -0400] "GET /scripts/ic_globals_published.js HTTP/1.1" 200 566 "http://www.bogenriefstudios.com/" "Mozilla/5.0 (compatible; MSIE 10.0; Windows NT 6.1; WOW64; Trident/6.0)"
184.155.16.30 - - [13/Aug/2013:16:11:38 -0400] "GET /scripts/print.css HTTP/1.1" 200 - "http://www.bogenriefstudios.com/" "Mozilla/5.0 (compatible; MSIE 10.0; Windows NT 6.1; WOW64; Trident/6.0)"
184.155.16.30 - - [13/Aug/2013:16:11:39 -0400] "GET /scripts/icwebsiteelement.css HTTP/1.1" 200 8132 "http://www.bogenriefstudios.com/" "Mozilla/5.0 (compatible; MSIE 10.0; Windows NT 6.1; WOW64; Trident/6.0)"
184.155.16.30 - - [13/Aug/2013:16:11:39 -0400] "GET /images/321_David_s_dome_002.JPG HTTP/1.1" 200 23041 "http://www.bogenriefstudios.com/" "Mozilla/5.0 (compatible; MSIE 10.0; Windows NT 6.1; WOW64; Trident/6.0)"
97.118.141.138 - - [13/Aug/2013:14:59:42 -0400] "GET /images/68.jpg HTTP/1.1" 200 11436 "http://www.bogenriefstudios.com/" "Mozilla/5.0 (Macintosh; Intel Mac OS X 10_7_4) AppleWebKit/536.25 (KHTML, like Gecko) Version/6.0 Safari/536.25"
97.118.141.138 - - [13/Aug/2013:14:59:43 -0400] "GET /images/321_Richards_install_004.JPG HTTP/1.1" 200 21479 "http://www.bogenriefstudios.com/" "Mozilla/5.0 (Macintosh; Intel Mac OS X 10_7_4) AppleWebKit/536.25 (KHTML, like Gecko) Version/6.0 Safari/536.25"
5.63.151.189 - - [13/Aug/2013:00:53:00 -0400] "HEAD / HTTP/1.1" 200 - "-" "checks.panopta.com"
66.249.75.119 - - [13/Aug/2013:02:09:52 -0400] "GET /robots.txt HTTP/1.1" 200 25 "-" "Mozilla/5.0 (compatible; Googlebot/2.1; +http://www.google.com/bot.html)"
66.249.75.119 - - [13/Aug/2013:02:09:52 -0400] "GET / HTTP/1.1" 200 13883 "-" "Mozilla/5.0 (compatible; Googlebot/2.1; +http://www.google.com/bot.html)"
82.0.237.115 - - [13/Aug/2013:10:11:26 -0400] "GET /images/321_jungle_window.JPG HTTP/1.1" 200 58729 "http://www.bogenriefstudios.com/bogenriefgallery/thejunglewindow.html" "Mozilla/5.0 (Windows NT 6.0) AppleWebKit/537.36 (KHTML, like Gecko) Chrome/28.0.1500.95 Safari/537.36"
82.0.237.115 - - [13/Aug/2013:10:11:27 -0400] "GET /images/696_e-mail_florida_011.jpg HTTP/1.1" 200 85171 "http://www.bogenriefstudios.com/bogenriefgallery/thejunglewindow.html" "Mozilla/5.0 (Windows NT 6.0) AppleWebKit/537.36 (KHTML, like Gecko) Chrome/28.0.1500.95 Safari/537.36"
82.0.237.115 - - [13/Aug/2013:10:11:28 -0400] "GET /images/696_Detail_with_left_facing_parrot.JPG HTTP/1.1" 200 97281 "http://www.bogenriefstudios.com/bogenriefgallery/thejunglewindow.html" "Mozilla/5.0 (Windows NT 6.0) AppleWebKit/537.36 (KHTML, like Gecko) Chrome/28.0.1500.95 Safari/537.36"
82.0.237.115 - - [13/Aug/2013:10:11:28 -0400] "GET /images/696_Detail_with_cockatoo.jpg HTTP/1.1" 200 138180 "http://www.bogenriefstudios.com/bogenriefgallery/thejunglewindow.html" "Mozilla/5.0 (Windows NT 6.0) AppleWebKit/537.36 (KHTML, like Gecko) Chrome/28.0.1500.95 Safari/537.36"
82.0.237.115 - - [13/Aug/2013:10:11:30 -0400] "GET /favicon.ico HTTP/1.1" 404 575 "-" "Mozilla/5.0 (Windows NT 6.0) AppleWebKit/537.36 (KHTML, like Gecko) Chrome/28.0.1500.95 Safari/537.36"
188.168.215.59 - - [13/Aug/2013:10:54:16 -0400] "GET /scripts/ic_globals_published.js HTTP/1.1" 200 566 "http://www.bogenriefstudios.com/" "Mozilla/5.0 (Windows NT 6.1; WOW64) AppleWebKit/537.22 (KHTML, like Gecko) Chrome/25.0.1364.172 YaBrowser/1.7.1364.17262 Safari/537.22"
188.168.215.59 - - [13/Aug/2013:10:54:16 -0400] "GET /scripts/13custom.css HTTP/1.1" 200 2827 "http://www.bogenriefstudios.com/" "Mozilla/5.0 (Windows NT 6.1; WOW64) AppleWebKit/537.22 (KHTML, like Gecko) Chrome/25.0.1364.172 YaBrowser/1.7.1364.17262 Safari/537.22"
188.168.215.59 - - [13/Aug/2013:10:54:16 -0400] "GET /scripts/icwebsiteelement.css HTTP/1.1" 200 8132 "http://www.bogenriefstudios.com/" "Mozilla/5.0 (Windows NT 6.1; WOW64) AppleWebKit/537.22 (KHTML, like Gecko) Chrome/25.0.1364.172 YaBrowser/1.7.1364.17262 Safari/537.22"
188.168.215.59 - - [13/Aug/2013:10:54:21 -0400] "GET /images/682_post_card.JPG HTTP/1.1" 200 133316 "http://www.bogenriefstudios.com/" "Mozilla/5.0 (Windows NT 6.1; WOW64) AppleWebKit/537.22 (KHTML, like Gecko) Chrome/25.0.1364.172 YaBrowser/1.7.1364.17262 Safari/537.22"
188.168.215.59 - - [13/Aug/2013:10:54:43 -0400] "GET /scripts/21custom.css HTTP/1.1" 200 805 "http://www.bogenriefstudios.com/bogenriefgallery/stainedglasswindows.html" "Mozilla/5.0 (Windows NT 6.1; WOW64) AppleWebKit/537.22 (KHTML, like Gecko) Chrome/25.0.1364.172 YaBrowser/1.7.1364.17262 Safari/537.22"
188.168.215.59 - - [13/Aug/2013:10:54:43 -0400] "GET /images/photoalbum/button_photoPrev.jpg HTTP/1.1" 200 656 "http://www.bogenriefstudios.com/bogenriefgallery/stainedglasswindows.html" "Mozilla/5.0 (Windows NT 6.1; WOW64) AppleWebKit/537.22 (KHTML, like Gecko) Chrome/25.0.1364.172 YaBrowser/1.7.1364.17262 Safari/537.22"
188.168.215.59 - - [13/Aug/2013:10:54:43 -0400] "GET /images/photoalbum/detail_close.jpg HTTP/1.1" 200 1095 "http://www.bogenriefstudios.com/bogenriefgallery/stainedglasswindows.html" "Mozilla/5.0 (Windows NT 6.1; WOW64) AppleWebKit/537.22 (KHTML, like Gecko) Chrome/25.0.1364.172 YaBrowser/1.7.1364.17262 Safari/537.22"
188.168.215.59 - - [13/Aug/2013:10:54:43 -0400] "GET /images/photoalbum/button_photoSpeed3_ON.jpg HTTP/1.1" 200 587 "http://www.bogenriefstudios.com/bogenriefgallery/stainedglasswindows.html" "Mozilla/5.0 (Windows NT 6.1; WOW64) AppleWebKit/537.22 (KHTML, like Gecko) Chrome/25.0.1364.172 YaBrowser/1.7.1364.17262 Safari/537.22"
188.168.215.59 - - [13/Aug/2013:10:54:44 -0400] "GET /images/696_Grout_Museum_veterans_memorial_wall_edited_.jpg HTTP/1.1" 200 76828 "http://www.bogenriefstudios.com/bogenriefgallery/stainedglasswindows.html" "Mozilla/5.0 (Windows NT 6.1; WOW64) AppleWebKit/537.22 (KHTML, like Gecko) Chrome/25.0.1364.172 YaBrowser/1.7.1364.17262 Safari/537.22"
204.73.55.10 - - [13/Aug/2013:11:55:26 -0400] "GET /scripts/ic_globals_published.js HTTP/1.1" 200 566 "http://www.bogenriefstudios.com/studios.html" "Mozilla/4.0 (compatible; MSIE 8.0; Windows NT 5.1; Trident/4.0; .NET CLR 1.1.4322; .NET CLR 2.0.50727; .NET CLR 3.0.4506.2152; .NET CLR 3.5.30729; .NET4.0C; .NET4.0E; InfoPath.3)"
204.73.55.10 - - [13/Aug/2013:11:55:26 -0400] "GET /scripts/print.css HTTP/1.1" 200 - "http://www.bogenriefstudios.com/studios.html" "Mozilla/4.0 (compatible; MSIE 8.0; Windows NT 5.1; Trident/4.0; .NET CLR 1.1.4322; .NET CLR 2.0.50727; .NET CLR 3.0.4506.2152; .NET CLR 3.5.30729; .NET4.0C; .NET4.0E; InfoPath.3)"
204.73.55.10 - - [13/Aug/2013:11:55:27 -0400] "GET /images/ic_034_body_bg_wide.jpg HTTP/1.1" 200 90532 "http://www.bogenriefstudios.com/studios.html" "Mozilla/4.0 (compatible; MSIE 8.0; Windows NT 5.1; Trident/4.0; .NET CLR 1.1.4322; .NET CLR 2.0.50727; .NET CLR 3.0.4506.2152; .NET CLR 3.5.30729; .NET4.0C; .NET4.0E; InfoPath.3)"
204.73.55.10 - - [13/Aug/2013:11:55:28 -0400] "GET /images/188_Blown_Glass_104.jpg HTTP/1.1" 200 4494 "http://www.bogenriefstudios.com/studios.html" "Mozilla/4.0 (compatible; MSIE 8.0; Windows NT 5.1; Trident/4.0; .NET CLR 1.1.4322; .NET CLR 2.0.50727; .NET CLR 3.0.4506.2152; .NET CLR 3.5.30729; .NET4.0C; .NET4.0E; InfoPath.3)"
204.73.55.10 - - [13/Aug/2013:11:55:28 -0400] "GET /images/196_Blown_Glass_108_-_modified.jpg HTTP/1.1" 200 8997 "http://www.bogenriefstudios.com/studios.html" "Mozilla/4.0 (compatible; MSIE 8.0; Windows NT 5.1; Trident/4.0; .NET CLR 1.1.4322; .NET CLR 2.0.50727; .NET CLR 3.0.4506.2152; .NET CLR 3.5.30729; .NET4.0C; .NET4.0E; InfoPath.3)"
204.73.55.10 - - [13/Aug/2013:11:55:28 -0400] "GET /images/188_Blown_Glass_129_-_modified.jpg HTTP/1.1" 200 5498 "http://www.bogenriefstudios.com/studios.html" "Mozilla/4.0 (compatible; MSIE 8.0; Windows NT 5.1; Trident/4.0; .NET CLR 1.1.4322; .NET CLR 2.0.50727; .NET CLR 3.0.4506.2152; .NET CLR 3.5.30729; .NET4.0C; .NET4.0E; InfoPath.3)"
204.73.55.10 - - [13/Aug/2013:11:55:28 -0400] "GET /images/188_Blown_Glass_113_-_modified.jpg HTTP/1.1" 200 10516 "http://www.bogenriefstudios.com/studios.html" "Mozilla/4.0 (compatible; MSIE 8.0; Windows NT 5.1; Trident/4.0; .NET CLR 1.1.4322; .NET CLR 2.0.50727; .NET CLR 3.0.4506.2152; .NET CLR 3.5.30729; .NET4.0C; .NET4.0E; InfoPath.3)"
204.73.55.10 - - [13/Aug/2013:11:55:28 -0400] "GET /images/196_Blown_Glass_121_-_cropped.jpg HTTP/1.1" 200 6268 "http://www.bogenriefstudios.com/studios.html" "Mozilla/4.0 (compatible; MSIE 8.0; Windows NT 5.1; Trident/4.0; .NET CLR 1.1.4322; .NET CLR 2.0.50727; .NET CLR 3.0.4506.2152; .NET CLR 3.5.30729; .NET4.0C; .NET4.0E; InfoPath.3)"
204.73.55.10 - - [13/Aug/2013:11:55:28 -0400] "GET /images/188_ruffle_bowl.jpg HTTP/1.1" 200 7229 "http://www.bogenriefstudios.com/studios.html" "Mozilla/4.0 (compatible; MSIE 8.0; Windows NT 5.1; Trident/4.0; .NET CLR 1.1.4322; .NET CLR 2.0.50727; .NET CLR 3.0.4506.2152; .NET CLR 3.5.30729; .NET4.0C; .NET4.0E; InfoPath.3)"
204.73.55.10 - - [13/Aug/2013:11:55:28 -0400] "GET /images/188_perfume_bottles.jpg HTTP/1.1" 200 8362 "http://www.bogenriefstudios.com/studios.html" "Mozilla/4.0 (compatible; MSIE 8.0; Windows NT 5.1; Trident/4.0; .NET CLR 1.1.4322; .NET CLR 2.0.50727; .NET CLR 3.0.4506.2152; .NET CLR 3.5.30729; .NET4.0C; .NET4.0E; InfoPath.3)"
182.68.202.178 - - [13/Aug/2013:04:55:12 -0400] "GET /scripts/user.js HTTP/1.1" 200 23762 "http://www.bogenriefstudios.com/contactus.html" "Mozilla/5.0 (Windows; U; Windows NT 5.1; en-US; rv:1.9.2.19) Gecko/20110707 Firefox/3.6.19 GTB7.1 (.NET CLR 3.5.30729)"
5.63.151.189 - - [13/Aug/2013:05:55:48 -0400] "HEAD / HTTP/1.1" 200 - "-" "checks.panopta.com"
91.76.160.16 - - [13/Aug/2013:12:13:55 -0400] "GET /favicon.ico HTTP/1.1" 404 575 "-" "Mozilla/5.0 (compatible; MSIE 10.0; Windows NT 6.1; Trident/6.0)"
91.76.160.16 - - [13/Aug/2013:12:13:55 -0400] "GET /favicon.ico HTTP/1.1" 404 575 "-" "Mozilla/5.0 (compatible; MSIE 10.0; Windows NT 6.1; Trident/6.0)"
63.71.120.26 - - [13/Aug/2013:12:35:49 -0400] "GET /scripts/website.css HTTP/1.1" 200 1646 "http://www.bogenriefstudios.com/" "Mozilla/5.0 (compatible; MSIE 10.0; Windows NT 6.1; WOW64; Trident/6.0)"
63.71.120.26 - - [13/Aug/2013:12:35:50 -0400] "GET /images/682_post_card.JPG HTTP/1.1" 200 133316 "http://www.bogenriefstudios.com/" "Mozilla/5.0 (compatible; MSIE 10.0; Windows NT 6.1; WOW64; Trident/6.0)"
74.42.116.226 - - [13/Aug/2013:18:19:15 -0400] "GET /images/321_jungle_window.JPG HTTP/1.1" 200 58729 "http://www.bogenriefstudios.com/bogenriefgallery/thejunglewindow.html" "Mozilla/5.0 (Windows NT 6.0; rv:22.0) Gecko/20100101 Firefox/22.0 AlexaToolbar/amznf-3.0.20121129"
74.42.116.226 - - [13/Aug/2013:18:19:18 -0400] "GET /images/480_Detail_with_fronds.jpg HTTP/1.1" 200 54331 "http://www.bogenriefstudios.com/bogenriefgallery/thejunglewindow.html" "Mozilla/5.0 (Windows NT 6.0; rv:22.0) Gecko/20100101 Firefox/22.0 AlexaToolbar/amznf-3.0.20121129"
74.42.116.226 - - [13/Aug/2013:18:19:20 -0400] "GET /images/163_Elephant_detail.JPG HTTP/1.1" 200 18008 "http://www.bogenriefstudios.com/bogenriefgallery/thejunglewindow.html" "Mozilla/5.0 (Windows NT 6.0; rv:22.0) Gecko/20100101 Firefox/22.0 AlexaToolbar/amznf-3.0.20121129"
74.42.116.226 - - [13/Aug/2013:18:19:20 -0400] "GET /images/218_Detail_with_monkey.jpg HTTP/1.1" 200 17859 "http://www.bogenriefstudios.com/bogenriefgallery/thejunglewindow.html" "Mozilla/5.0 (Windows NT 6.0; rv:22.0) Gecko/20100101 Firefox/22.0 AlexaToolbar/amznf-3.0.20121129"
74.42.116.226 - - [13/Aug/2013:18:19:21 -0400] "GET /images/218_Detail_with_left_facing_parrot.JPG HTTP/1.1" 200 16786 "http://www.bogenriefstudios.com/bogenriefgallery/thejunglewindow.html" "Mozilla/5.0 (Windows NT 6.0; rv:22.0) Gecko/20100101 Firefox/22.0 AlexaToolbar/amznf-3.0.20121129"
5.63.151.189 - - [13/Aug/2013:06:56:08 -0400] "HEAD / HTTP/1.1" 200 - "-" "checks.panopta.com"
157.56.229.244 - - [13/Aug/2013:15:58:42 -0400] "GET /scripts/ic_globals_published.js HTTP/1.1" 200 566 "-" "Mozilla/5.0 (compatible; bingbot/2.0; +http://www.bing.com/bingbot.htm)"
97.118.141.138 - - [13/Aug/2013:16:05:34 -0400] "GET /scripts/icwebsiteelement.css HTTP/1.1" 200 8132 "http://www.bogenriefstudios.com/" "Mozilla/5.0 (Macintosh; Intel Mac OS X 10_7_4) AppleWebKit/536.25 (KHTML, like Gecko) Version/6.0 Safari/536.25"
97.118.141.138 - - [13/Aug/2013:16:05:37 -0400] "GET /images/205_David_s_dome_006.JPG HTTP/1.1" 200 9145 "http://www.bogenriefstudios.com/" "Mozilla/5.0 (Macintosh; Intel Mac OS X 10_7_4) AppleWebKit/536.25 (KHTML, like Gecko) Version/6.0 Safari/536.25"
97.118.141.138 - - [13/Aug/2013:16:05:37 -0400] "GET /images/198_023.JPG HTTP/1.1" 200 9799 "http://www.bogenriefstudios.com/" "Mozilla/5.0 (Macintosh; Intel Mac OS X 10_7_4) AppleWebKit/536.25 (KHTML, like Gecko) Version/6.0 Safari/536.25"
97.118.141.138 - - [13/Aug/2013:16:05:37 -0400] "GET /images/198_dome_008.JPG HTTP/1.1" 200 8321 "http://www.bogenriefstudios.com/" "Mozilla/5.0 (Macintosh; Intel Mac OS X 10_7_4) AppleWebKit/536.25 (KHTML, like Gecko) Version/6.0 Safari/536.25"
97.81.43.217 - - [13/Aug/2013:21:17:56 -0400] "GET /scripts/16custom.css HTTP/1.1" 200 1143 "http://www.bogenriefstudios.com/bogenriefgallery/ladiesofbogenrief.html" "Mozilla/5.0 (compatible; MSIE 10.0; Windows NT 6.1; WOW64; Trident/6.0)"
97.81.43.217 - - [13/Aug/2013:21:17:57 -0400] "GET /images/518_LADY_Daydreamer_Lady_1.jpg HTTP/1.1" 200 144265 "http://www.bogenriefstudios.com/bogenriefgallery/ladiesofbogenrief.html" "Mozilla/5.0 (compatible; MSIE 10.0; Windows NT 6.1; WOW64; Trident/6.0)"
50.83.145.5 - - [13/Aug/2013:21:38:29 -0400] "GET / HTTP/1.1" 200 13883 "https://www.google.com/" "Mozilla/5.0 (Macintosh; Intel Mac OS X 10_6_8) AppleWebKit/537.36 (KHTML, like Gecko) Chrome/28.0.1500.71 Safari/537.36"
50.83.145.5 - - [13/Aug/2013:21:38:30 -0400] "GET /scripts/13custom.css HTTP/1.1" 200 2827 "http://www.bogenriefstudios.com/" "Mozilla/5.0 (Macintosh; Intel Mac OS X 10_6_8) AppleWebKit/537.36 (KHTML, like Gecko) Chrome/28.0.1500.71 Safari/537.36"
50.83.145.5 - - [13/Aug/2013:21:38:30 -0400] "GET /images/198_052_2_.JPG HTTP/1.1" 200 7649 "http://www.bogenriefstudios.com/" "Mozilla/5.0 (Macintosh; Intel Mac OS X 10_6_8) AppleWebKit/537.36 (KHTML, like Gecko) Chrome/28.0.1500.71 Safari/537.36"
50.83.145.5 - - [13/Aug/2013:21:38:30 -0400] "GET /images/198_door_019.JPG HTTP/1.1" 200 8796 "http://www.bogenriefstudios.com/" "Mozilla/5.0 (Macintosh; Intel Mac OS X 10_6_8) AppleWebKit/537.36 (KHTML, like Gecko) Chrome/28.0.1500.71 Safari/537.36"
50.83.145.5 - - [13/Aug/2013:21:38:30 -0400] "GET /images/198_dome_008.JPG HTTP/1.1" 200 8321 "http://www.bogenriefstudios.com/" "Mozilla/5.0 (Macintosh; Intel Mac OS X 10_6_8) AppleWebKit/537.36 (KHTML, like Gecko) Chrome/28.0.1500.71 Safari/537.36"
50.83.145.5 - - [13/Aug/2013:21:38:30 -0400] "GET /images/68.jpg HTTP/1.1" 200 11436 "http://www.bogenriefstudios.com/" "Mozilla/5.0 (Macintosh; Intel Mac OS X 10_6_8) AppleWebKit/537.36 (KHTML, like Gecko) Chrome/28.0.1500.71 Safari/537.36"
98.223.92.180 - - [13/Aug/2013:21:47:48 -0400] "GET /studios.html HTTP/1.1" 200 30400 "http://www.google.com/url?sa=t&rct=j&q=glass%20blown%20chandeliers%20in%20chicago&source=web&cd=8&ved=0CFAQFjAH&url=http%3A%2F%2Fwww.bogenriefstudios.com%2Fstudios.html&ei=yuAKUsLLGdOtyAGsoIHgAQ&usg=AFQjCNGRxcLSGMXdC6tmOh3JHbQcPnXfVQ" "Mozilla/5.0 (iPad; CPU OS 6_1_3 like Mac OS X) AppleWebKit/536.26 (KHTML, like Gecko) Version/6.0 Mobile/10B329 Safari/8536.25"
98.223.92.180 - - [13/Aug/2013:21:47:49 -0400] "GET /images/682_Printed_20_.jpg HTTP/1.1" 200 124934 "http://www.bogenriefstudios.com/studios.html" "Mozilla/5.0 (iPad; CPU OS 6_1_3 like Mac OS X) AppleWebKit/536.26 (KHTML, like Gecko) Version/6.0 Mobile/10B329 Safari/8536.25"
98.223.92.180 - - [13/Aug/2013:21:47:49 -0400] "GET /images/196_Blown_Glass_043.jpg HTTP/1.1" 200 20009 "http://www.bogenriefstudios.com/studios.html" "Mozilla/5.0 (iPad; CPU OS 6_1_3 like Mac OS X) AppleWebKit/536.26 (KHTML, like Gecko) Version/6.0 Mobile/10B329 Safari/8536.25"
98.223.92.180 - - [13/Aug/2013:21:47:49 -0400] "GET /images/188_orange_-_seperate.jpg HTTP/1.1" 200 16735 "http://www.bogenriefstudios.com/studios.html" "Mozilla/5.0 (iPad; CPU OS 6_1_3 like Mac OS X) AppleWebKit/536.26 (KHTML, like Gecko) Version/6.0 Mobile/10B329 Safari/8536.25"
98.223.92.180 - - [13/Aug/2013:21:47:49 -0400] "GET /images/188_Blown_Glass_104.jpg HTTP/1.1" 200 4494 "http://www.bogenriefstudios.com/studios.html" "Mozilla/5.0 (iPad; CPU OS 6_1_3 like Mac OS X) AppleWebKit/536.26 (KHTML, like Gecko) Version/6.0 Mobile/10B329 Safari/8536.25"
98.223.92.180 - - [13/Aug/2013:21:47:50 -0400] "GET /scripts/print.css HTTP/1.1" 200 - "http://www.bogenriefstudios.com/studios.html" "Mozilla/5.0 (iPad; CPU OS 6_1_3 like Mac OS X) AppleWebKit/536.26 (KHTML, like Gecko) Version/6.0 Mobile/10B329 Safari/8536.25"
66.249.72.165 - - [13/Aug/2013:22:01:05 -0400] "GET /bogenriefgallery/stainedglasswindows.html HTTP/1.1" 304 - "-" "Mozilla/5.0 (iPhone; U; CPU iPhone OS 4_1 like Mac OS X; en-us) AppleWebKit/532.9 (KHTML, like Gecko) Version/4.0.5 Mobile/8B117 Safari/6531.22.7 (compatible; Googlebot-Mobile/2.1; +http://www.google.com/bot.html)"
68.93.192.165 - - [13/Aug/2013:22:02:15 -0400] "GET /scripts/user.js HTTP/1.1" 200 23762 "http://www.bogenriefstudios.com/studios.html" "Mozilla/5.0 (iPhone; CPU iPhone OS 6_1_3 like Mac OS X) AppleWebKit/536.26 (KHTML, like Gecko) Version/6.0 Mobile/10B329 Safari/8536.25"
68.93.192.165 - - [13/Aug/2013:22:02:16 -0400] "GET /images/273_Blown_Glass_052_-_modified.jpg HTTP/1.1" 200 21982 "http://www.bogenriefstudios.com/studios.html" "Mozilla/5.0 (iPhone; CPU iPhone OS 6_1_3 like Mac OS X) AppleWebKit/536.26 (KHTML, like Gecko) Version/6.0 Mobile/10B329 Safari/8536.25"
93.147.23.90 - - [13/Aug/2013:06:47:31 -0400] "GET /images/682_blue_white_chandelier_-_installed-edited.jpg HTTP/1.1" 200 79065 "http://it.bing.com/images/search?q=blown+glass&view=detail&id=0B05ACBEF564C8547401C80C3D1A1542C94AAA25&first=901&FORM=IDFRIR" "Mozilla/5.0 (Windows NT 6.1; WOW64; rv:22.0) Gecko/20100101 Firefox/22.0"
71.165.217.192 - - [13/Aug/2013:07:27:09 -0400] "GET /home.html HTTP/1.1" 200 27081 "-" "Mozilla/5.0 (iPad; CPU OS 6_1_3 like Mac OS X) AppleWebKit/536.26 (KHTML, like Gecko) Version/6.0 Mobile/10B329 Safari/8536.25"
71.165.217.192 - - [13/Aug/2013:07:27:09 -0400] "GET /images/314_Lauritzen_Gardens_42_.jpg HTTP/1.1" 200 31524 "http://www.bogenriefstudios.com/home.html" "Mozilla/5.0 (iPad; CPU OS 6_1_3 like Mac OS X) AppleWebKit/536.26 (KHTML, like Gecko) Version/6.0 Mobile/10B329 Safari/8536.25"
71.165.217.192 - - [13/Aug/2013:07:27:10 -0400] "GET /images/ic_034_body_bg_wide.jpg HTTP/1.1" 200 90532 "http://www.bogenriefstudios.com/home.html" "Mozilla/5.0 (iPad; CPU OS 6_1_3 like Mac OS X) AppleWebKit/536.26 (KHTML, like Gecko) Version/6.0 Mobile/10B329 Safari/8536.25"
5.63.151.189 - - [13/Aug/2013:08:26:41 -0400] "HEAD / HTTP/1.1" 200 - "-" "checks.panopta.com"
5.63.151.189 - - [13/Aug/2013:08:56:54 -0400] "HEAD / HTTP/1.1" 200 - "-" "checks.panopta.com"
24.234.41.241 - - [13/Aug/2013:10:46:41 -0400] "GET /scripts/user.js HTTP/1.1" 200 23762 "http://www.bogenriefstudios.com/" "Mozilla/5.0 (Windows NT 6.1; WOW64; rv:17.0) Gecko/17.0 Firefox/17.0"
24.234.41.241 - - [13/Aug/2013:10:46:41 -0400] "GET /images/ic_034_body_bg_wide.jpg HTTP/1.1" 200 90532 "http://www.bogenriefstudios.com/scripts/template.css" "Mozilla/5.0 (Windows NT 6.1; WOW64; rv:17.0) Gecko/17.0 Firefox/17.0"
50.166.105.91 - - [13/Aug/2013:11:57:48 -0400] "GET /images/682_blue_white_chandelier_-_installed-edited.jpg HTTP/1.1" 200 79065 "https://www.google.com/" "Mozilla/5.0 (iPhone; CPU iPhone OS 6_1_4 like Mac OS X) AppleWebKit/536.26 (KHTML, like Gecko) Version/6.0 Mobile/10B350 Safari/8536.25"
5.63.151.189 - - [13/Aug/2013:15:29:49 -0400] "HEAD / HTTP/1.1" 200 - "-" "checks.panopta.com"
157.55.34.74 - - [13/Aug/2013:16:44:49 -0400] "GET /studios.html HTTP/1.1" 200 30400 "-" "Mozilla/5.0 (compatible; bingbot/2.0; +http://www.bing.com/bingbot.htm)"
99.117.72.196 - - [13/Aug/2013:17:19:26 -0400] "GET /images/462_LADY_4_Seasons_Lady_Autumn_closeup.jpg HTTP/1.1" 200 105486 "-" "Mozilla/5.0 (X11; U; Linux x86_64; es-AR; rv:1.9.2.13) Gecko/20101206 Ubuntu/10.10 (maverick) Firefox/3.6.13"
99.117.72.196 - - [13/Aug/2013:17:19:26 -0400] "GET /images/522_LADY_4_Seasons_Lady_Winter_closeup.jpg HTTP/1.1" 200 123321 "-" "Mozilla/5.0 (X11; U; Linux x86_64; es-AR; rv:1.9.2.13) Gecko/20101206 Ubuntu/10.10 (maverick) Firefox/3.6.13"
107.20.39.159 - - [13/Aug/2013:13:12:45 -0400] "GET /contactus.html HTTP/1.1" 200 11250 "-" "Mozilla/5.0 (compatible; URLAppendBot/1.0; +http://www.profound.net/urlappendbot.html)"
218.30.103.156 - - [13/Aug/2013:13:46:05 -0400] "GET /robots.txt HTTP/1.1" 200 25 "-" "Sogou web spider/4.0"
218.30.103.156 - - [13/Aug/2013:14:40:14 -0400] "GET / HTTP/1.1" 304 - "-" "Sogou web spider/4.0(+http://www.sogou.com/docs/help/webmasters.htm#07)"
97.118.141.138 - - [13/Aug/2013:14:59:38 -0400] "GET / HTTP/1.1" 200 13883 "-" "Mozilla/5.0 (Macintosh; Intel Mac OS X 10_7_4) AppleWebKit/536.25 (KHTML, like Gecko) Version/6.0 Safari/536.25"
99.90.21.32 - - [13/Aug/2013:00:46:05 -0400] "GET /images/480_Grout_Museum_veterans_memorial_wall_edited_.jpg HTTP/1.1" 200 39409 "http://www.bogenriefstudios.com/bogenriefgallery/stainedglasswindows.html" "Mozilla/5.0 (compatible; MSIE 9.0; Windows NT 6.1; Trident/5.0)"
99.90.21.32 - - [13/Aug/2013:00:46:06 -0400] "GET /images/280_window_rose_vase.JPG HTTP/1.1" 200 41786 "http://www.bogenriefstudios.com/bogenriefgallery/stainedglasswindows.html" "Mozilla/5.0 (compatible; MSIE 9.0; Windows NT 6.1; Trident/5.0)"
99.90.21.32 - - [13/Aug/2013:00:46:06 -0400] "GET /images/321_window_rose_closeup.JPG HTTP/1.1" 200 50741 "http://www.bogenriefstudios.com/bogenriefgallery/stainedglasswindows.html" "Mozilla/5.0 (compatible; MSIE 9.0; Windows NT 6.1; Trident/5.0)"
99.90.21.32 - - [13/Aug/2013:00:46:06 -0400] "GET /images/480_P1010067.JPG HTTP/1.1" 200 70805 "http://www.bogenriefstudios.com/bogenriefgallery/stainedglasswindows.html" "Mozilla/5.0 (compatible; MSIE 9.0; Windows NT 6.1; Trident/5.0)"
99.90.21.32 - - [13/Aug/2013:00:46:07 -0400] "GET /images/480_window_oval.jpg HTTP/1.1" 200 46871 "http://www.bogenriefstudios.com/bogenriefgallery/stainedglasswindows.html" "Mozilla/5.0 (compatible; MSIE 9.0; Windows NT 6.1; Trident/5.0)"
99.90.21.32 - - [13/Aug/2013:00:46:07 -0400] "GET /images/480_000_0031.JPG HTTP/1.1" 200 72350 "http://www.bogenriefstudios.com/bogenriefgallery/stainedglasswindows.html" "Mozilla/5.0 (compatible; MSIE 9.0; Windows NT 6.1; Trident/5.0)"
99.90.21.32 - - [13/Aug/2013:00:46:07 -0400] "GET /images/479_window_dolphins.JPG HTTP/1.1" 200 68855 "http://www.bogenriefstudios.com/bogenriefgallery/stainedglasswindows.html" "Mozilla/5.0 (compatible; MSIE 9.0; Windows NT 6.1; Trident/5.0)"
99.90.21.32 - - [13/Aug/2013:00:46:07 -0400] "GET /images/480_mjbhome%20int%20sm%20scale.jpg HTTP/1.1" 404 575 "http://www.bogenriefstudios.com/bogenriefgallery/stainedglasswindows.html" "Mozilla/5.0 (compatible; MSIE 9.0; Windows NT 6.1; Trident/5.0)"
99.90.21.32 - - [13/Aug/2013:00:46:07 -0400] "GET /images/480_window_sun_and_moon.JPG HTTP/1.1" 200 18561 "http://www.bogenriefstudios.com/bogenriefgallery/stainedglasswindows.html" "Mozilla/5.0 (compatible; MSIE 9.0; Windows NT 6.1; Trident/5.0)"
99.90.21.32 - - [13/Aug/2013:00:46:08 -0400] "GET /images/480_DSC_0084.JPG HTTP/1.1" 200 35571 "http://www.bogenriefstudios.com/bogenriefgallery/stainedglasswindows.html" "Mozilla/5.0 (compatible; MSIE 9.0; Windows NT 6.1; Trident/5.0)"
99.90.21.32 - - [13/Aug/2013:00:46:08 -0400] "GET /images/479_003.JPG HTTP/1.1" 200 38085 "http://www.bogenriefstudios.com/bogenriefgallery/stainedglasswindows.html" "Mozilla/5.0 (compatible; MSIE 9.0; Windows NT 6.1; Trident/5.0)"
99.90.21.32 - - [13/Aug/2013:00:46:08 -0400] "GET /images/480_Omaha_show_004.JPG HTTP/1.1" 200 58234 "http://www.bogenriefstudios.com/bogenriefgallery/stainedglasswindows.html" "Mozilla/5.0 (compatible; MSIE 9.0; Windows NT 6.1; Trident/5.0)"
99.90.21.32 - - [13/Aug/2013:00:46:08 -0400] "GET /images/336_DSC_0090.JPG HTTP/1.1" 200 64563 "http://www.bogenriefstudios.com/bogenriefgallery/stainedglasswindows.html" "Mozilla/5.0 (compatible; MSIE 9.0; Windows NT 6.1; Trident/5.0)"
99.90.21.32 - - [13/Aug/2013:00:46:08 -0400] "GET /images/461_DSC_0087.JPG HTTP/1.1" 200 65451 "http://www.bogenriefstudios.com/bogenriefgallery/stainedglasswindows.html" "Mozilla/5.0 (compatible; MSIE 9.0; Windows NT 6.1; Trident/5.0)"
99.90.21.32 - - [13/Aug/2013:00:46:08 -0400] "GET /images/364_Bevel_Window2.jpg HTTP/1.1" 200 66248 "http://www.bogenriefstudios.com/bogenriefgallery/stainedglasswindows.html" "Mozilla/5.0 (compatible; MSIE 9.0; Windows NT 6.1; Trident/5.0)"
99.90.21.32 - - [13/Aug/2013:00:46:08 -0400] "GET /images/359_butterfly_window_-_mary_kay_peck_006.jpg HTTP/1.1" 200 34364 "http://www.bogenriefstudios.com/bogenriefgallery/stainedglasswindows.html" "Mozilla/5.0 (compatible; MSIE 9.0; Windows NT 6.1; Trident/5.0)"
99.90.21.32 - - [13/Aug/2013:00:46:08 -0400] "GET /images/239_Bevel_Window3.jpg HTTP/1.1" 200 54713 "http://www.bogenriefstudios.com/bogenriefgallery/stainedglasswindows.html" "Mozilla/5.0 (compatible; MSIE 9.0; Windows NT 6.1; Trident/5.0)"
99.90.21.32 - - [13/Aug/2013:00:46:09 -0400] "GET /images/237_web_site_7.JPG HTTP/1.1" 200 43110 "http://www.bogenriefstudios.com/bogenriefgallery/stainedglasswindows.html" "Mozilla/5.0 (compatible; MSIE 9.0; Windows NT 6.1; Trident/5.0)"
99.90.21.32 - - [13/Aug/2013:00:46:09 -0400] "GET /images/165_rocklin_-_green_circle.jpg HTTP/1.1" 200 24113 "http://www.bogenriefstudios.com/bogenriefgallery/stainedglasswindows.html" "Mozilla/5.0 (compatible; MSIE 9.0; Windows NT 6.1; Trident/5.0)"
99.90.21.32 - - [13/Aug/2013:00:46:09 -0400] "GET /images/431_P1010130.JPG HTTP/1.1" 200 72434 "http://www.bogenriefstudios.com/bogenriefgallery/stainedglasswindows.html" "Mozilla/5.0 (compatible; MSIE 9.0; Windows NT 6.1; Trident/5.0)"
99.90.21.32 - - [13/Aug/2013:00:46:09 -0400] "GET /images/132_DSC_0051.JPG HTTP/1.1" 200 20473 "http://www.bogenriefstudios.com/bogenriefgallery/stainedglasswindows.html" "Mozilla/5.0 (compatible; MSIE 9.0; Windows NT 6.1; Trident/5.0)"
99.90.21.32 - - [13/Aug/2013:00:46:09 -0400] "GET /images/168_window_grapevines.JPG HTTP/1.1" 200 28858 "http://www.bogenriefstudios.com/bogenriefgallery/stainedglasswindows.html" "Mozilla/5.0 (compatible; MSIE 9.0; Windows NT 6.1; Trident/5.0)"
99.90.21.32 - - [13/Aug/2013:00:46:09 -0400] "GET /images/321_DSC_0317.JPG HTTP/1.1" 200 30587 "http://www.bogenriefstudios.com/bogenriefgallery/stainedglasswindows.html" "Mozilla/5.0 (compatible; MSIE 9.0; Windows NT 6.1; Trident/5.0)"
99.90.21.32 - - [13/Aug/2013:00:46:09 -0400] "GET /images/253_nugget_window.JPG HTTP/1.1" 200 47276 "http://www.bogenriefstudios.com/bogenriefgallery/stainedglasswindows.html" "Mozilla/5.0 (compatible; MSIE 9.0; Windows NT 6.1; Trident/5.0)"
99.90.21.32 - - [13/Aug/2013:00:46:09 -0400] "GET /images/218_Grout_Museum_veterans_memorial_wall_edited_.jpg HTTP/1.1" 200 9365 "http://www.bogenriefstudios.com/bogenriefgallery/stainedglasswindows.html" "Mozilla/5.0 (compatible; MSIE 9.0; Windows NT 6.1; Trident/5.0)"
99.90.21.32 - - [13/Aug/2013:00:46:09 -0400] "GET /images/105_Bevel_Window8.JPG HTTP/1.1" 200 9972 "http://www.bogenriefstudios.com/bogenriefgallery/stainedglasswindows.html" "Mozilla/5.0 (compatible; MSIE 9.0; Windows NT 6.1; Trident/5.0)"
99.90.21.32 - - [13/Aug/2013:00:46:10 -0400] "GET /images/127_window_rose_vase.JPG HTTP/1.1" 200 10401 "http://www.bogenriefstudios.com/bogenriefgallery/stainedglasswindows.html" "Mozilla/5.0 (compatible; MSIE 9.0; Windows NT 6.1; Trident/5.0)"
99.90.21.32 - - [13/Aug/2013:00:46:10 -0400] "GET /images/145_new22.JPG HTTP/1.1" 200 14916 "http://www.bogenriefstudios.com/bogenriefgallery/stainedglasswindows.html" "Mozilla/5.0 (compatible; MSIE 9.0; Windows NT 6.1; Trident/5.0)"
99.90.21.32 - - [13/Aug/2013:00:46:10 -0400] "GET /images/218_P1010067.JPG HTTP/1.1" 200 17270 "http://www.bogenriefstudios.com/bogenriefgallery/stainedglasswindows.html" "Mozilla/5.0 (compatible; MSIE 9.0; Windows NT 6.1; Trident/5.0)"
99.90.21.32 - - [13/Aug/2013:00:46:10 -0400] "GET /images/193_Omaha_show_039.JPG HTTP/1.1" 200 19047 "http://www.bogenriefstudios.com/bogenriefgallery/stainedglasswindows.html" "Mozilla/5.0 (compatible; MSIE 9.0; Windows NT 6.1; Trident/5.0)"
99.90.21.32 - - [13/Aug/2013:00:46:10 -0400] "GET /images/218_Q_of_P_comp_3a.JPG HTTP/1.1" 200 10932 "http://www.bogenriefstudios.com/bogenriefgallery/stainedglasswindows.html" "Mozilla/5.0 (compatible; MSIE 9.0; Windows NT 6.1; Trident/5.0)"
99.90.21.32 - - [13/Aug/2013:00:46:10 -0400] "GET /images/218_web_site_9-edited.jpg HTTP/1.1" 200 9836 "http://www.bogenriefstudios.com/bogenriefgallery/stainedglasswindows.html" "Mozilla/5.0 (compatible; MSIE 9.0; Windows NT 6.1; Trident/5.0)"
99.90.21.32 - - [13/Aug/2013:00:46:10 -0400] "GET /images/218_window_great_gatsby.jpg HTTP/1.1" 200 20905 "http://www.bogenriefstudios.com/bogenriefgallery/stainedglasswindows.html" "Mozilla/5.0 (compatible; MSIE 9.0; Windows NT 6.1; Trident/5.0)"
99.90.21.32 - - [13/Aug/2013:00:46:10 -0400] "GET /images/218_window_circles.JPG HTTP/1.1" 200 7349 "http://www.bogenriefstudios.com/bogenriefgallery/stainedglasswindows.html" "Mozilla/5.0 (compatible; MSIE 9.0; Windows NT 6.1; Trident/5.0)"
99.90.21.32 - - [13/Aug/2013:00:46:10 -0400] "GET /images/218_003.JPG HTTP/1.1" 200 10237 "http://www.bogenriefstudios.com/bogenriefgallery/stainedglasswindows.html" "Mozilla/5.0 (compatible; MSIE 9.0; Windows NT 6.1; Trident/5.0)"
99.90.21.32 - - [13/Aug/2013:00:46:10 -0400] "GET /images/152_DSC_0090.JPG HTTP/1.1" 200 15887 "http://www.bogenriefstudios.com/bogenriefgallery/stainedglasswindows.html" "Mozilla/5.0 (compatible; MSIE 9.0; Windows NT 6.1; Trident/5.0)"
99.90.21.32 - - [13/Aug/2013:00:46:10 -0400] "GET /images/165_Bevel_Window2.jpg HTTP/1.1" 200 16638 "http://www.bogenriefstudios.com/bogenriefgallery/stainedglasswindows.html" "Mozilla/5.0 (compatible; MSIE 9.0; Windows NT 6.1; Trident/5.0)"
99.90.21.32 - - [13/Aug/2013:00:46:10 -0400] "GET /images/120_P1010026.JPG HTTP/1.1" 200 13590 "http://www.bogenriefstudios.com/bogenriefgallery/stainedglasswindows.html" "Mozilla/5.0 (compatible; MSIE 9.0; Windows NT 6.1; Trident/5.0)"
99.90.21.32 - - [13/Aug/2013:00:46:10 -0400] "GET /images/83_007.JPG HTTP/1.1" 200 8971 "http://www.bogenriefstudios.com/bogenriefgallery/stainedglasswindows.html" "Mozilla/5.0 (compatible; MSIE 9.0; Windows NT 6.1; Trident/5.0)"
99.90.21.32 - - [13/Aug/2013:00:46:10 -0400] "GET /images/83_DSC_0091.JPG HTTP/1.1" 200 7016 "http://www.bogenriefstudios.com/bogenriefgallery/stainedglasswindows.html" "Mozilla/5.0 (compatible; MSIE 9.0; Windows NT 6.1; Trident/5.0)"
99.90.21.32 - - [13/Aug/2013:00:46:11 -0400] "GET /images/145_DSC_0317.JPG HTTP/1.1" 200 7737 "http://www.bogenriefstudios.com/bogenriefgallery/stainedglasswindows.html" "Mozilla/5.0 (compatible; MSIE 9.0; Windows NT 6.1; Trident/5.0)"
5.63.151.189 - - [13/Aug/2013:01:23:15 -0400] "HEAD / HTTP/1.1" 200 - "-" "checks.panopta.com"
66.249.75.119 - - [13/Aug/2013:02:11:50 -0400] "GET /scripts/website.css HTTP/1.1" 200 1646 "-" "Mozilla/5.0 (compatible; Googlebot/2.1; +http://www.google.com/bot.html)"
59.90.101.115 - - [13/Aug/2013:03:06:41 -0400] "GET /images/682_Detail_with_right_facing_parrot.jpg HTTP/1.1" 200 91003 "http://www.google.co.in/blank.html" "Mozilla/5.0 (Windows NT 5.1; rv:10.0.2) Gecko/20100101 Firefox/10.0.2"
217.197.251.195 - - [13/Aug/2013:05:04:49 -0400] "GET /images/682_bevel_dome_grape_dome_015.JPG HTTP/1.1" 200 68000 "http://www.google.com/blank.html" "Mozilla/5.0 (Windows NT 5.2; WOW64; rv:17.0; Avant TriCore) Gecko/20121202 Firefox/17.0"
65.55.215.96 - - [13/Aug/2013:18:34:21 -0400] "GET /robots.txt HTTP/1.1" 200 25 "-" "msnbot-media/1.1 (+http://search.msn.com/msnbot.htm)"
217.212.231.65 - - [13/Aug/2013:20:07:43 -0400] "GET /scripts/print.css HTTP/1.1" 200 - "http://www.bogenriefstudios.com/" "Opera/9.80 (Android; Opera Mini/7.5.32199/30.3643; U; ru) Presto/2.8.119 Version/11.10"
217.212.231.65 - - [13/Aug/2013:20:07:43 -0400] "GET /images/198_052_2_.JPG HTTP/1.1" 200 7649 "http://www.bogenriefstudios.com/" "Opera/9.80 (Android; Opera Mini/7.5.32199/30.3643; U; ru) Presto/2.8.119 Version/11.10"
97.81.43.217 - - [13/Aug/2013:21:17:15 -0400] "GET /images/480_blue_white_chandelier_-_installed-edited.jpg HTTP/1.1" 200 45666 "http://www.bogenriefstudios.com/bogenriefgallery/chandeliers.html" "Mozilla/5.0 (compatible; MSIE 10.0; Windows NT 6.1; WOW64; Trident/6.0)"
97.81.43.217 - - [13/Aug/2013:21:17:16 -0400] "GET /images/480_grape_dome_519.JPG HTTP/1.1" 200 55487 "http://www.bogenriefstudios.com/bogenriefgallery/chandeliers.html" "Mozilla/5.0 (compatible; MSIE 10.0; Windows NT 6.1; WOW64; Trident/6.0)"
97.81.43.217 - - [13/Aug/2013:21:17:16 -0400] "GET /images/218_DSC00677.JPG HTTP/1.1" 200 5854 "http://www.bogenriefstudios.com/bogenriefgallery/chandeliers.html" "Mozilla/5.0 (compatible; MSIE 10.0; Windows NT 6.1; WOW64; Trident/6.0)"
97.81.43.217 - - [13/Aug/2013:21:17:16 -0400] "GET /images/218_grape_dome_519.JPG HTTP/1.1" 200 14797 "http://www.bogenriefstudios.com/bogenriefgallery/chandeliers.html" "Mozilla/5.0 (compatible; MSIE 10.0; Windows NT 6.1; WOW64; Trident/6.0)"
97.81.43.217 - - [13/Aug/2013:21:17:56 -0400] "GET /bogenriefgallery/ladiesofbogenrief.html HTTP/1.1" 200 22147 "http://www.bogenriefstudios.com/bogenriefgallery/blownfusedglass.html" "Mozilla/5.0 (compatible; MSIE 10.0; Windows NT 6.1; WOW64; Trident/6.0)"
97.81.43.217 - - [13/Aug/2013:21:17:57 -0400] "GET /images/184_LADY_Flower_Lady_1.jpg HTTP/1.1" 200 31815 "http://www.bogenriefstudios.com/bogenriefgallery/ladiesofbogenrief.html" "Mozilla/5.0 (compatible; MSIE 10.0; Windows NT 6.1; WOW64; Trident/6.0)"
97.81.43.217 - - [13/Aug/2013:21:17:57 -0400] "GET /images/185_LADY_Yellow_Lady.jpg HTTP/1.1" 200 42624 "http://www.bogenriefstudios.com/bogenriefgallery/ladiesofbogenrief.html" "Mozilla/5.0 (compatible; MSIE 10.0; Windows NT 6.1; WOW64; Trident/6.0)"
97.81.43.217 - - [13/Aug/2013:21:17:57 -0400] "GET /images/184_LADY_Flower_Lady_4.jpg HTTP/1.1" 200 35004 "http://www.bogenriefstudios.com/bogenriefgallery/ladiesofbogenrief.html" "Mozilla/5.0 (compatible; MSIE 10.0; Windows NT 6.1; WOW64; Trident/6.0)"
97.81.43.217 - - [13/Aug/2013:21:17:57 -0400] "GET /images/480_LADY_4_Stages_of_the_Day_Ladies.jpg HTTP/1.1" 200 54310 "http://www.bogenriefstudios.com/bogenriefgallery/ladiesofbogenrief.html" "Mozilla/5.0 (compatible; MSIE 10.0; Windows NT 6.1; WOW64; Trident/6.0)"
97.81.43.217 - - [13/Aug/2013:21:17:57 -0400] "GET /images/480_LADY_Champ_Ladies.jpg HTTP/1.1" 200 39905 "http://www.bogenriefstudios.com/bogenriefgallery/ladiesofbogenrief.html" "Mozilla/5.0 (compatible; MSIE 10.0; Windows NT 6.1; WOW64; Trident/6.0)"
97.81.43.217 - - [13/Aug/2013:21:17:58 -0400] "GET /images/173_LADY_4_Seasons_Lady_Spring.jpg HTTP/1.1" 200 34430 "http://www.bogenriefstudios.com/bogenriefgallery/ladiesofbogenrief.html" "Mozilla/5.0 (compatible; MSIE 10.0; Windows NT 6.1; WOW64; Trident/6.0)"
97.81.43.217 - - [13/Aug/2013:21:17:58 -0400] "GET /images/360_LADY_4_Seasons_Lady_Spring_closeup.jpg HTTP/1.1" 200 54522 "http://www.bogenriefstudios.com/bogenriefgallery/ladiesofbogenrief.html" "Mozilla/5.0 (compatible; MSIE 10.0; Windows NT 6.1; WOW64; Trident/6.0)"
97.81.43.217 - - [13/Aug/2013:21:17:58 -0400] "GET /images/226_LADY_4_Seasons_Lady_Autumn.jpg HTTP/1.1" 200 47067 "http://www.bogenriefstudios.com/bogenriefgallery/ladiesofbogenrief.html" "Mozilla/5.0 (compatible; MSIE 10.0; Windows NT 6.1; WOW64; Trident/6.0)"
97.81.43.217 - - [13/Aug/2013:21:17:59 -0400] "GET /images/171_LADY_4_Seasons_Lady_Winter_2.jpg HTTP/1.1" 200 32158 "http://www.bogenriefstudios.com/bogenriefgallery/ladiesofbogenrief.html" "Mozilla/5.0 (compatible; MSIE 10.0; Windows NT 6.1; WOW64; Trident/6.0)"
97.81.43.217 - - [13/Aug/2013:21:17:59 -0400] "GET /images/218_LADY_Ladies_in_a_home_2.JPG HTTP/1.1" 200 32864 "http://www.bogenriefstudios.com/bogenriefgallery/ladiesofbogenrief.html" "Mozilla/5.0 (compatible; MSIE 10.0; Windows NT 6.1; WOW64; Trident/6.0)"
97.81.43.217 - - [13/Aug/2013:21:17:59 -0400] "GET /images/226_LADY_Peacock_Lady_Blue.jpg HTTP/1.1" 200 35296 "http://www.bogenriefstudios.com/bogenriefgallery/ladiesofbogenrief.html" "Mozilla/5.0 (compatible; MSIE 10.0; Windows NT 6.1; WOW64; Trident/6.0)"
97.81.43.217 - - [13/Aug/2013:21:17:59 -0400] "GET /images/306_LADY_Sarah_2.JPG HTTP/1.1" 200 54499 "http://www.bogenriefstudios.com/bogenriefgallery/ladiesofbogenrief.html" "Mozilla/5.0 (compatible; MSIE 10.0; Windows NT 6.1; WOW64; Trident/6.0)"
97.81.43.217 - - [13/Aug/2013:21:18:01 -0400] "GET /images/163_LADY_4_Seasons_Lady_Spring_closeup.jpg HTTP/1.1" 200 15082 "http://www.bogenriefstudios.com/bogenriefgallery/ladiesofbogenrief.html" "Mozilla/5.0 (compatible; MSIE 10.0; Windows NT 6.1; WOW64; Trident/6.0)"
97.81.43.217 - - [13/Aug/2013:21:18:01 -0400] "GET /images/103_LADY_4_Seasons_Lady_Summer_2.JPG HTTP/1.1" 200 11820 "http://www.bogenriefstudios.com/bogenriefgallery/ladiesofbogenrief.html" "Mozilla/5.0 (compatible; MSIE 10.0; Windows NT 6.1; WOW64; Trident/6.0)"
97.81.43.217 - - [13/Aug/2013:21:18:01 -0400] "GET /images/218_LADY_4_Seasons_Lady_Autumn_closeup_face.jpg HTTP/1.1" 200 5511 "http://www.bogenriefstudios.com/bogenriefgallery/ladiesofbogenrief.html" "Mozilla/5.0 (compatible; MSIE 10.0; Windows NT 6.1; WOW64; Trident/6.0)"
97.81.43.217 - - [13/Aug/2013:21:18:01 -0400] "GET /images/77_LADY_4_Seasons_Lady_Winter_2.jpg HTTP/1.1" 200 7661 "http://www.bogenriefstudios.com/bogenriefgallery/ladiesofbogenrief.html" "Mozilla/5.0 (compatible; MSIE 10.0; Windows NT 6.1; WOW64; Trident/6.0)"
97.81.43.217 - - [13/Aug/2013:21:18:01 -0400] "GET /images/149_LADY_Hippy_Chick.jpg HTTP/1.1" 200 15778 "http://www.bogenriefstudios.com/bogenriefgallery/ladiesofbogenrief.html" "Mozilla/5.0 (compatible; MSIE 10.0; Windows NT 6.1; WOW64; Trident/6.0)"
97.81.43.217 - - [13/Aug/2013:21:18:01 -0400] "GET /images/103_LADY_Peacock_Lady_Green.jpg HTTP/1.1" 200 10165 "http://www.bogenriefstudios.com/bogenriefgallery/ladiesofbogenrief.html" "Mozilla/5.0 (compatible; MSIE 10.0; Windows NT 6.1; WOW64; Trident/6.0)"
68.93.192.165 - - [13/Aug/2013:21:25:27 -0400] "GET /scripts/template.css HTTP/1.1" 200 9956 "http://www.bogenriefstudios.com/studios.html" "Mozilla/5.0 (iPhone; CPU iPhone OS 6_1_3 like Mac OS X) AppleWebKit/536.26 (KHTML, like Gecko) Version/6.0 Mobile/10B329 Safari/8536.25"
50.83.145.5 - - [13/Aug/2013:21:38:30 -0400] "GET /scripts/website.css HTTP/1.1" 200 1646 "http://www.bogenriefstudios.com/" "Mozilla/5.0 (Macintosh; Intel Mac OS X 10_6_8) AppleWebKit/537.36 (KHTML, like Gecko) Chrome/28.0.1500.71 Safari/537.36"
50.83.145.5 - - [13/Aug/2013:21:38:30 -0400] "GET /images/682_post_card.JPG HTTP/1.1" 200 133316 "http://www.bogenriefstudios.com/" "Mozilla/5.0 (Macintosh; Intel Mac OS X 10_6_8) AppleWebKit/537.36 (KHTML, like Gecko) Chrome/28.0.1500.71 Safari/537.36"
174.98.28.64 - - [13/Aug/2013:21:58:18 -0400] "GET /images/404_12x12%20sm%20scale.jpg HTTP/1.1" 200 64273 "-" "Mozilla/5.0 (Windows NT 6.1; WOW64) AppleWebKit/537.36 (KHTML, like Gecko) Chrome/28.0.1500.95 Safari/537.36"
5.63.151.189 - - [13/Aug/2013:22:32:32 -0400] "HEAD / HTTP/1.1" 200 - "-" "checks.panopta.com"
97.81.43.217 - - [13/Aug/2013:21:17:57 -0400] "GET /images/357_LADY_daydreamer_lady_2.JPG HTTP/1.1" 200 70411 "http://www.bogenriefstudios.com/bogenriefgallery/ladiesofbogenrief.html" "Mozilla/5.0 (compatible; MSIE 10.0; Windows NT 6.1; WOW64; Trident/6.0)"
97.81.43.217 - - [13/Aug/2013:21:17:57 -0400] "GET /images/198_LADY_Flower_Lady_3.jpg HTTP/1.1" 200 40788 "http://www.bogenriefstudios.com/bogenriefgallery/ladiesofbogenrief.html" "Mozilla/5.0 (compatible; MSIE 10.0; Windows NT 6.1; WOW64; Trident/6.0)"
97.81.43.217 - - [13/Aug/2013:21:17:58 -0400] "GET /images/227_LADY_4_Seasons_Lady_Summer_2.JPG HTTP/1.1" 200 49041 "http://www.bogenriefstudios.com/bogenriefgallery/ladiesofbogenrief.html" "Mozilla/5.0 (compatible; MSIE 10.0; Windows NT 6.1; WOW64; Trident/6.0)"
97.81.43.217 - - [13/Aug/2013:21:17:58 -0400] "GET /images/480_LADY_4_Seasons_Lady_Autumn_closeup_face.jpg HTTP/1.1" 200 17530 "http://www.bogenriefstudios.com/bogenriefgallery/ladiesofbogenrief.html" "Mozilla/5.0 (compatible; MSIE 10.0; Windows NT 6.1; WOW64; Trident/6.0)"
97.81.43.217 - - [13/Aug/2013:21:17:59 -0400] "GET /images/360_LADY_4_Seasons_Lady_Winter_closeup.jpg HTTP/1.1" 200 69872 "http://www.bogenriefstudios.com/bogenriefgallery/ladiesofbogenrief.html" "Mozilla/5.0 (compatible; MSIE 10.0; Windows NT 6.1; WOW64; Trident/6.0)"
97.81.43.217 - - [13/Aug/2013:21:17:59 -0400] "GET /images/230_LADY_Spanish_Dancer.jpg HTTP/1.1" 200 44042 "http://www.bogenriefstudios.com/bogenriefgallery/ladiesofbogenrief.html" "Mozilla/5.0 (compatible; MSIE 10.0; Windows NT 6.1; WOW64; Trident/6.0)"
97.81.43.217 - - [13/Aug/2013:21:18:00 -0400] "GET /images/218_LADY_Daydreamer_Lady_closeup.jpg HTTP/1.1" 200 18599 "http://www.bogenriefstudios.com/bogenriefgallery/ladiesofbogenrief.html" "Mozilla/5.0 (compatible; MSIE 10.0; Windows NT 6.1; WOW64; Trident/6.0)"
97.81.43.217 - - [13/Aug/2013:21:18:00 -0400] "GET /images/218_LADY_Daydreamer_Lady_closeup_of_book.jpg HTTP/1.1" 200 16952 "http://www.bogenriefstudios.com/bogenriefgallery/ladiesofbogenrief.html" "Mozilla/5.0 (compatible; MSIE 10.0; Windows NT 6.1; WOW64; Trident/6.0)"
97.81.43.217 - - [13/Aug/2013:21:18:00 -0400] "GET /images/83_LADY_Flower_Lady_1.jpg HTTP/1.1" 200 8217 "http://www.bogenriefstudios.com/bogenriefgallery/ladiesofbogenrief.html" "Mozilla/5.0 (compatible; MSIE 10.0; Windows NT 6.1; WOW64; Trident/6.0)"
97.81.43.217 - - [13/Aug/2013:21:18:00 -0400] "GET /images/84_LADY_Yellow_Lady.jpg HTTP/1.1" 200 9826 "http://www.bogenriefstudios.com/bogenriefgallery/ladiesofbogenrief.html" "Mozilla/5.0 (compatible; MSIE 10.0; Windows NT 6.1; WOW64; Trident/6.0)"
97.81.43.217 - - [13/Aug/2013:21:18:00 -0400] "GET /images/90_LADY_Flower_Lady_3.jpg HTTP/1.1" 200 9767 "http://www.bogenriefstudios.com/bogenriefgallery/ladiesofbogenrief.html" "Mozilla/5.0 (compatible; MSIE 10.0; Windows NT 6.1; WOW64; Trident/6.0)"
97.81.43.217 - - [13/Aug/2013:21:18:01 -0400] "GET /images/163_LADY_4_Seasons_Lady_Winter_closeup.jpg HTTP/1.1" 200 19152 "http://www.bogenriefstudios.com/bogenriefgallery/ladiesofbogenrief.html" "Mozilla/5.0 (compatible; MSIE 10.0; Windows NT 6.1; WOW64; Trident/6.0)"
97.81.43.217 - - [13/Aug/2013:21:18:02 -0400] "GET /images/165_LADY_Sarah_3.JPG HTTP/1.1" 200 14082 "http://www.bogenriefstudios.com/bogenriefgallery/ladiesofbogenrief.html" "Mozilla/5.0 (compatible; MSIE 10.0; Windows NT 6.1; WOW64; Trident/6.0)"
174.250.194.56 - - [13/Aug/2013:23:38:18 -0400] "GET /images/682_Daydream_001.jpg HTTP/1.1" 200 215855 "http://www.google.com/search?q=alphonse+mucha&client=ms-android-americamovil-us&hl=en&source=android-browser-type&v=133247963&source=lnms&tbm=isch&sa=X&ei=QvsKUqu5CMjo2QWywIDYBA&ved=0CAcQ_AUoAQ&biw=320&bih=401" "Mozilla/5.0 (Linux; U; Android 2.3.6; en-us; LG-L38C Build/GRK39F) AppleWebKit/533.1 (KHTML, like Gecko) Version/4.0 Mobile Safari/533.1 MMS/LG-Android-MMS-V1.0/1.2"
157.56.229.245 - - [13/Aug/2013:15:32:48 -0400] "GET / HTTP/1.1" 200 13883 "-" "Mozilla/5.0 (compatible; bingbot/2.0; +http://www.bing.com/bingbot.htm)"
192.91.75.30 - - [13/Aug/2013:15:56:23 -0400] "GET /favicon.ico HTTP/1.1" 404 575 "-" "Mozilla/4.0 (compatible; MSIE 8.0; Windows NT 6.1; WOW64; Trident/4.0; GTB7.5; SLCC2; .NET CLR 2.0.50727; .NET CLR 3.5.30729; .NET CLR 3.0.30729; Media Center PC 6.0)"
192.94.94.106 - - [13/Aug/2013:15:59:05 -0400] "GET /scripts/21custom.css HTTP/1.1" 200 805 "http://www.bogenriefstudios.com/bogenriefgallery/stainedglasswindows.html" "Mozilla/4.0 (compatible; MSIE 8.0; Windows NT 6.1; WOW64; Trident/4.0; GTB7.5; SLCC2; .NET CLR 2.0.50727; .NET CLR 3.5.30729; .NET CLR 3.0.30729; Media Center PC 6.0)"
192.94.94.106 - - [13/Aug/2013:15:59:05 -0400] "GET /images/480_Grout_Museum_veterans_memorial_wall.jpg HTTP/1.1" 200 31863 "http://www.bogenriefstudios.com/bogenriefgallery/stainedglasswindows.html" "Mozilla/4.0 (compatible; MSIE 8.0; Windows NT 6.1; WOW64; Trident/4.0; GTB7.5; SLCC2; .NET CLR 2.0.50727; .NET CLR 3.5.30729; .NET CLR 3.0.30729; Media Center PC 6.0)"
192.94.94.106 - - [13/Aug/2013:15:59:06 -0400] "GET /images/480_John_Gray_Ceiling.JPG HTTP/1.1" 200 50702 "http://www.bogenriefstudios.com/bogenriefgallery/stainedglasswindows.html" "Mozilla/4.0 (compatible; MSIE 8.0; Windows NT 6.1; WOW64; Trident/4.0; GTB7.5; SLCC2; .NET CLR 2.0.50727; .NET CLR 3.5.30729; .NET CLR 3.0.30729; Media Center PC 6.0)"
192.94.94.106 - - [13/Aug/2013:15:59:06 -0400] "GET /images/322_AzizaJungleMaiden.jpg HTTP/1.1" 200 52455 "http://www.bogenriefstudios.com/bogenriefgallery/stainedglasswindows.html" "Mozilla/4.0 (compatible; MSIE 8.0; Windows NT 6.1; WOW64; Trident/4.0; GTB7.5; SLCC2; .NET CLR 2.0.50727; .NET CLR 3.5.30729; .NET CLR 3.0.30729; Media Center PC 6.0)"
192.94.94.106 - - [13/Aug/2013:15:59:06 -0400] "GET /images/231_Bevel_Window8.JPG HTTP/1.1" 200 40472 "http://www.bogenriefstudios.com/bogenriefgallery/stainedglasswindows.html" "Mozilla/4.0 (compatible; MSIE 8.0; Windows NT 6.1; WOW64; Trident/4.0; GTB7.5; SLCC2; .NET CLR 2.0.50727; .NET CLR 3.5.30729; .NET CLR 3.0.30729; Media Center PC 6.0)"
192.94.94.106 - - [13/Aug/2013:15:59:06 -0400] "GET /images/235_Ridiculous_Bevel.JPG HTTP/1.1" 200 41428 "http://www.bogenriefstudios.com/bogenriefgallery/stainedglasswindows.html" "Mozilla/4.0 (compatible; MSIE 8.0; Windows NT 6.1; WOW64; Trident/4.0; GTB7.5; SLCC2; .NET CLR 2.0.50727; .NET CLR 3.5.30729; .NET CLR 3.0.30729; Media Center PC 6.0)"
