0byt3m1n1
Path:
/
data
/
0
/
0
/
70
/
125
/
70614
/
meta
/
71857
/
logs
/
[
Home
]
File: x-access_log.2013-08-17
66.249.75.165 - - [17/Aug/2013:12:42:13 -0400] "GET /underconstruction.html HTTP/1.1" 304 - "-" "Mozilla/5.0 (compatible; Googlebot/2.1; +http://www.google.com/bot.html)"
72.24.225.120 - - [17/Aug/2013:14:14:30 -0400] "GET /images/682_a_items_onhand_025.JPG HTTP/1.1" 200 133679 "http://www.bing.com/images/search?q=spider%20mum%20glass%20mold&qpvt=spider%20mum%20glass%20mold&FORM=IGRE&cc=US&setlang=en-US&w8-height=1080&w8-width=1920&w8-version=1.5.1.259&bingapp-iv=1.2&bingapp-t=0&w8-devicedpi=96%2C96" "Mozilla/5.0 (compatible; MSIE 10.0; Windows NT 6.2; Trident/6.0; MSAppHost/1.0)"
96.42.84.207 - - [17/Aug/2013:14:19:35 -0400] "GET /favicon.ico HTTP/1.1" 404 575 "-" "Mozilla/5.0 (Windows NT 6.2; WOW64; rv:22.0) Gecko/20100101 Firefox/22.0"
96.42.84.207 - - [17/Aug/2013:14:19:36 -0400] "GET /home.html HTTP/1.1" 200 27081 "http://www.bogenriefstudios.com/studios.html" "Mozilla/5.0 (Windows NT 6.2; WOW64; rv:22.0) Gecko/20100101 Firefox/22.0"
96.42.84.207 - - [17/Aug/2013:14:19:37 -0400] "GET /scripts/1custom.css HTTP/1.1" 200 2496 "http://www.bogenriefstudios.com/home.html" "Mozilla/5.0 (Windows NT 6.2; WOW64; rv:22.0) Gecko/20100101 Firefox/22.0"
96.42.84.207 - - [17/Aug/2013:14:19:37 -0400] "GET /images/342_elephant-completed.jpg HTTP/1.1" 200 67866 "http://www.bogenriefstudios.com/home.html" "Mozilla/5.0 (Windows NT 6.2; WOW64; rv:22.0) Gecko/20100101 Firefox/22.0"
96.42.84.207 - - [17/Aug/2013:14:19:37 -0400] "GET /images/100_Elephant_detail.JPG HTTP/1.1" 200 8715 "http://www.bogenriefstudios.com/home.html" "Mozilla/5.0 (Windows NT 6.2; WOW64; rv:22.0) Gecko/20100101 Firefox/22.0"
96.42.84.207 - - [17/Aug/2013:14:19:37 -0400] "GET /images/100_Detail_with_fronds.jpg HTTP/1.1" 200 5397 "http://www.bogenriefstudios.com/home.html" "Mozilla/5.0 (Windows NT 6.2; WOW64; rv:22.0) Gecko/20100101 Firefox/22.0"
71.237.40.63 - - [17/Aug/2013:14:54:17 -0400] "GET / HTTP/1.1" 200 13883 "http://www.bing.com/search?q=mark%20bogenrief%20studios&PQ=mark&SP=2&QS=HS&SK=HS1&sc=13-22&form=IP2TSH&pc=IP2TDF" "Mozilla/5.0 (compatible; MSIE 10.0; Windows NT 6.1; Trident/6.0; EIE10;ENUSMCM)"
71.237.40.63 - - [17/Aug/2013:14:54:17 -0400] "GET /scripts/user.js HTTP/1.1" 200 23762 "http://www.bogenriefstudios.com/" "Mozilla/5.0 (compatible; MSIE 10.0; Windows NT 6.1; Trident/6.0; EIE10;ENUSMCM)"
71.237.40.63 - - [17/Aug/2013:14:54:18 -0400] "GET /scripts/13custom.css HTTP/1.1" 200 2827 "http://www.bogenriefstudios.com/" "Mozilla/5.0 (compatible; MSIE 10.0; Windows NT 6.1; Trident/6.0; EIE10;ENUSMCM)"
71.237.40.63 - - [17/Aug/2013:14:54:18 -0400] "GET /images/205_David_s_dome_006.JPG HTTP/1.1" 200 9145 "http://www.bogenriefstudios.com/" "Mozilla/5.0 (compatible; MSIE 10.0; Windows NT 6.1; Trident/6.0; EIE10;ENUSMCM)"
71.237.40.63 - - [17/Aug/2013:14:54:18 -0400] "GET /images/198_door_019.JPG HTTP/1.1" 200 8796 "http://www.bogenriefstudios.com/" "Mozilla/5.0 (compatible; MSIE 10.0; Windows NT 6.1; Trident/6.0; EIE10;ENUSMCM)"
71.237.40.63 - - [17/Aug/2013:14:54:18 -0400] "GET /images/198_dome_008.JPG HTTP/1.1" 200 8321 "http://www.bogenriefstudios.com/" "Mozilla/5.0 (compatible; MSIE 10.0; Windows NT 6.1; Trident/6.0; EIE10;ENUSMCM)"
71.237.40.63 - - [17/Aug/2013:14:54:18 -0400] "GET /images/321_Richards_install_004.JPG HTTP/1.1" 200 21479 "http://www.bogenriefstudios.com/" "Mozilla/5.0 (compatible; MSIE 10.0; Windows NT 6.1; Trident/6.0; EIE10;ENUSMCM)"
71.237.40.63 - - [17/Aug/2013:14:54:18 -0400] "GET /images/68.jpg HTTP/1.1" 200 11436 "http://www.bogenriefstudios.com/" "Mozilla/5.0 (compatible; MSIE 10.0; Windows NT 6.1; Trident/6.0; EIE10;ENUSMCM)"
157.55.34.74 - - [17/Aug/2013:21:30:40 -0400] "GET /links.html HTTP/1.1" 200 6685 "-" "Mozilla/5.0 (compatible; bingbot/2.0; +http://www.bing.com/bingbot.htm)"
65.55.217.239 - - [17/Aug/2013:23:51:21 -0400] "GET /images/404_12x12%20sm%20scale.jpg HTTP/1.1" 200 64273 "http://www.bogenriefstudios.com/projects.html" "Mozilla/5.0 (Windows NT 6.1; WOW64) AppleWebKit/534+ (KHTML, like Gecko) BingPreview/1.0b"
65.55.217.239 - - [17/Aug/2013:23:51:21 -0400] "GET /images/682_web_site_9-edited.jpg HTTP/1.1" 200 67889 "http://www.bogenriefstudios.com/projects.html" "Mozilla/5.0 (Windows NT 6.1; WOW64) AppleWebKit/534+ (KHTML, like Gecko) BingPreview/1.0b"
174.238.97.73 - - [17/Aug/2013:09:16:12 -0400] "GET /scripts/ic_globals_published.js HTTP/1.1" 200 566 "http://www.bogenriefstudios.com/" "Mozilla/5.0 (iPhone; CPU iPhone OS 6_1_3 like Mac OS X) AppleWebKit/536.26 (KHTML, like Gecko) Version/6.0 Mobile/10B329 Safari/8536.25"
174.238.97.73 - - [17/Aug/2013:09:16:14 -0400] "GET /images/205_David_s_dome_006.JPG HTTP/1.1" 200 9145 "http://www.bogenriefstudios.com/" "Mozilla/5.0 (iPhone; CPU iPhone OS 6_1_3 like Mac OS X) AppleWebKit/536.26 (KHTML, like Gecko) Version/6.0 Mobile/10B329 Safari/8536.25"
174.238.97.73 - - [17/Aug/2013:09:16:14 -0400] "GET /images/321_Richards_install_004.JPG HTTP/1.1" 200 21479 "http://www.bogenriefstudios.com/" "Mozilla/5.0 (iPhone; CPU iPhone OS 6_1_3 like Mac OS X) AppleWebKit/536.26 (KHTML, like Gecko) Version/6.0 Mobile/10B329 Safari/8536.25"
24.14.242.50 - - [17/Aug/2013:09:48:17 -0400] "GET /home.html HTTP/1.1" 200 27081 "-" "Mozilla/5.0 (Macintosh; Intel Mac OS X 10_6_8) AppleWebKit/534.59.8 (KHTML, like Gecko) Version/5.1.9 Safari/534.59.8"
24.14.242.50 - - [17/Aug/2013:09:48:17 -0400] "GET /scripts/website.css HTTP/1.1" 200 1646 "http://www.bogenriefstudios.com/home.html" "Mozilla/5.0 (Macintosh; Intel Mac OS X 10_6_8) AppleWebKit/534.59.8 (KHTML, like Gecko) Version/5.1.9 Safari/534.59.8"
24.14.242.50 - - [17/Aug/2013:09:48:17 -0400] "GET /scripts/1custom.css HTTP/1.1" 200 2496 "http://www.bogenriefstudios.com/home.html" "Mozilla/5.0 (Macintosh; Intel Mac OS X 10_6_8) AppleWebKit/534.59.8 (KHTML, like Gecko) Version/5.1.9 Safari/534.59.8"
24.14.242.50 - - [17/Aug/2013:09:48:18 -0400] "GET /images/68.jpg HTTP/1.1" 200 11436 "http://www.bogenriefstudios.com/home.html" "Mozilla/5.0 (Macintosh; Intel Mac OS X 10_6_8) AppleWebKit/534.59.8 (KHTML, like Gecko) Version/5.1.9 Safari/534.59.8"
24.14.242.50 - - [17/Aug/2013:09:48:18 -0400] "GET /images/100_Elephant_detail.JPG HTTP/1.1" 200 8715 "http://www.bogenriefstudios.com/home.html" "Mozilla/5.0 (Macintosh; Intel Mac OS X 10_6_8) AppleWebKit/534.59.8 (KHTML, like Gecko) Version/5.1.9 Safari/534.59.8"
24.14.242.50 - - [17/Aug/2013:09:48:18 -0400] "GET /images/100_Detail_with_fronds.jpg HTTP/1.1" 200 5397 "http://www.bogenriefstudios.com/home.html" "Mozilla/5.0 (Macintosh; Intel Mac OS X 10_6_8) AppleWebKit/534.59.8 (KHTML, like Gecko) Version/5.1.9 Safari/534.59.8"
24.14.242.50 - - [17/Aug/2013:09:48:18 -0400] "GET /images/321_rocklin_-_green_circle.jpg HTTP/1.1" 200 71393 "http://www.bogenriefstudios.com/home.html" "Mozilla/5.0 (Macintosh; Intel Mac OS X 10_6_8) AppleWebKit/534.59.8 (KHTML, like Gecko) Version/5.1.9 Safari/534.59.8"
24.14.242.50 - - [17/Aug/2013:09:48:18 -0400] "GET /scripts/print.css HTTP/1.1" 200 - "http://www.bogenriefstudios.com/home.html" "Mozilla/5.0 (Macintosh; Intel Mac OS X 10_6_8) AppleWebKit/534.59.8 (KHTML, like Gecko) Version/5.1.9 Safari/534.59.8"
24.14.242.50 - - [17/Aug/2013:09:48:19 -0400] "GET /favicon.ico HTTP/1.1" 404 575 "http://www.bogenriefstudios.com/home.html" "Mozilla/5.0 (Macintosh; Intel Mac OS X 10_6_8) AppleWebKit/534.59.8 (KHTML, like Gecko) Version/5.1.9 Safari/534.59.8"
5.63.151.189 - - [17/Aug/2013:10:12:38 -0400] "HEAD / HTTP/1.1" 200 - "-" "checks.panopta.com"
174.251.240.174 - - [17/Aug/2013:16:37:37 -0400] "GET /images/146_AzizaJungleMaiden.jpg HTTP/1.1" 200 13793 "https://www.google.com/" "Mozilla/5.0 (iPhone; CPU iPhone OS 6_1_3 like Mac OS X) AppleWebKit/536.26 (KHTML, like Gecko) Version/6.0 Mobile/10B329 Safari/8536.25"
98.88.218.51 - - [17/Aug/2013:17:04:21 -0400] "GET /scripts/photoalbum.js HTTP/1.1" 200 62481 "http://www.bogenriefstudios.com/" "Mozilla/5.0 (iPhone; CPU iPhone OS 6_1_3 like Mac OS X) AppleWebKit/536.26 (KHTML, like Gecko) Version/6.0 Mobile/10B329 Safari/8536.25"
98.88.218.51 - - [17/Aug/2013:17:11:32 -0400] "GET /images/600_jungle_window.JPG HTTP/1.1" 200 182325 "-" "Mozilla/5.0 (iPhone; CPU iPhone OS 6_1_3 like Mac OS X) AppleWebKit/536.26 (KHTML, like Gecko) Version/6.0 Mobile/10B329 Safari/8536.25"
5.63.151.189 - - [17/Aug/2013:17:15:32 -0400] "HEAD / HTTP/1.1" 200 - "-" "checks.panopta.com"
46.119.118.152 - - [17/Aug/2013:17:17:33 -0400] "GET /home.html HTTP/1.1" 200 27081 "http://dollyeye.ru/" "Mozilla/4.0 (compatible; MSIE 6.0; Windows NT 5.0; APC; .NET CLR 1.0.3705; .NET CLR 1.1.4322; .NET CLR 2.0.50215; InfoPath.1)"
98.88.218.51 - - [17/Aug/2013:18:29:39 -0400] "GET /images/321_DSC_0238.JPG HTTP/1.1" 200 42349 "http://www.bogenriefstudios.com/bogenriefgallery/ceilingsdomes.html" "Mozilla/5.0 (compatible; MSIE 10.0; Windows NT 6.2; WOW64; Trident/6.0)"
98.88.218.51 - - [17/Aug/2013:18:29:40 -0400] "GET /images/480_008.JPG HTTP/1.1" 200 66085 "http://www.bogenriefstudios.com/bogenriefgallery/ceilingsdomes.html" "Mozilla/5.0 (compatible; MSIE 10.0; Windows NT 6.2; WOW64; Trident/6.0)"
98.88.218.51 - - [17/Aug/2013:18:29:42 -0400] "GET /images/480_SUTH0088.jpg HTTP/1.1" 200 36642 "http://www.bogenriefstudios.com/bogenriefgallery/ceilingsdomes.html" "Mozilla/5.0 (compatible; MSIE 10.0; Windows NT 6.2; WOW64; Trident/6.0)"
98.88.218.51 - - [17/Aug/2013:18:29:43 -0400] "GET /images/218_David_Siegel_s_Dome.jpg HTTP/1.1" 200 16518 "http://www.bogenriefstudios.com/bogenriefgallery/ceilingsdomes.html" "Mozilla/5.0 (compatible; MSIE 10.0; Windows NT 6.2; WOW64; Trident/6.0)"
199.21.99.79 - - [17/Aug/2013:19:57:18 -0400] "GET /images/100_WOOD_DOME_BB.JPG HTTP/1.1" 304 - "-" "Mozilla/5.0 (compatible; YandexImages/3.0; +http://yandex.com/bots)"
5.63.151.189 - - [17/Aug/2013:20:02:06 -0400] "HEAD / HTTP/1.1" 200 - "-" "checks.panopta.com"
174.251.240.174 - - [17/Aug/2013:16:37:45 -0400] "GET /images/145_window_rose_closeup.JPG HTTP/1.1" 200 14671 "https://www.google.com/" "Mozilla/5.0 (iPhone; CPU iPhone OS 6_1_3 like Mac OS X) AppleWebKit/536.26 (KHTML, like Gecko) Version/6.0 Mobile/10B329 Safari/8536.25"
98.88.218.51 - - [17/Aug/2013:17:10:35 -0400] "GET /images/522_Elephant_detail.JPG HTTP/1.1" 200 129616 "http://www.bogenriefstudios.com/bogenriefgallery/thejunglewindow.html" "Mozilla/5.0 (iPhone; CPU iPhone OS 6_1_3 like Mac OS X) AppleWebKit/536.26 (KHTML, like Gecko) Version/6.0 Mobile/10B329 Safari/8536.25"
98.88.218.51 - - [17/Aug/2013:17:11:57 -0400] "GET /images/218_LADY_Ladies_in_a_home_2.JPG HTTP/1.1" 200 32864 "http://www.bogenriefstudios.com/bogenriefgallery/ladiesofbogenrief.html" "Mozilla/5.0 (iPhone; CPU iPhone OS 6_1_3 like Mac OS X) AppleWebKit/536.26 (KHTML, like Gecko) Version/6.0 Mobile/10B329 Safari/8536.25"
98.88.218.51 - - [17/Aug/2013:17:11:57 -0400] "GET /images/227_LADY_Peacock_Lady_Green.jpg HTTP/1.1" 200 39796 "http://www.bogenriefstudios.com/bogenriefgallery/ladiesofbogenrief.html" "Mozilla/5.0 (iPhone; CPU iPhone OS 6_1_3 like Mac OS X) AppleWebKit/536.26 (KHTML, like Gecko) Version/6.0 Mobile/10B329 Safari/8536.25"
98.88.218.51 - - [17/Aug/2013:17:11:58 -0400] "GET /images/306_LADY_Sarah_2.JPG HTTP/1.1" 200 54499 "http://www.bogenriefstudios.com/bogenriefgallery/ladiesofbogenrief.html" "Mozilla/5.0 (iPhone; CPU iPhone OS 6_1_3 like Mac OS X) AppleWebKit/536.26 (KHTML, like Gecko) Version/6.0 Mobile/10B329 Safari/8536.25"
98.88.218.51 - - [17/Aug/2013:17:11:59 -0400] "GET /images/334_LADY_Spanish_Dancer.jpg HTTP/1.1" 200 79710 "http://www.bogenriefstudios.com/bogenriefgallery/ladiesofbogenrief.html" "Mozilla/5.0 (iPhone; CPU iPhone OS 6_1_3 like Mac OS X) AppleWebKit/536.26 (KHTML, like Gecko) Version/6.0 Mobile/10B329 Safari/8536.25"
98.88.218.51 - - [17/Aug/2013:17:12:00 -0400] "GET /images/480_Flower_Series.jpg HTTP/1.1" 200 49701 "http://www.bogenriefstudios.com/bogenriefgallery/ladiesofbogenrief.html" "Mozilla/5.0 (iPhone; CPU iPhone OS 6_1_3 like Mac OS X) AppleWebKit/536.26 (KHTML, like Gecko) Version/6.0 Mobile/10B329 Safari/8536.25"
98.88.218.51 - - [17/Aug/2013:17:12:01 -0400] "GET /images/287_LADY_Flower_Lady_3.jpg HTTP/1.1" 200 76389 "http://www.bogenriefstudios.com/bogenriefgallery/ladiesofbogenrief.html" "Mozilla/5.0 (iPhone; CPU iPhone OS 6_1_3 like Mac OS X) AppleWebKit/536.26 (KHTML, like Gecko) Version/6.0 Mobile/10B329 Safari/8536.25"
108.254.104.79 - - [17/Aug/2013:12:31:01 -0400] "GET /scripts/website.css HTTP/1.1" 200 1646 "http://www.bogenriefstudios.com/studios.html" "Mozilla/5.0 (iPhone; CPU iPhone OS 6_1_4 like Mac OS X) AppleWebKit/536.26 (KHTML, like Gecko) Version/6.0 Mobile/10B350 Safari/8536.25"
98.248.228.75 - - [17/Aug/2013:12:31:37 -0400] "GET /images/682_Daydream_001.jpg HTTP/1.1" 200 215855 "https://www.google.com/" "Mozilla/5.0 (iPhone; CPU iPhone OS 6_1_3 like Mac OS X) AppleWebKit/536.26 (KHTML, like Gecko) Version/6.0 Mobile/10B329 Safari/8536.25"
178.68.58.152 - - [17/Aug/2013:12:48:26 -0400] "GET /images/677_SF_grapes_013.JPG HTTP/1.1" 200 216725 "http://www.google.ru/blank.html" "Mozilla/5.0 (Windows NT 5.1) AppleWebKit/537.36 (KHTML, like Gecko) Chrome/28.0.1500.95 Safari/537.36"
65.55.217.241 - - [17/Aug/2013:13:33:08 -0400] "GET /images/682_DSC_0038.JPG HTTP/1.1" 200 91594 "http://www.bogenriefstudios.com/availableforpurchase.html" "Mozilla/5.0 (Windows NT 6.1; WOW64) AppleWebKit/534+ (KHTML, like Gecko) BingPreview/1.0b"
65.55.217.241 - - [17/Aug/2013:13:33:10 -0400] "GET /images/682_auction_SF_015.JPG HTTP/1.1" 200 91790 "http://www.bogenriefstudios.com/availableforpurchase.html" "Mozilla/5.0 (Windows NT 6.1; WOW64) AppleWebKit/534+ (KHTML, like Gecko) BingPreview/1.0b"
65.55.217.241 - - [17/Aug/2013:13:33:11 -0400] "GET /scripts/print.css HTTP/1.1" 200 - "http://www.bogenriefstudios.com/availableforpurchase.html" "Mozilla/5.0 (Windows NT 6.1; WOW64) AppleWebKit/534+ (KHTML, like Gecko) BingPreview/1.0b"
174.101.60.108 - - [17/Aug/2013:13:52:35 -0400] "GET /images/682_blue_white_chandelier_-_installed-edited.jpg HTTP/1.1" 200 79065 "http://ochandelier.net/glass-chandelier-pieces/" "Mozilla/5.0 (compatible; MSIE 10.0; Windows NT 6.2; WOW64; Trident/6.0)"
78.128.48.170 - - [17/Aug/2013:14:09:30 -0400] "GET /images/682_Jungle_full_further_away.jpg HTTP/1.1" 200 124706 "http://www.bogenriefstudios.com/junglepaneldetails.html" "Mozilla/5.0 (Windows NT 6.1) AppleWebKit/537.36 (KHTML, like Gecko) Chrome/28.0.1500.95 Safari/537.36"
78.128.48.170 - - [17/Aug/2013:14:09:31 -0400] "GET /images/682_Detail_with_cockatoo.jpg HTTP/1.1" 200 148553 "http://www.bogenriefstudios.com/junglepaneldetails.html" "Mozilla/5.0 (Windows NT 6.1) AppleWebKit/537.36 (KHTML, like Gecko) Chrome/28.0.1500.95 Safari/537.36"
78.128.48.170 - - [17/Aug/2013:14:09:34 -0400] "GET /favicon.ico HTTP/1.1" 404 575 "-" "Mozilla/5.0 (Windows NT 6.1) AppleWebKit/537.36 (KHTML, like Gecko) Chrome/28.0.1500.95 Safari/537.36"
190.113.104.60 - - [17/Aug/2013:14:14:53 -0400] "GET /images/314_Lauritzen_Gardens_42_.jpg HTTP/1.1" 200 31524 "http://www.google.co.cr/blank.html" "Mozilla/5.0 (compatible; MSIE 9.0; Windows NT 6.1; WOW64; Trident/5.0)"
71.237.40.63 - - [17/Aug/2013:14:54:35 -0400] "GET /bogenriefgallery/stainedglasswindows.html HTTP/1.1" 200 25295 "http://www.bogenriefstudios.com/contactus.html" "Mozilla/5.0 (compatible; MSIE 10.0; Windows NT 6.1; Trident/6.0; EIE10;ENUSMCM)"
71.237.40.63 - - [17/Aug/2013:14:54:35 -0400] "GET /images/photoalbum/button_photoSpeed1_ON.jpg HTTP/1.1" 200 476 "http://www.bogenriefstudios.com/bogenriefgallery/stainedglasswindows.html" "Mozilla/5.0 (compatible; MSIE 10.0; Windows NT 6.1; Trident/6.0; EIE10;ENUSMCM)"
71.237.40.63 - - [17/Aug/2013:14:54:35 -0400] "GET /images/480_Grout_Museum_veterans_memorial_wall_edited_.jpg HTTP/1.1" 200 39409 "http://www.bogenriefstudios.com/bogenriefgallery/stainedglasswindows.html" "Mozilla/5.0 (compatible; MSIE 10.0; Windows NT 6.1; Trident/6.0; EIE10;ENUSMCM)"
71.237.40.63 - - [17/Aug/2013:14:54:35 -0400] "GET /images/280_window_rose_vase.JPG HTTP/1.1" 200 41786 "http://www.bogenriefstudios.com/bogenriefgallery/stainedglasswindows.html" "Mozilla/5.0 (compatible; MSIE 10.0; Windows NT 6.1; Trident/6.0; EIE10;ENUSMCM)"
71.237.40.63 - - [17/Aug/2013:14:54:35 -0400] "GET /images/301_new24.JPG HTTP/1.1" 200 60158 "http://www.bogenriefstudios.com/bogenriefgallery/stainedglasswindows.html" "Mozilla/5.0 (compatible; MSIE 10.0; Windows NT 6.1; Trident/6.0; EIE10;ENUSMCM)"
71.237.40.63 - - [17/Aug/2013:14:54:36 -0400] "GET /images/480_window_great_gatsby.jpg HTTP/1.1" 200 89004 "http://www.bogenriefstudios.com/bogenriefgallery/stainedglasswindows.html" "Mozilla/5.0 (compatible; MSIE 10.0; Windows NT 6.1; Trident/6.0; EIE10;ENUSMCM)"
71.237.40.63 - - [17/Aug/2013:14:54:36 -0400] "GET /images/321_DSC_0317.JPG HTTP/1.1" 200 30587 "http://www.bogenriefstudios.com/bogenriefgallery/stainedglasswindows.html" "Mozilla/5.0 (compatible; MSIE 10.0; Windows NT 6.1; Trident/6.0; EIE10;ENUSMCM)"
71.237.40.63 - - [17/Aug/2013:14:54:37 -0400] "GET /images/136_new24.JPG HTTP/1.1" 200 13347 "http://www.bogenriefstudios.com/bogenriefgallery/stainedglasswindows.html" "Mozilla/5.0 (compatible; MSIE 10.0; Windows NT 6.1; Trident/6.0; EIE10;ENUSMCM)"
71.237.40.63 - - [17/Aug/2013:14:54:37 -0400] "GET /images/218_lincoln,_NE_011.jpg HTTP/1.1" 200 15499 "http://www.bogenriefstudios.com/bogenriefgallery/stainedglasswindows.html" "Mozilla/5.0 (compatible; MSIE 10.0; Windows NT 6.1; Trident/6.0; EIE10;ENUSMCM)"
71.237.40.63 - - [17/Aug/2013:14:54:37 -0400] "GET /images/218_Q_of_P_comp_3a.JPG HTTP/1.1" 200 10932 "http://www.bogenriefstudios.com/bogenriefgallery/stainedglasswindows.html" "Mozilla/5.0 (compatible; MSIE 10.0; Windows NT 6.1; Trident/6.0; EIE10;ENUSMCM)"
71.237.40.63 - - [17/Aug/2013:14:54:37 -0400] "GET /images/218_window_dolphins.JPG HTTP/1.1" 200 20022 "http://www.bogenriefstudios.com/bogenriefgallery/stainedglasswindows.html" "Mozilla/5.0 (compatible; MSIE 10.0; Windows NT 6.1; Trident/6.0; EIE10;ENUSMCM)"
71.237.40.63 - - [17/Aug/2013:14:54:37 -0400] "GET /images/218_window_sun_and_moon.JPG HTTP/1.1" 200 5081 "http://www.bogenriefstudios.com/bogenriefgallery/stainedglasswindows.html" "Mozilla/5.0 (compatible; MSIE 10.0; Windows NT 6.1; Trident/6.0; EIE10;ENUSMCM)"
71.237.40.63 - - [17/Aug/2013:14:54:37 -0400] "GET /images/218_Omaha_show_004.JPG HTTP/1.1" 200 14321 "http://www.bogenriefstudios.com/bogenriefgallery/stainedglasswindows.html" "Mozilla/5.0 (compatible; MSIE 10.0; Windows NT 6.1; Trident/6.0; EIE10;ENUSMCM)"
71.237.40.63 - - [17/Aug/2013:14:54:37 -0400] "GET /images/153_Combo_Windows_72_.jpg HTTP/1.1" 200 13142 "http://www.bogenriefstudios.com/bogenriefgallery/stainedglasswindows.html" "Mozilla/5.0 (compatible; MSIE 10.0; Windows NT 6.1; Trident/6.0; EIE10;ENUSMCM)"
71.237.40.63 - - [17/Aug/2013:14:54:37 -0400] "GET /images/120_P1010026.JPG HTTP/1.1" 200 13590 "http://www.bogenriefstudios.com/bogenriefgallery/stainedglasswindows.html" "Mozilla/5.0 (compatible; MSIE 10.0; Windows NT 6.1; Trident/6.0; EIE10;ENUSMCM)"
71.237.40.63 - - [17/Aug/2013:14:54:37 -0400] "GET /images/107_009.JPG HTTP/1.1" 200 8189 "http://www.bogenriefstudios.com/bogenriefgallery/stainedglasswindows.html" "Mozilla/5.0 (compatible; MSIE 10.0; Windows NT 6.1; Trident/6.0; EIE10;ENUSMCM)"
71.237.40.63 - - [17/Aug/2013:14:54:37 -0400] "GET /images/218_web_site_8.JPG HTTP/1.1" 200 9303 "http://www.bogenriefstudios.com/bogenriefgallery/stainedglasswindows.html" "Mozilla/5.0 (compatible; MSIE 10.0; Windows NT 6.1; Trident/6.0; EIE10;ENUSMCM)"
195.177.104.3 - - [17/Aug/2013:09:04:21 -0400] "GET /favicon.ico HTTP/1.1" 404 575 "-" "Mozilla/4.0 (compatible; MSIE 8.0; Windows NT 5.1; Trident/4.0; MRSPUTNIK 2, 4, 0, 491; GTB7.5; .NET CLR 2.0.50727; .NET CLR 1.1.4322; .NET4.0C; Zune 4.7)"
66.249.81.161 - - [17/Aug/2013:09:44:54 -0400] "GET /images/682_web_site_8.JPG HTTP/1.1" 200 65649 "http://www.liveinternet.ru/users/4454757/post196408825/" "Mozilla/5.0 (X11; Linux x86_64) AppleWebKit/537.4 (KHTML, like Gecko; Google Web Preview) Chrome/22.0.1229 Safari/537.4"
66.249.81.161 - - [17/Aug/2013:09:44:54 -0400] "GET /images/682_DSC_0053.JPG HTTP/1.1" 200 60987 "http://www.liveinternet.ru/users/4454757/post196408825/" "Mozilla/5.0 (X11; Linux x86_64) AppleWebKit/537.4 (KHTML, like Gecko; Google Web Preview) Chrome/22.0.1229 Safari/537.4"
66.249.81.161 - - [17/Aug/2013:09:44:55 -0400] "GET /images/682_Jungle_full_further_away.jpg HTTP/1.1" 200 124706 "http://www.liveinternet.ru/users/4454757/post196408825/" "Mozilla/5.0 (X11; Linux x86_64) AppleWebKit/537.4 (KHTML, like Gecko; Google Web Preview) Chrome/22.0.1229 Safari/537.4"
180.76.5.111 - - [17/Aug/2013:09:52:43 -0400] "GET /bogenriefgallery/junglepaneldetails.html HTTP/1.1" 200 13540 "-" "Mozilla/5.0 (compatible; Baiduspider/2.0; +http://www.baidu.com/search/spider.html)"
192.136.212.233 - - [17/Aug/2013:11:45:18 -0400] "GET /images/682_Daydream_001.jpg HTTP/1.1" 200 215855 "-" "Mozilla/5.0 (Windows NT 6.2; WOW64) AppleWebKit/537.36 (KHTML, like Gecko) Chrome/28.0.1500.95 Safari/537.36"
98.88.218.51 - - [17/Aug/2013:18:29:39 -0400] "GET /images/480_P1010001.JPG HTTP/1.1" 200 56007 "http://www.bogenriefstudios.com/bogenriefgallery/ceilingsdomes.html" "Mozilla/5.0 (compatible; MSIE 10.0; Windows NT 6.2; WOW64; Trident/6.0)"
98.88.218.51 - - [17/Aug/2013:18:29:41 -0400] "GET /images/480_atlanta_dome_3.JPG HTTP/1.1" 200 50533 "http://www.bogenriefstudios.com/bogenriefgallery/ceilingsdomes.html" "Mozilla/5.0 (compatible; MSIE 10.0; Windows NT 6.2; WOW64; Trident/6.0)"
98.88.218.51 - - [17/Aug/2013:18:29:42 -0400] "GET /images/480_Dome9.jpg HTTP/1.1" 200 43905 "http://www.bogenriefstudios.com/bogenriefgallery/ceilingsdomes.html" "Mozilla/5.0 (compatible; MSIE 10.0; Windows NT 6.2; WOW64; Trident/6.0)"
5.63.151.189 - - [17/Aug/2013:19:01:26 -0400] "HEAD / HTTP/1.1" 200 - "-" "checks.panopta.com"
67.215.225.87 - - [17/Aug/2013:19:39:30 -0400] "GET / HTTP/1.0" 200 13883 "-" "Mozilla/5.0 (X11; Linux x86_64) AppleWebKit/536.5 (KHTML, like Gecko) Chrome/19.0.1084.46 Safari/536.5"
128.72.161.82 - - [17/Aug/2013:03:47:47 -0400] "GET /favicon.ico HTTP/1.1" 404 575 "-" "Mozilla/5.0 (Windows NT 6.2; WOW64) AppleWebKit/537.22 (KHTML, like Gecko) Chrome/25.0.1364.172 YaBrowser/1.7.1364.21027 Safari/537.22"
66.249.75.165 - - [17/Aug/2013:04:01:19 -0400] "GET /bogenriefgallery/thejunglewindow.html HTTP/1.1" 304 - "-" "Mozilla/5.0 (iPhone; U; CPU iPhone OS 4_1 like Mac OS X; en-us) AppleWebKit/532.9 (KHTML, like Gecko) Version/4.0.5 Mobile/8B117 Safari/6531.22.7 (compatible; Googlebot-Mobile/2.1; +http://www.google.com/bot.html)"
199.30.16.38 - - [17/Aug/2013:05:26:30 -0400] "GET /images/682_Detail_with_left_facing_parrot.JPG HTTP/1.1" 200 110874 "-" "msnbot-media/1.1 (+http://search.msn.com/msnbot.htm)"
66.249.81.161 - - [17/Aug/2013:05:32:51 -0400] "GET /favicon.ico HTTP/1.1" 404 575 "-" "Mozilla/5.0 (Windows NT 6.1; rv:6.0) Gecko/20110814 Firefox/6.0 Google (+https://developers.google.com/+/web/snippet/)"
199.21.99.79 - - [17/Aug/2013:02:54:12 -0400] "GET /images/640_DSC00043.JPG HTTP/1.1" 200 41385 "-" "Mozilla/5.0 (compatible; YandexImages/3.0; +http://yandex.com/bots)"
66.249.81.161 - - [17/Aug/2013:09:44:54 -0400] "GET /images/682_web_site_6-edited.jpg HTTP/1.1" 200 129961 "http://www.liveinternet.ru/users/4454757/post196408825/" "Mozilla/5.0 (X11; Linux x86_64) AppleWebKit/537.4 (KHTML, like Gecko; Google Web Preview) Chrome/22.0.1229 Safari/537.4"
66.249.81.161 - - [17/Aug/2013:09:44:55 -0400] "GET /images/682_Detail_with_cockatoo.jpg HTTP/1.1" 200 148553 "http://www.liveinternet.ru/users/4454757/post196408825/" "Mozilla/5.0 (X11; Linux x86_64) AppleWebKit/537.4 (KHTML, like Gecko; Google Web Preview) Chrome/22.0.1229 Safari/537.4"
5.10.83.36 - - [17/Aug/2013:11:58:48 -0400] "GET /images/682_Daydream_001.jpg HTTP/1.1" 200 215855 "-" "Mozilla/5.0 (compatible; AhrefsBot/5.0; +http://ahrefs.com/robot/)"
166.205.68.31 - - [17/Aug/2013:12:48:57 -0400] "GET /images/682_post_card.JPG HTTP/1.1" 200 133316 "-" "rarely used"
79.17.108.144 - - [17/Aug/2013:12:54:53 -0400] "GET /images/682_Detail_with_greenery_red_flowers.jpg HTTP/1.1" 200 168414 "-" "Mozilla/5.0 (Windows NT 6.1; WOW64) AppleWebKit/537.36 (KHTML, like Gecko) Chrome/28.0.1500.95 Safari/537.36"
199.30.18.215 - - [17/Aug/2013:13:33:08 -0400] "GET /images/677_SF_grapes_013.JPG HTTP/1.1" 200 216725 "http://www.bogenriefstudios.com/availableforpurchase.html" "Mozilla/5.0 (Windows NT 6.1; WOW64) AppleWebKit/534+ (KHTML, like Gecko) BingPreview/1.0b"
199.30.18.215 - - [17/Aug/2013:13:33:09 -0400] "GET /images/682_a_items_onhand_025.JPG HTTP/1.1" 200 133679 "http://www.bogenriefstudios.com/availableforpurchase.html" "Mozilla/5.0 (Windows NT 6.1; WOW64) AppleWebKit/534+ (KHTML, like Gecko) BingPreview/1.0b"
199.30.18.215 - - [17/Aug/2013:13:33:10 -0400] "GET /images/682_DSC_0317.JPG HTTP/1.1" 200 106553 "http://www.bogenriefstudios.com/availableforpurchase.html" "Mozilla/5.0 (Windows NT 6.1; WOW64) AppleWebKit/534+ (KHTML, like Gecko) BingPreview/1.0b"
46.118.126.194 - - [17/Aug/2013:13:43:23 -0400] "GET /home.html HTTP/1.1" 200 27081 "http://www.wood-expert.ru/" "Opera/9.00 (Windows NT 5.1; U; ru)"
46.118.126.194 - - [17/Aug/2013:13:43:24 -0400] "GET /home.html HTTP/1.1" 200 27081 "http://jazz-stone.ru/" "Mozilla/4.0 (compatible; MSIE 6.0; Windows NT 5.1; Deepnet Explorer 1.5.0; .NET CLR 1.0.3705)"
5.63.151.189 - - [17/Aug/2013:13:59:33 -0400] "HEAD / HTTP/1.1" 200 - "-" "checks.panopta.com"
78.128.48.170 - - [17/Aug/2013:14:07:41 -0400] "GET /scripts/icwebsiteelement.css HTTP/1.1" 200 8132 "http://www.bogenriefstudios.com/availableforpurchase.html" "Mozilla/5.0 (Windows NT 6.1) AppleWebKit/537.36 (KHTML, like Gecko) Chrome/28.0.1500.95 Safari/537.36"
78.128.48.170 - - [17/Aug/2013:14:07:42 -0400] "GET /images/629_Four_Seasons_-_Summer_001.jpg HTTP/1.1" 200 258482 "http://www.bogenriefstudios.com/availableforpurchase.html" "Mozilla/5.0 (Windows NT 6.1) AppleWebKit/537.36 (KHTML, like Gecko) Chrome/28.0.1500.95 Safari/537.36"
78.128.48.170 - - [17/Aug/2013:14:07:47 -0400] "GET /images/682_a_items_onhand_027.JPG HTTP/1.1" 200 57298 "http://www.bogenriefstudios.com/availableforpurchase.html" "Mozilla/5.0 (Windows NT 6.1) AppleWebKit/537.36 (KHTML, like Gecko) Chrome/28.0.1500.95 Safari/537.36"
78.128.48.170 - - [17/Aug/2013:14:07:48 -0400] "GET /images/682_grand_baby_008.JPG HTTP/1.1" 200 187142 "http://www.bogenriefstudios.com/availableforpurchase.html" "Mozilla/5.0 (Windows NT 6.1) AppleWebKit/537.36 (KHTML, like Gecko) Chrome/28.0.1500.95 Safari/537.36"
78.128.48.170 - - [17/Aug/2013:14:09:03 -0400] "GET /favicon.ico HTTP/1.1" 404 575 "-" "Mozilla/5.0 (Windows NT 6.1) AppleWebKit/537.36 (KHTML, like Gecko) Chrome/28.0.1500.95 Safari/537.36"
66.249.75.165 - - [17/Aug/2013:14:16:26 -0400] "GET /junglepaneldetails.html HTTP/1.1" 304 - "-" "Mozilla/5.0 (compatible; Googlebot/2.1; +http://www.google.com/bot.html)"
96.42.84.207 - - [17/Aug/2013:14:19:26 -0400] "GET /scripts/print.css HTTP/1.1" 200 - "http://www.bogenriefstudios.com/studios.html" "Mozilla/5.0 (Windows NT 6.2; WOW64; rv:22.0) Gecko/20100101 Firefox/22.0"
157.55.32.39 - - [17/Aug/2013:06:34:42 -0400] "GET / HTTP/1.1" 200 13883 "-" "Mozilla/5.0 (compatible; bingbot/2.0; +http://www.bing.com/bingbot.htm)"
199.21.99.79 - - [17/Aug/2013:00:00:21 -0400] "GET /images/660_rocklin_-_sun_moon.jpg HTTP/1.1" 304 - "-" "Mozilla/5.0 (compatible; YandexImages/3.0; +http://yandex.com/bots)"
216.59.198.141 - - [17/Aug/2013:01:30:21 -0400] "GET /images/682_blue_white_chandelier_-_installed-edited.jpg HTTP/1.1" 200 79065 "http://www.bing.com/images/search?q=blown+glass&first=0&FORM=IDFRIR&id=2673CF4112BDFEB31F8EC22C5FF43BB97342D7DD&selectedIndex=0" "Mozilla/5.0 (Macintosh; Intel Mac OS X 10_6_8) AppleWebKit/534.59.8 (KHTML, like Gecko) Version/5.1.9 Safari/534.59.8"
96.42.224.116 - - [17/Aug/2013:15:11:26 -0400] "GET /home.html HTTP/1.1" 200 27081 "-" "Mozilla/5.0 (iPad; CPU OS 6_1_3 like Mac OS X) AppleWebKit/536.26 (KHTML, like Gecko) Version/6.0 Mobile/10B329 Safari/8536.25"
96.42.224.116 - - [17/Aug/2013:15:11:26 -0400] "GET /scripts/ic_globals_published.js HTTP/1.1" 200 566 "http://www.bogenriefstudios.com/home.html" "Mozilla/5.0 (iPad; CPU OS 6_1_3 like Mac OS X) AppleWebKit/536.26 (KHTML, like Gecko) Version/6.0 Mobile/10B329 Safari/8536.25"
96.42.224.116 - - [17/Aug/2013:15:11:26 -0400] "GET /scripts/user.js HTTP/1.1" 200 23762 "http://www.bogenriefstudios.com/home.html" "Mozilla/5.0 (iPad; CPU OS 6_1_3 like Mac OS X) AppleWebKit/536.26 (KHTML, like Gecko) Version/6.0 Mobile/10B329 Safari/8536.25"
96.42.224.116 - - [17/Aug/2013:15:11:27 -0400] "GET /scripts/template.css HTTP/1.1" 200 9956 "http://www.bogenriefstudios.com/home.html" "Mozilla/5.0 (iPad; CPU OS 6_1_3 like Mac OS X) AppleWebKit/536.26 (KHTML, like Gecko) Version/6.0 Mobile/10B329 Safari/8536.25"
96.42.224.116 - - [17/Aug/2013:15:11:27 -0400] "GET /scripts/website.css HTTP/1.1" 200 1646 "http://www.bogenriefstudios.com/home.html" "Mozilla/5.0 (iPad; CPU OS 6_1_3 like Mac OS X) AppleWebKit/536.26 (KHTML, like Gecko) Version/6.0 Mobile/10B329 Safari/8536.25"
96.42.224.116 - - [17/Aug/2013:15:11:27 -0400] "GET /scripts/icwebsiteelement.css HTTP/1.1" 200 8132 "http://www.bogenriefstudios.com/home.html" "Mozilla/5.0 (iPad; CPU OS 6_1_3 like Mac OS X) AppleWebKit/536.26 (KHTML, like Gecko) Version/6.0 Mobile/10B329 Safari/8536.25"
96.42.224.116 - - [17/Aug/2013:15:11:27 -0400] "GET /images/622_David_Siegel_s_Dome.jpg HTTP/1.1" 200 106576 "http://www.bogenriefstudios.com/home.html" "Mozilla/5.0 (iPad; CPU OS 6_1_3 like Mac OS X) AppleWebKit/536.26 (KHTML, like Gecko) Version/6.0 Mobile/10B329 Safari/8536.25"
96.42.224.116 - - [17/Aug/2013:15:11:27 -0400] "GET /images/342_elephant-completed.jpg HTTP/1.1" 200 67866 "http://www.bogenriefstudios.com/home.html" "Mozilla/5.0 (iPad; CPU OS 6_1_3 like Mac OS X) AppleWebKit/536.26 (KHTML, like Gecko) Version/6.0 Mobile/10B329 Safari/8536.25"
96.42.224.116 - - [17/Aug/2013:15:11:27 -0400] "GET /images/392_P1010004-edited.jpg HTTP/1.1" 200 71852 "http://www.bogenriefstudios.com/home.html" "Mozilla/5.0 (iPad; CPU OS 6_1_3 like Mac OS X) AppleWebKit/536.26 (KHTML, like Gecko) Version/6.0 Mobile/10B329 Safari/8536.25"
96.42.224.116 - - [17/Aug/2013:15:11:27 -0400] "GET /images/321_P1010005.JPG HTTP/1.1" 200 60353 "http://www.bogenriefstudios.com/home.html" "Mozilla/5.0 (iPad; CPU OS 6_1_3 like Mac OS X) AppleWebKit/536.26 (KHTML, like Gecko) Version/6.0 Mobile/10B329 Safari/8536.25"
96.42.224.116 - - [17/Aug/2013:15:11:28 -0400] "GET /images/682_iowa_hall_of_pride_window_014_-_cropped.jpg HTTP/1.1" 200 92976 "http://www.bogenriefstudios.com/home.html" "Mozilla/5.0 (iPad; CPU OS 6_1_3 like Mac OS X) AppleWebKit/536.26 (KHTML, like Gecko) Version/6.0 Mobile/10B329 Safari/8536.25"
96.42.224.116 - - [17/Aug/2013:15:11:28 -0400] "GET /images/68.jpg HTTP/1.1" 200 11436 "http://www.bogenriefstudios.com/home.html" "Mozilla/5.0 (iPad; CPU OS 6_1_3 like Mac OS X) AppleWebKit/536.26 (KHTML, like Gecko) Version/6.0 Mobile/10B329 Safari/8536.25"
96.42.224.116 - - [17/Aug/2013:15:11:28 -0400] "GET /scripts/print.css HTTP/1.1" 200 - "http://www.bogenriefstudios.com/home.html" "Mozilla/5.0 (iPad; CPU OS 6_1_3 like Mac OS X) AppleWebKit/536.26 (KHTML, like Gecko) Version/6.0 Mobile/10B329 Safari/8536.25"
174.251.240.174 - - [17/Aug/2013:16:37:36 -0400] "GET /images/218_lincoln,_NE_011.jpg HTTP/1.1" 200 15499 "https://www.google.com/" "Mozilla/5.0 (iPhone; CPU iPhone OS 6_1_3 like Mac OS X) AppleWebKit/536.26 (KHTML, like Gecko) Version/6.0 Mobile/10B329 Safari/8536.25"
81.62.121.77 - - [17/Aug/2013:16:39:19 -0400] "GET /images/682_elephant-completed.jpg HTTP/1.1" 200 260073 "-" "AndroidDownloadManager"
98.88.218.51 - - [17/Aug/2013:17:08:25 -0400] "GET /images/photoalbum/button_photoNext.jpg HTTP/1.1" 200 662 "http://www.bogenriefstudios.com/bogenriefgallery/chandeliers.html" "Mozilla/5.0 (iPhone; CPU iPhone OS 6_1_3 like Mac OS X) AppleWebKit/536.26 (KHTML, like Gecko) Version/6.0 Mobile/10B329 Safari/8536.25"
98.88.218.51 - - [17/Aug/2013:17:08:25 -0400] "GET /images/photoalbum/button_photoSpeed2_ON.jpg HTTP/1.1" 200 492 "http://www.bogenriefstudios.com/bogenriefgallery/chandeliers.html" "Mozilla/5.0 (iPhone; CPU iPhone OS 6_1_3 like Mac OS X) AppleWebKit/536.26 (KHTML, like Gecko) Version/6.0 Mobile/10B329 Safari/8536.25"
98.88.218.51 - - [17/Aug/2013:17:08:26 -0400] "GET /images/480_blue_white_chandelier_-_installed-edited.jpg HTTP/1.1" 200 45666 "http://www.bogenriefstudios.com/bogenriefgallery/chandeliers.html" "Mozilla/5.0 (iPhone; CPU iPhone OS 6_1_3 like Mac OS X) AppleWebKit/536.26 (KHTML, like Gecko) Version/6.0 Mobile/10B329 Safari/8536.25"
98.88.218.51 - - [17/Aug/2013:17:08:27 -0400] "GET /images/640_DSC00131.JPG HTTP/1.1" 200 46436 "http://www.bogenriefstudios.com/bogenriefgallery/chandeliers.html" "Mozilla/5.0 (iPhone; CPU iPhone OS 6_1_3 like Mac OS X) AppleWebKit/536.26 (KHTML, like Gecko) Version/6.0 Mobile/10B329 Safari/8536.25"
98.88.218.51 - - [17/Aug/2013:17:08:28 -0400] "GET /images/696_Lauritzen_Gardens_35_.jpg HTTP/1.1" 200 47627 "http://www.bogenriefstudios.com/bogenriefgallery/chandeliers.html" "Mozilla/5.0 (iPhone; CPU iPhone OS 6_1_3 like Mac OS X) AppleWebKit/536.26 (KHTML, like Gecko) Version/6.0 Mobile/10B329 Safari/8536.25"
98.88.218.51 - - [17/Aug/2013:17:08:30 -0400] "GET /images/480_DSC00677.JPG HTTP/1.1" 200 21050 "http://www.bogenriefstudios.com/bogenriefgallery/chandeliers.html" "Mozilla/5.0 (iPhone; CPU iPhone OS 6_1_3 like Mac OS X) AppleWebKit/536.26 (KHTML, like Gecko) Version/6.0 Mobile/10B329 Safari/8536.25"
98.88.218.51 - - [17/Aug/2013:17:08:30 -0400] "GET /images/146_194.JPG HTTP/1.1" 200 13979 "http://www.bogenriefstudios.com/bogenriefgallery/chandeliers.html" "Mozilla/5.0 (iPhone; CPU iPhone OS 6_1_3 like Mac OS X) AppleWebKit/536.26 (KHTML, like Gecko) Version/6.0 Mobile/10B329 Safari/8536.25"
98.88.218.51 - - [17/Aug/2013:17:08:57 -0400] "GET /images/696_SUTH0079.jpg HTTP/1.1" 200 103378 "http://www.bogenriefstudios.com/bogenriefgallery/ceilingsdomes.html" "Mozilla/5.0 (iPhone; CPU iPhone OS 6_1_3 like Mac OS X) AppleWebKit/536.26 (KHTML, like Gecko) Version/6.0 Mobile/10B329 Safari/8536.25"
199.21.99.79 - - [17/Aug/2013:17:40:29 -0400] "GET /images/196_Blown_Glass_108_-_modified.jpg HTTP/1.1" 304 - "-" "Mozilla/5.0 (compatible; YandexImages/3.0; +http://yandex.com/bots)"
5.63.151.189 - - [17/Aug/2013:18:01:13 -0400] "HEAD / HTTP/1.1" 200 - "-" "checks.panopta.com"
65.68.100.183 - - [17/Aug/2013:18:06:18 -0400] "GET /scripts/ic_globals_published.js HTTP/1.1" 200 566 "http://www.bogenriefstudios.com/" "Mozilla/5.0 (Linux; U; Android 4.1.2; en-us; SPH-L710 Build/JZO54K) AppleWebKit/534.30 (KHTML, like Gecko) Version/4.0 Mobile Safari/534.30"
65.68.100.183 - - [17/Aug/2013:18:06:18 -0400] "GET /scripts/user.js HTTP/1.1" 200 23762 "http://www.bogenriefstudios.com/" "Mozilla/5.0 (Linux; U; Android 4.1.2; en-us; SPH-L710 Build/JZO54K) AppleWebKit/534.30 (KHTML, like Gecko) Version/4.0 Mobile Safari/534.30"
65.68.100.183 - - [17/Aug/2013:18:06:18 -0400] "GET /scripts/13custom.css HTTP/1.1" 200 2827 "http://www.bogenriefstudios.com/" "Mozilla/5.0 (Linux; U; Android 4.1.2; en-us; SPH-L710 Build/JZO54K) AppleWebKit/534.30 (KHTML, like Gecko) Version/4.0 Mobile Safari/534.30"
65.68.100.183 - - [17/Aug/2013:18:06:20 -0400] "GET /images/198_052_2_.JPG HTTP/1.1" 200 7649 "http://www.bogenriefstudios.com/" "Mozilla/5.0 (Linux; U; Android 4.1.2; en-us; SPH-L710 Build/JZO54K) AppleWebKit/534.30 (KHTML, like Gecko) Version/4.0 Mobile Safari/534.30"
65.68.100.183 - - [17/Aug/2013:18:06:20 -0400] "GET /images/198_door_019.JPG HTTP/1.1" 200 8796 "http://www.bogenriefstudios.com/" "Mozilla/5.0 (Linux; U; Android 4.1.2; en-us; SPH-L710 Build/JZO54K) AppleWebKit/534.30 (KHTML, like Gecko) Version/4.0 Mobile Safari/534.30"
5.63.151.189 - - [17/Aug/2013:18:46:24 -0400] "HEAD / HTTP/1.1" 200 - "-" "checks.panopta.com"
157.55.32.187 - - [17/Aug/2013:23:28:03 -0400] "GET /scripts/user.js HTTP/1.1" 200 23762 "-" "Mozilla/5.0 (compatible; bingbot/2.0; +http://www.bing.com/bingbot.htm)"
66.249.85.227 - - [17/Aug/2013:23:39:58 -0400] "GET /scripts/ic_globals_published.js HTTP/1.1" 200 566 "http://www.bogenriefstudios.com/bogenriefgallery/ceilingsdomes.html" "Mozilla/5.0 (X11; Linux x86_64) AppleWebKit/537.4 (KHTML, like Gecko; Google Web Preview) Chrome/22.0.1229 Safari/537.4"
66.249.85.227 - - [17/Aug/2013:23:39:58 -0400] "GET /scripts/photoalbum.js HTTP/1.1" 200 62481 "http://www.bogenriefstudios.com/bogenriefgallery/ceilingsdomes.html" "Mozilla/5.0 (X11; Linux x86_64) AppleWebKit/537.4 (KHTML, like Gecko; Google Web Preview) Chrome/22.0.1229 Safari/537.4"
66.249.85.227 - - [17/Aug/2013:23:39:59 -0400] "GET /images/photoalbum/button_photoFirst.jpg HTTP/1.1" 200 637 "http://www.bogenriefstudios.com/bogenriefgallery/ceilingsdomes.html" "Mozilla/5.0 (X11; Linux x86_64) AppleWebKit/537.4 (KHTML, like Gecko; Google Web Preview) Chrome/22.0.1229 Safari/537.4"
66.249.85.227 - - [17/Aug/2013:23:39:59 -0400] "GET /images/480_P1010001.JPG HTTP/1.1" 200 56007 "http://www.bogenriefstudios.com/bogenriefgallery/ceilingsdomes.html" "Mozilla/5.0 (X11; Linux x86_64) AppleWebKit/537.4 (KHTML, like Gecko; Google Web Preview) Chrome/22.0.1229 Safari/537.4"
66.249.85.227 - - [17/Aug/2013:23:39:59 -0400] "GET /images/480_Lattice_Clematis_Flower_Dome.JPG HTTP/1.1" 200 31141 "http://www.bogenriefstudios.com/bogenriefgallery/ceilingsdomes.html" "Mozilla/5.0 (X11; Linux x86_64) AppleWebKit/537.4 (KHTML, like Gecko; Google Web Preview) Chrome/22.0.1229 Safari/537.4"
66.249.85.227 - - [17/Aug/2013:23:39:59 -0400] "GET /images/465_DSC_0238.JPG HTTP/1.1" 200 83986 "http://www.bogenriefstudios.com/bogenriefgallery/ceilingsdomes.html" "Mozilla/5.0 (X11; Linux x86_64) AppleWebKit/537.4 (KHTML, like Gecko; Google Web Preview) Chrome/22.0.1229 Safari/537.4"
66.249.85.227 - - [17/Aug/2013:23:39:59 -0400] "GET /images/216_atlanta_dome_1.JPG HTTP/1.1" 200 22209 "http://www.bogenriefstudios.com/bogenriefgallery/ceilingsdomes.html" "Mozilla/5.0 (X11; Linux x86_64) AppleWebKit/537.4 (KHTML, like Gecko; Google Web Preview) Chrome/22.0.1229 Safari/537.4"
66.249.85.227 - - [17/Aug/2013:23:39:59 -0400] "GET /images/696_atlanta_dome_3.JPG HTTP/1.1" 200 88199 "http://www.bogenriefstudios.com/bogenriefgallery/ceilingsdomes.html" "Mozilla/5.0 (X11; Linux x86_64) AppleWebKit/537.4 (KHTML, like Gecko; Google Web Preview) Chrome/22.0.1229 Safari/537.4"
66.249.85.227 - - [17/Aug/2013:23:39:59 -0400] "GET /images/218_Ceiling_-_Lauritzen_Gardens_030_-_cropped.jpg HTTP/1.1" 200 13271 "http://www.bogenriefstudios.com/bogenriefgallery/ceilingsdomes.html" "Mozilla/5.0 (X11; Linux x86_64) AppleWebKit/537.4 (KHTML, like Gecko; Google Web Preview) Chrome/22.0.1229 Safari/537.4"
66.249.85.227 - - [17/Aug/2013:23:39:59 -0400] "GET /images/480_Dome8.jpg HTTP/1.1" 200 39575 "http://www.bogenriefstudios.com/bogenriefgallery/ceilingsdomes.html" "Mozilla/5.0 (X11; Linux x86_64) AppleWebKit/537.4 (KHTML, like Gecko; Google Web Preview) Chrome/22.0.1229 Safari/537.4"
66.249.85.227 - - [17/Aug/2013:23:39:59 -0400] "GET /images/696_SUTH0079.jpg HTTP/1.1" 200 103378 "http://www.bogenriefstudios.com/bogenriefgallery/ceilingsdomes.html" "Mozilla/5.0 (X11; Linux x86_64) AppleWebKit/537.4 (KHTML, like Gecko; Google Web Preview) Chrome/22.0.1229 Safari/537.4"
70.211.11.28 - - [17/Aug/2013:03:29:11 -0400] "GET /images/682_post_card.JPG HTTP/1.1" 200 133316 "https://www.google.com/" "Mozilla/5.0 (iPhone; CPU iPhone OS 6_1_4 like Mac OS X) AppleWebKit/536.26 (KHTML, like Gecko) Version/6.0 Mobile/10B350 Safari/8536.25"
98.88.218.51 - - [17/Aug/2013:18:26:55 -0400] "GET /images/480_SPEN0024.JPG HTTP/1.1" 200 24614 "http://www.bogenriefstudios.com/bogenriefgallery/blownfusedglass.html" "Mozilla/5.0 (compatible; MSIE 10.0; Windows NT 6.2; WOW64; Trident/6.0)"
98.88.218.51 - - [17/Aug/2013:18:26:56 -0400] "GET /images/480_SPEN0048.JPG HTTP/1.1" 200 25152 "http://www.bogenriefstudios.com/bogenriefgallery/blownfusedglass.html" "Mozilla/5.0 (compatible; MSIE 10.0; Windows NT 6.2; WOW64; Trident/6.0)"
98.88.218.51 - - [17/Aug/2013:18:26:56 -0400] "GET /images/480_SUTH0025.JPG HTTP/1.1" 200 27932 "http://www.bogenriefstudios.com/bogenriefgallery/blownfusedglass.html" "Mozilla/5.0 (compatible; MSIE 10.0; Windows NT 6.2; WOW64; Trident/6.0)"
98.88.218.51 - - [17/Aug/2013:18:26:57 -0400] "GET /images/480_weddingblown_004.jpg HTTP/1.1" 200 24607 "http://www.bogenriefstudios.com/bogenriefgallery/blownfusedglass.html" "Mozilla/5.0 (compatible; MSIE 10.0; Windows NT 6.2; WOW64; Trident/6.0)"
98.88.218.51 - - [17/Aug/2013:18:26:57 -0400] "GET /images/218_SPEN0048.JPG HTTP/1.1" 200 7175 "http://www.bogenriefstudios.com/bogenriefgallery/blownfusedglass.html" "Mozilla/5.0 (compatible; MSIE 10.0; Windows NT 6.2; WOW64; Trident/6.0)"
98.88.218.51 - - [17/Aug/2013:18:26:58 -0400] "GET /images/218_SUTH0008.JPG HTTP/1.1" 200 7614 "http://www.bogenriefstudios.com/bogenriefgallery/blownfusedglass.html" "Mozilla/5.0 (compatible; MSIE 10.0; Windows NT 6.2; WOW64; Trident/6.0)"
98.88.218.51 - - [17/Aug/2013:18:29:39 -0400] "GET /bogenriefgallery/ceilingsdomes.html HTTP/1.1" 200 17476 "http://www.bogenriefstudios.com/bogenriefgallery/terracehillrestoration.html" "Mozilla/5.0 (compatible; MSIE 10.0; Windows NT 6.2; WOW64; Trident/6.0)"
98.88.218.51 - - [17/Aug/2013:18:29:39 -0400] "GET /images/218_Water_Lily_Dome.JPG HTTP/1.1" 200 17262 "http://www.bogenriefstudios.com/bogenriefgallery/ceilingsdomes.html" "Mozilla/5.0 (compatible; MSIE 10.0; Windows NT 6.2; WOW64; Trident/6.0)"
67.215.225.87 - - [17/Aug/2013:19:39:38 -0400] "GET /contactus.html HTTP/1.0" 200 11250 "http://BOGENRIEFSTUDIOS.COM" "Mozilla/5.0 (X11; Linux x86_64) AppleWebKit/536.5 (KHTML, like Gecko) Chrome/19.0.1084.46 Safari/536.5"
198.199.66.41 - - [17/Aug/2013:19:52:53 -0400] "GET /bogenriefgallery/ladiesofbogenrief.html HTTP/1.1" 200 22147 "-" "Mozilla/5.0 (Windows NT 6.1; WOW64; rv:21.0) Gecko/20100101 Firefox/21.0"
66.249.85.227 - - [17/Aug/2013:23:39:59 -0400] "GET /images/photoalbum/detail_close.jpg HTTP/1.1" 200 1095 "http://www.bogenriefstudios.com/bogenriefgallery/ceilingsdomes.html" "Mozilla/5.0 (X11; Linux x86_64) AppleWebKit/537.4 (KHTML, like Gecko; Google Web Preview) Chrome/22.0.1229 Safari/537.4"
66.249.85.227 - - [17/Aug/2013:23:39:59 -0400] "GET /images/321_DSC_0238.JPG HTTP/1.1" 200 42349 "http://www.bogenriefstudios.com/bogenriefgallery/ceilingsdomes.html" "Mozilla/5.0 (X11; Linux x86_64) AppleWebKit/537.4 (KHTML, like Gecko; Google Web Preview) Chrome/22.0.1229 Safari/537.4"
5.63.151.189 - - [17/Aug/2013:00:07:19 -0400] "HEAD / HTTP/1.1" 200 - "-" "checks.panopta.com"
218.30.103.156 - - [17/Aug/2013:09:11:06 -0400] "GET / HTTP/1.1" 304 - "-" "Sogou web spider/4.0(+http://www.sogou.com/docs/help/webmasters.htm#07)"
218.30.103.156 - - [17/Aug/2013:09:11:06 -0400] "GET /robots.txt HTTP/1.1" 200 25 "-" "Sogou web spider/4.0"
66.249.81.161 - - [17/Aug/2013:09:44:54 -0400] "GET /images/682_web_site_4-edited.jpg HTTP/1.1" 200 151078 "http://www.liveinternet.ru/users/4454757/post196408825/" "Mozilla/5.0 (X11; Linux x86_64) AppleWebKit/537.4 (KHTML, like Gecko; Google Web Preview) Chrome/22.0.1229 Safari/537.4"
128.72.161.82 - - [17/Aug/2013:03:47:22 -0400] "GET /scripts/user.js HTTP/1.1" 200 23762 "http://www.bogenriefstudios.com/" "Mozilla/5.0 (Windows NT 6.2; WOW64) AppleWebKit/537.22 (KHTML, like Gecko) Chrome/25.0.1364.172 YaBrowser/1.7.1364.21027 Safari/537.22"
128.72.161.82 - - [17/Aug/2013:03:47:24 -0400] "GET /images/68.jpg HTTP/1.1" 200 11436 "http://www.bogenriefstudios.com/" "Mozilla/5.0 (Windows NT 6.2; WOW64) AppleWebKit/537.22 (KHTML, like Gecko) Chrome/25.0.1364.172 YaBrowser/1.7.1364.21027 Safari/537.22"
128.72.161.82 - - [17/Aug/2013:03:47:24 -0400] "GET /images/198_023.JPG HTTP/1.1" 200 9799 "http://www.bogenriefstudios.com/" "Mozilla/5.0 (Windows NT 6.2; WOW64) AppleWebKit/537.22 (KHTML, like Gecko) Chrome/25.0.1364.172 YaBrowser/1.7.1364.21027 Safari/537.22"
128.72.161.82 - - [17/Aug/2013:03:47:24 -0400] "GET /images/198_dome_008.JPG HTTP/1.1" 200 8321 "http://www.bogenriefstudios.com/" "Mozilla/5.0 (Windows NT 6.2; WOW64) AppleWebKit/537.22 (KHTML, like Gecko) Chrome/25.0.1364.172 YaBrowser/1.7.1364.21027 Safari/537.22"
98.88.218.51 - - [17/Aug/2013:17:08:25 -0400] "GET /images/photoalbum/button_photoFirst.jpg HTTP/1.1" 200 637 "http://www.bogenriefstudios.com/bogenriefgallery/chandeliers.html" "Mozilla/5.0 (iPhone; CPU iPhone OS 6_1_3 like Mac OS X) AppleWebKit/536.26 (KHTML, like Gecko) Version/6.0 Mobile/10B329 Safari/8536.25"
98.88.218.51 - - [17/Aug/2013:17:08:25 -0400] "GET /images/photoalbum/button_photoSpeed1_ON.jpg HTTP/1.1" 200 476 "http://www.bogenriefstudios.com/bogenriefgallery/chandeliers.html" "Mozilla/5.0 (iPhone; CPU iPhone OS 6_1_3 like Mac OS X) AppleWebKit/536.26 (KHTML, like Gecko) Version/6.0 Mobile/10B329 Safari/8536.25"
98.88.218.51 - - [17/Aug/2013:17:08:25 -0400] "GET /images/696_blue_white_chandelier_-_installed-edited.jpg HTTP/1.1" 200 80559 "http://www.bogenriefstudios.com/bogenriefgallery/chandeliers.html" "Mozilla/5.0 (iPhone; CPU iPhone OS 6_1_3 like Mac OS X) AppleWebKit/536.26 (KHTML, like Gecko) Version/6.0 Mobile/10B329 Safari/8536.25"
98.88.218.51 - - [17/Aug/2013:17:08:27 -0400] "GET /images/480_chandelier_hanging.jpg HTTP/1.1" 200 33434 "http://www.bogenriefstudios.com/bogenriefgallery/chandeliers.html" "Mozilla/5.0 (iPhone; CPU iPhone OS 6_1_3 like Mac OS X) AppleWebKit/536.26 (KHTML, like Gecko) Version/6.0 Mobile/10B329 Safari/8536.25"
199.21.99.79 - - [17/Aug/2013:17:57:03 -0400] "GET /images/100_Dome11.jpg HTTP/1.1" 304 - "-" "Mozilla/5.0 (compatible; YandexImages/3.0; +http://yandex.com/bots)"
174.238.97.73 - - [17/Aug/2013:09:17:13 -0400] "GET /studiolocations.html HTTP/1.1" 200 13348 "http://www.bogenriefstudios.com/contactus.html" "Mozilla/5.0 (iPhone; CPU iPhone OS 6_1_3 like Mac OS X) AppleWebKit/536.26 (KHTML, like Gecko) Version/6.0 Mobile/10B329 Safari/8536.25"
199.30.20.4 - - [17/Aug/2013:10:50:56 -0400] "GET /images/682_Detail_with_vines.JPG HTTP/1.1" 200 142065 "-" "msnbot-media/1.1 (+http://search.msn.com/msnbot.htm)"
69.112.163.239 - - [17/Aug/2013:11:30:32 -0400] "GET /images/682_Daydream_001.jpg HTTP/1.1" 200 215855 "http://www.google.com/" "Mozilla/5.0 (iPad; CPU OS 6_1_3 like Mac OS X) AppleWebKit/536.26 (KHTML, like Gecko) Version/6.0 Mobile/10B329 Safari/8536.25"
106.206.173.49 - - [17/Aug/2013:11:43:47 -0400] "GET /images/314_Lauritzen_Gardens_42_.jpg HTTP/1.1" 200 31524 "http://www.google.co.in/search?hl=en&site=webhp&tbm=isch&sa=1&ei=WJkPUs3HL4K4rAfi4oGIDg&q=ceiling+glass+designs&oq=&gs_l=mobile-gws-serp.1.0.41l3.20320.26990.1.30841.24.8.0.1.1.0.0.0..0.0....0...1c.1.25.mobile-gws-serp..47.3.525.FDqZk8SZ79A&biw=320&bih=460&sei=95kPUu6JCovLrQfN94CoAQ" "Mozilla/5.0 (Linux; U; Android 4.0.4; en-gb; GT-S7562 Build/IMM76I) AppleWebKit/534.30 (KHTML, like Gecko) Version/4.0 Mobile Safari/534.30"
66.43.254.135 - - [17/Aug/2013:11:44:12 -0400] "GET /scripts/print.css HTTP/1.1" 200 - "http://www.bogenriefstudios.com/" "Mozilla/5.0 (Windows NT 6.1; rv:22.0) Gecko/20100101 Firefox/22.0"
66.43.254.135 - - [17/Aug/2013:11:44:12 -0400] "GET /scripts/icwebsiteelement.css HTTP/1.1" 200 8132 "http://www.bogenriefstudios.com/" "Mozilla/5.0 (Windows NT 6.1; rv:22.0) Gecko/20100101 Firefox/22.0"
66.43.254.135 - - [17/Aug/2013:11:44:12 -0400] "GET /images/205_David_s_dome_006.JPG HTTP/1.1" 200 9145 "http://www.bogenriefstudios.com/" "Mozilla/5.0 (Windows NT 6.1; rv:22.0) Gecko/20100101 Firefox/22.0"
66.43.254.135 - - [17/Aug/2013:11:44:12 -0400] "GET /images/321_David_s_dome_002.JPG HTTP/1.1" 200 23041 "http://www.bogenriefstudios.com/" "Mozilla/5.0 (Windows NT 6.1; rv:22.0) Gecko/20100101 Firefox/22.0"
98.88.218.51 - - [17/Aug/2013:17:08:30 -0400] "GET /images/218_DSC00677.JPG HTTP/1.1" 200 5854 "http://www.bogenriefstudios.com/bogenriefgallery/chandeliers.html" "Mozilla/5.0 (iPhone; CPU iPhone OS 6_1_3 like Mac OS X) AppleWebKit/536.26 (KHTML, like Gecko) Version/6.0 Mobile/10B329 Safari/8536.25"
98.88.218.51 - - [17/Aug/2013:17:08:52 -0400] "GET /images/480_Water_Lily_Dome.JPG HTTP/1.1" 200 69536 "http://www.bogenriefstudios.com/bogenriefgallery/ceilingsdomes.html" "Mozilla/5.0 (iPhone; CPU iPhone OS 6_1_3 like Mac OS X) AppleWebKit/536.26 (KHTML, like Gecko) Version/6.0 Mobile/10B329 Safari/8536.25"
98.88.218.51 - - [17/Aug/2013:17:08:54 -0400] "GET /images/218_Lattice_Clematis_Flower_Dome.JPG HTTP/1.1" 200 8191 "http://www.bogenriefstudios.com/bogenriefgallery/ceilingsdomes.html" "Mozilla/5.0 (iPhone; CPU iPhone OS 6_1_3 like Mac OS X) AppleWebKit/536.26 (KHTML, like Gecko) Version/6.0 Mobile/10B329 Safari/8536.25"
98.88.218.51 - - [17/Aug/2013:17:08:54 -0400] "GET /images/682_David_Siegel_s_Dome.jpg HTTP/1.1" 200 130582 "http://www.bogenriefstudios.com/bogenriefgallery/ceilingsdomes.html" "Mozilla/5.0 (iPhone; CPU iPhone OS 6_1_3 like Mac OS X) AppleWebKit/536.26 (KHTML, like Gecko) Version/6.0 Mobile/10B329 Safari/8536.25"
98.88.218.51 - - [17/Aug/2013:17:08:56 -0400] "GET /images/521_Dome_-_hangers_004.jpg HTTP/1.1" 200 62573 "http://www.bogenriefstudios.com/bogenriefgallery/ceilingsdomes.html" "Mozilla/5.0 (iPhone; CPU iPhone OS 6_1_3 like Mac OS X) AppleWebKit/536.26 (KHTML, like Gecko) Version/6.0 Mobile/10B329 Safari/8536.25"
98.88.218.51 - - [17/Aug/2013:17:08:57 -0400] "GET /images/321_DSC_0238.JPG HTTP/1.1" 200 42349 "http://www.bogenriefstudios.com/bogenriefgallery/ceilingsdomes.html" "Mozilla/5.0 (iPhone; CPU iPhone OS 6_1_3 like Mac OS X) AppleWebKit/536.26 (KHTML, like Gecko) Version/6.0 Mobile/10B329 Safari/8536.25"
98.88.218.51 - - [17/Aug/2013:17:08:57 -0400] "GET /images/696_SUTH0088.jpg HTTP/1.1" 200 63149 "http://www.bogenriefstudios.com/bogenriefgallery/ceilingsdomes.html" "Mozilla/5.0 (iPhone; CPU iPhone OS 6_1_3 like Mac OS X) AppleWebKit/536.26 (KHTML, like Gecko) Version/6.0 Mobile/10B329 Safari/8536.25"
