98.88.218.51 - - [17/Aug/2013:17:08:58 -0400] "GET /images/561_Dome7.jpg HTTP/1.1" 200 72410 "http://www.bogenriefstudios.com/bogenriefgallery/ceilingsdomes.html" "Mozilla/5.0 (iPhone; CPU iPhone OS 6_1_3 like Mac OS X) AppleWebKit/536.26 (KHTML, like Gecko) Version/6.0 Mobile/10B329 Safari/8536.25"
98.88.218.51 - - [17/Aug/2013:17:08:58 -0400] "GET /images/218_SUTH0088.jpg HTTP/1.1" 200 10170 "http://www.bogenriefstudios.com/bogenriefgallery/ceilingsdomes.html" "Mozilla/5.0 (iPhone; CPU iPhone OS 6_1_3 like Mac OS X) AppleWebKit/536.26 (KHTML, like Gecko) Version/6.0 Mobile/10B329 Safari/8536.25"
98.88.218.51 - - [17/Aug/2013:17:08:58 -0400] "GET /images/480_SUTH0088.jpg HTTP/1.1" 200 36642 "http://www.bogenriefstudios.com/bogenriefgallery/ceilingsdomes.html" "Mozilla/5.0 (iPhone; CPU iPhone OS 6_1_3 like Mac OS X) AppleWebKit/536.26 (KHTML, like Gecko) Version/6.0 Mobile/10B329 Safari/8536.25"
98.88.218.51 - - [17/Aug/2013:17:08:58 -0400] "GET /images/696_atlanta_dome_3.JPG HTTP/1.1" 200 88199 "http://www.bogenriefstudios.com/bogenriefgallery/ceilingsdomes.html" "Mozilla/5.0 (iPhone; CPU iPhone OS 6_1_3 like Mac OS X) AppleWebKit/536.26 (KHTML, like Gecko) Version/6.0 Mobile/10B329 Safari/8536.25"
98.88.218.51 - - [17/Aug/2013:17:08:59 -0400] "GET /images/176_Dome7.jpg HTTP/1.1" 200 10712 "http://www.bogenriefstudios.com/bogenriefgallery/ceilingsdomes.html" "Mozilla/5.0 (iPhone; CPU iPhone OS 6_1_3 like Mac OS X) AppleWebKit/536.26 (KHTML, like Gecko) Version/6.0 Mobile/10B329 Safari/8536.25"
98.88.218.51 - - [17/Aug/2013:17:08:59 -0400] "GET /images/218_SUTH0079.jpg HTTP/1.1" 200 14693 "http://www.bogenriefstudios.com/bogenriefgallery/ceilingsdomes.html" "Mozilla/5.0 (iPhone; CPU iPhone OS 6_1_3 like Mac OS X) AppleWebKit/536.26 (KHTML, like Gecko) Version/6.0 Mobile/10B329 Safari/8536.25"
98.88.218.51 - - [17/Aug/2013:17:08:59 -0400] "GET /images/218_atlanta_dome_3.JPG HTTP/1.1" 200 13654 "http://www.bogenriefstudios.com/bogenriefgallery/ceilingsdomes.html" "Mozilla/5.0 (iPhone; CPU iPhone OS 6_1_3 like Mac OS X) AppleWebKit/536.26 (KHTML, like Gecko) Version/6.0 Mobile/10B329 Safari/8536.25"
98.88.218.51 - - [17/Aug/2013:17:08:59 -0400] "GET /images/480_Dome9.jpg HTTP/1.1" 200 43905 "http://www.bogenriefstudios.com/bogenriefgallery/ceilingsdomes.html" "Mozilla/5.0 (iPhone; CPU iPhone OS 6_1_3 like Mac OS X) AppleWebKit/536.26 (KHTML, like Gecko) Version/6.0 Mobile/10B329 Safari/8536.25"
98.88.218.51 - - [17/Aug/2013:17:09:00 -0400] "GET /images/480_ceilings_4_.jpg HTTP/1.1" 200 46528 "http://www.bogenriefstudios.com/bogenriefgallery/ceilingsdomes.html" "Mozilla/5.0 (iPhone; CPU iPhone OS 6_1_3 like Mac OS X) AppleWebKit/536.26 (KHTML, like Gecko) Version/6.0 Mobile/10B329 Safari/8536.25"
98.88.218.51 - - [17/Aug/2013:17:11:48 -0400] "GET /images/518_LADY_daydreamer_lady_2.JPG HTTP/1.1" 200 129507 "http://www.bogenriefstudios.com/bogenriefgallery/ladiesofbogenrief.html" "Mozilla/5.0 (iPhone; CPU iPhone OS 6_1_3 like Mac OS X) AppleWebKit/536.26 (KHTML, like Gecko) Version/6.0 Mobile/10B329 Safari/8536.25"
98.88.218.51 - - [17/Aug/2013:17:11:49 -0400] "GET /images/480_LADY_Daydreamer_Lady_closeup.jpg HTTP/1.1" 200 68115 "http://www.bogenriefstudios.com/bogenriefgallery/ladiesofbogenrief.html" "Mozilla/5.0 (iPhone; CPU iPhone OS 6_1_3 like Mac OS X) AppleWebKit/536.26 (KHTML, like Gecko) Version/6.0 Mobile/10B329 Safari/8536.25"
98.88.218.51 - - [17/Aug/2013:17:11:50 -0400] "GET /images/218_LADY_Flower_Ladies.jpg HTTP/1.1" 200 12244 "http://www.bogenriefstudios.com/bogenriefgallery/ladiesofbogenrief.html" "Mozilla/5.0 (iPhone; CPU iPhone OS 6_1_3 like Mac OS X) AppleWebKit/536.26 (KHTML, like Gecko) Version/6.0 Mobile/10B329 Safari/8536.25"
98.88.218.51 - - [17/Aug/2013:17:11:51 -0400] "GET /images/269_LADY_Yellow_Lady.jpg HTTP/1.1" 200 82578 "http://www.bogenriefstudios.com/bogenriefgallery/ladiesofbogenrief.html" "Mozilla/5.0 (iPhone; CPU iPhone OS 6_1_3 like Mac OS X) AppleWebKit/536.26 (KHTML, like Gecko) Version/6.0 Mobile/10B329 Safari/8536.25"
144.76.42.76 - - [17/Aug/2013:00:14:42 -0400] "GET / HTTP/1.1" 200 13883 "-" "Mozilla/5.0 (Macintosh; Intel Mac OS X 10_8_2) AppleWebKit/537.17 (KHTML, like Gecko) Chrome/24.0.1312.52 Safari/537.17"
144.76.42.76 - - [17/Aug/2013:00:14:43 -0400] "GET / HTTP/1.1" 200 13883 "-" "Mozilla/5.0 (Macintosh; Intel Mac OS X 10_8_2) AppleWebKit/537.17 (KHTML, like Gecko) Chrome/24.0.1312.52 Safari/537.17"
199.21.99.79 - - [17/Aug/2013:02:53:36 -0400] "GET /images/682_DSC_0038.JPG HTTP/1.1" 304 - "-" "Mozilla/5.0 (compatible; YandexImages/3.0; +http://yandex.com/bots)"
32.166.12.215 - - [17/Aug/2013:21:57:37 -0400] "GET / HTTP/1.1" 200 13883 "-" "Mozilla/5.0 (compatible; MSIE 9.0; Windows Phone OS 7.5; Trident/5.0; IEMobile/9.0; HTC; PI39100)"
32.166.12.215 - - [17/Aug/2013:21:57:37 -0400] "GET /scripts/ic_globals_published.js HTTP/1.1" 200 566 "http://www.bogenriefstudios.com/" "Mozilla/5.0 (compatible; MSIE 9.0; Windows Phone OS 7.5; Trident/5.0; IEMobile/9.0; HTC; PI39100)"
32.166.12.215 - - [17/Aug/2013:21:57:37 -0400] "GET /scripts/website.css HTTP/1.1" 200 1646 "http://www.bogenriefstudios.com/" "Mozilla/5.0 (compatible; MSIE 9.0; Windows Phone OS 7.5; Trident/5.0; IEMobile/9.0; HTC; PI39100)"
32.166.12.215 - - [17/Aug/2013:21:57:37 -0400] "GET /scripts/13custom.css HTTP/1.1" 200 2827 "http://www.bogenriefstudios.com/" "Mozilla/5.0 (compatible; MSIE 9.0; Windows Phone OS 7.5; Trident/5.0; IEMobile/9.0; HTC; PI39100)"
32.166.12.215 - - [17/Aug/2013:21:57:38 -0400] "GET /images/682_post_card.JPG HTTP/1.1" 200 133316 "http://www.bogenriefstudios.com/" "Mozilla/5.0 (compatible; MSIE 9.0; Windows Phone OS 7.5; Trident/5.0; IEMobile/9.0; HTC; PI39100)"
32.166.12.215 - - [17/Aug/2013:21:57:38 -0400] "GET /images/198_052_2_.JPG HTTP/1.1" 200 7649 "http://www.bogenriefstudios.com/" "Mozilla/5.0 (compatible; MSIE 9.0; Windows Phone OS 7.5; Trident/5.0; IEMobile/9.0; HTC; PI39100)"
32.166.12.215 - - [17/Aug/2013:21:57:38 -0400] "GET /images/205_025.JPG HTTP/1.1" 200 16394 "http://www.bogenriefstudios.com/" "Mozilla/5.0 (compatible; MSIE 9.0; Windows Phone OS 7.5; Trident/5.0; IEMobile/9.0; HTC; PI39100)"
32.166.12.215 - - [17/Aug/2013:21:57:39 -0400] "GET /images/ic_034_body_bg_wide.jpg HTTP/1.1" 200 90532 "http://www.bogenriefstudios.com/" "Mozilla/5.0 (compatible; MSIE 9.0; Windows Phone OS 7.5; Trident/5.0; IEMobile/9.0; HTC; PI39100)"
66.249.85.227 - - [17/Aug/2013:23:39:59 -0400] "GET /images/photoalbum/button_photoSpeed1_ON.jpg HTTP/1.1" 200 476 "http://www.bogenriefstudios.com/bogenriefgallery/ceilingsdomes.html" "Mozilla/5.0 (X11; Linux x86_64) AppleWebKit/537.4 (KHTML, like Gecko; Google Web Preview) Chrome/22.0.1229 Safari/537.4"
66.249.85.227 - - [17/Aug/2013:23:39:59 -0400] "GET /images/682_David_Siegel_s_Dome.jpg HTTP/1.1" 200 130582 "http://www.bogenriefstudios.com/bogenriefgallery/ceilingsdomes.html" "Mozilla/5.0 (X11; Linux x86_64) AppleWebKit/537.4 (KHTML, like Gecko; Google Web Preview) Chrome/22.0.1229 Safari/537.4"
46.118.126.194 - - [17/Aug/2013:13:43:25 -0400] "GET /home.html HTTP/1.1" 200 27081 "http://gidserials.ru/" "Mozilla/4.0 (compatible; MSIE 6.0; Windows NT 5.1; ru) Opera 8.01"
70.211.14.194 - - [17/Aug/2013:13:52:15 -0400] "GET /images/321_AzizaJungleMaiden.jpg HTTP/1.1" 200 57667 "-" "Mozilla/5.0 (Macintosh; Intel Mac OS X 10_8_4) AppleWebKit/536.30.1 (KHTML, like Gecko) Version/6.0.5 Safari/536.30.1"
50.17.174.238 - - [17/Aug/2013:14:07:40 -0400] "HEAD /availableforpurchase.html HTTP/1.1" 200 - "-" "Mozilla/4.0 (compatible; MSIE 8.0; Windows NT 5.1; Trident/4.0; .NET CLR 2.0.50727; .NET CLR 1.1.4322; .NET CLR 3.0.04506.30; .NET CLR 3.0.04506.648)"
72.24.225.120 - - [17/Aug/2013:14:15:05 -0400] "GET /scripts/ic_globals_published.js HTTP/1.1" 200 566 "http://www.bogenriefstudios.com/availableforpurchase.html" "Mozilla/5.0 (compatible; MSIE 10.0; Windows NT 6.2; Win64; x64; Trident/6.0)"
72.24.225.120 - - [17/Aug/2013:14:15:05 -0400] "GET /scripts/template.css HTTP/1.1" 200 9956 "http://www.bogenriefstudios.com/availableforpurchase.html" "Mozilla/5.0 (compatible; MSIE 10.0; Windows NT 6.2; Win64; x64; Trident/6.0)"
72.24.225.120 - - [17/Aug/2013:14:15:05 -0400] "GET /images/682_Fall_017.JPG HTTP/1.1" 200 261518 "http://www.bogenriefstudios.com/availableforpurchase.html" "Mozilla/5.0 (compatible; MSIE 10.0; Windows NT 6.2; Win64; x64; Trident/6.0)"
72.24.225.120 - - [17/Aug/2013:14:15:05 -0400] "GET /images/682_door_numbers_014.JPG HTTP/1.1" 200 100151 "http://www.bogenriefstudios.com/availableforpurchase.html" "Mozilla/5.0 (compatible; MSIE 10.0; Windows NT 6.2; Win64; x64; Trident/6.0)"
72.24.225.120 - - [17/Aug/2013:14:15:05 -0400] "GET /images/682_spider_mum_009.JPG HTTP/1.1" 200 68685 "http://www.bogenriefstudios.com/availableforpurchase.html" "Mozilla/5.0 (compatible; MSIE 10.0; Windows NT 6.2; Win64; x64; Trident/6.0)"
72.24.225.120 - - [17/Aug/2013:14:15:06 -0400] "GET /images/ic_034_body_bg_wide.jpg HTTP/1.1" 200 90532 "http://www.bogenriefstudios.com/availableforpurchase.html" "Mozilla/5.0 (compatible; MSIE 10.0; Windows NT 6.2; Win64; x64; Trident/6.0)"
96.42.84.207 - - [17/Aug/2013:14:19:37 -0400] "GET /images/314_Lauritzen_Gardens_42_.jpg HTTP/1.1" 200 31524 "http://www.bogenriefstudios.com/home.html" "Mozilla/5.0 (Windows NT 6.2; WOW64; rv:22.0) Gecko/20100101 Firefox/22.0"
96.42.84.207 - - [17/Aug/2013:14:19:37 -0400] "GET /images/321_rocklin_-_green_circle.jpg HTTP/1.1" 200 71393 "http://www.bogenriefstudios.com/home.html" "Mozilla/5.0 (Windows NT 6.2; WOW64; rv:22.0) Gecko/20100101 Firefox/22.0"
96.42.84.207 - - [17/Aug/2013:14:19:37 -0400] "GET /images/682_rocklin_-_sun_moon.jpg HTTP/1.1" 200 29490 "http://www.bogenriefstudios.com/home.html" "Mozilla/5.0 (Windows NT 6.2; WOW64; rv:22.0) Gecko/20100101 Firefox/22.0"
96.42.84.207 - - [17/Aug/2013:14:19:37 -0400] "GET /images/392_P1010004-edited.jpg HTTP/1.1" 200 71852 "http://www.bogenriefstudios.com/home.html" "Mozilla/5.0 (Windows NT 6.2; WOW64; rv:22.0) Gecko/20100101 Firefox/22.0"
71.237.40.63 - - [17/Aug/2013:14:54:53 -0400] "GET /scripts/5custom.css HTTP/1.1" 200 1820 "http://www.bogenriefstudios.com/studiolocations.html" "Mozilla/5.0 (compatible; MSIE 10.0; Windows NT 6.1; Trident/6.0; EIE10;ENUSMCM)"
157.55.32.39 - - [17/Aug/2013:05:54:42 -0400] "GET /scripts/icwebsiteelement.css HTTP/1.1" 200 8132 "-" "Mozilla/5.0 (compatible; bingbot/2.0; +http://www.bing.com/bingbot.htm)"
157.55.32.186 - - [17/Aug/2013:07:23:27 -0400] "GET /home.html HTTP/1.1" 200 27081 "-" "Mozilla/5.0 (compatible; bingbot/2.0; +http://www.bing.com/bingbot.htm)"
65.68.100.183 - - [17/Aug/2013:18:06:23 -0400] "GET /scripts/print.css HTTP/1.1" 200 - "http://www.bogenriefstudios.com/" "Mozilla/5.0 (Linux; U; Android 4.1.2; en-us; SPH-L710 Build/JZO54K) AppleWebKit/534.30 (KHTML, like Gecko) Version/4.0 Mobile Safari/534.30"
65.68.100.183 - - [17/Aug/2013:18:06:23 -0400] "GET /favicon.ico HTTP/1.1" 404 575 "http://www.bogenriefstudios.com/" "Mozilla/5.0 (Linux; U; Android 4.1.2; en-us; SPH-L710 Build/JZO54K) AppleWebKit/534.30 (KHTML, like Gecko) Version/4.0 Mobile Safari/534.30"
98.88.218.51 - - [17/Aug/2013:18:28:09 -0400] "GET /images/359_butterfly_window_-_mary_kay_peck_006.jpg HTTP/1.1" 200 34364 "http://www.bogenriefstudios.com/bogenriefgallery/stainedglasswindows.html" "Mozilla/5.0 (compatible; MSIE 10.0; Windows NT 6.2; WOW64; Trident/6.0)"
98.88.218.51 - - [17/Aug/2013:18:28:09 -0400] "GET /images/265_P1010026.JPG HTTP/1.1" 200 55247 "http://www.bogenriefstudios.com/bogenriefgallery/stainedglasswindows.html" "Mozilla/5.0 (compatible; MSIE 10.0; Windows NT 6.2; WOW64; Trident/6.0)"
98.88.218.51 - - [17/Aug/2013:18:28:10 -0400] "GET /images/184_007.JPG HTTP/1.1" 200 41714 "http://www.bogenriefstudios.com/bogenriefgallery/stainedglasswindows.html" "Mozilla/5.0 (compatible; MSIE 10.0; Windows NT 6.2; WOW64; Trident/6.0)"
98.88.218.51 - - [17/Aug/2013:18:28:11 -0400] "GET /images/218_Grout_Museum_veterans_memorial_wall_edited_.jpg HTTP/1.1" 200 9365 "http://www.bogenriefstudios.com/bogenriefgallery/stainedglasswindows.html" "Mozilla/5.0 (compatible; MSIE 10.0; Windows NT 6.2; WOW64; Trident/6.0)"
98.88.218.51 - - [17/Aug/2013:18:28:12 -0400] "GET /images/145_new22.JPG HTTP/1.1" 200 14916 "http://www.bogenriefstudios.com/bogenriefgallery/stainedglasswindows.html" "Mozilla/5.0 (compatible; MSIE 10.0; Windows NT 6.2; WOW64; Trident/6.0)"
98.88.218.51 - - [17/Aug/2013:18:28:13 -0400] "GET /images/218_window_great_gatsby.jpg HTTP/1.1" 200 20905 "http://www.bogenriefstudios.com/bogenriefgallery/stainedglasswindows.html" "Mozilla/5.0 (compatible; MSIE 10.0; Windows NT 6.2; WOW64; Trident/6.0)"
98.88.218.51 - - [17/Aug/2013:18:28:13 -0400] "GET /images/217_071.JPG HTTP/1.1" 200 10211 "http://www.bogenriefstudios.com/bogenriefgallery/stainedglasswindows.html" "Mozilla/5.0 (compatible; MSIE 10.0; Windows NT 6.2; WOW64; Trident/6.0)"
98.88.218.51 - - [17/Aug/2013:18:28:14 -0400] "GET /images/153_Combo_Windows_72_.jpg HTTP/1.1" 200 13142 "http://www.bogenriefstudios.com/bogenriefgallery/stainedglasswindows.html" "Mozilla/5.0 (compatible; MSIE 10.0; Windows NT 6.2; WOW64; Trident/6.0)"
98.88.218.51 - - [17/Aug/2013:18:28:14 -0400] "GET /images/75_rocklin_-_green_circle.jpg HTTP/1.1" 200 6434 "http://www.bogenriefstudios.com/bogenriefgallery/stainedglasswindows.html" "Mozilla/5.0 (compatible; MSIE 10.0; Windows NT 6.2; WOW64; Trident/6.0)"
98.88.218.51 - - [17/Aug/2013:18:28:15 -0400] "GET /images/145_DSC_0317.JPG HTTP/1.1" 200 7737 "http://www.bogenriefstudios.com/bogenriefgallery/stainedglasswindows.html" "Mozilla/5.0 (compatible; MSIE 10.0; Windows NT 6.2; WOW64; Trident/6.0)"
184.166.230.136 - - [17/Aug/2013:18:41:59 -0400] "GET /images/321_AzizaJungleMaiden.jpg HTTP/1.1" 200 57667 "http://www.google.com/blank.html" "Mozilla/5.0 (compatible; MSIE 10.0; Windows NT 6.1; WOW64; Trident/6.0)"
199.21.99.79 - - [17/Aug/2013:20:43:10 -0400] "GET /images/682_P1010004-edited.jpg HTTP/1.1" 304 - "-" "Mozilla/5.0 (compatible; YandexImages/3.0; +http://yandex.com/bots)"
75.254.44.249 - - [17/Aug/2013:20:48:52 -0400] "GET /images/682_Cool_Blue_Chandelier.jpg HTTP/1.1" 200 79065 "-" "Mozilla/5.0 (iPad; CPU OS 6_0_1 like Mac OS X) AppleWebKit/536.26 (KHTML, like Gecko) Version/6.0 Mobile/10A523 Safari/8536.25"
69.159.133.182 - - [17/Aug/2013:08:24:36 -0400] "GET /images/682_Detail_with_greenery_red_flowers.jpg HTTP/1.1" 200 168414 "http://www.google.ca/blank.html" "Mozilla/5.0 (Windows NT 5.1; rv:22.0) Gecko/20100101 Firefox/22.0"
71.9.4.226 - - [17/Aug/2013:01:28:34 -0400] "GET /images/682_elephant-completed.jpg HTTP/1.1" 200 260073 "http://www.bing.com/images/search?q=14+x+30+stained+glass&id=305148C6EF8E8358CB4A26E484B4181D86C65DEC&FORM=IQFRBA" "Mozilla/5.0 (Macintosh; Intel Mac OS X 10_7_5) AppleWebKit/536.30.1 (KHTML, like Gecko) Version/6.0.5 Safari/536.30.1"
5.63.151.189 - - [17/Aug/2013:01:39:01 -0400] "HEAD / HTTP/1.1" 200 - "-" "checks.panopta.com"
157.55.32.39 - - [17/Aug/2013:02:09:30 -0400] "GET / HTTP/1.1" 200 13883 "-" "Mozilla/5.0 (compatible; bingbot/2.0; +http://www.bing.com/bingbot.htm)"
98.88.218.51 - - [17/Aug/2013:18:26:29 -0400] "GET /images/480_blue_white_chandelier_-_installed-edited.jpg HTTP/1.1" 200 45666 "http://www.bogenriefstudios.com/bogenriefgallery/chandeliers.html" "Mozilla/5.0 (compatible; MSIE 10.0; Windows NT 6.2; WOW64; Trident/6.0)"
98.88.218.51 - - [17/Aug/2013:18:26:30 -0400] "GET /images/322_194.JPG HTTP/1.1" 200 45228 "http://www.bogenriefstudios.com/bogenriefgallery/chandeliers.html" "Mozilla/5.0 (compatible; MSIE 10.0; Windows NT 6.2; WOW64; Trident/6.0)"
98.88.218.51 - - [17/Aug/2013:18:26:31 -0400] "GET /images/156_chandelier_crop.jpg HTTP/1.1" 200 11722 "http://www.bogenriefstudios.com/bogenriefgallery/chandeliers.html" "Mozilla/5.0 (compatible; MSIE 10.0; Windows NT 6.2; WOW64; Trident/6.0)"
98.88.218.51 - - [17/Aug/2013:18:26:31 -0400] "GET /images/696_blue_white_chandelier_-_installed-edited.jpg HTTP/1.1" 200 80559 "http://www.bogenriefstudios.com/bogenriefgallery/chandeliers.html" "Mozilla/5.0 (compatible; MSIE 10.0; Windows NT 6.2; WOW64; Trident/6.0)"
98.88.218.51 - - [17/Aug/2013:18:29:39 -0400] "GET /images/480_Water_Lily_Dome.JPG HTTP/1.1" 200 69536 "http://www.bogenriefstudios.com/bogenriefgallery/ceilingsdomes.html" "Mozilla/5.0 (compatible; MSIE 10.0; Windows NT 6.2; WOW64; Trident/6.0)"
98.88.218.51 - - [17/Aug/2013:18:29:40 -0400] "GET /images/479_atlanta_dome_2.JPG HTTP/1.1" 200 31635 "http://www.bogenriefstudios.com/bogenriefgallery/ceilingsdomes.html" "Mozilla/5.0 (compatible; MSIE 10.0; Windows NT 6.2; WOW64; Trident/6.0)"
98.88.218.51 - - [17/Aug/2013:18:29:41 -0400] "GET /images/480_Ceiling_-_Lauritzen_Gardens_030_-_cropped.jpg HTTP/1.1" 200 59326 "http://www.bogenriefstudios.com/bogenriefgallery/ceilingsdomes.html" "Mozilla/5.0 (compatible; MSIE 10.0; Windows NT 6.2; WOW64; Trident/6.0)"
98.88.218.51 - - [17/Aug/2013:18:29:43 -0400] "GET /images/218_Lattice_Clematis_Flower_Dome.JPG HTTP/1.1" 200 8191 "http://www.bogenriefstudios.com/bogenriefgallery/ceilingsdomes.html" "Mozilla/5.0 (compatible; MSIE 10.0; Windows NT 6.2; WOW64; Trident/6.0)"
98.88.218.51 - - [17/Aug/2013:18:29:43 -0400] "GET /images/145_DSC_0238.JPG HTTP/1.1" 200 9335 "http://www.bogenriefstudios.com/bogenriefgallery/ceilingsdomes.html" "Mozilla/5.0 (compatible; MSIE 10.0; Windows NT 6.2; WOW64; Trident/6.0)"
98.88.218.51 - - [17/Aug/2013:18:29:43 -0400] "GET /images/216_atlanta_dome_1.JPG HTTP/1.1" 200 22209 "http://www.bogenriefstudios.com/bogenriefgallery/ceilingsdomes.html" "Mozilla/5.0 (compatible; MSIE 10.0; Windows NT 6.2; WOW64; Trident/6.0)"
98.88.218.51 - - [17/Aug/2013:18:29:43 -0400] "GET /images/176_Dome7.jpg HTTP/1.1" 200 10712 "http://www.bogenriefstudios.com/bogenriefgallery/ceilingsdomes.html" "Mozilla/5.0 (compatible; MSIE 10.0; Windows NT 6.2; WOW64; Trident/6.0)"
198.199.66.41 - - [17/Aug/2013:19:52:53 -0400] "GET /bogenriefgallery.html HTTP/1.1" 200 13883 "-" "Mozilla/5.0 (Windows NT 6.1; WOW64; rv:21.0) Gecko/20100101 Firefox/21.0"
70.192.72.98 - - [17/Aug/2013:20:56:38 -0400] "GET /images/682_blue_white_chandelier_-_installed-edited.jpg HTTP/1.1" 200 79065 "https://www.google.com/" "Mozilla/5.0 (iPhone; CPU iPhone OS 6_1_4 like Mac OS X) AppleWebKit/536.26 (KHTML, like Gecko) Version/6.0 Mobile/10B350 Safari/8536.25"
199.21.99.79 - - [17/Aug/2013:21:29:09 -0400] "GET /images/150_Summer.JPG HTTP/1.1" 304 - "-" "Mozilla/5.0 (compatible; YandexImages/3.0; +http://yandex.com/bots)"
192.119.211.243 - - [17/Aug/2013:21:38:00 -0400] "GET /scripts/ic_globals_published.js HTTP/1.0" 200 566 "http://bogenriefstudios.com/" "Mozilla/5.0 (iPad; CPU OS 6_1_3 like Mac OS X) AppleWebKit/536.26 (KHTML, like Gecko) Version/6.0 Mobile/10B329 Safari/8536.25"
192.119.211.243 - - [17/Aug/2013:21:38:01 -0400] "GET /scripts/13custom.css HTTP/1.0" 200 2827 "http://bogenriefstudios.com/" "Mozilla/5.0 (iPad; CPU OS 6_1_3 like Mac OS X) AppleWebKit/536.26 (KHTML, like Gecko) Version/6.0 Mobile/10B329 Safari/8536.25"
192.119.211.243 - - [17/Aug/2013:21:38:01 -0400] "GET /scripts/icwebsiteelement.css HTTP/1.0" 200 8132 "http://bogenriefstudios.com/" "Mozilla/5.0 (iPad; CPU OS 6_1_3 like Mac OS X) AppleWebKit/536.26 (KHTML, like Gecko) Version/6.0 Mobile/10B329 Safari/8536.25"
192.119.211.243 - - [17/Aug/2013:21:38:01 -0400] "GET /images/198_052_2_.JPG HTTP/1.0" 200 7649 "http://bogenriefstudios.com/" "Mozilla/5.0 (iPad; CPU OS 6_1_3 like Mac OS X) AppleWebKit/536.26 (KHTML, like Gecko) Version/6.0 Mobile/10B329 Safari/8536.25"
192.119.211.243 - - [17/Aug/2013:21:38:01 -0400] "GET /images/205_025.JPG HTTP/1.0" 200 16394 "http://bogenriefstudios.com/" "Mozilla/5.0 (iPad; CPU OS 6_1_3 like Mac OS X) AppleWebKit/536.26 (KHTML, like Gecko) Version/6.0 Mobile/10B329 Safari/8536.25"
32.166.12.215 - - [17/Aug/2013:21:57:37 -0400] "GET /scripts/template.css HTTP/1.1" 200 9956 "http://www.bogenriefstudios.com/" "Mozilla/5.0 (compatible; MSIE 9.0; Windows Phone OS 7.5; Trident/5.0; IEMobile/9.0; HTC; PI39100)"
32.166.12.215 - - [17/Aug/2013:21:57:38 -0400] "GET /images/205_David_s_dome_006.JPG HTTP/1.1" 200 9145 "http://www.bogenriefstudios.com/" "Mozilla/5.0 (compatible; MSIE 9.0; Windows Phone OS 7.5; Trident/5.0; IEMobile/9.0; HTC; PI39100)"
32.166.12.215 - - [17/Aug/2013:21:57:38 -0400] "GET /images/321_David_s_dome_002.JPG HTTP/1.1" 200 23041 "http://www.bogenriefstudios.com/" "Mozilla/5.0 (compatible; MSIE 9.0; Windows Phone OS 7.5; Trident/5.0; IEMobile/9.0; HTC; PI39100)"
66.249.85.227 - - [17/Aug/2013:23:39:59 -0400] "GET /images/photoalbum/button_photoPause.jpg HTTP/1.1" 200 605 "http://www.bogenriefstudios.com/bogenriefgallery/ceilingsdomes.html" "Mozilla/5.0 (X11; Linux x86_64) AppleWebKit/537.4 (KHTML, like Gecko; Google Web Preview) Chrome/22.0.1229 Safari/537.4"
66.249.85.227 - - [17/Aug/2013:23:39:59 -0400] "GET /images/696_for_sale_5_008.JPG HTTP/1.1" 200 53373 "http://www.bogenriefstudios.com/bogenriefgallery/ceilingsdomes.html" "Mozilla/5.0 (X11; Linux x86_64) AppleWebKit/537.4 (KHTML, like Gecko; Google Web Preview) Chrome/22.0.1229 Safari/537.4"
66.249.85.227 - - [17/Aug/2013:23:39:59 -0400] "GET /images/150_126.jpg HTTP/1.1" 200 8267 "http://www.bogenriefstudios.com/bogenriefgallery/ceilingsdomes.html" "Mozilla/5.0 (X11; Linux x86_64) AppleWebKit/537.4 (KHTML, like Gecko; Google Web Preview) Chrome/22.0.1229 Safari/537.4"
66.249.85.227 - - [17/Aug/2013:23:39:59 -0400] "GET /images/480_Dome10.jpg HTTP/1.1" 200 41460 "http://www.bogenriefstudios.com/bogenriefgallery/ceilingsdomes.html" "Mozilla/5.0 (X11; Linux x86_64) AppleWebKit/537.4 (KHTML, like Gecko; Google Web Preview) Chrome/22.0.1229 Safari/537.4"
66.249.85.227 - - [17/Aug/2013:23:39:59 -0400] "GET /images/359_Dome_-_hangers_004.jpg HTTP/1.1" 200 34412 "http://www.bogenriefstudios.com/bogenriefgallery/ceilingsdomes.html" "Mozilla/5.0 (X11; Linux x86_64) AppleWebKit/537.4 (KHTML, like Gecko; Google Web Preview) Chrome/22.0.1229 Safari/537.4"
174.238.97.73 - - [17/Aug/2013:09:16:12 -0400] "GET / HTTP/1.1" 200 13883 "http://www.google.com/search?safe=off&hl=en&biw=320&bih=416&site=webhp&ei=Y3cPUq-MFKeo2gXT84HIBw&q=spencer+iowa+bougenreef&oq=spencer+iowa+bougenreef&gs_l=mobile-gws-serp.3..0i8i13i30.3744.39133.0.40412.28.21.4.3.3.0.703.7339.1j2j0j12j4j1j1.21.0....0...1c.1.25.mobile-gws-serp..10.18.4919.uvHjiYzg3mY" "Mozilla/5.0 (iPhone; CPU iPhone OS 6_1_3 like Mac OS X) AppleWebKit/536.26 (KHTML, like Gecko) Version/6.0 Mobile/10B329 Safari/8536.25"
174.238.97.73 - - [17/Aug/2013:09:16:12 -0400] "GET /scripts/website.css HTTP/1.1" 200 1646 "http://www.bogenriefstudios.com/" "Mozilla/5.0 (iPhone; CPU iPhone OS 6_1_3 like Mac OS X) AppleWebKit/536.26 (KHTML, like Gecko) Version/6.0 Mobile/10B329 Safari/8536.25"
174.238.97.73 - - [17/Aug/2013:09:16:12 -0400] "GET /scripts/icwebsiteelement.css HTTP/1.1" 200 8132 "http://www.bogenriefstudios.com/" "Mozilla/5.0 (iPhone; CPU iPhone OS 6_1_3 like Mac OS X) AppleWebKit/536.26 (KHTML, like Gecko) Version/6.0 Mobile/10B329 Safari/8536.25"
174.238.97.73 - - [17/Aug/2013:09:16:14 -0400] "GET /images/198_052_2_.JPG HTTP/1.1" 200 7649 "http://www.bogenriefstudios.com/" "Mozilla/5.0 (iPhone; CPU iPhone OS 6_1_3 like Mac OS X) AppleWebKit/536.26 (KHTML, like Gecko) Version/6.0 Mobile/10B329 Safari/8536.25"
174.238.97.73 - - [17/Aug/2013:09:16:14 -0400] "GET /images/205_025.JPG HTTP/1.1" 200 16394 "http://www.bogenriefstudios.com/" "Mozilla/5.0 (iPhone; CPU iPhone OS 6_1_3 like Mac OS X) AppleWebKit/536.26 (KHTML, like Gecko) Version/6.0 Mobile/10B329 Safari/8536.25"
174.238.97.73 - - [17/Aug/2013:09:16:14 -0400] "GET /images/198_dome_008.JPG HTTP/1.1" 200 8321 "http://www.bogenriefstudios.com/" "Mozilla/5.0 (iPhone; CPU iPhone OS 6_1_3 like Mac OS X) AppleWebKit/536.26 (KHTML, like Gecko) Version/6.0 Mobile/10B329 Safari/8536.25"
174.238.97.73 - - [17/Aug/2013:09:16:14 -0400] "GET /images/321_David_s_dome_002.JPG HTTP/1.1" 200 23041 "http://www.bogenriefstudios.com/" "Mozilla/5.0 (iPhone; CPU iPhone OS 6_1_3 like Mac OS X) AppleWebKit/536.26 (KHTML, like Gecko) Version/6.0 Mobile/10B329 Safari/8536.25"
66.249.81.161 - - [17/Aug/2013:09:44:55 -0400] "GET /images/682_Detail_with_monkey.jpg HTTP/1.1" 200 152093 "http://www.liveinternet.ru/users/4454757/post196408825/" "Mozilla/5.0 (X11; Linux x86_64) AppleWebKit/537.4 (KHTML, like Gecko; Google Web Preview) Chrome/22.0.1229 Safari/537.4"
5.63.151.189 - - [17/Aug/2013:11:58:38 -0400] "HEAD / HTTP/1.1" 200 - "-" "checks.panopta.com"
78.128.48.170 - - [17/Aug/2013:14:09:21 -0400] "GET /favicon.ico HTTP/1.1" 404 575 "-" "Mozilla/5.0 (Windows NT 6.1) AppleWebKit/537.36 (KHTML, like Gecko) Chrome/28.0.1500.95 Safari/537.36"
72.24.225.120 - - [17/Aug/2013:14:15:06 -0400] "GET /favicon.ico HTTP/1.1" 404 575 "-" "Mozilla/5.0 (compatible; MSIE 10.0; Windows NT 6.2; Win64; x64; Trident/6.0)"
72.24.225.120 - - [17/Aug/2013:14:15:22 -0400] "GET /images/273_Blown_Glass_052_-_modified.jpg HTTP/1.1" 200 21982 "http://www.bogenriefstudios.com/studios.html" "Mozilla/5.0 (compatible; MSIE 10.0; Windows NT 6.2; Win64; x64; Trident/6.0)"
72.24.225.120 - - [17/Aug/2013:14:15:22 -0400] "GET /images/188_Blown_Glass_129_-_modified.jpg HTTP/1.1" 200 5498 "http://www.bogenriefstudios.com/studios.html" "Mozilla/5.0 (compatible; MSIE 10.0; Windows NT 6.2; Win64; x64; Trident/6.0)"
72.24.225.120 - - [17/Aug/2013:14:15:22 -0400] "GET /images/196_Blown_Glass_121_-_cropped.jpg HTTP/1.1" 200 6268 "http://www.bogenriefstudios.com/studios.html" "Mozilla/5.0 (compatible; MSIE 10.0; Windows NT 6.2; Win64; x64; Trident/6.0)"
96.42.84.207 - - [17/Aug/2013:14:19:26 -0400] "GET /scripts/website.css HTTP/1.1" 200 1646 "http://www.bogenriefstudios.com/studios.html" "Mozilla/5.0 (Windows NT 6.2; WOW64; rv:22.0) Gecko/20100101 Firefox/22.0"
174.225.128.154 - - [17/Aug/2013:16:05:30 -0400] "GET /images/682_Daydream_001.jpg HTTP/1.1" 200 215855 "https://www.google.com/" "Mozilla/5.0 (iPhone; CPU iPhone OS 6_1_3 like Mac OS X) AppleWebKit/536.26 (KHTML, like Gecko) CriOS/28.0.1500.16 Mobile/10B329 Safari/8536.25"
199.21.99.79 - - [17/Aug/2013:23:15:16 -0400] "GET /images/640_DSC00677.JPG HTTP/1.1" 200 34670 "-" "Mozilla/5.0 (compatible; YandexImages/3.0; +http://yandex.com/bots)"
5.63.151.189 - - [17/Aug/2013:02:39:09 -0400] "HEAD / HTTP/1.1" 200 - "-" "checks.panopta.com"
97.118.141.138 - - [17/Aug/2013:14:35:32 -0400] "GET / HTTP/1.1" 200 13883 "-" "Mozilla/5.0 (Macintosh; Intel Mac OS X 10_7_5) AppleWebKit/536.30.1 (KHTML, like Gecko) Version/6.0.5 Safari/536.30.1"
97.118.141.138 - - [17/Aug/2013:14:35:32 -0400] "GET /scripts/template.css HTTP/1.1" 200 9956 "http://www.bogenriefstudios.com/" "Mozilla/5.0 (Macintosh; Intel Mac OS X 10_7_5) AppleWebKit/536.30.1 (KHTML, like Gecko) Version/6.0.5 Safari/536.30.1"
97.118.141.138 - - [17/Aug/2013:14:35:33 -0400] "GET /scripts/photoalbum.js HTTP/1.1" 200 62481 "http://www.bogenriefstudios.com/" "Mozilla/5.0 (Macintosh; Intel Mac OS X 10_7_5) AppleWebKit/536.30.1 (KHTML, like Gecko) Version/6.0.5 Safari/536.30.1"
97.118.141.138 - - [17/Aug/2013:14:35:35 -0400] "GET /images/ic_034_body_bg_wide.jpg HTTP/1.1" 200 90532 "http://www.bogenriefstudios.com/" "Mozilla/5.0 (Macintosh; Intel Mac OS X 10_7_5) AppleWebKit/536.30.1 (KHTML, like Gecko) Version/6.0.5 Safari/536.30.1"
97.118.141.138 - - [17/Aug/2013:14:35:37 -0400] "GET /images/321_Richards_install_004.JPG HTTP/1.1" 200 21479 "http://www.bogenriefstudios.com/" "Mozilla/5.0 (Macintosh; Intel Mac OS X 10_7_5) AppleWebKit/536.30.1 (KHTML, like Gecko) Version/6.0.5 Safari/536.30.1"
97.118.141.138 - - [17/Aug/2013:14:35:39 -0400] "GET /scripts/print.css HTTP/1.1" 200 - "http://www.bogenriefstudios.com/" "Mozilla/5.0 (Macintosh; Intel Mac OS X 10_7_5) AppleWebKit/536.30.1 (KHTML, like Gecko) Version/6.0.5 Safari/536.30.1"
98.88.218.51 - - [17/Aug/2013:17:12:08 -0400] "GET /images/528_LADY_Sarah_3.JPG HTTP/1.1" 200 109858 "http://www.bogenriefstudios.com/bogenriefgallery/ladiesofbogenrief.html" "Mozilla/5.0 (iPhone; CPU iPhone OS 6_1_3 like Mac OS X) AppleWebKit/536.26 (KHTML, like Gecko) Version/6.0 Mobile/10B329 Safari/8536.25"
46.119.118.152 - - [17/Aug/2013:17:17:33 -0400] "GET /home.html HTTP/1.1" 200 27081 "http://dollyeye.ru/" "Mozilla/4.0 (compatible; MSIE 6.0; Windows NT 5.0; APC; .NET CLR 1.0.3705; .NET CLR 1.1.4322; .NET CLR 2.0.50215; InfoPath.1)"
5.63.151.189 - - [17/Aug/2013:03:24:22 -0400] "HEAD / HTTP/1.1" 200 - "-" "checks.panopta.com"
199.30.20.44 - - [17/Aug/2013:03:33:50 -0400] "GET /images/314_web_site_7.JPG HTTP/1.1" 200 75960 "-" "msnbot-media/1.1 (+http://search.msn.com/msnbot.htm)"
205.178.190.76 - - [17/Aug/2013:05:13:29 -0400] "GET / HTTP/1.0" 200 13883 "-" "Mozilla/4.0 (compatible; MSIE 6.0; Windows NT 5.1; SV1; .NET CLR 1.1.4322; .NET CLR 2.0.50727; InfoPath.1)"
66.249.81.161 - - [17/Aug/2013:09:44:54 -0400] "GET /images/314_Lauritzen_Gardens_33_-_modified.jpg HTTP/1.1" 200 44364 "http://www.liveinternet.ru/users/4454757/post196408825/" "Mozilla/5.0 (X11; Linux x86_64) AppleWebKit/537.4 (KHTML, like Gecko; Google Web Preview) Chrome/22.0.1229 Safari/537.4"
186.39.173.11 - - [17/Aug/2013:11:09:29 -0400] "GET /images/512_mjbhome%20int%20sm%20scale.jpg HTTP/1.1" 200 49869 "http://www.google.com.ar/blank.html" "Mozilla/5.0 (Windows NT 5.1) AppleWebKit/537.36 (KHTML, like Gecko) Chrome/28.0.1500.95 Safari/537.36"
208.70.101.144 - - [17/Aug/2013:11:28:35 -0400] "GET /images/273_Blown_Glass_052_-_modified.jpg HTTP/1.1" 200 21982 "http://search.yahoo.com/search;_ylt=AucSjmDHLfq.fl7exZLRI2WbvZx4?p=blown+glass&toggle=1&cop=mss&ei=UTF-8&fr=yfp-t-133-1" "Mozilla/5.0 (compatible; MSIE 10.0; Windows NT 6.2; WOW64; Trident/6.0; ASU2JS)"
66.43.254.135 - - [17/Aug/2013:11:44:12 -0400] "GET /scripts/ic_globals_published.js HTTP/1.1" 200 566 "http://www.bogenriefstudios.com/" "Mozilla/5.0 (Windows NT 6.1; rv:22.0) Gecko/20100101 Firefox/22.0"
66.43.254.135 - - [17/Aug/2013:11:44:12 -0400] "GET /scripts/user.js HTTP/1.1" 200 23762 "http://www.bogenriefstudios.com/" "Mozilla/5.0 (Windows NT 6.1; rv:22.0) Gecko/20100101 Firefox/22.0"
66.43.254.135 - - [17/Aug/2013:11:44:12 -0400] "GET /images/682_post_card.JPG HTTP/1.1" 200 133316 "http://www.bogenriefstudios.com/" "Mozilla/5.0 (Windows NT 6.1; rv:22.0) Gecko/20100101 Firefox/22.0"
66.43.254.135 - - [17/Aug/2013:11:44:13 -0400] "GET /favicon.ico HTTP/1.1" 404 575 "-" "Mozilla/5.0 (Windows NT 6.1; rv:22.0) Gecko/20100101 Firefox/22.0"
82.33.32.101 - - [17/Aug/2013:18:01:16 -0400] "GET /images/682_elephant-completed.jpg HTTP/1.1" 200 260073 "-" "Mozilla/5.0 (iPad; CPU OS 6_1_3 like Mac OS X) AppleWebKit/536.26 (KHTML, like Gecko) Version/6.0 Mobile/10B329 Safari/8536.25"
65.68.100.183 - - [17/Aug/2013:18:06:20 -0400] "GET /images/205_025.JPG HTTP/1.1" 200 16394 "http://www.bogenriefstudios.com/" "Mozilla/5.0 (Linux; U; Android 4.1.2; en-us; SPH-L710 Build/JZO54K) AppleWebKit/534.30 (KHTML, like Gecko) Version/4.0 Mobile Safari/534.30"
98.88.218.51 - - [17/Aug/2013:18:26:58 -0400] "GET /images/218_weddingblown_029.jpg HTTP/1.1" 200 7435 "http://www.bogenriefstudios.com/bogenriefgallery/blownfusedglass.html" "Mozilla/5.0 (compatible; MSIE 10.0; Windows NT 6.2; WOW64; Trident/6.0)"
98.88.218.51 - - [17/Aug/2013:18:27:35 -0400] "GET /images/395_Lamp_small_blue_flower.jpg HTTP/1.1" 200 45273 "http://www.bogenriefstudios.com/bogenriefgallery/lampshades.html" "Mozilla/5.0 (compatible; MSIE 10.0; Windows NT 6.2; WOW64; Trident/6.0)"
98.88.218.51 - - [17/Aug/2013:18:27:36 -0400] "GET /images/480_Lamp_spider_mum3.jpg HTTP/1.1" 200 35228 "http://www.bogenriefstudios.com/bogenriefgallery/lampshades.html" "Mozilla/5.0 (compatible; MSIE 10.0; Windows NT 6.2; WOW64; Trident/6.0)"
98.88.218.51 - - [17/Aug/2013:18:27:37 -0400] "GET /images/218_tile_with_flowers.JPG HTTP/1.1" 200 7264 "http://www.bogenriefstudios.com/bogenriefgallery/lampshades.html" "Mozilla/5.0 (compatible; MSIE 10.0; Windows NT 6.2; WOW64; Trident/6.0)"
98.88.218.51 - - [17/Aug/2013:18:27:37 -0400] "GET /images/218_lamp_yellow_daisy_closeup.JPG HTTP/1.1" 200 11138 "http://www.bogenriefstudios.com/bogenriefgallery/lampshades.html" "Mozilla/5.0 (compatible; MSIE 10.0; Windows NT 6.2; WOW64; Trident/6.0)"
98.88.218.51 - - [17/Aug/2013:18:28:02 -0400] "GET /images/322_AzizaJungleMaiden.jpg HTTP/1.1" 200 52455 "http://www.bogenriefstudios.com/bogenriefgallery/stainedglasswindows.html" "Mozilla/5.0 (compatible; MSIE 10.0; Windows NT 6.2; WOW64; Trident/6.0)"
98.88.218.51 - - [17/Aug/2013:18:28:04 -0400] "GET /images/479_tryptich2.JPG HTTP/1.1" 200 78502 "http://www.bogenriefstudios.com/bogenriefgallery/stainedglasswindows.html" "Mozilla/5.0 (compatible; MSIE 10.0; Windows NT 6.2; WOW64; Trident/6.0)"
98.88.218.51 - - [17/Aug/2013:18:28:05 -0400] "GET /images/480_000_0031.JPG HTTP/1.1" 200 72350 "http://www.bogenriefstudios.com/bogenriefgallery/stainedglasswindows.html" "Mozilla/5.0 (compatible; MSIE 10.0; Windows NT 6.2; WOW64; Trident/6.0)"
98.88.218.51 - - [17/Aug/2013:18:28:07 -0400] "GET /images/480_window_sun_and_moon.JPG HTTP/1.1" 200 18561 "http://www.bogenriefstudios.com/bogenriefgallery/stainedglasswindows.html" "Mozilla/5.0 (compatible; MSIE 10.0; Windows NT 6.2; WOW64; Trident/6.0)"
98.88.218.51 - - [17/Aug/2013:18:28:07 -0400] "GET /images/479_003.JPG HTTP/1.1" 200 38085 "http://www.bogenriefstudios.com/bogenriefgallery/stainedglasswindows.html" "Mozilla/5.0 (compatible; MSIE 10.0; Windows NT 6.2; WOW64; Trident/6.0)"
98.88.218.51 - - [17/Aug/2013:18:28:08 -0400] "GET /images/461_DSC_0087.JPG HTTP/1.1" 200 65451 "http://www.bogenriefstudios.com/bogenriefgallery/stainedglasswindows.html" "Mozilla/5.0 (compatible; MSIE 10.0; Windows NT 6.2; WOW64; Trident/6.0)"
98.88.218.51 - - [17/Aug/2013:18:29:31 -0400] "GET /scripts/23custom.css HTTP/1.1" 200 3837 "http://www.bogenriefstudios.com/bogenriefgallery/terracehillrestoration.html" "Mozilla/5.0 (compatible; MSIE 10.0; Windows NT 6.2; WOW64; Trident/6.0)"
98.88.218.51 - - [17/Aug/2013:18:29:31 -0400] "GET /images/302_DSC_0147.JPG HTTP/1.1" 200 32566 "http://www.bogenriefstudios.com/bogenriefgallery/terracehillrestoration.html" "Mozilla/5.0 (compatible; MSIE 10.0; Windows NT 6.2; WOW64; Trident/6.0)"
66.249.75.165 - - [17/Aug/2013:18:44:34 -0400] "GET /exclusiveofferings/exclusiveofferings.html HTTP/1.1" 304 - "-" "Mozilla/5.0 (iPhone; U; CPU iPhone OS 4_1 like Mac OS X; en-us) AppleWebKit/532.9 (KHTML, like Gecko) Version/4.0.5 Mobile/8B117 Safari/6531.22.7 (compatible; Googlebot-Mobile/2.1; +http://www.google.com/bot.html)"
67.215.225.87 - - [17/Aug/2013:19:39:30 -0400] "GET / HTTP/1.0" 200 13883 "-" "Mozilla/5.0 (X11; Linux x86_64) AppleWebKit/536.5 (KHTML, like Gecko) Chrome/19.0.1084.46 Safari/536.5"
199.21.99.79 - - [17/Aug/2013:21:10:41 -0400] "GET /images/640_DSC00157.JPG HTTP/1.1" 200 56024 "-" "Mozilla/5.0 (compatible; YandexImages/3.0; +http://yandex.com/bots)"
125.253.101.55 - - [17/Aug/2013:22:06:46 -0400] "GET /images/404_12x12%20sm%20scale.jpg HTTP/1.1" 200 64273 "http://www.google.com.au/search?q=the+great+gatsby+theme&oe=UTF-8&hl=en&client=safari&um=1&ie=UTF-8&tbm=isch&source=og&sa=N&tab=wi&ei=_CsQUt3XIeaWiAeZl4CABA&biw=768&bih=928&sei=_isQUtC0OYu7lQW8vYGACg" "Mozilla/5.0 (iPad; CPU OS 5_0_1 like Mac OS X) AppleWebKit/534.46 (KHTML, like Gecko) Version/5.1 Mobile/9A405 Safari/7534.48.3"
5.63.151.189 - - [17/Aug/2013:13:28:54 -0400] "HEAD / HTTP/1.1" 200 - "-" "checks.panopta.com"
78.128.48.170 - - [17/Aug/2013:14:07:45 -0400] "GET /images/682_door_numbers_014.JPG HTTP/1.1" 200 100151 "http://www.bogenriefstudios.com/availableforpurchase.html" "Mozilla/5.0 (Windows NT 6.1) AppleWebKit/537.36 (KHTML, like Gecko) Chrome/28.0.1500.95 Safari/537.36"
78.128.48.170 - - [17/Aug/2013:14:07:47 -0400] "GET /images/682_DSC_0317.JPG HTTP/1.1" 200 106553 "http://www.bogenriefstudios.com/availableforpurchase.html" "Mozilla/5.0 (Windows NT 6.1) AppleWebKit/537.36 (KHTML, like Gecko) Chrome/28.0.1500.95 Safari/537.36"
54.224.59.250 - - [17/Aug/2013:14:08:24 -0400] "GET /images/682_Fall_017.JPG HTTP/1.1" 200 261518 "-" "Pinterest/0.1 +http://pinterest.com/"
72.24.225.120 - - [17/Aug/2013:14:15:22 -0400] "GET /images/196_Blown_Glass_043.jpg HTTP/1.1" 200 20009 "http://www.bogenriefstudios.com/studios.html" "Mozilla/5.0 (compatible; MSIE 10.0; Windows NT 6.2; Win64; x64; Trident/6.0)"
72.24.225.120 - - [17/Aug/2013:14:15:22 -0400] "GET /images/188_Blown_Glass_104.jpg HTTP/1.1" 200 4494 "http://www.bogenriefstudios.com/studios.html" "Mozilla/5.0 (compatible; MSIE 10.0; Windows NT 6.2; Win64; x64; Trident/6.0)"
72.24.225.120 - - [17/Aug/2013:14:15:22 -0400] "GET /images/188_Blown_Glass_113_-_modified.jpg HTTP/1.1" 200 10516 "http://www.bogenriefstudios.com/studios.html" "Mozilla/5.0 (compatible; MSIE 10.0; Windows NT 6.2; Win64; x64; Trident/6.0)"
71.237.40.63 - - [17/Aug/2013:14:54:17 -0400] "GET /scripts/photoalbum.js HTTP/1.1" 200 62481 "http://www.bogenriefstudios.com/" "Mozilla/5.0 (compatible; MSIE 10.0; Windows NT 6.1; Trident/6.0; EIE10;ENUSMCM)"
71.237.40.63 - - [17/Aug/2013:14:54:18 -0400] "GET /images/ic_034_body_bg_wide.jpg HTTP/1.1" 200 90532 "http://www.bogenriefstudios.com/" "Mozilla/5.0 (compatible; MSIE 10.0; Windows NT 6.1; Trident/6.0; EIE10;ENUSMCM)"
71.237.40.63 - - [17/Aug/2013:14:54:20 -0400] "GET /contactus.html HTTP/1.1" 200 11250 "http://www.bogenriefstudios.com/" "Mozilla/5.0 (compatible; MSIE 10.0; Windows NT 6.1; Trident/6.0; EIE10;ENUSMCM)"
71.237.40.63 - - [17/Aug/2013:14:54:20 -0400] "GET /scripts/22custom.css HTTP/1.1" 200 1141 "http://www.bogenriefstudios.com/contactus.html" "Mozilla/5.0 (compatible; MSIE 10.0; Windows NT 6.1; Trident/6.0; EIE10;ENUSMCM)"
71.237.40.63 - - [17/Aug/2013:14:54:35 -0400] "GET /images/photoalbum/button_photoNext.jpg HTTP/1.1" 200 662 "http://www.bogenriefstudios.com/bogenriefgallery/stainedglasswindows.html" "Mozilla/5.0 (compatible; MSIE 10.0; Windows NT 6.1; Trident/6.0; EIE10;ENUSMCM)"
71.237.40.63 - - [17/Aug/2013:14:54:35 -0400] "GET /images/photoalbum/button_photoSpeed3_ON.jpg HTTP/1.1" 200 587 "http://www.bogenriefstudios.com/bogenriefgallery/stainedglasswindows.html" "Mozilla/5.0 (compatible; MSIE 10.0; Windows NT 6.1; Trident/6.0; EIE10;ENUSMCM)"
71.237.40.63 - - [17/Aug/2013:14:54:35 -0400] "GET /images/480_Grout_Museum_veterans_memorial_wall.jpg HTTP/1.1" 200 31863 "http://www.bogenriefstudios.com/bogenriefgallery/stainedglasswindows.html" "Mozilla/5.0 (compatible; MSIE 10.0; Windows NT 6.1; Trident/6.0; EIE10;ENUSMCM)"
71.237.40.63 - - [17/Aug/2013:14:54:35 -0400] "GET /images/480_new26.JPG HTTP/1.1" 200 63373 "http://www.bogenriefstudios.com/bogenriefgallery/stainedglasswindows.html" "Mozilla/5.0 (compatible; MSIE 10.0; Windows NT 6.1; Trident/6.0; EIE10;ENUSMCM)"
71.237.40.63 - - [17/Aug/2013:14:54:36 -0400] "GET /images/321_window_rose_closeup.JPG HTTP/1.1" 200 50741 "http://www.bogenriefstudios.com/bogenriefgallery/stainedglasswindows.html" "Mozilla/5.0 (compatible; MSIE 10.0; Windows NT 6.1; Trident/6.0; EIE10;ENUSMCM)"
71.237.40.63 - - [17/Aug/2013:14:54:36 -0400] "GET /images/479_tryptich2.JPG HTTP/1.1" 200 78502 "http://www.bogenriefstudios.com/bogenriefgallery/stainedglasswindows.html" "Mozilla/5.0 (compatible; MSIE 10.0; Windows NT 6.1; Trident/6.0; EIE10;ENUSMCM)"
71.237.40.63 - - [17/Aug/2013:14:54:36 -0400] "GET /images/480_window_oval.jpg HTTP/1.1" 200 46871 "http://www.bogenriefstudios.com/bogenriefgallery/stainedglasswindows.html" "Mozilla/5.0 (compatible; MSIE 10.0; Windows NT 6.1; Trident/6.0; EIE10;ENUSMCM)"
71.237.40.63 - - [17/Aug/2013:14:54:36 -0400] "GET /images/479_window_dolphins.JPG HTTP/1.1" 200 68855 "http://www.bogenriefstudios.com/bogenriefgallery/stainedglasswindows.html" "Mozilla/5.0 (compatible; MSIE 10.0; Windows NT 6.1; Trident/6.0; EIE10;ENUSMCM)"
71.237.40.63 - - [17/Aug/2013:14:54:36 -0400] "GET /images/480_071.JPG HTTP/1.1" 200 43447 "http://www.bogenriefstudios.com/bogenriefgallery/stainedglasswindows.html" "Mozilla/5.0 (compatible; MSIE 10.0; Windows NT 6.1; Trident/6.0; EIE10;ENUSMCM)"
71.237.40.63 - - [17/Aug/2013:14:54:36 -0400] "GET /images/461_DSC_0087.JPG HTTP/1.1" 200 65451 "http://www.bogenriefstudios.com/bogenriefgallery/stainedglasswindows.html" "Mozilla/5.0 (compatible; MSIE 10.0; Windows NT 6.1; Trident/6.0; EIE10;ENUSMCM)"
71.237.40.63 - - [17/Aug/2013:14:54:36 -0400] "GET /images/265_P1010026.JPG HTTP/1.1" 200 55247 "http://www.bogenriefstudios.com/bogenriefgallery/stainedglasswindows.html" "Mozilla/5.0 (compatible; MSIE 10.0; Windows NT 6.1; Trident/6.0; EIE10;ENUSMCM)"
71.237.40.63 - - [17/Aug/2013:14:54:37 -0400] "GET /images/218_web_site-edited.jpg HTTP/1.1" 200 20953 "http://www.bogenriefstudios.com/bogenriefgallery/stainedglasswindows.html" "Mozilla/5.0 (compatible; MSIE 10.0; Windows NT 6.1; Trident/6.0; EIE10;ENUSMCM)"
71.237.40.63 - - [17/Aug/2013:14:54:37 -0400] "GET /images/218_window_oval.jpg HTTP/1.1" 200 12314 "http://www.bogenriefstudios.com/bogenriefgallery/stainedglasswindows.html" "Mozilla/5.0 (compatible; MSIE 10.0; Windows NT 6.1; Trident/6.0; EIE10;ENUSMCM)"
71.237.40.63 - - [17/Aug/2013:14:54:37 -0400] "GET /images/218_DSC_0100.JPG HTTP/1.1" 200 6754 "http://www.bogenriefstudios.com/bogenriefgallery/stainedglasswindows.html" "Mozilla/5.0 (compatible; MSIE 10.0; Windows NT 6.1; Trident/6.0; EIE10;ENUSMCM)"
71.237.40.63 - - [17/Aug/2013:14:54:37 -0400] "GET /images/218_DSC_0084.JPG HTTP/1.1" 200 8321 "http://www.bogenriefstudios.com/bogenriefgallery/stainedglasswindows.html" "Mozilla/5.0 (compatible; MSIE 10.0; Windows NT 6.1; Trident/6.0; EIE10;ENUSMCM)"
71.237.40.63 - - [17/Aug/2013:14:54:37 -0400] "GET /images/165_Bevel_Window2.jpg HTTP/1.1" 200 16638 "http://www.bogenriefstudios.com/bogenriefgallery/stainedglasswindows.html" "Mozilla/5.0 (compatible; MSIE 10.0; Windows NT 6.1; Trident/6.0; EIE10;ENUSMCM)"
71.237.40.63 - - [17/Aug/2013:14:54:37 -0400] "GET /images/118_snowmass_1_PP.jpg HTTP/1.1" 200 10353 "http://www.bogenriefstudios.com/bogenriefgallery/stainedglasswindows.html" "Mozilla/5.0 (compatible; MSIE 10.0; Windows NT 6.1; Trident/6.0; EIE10;ENUSMCM)"
71.237.40.63 - - [17/Aug/2013:14:54:37 -0400] "GET /images/60_DSC_0051.JPG HTTP/1.1" 200 5951 "http://www.bogenriefstudios.com/bogenriefgallery/stainedglasswindows.html" "Mozilla/5.0 (compatible; MSIE 10.0; Windows NT 6.1; Trident/6.0; EIE10;ENUSMCM)"
71.237.40.63 - - [17/Aug/2013:14:54:37 -0400] "GET /images/696_Grout_Museum_veterans_memorial_wall.jpg HTTP/1.1" 200 61793 "http://www.bogenriefstudios.com/bogenriefgallery/stainedglasswindows.html" "Mozilla/5.0 (compatible; MSIE 10.0; Windows NT 6.1; Trident/6.0; EIE10;ENUSMCM)"
98.88.218.51 - - [17/Aug/2013:18:29:39 -0400] "GET /scripts/18custom.css HTTP/1.1" 200 804 "http://www.bogenriefstudios.com/bogenriefgallery/ceilingsdomes.html" "Mozilla/5.0 (compatible; MSIE 10.0; Windows NT 6.2; WOW64; Trident/6.0)"
98.88.218.51 - - [17/Aug/2013:18:29:39 -0400] "GET /images/696_Water_Lily_Dome.JPG HTTP/1.1" 200 132125 "http://www.bogenriefstudios.com/bogenriefgallery/ceilingsdomes.html" "Mozilla/5.0 (compatible; MSIE 10.0; Windows NT 6.2; WOW64; Trident/6.0)"
5.63.151.189 - - [17/Aug/2013:20:32:09 -0400] "HEAD / HTTP/1.1" 200 - "-" "checks.panopta.com"
5.63.151.189 - - [17/Aug/2013:00:22:20 -0400] "HEAD / HTTP/1.1" 200 - "-" "checks.panopta.com"
128.204.195.249 - - [17/Aug/2013:00:53:06 -0400] "HEAD / HTTP/1.1" 200 - "-" "checks.panopta.com"
62.114.105.147 - - [17/Aug/2013:04:29:56 -0400] "GET /images/682_Sara.JPG HTTP/1.1" 200 161280 "http://entertainmentartandfashion.blogspot.com/2011/02/stained-glass-panel.html" "Mozilla/5.0 (Windows NT 5.1; rv:22.0) Gecko/20100101 Firefox/22.0"
66.249.81.161 - - [17/Aug/2013:05:32:50 -0400] "GET / HTTP/1.1" 200 13883 "-" "Mozilla/5.0 (Windows NT 6.1; rv:6.0) Gecko/20110814 Firefox/6.0 Google (+https://developers.google.com/+/web/snippet/)"
157.55.34.74 - - [17/Aug/2013:07:25:21 -0400] "GET /images/622_David_Siegel_s_Dome.jpg HTTP/1.1" 200 106576 "-" "Mozilla/5.0 (compatible; bingbot/2.0; +http://www.bing.com/bingbot.htm)"
5.63.151.189 - - [17/Aug/2013:07:56:42 -0400] "HEAD / HTTP/1.1" 200 - "-" "checks.panopta.com"
5.63.151.189 - - [17/Aug/2013:08:41:48 -0400] "HEAD / HTTP/1.1" 200 - "-" "checks.panopta.com"
91.207.9.226 - - [17/Aug/2013:09:12:29 -0400] "GET /home.html HTTP/1.1" 200 27081 "http://hdseven.ru/" "Mozilla/4.0 (compatible; MSIE 6.0; Windows XP)"
66.249.82.119 - - [17/Aug/2013:10:10:06 -0400] "GET / HTTP/1.1" 200 13883 "-" "Mozilla/5.0 (Windows NT 6.1; rv:6.0) Gecko/20110814 Firefox/6.0 Google (+https://developers.google.com/+/web/snippet/)"
66.249.82.119 - - [17/Aug/2013:10:10:06 -0400] "GET /favicon.ico HTTP/1.1" 404 575 "-" "Mozilla/5.0 (Windows NT 6.1; rv:6.0) Gecko/20110814 Firefox/6.0 Google (+https://developers.google.com/+/web/snippet/)"
96.42.224.116 - - [17/Aug/2013:15:11:27 -0400] "GET /scripts/1custom.css HTTP/1.1" 200 2496 "http://www.bogenriefstudios.com/home.html" "Mozilla/5.0 (iPad; CPU OS 6_1_3 like Mac OS X) AppleWebKit/536.26 (KHTML, like Gecko) Version/6.0 Mobile/10B329 Safari/8536.25"
96.42.224.116 - - [17/Aug/2013:15:11:27 -0400] "GET /images/314_Lauritzen_Gardens_33_-_modified.jpg HTTP/1.1" 200 44364 "http://www.bogenriefstudios.com/home.html" "Mozilla/5.0 (iPad; CPU OS 6_1_3 like Mac OS X) AppleWebKit/536.26 (KHTML, like Gecko) Version/6.0 Mobile/10B329 Safari/8536.25"
98.137.207.22 - - [17/Aug/2013:15:43:07 -0400] "GET /scripts/website.css HTTP/1.1" 200 1646 "http://www.bogenriefstudios.com/" "Mozilla/5.0 (compatible; Yahoo! Slurp/3.0; http://help.yahoo.com/help/us/ysearch/slurp) NOT Firefox/3.5"
98.137.207.22 - - [17/Aug/2013:15:43:07 -0400] "GET /scripts/13custom.css HTTP/1.1" 200 2827 "http://www.bogenriefstudios.com/" "Mozilla/5.0 (compatible; Yahoo! Slurp/3.0; http://help.yahoo.com/help/us/ysearch/slurp) NOT Firefox/3.5"
98.137.207.22 - - [17/Aug/2013:15:43:07 -0400] "GET /images/198_052_2_.JPG HTTP/1.1" 200 7649 "http://www.bogenriefstudios.com/" "Mozilla/5.0 (compatible; Yahoo! Slurp/3.0; http://help.yahoo.com/help/us/ysearch/slurp) NOT Firefox/3.5"
98.137.207.22 - - [17/Aug/2013:15:43:07 -0400] "GET /images/198_023.JPG HTTP/1.1" 200 9799 "http://www.bogenriefstudios.com/" "Mozilla/5.0 (compatible; Yahoo! Slurp/3.0; http://help.yahoo.com/help/us/ysearch/slurp) NOT Firefox/3.5"
98.137.207.22 - - [17/Aug/2013:15:43:07 -0400] "GET /images/321_Richards_install_004.JPG HTTP/1.1" 200 21479 "http://www.bogenriefstudios.com/" "Mozilla/5.0 (compatible; Yahoo! Slurp/3.0; http://help.yahoo.com/help/us/ysearch/slurp) NOT Firefox/3.5"
66.249.75.165 - - [17/Aug/2013:16:10:26 -0400] "GET /contactus.html HTTP/1.1" 200 11250 "-" "SAMSUNG-SGH-E250/1.0 Profile/MIDP-2.0 Configuration/CLDC-1.1 UP.Browser/6.2.3.3.c.1.101 (GUI) MMP/2.0 (compatible; Googlebot-Mobile/2.1; +http://www.google.com/bot.html)"
66.249.75.165 - - [17/Aug/2013:16:44:33 -0400] "GET /bogenriefgallery/ladiesofbogenrief.html HTTP/1.1" 304 - "-" "Mozilla/5.0 (compatible; Googlebot/2.1; +http://www.google.com/bot.html)"
89.235.210.158 - - [17/Aug/2013:11:33:49 -0400] "GET /images/321_Aziza.jpg HTTP/1.1" 200 48989 "http://www.liveinternet.ru/tags/%F1%F2%E5%EA%EB%EE./" "Mozilla/5.0 (Windows NT 6.1; WOW64; rv:22.0) Gecko/20100101 Firefox/22.0"
98.88.218.51 - - [17/Aug/2013:18:26:29 -0400] "GET /images/480_DSC00677.JPG HTTP/1.1" 200 21050 "http://www.bogenriefstudios.com/bogenriefgallery/chandeliers.html" "Mozilla/5.0 (compatible; MSIE 10.0; Windows NT 6.2; WOW64; Trident/6.0)"
98.88.218.51 - - [17/Aug/2013:18:26:30 -0400] "GET /images/218_blue_white_chandelier_-_installed-edited.jpg HTTP/1.1" 200 13496 "http://www.bogenriefstudios.com/bogenriefgallery/chandeliers.html" "Mozilla/5.0 (compatible; MSIE 10.0; Windows NT 6.2; WOW64; Trident/6.0)"
98.88.218.51 - - [17/Aug/2013:18:26:30 -0400] "GET /images/218_DSC00131.JPG HTTP/1.1" 200 7563 "http://www.bogenriefstudios.com/bogenriefgallery/chandeliers.html" "Mozilla/5.0 (compatible; MSIE 10.0; Windows NT 6.2; WOW64; Trident/6.0)"
98.88.218.51 - - [17/Aug/2013:18:26:30 -0400] "GET /images/218_Lauritzen_Gardens_35_.jpg HTTP/1.1" 200 9109 "http://www.bogenriefstudios.com/bogenriefgallery/chandeliers.html" "Mozilla/5.0 (compatible; MSIE 10.0; Windows NT 6.2; WOW64; Trident/6.0)"
98.88.218.51 - - [17/Aug/2013:18:26:31 -0400] "GET /images/218_DSC00677.JPG HTTP/1.1" 200 5854 "http://www.bogenriefstudios.com/bogenriefgallery/chandeliers.html" "Mozilla/5.0 (compatible; MSIE 10.0; Windows NT 6.2; WOW64; Trident/6.0)"
98.88.218.51 - - [17/Aug/2013:18:26:31 -0400] "GET /images/146_194.JPG HTTP/1.1" 200 13979 "http://www.bogenriefstudios.com/bogenriefgallery/chandeliers.html" "Mozilla/5.0 (compatible; MSIE 10.0; Windows NT 6.2; WOW64; Trident/6.0)"
98.88.218.51 - - [17/Aug/2013:18:26:31 -0400] "GET /images/218_grape_dome_519.JPG HTTP/1.1" 200 14797 "http://www.bogenriefstudios.com/bogenriefgallery/chandeliers.html" "Mozilla/5.0 (compatible; MSIE 10.0; Windows NT 6.2; WOW64; Trident/6.0)"
98.88.218.51 - - [17/Aug/2013:18:29:40 -0400] "GET /images/438_JDome2.jpg HTTP/1.1" 200 72533 "http://www.bogenriefstudios.com/bogenriefgallery/ceilingsdomes.html" "Mozilla/5.0 (compatible; MSIE 10.0; Windows NT 6.2; WOW64; Trident/6.0)"
98.88.218.51 - - [17/Aug/2013:18:29:41 -0400] "GET /images/387_Dome7.jpg HTTP/1.1" 200 39664 "http://www.bogenriefstudios.com/bogenriefgallery/ceilingsdomes.html" "Mozilla/5.0 (compatible; MSIE 10.0; Windows NT 6.2; WOW64; Trident/6.0)"
98.88.218.51 - - [17/Aug/2013:18:29:43 -0400] "GET /images/218_008.JPG HTTP/1.1" 200 15760 "http://www.bogenriefstudios.com/bogenriefgallery/ceilingsdomes.html" "Mozilla/5.0 (compatible; MSIE 10.0; Windows NT 6.2; WOW64; Trident/6.0)"
98.88.218.51 - - [17/Aug/2013:18:29:44 -0400] "GET /images/218_Dome9.jpg HTTP/1.1" 200 10444 "http://www.bogenriefstudios.com/bogenriefgallery/ceilingsdomes.html" "Mozilla/5.0 (compatible; MSIE 10.0; Windows NT 6.2; WOW64; Trident/6.0)"
98.88.218.51 - - [17/Aug/2013:18:29:44 -0400] "GET /images/218_SUTH0079.jpg HTTP/1.1" 200 14693 "http://www.bogenriefstudios.com/bogenriefgallery/ceilingsdomes.html" "Mozilla/5.0 (compatible; MSIE 10.0; Windows NT 6.2; WOW64; Trident/6.0)"
