98.208.160.26 - - [18/Aug/2013:19:23:40 -0400] "GET /images/218_SUTH0088.jpg HTTP/1.1" 200 10170 "http://www.bogenriefstudios.com/bogenriefgallery/ceilingsdomes.html" "Mozilla/5.0 (iPad; CPU OS 6_1_3 like Mac OS X) AppleWebKit/536.26 (KHTML, like Gecko) Version/6.0 Mobile/10B329 Safari/8536.25"
98.208.160.26 - - [18/Aug/2013:19:23:40 -0400] "GET /images/480_SUTH0088.jpg HTTP/1.1" 200 36642 "http://www.bogenriefstudios.com/bogenriefgallery/ceilingsdomes.html" "Mozilla/5.0 (iPad; CPU OS 6_1_3 like Mac OS X) AppleWebKit/536.26 (KHTML, like Gecko) Version/6.0 Mobile/10B329 Safari/8536.25"
5.63.151.189 - - [18/Aug/2013:19:25:39 -0400] "HEAD / HTTP/1.1" 200 - "-" "checks.panopta.com"
74.47.204.240 - - [18/Aug/2013:20:42:05 -0400] "GET /bogenriefgallery.html HTTP/1.1" 200 13883 "http://www.bogenriefstudios.com/bogenriefgallery.html" "Mozilla/5.0 (Linux; U; en-us; KFJWA Build/IMM76D) AppleWebKit/535.19 (KHTML, like Gecko) Silk/3.4 Safari/535.19 Silk-Accelerated=true"
74.47.204.240 - - [18/Aug/2013:20:42:05 -0400] "GET /scripts/ic_globals_published.js HTTP/1.1" 200 566 "http://www.bogenriefstudios.com/bogenriefgallery.html" "Mozilla/5.0 (Linux; U; en-us; KFJWA Build/IMM76D) AppleWebKit/535.19 (KHTML, like Gecko) Silk/3.4 Safari/535.19 Silk-Accelerated=true"
74.47.204.240 - - [18/Aug/2013:20:42:05 -0400] "GET /scripts/template.css HTTP/1.1" 200 9956 "http://www.bogenriefstudios.com/bogenriefgallery.html" "Mozilla/5.0 (Linux; U; en-us; KFJWA Build/IMM76D) AppleWebKit/535.19 (KHTML, like Gecko) Silk/3.4 Safari/535.19 Silk-Accelerated=true"
74.47.204.240 - - [18/Aug/2013:20:42:07 -0400] "GET /images/ic_034_body_bg_wide.jpg HTTP/1.1" 200 90532 "http://www.bogenriefstudios.com/bogenriefgallery.html" "Mozilla/5.0 (Linux; U; en-us; KFJWA Build/IMM76D) AppleWebKit/535.19 (KHTML, like Gecko) Silk/3.4 Safari/535.19 Silk-Accelerated=true"
74.47.204.240 - - [18/Aug/2013:20:43:58 -0400] "GET /favicon.ico HTTP/1.1" 404 575 "-" "Mozilla/5.0 (Linux; U; en-us; KFJWA Build/IMM76D) AppleWebKit/535.19 (KHTML, like Gecko) Silk/3.4 Safari/535.19 Silk-Accelerated=true"
74.47.204.240 - - [18/Aug/2013:20:49:34 -0400] "GET /images/472_window_waterfall.JPG HTTP/1.1" 200 129788 "http://www.bogenriefstudios.com/bogenriefgallery/stainedglasswindows.html" "Mozilla/5.0 (Linux; U; en-us; KFJWA Build/IMM76D) AppleWebKit/535.19 (KHTML, like Gecko) Silk/3.4 Safari/535.19 Silk-Accelerated=true"
195.177.104.3 - - [18/Aug/2013:03:28:50 -0400] "GET /favicon.ico HTTP/1.1" 404 575 "-" "Mozilla/4.0 (compatible; MSIE 8.0; Windows NT 5.1; Trident/4.0; MRSPUTNIK 2, 4, 0, 491; GTB7.5; .NET CLR 2.0.50727; .NET CLR 1.1.4322; .NET4.0C; Zune 4.7)"
218.23.226.35 - - [18/Aug/2013:05:39:56 -0400] "GET /bogenriefgallery/blownfusedglass.html HTTP/1.1" 200 16316 "-" "Mozilla/4.0 (compatible; MSIE 6.0; Windows NT 5.1; .NET CLR 2.0.50727; .NET CLR 3.0.4506.2152; .NET CLR 3.5.30729)"
64.201.57.120 - - [18/Aug/2013:10:41:15 -0400] "GET /scripts/6custom.css HTTP/1.1" 200 3169 "http://www.bogenriefstudios.com/availableforpurchase.html" "Mozilla/5.0 (Windows NT 6.1; WOW64) AppleWebKit/537.36 (KHTML, like Gecko) Chrome/28.0.1500.95 Safari/537.36"
64.201.57.120 - - [18/Aug/2013:10:41:17 -0400] "GET /images/682_DSC_0050.JPG HTTP/1.1" 200 92729 "http://www.bogenriefstudios.com/availableforpurchase.html" "Mozilla/5.0 (Windows NT 6.1; WOW64) AppleWebKit/537.36 (KHTML, like Gecko) Chrome/28.0.1500.95 Safari/537.36"
64.201.57.120 - - [18/Aug/2013:10:41:19 -0400] "GET /images/682_DSC_0053.JPG HTTP/1.1" 200 60987 "http://www.bogenriefstudios.com/availableforpurchase.html" "Mozilla/5.0 (Windows NT 6.1; WOW64) AppleWebKit/537.36 (KHTML, like Gecko) Chrome/28.0.1500.95 Safari/537.36"
64.201.57.120 - - [18/Aug/2013:10:41:21 -0400] "GET /images/682_Fl._trip_install_033.JPG HTTP/1.1" 200 227371 "http://www.bogenriefstudios.com/availableforpurchase.html" "Mozilla/5.0 (Windows NT 6.1; WOW64) AppleWebKit/537.36 (KHTML, like Gecko) Chrome/28.0.1500.95 Safari/537.36"
24.221.41.19 - - [18/Aug/2013:10:57:46 -0400] "GET /images/622_David_Siegel_s_Dome.jpg HTTP/1.1" 200 106576 "http://www.google.com/blank.html" "Mozilla/4.0 (compatible; MSIE 7.0; Windows NT 6.1; Trident/6.0; SLCC2; .NET CLR 2.0.50727; .NET CLR 3.5.30729; .NET CLR 3.0.30729; Media Center PC 6.0; .NET4.0C)"
172.242.131.226 - - [18/Aug/2013:12:30:55 -0400] "GET /favicon.ico HTTP/1.1" 404 575 "-" "Mozilla/5.0 (Windows NT 6.0; WOW64) AppleWebKit/537.36 (KHTML, like Gecko) Chrome/28.0.1500.95 Safari/537.36"
218.23.226.35 - - [18/Aug/2013:13:45:15 -0400] "GET /history.html HTTP/1.1" 200 14327 "-" "Mozilla/4.0 (compatible; MSIE 6.0; Windows NT 5.1; .NET CLR 2.0.50727; .NET CLR 3.0.4506.2152; .NET CLR 3.5.30729)"
71.7.80.255 - - [18/Aug/2013:14:34:30 -0400] "GET /scripts/photoalbum.js HTTP/1.1" 200 62481 "http://www.bogenriefstudios.com/junglepaneldetails.html" "Mozilla/4.0 (compatible; MSIE 8.0; Windows NT 6.1; WOW64; Trident/4.0; SLCC2; .NET CLR 2.0.50727; .NET CLR 3.5.30729; .NET CLR 3.0.30729; Media Center PC 6.0)"
71.7.80.255 - - [18/Aug/2013:14:34:31 -0400] "GET /images/682_Detail_with_vines.JPG HTTP/1.1" 200 142065 "http://www.bogenriefstudios.com/junglepaneldetails.html" "Mozilla/4.0 (compatible; MSIE 8.0; Windows NT 6.1; WOW64; Trident/4.0; SLCC2; .NET CLR 2.0.50727; .NET CLR 3.5.30729; .NET CLR 3.0.30729; Media Center PC 6.0)"
5.63.151.189 - - [18/Aug/2013:12:22:48 -0400] "HEAD / HTTP/1.1" 200 - "-" "checks.panopta.com"
172.242.131.226 - - [18/Aug/2013:12:30:51 -0400] "GET /images/198_023.JPG HTTP/1.1" 200 9799 "http://www.bogenriefstudios.com/" "Mozilla/5.0 (Windows NT 6.0; WOW64) AppleWebKit/537.36 (KHTML, like Gecko) Chrome/28.0.1500.95 Safari/537.36"
218.23.226.35 - - [18/Aug/2013:13:45:16 -0400] "GET /onlinestore.html HTTP/1.1" 200 202 "-" "Mozilla/4.0 (compatible; MSIE 6.0; Windows NT 5.1; .NET CLR 2.0.50727; .NET CLR 3.0.4506.2152; .NET CLR 3.5.30729)"
128.10.4.32 - - [18/Aug/2013:14:31:37 -0400] "GET / HTTP/1.1" 200 13883 "-" "Python-urllib/2.7"
71.7.80.255 - - [18/Aug/2013:14:34:33 -0400] "GET /images/682_Detail_with_fronds.jpg HTTP/1.1" 200 112032 "http://www.bogenriefstudios.com/junglepaneldetails.html" "Mozilla/4.0 (compatible; MSIE 8.0; Windows NT 6.1; WOW64; Trident/4.0; SLCC2; .NET CLR 2.0.50727; .NET CLR 3.5.30729; .NET CLR 3.0.30729; Media Center PC 6.0)"
123.26.110.205 - - [18/Aug/2013:02:48:58 -0400] "GET /images/475_SPEN0003.JPG HTTP/1.1" 200 58009 "-" "Mozilla/5.0 (Windows NT 6.2) AppleWebKit/537.36 (KHTML, like Gecko) Chrome/27.0.1453.122 CoRom/27.0.1453.122 Safari/537.36"
5.63.151.189 - - [18/Aug/2013:03:34:30 -0400] "HEAD / HTTP/1.1" 200 - "-" "checks.panopta.com"
5.63.151.189 - - [18/Aug/2013:05:35:08 -0400] "HEAD / HTTP/1.1" 200 - "-" "checks.panopta.com"
108.65.56.148 - - [18/Aug/2013:18:15:01 -0400] "GET /images/682_Daydream_001.jpg HTTP/1.1" 200 215855 "http://www.google.com/search?client=ms-android-hms-tmobile-us&hl=en&v=141400000&tbm=isch&sa=1&ei=9UYRUvqoKcSHygG234BA&q=knight+of+flowers+armor&oq=knight+of+flowers+armor&gs_l=mobile-gws-serp.3...6826.12438.0.13498.7.7.0.0.0.0.389.1243.0j1j3j1.5.0....0...1c.1.25.mobile-gws-serp..4.3.810.SuLvluM4FPU&biw=320&bih=456&sei=B0cRUsTaA8emygG0s4FI" "Mozilla/5.0 (Linux; U; Android 4.0.4; en-us; SGH-T989 Build/IMM76D) AppleWebKit/534.30 (KHTML, like Gecko) Version/4.0 Mobile Safari/534.30"
5.63.151.189 - - [18/Aug/2013:19:40:40 -0400] "HEAD / HTTP/1.1" 200 - "-" "checks.panopta.com"
180.76.6.213 - - [18/Aug/2013:19:50:05 -0400] "GET / HTTP/1.1" 200 13883 "-" "Mozilla/5.0 (compatible; Baiduspider/2.0; +http://www.baidu.com/search/spider.html)"
74.47.204.240 - - [18/Aug/2013:20:42:05 -0400] "GET /scripts/website.css HTTP/1.1" 200 1646 "http://www.bogenriefstudios.com/bogenriefgallery.html" "Mozilla/5.0 (Linux; U; en-us; KFJWA Build/IMM76D) AppleWebKit/535.19 (KHTML, like Gecko) Silk/3.4 Safari/535.19 Silk-Accelerated=true"
74.47.204.240 - - [18/Aug/2013:20:42:07 -0400] "GET /images/198_door_019.JPG HTTP/1.1" 200 8796 "http://www.bogenriefstudios.com/bogenriefgallery.html" "Mozilla/5.0 (Linux; U; en-us; KFJWA Build/IMM76D) AppleWebKit/535.19 (KHTML, like Gecko) Silk/3.4 Safari/535.19 Silk-Accelerated=true"
74.47.204.240 - - [18/Aug/2013:20:49:28 -0400] "GET /images/336_DSC_0090.JPG HTTP/1.1" 200 64563 "http://www.bogenriefstudios.com/bogenriefgallery/stainedglasswindows.html" "Mozilla/5.0 (Linux; U; en-us; KFJWA Build/IMM76D) AppleWebKit/535.19 (KHTML, like Gecko) Silk/3.4 Safari/535.19 Silk-Accelerated=true"
74.47.204.240 - - [18/Aug/2013:20:49:49 -0400] "GET /images/469_lincoln,_NE_012.jpg HTTP/1.1" 200 107830 "http://www.bogenriefstudios.com/bogenriefgallery/stainedglasswindows.html" "Mozilla/5.0 (Linux; U; en-us; KFJWA Build/IMM76D) AppleWebKit/535.19 (KHTML, like Gecko) Silk/3.4 Safari/535.19 Silk-Accelerated=true"
208.184.53.70 - - [18/Aug/2013:17:43:18 -0400] "GET /images/682_Daydream_001.jpg HTTP/1.1" 200 215855 "http://www.bing.com/images/search?q=mucha&qpvt=mucha&FORM=IGRE" "Mozilla/5.0 (compatible; MSIE 9.0; Windows NT 6.1; WOW64; Trident/5.0)"
178.137.28.132 - - [18/Aug/2013:09:04:31 -0400] "GET /images/677_SF_grapes_013.JPG HTTP/1.1" 200 216725 "-" "Mozilla/5.0 (Windows NT 5.1; rv:20.0) Gecko/20100101 Firefox/20.0"
199.21.99.79 - - [18/Aug/2013:10:08:44 -0400] "GET /images/100_Grape_Dome_2_002_-_modified.jpg HTTP/1.1" 304 - "-" "Mozilla/5.0 (compatible; YandexImages/3.0; +http://yandex.com/bots)"
64.201.57.120 - - [18/Aug/2013:10:41:25 -0400] "GET /images/682_a_items_onhand_023.JPG HTTP/1.1" 200 46128 "http://www.bogenriefstudios.com/availableforpurchase.html" "Mozilla/5.0 (Windows NT 6.1; WOW64) AppleWebKit/537.36 (KHTML, like Gecko) Chrome/28.0.1500.95 Safari/537.36"
64.201.57.120 - - [18/Aug/2013:10:41:28 -0400] "GET /images/682_bevel_dome_grape_dome_015.JPG HTTP/1.1" 200 68000 "http://www.bogenriefstudios.com/availableforpurchase.html" "Mozilla/5.0 (Windows NT 6.1; WOW64) AppleWebKit/537.36 (KHTML, like Gecko) Chrome/28.0.1500.95 Safari/537.36"
172.242.131.226 - - [18/Aug/2013:12:30:51 -0400] "GET /scripts/13custom.css HTTP/1.1" 200 2827 "http://www.bogenriefstudios.com/" "Mozilla/5.0 (Windows NT 6.0; WOW64) AppleWebKit/537.36 (KHTML, like Gecko) Chrome/28.0.1500.95 Safari/537.36"
172.242.131.226 - - [18/Aug/2013:12:30:51 -0400] "GET /images/682_post_card.JPG HTTP/1.1" 200 133316 "http://www.bogenriefstudios.com/" "Mozilla/5.0 (Windows NT 6.0; WOW64) AppleWebKit/537.36 (KHTML, like Gecko) Chrome/28.0.1500.95 Safari/537.36"
109.120.137.68 - - [18/Aug/2013:14:26:56 -0400] "GET / HTTP/1.1" 200 13883 "http://asupro.com/building/security/concentrators/device-receiving-controlling-cascade-68.html" "Mozilla/5.0 (Windows; U; Windows NT 5.1; en-US; rv:1.8.1.11) Gecko/20071127 Firefox/2.0.0.4/Megaupload 3.0"
5.63.151.189 - - [18/Aug/2013:02:49:13 -0400] "HEAD / HTTP/1.1" 200 - "-" "checks.panopta.com"
218.23.226.35 - - [18/Aug/2013:05:40:04 -0400] "GET /bogenriefgallery/stainedglasswindows.html HTTP/1.1" 200 25295 "-" "Mozilla/4.0 (compatible; MSIE 6.0; Windows NT 5.1; .NET CLR 2.0.50727; .NET CLR 3.0.4506.2152; .NET CLR 3.5.30729)"
198.228.228.173 - - [18/Aug/2013:19:10:45 -0400] "GET /images/622_David_Siegel_s_Dome.jpg HTTP/1.1" 200 106576 "https://www.google.com/" "Mozilla/5.0 (iPhone; CPU iPhone OS 6_0_2 like Mac OS X) AppleWebKit/536.26 (KHTML, like Gecko) Version/6.0 Mobile/10A551 Safari/8536.25"
74.47.204.240 - - [18/Aug/2013:20:42:05 -0400] "GET /scripts/user.js HTTP/1.1" 200 23762 "http://www.bogenriefstudios.com/bogenriefgallery.html" "Mozilla/5.0 (Linux; U; en-us; KFJWA Build/IMM76D) AppleWebKit/535.19 (KHTML, like Gecko) Silk/3.4 Safari/535.19 Silk-Accelerated=true"
74.47.204.240 - - [18/Aug/2013:20:42:07 -0400] "GET /images/198_052_2_.JPG HTTP/1.1" 200 7649 "http://www.bogenriefstudios.com/bogenriefgallery.html" "Mozilla/5.0 (Linux; U; en-us; KFJWA Build/IMM76D) AppleWebKit/535.19 (KHTML, like Gecko) Silk/3.4 Safari/535.19 Silk-Accelerated=true"
74.47.204.240 - - [18/Aug/2013:20:42:09 -0400] "GET /images/198_dome_008.JPG HTTP/1.1" 200 8321 "http://www.bogenriefstudios.com/bogenriefgallery.html" "Mozilla/5.0 (Linux; U; en-us; KFJWA Build/IMM76D) AppleWebKit/535.19 (KHTML, like Gecko) Silk/3.4 Safari/535.19 Silk-Accelerated=true"
74.47.204.240 - - [18/Aug/2013:20:42:09 -0400] "GET /images/321_David_s_dome_002.JPG HTTP/1.1" 200 23041 "http://www.bogenriefstudios.com/bogenriefgallery.html" "Mozilla/5.0 (Linux; U; en-us; KFJWA Build/IMM76D) AppleWebKit/535.19 (KHTML, like Gecko) Silk/3.4 Safari/535.19 Silk-Accelerated=true"
74.47.204.240 - - [18/Aug/2013:20:44:57 -0400] "GET /images/179_Lamp_small_blue_flower.jpg HTTP/1.1" 200 13070 "http://www.bogenriefstudios.com/bogenriefgallery/lampshades.html" "Mozilla/5.0 (Linux; U; en-us; KFJWA Build/IMM76D) AppleWebKit/535.19 (KHTML, like Gecko) Silk/3.4 Safari/535.19 Silk-Accelerated=true"
74.47.204.240 - - [18/Aug/2013:20:48:55 -0400] "GET /images/317_window_rose.JPG HTTP/1.1" 200 60679 "http://www.bogenriefstudios.com/bogenriefgallery/stainedglasswindows.html" "Mozilla/5.0 (Linux; U; en-us; KFJWA Build/IMM76D) AppleWebKit/535.19 (KHTML, like Gecko) Silk/3.4 Safari/535.19 Silk-Accelerated=true"
74.47.204.240 - - [18/Aug/2013:20:49:00 -0400] "GET /images/218_web_site-edited.jpg HTTP/1.1" 200 20953 "http://www.bogenriefstudios.com/bogenriefgallery/stainedglasswindows.html" "Mozilla/5.0 (Linux; U; en-us; KFJWA Build/IMM76D) AppleWebKit/535.19 (KHTML, like Gecko) Silk/3.4 Safari/535.19 Silk-Accelerated=true"
74.47.204.240 - - [18/Aug/2013:20:49:01 -0400] "GET /images/696_tryptich2.JPG HTTP/1.1" 200 142540 "http://www.bogenriefstudios.com/bogenriefgallery/stainedglasswindows.html" "Mozilla/5.0 (Linux; U; en-us; KFJWA Build/IMM76D) AppleWebKit/535.19 (KHTML, like Gecko) Silk/3.4 Safari/535.19 Silk-Accelerated=true"
5.63.151.189 - - [18/Aug/2013:21:11:17 -0400] "HEAD / HTTP/1.1" 200 - "-" "checks.panopta.com"
199.30.80.110 - - [18/Aug/2013:22:25:48 -0400] "GET /scripts/photoalbum.js HTTP/1.1" 200 62481 "http://www.bogenriefstudios.com/" "Mozilla/5.0 (X11; U; Linux x86_64; en-US; rv:1.9.2.24) Gecko/20111107 Ubuntu/10.04 (lucid) Firefox/3.6.24"
199.30.80.110 - - [18/Aug/2013:22:25:48 -0400] "GET /scripts/print.css HTTP/1.1" 200 - "http://www.bogenriefstudios.com/" "Mozilla/5.0 (X11; U; Linux x86_64; en-US; rv:1.9.2.24) Gecko/20111107 Ubuntu/10.04 (lucid) Firefox/3.6.24"
5.63.151.189 - - [18/Aug/2013:10:06:54 -0400] "HEAD / HTTP/1.1" 200 - "-" "checks.panopta.com"
64.201.57.120 - - [18/Aug/2013:10:41:15 -0400] "GET /scripts/website.css HTTP/1.1" 200 1646 "http://www.bogenriefstudios.com/availableforpurchase.html" "Mozilla/5.0 (Windows NT 6.1; WOW64) AppleWebKit/537.36 (KHTML, like Gecko) Chrome/28.0.1500.95 Safari/537.36"
64.201.57.120 - - [18/Aug/2013:10:41:15 -0400] "GET /scripts/photoalbum.js HTTP/1.1" 200 62481 "http://www.bogenriefstudios.com/availableforpurchase.html" "Mozilla/5.0 (Windows NT 6.1; WOW64) AppleWebKit/537.36 (KHTML, like Gecko) Chrome/28.0.1500.95 Safari/537.36"
64.201.57.120 - - [18/Aug/2013:10:41:16 -0400] "GET /images/682_rocklin_-_sun_moon.jpg HTTP/1.1" 200 29490 "http://www.bogenriefstudios.com/availableforpurchase.html" "Mozilla/5.0 (Windows NT 6.1; WOW64) AppleWebKit/537.36 (KHTML, like Gecko) Chrome/28.0.1500.95 Safari/537.36"
98.163.253.3 - - [18/Aug/2013:06:19:38 -0400] "GET /images/392_P1010004-edited.jpg HTTP/1.1" 200 71852 "-" "Mozilla/5.0 (iPad; CPU OS 6_1_3 like Mac OS X) AppleWebKit/536.26 (KHTML, like Gecko) Version/6.0 Mobile/10B329 Safari/8536.25"
5.63.151.189 - - [18/Aug/2013:16:39:30 -0400] "HEAD / HTTP/1.1" 200 - "-" "checks.panopta.com"
66.249.75.165 - - [18/Aug/2013:17:00:41 -0400] "GET /bogenriefgallery/blownfusedglass.html HTTP/1.1" 304 - "-" "Mozilla/5.0 (iPhone; U; CPU iPhone OS 4_1 like Mac OS X; en-us) AppleWebKit/532.9 (KHTML, like Gecko) Version/4.0.5 Mobile/8B117 Safari/6531.22.7 (compatible; Googlebot-Mobile/2.1; +http://www.google.com/bot.html)"
178.151.69.24 - - [18/Aug/2013:17:25:21 -0400] "GET /images/150_126.jpg HTTP/1.1" 200 8267 "http://www.bogenriefstudios.com/bogenriefgallery/ceilingsdomes.html" "Opera/9.80 (Windows NT 6.1) Presto/2.12.388 Version/12.16"
178.151.69.24 - - [18/Aug/2013:17:25:21 -0400] "GET /images/218_P1010001.JPG HTTP/1.1" 200 13416 "http://www.bogenriefstudios.com/bogenriefgallery/ceilingsdomes.html" "Opera/9.80 (Windows NT 6.1) Presto/2.12.388 Version/12.16"
178.151.69.24 - - [18/Aug/2013:17:25:21 -0400] "GET /images/218_atlanta_dome_3.JPG HTTP/1.1" 200 13654 "http://www.bogenriefstudios.com/bogenriefgallery/ceilingsdomes.html" "Opera/9.80 (Windows NT 6.1) Presto/2.12.388 Version/12.16"
178.151.69.24 - - [18/Aug/2013:17:25:21 -0400] "GET /images/218_Lattice_Clematis_Flower_Dome.JPG HTTP/1.1" 200 8191 "http://www.bogenriefstudios.com/bogenriefgallery/ceilingsdomes.html" "Opera/9.80 (Windows NT 6.1) Presto/2.12.388 Version/12.16"
178.151.69.24 - - [18/Aug/2013:17:25:22 -0400] "GET /images/photoalbum/photo_controlBG.jpg HTTP/1.1" 200 336 "http://www.bogenriefstudios.com/bogenriefgallery/ceilingsdomes.html" "Opera/9.80 (Windows NT 6.1) Presto/2.12.388 Version/12.16"
178.151.69.24 - - [18/Aug/2013:17:25:22 -0400] "GET /images/150_34.jpg HTTP/1.1" 200 9772 "http://www.bogenriefstudios.com/bogenriefgallery/ceilingsdomes.html" "Opera/9.80 (Windows NT 6.1) Presto/2.12.388 Version/12.16"
5.63.151.189 - - [18/Aug/2013:12:07:47 -0400] "HEAD / HTTP/1.1" 200 - "-" "checks.panopta.com"
218.23.226.35 - - [18/Aug/2013:13:45:05 -0400] "GET /contactus.html HTTP/1.1" 200 11250 "-" "Mozilla/4.0 (compatible; MSIE 6.0; Windows NT 5.1; .NET CLR 2.0.50727; .NET CLR 3.0.4506.2152; .NET CLR 3.5.30729)"
218.23.226.35 - - [18/Aug/2013:13:45:17 -0400] "GET /studiolocations.html HTTP/1.1" 200 13348 "-" "Mozilla/4.0 (compatible; MSIE 6.0; Windows NT 5.1; .NET CLR 2.0.50727; .NET CLR 3.0.4506.2152; .NET CLR 3.5.30729)"
24.79.78.62 - - [18/Aug/2013:02:03:45 -0400] "GET /images/682_Detail_with_greenery_red_flowers.jpg HTTP/1.1" 200 168414 "-" "Mozilla/5.0 (iPad; CPU OS 6_1_3 like Mac OS X) AppleWebKit/536.26 (KHTML, like Gecko) Version/6.0 Mobile/10B329 Safari/8536.25"
98.208.160.26 - - [18/Aug/2013:19:15:51 -0400] "GET /images/682_a_items_onhand_032.JPG HTTP/1.1" 200 46080 "http://www.bogenriefstudios.com/availableforpurchase.html" "Mozilla/5.0 (iPad; CPU OS 6_1_3 like Mac OS X) AppleWebKit/536.26 (KHTML, like Gecko) Version/6.0 Mobile/10B329 Safari/8536.25"
98.208.160.26 - - [18/Aug/2013:19:15:52 -0400] "GET /scripts/print.css HTTP/1.1" 200 - "http://www.bogenriefstudios.com/availableforpurchase.html" "Mozilla/5.0 (iPad; CPU OS 6_1_3 like Mac OS X) AppleWebKit/536.26 (KHTML, like Gecko) Version/6.0 Mobile/10B329 Safari/8536.25"
66.249.75.165 - - [18/Aug/2013:20:10:42 -0400] "GET /bogenriefgallery/stainedglasswindows.html HTTP/1.1" 304 - "-" "Mozilla/5.0 (iPhone; U; CPU iPhone OS 4_1 like Mac OS X; en-us) AppleWebKit/532.9 (KHTML, like Gecko) Version/4.0.5 Mobile/8B117 Safari/6531.22.7 (compatible; Googlebot-Mobile/2.1; +http://www.google.com/bot.html)"
5.63.151.189 - - [18/Aug/2013:20:11:08 -0400] "HEAD / HTTP/1.1" 200 - "-" "checks.panopta.com"
74.47.204.240 - - [18/Aug/2013:20:49:37 -0400] "GET /images/163_butterfly_window_-_mary_kay_peck_006.jpg HTTP/1.1" 200 9969 "http://www.bogenriefstudios.com/bogenriefgallery/stainedglasswindows.html" "Mozilla/5.0 (Linux; U; en-us; KFJWA Build/IMM76D) AppleWebKit/535.19 (KHTML, like Gecko) Silk/3.4 Safari/535.19 Silk-Accelerated=true"
74.47.204.240 - - [18/Aug/2013:20:49:37 -0400] "GET /images/359_butterfly_window_-_mary_kay_peck_006.jpg HTTP/1.1" 200 34364 "http://www.bogenriefstudios.com/bogenriefgallery/stainedglasswindows.html" "Mozilla/5.0 (Linux; U; en-us; KFJWA Build/IMM76D) AppleWebKit/535.19 (KHTML, like Gecko) Silk/3.4 Safari/535.19 Silk-Accelerated=true"
74.47.204.240 - - [18/Aug/2013:20:49:38 -0400] "GET /images/239_Bevel_Window3.jpg HTTP/1.1" 200 54713 "http://www.bogenriefstudios.com/bogenriefgallery/stainedglasswindows.html" "Mozilla/5.0 (Linux; U; en-us; KFJWA Build/IMM76D) AppleWebKit/535.19 (KHTML, like Gecko) Silk/3.4 Safari/535.19 Silk-Accelerated=true"
74.47.204.240 - - [18/Aug/2013:20:52:25 -0400] "GET /favicon.ico HTTP/1.1" 404 575 "-" "Mozilla/5.0 (Linux; U; en-us; KFJWA Build/IMM76D) AppleWebKit/535.19 (KHTML, like Gecko) Silk/3.4 Safari/535.19 Silk-Accelerated=true"
66.249.75.165 - - [18/Aug/2013:15:36:20 -0400] "GET /bogenriefgallery/lampshades.html HTTP/1.1" 304 - "-" "Mozilla/5.0 (iPhone; U; CPU iPhone OS 4_1 like Mac OS X; en-us) AppleWebKit/532.9 (KHTML, like Gecko) Version/4.0.5 Mobile/8B117 Safari/6531.22.7 (compatible; Googlebot-Mobile/2.1; +http://www.google.com/bot.html)"
178.151.69.24 - - [18/Aug/2013:17:37:13 -0400] "GET /images/photoalbum/button_photoNext.jpg HTTP/1.1" 200 662 "http://www.bogenriefstudios.com/bogenriefgallery/ceilingsdomes.html" "Opera/9.80 (Windows NT 6.1) Presto/2.12.388 Version/12.16"
178.151.69.24 - - [18/Aug/2013:17:37:13 -0400] "GET /images/photoalbum/button_photoSpeed3_ON.jpg HTTP/1.1" 200 587 "http://www.bogenriefstudios.com/bogenriefgallery/ceilingsdomes.html" "Opera/9.80 (Windows NT 6.1) Presto/2.12.388 Version/12.16"
178.151.69.24 - - [18/Aug/2013:17:37:13 -0400] "GET /images/150_126.jpg HTTP/1.1" 200 8267 "http://www.bogenriefstudios.com/bogenriefgallery/ceilingsdomes.html" "Opera/9.80 (Windows NT 6.1) Presto/2.12.388 Version/12.16"
178.151.69.24 - - [18/Aug/2013:17:37:14 -0400] "GET /images/218_David_Siegel_Dome.jpg HTTP/1.1" 200 14842 "http://www.bogenriefstudios.com/bogenriefgallery/ceilingsdomes.html" "Opera/9.80 (Windows NT 6.1) Presto/2.12.388 Version/12.16"
178.151.69.24 - - [18/Aug/2013:17:37:14 -0400] "GET /images/218_atlanta_dome_2.JPG HTTP/1.1" 200 7854 "http://www.bogenriefstudios.com/bogenriefgallery/ceilingsdomes.html" "Opera/9.80 (Windows NT 6.1) Presto/2.12.388 Version/12.16"
178.151.69.24 - - [18/Aug/2013:17:37:14 -0400] "GET /images/176_Dome7.jpg HTTP/1.1" 200 10712 "http://www.bogenriefstudios.com/bogenriefgallery/ceilingsdomes.html" "Opera/9.80 (Windows NT 6.1) Presto/2.12.388 Version/12.16"
178.151.69.24 - - [18/Aug/2013:17:37:16 -0400] "GET /images/photoalbum/photo_controlBG.jpg HTTP/1.1" 200 336 "http://www.bogenriefstudios.com/bogenriefgallery/ceilingsdomes.html" "Opera/9.80 (Windows NT 6.1) Presto/2.12.388 Version/12.16"
5.63.151.189 - - [18/Aug/2013:08:06:31 -0400] "HEAD / HTTP/1.1" 200 - "-" "checks.panopta.com"
46.233.237.157 - - [18/Aug/2013:11:45:37 -0400] "GET /images/677_SF_grapes_013.JPG HTTP/1.1" 200 216725 "-" "Mozilla/5.0 (Windows NT 5.1) AppleWebKit/537.36 (KHTML, like Gecko) Chrome/27.0.1453.94 Safari/537.36"
72.18.44.197 - - [18/Aug/2013:23:45:16 -0400] "GET /images/68.jpg HTTP/1.1" 200 11436 "http://www.bogenriefstudios.com/studios.html" "Mozilla/5.0 (iPad; U; CPU OS 3_2_1 like Mac OS X; en-us) AppleWebKit/531.21.10 (KHTML, like Gecko) Version/4.0.4 Mobile/7B405 Safari/531.21.10"
72.18.44.197 - - [18/Aug/2013:23:45:16 -0400] "GET /images/273_Blown_Glass_052_-_modified.jpg HTTP/1.1" 200 21982 "http://www.bogenriefstudios.com/studios.html" "Mozilla/5.0 (iPad; U; CPU OS 3_2_1 like Mac OS X; en-us) AppleWebKit/531.21.10 (KHTML, like Gecko) Version/4.0.4 Mobile/7B405 Safari/531.21.10"
72.18.44.197 - - [18/Aug/2013:23:45:18 -0400] "GET /images/188_blue_seperate.jpg HTTP/1.1" 200 14499 "http://www.bogenriefstudios.com/studios.html" "Mozilla/5.0 (iPad; U; CPU OS 3_2_1 like Mac OS X; en-us) AppleWebKit/531.21.10 (KHTML, like Gecko) Version/4.0.4 Mobile/7B405 Safari/531.21.10"
72.18.44.197 - - [18/Aug/2013:23:45:18 -0400] "GET /images/196_Blown_Glass_043.jpg HTTP/1.1" 200 20009 "http://www.bogenriefstudios.com/studios.html" "Mozilla/5.0 (iPad; U; CPU OS 3_2_1 like Mac OS X; en-us) AppleWebKit/531.21.10 (KHTML, like Gecko) Version/4.0.4 Mobile/7B405 Safari/531.21.10"
72.18.44.197 - - [18/Aug/2013:23:45:18 -0400] "GET /images/188_Blown_Glass_104.jpg HTTP/1.1" 200 4494 "http://www.bogenriefstudios.com/studios.html" "Mozilla/5.0 (iPad; U; CPU OS 3_2_1 like Mac OS X; en-us) AppleWebKit/531.21.10 (KHTML, like Gecko) Version/4.0.4 Mobile/7B405 Safari/531.21.10"
72.18.44.197 - - [18/Aug/2013:23:45:18 -0400] "GET /images/188_Blown_Glass_113_-_modified.jpg HTTP/1.1" 200 10516 "http://www.bogenriefstudios.com/studios.html" "Mozilla/5.0 (iPad; U; CPU OS 3_2_1 like Mac OS X; en-us) AppleWebKit/531.21.10 (KHTML, like Gecko) Version/4.0.4 Mobile/7B405 Safari/531.21.10"
72.18.44.197 - - [18/Aug/2013:23:45:19 -0400] "GET /images/196_paperweights_3_.jpg HTTP/1.1" 200 6754 "http://www.bogenriefstudios.com/studios.html" "Mozilla/5.0 (iPad; U; CPU OS 3_2_1 like Mac OS X; en-us) AppleWebKit/531.21.10 (KHTML, like Gecko) Version/4.0.4 Mobile/7B405 Safari/531.21.10"