70.198.1.222 - - [18/Aug/2013:17:03:03 -0400] "GET /images/314_Lauritzen_Gardens_33_-_modified.jpg HTTP/1.1" 200 44364 "http://www.bogenriefstudios.com/home.html" "Mozilla/5.0 (iPhone; CPU iPhone OS 6_1_4 like Mac OS X) AppleWebKit/536.26 (KHTML, like Gecko) Version/6.0 Mobile/10B350 Safari/8536.25"
70.198.1.222 - - [18/Aug/2013:17:03:03 -0400] "GET /images/68.jpg HTTP/1.1" 200 11436 "http://www.bogenriefstudios.com/home.html" "Mozilla/5.0 (iPhone; CPU iPhone OS 6_1_4 like Mac OS X) AppleWebKit/536.26 (KHTML, like Gecko) Version/6.0 Mobile/10B350 Safari/8536.25"
157.55.34.74 - - [18/Aug/2013:17:05:30 -0400] "GET /bogenriefgallery.html HTTP/1.1" 304 - "-" "Mozilla/5.0 (compatible; bingbot/2.0; +http://www.bing.com/bingbot.htm)"
178.151.69.24 - - [18/Aug/2013:17:37:13 -0400] "GET /images/photoalbum/detail_close.jpg HTTP/1.1" 200 1095 "http://www.bogenriefstudios.com/bogenriefgallery/ceilingsdomes.html" "Opera/9.80 (Windows NT 6.1) Presto/2.12.388 Version/12.16"
178.151.69.24 - - [18/Aug/2013:17:37:13 -0400] "GET /images/photoalbum/button_photoSpeed4.jpg HTTP/1.1" 200 506 "http://www.bogenriefstudios.com/bogenriefgallery/ceilingsdomes.html" "Opera/9.80 (Windows NT 6.1) Presto/2.12.388 Version/12.16"
178.151.69.24 - - [18/Aug/2013:17:37:13 -0400] "GET /images/218_David_Siegel_s_Dome.jpg HTTP/1.1" 200 16518 "http://www.bogenriefstudios.com/bogenriefgallery/ceilingsdomes.html" "Opera/9.80 (Windows NT 6.1) Presto/2.12.388 Version/12.16"
178.151.69.24 - - [18/Aug/2013:17:37:14 -0400] "GET /images/218_008.JPG HTTP/1.1" 200 15760 "http://www.bogenriefstudios.com/bogenriefgallery/ceilingsdomes.html" "Opera/9.80 (Windows NT 6.1) Presto/2.12.388 Version/12.16"
178.151.69.24 - - [18/Aug/2013:17:37:14 -0400] "GET /images/218_Dome8.jpg HTTP/1.1" 200 11541 "http://www.bogenriefstudios.com/bogenriefgallery/ceilingsdomes.html" "Opera/9.80 (Windows NT 6.1) Presto/2.12.388 Version/12.16"
178.151.69.24 - - [18/Aug/2013:17:37:14 -0400] "GET /images/696_Water_Lily_Dome.JPG HTTP/1.1" 200 132125 "http://www.bogenriefstudios.com/bogenriefgallery/ceilingsdomes.html" "Opera/9.80 (Windows NT 6.1) Presto/2.12.388 Version/12.16"
24.151.126.128 - - [18/Aug/2013:18:04:35 -0400] "GET /images/321_AzizaJungleMaiden.jpg HTTP/1.1" 200 57667 "-" "rarely used"
74.47.204.240 - - [18/Aug/2013:19:18:12 -0400] "GET / HTTP/1.1" 200 13883 "http://www.google.com/url?sa=t&rct=j&q=bogenriefstudios.com&source=web&cd=1&ved=0CCoQFjAA&url=http%3A%2F%2Fwww.bogenriefstudios.com%2F&ei=JVYRUpq0IOiqyAGZsYE4&usg=AFQjCNFmvTLx1DvEtLdJ0hJ0NtYXCBpQiA&bvm=bv.50768961,d.dmg" "Mozilla/5.0 (Linux; U; en-us; KFJWA Build/IMM76D) AppleWebKit/535.19 (KHTML, like Gecko) Silk/3.4 Safari/535.19 Silk-Accelerated=true"
74.47.204.240 - - [18/Aug/2013:19:18:13 -0400] "GET /scripts/13custom.css HTTP/1.1" 200 2827 "http://www.bogenriefstudios.com/" "Mozilla/5.0 (Linux; U; en-us; KFJWA Build/IMM76D) AppleWebKit/535.19 (KHTML, like Gecko) Silk/3.4 Safari/535.19 Silk-Accelerated=true"
74.47.204.240 - - [18/Aug/2013:19:18:15 -0400] "GET /images/205_David_s_dome_006.JPG HTTP/1.1" 200 9145 "http://www.bogenriefstudios.com/" "Mozilla/5.0 (Linux; U; en-us; KFJWA Build/IMM76D) AppleWebKit/535.19 (KHTML, like Gecko) Silk/3.4 Safari/535.19 Silk-Accelerated=true"
74.47.204.240 - - [18/Aug/2013:20:44:54 -0400] "GET /images/696_pink_flowers.JPG HTTP/1.1" 200 54205 "http://www.bogenriefstudios.com/bogenriefgallery/lampshades.html" "Mozilla/5.0 (Linux; U; en-us; KFJWA Build/IMM76D) AppleWebKit/535.19 (KHTML, like Gecko) Silk/3.4 Safari/535.19 Silk-Accelerated=true"
74.47.204.240 - - [18/Aug/2013:20:44:59 -0400] "GET /images/480_tile_with_flowers.JPG HTTP/1.1" 200 27740 "http://www.bogenriefstudios.com/bogenriefgallery/lampshades.html" "Mozilla/5.0 (Linux; U; en-us; KFJWA Build/IMM76D) AppleWebKit/535.19 (KHTML, like Gecko) Silk/3.4 Safari/535.19 Silk-Accelerated=true"
74.47.204.240 - - [18/Aug/2013:20:45:01 -0400] "GET /images/218_Lamp_spider_mum3.jpg HTTP/1.1" 200 9722 "http://www.bogenriefstudios.com/bogenriefgallery/lampshades.html" "Mozilla/5.0 (Linux; U; en-us; KFJWA Build/IMM76D) AppleWebKit/535.19 (KHTML, like Gecko) Silk/3.4 Safari/535.19 Silk-Accelerated=true"
74.47.204.240 - - [18/Aug/2013:20:45:03 -0400] "GET /images/696_Lamp_yellow_daisy.JPG HTTP/1.1" 200 67639 "http://www.bogenriefstudios.com/bogenriefgallery/lampshades.html" "Mozilla/5.0 (Linux; U; en-us; KFJWA Build/IMM76D) AppleWebKit/535.19 (KHTML, like Gecko) Silk/3.4 Safari/535.19 Silk-Accelerated=true"
188.162.167.35 - - [18/Aug/2013:03:36:50 -0400] "GET /images/682_Daydream_001.jpg HTTP/1.1" 200 215855 "http://www.liveinternet.ru/users/3864871/post166898759" "Mozilla/4.0 (compatible; MSIE 8.0; Windows NT 6.1; Trident/4.0; GTB7.5; SLCC2; .NET CLR 2.0.50727; .NET CLR 3.5.30729; .NET CLR 3.0.30729; Media Center PC 6.0; Tablet PC 2.0; .NET4.0C; .NET4.0E)"
151.241.88.184 - - [18/Aug/2013:04:26:41 -0400] "GET /images/682_Daydream_001.jpg HTTP/1.1" 200 215855 "-" "Mozilla/5.0 (Android; Tablet; rv:23.0) Gecko/23.0 Firefox/23.0"
5.63.151.189 - - [18/Aug/2013:05:50:23 -0400] "HEAD / HTTP/1.1" 200 - "-" "checks.panopta.com"
64.201.57.120 - - [18/Aug/2013:10:41:15 -0400] "GET /scripts/ic_globals_published.js HTTP/1.1" 200 566 "http://www.bogenriefstudios.com/availableforpurchase.html" "Mozilla/5.0 (Windows NT 6.1; WOW64) AppleWebKit/537.36 (KHTML, like Gecko) Chrome/28.0.1500.95 Safari/537.36"
64.201.57.120 - - [18/Aug/2013:10:41:16 -0400] "GET /images/682_Fall_017.JPG HTTP/1.1" 200 261518 "http://www.bogenriefstudios.com/availableforpurchase.html" "Mozilla/5.0 (Windows NT 6.1; WOW64) AppleWebKit/537.36 (KHTML, like Gecko) Chrome/28.0.1500.95 Safari/537.36"
174.50.224.77 - - [18/Aug/2013:11:39:49 -0400] "GET /images/226_LADY_Peacock_Lady_Blue.jpg HTTP/1.1" 200 35296 "https://www.google.com/" "Mozilla/5.0 (iPhone; CPU iPhone OS 6_1_4 like Mac OS X) AppleWebKit/536.26 (KHTML, like Gecko) Version/6.0 Mobile/10B350 Safari/8536.25"
79.170.41.38 - - [18/Aug/2013:15:09:17 -0400] "GET /WordPress/wp-admin/ HTTP/1.1" 404 575 "-" "-"
5.63.151.189 - - [18/Aug/2013:16:54:37 -0400] "HEAD / HTTP/1.1" 200 - "-" "checks.panopta.com"
174.126.172.83 - - [18/Aug/2013:17:30:08 -0400] "GET /images/682_auction_SF_015.JPG HTTP/1.1" 200 91790 "http://images.search.yahoo.com/images/view;_ylt=A2KJkCFHPBFSrg0AGw6JzbkF;_ylu=X3oDMTFzaGZwNWswBHNlYwNzcgRzbGsDaW1nBG9pZANlMjJhNTFiM2U2ZDdkMDNmYTY5MWNkMjk0ZjBhMzFlYQRncG9zAzc2NQ--?back=http%3A%2F%2Fimages.search.yahoo.com%2Fsearch%2Fimages%3Fp%3Dspider%2Bweb%2Bstained%2Bglass%26fr%3Dush-my_uh3_02%26fr2%3Dpiv-web%26tab%3Dorganic%26ri%3D765&w=570&h=428&imgurl=img1.etsystatic.com%2F000%2F0%2F5675283%2Fil_570xN.96653957.jpg&rurl=http%3A%2F%2Fwww.etsy.com%2Flisting%2F32778502%2Fetsyfreeshipping-spiderweb-stained-art&size=47.2KB&name=ETSYFREESHIPPING+Spiderweb+%3Cb%3EStained+%3C%2Fb%3EArt+%3Cb%3EGlass+%3C%2Fb%3EKaleidoscope+FREE+...&p=spider+web+stained+glass&oid=e22a51b3e6d7d03fa691cd294f0a31ea&fr2=piv-web&fr=ush-my_uh3_02&tt=ETSYFREESHIPPING+Spiderweb+%3Cb%3EStained+%3C%2Fb%3EArt+%3Cb%3EGlass+%3C%2Fb%3EKaleidoscope+FREE+...&b=751&ni=48&no=765&ts=&tab=organic&sigr=12bbcd9nb&sigb=13nashk95&sigi=11njm1i27&.crumb=uVGI0/C0Hss&fr=ush-my_uh3_02" "Mozilla/4.0 (compatible; MSIE 8.0; Windows NT 6.1; WOW64; Trident/4.0; SLCC2; .NET CLR 2.0.50727; .NET CLR 3.5.30729; .NET CLR 3.0.30729; Media Center PC 6.0)"
74.47.204.240 - - [18/Aug/2013:19:21:55 -0400] "GET /favicon.ico HTTP/1.1" 404 575 "-" "Mozilla/5.0 (Linux; U; en-us; KFJWA Build/IMM76D) AppleWebKit/535.19 (KHTML, like Gecko) Silk/3.4 Safari/535.19 Silk-Accelerated=true"
98.217.130.87 - - [18/Aug/2013:20:33:22 -0400] "GET /images/321_AzizaJungleMaiden.jpg HTTP/1.1" 200 57667 "-" "Mozilla/5.0 (iPad; CPU OS 6_1_3 like Mac OS X) AppleWebKit/536.26 (KHTML, like Gecko) Version/6.0 Mobile/10B329 Safari/8536.25"
74.47.204.240 - - [18/Aug/2013:20:44:12 -0400] "GET /favicon.ico HTTP/1.1" 404 575 "-" "Mozilla/5.0 (Linux; U; en-us; KFJWA Build/IMM76D) AppleWebKit/535.19 (KHTML, like Gecko) Silk/3.4 Safari/535.19 Silk-Accelerated=true"
74.47.204.240 - - [18/Aug/2013:20:46:13 -0400] "GET /images/photoalbum/button_photoPlay_ON.jpg HTTP/1.1" 200 612 "http://www.bogenriefstudios.com/bogenriefgallery/lampshades.html" "Mozilla/5.0 (Linux; U; en-us; KFJWA Build/IMM76D) AppleWebKit/535.19 (KHTML, like Gecko) Silk/3.4 Safari/535.19 Silk-Accelerated=true"
74.47.204.240 - - [18/Aug/2013:20:49:39 -0400] "GET /images/120_P1010026.JPG HTTP/1.1" 200 13590 "http://www.bogenriefstudios.com/bogenriefgallery/stainedglasswindows.html" "Mozilla/5.0 (Linux; U; en-us; KFJWA Build/IMM76D) AppleWebKit/535.19 (KHTML, like Gecko) Silk/3.4 Safari/535.19 Silk-Accelerated=true"
74.47.204.240 - - [18/Aug/2013:20:49:40 -0400] "GET /images/118_snowmass_1_PP.jpg HTTP/1.1" 200 10353 "http://www.bogenriefstudios.com/bogenriefgallery/stainedglasswindows.html" "Mozilla/5.0 (Linux; U; en-us; KFJWA Build/IMM76D) AppleWebKit/535.19 (KHTML, like Gecko) Silk/3.4 Safari/535.19 Silk-Accelerated=true"
74.47.204.240 - - [18/Aug/2013:20:49:41 -0400] "GET /images/261_snowmass_1_PP.jpg HTTP/1.1" 200 40912 "http://www.bogenriefstudios.com/bogenriefgallery/stainedglasswindows.html" "Mozilla/5.0 (Linux; U; en-us; KFJWA Build/IMM76D) AppleWebKit/535.19 (KHTML, like Gecko) Silk/3.4 Safari/535.19 Silk-Accelerated=true"
218.23.226.35 - - [18/Aug/2013:13:45:04 -0400] "GET / HTTP/1.1" 200 13883 "-" "Mozilla/4.0 (compatible; MSIE 6.0; Windows NT 5.1; .NET CLR 2.0.50727; .NET CLR 3.0.4506.2152; .NET CLR 3.5.30729)"
5.63.151.189 - - [18/Aug/2013:02:19:11 -0400] "HEAD / HTTP/1.1" 200 - "-" "checks.panopta.com"
199.21.99.79 - - [18/Aug/2013:02:54:53 -0400] "GET /images/100_jasp_dome_1_HH.jpg HTTP/1.1" 304 - "-" "Mozilla/5.0 (compatible; YandexImages/3.0; +http://yandex.com/bots)"
162.194.164.134 - - [18/Aug/2013:18:34:50 -0400] "GET /images/404_12x12%20sm%20scale.jpg HTTP/1.1" 200 64273 "-" "rarely used"
98.208.160.26 - - [18/Aug/2013:19:15:45 -0400] "GET /scripts/website.css HTTP/1.1" 200 1646 "http://www.bogenriefstudios.com/availableforpurchase.html" "Mozilla/5.0 (iPad; CPU OS 6_1_3 like Mac OS X) AppleWebKit/536.26 (KHTML, like Gecko) Version/6.0 Mobile/10B329 Safari/8536.25"
178.137.128.12 - - [18/Aug/2013:19:57:05 -0400] "GET /home.html HTTP/1.1" 200 27081 "http://ra-da.su/" "Mozilla/4.0 (compatible; MSIE 7.0b; Windows NT 6.0 ; .NET CLR 2.0.50215; SL Commerce Client v1.0; Tablet PC 2.0"
74.47.204.240 - - [18/Aug/2013:20:44:51 -0400] "GET /scripts/17custom.css HTTP/1.1" 200 1142 "http://www.bogenriefstudios.com/bogenriefgallery/lampshades.html" "Mozilla/5.0 (Linux; U; en-us; KFJWA Build/IMM76D) AppleWebKit/535.19 (KHTML, like Gecko) Silk/3.4 Safari/535.19 Silk-Accelerated=true"
74.47.204.240 - - [18/Aug/2013:20:44:51 -0400] "GET /images/photoalbum/button_photoPrev.jpg HTTP/1.1" 200 656 "http://www.bogenriefstudios.com/bogenriefgallery/lampshades.html" "Mozilla/5.0 (Linux; U; en-us; KFJWA Build/IMM76D) AppleWebKit/535.19 (KHTML, like Gecko) Silk/3.4 Safari/535.19 Silk-Accelerated=true"
74.47.204.240 - - [18/Aug/2013:20:44:51 -0400] "GET /images/photoalbum/button_photoLast.jpg HTTP/1.1" 200 637 "http://www.bogenriefstudios.com/bogenriefgallery/lampshades.html" "Mozilla/5.0 (Linux; U; en-us; KFJWA Build/IMM76D) AppleWebKit/535.19 (KHTML, like Gecko) Silk/3.4 Safari/535.19 Silk-Accelerated=true"
74.47.204.240 - - [18/Aug/2013:20:44:52 -0400] "GET /images/photoalbum/photo_controlBG.jpg HTTP/1.1" 200 336 "http://www.bogenriefstudios.com/bogenriefgallery/lampshades.html" "Mozilla/5.0 (Linux; U; en-us; KFJWA Build/IMM76D) AppleWebKit/535.19 (KHTML, like Gecko) Silk/3.4 Safari/535.19 Silk-Accelerated=true"
74.47.204.240 - - [18/Aug/2013:20:44:52 -0400] "GET /images/480_Omaha_show_019.JPG HTTP/1.1" 200 38520 "http://www.bogenriefstudios.com/bogenriefgallery/lampshades.html" "Mozilla/5.0 (Linux; U; en-us; KFJWA Build/IMM76D) AppleWebKit/535.19 (KHTML, like Gecko) Silk/3.4 Safari/535.19 Silk-Accelerated=true"
74.47.204.240 - - [18/Aug/2013:20:44:55 -0400] "GET /images/480_pink_flowers.JPG HTTP/1.1" 200 30677 "http://www.bogenriefstudios.com/bogenriefgallery/lampshades.html" "Mozilla/5.0 (Linux; U; en-us; KFJWA Build/IMM76D) AppleWebKit/535.19 (KHTML, like Gecko) Silk/3.4 Safari/535.19 Silk-Accelerated=true"
5.63.151.189 - - [18/Aug/2013:22:11:39 -0400] "HEAD / HTTP/1.1" 200 - "-" "checks.panopta.com"
199.30.80.110 - - [18/Aug/2013:22:25:48 -0400] "GET /images/198_door_019.JPG HTTP/1.1" 200 8796 "http://www.bogenriefstudios.com/" "Mozilla/5.0 (X11; U; Linux x86_64; en-US; rv:1.9.2.24) Gecko/20111107 Ubuntu/10.04 (lucid) Firefox/3.6.24"
69.179.4.249 - - [18/Aug/2013:10:12:50 -0400] "GET / HTTP/1.1" 200 13883 "http://www.google.com/url?sa=t&rct=j&q=&esrc=s&frm=1&source=web&cd=1&ved=0CC0QFjAA&url=http%3A%2F%2Fwww.bogenriefstudios.com%2F&ei=W9YQUsPeH6TX2QXDnIDYDQ&usg=AFQjCNFmvTLx1DvEtLdJ0hJ0NtYXCBpQiA&sig2=Yu7kXJX8rdcfyi8-CeDU7w&bvm=bv.50768961,d.b2I" "Mozilla/5.0 (compatible; MSIE 9.0; Windows NT 6.0; Trident/5.0)"
69.179.4.249 - - [18/Aug/2013:10:12:51 -0400] "GET /scripts/ic_globals_published.js HTTP/1.1" 200 566 "http://www.bogenriefstudios.com/" "Mozilla/5.0 (compatible; MSIE 9.0; Windows NT 6.0; Trident/5.0)"
69.179.4.249 - - [18/Aug/2013:10:12:51 -0400] "GET /images/682_post_card.JPG HTTP/1.1" 200 133316 "http://www.bogenriefstudios.com/" "Mozilla/5.0 (compatible; MSIE 9.0; Windows NT 6.0; Trident/5.0)"
69.179.4.249 - - [18/Aug/2013:10:12:51 -0400] "GET /images/205_David_s_dome_006.JPG HTTP/1.1" 200 9145 "http://www.bogenriefstudios.com/" "Mozilla/5.0 (compatible; MSIE 9.0; Windows NT 6.0; Trident/5.0)"
69.179.4.249 - - [18/Aug/2013:10:12:52 -0400] "GET /images/198_052_2_.JPG HTTP/1.1" 200 7649 "http://www.bogenriefstudios.com/" "Mozilla/5.0 (compatible; MSIE 9.0; Windows NT 6.0; Trident/5.0)"
69.179.4.249 - - [18/Aug/2013:10:12:52 -0400] "GET /images/198_dome_008.JPG HTTP/1.1" 200 8321 "http://www.bogenriefstudios.com/" "Mozilla/5.0 (compatible; MSIE 9.0; Windows NT 6.0; Trident/5.0)"
76.227.93.120 - - [18/Aug/2013:11:30:44 -0400] "GET /images/682_web_site_4-edited.jpg HTTP/1.1" 200 151078 "-" "Mozilla/5.0 (Macintosh; Intel Mac OS X 10_8_3) AppleWebKit/536.28.10 (KHTML, like Gecko) Version/6.0.3 Safari/536.28.10"
5.63.151.189 - - [18/Aug/2013:06:50:51 -0400] "HEAD / HTTP/1.1" 200 - "-" "checks.panopta.com"
87.244.222.145 - - [18/Aug/2013:12:16:29 -0400] "GET /scripts/ic_globals_published.js HTTP/1.1" 200 566 "http://www.bogenriefstudios.com/studios.html" "Mozilla/5.0 (Windows NT 6.1; WOW64) AppleWebKit/537.36 (KHTML, like Gecko) Chrome/28.0.1500.95 Safari/537.36"
87.244.222.145 - - [18/Aug/2013:12:16:30 -0400] "GET /scripts/photoalbum.js HTTP/1.1" 200 62481 "http://www.bogenriefstudios.com/studios.html" "Mozilla/5.0 (Windows NT 6.1; WOW64) AppleWebKit/537.36 (KHTML, like Gecko) Chrome/28.0.1500.95 Safari/537.36"
87.244.222.145 - - [18/Aug/2013:12:16:30 -0400] "GET /images/682_Daydream_001.jpg HTTP/1.1" 200 215855 "http://www.bogenriefstudios.com/studios.html" "Mozilla/5.0 (Windows NT 6.1; WOW64) AppleWebKit/537.36 (KHTML, like Gecko) Chrome/28.0.1500.95 Safari/537.36"
87.244.222.145 - - [18/Aug/2013:12:16:31 -0400] "GET /images/188_ruffle_bowl.jpg HTTP/1.1" 200 7229 "http://www.bogenriefstudios.com/studios.html" "Mozilla/5.0 (Windows NT 6.1; WOW64) AppleWebKit/537.36 (KHTML, like Gecko) Chrome/28.0.1500.95 Safari/537.36"
172.242.131.226 - - [18/Aug/2013:12:30:51 -0400] "GET /images/205_David_s_dome_006.JPG HTTP/1.1" 200 9145 "http://www.bogenriefstudios.com/" "Mozilla/5.0 (Windows NT 6.0; WOW64) AppleWebKit/537.36 (KHTML, like Gecko) Chrome/28.0.1500.95 Safari/537.36"
172.242.131.226 - - [18/Aug/2013:12:30:51 -0400] "GET /images/198_dome_008.JPG HTTP/1.1" 200 8321 "http://www.bogenriefstudios.com/" "Mozilla/5.0 (Windows NT 6.0; WOW64) AppleWebKit/537.36 (KHTML, like Gecko) Chrome/28.0.1500.95 Safari/537.36"
172.242.131.226 - - [18/Aug/2013:12:30:51 -0400] "GET /scripts/photoalbum.js HTTP/1.1" 200 62481 "http://www.bogenriefstudios.com/" "Mozilla/5.0 (Windows NT 6.0; WOW64) AppleWebKit/537.36 (KHTML, like Gecko) Chrome/28.0.1500.95 Safari/537.36"
5.63.151.189 - - [18/Aug/2013:14:23:40 -0400] "HEAD / HTTP/1.1" 200 - "-" "checks.panopta.com"
71.7.80.255 - - [18/Aug/2013:14:34:30 -0400] "GET /images/682_Detail_with_monkey.jpg HTTP/1.1" 200 152093 "http://www.google.com/imgres?q=stained+glass+monkey+pattern&start=660&sa=X&biw=1366&bih=616&tbm=isch&tbnid=cJsSzPEY8tpglM:&imgrefurl=http://www.bogenriefstudios.com/junglepaneldetails.html&docid=sP1FJOXsVhtHLM&imgurl=http://www.bogenriefstudios.com/images/682_Detail_with_monkey.jpg&w=682&h=511&ei=bBMRUvLtEcb62AWEvIDwBw&zoom=1&iact=hc&vpx=1060&vpy=225&dur=2917&hovh=194&hovw=259&tx=200&ty=135&page=21&tbnh=145&tbnw=191&ndsp=34&ved=1t:429,r:93,s:600,i:283" "Mozilla/4.0 (compatible; MSIE 8.0; Windows NT 6.1; WOW64; Trident/4.0; SLCC2; .NET CLR 2.0.50727; .NET CLR 3.5.30729; .NET CLR 3.0.30729; Media Center PC 6.0)"
5.63.151.189 - - [18/Aug/2013:04:19:50 -0400] "HEAD / HTTP/1.1" 200 - "-" "checks.panopta.com"
218.23.226.35 - - [18/Aug/2013:05:39:53 -0400] "GET /contactus.html HTTP/1.1" 200 11250 "-" "Mozilla/4.0 (compatible; MSIE 6.0; Windows NT 5.1; .NET CLR 2.0.50727; .NET CLR 3.0.4506.2152; .NET CLR 3.5.30729)"
71.195.127.74 - - [18/Aug/2013:19:09:26 -0400] "GET /images/682_Daydream_001.jpg HTTP/1.1" 200 215855 "http://www.google.com/blank.html" "Mozilla/5.0 (Windows NT 5.1) AppleWebKit/537.36 (KHTML, like Gecko) Chrome/28.0.1500.95 Safari/537.36"
74.47.204.240 - - [18/Aug/2013:20:44:50 -0400] "GET /bogenriefgallery/lampshades.html HTTP/1.1" 200 15683 "http://www.google.com/url?sa=t&rct=j&q=bogenrief%20lamp%20shades&source=web&cd=1&ved=0CDQQFjAA&url=http%3A%2F%2Fwww.bogenriefstudios.com%2Fbogenriefgallery%2Flampshades.html&ei=e2oRUpPWCueuyQGOqYAw&usg=AFQjCNH5ZpKh2SRHPGTiXNQ88ayW5pihmw&bvm=bv.50768961,d.dmg" "Mozilla/5.0 (Linux; U; en-us; KFJWA Build/IMM76D) AppleWebKit/535.19 (KHTML, like Gecko) Silk/3.4 Safari/535.19 Silk-Accelerated=true"
74.47.204.240 - - [18/Aug/2013:20:44:51 -0400] "GET /images/photoalbum/button_photoNext.jpg HTTP/1.1" 200 662 "http://www.bogenriefstudios.com/bogenriefgallery/lampshades.html" "Mozilla/5.0 (Linux; U; en-us; KFJWA Build/IMM76D) AppleWebKit/535.19 (KHTML, like Gecko) Silk/3.4 Safari/535.19 Silk-Accelerated=true"
74.47.204.240 - - [18/Aug/2013:20:44:52 -0400] "GET /images/photoalbum/button_photoSpeed1_ON.jpg HTTP/1.1" 200 476 "http://www.bogenriefstudios.com/bogenriefgallery/lampshades.html" "Mozilla/5.0 (Linux; U; en-us; KFJWA Build/IMM76D) AppleWebKit/535.19 (KHTML, like Gecko) Silk/3.4 Safari/535.19 Silk-Accelerated=true"
74.47.204.240 - - [18/Aug/2013:20:44:52 -0400] "GET /images/522_decending_lotus_closeup.jpg HTTP/1.1" 200 89561 "http://www.bogenriefstudios.com/bogenriefgallery/lampshades.html" "Mozilla/5.0 (Linux; U; en-us; KFJWA Build/IMM76D) AppleWebKit/535.19 (KHTML, like Gecko) Silk/3.4 Safari/535.19 Silk-Accelerated=true"
74.47.204.240 - - [18/Aug/2013:20:45:01 -0400] "GET /images/696_Lamp_spider_mum3.jpg HTTP/1.1" 200 63477 "http://www.bogenriefstudios.com/bogenriefgallery/lampshades.html" "Mozilla/5.0 (Linux; U; en-us; KFJWA Build/IMM76D) AppleWebKit/535.19 (KHTML, like Gecko) Silk/3.4 Safari/535.19 Silk-Accelerated=true"
99.248.79.214 - - [18/Aug/2013:20:48:06 -0400] "GET /images/314_Lauritzen_Gardens_33_-_modified.jpg HTTP/1.1" 200 44364 "https://www.google.ca/" "Mozilla/5.0 (iPhone; CPU iPhone OS 6_0_1 like Mac OS X) AppleWebKit/536.26 (KHTML, like Gecko) Version/6.0 Mobile/10A525 Safari/8536.25"
74.47.204.240 - - [18/Aug/2013:20:48:44 -0400] "GET /images/218_Grout_Museum_veterans_memorial_wall_edited_.jpg HTTP/1.1" 200 9365 "http://www.bogenriefstudios.com/bogenriefgallery/stainedglasswindows.html" "Mozilla/5.0 (Linux; U; en-us; KFJWA Build/IMM76D) AppleWebKit/535.19 (KHTML, like Gecko) Silk/3.4 Safari/535.19 Silk-Accelerated=true"
74.47.204.240 - - [18/Aug/2013:20:48:46 -0400] "GET /images/146_AzizaJungleMaiden.jpg HTTP/1.1" 200 13793 "http://www.bogenriefstudios.com/bogenriefgallery/stainedglasswindows.html" "Mozilla/5.0 (Linux; U; en-us; KFJWA Build/IMM76D) AppleWebKit/535.19 (KHTML, like Gecko) Silk/3.4 Safari/535.19 Silk-Accelerated=true"
74.47.204.240 - - [18/Aug/2013:20:48:46 -0400] "GET /images/322_AzizaJungleMaiden.jpg HTTP/1.1" 200 52455 "http://www.bogenriefstudios.com/bogenriefgallery/stainedglasswindows.html" "Mozilla/5.0 (Linux; U; en-us; KFJWA Build/IMM76D) AppleWebKit/535.19 (KHTML, like Gecko) Silk/3.4 Safari/535.19 Silk-Accelerated=true"
74.47.204.240 - - [18/Aug/2013:20:48:49 -0400] "GET /images/341_Ridiculous_Bevel.JPG HTTP/1.1" 200 80577 "http://www.bogenriefstudios.com/bogenriefgallery/stainedglasswindows.html" "Mozilla/5.0 (Linux; U; en-us; KFJWA Build/IMM76D) AppleWebKit/535.19 (KHTML, like Gecko) Silk/3.4 Safari/535.19 Silk-Accelerated=true"
74.47.204.240 - - [18/Aug/2013:20:49:31 -0400] "GET /images/153_Combo_Windows_72_.jpg HTTP/1.1" 200 13142 "http://www.bogenriefstudios.com/bogenriefgallery/stainedglasswindows.html" "Mozilla/5.0 (Linux; U; en-us; KFJWA Build/IMM76D) AppleWebKit/535.19 (KHTML, like Gecko) Silk/3.4 Safari/535.19 Silk-Accelerated=true"
74.47.204.240 - - [18/Aug/2013:20:49:33 -0400] "GET /images/165_Bevel_Window2.jpg HTTP/1.1" 200 16638 "http://www.bogenriefstudios.com/bogenriefgallery/stainedglasswindows.html" "Mozilla/5.0 (Linux; U; en-us; KFJWA Build/IMM76D) AppleWebKit/535.19 (KHTML, like Gecko) Silk/3.4 Safari/535.19 Silk-Accelerated=true"
74.47.204.240 - - [18/Aug/2013:20:49:34 -0400] "GET /images/148_window_waterfall.JPG HTTP/1.1" 200 17236 "http://www.bogenriefstudios.com/bogenriefgallery/stainedglasswindows.html" "Mozilla/5.0 (Linux; U; en-us; KFJWA Build/IMM76D) AppleWebKit/535.19 (KHTML, like Gecko) Silk/3.4 Safari/535.19 Silk-Accelerated=true"
5.63.151.189 - - [18/Aug/2013:23:12:07 -0400] "HEAD / HTTP/1.1" 200 - "-" "checks.panopta.com"
72.18.44.197 - - [18/Aug/2013:23:45:16 -0400] "GET /images/682_blue_white_chandelier_-_installed-edited.jpg HTTP/1.1" 200 79065 "http://www.bogenriefstudios.com/studios.html" "Mozilla/5.0 (iPad; U; CPU OS 3_2_1 like Mac OS X; en-us) AppleWebKit/531.21.10 (KHTML, like Gecko) Version/4.0.4 Mobile/7B405 Safari/531.21.10"
5.63.151.189 - - [18/Aug/2013:23:57:31 -0400] "HEAD / HTTP/1.1" 200 - "-" "checks.panopta.com"
218.23.226.35 - - [18/Aug/2013:13:45:13 -0400] "GET /bogenriefgallery/lampshades.html HTTP/1.1" 200 15683 "-" "Mozilla/4.0 (compatible; MSIE 6.0; Windows NT 5.1; .NET CLR 2.0.50727; .NET CLR 3.0.4506.2152; .NET CLR 3.5.30729)"
70.215.11.14 - - [18/Aug/2013:11:01:18 -0400] "GET /images/682_blue_white_chandelier_-_installed-edited.jpg HTTP/1.1" 200 79065 "-" "Dalvik/1.6.0 (Linux; U; Android 4.1.2; XT907 Build/9.8.1Q-78)"
178.124.112.117 - - [18/Aug/2013:11:57:20 -0400] "GET /scripts/template.css HTTP/1.1" 200 9956 "http://www.bogenriefstudios.com/availableforpurchase.html" "Mozilla/5.0 (Windows NT 6.1) AppleWebKit/537.36 (KHTML, like Gecko) Chrome/28.0.1500.95 Safari/537.36"
178.124.112.117 - - [18/Aug/2013:11:57:20 -0400] "GET /images/682_P1010006A.JPG HTTP/1.1" 200 33508 "http://www.bogenriefstudios.com/availableforpurchase.html" "Mozilla/5.0 (Windows NT 6.1) AppleWebKit/537.36 (KHTML, like Gecko) Chrome/28.0.1500.95 Safari/537.36"
178.124.112.117 - - [18/Aug/2013:11:57:21 -0400] "GET /images/68.jpg HTTP/1.1" 200 11436 "http://www.bogenriefstudios.com/availableforpurchase.html" "Mozilla/5.0 (Windows NT 6.1) AppleWebKit/537.36 (KHTML, like Gecko) Chrome/28.0.1500.95 Safari/537.36"
178.124.112.117 - - [18/Aug/2013:11:57:22 -0400] "GET /images/682_DSC_0053.JPG HTTP/1.1" 200 60987 "http://www.bogenriefstudios.com/availableforpurchase.html" "Mozilla/5.0 (Windows NT 6.1) AppleWebKit/537.36 (KHTML, like Gecko) Chrome/28.0.1500.95 Safari/537.36"
178.124.112.117 - - [18/Aug/2013:11:57:24 -0400] "GET /images/682_door_numbers_012.JPG HTTP/1.1" 200 86872 "http://www.bogenriefstudios.com/availableforpurchase.html" "Mozilla/5.0 (Windows NT 6.1) AppleWebKit/537.36 (KHTML, like Gecko) Chrome/28.0.1500.95 Safari/537.36"
178.124.112.117 - - [18/Aug/2013:11:57:25 -0400] "GET /images/682_a_items_onhand_025.JPG HTTP/1.1" 200 133679 "http://www.bogenriefstudios.com/availableforpurchase.html" "Mozilla/5.0 (Windows NT 6.1) AppleWebKit/537.36 (KHTML, like Gecko) Chrome/28.0.1500.95 Safari/537.36"
178.124.112.117 - - [18/Aug/2013:11:57:28 -0400] "GET /images/682_a_items_onhand_023.JPG HTTP/1.1" 200 46128 "http://www.bogenriefstudios.com/availableforpurchase.html" "Mozilla/5.0 (Windows NT 6.1) AppleWebKit/537.36 (KHTML, like Gecko) Chrome/28.0.1500.95 Safari/537.36"
178.124.112.117 - - [18/Aug/2013:11:57:29 -0400] "GET /images/682_DSC_0317.JPG HTTP/1.1" 200 106553 "http://www.bogenriefstudios.com/availableforpurchase.html" "Mozilla/5.0 (Windows NT 6.1) AppleWebKit/537.36 (KHTML, like Gecko) Chrome/28.0.1500.95 Safari/537.36"
68.231.63.93 - - [18/Aug/2013:17:34:01 -0400] "GET /images/682_Detail_with_greenery_red_flowers.jpg HTTP/1.1" 200 168414 "-" "Mozilla/5.0 (iPad; CPU OS 6_1_3 like Mac OS X) AppleWebKit/536.26 (KHTML, like Gecko) Version/6.0 Mobile/10B329 Safari/8536.25"
5.63.151.189 - - [18/Aug/2013:01:18:29 -0400] "HEAD / HTTP/1.1" 200 - "-" "checks.panopta.com"
5.63.151.189 - - [18/Aug/2013:09:36:40 -0400] "HEAD / HTTP/1.1" 200 - "-" "checks.panopta.com"
64.201.57.120 - - [18/Aug/2013:10:41:21 -0400] "GET /images/68.jpg HTTP/1.1" 200 11436 "http://www.bogenriefstudios.com/availableforpurchase.html" "Mozilla/5.0 (Windows NT 6.1; WOW64) AppleWebKit/537.36 (KHTML, like Gecko) Chrome/28.0.1500.95 Safari/537.36"
64.201.57.120 - - [18/Aug/2013:10:41:21 -0400] "GET /images/682_bevel_dome_grape_dome_011.JPG HTTP/1.1" 200 82530 "http://www.bogenriefstudios.com/availableforpurchase.html" "Mozilla/5.0 (Windows NT 6.1; WOW64) AppleWebKit/537.36 (KHTML, like Gecko) Chrome/28.0.1500.95 Safari/537.36"
178.151.69.24 - - [18/Aug/2013:17:37:12 -0400] "GET /bogenriefgallery/ceilingsdomes.html HTTP/1.1" 304 - "http://www.bogenriefstudios.com/history/inthenews.html" "Opera/9.80 (Windows NT 6.1) Presto/2.12.388 Version/12.16"
178.151.69.24 - - [18/Aug/2013:17:37:12 -0400] "GET /scripts/print.css HTTP/1.1" 200 - "http://www.bogenriefstudios.com/bogenriefgallery/ceilingsdomes.html" "Opera/9.80 (Windows NT 6.1) Presto/2.12.388 Version/12.16"
178.151.69.24 - - [18/Aug/2013:17:37:13 -0400] "GET /images/photoalbum/button_photoPrev.jpg HTTP/1.1" 200 656 "http://www.bogenriefstudios.com/bogenriefgallery/ceilingsdomes.html" "Opera/9.80 (Windows NT 6.1) Presto/2.12.388 Version/12.16"
178.151.69.24 - - [18/Aug/2013:17:37:13 -0400] "GET /images/photoalbum/button_photoLast.jpg HTTP/1.1" 200 637 "http://www.bogenriefstudios.com/bogenriefgallery/ceilingsdomes.html" "Opera/9.80 (Windows NT 6.1) Presto/2.12.388 Version/12.16"
178.151.69.24 - - [18/Aug/2013:17:37:13 -0400] "GET /images/696_Water_Lily_Dome.JPG HTTP/1.1" 200 132125 "http://www.bogenriefstudios.com/bogenriefgallery/ceilingsdomes.html" "Opera/9.80 (Windows NT 6.1) Presto/2.12.388 Version/12.16"
5.63.151.189 - - [18/Aug/2013:17:54:58 -0400] "HEAD / HTTP/1.1" 200 - "-" "checks.panopta.com"
74.47.204.240 - - [18/Aug/2013:20:44:56 -0400] "GET /images/573_Lamp_small_blue_flower.jpg HTTP/1.1" 200 79723 "http://www.bogenriefstudios.com/bogenriefgallery/lampshades.html" "Mozilla/5.0 (Linux; U; en-us; KFJWA Build/IMM76D) AppleWebKit/535.19 (KHTML, like Gecko) Silk/3.4 Safari/535.19 Silk-Accelerated=true"
74.47.204.240 - - [18/Aug/2013:20:49:05 -0400] "GET /images/193_Omaha_show_039.JPG HTTP/1.1" 200 19047 "http://www.bogenriefstudios.com/bogenriefgallery/stainedglasswindows.html" "Mozilla/5.0 (Linux; U; en-us; KFJWA Build/IMM76D) AppleWebKit/535.19 (KHTML, like Gecko) Silk/3.4 Safari/535.19 Silk-Accelerated=true"
74.47.204.240 - - [18/Aug/2013:20:49:06 -0400] "GET /images/465_DSC_0055.JPG HTTP/1.1" 200 80173 "http://www.bogenriefstudios.com/bogenriefgallery/stainedglasswindows.html" "Mozilla/5.0 (Linux; U; en-us; KFJWA Build/IMM76D) AppleWebKit/535.19 (KHTML, like Gecko) Silk/3.4 Safari/535.19 Silk-Accelerated=true"
74.47.204.240 - - [18/Aug/2013:20:49:07 -0400] "GET /images/321_DSC_0055.JPG HTTP/1.1" 200 41581 "http://www.bogenriefstudios.com/bogenriefgallery/stainedglasswindows.html" "Mozilla/5.0 (Linux; U; en-us; KFJWA Build/IMM76D) AppleWebKit/535.19 (KHTML, like Gecko) Silk/3.4 Safari/535.19 Silk-Accelerated=true"
74.47.204.240 - - [18/Aug/2013:20:49:17 -0400] "GET /images/218_window_dolphins.JPG HTTP/1.1" 200 20022 "http://www.bogenriefstudios.com/bogenriefgallery/stainedglasswindows.html" "Mozilla/5.0 (Linux; U; en-us; KFJWA Build/IMM76D) AppleWebKit/535.19 (KHTML, like Gecko) Silk/3.4 Safari/535.19 Silk-Accelerated=true"
74.47.204.240 - - [18/Aug/2013:20:49:19 -0400] "GET /images/696_window_circles.JPG HTTP/1.1" 200 44032 "http://www.bogenriefstudios.com/bogenriefgallery/stainedglasswindows.html" "Mozilla/5.0 (Linux; U; en-us; KFJWA Build/IMM76D) AppleWebKit/535.19 (KHTML, like Gecko) Silk/3.4 Safari/535.19 Silk-Accelerated=true"
74.47.204.240 - - [18/Aug/2013:20:49:21 -0400] "GET /images/696_Omaha_show_011.JPG HTTP/1.1" 200 74117 "http://www.bogenriefstudios.com/bogenriefgallery/stainedglasswindows.html" "Mozilla/5.0 (Linux; U; en-us; KFJWA Build/IMM76D) AppleWebKit/535.19 (KHTML, like Gecko) Silk/3.4 Safari/535.19 Silk-Accelerated=true"
74.47.204.240 - - [18/Aug/2013:20:49:24 -0400] "GET /images/479_003.JPG HTTP/1.1" 200 38085 "http://www.bogenriefstudios.com/bogenriefgallery/stainedglasswindows.html" "Mozilla/5.0 (Linux; U; en-us; KFJWA Build/IMM76D) AppleWebKit/535.19 (KHTML, like Gecko) Silk/3.4 Safari/535.19 Silk-Accelerated=true"
74.47.204.240 - - [18/Aug/2013:20:49:25 -0400] "GET /images/480_Omaha_show_004.JPG HTTP/1.1" 200 58234 "http://www.bogenriefstudios.com/bogenriefgallery/stainedglasswindows.html" "Mozilla/5.0 (Linux; U; en-us; KFJWA Build/IMM76D) AppleWebKit/535.19 (KHTML, like Gecko) Silk/3.4 Safari/535.19 Silk-Accelerated=true"
74.47.204.240 - - [18/Aug/2013:20:49:45 -0400] "GET /images/196_P1010130.JPG HTTP/1.1" 200 20954 "http://www.bogenriefstudios.com/bogenriefgallery/stainedglasswindows.html" "Mozilla/5.0 (Linux; U; en-us; KFJWA Build/IMM76D) AppleWebKit/535.19 (KHTML, like Gecko) Silk/3.4 Safari/535.19 Silk-Accelerated=true"
74.47.204.240 - - [18/Aug/2013:20:49:46 -0400] "GET /images/107_009.JPG HTTP/1.1" 200 8189 "http://www.bogenriefstudios.com/bogenriefgallery/stainedglasswindows.html" "Mozilla/5.0 (Linux; U; en-us; KFJWA Build/IMM76D) AppleWebKit/535.19 (KHTML, like Gecko) Silk/3.4 Safari/535.19 Silk-Accelerated=true"
74.47.204.240 - - [18/Aug/2013:20:49:46 -0400] "GET /images/236_009.JPG HTTP/1.1" 200 26202 "http://www.bogenriefstudios.com/bogenriefgallery/stainedglasswindows.html" "Mozilla/5.0 (Linux; U; en-us; KFJWA Build/IMM76D) AppleWebKit/535.19 (KHTML, like Gecko) Silk/3.4 Safari/535.19 Silk-Accelerated=true"
74.47.204.240 - - [18/Aug/2013:20:49:47 -0400] "GET /images/60_DSC_0051.JPG HTTP/1.1" 200 5951 "http://www.bogenriefstudios.com/bogenriefgallery/stainedglasswindows.html" "Mozilla/5.0 (Linux; U; en-us; KFJWA Build/IMM76D) AppleWebKit/535.19 (KHTML, like Gecko) Silk/3.4 Safari/535.19 Silk-Accelerated=true"
74.47.204.240 - - [18/Aug/2013:20:49:47 -0400] "GET /images/132_DSC_0051.JPG HTTP/1.1" 200 20473 "http://www.bogenriefstudios.com/bogenriefgallery/stainedglasswindows.html" "Mozilla/5.0 (Linux; U; en-us; KFJWA Build/IMM76D) AppleWebKit/535.19 (KHTML, like Gecko) Silk/3.4 Safari/535.19 Silk-Accelerated=true"
74.47.204.240 - - [18/Aug/2013:20:49:47 -0400] "GET /images/83_DSC_0091.JPG HTTP/1.1" 200 7016 "http://www.bogenriefstudios.com/bogenriefgallery/stainedglasswindows.html" "Mozilla/5.0 (Linux; U; en-us; KFJWA Build/IMM76D) AppleWebKit/535.19 (KHTML, like Gecko) Silk/3.4 Safari/535.19 Silk-Accelerated=true"
74.47.204.240 - - [18/Aug/2013:20:49:47 -0400] "GET /images/184_DSC_0091.JPG HTTP/1.1" 200 30465 "http://www.bogenriefstudios.com/bogenriefgallery/stainedglasswindows.html" "Mozilla/5.0 (Linux; U; en-us; KFJWA Build/IMM76D) AppleWebKit/535.19 (KHTML, like Gecko) Silk/3.4 Safari/535.19 Silk-Accelerated=true"
74.47.204.240 - - [18/Aug/2013:20:49:48 -0400] "GET /images/244_window_grapevines.JPG HTTP/1.1" 200 53563 "http://www.bogenriefstudios.com/bogenriefgallery/stainedglasswindows.html" "Mozilla/5.0 (Linux; U; en-us; KFJWA Build/IMM76D) AppleWebKit/535.19 (KHTML, like Gecko) Silk/3.4 Safari/535.19 Silk-Accelerated=true"
74.47.204.240 - - [18/Aug/2013:20:49:49 -0400] "GET /images/168_window_grapevines.JPG HTTP/1.1" 200 28858 "http://www.bogenriefstudios.com/bogenriefgallery/stainedglasswindows.html" "Mozilla/5.0 (Linux; U; en-us; KFJWA Build/IMM76D) AppleWebKit/535.19 (KHTML, like Gecko) Silk/3.4 Safari/535.19 Silk-Accelerated=true"
74.47.204.240 - - [18/Aug/2013:20:49:49 -0400] "GET /images/147_lincoln,_NE_012.jpg HTTP/1.1" 200 14535 "http://www.bogenriefstudios.com/bogenriefgallery/stainedglasswindows.html" "Mozilla/5.0 (Linux; U; en-us; KFJWA Build/IMM76D) AppleWebKit/535.19 (KHTML, like Gecko) Silk/3.4 Safari/535.19 Silk-Accelerated=true"
74.47.204.240 - - [18/Aug/2013:20:49:51 -0400] "GET /images/480_web_site_8.JPG HTTP/1.1" 200 34006 "http://www.bogenriefstudios.com/bogenriefgallery/stainedglasswindows.html" "Mozilla/5.0 (Linux; U; en-us; KFJWA Build/IMM76D) AppleWebKit/535.19 (KHTML, like Gecko) Silk/3.4 Safari/535.19 Silk-Accelerated=true"
74.47.204.240 - - [18/Aug/2013:20:49:52 -0400] "GET /images/368_nugget_window.JPG HTTP/1.1" 200 93730 "http://www.bogenriefstudios.com/bogenriefgallery/stainedglasswindows.html" "Mozilla/5.0 (Linux; U; en-us; KFJWA Build/IMM76D) AppleWebKit/535.19 (KHTML, like Gecko) Silk/3.4 Safari/535.19 Silk-Accelerated=true"
74.47.204.240 - - [18/Aug/2013:20:49:54 -0400] "GET /images/425_Omaha_show_039.JPG HTTP/1.1" 200 77420 "http://www.bogenriefstudios.com/bogenriefgallery/stainedglasswindows.html" "Mozilla/5.0 (Linux; U; en-us; KFJWA Build/IMM76D) AppleWebKit/535.19 (KHTML, like Gecko) Silk/3.4 Safari/535.19 Silk-Accelerated=true"
5.63.151.189 - - [18/Aug/2013:04:49:59 -0400] "HEAD / HTTP/1.1" 200 - "-" "checks.panopta.com"
218.23.226.35 - - [18/Aug/2013:05:39:59 -0400] "GET /bogenriefgallery/chandeliers.html HTTP/1.1" 200 16845 "-" "Mozilla/4.0 (compatible; MSIE 6.0; Windows NT 5.1; .NET CLR 2.0.50727; .NET CLR 3.0.4506.2152; .NET CLR 3.5.30729)"
66.249.75.165 - - [18/Aug/2013:07:41:49 -0400] "GET /studiolocations.html HTTP/1.1" 304 - "-" "Mozilla/5.0 (iPhone; U; CPU iPhone OS 4_1 like Mac OS X; en-us) AppleWebKit/532.9 (KHTML, like Gecko) Version/4.0.5 Mobile/8B117 Safari/6531.22.7 (compatible; Googlebot-Mobile/2.1; +http://www.google.com/bot.html)"
149.200.151.181 - - [18/Aug/2013:06:00:56 -0400] "GET /images/314_Lauritzen_Gardens_42_.jpg HTTP/1.1" 200 31524 "http://www.google.jo/search?tbm=isch&ei=wJcQUuf7L6Tt0gX2kIDICw&oq=stained+glass+ceiling+&gs_l=img.3..0l7j0i5l2.8914.9882.0.10999.6.5.0.0.0.1.273.496.2-2.2.0....0...1c.1.25.img..5.1.271.Artf-Txwk9E&q=stained%20glass%20ceiling&biw=1280&bih=800&sei=3pgQUqrjFoSn0QWLpoDoBQ" "Mozilla/5.0 (Linux; U; Android 4.1.2; en-gb; GT-N8000 Build/JZO54K) AppleWebKit/534.30 (KHTML, like Gecko) Version/4.0 Safari/534.30"
65.55.215.38 - - [18/Aug/2013:18:33:50 -0400] "GET /images/photoalbum/button_photoPrev.jpg HTTP/1.1" 200 656 "-" "msnbot-media/1.1 (+http://search.msn.com/msnbot.htm)"
98.208.160.26 - - [18/Aug/2013:19:15:51 -0400] "GET /images/682_a_items_onhand_025.JPG HTTP/1.1" 200 133679 "http://www.bogenriefstudios.com/availableforpurchase.html" "Mozilla/5.0 (iPad; CPU OS 6_1_3 like Mac OS X) AppleWebKit/536.26 (KHTML, like Gecko) Version/6.0 Mobile/10B329 Safari/8536.25"
98.208.160.26 - - [18/Aug/2013:19:20:09 -0400] "GET /images/682_web_site_4-edited.jpg HTTP/1.1" 200 151078 "http://www.bogenriefstudios.com/projects.html" "Mozilla/5.0 (iPad; CPU OS 6_1_3 like Mac OS X) AppleWebKit/536.26 (KHTML, like Gecko) Version/6.0 Mobile/10B329 Safari/8536.25"
98.208.160.26 - - [18/Aug/2013:19:20:10 -0400] "GET /images/682_web_site_8.JPG HTTP/1.1" 200 65649 "http://www.bogenriefstudios.com/projects.html" "Mozilla/5.0 (iPad; CPU OS 6_1_3 like Mac OS X) AppleWebKit/536.26 (KHTML, like Gecko) Version/6.0 Mobile/10B329 Safari/8536.25"
98.208.160.26 - - [18/Aug/2013:19:23:36 -0400] "GET /scripts/18custom.css HTTP/1.1" 200 804 "http://www.bogenriefstudios.com/bogenriefgallery/ceilingsdomes.html" "Mozilla/5.0 (iPad; CPU OS 6_1_3 like Mac OS X) AppleWebKit/536.26 (KHTML, like Gecko) Version/6.0 Mobile/10B329 Safari/8536.25"
98.208.160.26 - - [18/Aug/2013:19:23:36 -0400] "GET /images/photoalbum/button_photoPrev.jpg HTTP/1.1" 200 656 "http://www.bogenriefstudios.com/bogenriefgallery/ceilingsdomes.html" "Mozilla/5.0 (iPad; CPU OS 6_1_3 like Mac OS X) AppleWebKit/536.26 (KHTML, like Gecko) Version/6.0 Mobile/10B329 Safari/8536.25"
98.208.160.26 - - [18/Aug/2013:19:23:36 -0400] "GET /images/photoalbum/button_photoSpeed4.jpg HTTP/1.1" 200 506 "http://www.bogenriefstudios.com/bogenriefgallery/ceilingsdomes.html" "Mozilla/5.0 (iPad; CPU OS 6_1_3 like Mac OS X) AppleWebKit/536.26 (KHTML, like Gecko) Version/6.0 Mobile/10B329 Safari/8536.25"
98.208.160.26 - - [18/Aug/2013:19:23:37 -0400] "GET /images/696_Water_Lily_Dome.JPG HTTP/1.1" 200 132125 "http://www.bogenriefstudios.com/bogenriefgallery/ceilingsdomes.html" "Mozilla/5.0 (iPad; CPU OS 6_1_3 like Mac OS X) AppleWebKit/536.26 (KHTML, like Gecko) Version/6.0 Mobile/10B329 Safari/8536.25"
98.208.160.26 - - [18/Aug/2013:19:23:38 -0400] "GET /images/480_P1010001.JPG HTTP/1.1" 200 56007 "http://www.bogenriefstudios.com/bogenriefgallery/ceilingsdomes.html" "Mozilla/5.0 (iPad; CPU OS 6_1_3 like Mac OS X) AppleWebKit/536.26 (KHTML, like Gecko) Version/6.0 Mobile/10B329 Safari/8536.25"
98.208.160.26 - - [18/Aug/2013:19:23:38 -0400] "GET /images/218_David_Siegel_Dome.jpg HTTP/1.1" 200 14842 "http://www.bogenriefstudios.com/bogenriefgallery/ceilingsdomes.html" "Mozilla/5.0 (iPad; CPU OS 6_1_3 like Mac OS X) AppleWebKit/536.26 (KHTML, like Gecko) Version/6.0 Mobile/10B329 Safari/8536.25"
98.208.160.26 - - [18/Aug/2013:19:23:39 -0400] "GET /images/465_DSC_0238.JPG HTTP/1.1" 200 83986 "http://www.bogenriefstudios.com/bogenriefgallery/ceilingsdomes.html" "Mozilla/5.0 (iPad; CPU OS 6_1_3 like Mac OS X) AppleWebKit/536.26 (KHTML, like Gecko) Version/6.0 Mobile/10B329 Safari/8536.25"
98.208.160.26 - - [18/Aug/2013:19:23:41 -0400] "GET /images/218_Dome8.jpg HTTP/1.1" 200 11541 "http://www.bogenriefstudios.com/bogenriefgallery/ceilingsdomes.html" "Mozilla/5.0 (iPad; CPU OS 6_1_3 like Mac OS X) AppleWebKit/536.26 (KHTML, like Gecko) Version/6.0 Mobile/10B329 Safari/8536.25"
98.208.160.26 - - [18/Aug/2013:19:23:41 -0400] "GET /images/480_Dome8.jpg HTTP/1.1" 200 39575 "http://www.bogenriefstudios.com/bogenriefgallery/ceilingsdomes.html" "Mozilla/5.0 (iPad; CPU OS 6_1_3 like Mac OS X) AppleWebKit/536.26 (KHTML, like Gecko) Version/6.0 Mobile/10B329 Safari/8536.25"
66.249.75.165 - - [18/Aug/2013:20:34:47 -0400] "GET / HTTP/1.1" 200 13883 "-" "Mozilla/5.0 (compatible; Googlebot/2.1; +http://www.google.com/bot.html)"
74.47.204.240 - - [18/Aug/2013:20:45:00 -0400] "GET /images/218_Lamp_flower.jpg HTTP/1.1" 200 7454 "http://www.bogenriefstudios.com/bogenriefgallery/lampshades.html" "Mozilla/5.0 (Linux; U; en-us; KFJWA Build/IMM76D) AppleWebKit/535.19 (KHTML, like Gecko) Silk/3.4 Safari/535.19 Silk-Accelerated=true"
74.47.204.240 - - [18/Aug/2013:20:45:00 -0400] "GET /images/480_Lamp_flower.jpg HTTP/1.1" 200 28501 "http://www.bogenriefstudios.com/bogenriefgallery/lampshades.html" "Mozilla/5.0 (Linux; U; en-us; KFJWA Build/IMM76D) AppleWebKit/535.19 (KHTML, like Gecko) Silk/3.4 Safari/535.19 Silk-Accelerated=true"
74.47.204.240 - - [18/Aug/2013:20:45:01 -0400] "GET /images/696_Lamp_spider_mum_2.JPG HTTP/1.1" 200 69689 "http://www.bogenriefstudios.com/bogenriefgallery/lampshades.html" "Mozilla/5.0 (Linux; U; en-us; KFJWA Build/IMM76D) AppleWebKit/535.19 (KHTML, like Gecko) Silk/3.4 Safari/535.19 Silk-Accelerated=true"
74.47.204.240 - - [18/Aug/2013:20:49:11 -0400] "GET /images/480_web_site_9-edited.jpg HTTP/1.1" 200 37070 "http://www.bogenriefstudios.com/bogenriefgallery/stainedglasswindows.html" "Mozilla/5.0 (Linux; U; en-us; KFJWA Build/IMM76D) AppleWebKit/535.19 (KHTML, like Gecko) Silk/3.4 Safari/535.19 Silk-Accelerated=true"
74.47.204.240 - - [18/Aug/2013:20:49:54 -0400] "GET /images/465_new22.JPG HTTP/1.1" 200 86292 "http://www.bogenriefstudios.com/bogenriefgallery/stainedglasswindows.html" "Mozilla/5.0 (Linux; U; en-us; KFJWA Build/IMM76D) AppleWebKit/535.19 (KHTML, like Gecko) Silk/3.4 Safari/535.19 Silk-Accelerated=true"
74.47.204.240 - - [18/Aug/2013:20:49:58 -0400] "GET /images/218_mjbhome%20int%20sm%20scale.jpg HTTP/1.1" 404 575 "http://www.bogenriefstudios.com/bogenriefgallery/stainedglasswindows.html" "Mozilla/5.0 (Linux; U; en-us; KFJWA Build/IMM76D) AppleWebKit/535.19 (KHTML, like Gecko) Silk/3.4 Safari/535.19 Silk-Accelerated=true"
74.47.204.240 - - [18/Aug/2013:20:49:58 -0400] "GET /images/480_window_circles.JPG HTTP/1.1" 200 25453 "http://www.bogenriefstudios.com/bogenriefgallery/stainedglasswindows.html" "Mozilla/5.0 (Linux; U; en-us; KFJWA Build/IMM76D) AppleWebKit/535.19 (KHTML, like Gecko) Silk/3.4 Safari/535.19 Silk-Accelerated=true"
74.47.204.240 - - [18/Aug/2013:20:49:58 -0400] "GET /images/83_007.JPG HTTP/1.1" 200 8971 "http://www.bogenriefstudios.com/bogenriefgallery/stainedglasswindows.html" "Mozilla/5.0 (Linux; U; en-us; KFJWA Build/IMM76D) AppleWebKit/535.19 (KHTML, like Gecko) Silk/3.4 Safari/535.19 Silk-Accelerated=true"
74.47.204.240 - - [18/Aug/2013:20:49:58 -0400] "GET /images/321_DSC_0317.JPG HTTP/1.1" 200 30587 "http://www.bogenriefstudios.com/bogenriefgallery/stainedglasswindows.html" "Mozilla/5.0 (Linux; U; en-us; KFJWA Build/IMM76D) AppleWebKit/535.19 (KHTML, like Gecko) Silk/3.4 Safari/535.19 Silk-Accelerated=true"
178.124.112.117 - - [18/Aug/2013:11:57:25 -0400] "GET /images/682_door_numbers_014.JPG HTTP/1.1" 200 100151 "http://www.bogenriefstudios.com/availableforpurchase.html" "Mozilla/5.0 (Windows NT 6.1) AppleWebKit/537.36 (KHTML, like Gecko) Chrome/28.0.1500.95 Safari/537.36"
199.21.99.79 - - [18/Aug/2013:00:02:30 -0400] "GET /images/198_023.JPG HTTP/1.1" 304 - "-" "Mozilla/5.0 (compatible; YandexImages/3.0; +http://yandex.com/bots)"
5.63.151.189 - - [18/Aug/2013:05:20:06 -0400] "HEAD / HTTP/1.1" 200 - "-" "checks.panopta.com"
218.23.226.35 - - [18/Aug/2013:05:39:52 -0400] "GET / HTTP/1.1" 200 13883 "-" "Mozilla/4.0 (compatible; MSIE 6.0; Windows NT 5.1; .NET CLR 2.0.50727; .NET CLR 3.0.4506.2152; .NET CLR 3.5.30729)"
70.29.83.39 - - [18/Aug/2013:15:20:08 -0400] "GET /images/682_Sara.JPG HTTP/1.1" 200 161280 "http://entertainmentartandfashion.blogspot.ca/2011/02/stained-glass-panel.html" "Mozilla/5.0 (Android; Tablet; rv:23.0) Gecko/23.0 Firefox/23.0"
88.112.147.82 - - [18/Aug/2013:16:29:16 -0400] "GET /images/682_Daydream_001.jpg HTTP/1.1" 200 215855 "-" "Mozilla/5.0 (Windows NT 6.1; WOW64; rv:24.0) Gecko/20100101 Firefox/24.0"
157.55.34.74 - - [18/Aug/2013:16:34:15 -0400] "GET /bogenriefgallery.html HTTP/1.1" 304 - "-" "Mozilla/5.0 (compatible; bingbot/2.0; +http://www.bing.com/bingbot.htm)"
178.151.69.24 - - [18/Aug/2013:17:25:20 -0400] "GET /favicon.ico HTTP/1.1" 404 575 "http://www.bogenriefstudios.com/bogenriefgallery/ceilingsdomes.html" "Opera/9.80 (Windows NT 6.1) Presto/2.12.388 Version/12.16"
178.151.69.24 - - [18/Aug/2013:17:25:20 -0400] "GET /images/photoalbum/detail_close.jpg HTTP/1.1" 200 1095 "http://www.bogenriefstudios.com/bogenriefgallery/ceilingsdomes.html" "Opera/9.80 (Windows NT 6.1) Presto/2.12.388 Version/12.16"
178.151.69.24 - - [18/Aug/2013:17:25:21 -0400] "GET /images/photoalbum/button_photoSpeed4.jpg HTTP/1.1" 200 506 "http://www.bogenriefstudios.com/bogenriefgallery/ceilingsdomes.html" "Opera/9.80 (Windows NT 6.1) Presto/2.12.388 Version/12.16"
178.151.69.24 - - [18/Aug/2013:17:25:21 -0400] "GET /images/692_atlanta_dome_1.JPG HTTP/1.1" 200 154660 "http://www.bogenriefstudios.com/bogenriefgallery/ceilingsdomes.html" "Opera/9.80 (Windows NT 6.1) Presto/2.12.388 Version/12.16"
178.151.69.24 - - [18/Aug/2013:17:33:17 -0400] "GET /scripts/24custom.css HTTP/1.1" 200 1477 "http://www.bogenriefstudios.com/history/inthenews.html" "Opera/9.80 (Windows NT 6.1) Presto/2.12.388 Version/12.16"
65.55.24.234 - - [18/Aug/2013:06:04:29 -0400] "GET /exclusiveofferings/exclusiveofferings.html HTTP/1.1" 304 - "-" "Mozilla/5.0 (compatible; bingbot/2.0; +http://www.bing.com/bingbot.htm)"
192.119.24.106 - - [18/Aug/2013:07:07:53 -0400] "GET /images/682_DSC_0055.JPG HTTP/1.1" 200 161775 "-" "Mozilla/5.0 (Macintosh; Intel Mac OS X 10_8_4) AppleWebKit/536.30.1 (KHTML, like Gecko) Version/6.0.5 Safari/536.30.1"
41.133.34.85 - - [18/Aug/2013:16:03:33 -0400] "GET /images/404_12x12%20sm%20scale.jpg HTTP/1.1" 200 64273 "-" "Mozilla/5.0 (iPad; CPU OS 6_1_3 like Mac OS X) AppleWebKit/536.26 (KHTML, like Gecko) Version/6.0 Mobile/10B329 Safari/8536.25"
79.170.41.38 - - [18/Aug/2013:14:30:38 -0400] "GET /wp-admin/ HTTP/1.1" 404 575 "-" "-"
98.208.160.26 - - [18/Aug/2013:19:12:46 -0400] "GET /images/696_Lamp_spider_mum_2.JPG HTTP/1.1" 200 69689 "-" "Mozilla/5.0 (iPad; CPU OS 6_1_3 like Mac OS X) AppleWebKit/536.26 (KHTML, like Gecko) Version/6.0 Mobile/10B329 Safari/8536.25"
98.208.160.26 - - [18/Aug/2013:19:15:45 -0400] "GET /scripts/ic_globals_published.js HTTP/1.1" 200 566 "http://www.bogenriefstudios.com/availableforpurchase.html" "Mozilla/5.0 (iPad; CPU OS 6_1_3 like Mac OS X) AppleWebKit/536.26 (KHTML, like Gecko) Version/6.0 Mobile/10B329 Safari/8536.25"
98.208.160.26 - - [18/Aug/2013:19:15:45 -0400] "GET /images/682_P1010006A.JPG HTTP/1.1" 200 33508 "http://www.bogenriefstudios.com/availableforpurchase.html" "Mozilla/5.0 (iPad; CPU OS 6_1_3 like Mac OS X) AppleWebKit/536.26 (KHTML, like Gecko) Version/6.0 Mobile/10B329 Safari/8536.25"
98.208.160.26 - - [18/Aug/2013:19:15:46 -0400] "GET /images/682_bevel_dome_grape_dome_015.JPG HTTP/1.1" 200 68000 "http://www.bogenriefstudios.com/availableforpurchase.html" "Mozilla/5.0 (iPad; CPU OS 6_1_3 like Mac OS X) AppleWebKit/536.26 (KHTML, like Gecko) Version/6.0 Mobile/10B329 Safari/8536.25"
98.208.160.26 - - [18/Aug/2013:19:15:46 -0400] "GET /images/682_door_numbers_012.JPG HTTP/1.1" 200 86872 "http://www.bogenriefstudios.com/availableforpurchase.html" "Mozilla/5.0 (iPad; CPU OS 6_1_3 like Mac OS X) AppleWebKit/536.26 (KHTML, like Gecko) Version/6.0 Mobile/10B329 Safari/8536.25"
98.208.160.26 - - [18/Aug/2013:19:15:46 -0400] "GET /images/682_a_items_onhand_023.JPG HTTP/1.1" 200 46128 "http://www.bogenriefstudios.com/availableforpurchase.html" "Mozilla/5.0 (iPad; CPU OS 6_1_3 like Mac OS X) AppleWebKit/536.26 (KHTML, like Gecko) Version/6.0 Mobile/10B329 Safari/8536.25"
98.208.160.26 - - [18/Aug/2013:19:15:46 -0400] "GET /images/682_DSC_0317.JPG HTTP/1.1" 200 106553 "http://www.bogenriefstudios.com/availableforpurchase.html" "Mozilla/5.0 (iPad; CPU OS 6_1_3 like Mac OS X) AppleWebKit/536.26 (KHTML, like Gecko) Version/6.0 Mobile/10B329 Safari/8536.25"
98.208.160.26 - - [18/Aug/2013:19:15:47 -0400] "GET /images/ic_034_body_bg_wide.jpg HTTP/1.1" 200 90532 "http://www.bogenriefstudios.com/availableforpurchase.html" "Mozilla/5.0 (iPad; CPU OS 6_1_3 like Mac OS X) AppleWebKit/536.26 (KHTML, like Gecko) Version/6.0 Mobile/10B329 Safari/8536.25"
98.208.160.26 - - [18/Aug/2013:19:23:36 -0400] "GET /images/photoalbum/detail_close.jpg HTTP/1.1" 200 1095 "http://www.bogenriefstudios.com/bogenriefgallery/ceilingsdomes.html" "Mozilla/5.0 (iPad; CPU OS 6_1_3 like Mac OS X) AppleWebKit/536.26 (KHTML, like Gecko) Version/6.0 Mobile/10B329 Safari/8536.25"
98.208.160.26 - - [18/Aug/2013:19:23:36 -0400] "GET /images/photoalbum/button_photoSpeed2_ON.jpg HTTP/1.1" 200 492 "http://www.bogenriefstudios.com/bogenriefgallery/ceilingsdomes.html" "Mozilla/5.0 (iPad; CPU OS 6_1_3 like Mac OS X) AppleWebKit/536.26 (KHTML, like Gecko) Version/6.0 Mobile/10B329 Safari/8536.25"
98.208.160.26 - - [18/Aug/2013:19:23:37 -0400] "GET /images/696_P1010001.JPG HTTP/1.1" 200 103260 "http://www.bogenriefstudios.com/bogenriefgallery/ceilingsdomes.html" "Mozilla/5.0 (iPad; CPU OS 6_1_3 like Mac OS X) AppleWebKit/536.26 (KHTML, like Gecko) Version/6.0 Mobile/10B329 Safari/8536.25"
98.208.160.26 - - [18/Aug/2013:19:23:37 -0400] "GET /images/480_Lattice_Clematis_Flower_Dome.JPG HTTP/1.1" 200 31141 "http://www.bogenriefstudios.com/bogenriefgallery/ceilingsdomes.html" "Mozilla/5.0 (iPad; CPU OS 6_1_3 like Mac OS X) AppleWebKit/536.26 (KHTML, like Gecko) Version/6.0 Mobile/10B329 Safari/8536.25"
98.208.160.26 - - [18/Aug/2013:19:23:37 -0400] "GET /images/218_David_Siegel_s_Dome.jpg HTTP/1.1" 200 16518 "http://www.bogenriefstudios.com/bogenriefgallery/ceilingsdomes.html" "Mozilla/5.0 (iPad; CPU OS 6_1_3 like Mac OS X) AppleWebKit/536.26 (KHTML, like Gecko) Version/6.0 Mobile/10B329 Safari/8536.25"
98.208.160.26 - - [18/Aug/2013:19:23:38 -0400] "GET /images/635_JDome2.jpg HTTP/1.1" 200 131050 "http://www.bogenriefstudios.com/bogenriefgallery/ceilingsdomes.html" "Mozilla/5.0 (iPad; CPU OS 6_1_3 like Mac OS X) AppleWebKit/536.26 (KHTML, like Gecko) Version/6.0 Mobile/10B329 Safari/8536.25"
98.208.160.26 - - [18/Aug/2013:19:23:38 -0400] "GET /images/480_for_sale_5_008.JPG HTTP/1.1" 200 30227 "http://www.bogenriefstudios.com/bogenriefgallery/ceilingsdomes.html" "Mozilla/5.0 (iPad; CPU OS 6_1_3 like Mac OS X) AppleWebKit/536.26 (KHTML, like Gecko) Version/6.0 Mobile/10B329 Safari/8536.25"
98.208.160.26 - - [18/Aug/2013:19:23:38 -0400] "GET /images/479_atlanta_dome_2.JPG HTTP/1.1" 200 31635 "http://www.bogenriefstudios.com/bogenriefgallery/ceilingsdomes.html" "Mozilla/5.0 (iPad; CPU OS 6_1_3 like Mac OS X) AppleWebKit/536.26 (KHTML, like Gecko) Version/6.0 Mobile/10B329 Safari/8536.25"
98.208.160.26 - - [18/Aug/2013:19:23:38 -0400] "GET /images/696_008.JPG HTTP/1.1" 200 125250 "http://www.bogenriefstudios.com/bogenriefgallery/ceilingsdomes.html" "Mozilla/5.0 (iPad; CPU OS 6_1_3 like Mac OS X) AppleWebKit/536.26 (KHTML, like Gecko) Version/6.0 Mobile/10B329 Safari/8536.25"
