74.47.204.240 - - [18/Aug/2013:20:45:06 -0400] "GET /images/480_DSC_0061.JPG HTTP/1.1" 200 35057 "http://www.bogenriefstudios.com/bogenriefgallery/lampshades.html" "Mozilla/5.0 (Linux; U; en-us; KFJWA Build/IMM76D) AppleWebKit/535.19 (KHTML, like Gecko) Silk/3.4 Safari/535.19 Silk-Accelerated=true"
74.47.204.240 - - [18/Aug/2013:20:45:06 -0400] "GET /images/395_Lamp_small_blue_flower.jpg HTTP/1.1" 200 45273 "http://www.bogenriefstudios.com/bogenriefgallery/lampshades.html" "Mozilla/5.0 (Linux; U; en-us; KFJWA Build/IMM76D) AppleWebKit/535.19 (KHTML, like Gecko) Silk/3.4 Safari/535.19 Silk-Accelerated=true"
74.47.204.240 - - [18/Aug/2013:20:45:07 -0400] "GET /images/218_yellow_rose_1.JPG HTTP/1.1" 200 12042 "http://www.bogenriefstudios.com/bogenriefgallery/lampshades.html" "Mozilla/5.0 (Linux; U; en-us; KFJWA Build/IMM76D) AppleWebKit/535.19 (KHTML, like Gecko) Silk/3.4 Safari/535.19 Silk-Accelerated=true"
74.47.204.240 - - [18/Aug/2013:20:45:07 -0400] "GET /images/480_Lamp_spider_mum_2.JPG HTTP/1.1" 200 38898 "http://www.bogenriefstudios.com/bogenriefgallery/lampshades.html" "Mozilla/5.0 (Linux; U; en-us; KFJWA Build/IMM76D) AppleWebKit/535.19 (KHTML, like Gecko) Silk/3.4 Safari/535.19 Silk-Accelerated=true"
74.47.204.240 - - [18/Aug/2013:20:45:08 -0400] "GET /images/218_Lamp_yellow_daisy.JPG HTTP/1.1" 200 11577 "http://www.bogenriefstudios.com/bogenriefgallery/lampshades.html" "Mozilla/5.0 (Linux; U; en-us; KFJWA Build/IMM76D) AppleWebKit/535.19 (KHTML, like Gecko) Silk/3.4 Safari/535.19 Silk-Accelerated=true"
74.47.204.240 - - [18/Aug/2013:20:48:56 -0400] "GET /images/465_window_rose_closeup.JPG HTTP/1.1" 200 88637 "http://www.bogenriefstudios.com/bogenriefgallery/stainedglasswindows.html" "Mozilla/5.0 (Linux; U; en-us; KFJWA Build/IMM76D) AppleWebKit/535.19 (KHTML, like Gecko) Silk/3.4 Safari/535.19 Silk-Accelerated=true"
74.47.204.240 - - [18/Aug/2013:20:49:13 -0400] "GET /images/480_000_0031.JPG HTTP/1.1" 200 72350 "http://www.bogenriefstudios.com/bogenriefgallery/stainedglasswindows.html" "Mozilla/5.0 (Linux; U; en-us; KFJWA Build/IMM76D) AppleWebKit/535.19 (KHTML, like Gecko) Silk/3.4 Safari/535.19 Silk-Accelerated=true"
74.47.204.240 - - [18/Aug/2013:20:49:15 -0400] "GET /images/480_window_great_gatsby.jpg HTTP/1.1" 200 89004 "http://www.bogenriefstudios.com/bogenriefgallery/stainedglasswindows.html" "Mozilla/5.0 (Linux; U; en-us; KFJWA Build/IMM76D) AppleWebKit/535.19 (KHTML, like Gecko) Silk/3.4 Safari/535.19 Silk-Accelerated=true"
199.30.80.110 - - [18/Aug/2013:22:25:48 -0400] "GET /images/205_David_s_dome_006.JPG HTTP/1.1" 200 9145 "http://www.bogenriefstudios.com/" "Mozilla/5.0 (X11; U; Linux x86_64; en-US; rv:1.9.2.24) Gecko/20111107 Ubuntu/10.04 (lucid) Firefox/3.6.24"
195.177.104.3 - - [18/Aug/2013:08:45:22 -0400] "GET /favicon.ico HTTP/1.1" 404 575 "-" "Mozilla/4.0 (compatible; MSIE 8.0; Windows NT 5.1; Trident/4.0; MRSPUTNIK 2, 4, 0, 491; GTB7.5; .NET CLR 2.0.50727; .NET CLR 1.1.4322; .NET4.0C; Zune 4.7)"
5.63.151.189 - - [18/Aug/2013:01:03:28 -0400] "HEAD / HTTP/1.1" 200 - "-" "checks.panopta.com"
64.201.57.120 - - [18/Aug/2013:10:41:15 -0400] "GET /scripts/icwebsiteelement.css HTTP/1.1" 200 8132 "http://www.bogenriefstudios.com/availableforpurchase.html" "Mozilla/5.0 (Windows NT 6.1; WOW64) AppleWebKit/537.36 (KHTML, like Gecko) Chrome/28.0.1500.95 Safari/537.36"
64.201.57.120 - - [18/Aug/2013:10:41:17 -0400] "GET /images/682_DSC_0038.JPG HTTP/1.1" 200 91594 "http://www.bogenriefstudios.com/availableforpurchase.html" "Mozilla/5.0 (Windows NT 6.1; WOW64) AppleWebKit/537.36 (KHTML, like Gecko) Chrome/28.0.1500.95 Safari/537.36"
64.201.57.120 - - [18/Aug/2013:10:41:19 -0400] "GET /images/ic_034_body_bg_wide.jpg HTTP/1.1" 200 90532 "http://www.bogenriefstudios.com/availableforpurchase.html" "Mozilla/5.0 (Windows NT 6.1; WOW64) AppleWebKit/537.36 (KHTML, like Gecko) Chrome/28.0.1500.95 Safari/537.36"
64.201.57.120 - - [18/Aug/2013:10:41:21 -0400] "GET /images/677_SF_grapes_013.JPG HTTP/1.1" 200 216725 "http://www.bogenriefstudios.com/availableforpurchase.html" "Mozilla/5.0 (Windows NT 6.1; WOW64) AppleWebKit/537.36 (KHTML, like Gecko) Chrome/28.0.1500.95 Safari/537.36"
64.201.57.120 - - [18/Aug/2013:10:41:23 -0400] "GET /images/682_door_numbers_014.JPG HTTP/1.1" 200 100151 "http://www.bogenriefstudios.com/availableforpurchase.html" "Mozilla/5.0 (Windows NT 6.1; WOW64) AppleWebKit/537.36 (KHTML, like Gecko) Chrome/28.0.1500.95 Safari/537.36"
64.201.57.120 - - [18/Aug/2013:10:41:26 -0400] "GET /images/682_spider_mum_009.JPG HTTP/1.1" 200 68685 "http://www.bogenriefstudios.com/availableforpurchase.html" "Mozilla/5.0 (Windows NT 6.1; WOW64) AppleWebKit/537.36 (KHTML, like Gecko) Chrome/28.0.1500.95 Safari/537.36"
64.201.57.120 - - [18/Aug/2013:10:41:27 -0400] "GET /images/682_a_items_onhand_027.JPG HTTP/1.1" 200 57298 "http://www.bogenriefstudios.com/availableforpurchase.html" "Mozilla/5.0 (Windows NT 6.1; WOW64) AppleWebKit/537.36 (KHTML, like Gecko) Chrome/28.0.1500.95 Safari/537.36"
64.201.57.120 - - [18/Aug/2013:10:41:29 -0400] "GET /scripts/print.css HTTP/1.1" 200 - "http://www.bogenriefstudios.com/availableforpurchase.html" "Mozilla/5.0 (Windows NT 6.1; WOW64) AppleWebKit/537.36 (KHTML, like Gecko) Chrome/28.0.1500.95 Safari/537.36"
174.50.224.77 - - [18/Aug/2013:11:38:59 -0400] "GET /images/329_LADY_Peacock_Lady_Green.jpg HTTP/1.1" 200 73042 "https://www.google.com/" "Mozilla/5.0 (iPhone; CPU iPhone OS 6_1_4 like Mac OS X) AppleWebKit/536.26 (KHTML, like Gecko) Version/6.0 Mobile/10B350 Safari/8536.25"
178.124.112.117 - - [18/Aug/2013:11:57:19 -0400] "GET /scripts/ic_globals_published.js HTTP/1.1" 200 566 "http://www.bogenriefstudios.com/availableforpurchase.html" "Mozilla/5.0 (Windows NT 6.1) AppleWebKit/537.36 (KHTML, like Gecko) Chrome/28.0.1500.95 Safari/537.36"
178.124.112.117 - - [18/Aug/2013:11:57:20 -0400] "GET /scripts/user.js HTTP/1.1" 200 23762 "http://www.bogenriefstudios.com/availableforpurchase.html" "Mozilla/5.0 (Windows NT 6.1) AppleWebKit/537.36 (KHTML, like Gecko) Chrome/28.0.1500.95 Safari/537.36"
178.124.112.117 - - [18/Aug/2013:11:57:20 -0400] "GET /images/682_rocklin_-_sun_moon.jpg HTTP/1.1" 200 29490 "http://www.bogenriefstudios.com/availableforpurchase.html" "Mozilla/5.0 (Windows NT 6.1) AppleWebKit/537.36 (KHTML, like Gecko) Chrome/28.0.1500.95 Safari/537.36"
178.124.112.117 - - [18/Aug/2013:11:57:21 -0400] "GET /images/ic_034_body_bg_wide.jpg HTTP/1.1" 200 90532 "http://www.bogenriefstudios.com/availableforpurchase.html" "Mozilla/5.0 (Windows NT 6.1) AppleWebKit/537.36 (KHTML, like Gecko) Chrome/28.0.1500.95 Safari/537.36"
178.124.112.117 - - [18/Aug/2013:11:57:22 -0400] "GET /images/682_bevel_dome_grape_dome_015.JPG HTTP/1.1" 200 68000 "http://www.bogenriefstudios.com/availableforpurchase.html" "Mozilla/5.0 (Windows NT 6.1) AppleWebKit/537.36 (KHTML, like Gecko) Chrome/28.0.1500.95 Safari/537.36"
150.70.173.53 - - [18/Aug/2013:14:35:30 -0400] "GET /junglepaneldetails.html HTTP/1.1" 200 12739 "-" "Mozilla/4.0 (compatible; MSIE 8.0; Windows NT 5.1; Trident/4.0)"
71.7.80.255 - - [18/Aug/2013:14:46:51 -0400] "GET /scripts/icwebsiteelement.css HTTP/1.1" 200 8132 "http://www.bogenriefstudios.com/junglepaneldetails.html" "Mozilla/4.0 (compatible; MSIE 8.0; Windows NT 6.1; WOW64; Trident/4.0; SLCC2; .NET CLR 2.0.50727; .NET CLR 3.5.30729; .NET CLR 3.0.30729; Media Center PC 6.0)"
71.7.80.255 - - [18/Aug/2013:14:46:51 -0400] "GET /scripts/7custom.css HTTP/1.1" 200 1142 "http://www.bogenriefstudios.com/junglepaneldetails.html" "Mozilla/4.0 (compatible; MSIE 8.0; Windows NT 6.1; WOW64; Trident/4.0; SLCC2; .NET CLR 2.0.50727; .NET CLR 3.5.30729; .NET CLR 3.0.30729; Media Center PC 6.0)"
71.7.80.255 - - [18/Aug/2013:14:46:52 -0400] "GET /images/682_Elephant_detail.JPG HTTP/1.1" 200 218582 "http://www.bogenriefstudios.com/junglepaneldetails.html" "Mozilla/4.0 (compatible; MSIE 8.0; Windows NT 6.1; WOW64; Trident/4.0; SLCC2; .NET CLR 2.0.50727; .NET CLR 3.5.30729; .NET CLR 3.0.30729; Media Center PC 6.0)"
71.7.80.255 - - [18/Aug/2013:14:46:55 -0400] "GET /images/682_Detail_with_cockatoo.jpg HTTP/1.1" 200 148553 "http://www.bogenriefstudios.com/junglepaneldetails.html" "Mozilla/4.0 (compatible; MSIE 8.0; Windows NT 6.1; WOW64; Trident/4.0; SLCC2; .NET CLR 2.0.50727; .NET CLR 3.5.30729; .NET CLR 3.0.30729; Media Center PC 6.0)"
199.30.26.221 - - [18/Aug/2013:15:31:41 -0400] "GET /robots.txt HTTP/1.1" 200 25 "-" "msnbot/2.0b (+http://search.msn.com/msnbot.htm)"
5.63.151.189 - - [18/Aug/2013:15:38:59 -0400] "HEAD / HTTP/1.1" 200 - "-" "checks.panopta.com"
203.97.29.42 - - [18/Aug/2013:16:20:47 -0400] "GET /images/682_post_card.JPG HTTP/1.1" 200 133316 "http://www.google.co.nz/blank.html" "Mozilla/5.0 (compatible; MSIE 10.0; Windows NT 6.1; WOW64; Trident/6.0)"
5.63.151.189 - - [18/Aug/2013:16:24:29 -0400] "HEAD / HTTP/1.1" 200 - "-" "checks.panopta.com"
178.151.69.24 - - [18/Aug/2013:17:25:20 -0400] "GET /scripts/website.css HTTP/1.1" 200 1646 "http://www.bogenriefstudios.com/bogenriefgallery/ceilingsdomes.html" "Opera/9.80 (Windows NT 6.1) Presto/2.12.388 Version/12.16"
178.151.69.24 - - [18/Aug/2013:17:25:20 -0400] "GET /images/photoalbum/button_photoPrev.jpg HTTP/1.1" 200 656 "http://www.bogenriefstudios.com/bogenriefgallery/ceilingsdomes.html" "Opera/9.80 (Windows NT 6.1) Presto/2.12.388 Version/12.16"
178.151.69.24 - - [18/Aug/2013:17:25:21 -0400] "GET /images/photoalbum/button_photoLast.jpg HTTP/1.1" 200 637 "http://www.bogenriefstudios.com/bogenriefgallery/ceilingsdomes.html" "Opera/9.80 (Windows NT 6.1) Presto/2.12.388 Version/12.16"
178.151.69.24 - - [18/Aug/2013:17:25:21 -0400] "GET /images/696_Water_Lily_Dome.JPG HTTP/1.1" 200 132125 "http://www.bogenriefstudios.com/bogenriefgallery/ceilingsdomes.html" "Opera/9.80 (Windows NT 6.1) Presto/2.12.388 Version/12.16"
198.105.219.54 - - [18/Aug/2013:10:07:29 -0400] "HEAD / HTTP/1.1" 200 - "-" "checks.panopta.com"
157.55.34.74 - - [18/Aug/2013:07:15:46 -0400] "GET /scripts/website.css HTTP/1.1" 200 1646 "-" "Mozilla/5.0 (compatible; bingbot/2.0; +http://www.bing.com/bingbot.htm)"
98.208.160.26 - - [18/Aug/2013:19:12:41 -0400] "GET /images/696_Lamp_spider_mum3.jpg HTTP/1.1" 200 63477 "-" "Mozilla/5.0 (iPad; CPU OS 6_1_3 like Mac OS X) AppleWebKit/536.26 (KHTML, like Gecko) Version/6.0 Mobile/10B329 Safari/8536.25"
74.47.204.240 - - [18/Aug/2013:20:45:00 -0400] "GET /images/480_yellow_rose_1.JPG HTTP/1.1" 200 43759 "http://www.bogenriefstudios.com/bogenriefgallery/lampshades.html" "Mozilla/5.0 (Linux; U; en-us; KFJWA Build/IMM76D) AppleWebKit/535.19 (KHTML, like Gecko) Silk/3.4 Safari/535.19 Silk-Accelerated=true"
74.47.204.240 - - [18/Aug/2013:20:48:59 -0400] "GET /images/218_P1010067.JPG HTTP/1.1" 200 17270 "http://www.bogenriefstudios.com/bogenriefgallery/stainedglasswindows.html" "Mozilla/5.0 (Linux; U; en-us; KFJWA Build/IMM76D) AppleWebKit/535.19 (KHTML, like Gecko) Silk/3.4 Safari/535.19 Silk-Accelerated=true"
74.47.204.240 - - [18/Aug/2013:20:49:01 -0400] "GET /images/480_web_site-edited.jpg HTTP/1.1" 200 82353 "http://www.bogenriefstudios.com/bogenriefgallery/stainedglasswindows.html" "Mozilla/5.0 (Linux; U; en-us; KFJWA Build/IMM76D) AppleWebKit/535.19 (KHTML, like Gecko) Silk/3.4 Safari/535.19 Silk-Accelerated=true"
74.47.204.240 - - [18/Aug/2013:20:49:03 -0400] "GET /images/617_Omaha_show_039.JPG HTTP/1.1" 200 147886 "http://www.bogenriefstudios.com/bogenriefgallery/stainedglasswindows.html" "Mozilla/5.0 (Linux; U; en-us; KFJWA Build/IMM76D) AppleWebKit/535.19 (KHTML, like Gecko) Silk/3.4 Safari/535.19 Silk-Accelerated=true"
74.47.204.240 - - [18/Aug/2013:20:49:06 -0400] "GET /images/145_DSC_0055.JPG HTTP/1.1" 200 10327 "http://www.bogenriefstudios.com/bogenriefgallery/stainedglasswindows.html" "Mozilla/5.0 (Linux; U; en-us; KFJWA Build/IMM76D) AppleWebKit/535.19 (KHTML, like Gecko) Silk/3.4 Safari/535.19 Silk-Accelerated=true"
74.47.204.240 - - [18/Aug/2013:20:49:07 -0400] "GET /images/218_Q_of_P_comp_3a.JPG HTTP/1.1" 200 10932 "http://www.bogenriefstudios.com/bogenriefgallery/stainedglasswindows.html" "Mozilla/5.0 (Linux; U; en-us; KFJWA Build/IMM76D) AppleWebKit/535.19 (KHTML, like Gecko) Silk/3.4 Safari/535.19 Silk-Accelerated=true"
74.47.204.240 - - [18/Aug/2013:20:49:07 -0400] "GET /images/696_window_triangel.JPG HTTP/1.1" 200 51621 "http://www.bogenriefstudios.com/bogenriefgallery/stainedglasswindows.html" "Mozilla/5.0 (Linux; U; en-us; KFJWA Build/IMM76D) AppleWebKit/535.19 (KHTML, like Gecko) Silk/3.4 Safari/535.19 Silk-Accelerated=true"
74.47.204.240 - - [18/Aug/2013:20:49:09 -0400] "GET /images/696_web_site_1-edited.jpg HTTP/1.1" 200 103405 "http://www.bogenriefstudios.com/bogenriefgallery/stainedglasswindows.html" "Mozilla/5.0 (Linux; U; en-us; KFJWA Build/IMM76D) AppleWebKit/535.19 (KHTML, like Gecko) Silk/3.4 Safari/535.19 Silk-Accelerated=true"
74.47.204.240 - - [18/Aug/2013:20:51:47 -0400] "GET /scripts/1custom.css HTTP/1.1" 200 2496 "http://www.bogenriefstudios.com/history.html" "Mozilla/5.0 (Linux; U; en-us; KFJWA Build/IMM76D) AppleWebKit/535.19 (KHTML, like Gecko) Silk/3.4 Safari/535.19 Silk-Accelerated=true"
74.47.204.240 - - [18/Aug/2013:20:51:47 -0400] "GET /images/200_home_page_1.JPG HTTP/1.1" 200 17861 "http://www.bogenriefstudios.com/history.html" "Mozilla/5.0 (Linux; U; en-us; KFJWA Build/IMM76D) AppleWebKit/535.19 (KHTML, like Gecko) Silk/3.4 Safari/535.19 Silk-Accelerated=true"
74.47.204.240 - - [18/Aug/2013:20:51:47 -0400] "GET /images/300_grape_dome_519.JPG HTTP/1.1" 200 25085 "http://www.bogenriefstudios.com/history.html" "Mozilla/5.0 (Linux; U; en-us; KFJWA Build/IMM76D) AppleWebKit/535.19 (KHTML, like Gecko) Silk/3.4 Safari/535.19 Silk-Accelerated=true"
72.18.44.197 - - [18/Aug/2013:23:45:30 -0400] "GET /onlinestore.html HTTP/1.1" 200 202 "http://www.bogenriefstudios.com/studios.html" "Mozilla/5.0 (iPad; U; CPU OS 3_2_1 like Mac OS X; en-us) AppleWebKit/531.21.10 (KHTML, like Gecko) Version/4.0.4 Mobile/7B405 Safari/531.21.10"
69.204.78.131 - - [18/Aug/2013:16:47:24 -0400] "GET /images/404_12x12%20sm%20scale.jpg HTTP/1.1" 200 64273 "http://kootation.com/woodchuck-antiques-gothic-chandelier-1stdibs.html" "Mozilla/5.0 (compatible; MSIE 10.0; Windows NT 6.1; WOW64; Trident/6.0)"
129.255.1.147 - - [18/Aug/2013:17:20:41 -0400] "GET /images/218_blue_white_chandelier_-_installed-edited.jpg HTTP/1.1" 304 - "-" "Mozilla/4.0 (compatible;)"
5.63.151.189 - - [18/Aug/2013:04:34:52 -0400] "HEAD / HTTP/1.1" 200 - "-" "checks.panopta.com"
166.147.121.163 - - [18/Aug/2013:07:58:25 -0400] "GET /images/682_Daydream_001.jpg HTTP/1.1" 200 215855 "https://www.google.com/" "Mozilla/5.0 (iPhone; CPU iPhone OS 6_1_4 like Mac OS X) AppleWebKit/536.26 (KHTML, like Gecko) Version/6.0 Mobile/10B350 Safari/8536.25"
184.148.63.144 - - [18/Aug/2013:01:39:49 -0400] "GET /scripts/3custom.css HTTP/1.1" 200 3835 "http://www.bogenriefstudios.com/projects.html" "Mozilla/4.0 (compatible; MSIE 8.0; Windows NT 6.0; Trident/4.0; GTB7.5; SLCC1; .NET CLR 2.0.50727; Media Center PC 5.0; .NET CLR 3.5.30729; .NET CLR 3.0.30618; OfficeLiveConnector.1.3; OfficeLivePatch.0.0; BRI/2)"
184.148.63.144 - - [18/Aug/2013:01:39:49 -0400] "GET /scripts/print.css HTTP/1.1" 200 - "http://www.bogenriefstudios.com/projects.html" "Mozilla/4.0 (compatible; MSIE 8.0; Windows NT 6.0; Trident/4.0; GTB7.5; SLCC1; .NET CLR 2.0.50727; Media Center PC 5.0; .NET CLR 3.5.30729; .NET CLR 3.0.30618; OfficeLiveConnector.1.3; OfficeLivePatch.0.0; BRI/2)"
184.148.63.144 - - [18/Aug/2013:01:39:49 -0400] "GET /images/321_Aziza.jpg HTTP/1.1" 200 48989 "http://www.bogenriefstudios.com/projects.html" "Mozilla/4.0 (compatible; MSIE 8.0; Windows NT 6.0; Trident/4.0; GTB7.5; SLCC1; .NET CLR 2.0.50727; Media Center PC 5.0; .NET CLR 3.5.30729; .NET CLR 3.0.30618; OfficeLiveConnector.1.3; OfficeLivePatch.0.0; BRI/2)"
184.148.63.144 - - [18/Aug/2013:01:39:52 -0400] "GET /images/682_web_site_6-edited.jpg HTTP/1.1" 200 129961 "http://www.bogenriefstudios.com/projects.html" "Mozilla/4.0 (compatible; MSIE 8.0; Windows NT 6.0; Trident/4.0; GTB7.5; SLCC1; .NET CLR 2.0.50727; Media Center PC 5.0; .NET CLR 3.5.30729; .NET CLR 3.0.30618; OfficeLiveConnector.1.3; OfficeLivePatch.0.0; BRI/2)"
69.179.4.249 - - [18/Aug/2013:10:13:03 -0400] "GET /images/ic_034_body_bg_wide.jpg HTTP/1.1" 200 90532 "http://www.bogenriefstudios.com/" "Mozilla/5.0 (compatible; MSIE 9.0; Windows NT 6.0; Trident/5.0)"
23.22.218.83 - - [18/Aug/2013:10:41:14 -0400] "HEAD /availableforpurchase.html HTTP/1.1" 200 - "-" "Mozilla/5.0 (Windows; U; MSIE 9.0; Windows NT 9.0; en-US)"
5.63.151.189 - - [18/Aug/2013:13:23:03 -0400] "HEAD / HTTP/1.1" 200 - "-" "checks.panopta.com"
178.151.69.24 - - [18/Aug/2013:17:37:37 -0400] "GET /images/359_Dome_-_hangers_004.jpg HTTP/1.1" 200 34412 "http://www.bogenriefstudios.com/bogenriefgallery/ceilingsdomes.html" "Opera/9.80 (Windows NT 6.1) Presto/2.12.388 Version/12.16"
5.63.151.189 - - [18/Aug/2013:17:39:42 -0400] "HEAD / HTTP/1.1" 200 - "-" "checks.panopta.com"
70.192.194.5 - - [18/Aug/2013:20:33:15 -0400] "GET /images/682_blue_white_chandelier_-_installed-edited.jpg HTTP/1.1" 200 79065 "-" "Dalvik/1.6.0 (Linux; U; Android 4.2.2; SCH-I545 Build/JDQ39)"
74.47.204.240 - - [18/Aug/2013:20:49:42 -0400] "GET /images/107_web_site_7.JPG HTTP/1.1" 200 10289 "http://www.bogenriefstudios.com/bogenriefgallery/stainedglasswindows.html" "Mozilla/5.0 (Linux; U; en-us; KFJWA Build/IMM76D) AppleWebKit/535.19 (KHTML, like Gecko) Silk/3.4 Safari/535.19 Silk-Accelerated=true"
74.47.204.240 - - [18/Aug/2013:20:49:43 -0400] "GET /images/239_rocklin_-_green_circle.jpg HTTP/1.1" 200 43549 "http://www.bogenriefstudios.com/bogenriefgallery/stainedglasswindows.html" "Mozilla/5.0 (Linux; U; en-us; KFJWA Build/IMM76D) AppleWebKit/535.19 (KHTML, like Gecko) Silk/3.4 Safari/535.19 Silk-Accelerated=true"
74.47.204.240 - - [18/Aug/2013:20:49:44 -0400] "GET /images/266_007.JPG HTTP/1.1" 200 81674 "http://www.bogenriefstudios.com/bogenriefgallery/stainedglasswindows.html" "Mozilla/5.0 (Linux; U; en-us; KFJWA Build/IMM76D) AppleWebKit/535.19 (KHTML, like Gecko) Silk/3.4 Safari/535.19 Silk-Accelerated=true"
74.47.204.240 - - [18/Aug/2013:20:49:47 -0400] "GET /images/267_DSC_0091.JPG HTTP/1.1" 200 58816 "http://www.bogenriefstudios.com/bogenriefgallery/stainedglasswindows.html" "Mozilla/5.0 (Linux; U; en-us; KFJWA Build/IMM76D) AppleWebKit/535.19 (KHTML, like Gecko) Silk/3.4 Safari/535.19 Silk-Accelerated=true"
74.47.204.240 - - [18/Aug/2013:20:51:39 -0400] "GET /favicon.ico HTTP/1.1" 404 575 "-" "Mozilla/5.0 (Linux; U; en-us; KFJWA Build/IMM76D) AppleWebKit/535.19 (KHTML, like Gecko) Silk/3.4 Safari/535.19 Silk-Accelerated=true"
5.63.151.189 - - [18/Aug/2013:03:49:45 -0400] "HEAD / HTTP/1.1" 200 - "-" "checks.panopta.com"
66.249.75.119 - - [18/Aug/2013:04:06:20 -0400] "GET /contactus.html HTTP/1.1" 200 11250 "-" "Mozilla/5.0 (compatible; Googlebot/2.1; +http://www.google.com/bot.html)"
108.28.196.119 - - [18/Aug/2013:01:38:03 -0400] "GET /images/682_Daydream_001.jpg HTTP/1.1" 200 215855 "http://www.google.com/search?client=safari&hl=en&biw=768&bih=928&tbm=isch&sa=1&ei=pV0QUtXqNcHXyAHDxYHQAg&q=alphonse+mucha+flower&oq=alphonse+mucha+flower&gs_l=img.3..0l3.10507.13713.0.14969.7.4.0.3.3.0.157.504.1j3.4.0....0...1c.1.25.img..0.7.543.xikuw9Dkr-M" "Mozilla/5.0 (iPad; CPU OS 5_1_1 like Mac OS X) AppleWebKit/534.46 (KHTML, like Gecko) Version/5.1 Mobile/9B206 Safari/7534.48.3"
178.172.232.245 - - [18/Aug/2013:02:56:09 -0400] "GET /images/677_SF_grapes_013.JPG HTTP/1.1" 200 216725 "-" "Mozilla/5.0 (Linux; U; Android 4.1.2; ru-ru; GT-I9105 Build/JZO54K) AppleWebKit/534.30 (KHTML, like Gecko) Version/4.0 Mobile Safari/534.30"
5.63.151.189 - - [18/Aug/2013:06:35:28 -0400] "HEAD / HTTP/1.1" 200 - "-" "checks.panopta.com"
95.28.71.36 - - [18/Aug/2013:08:08:27 -0400] "GET /favicon.ico HTTP/1.1" 404 575 "-" "Mozilla/5.0 (Windows NT 6.2; WOW64) AppleWebKit/537.22 (KHTML, like Gecko) Chrome/25.0.1364.172 YaBrowser/1.7.1364.21027 Safari/537.22"
5.63.151.189 - - [18/Aug/2013:13:38:05 -0400] "HEAD / HTTP/1.1" 200 - "-" "checks.panopta.com"
131.253.24.126 - - [18/Aug/2013:09:42:41 -0400] "GET /images/682_blue_white_chandelier_-_installed-edited.jpg HTTP/1.1" 200 79065 "http://ochandelier.net/glass-blown-chandelier/" "Mozilla/5.0 (Windows NT 6.1; WOW64) AppleWebKit/534+ (KHTML, like Gecko) BingPreview/1.0b"
64.201.57.120 - - [18/Aug/2013:10:41:15 -0400] "GET /availableforpurchase.html HTTP/1.1" 200 22554 "http://pinterest.com/pin/249246160600144261/" "Mozilla/5.0 (Windows NT 6.1; WOW64) AppleWebKit/537.36 (KHTML, like Gecko) Chrome/28.0.1500.95 Safari/537.36"
64.201.57.120 - - [18/Aug/2013:10:41:15 -0400] "GET /scripts/user.js HTTP/1.1" 200 23762 "http://www.bogenriefstudios.com/availableforpurchase.html" "Mozilla/5.0 (Windows NT 6.1; WOW64) AppleWebKit/537.36 (KHTML, like Gecko) Chrome/28.0.1500.95 Safari/537.36"
64.201.57.120 - - [18/Aug/2013:10:41:16 -0400] "GET /images/682_P1010006A.JPG HTTP/1.1" 200 33508 "http://www.bogenriefstudios.com/availableforpurchase.html" "Mozilla/5.0 (Windows NT 6.1; WOW64) AppleWebKit/537.36 (KHTML, like Gecko) Chrome/28.0.1500.95 Safari/537.36"
5.63.151.189 - - [18/Aug/2013:15:08:55 -0400] "GET / HTTP/1.1" 200 13883 "-" "checks.panopta.com"
178.137.128.12 - - [18/Aug/2013:17:16:15 -0400] "GET /home.html HTTP/1.1" 200 27081 "http://sivs.ru/" "Opera/9.00 (Windows NT 5.1; U; en)"
178.151.69.24 - - [18/Aug/2013:17:25:21 -0400] "GET /images/145_DSC_0238.JPG HTTP/1.1" 200 9335 "http://www.bogenriefstudios.com/bogenriefgallery/ceilingsdomes.html" "Opera/9.80 (Windows NT 6.1) Presto/2.12.388 Version/12.16"
178.151.69.24 - - [18/Aug/2013:17:25:21 -0400] "GET /images/218_for_sale_5_008.JPG HTTP/1.1" 200 8722 "http://www.bogenriefstudios.com/bogenriefgallery/ceilingsdomes.html" "Opera/9.80 (Windows NT 6.1) Presto/2.12.388 Version/12.16"
178.151.69.24 - - [18/Aug/2013:17:25:21 -0400] "GET /images/218_Ceiling_-_Lauritzen_Gardens_030_-_cropped.jpg HTTP/1.1" 200 13271 "http://www.bogenriefstudios.com/bogenriefgallery/ceilingsdomes.html" "Opera/9.80 (Windows NT 6.1) Presto/2.12.388 Version/12.16"
178.151.69.24 - - [18/Aug/2013:17:25:21 -0400] "GET /images/218_Dome9.jpg HTTP/1.1" 200 10444 "http://www.bogenriefstudios.com/bogenriefgallery/ceilingsdomes.html" "Opera/9.80 (Windows NT 6.1) Presto/2.12.388 Version/12.16"
178.151.69.24 - - [18/Aug/2013:17:25:21 -0400] "GET /images/480_Water_Lily_Dome.JPG HTTP/1.1" 200 69536 "http://www.bogenriefstudios.com/bogenriefgallery/ceilingsdomes.html" "Opera/9.80 (Windows NT 6.1) Presto/2.12.388 Version/12.16"
124.182.110.151 - - [18/Aug/2013:17:49:54 -0400] "GET /images/392_P1010004-edited.jpg HTTP/1.1" 200 71852 "http://www.google.com.au/search?q=bevelled+glass+designs&client=safari&hl=en&tbm=isch&tbo=u&source=univ&sa=X&ei=I0ERUpbTM-m4iQfby4D4AQ&ved=0CDYQsAQ&biw=768&bih=928" "Mozilla/5.0 (iPad; CPU OS 5_1_1 like Mac OS X) AppleWebKit/534.46 (KHTML, like Gecko) Version/5.1 Mobile/9B206 Safari/7534.48.3"
5.63.151.189 - - [18/Aug/2013:19:56:07 -0400] "HEAD / HTTP/1.1" 200 - "-" "checks.panopta.com"
74.47.204.240 - - [18/Aug/2013:20:49:45 -0400] "GET /images/165_rocklin_-_green_circle.jpg HTTP/1.1" 200 24113 "http://www.bogenriefstudios.com/bogenriefgallery/stainedglasswindows.html" "Mozilla/5.0 (Linux; U; en-us; KFJWA Build/IMM76D) AppleWebKit/535.19 (KHTML, like Gecko) Silk/3.4 Safari/535.19 Silk-Accelerated=true"
74.47.204.240 - - [18/Aug/2013:20:49:45 -0400] "GET /images/431_P1010130.JPG HTTP/1.1" 200 72434 "http://www.bogenriefstudios.com/bogenriefgallery/stainedglasswindows.html" "Mozilla/5.0 (Linux; U; en-us; KFJWA Build/IMM76D) AppleWebKit/535.19 (KHTML, like Gecko) Silk/3.4 Safari/535.19 Silk-Accelerated=true"
74.47.204.240 - - [18/Aug/2013:20:49:50 -0400] "GET /images/191_DSC_0051.JPG HTTP/1.1" 200 34780 "http://www.bogenriefstudios.com/bogenriefgallery/stainedglasswindows.html" "Mozilla/5.0 (Linux; U; en-us; KFJWA Build/IMM76D) AppleWebKit/535.19 (KHTML, like Gecko) Silk/3.4 Safari/535.19 Silk-Accelerated=true"
74.47.204.240 - - [18/Aug/2013:20:49:51 -0400] "GET /images/218_web_site_8.JPG HTTP/1.1" 200 9303 "http://www.bogenriefstudios.com/bogenriefgallery/stainedglasswindows.html" "Mozilla/5.0 (Linux; U; en-us; KFJWA Build/IMM76D) AppleWebKit/535.19 (KHTML, like Gecko) Silk/3.4 Safari/535.19 Silk-Accelerated=true"
74.47.204.240 - - [18/Aug/2013:20:49:51 -0400] "GET /images/465_DSC_0317.JPG HTTP/1.1" 200 57289 "http://www.bogenriefstudios.com/bogenriefgallery/stainedglasswindows.html" "Mozilla/5.0 (Linux; U; en-us; KFJWA Build/IMM76D) AppleWebKit/535.19 (KHTML, like Gecko) Silk/3.4 Safari/535.19 Silk-Accelerated=true"
74.47.204.240 - - [18/Aug/2013:20:49:53 -0400] "GET /images/144_window_rose.JPG HTTP/1.1" 200 13788 "http://www.bogenriefstudios.com/bogenriefgallery/stainedglasswindows.html" "Mozilla/5.0 (Linux; U; en-us; KFJWA Build/IMM76D) AppleWebKit/535.19 (KHTML, like Gecko) Silk/3.4 Safari/535.19 Silk-Accelerated=true"
74.47.204.240 - - [18/Aug/2013:20:49:55 -0400] "GET /images/175_SF_grapes_006.JPG HTTP/1.1" 200 15651 "http://www.bogenriefstudios.com/bogenriefgallery/stainedglasswindows.html" "Mozilla/5.0 (Linux; U; en-us; KFJWA Build/IMM76D) AppleWebKit/535.19 (KHTML, like Gecko) Silk/3.4 Safari/535.19 Silk-Accelerated=true"
74.47.204.240 - - [18/Aug/2013:20:51:47 -0400] "GET /images/300_window_dolphins.JPG HTTP/1.1" 200 33249 "http://www.bogenriefstudios.com/history.html" "Mozilla/5.0 (Linux; U; en-us; KFJWA Build/IMM76D) AppleWebKit/535.19 (KHTML, like Gecko) Silk/3.4 Safari/535.19 Silk-Accelerated=true"
208.54.4.166 - - [18/Aug/2013:21:48:19 -0400] "GET /images/682_Daydream_001.jpg HTTP/1.1" 200 215855 "https://www.google.com/" "Mozilla/5.0 (iPhone; CPU iPhone OS 6_1_3 like Mac OS X) AppleWebKit/536.26 (KHTML, like Gecko) Version/6.0 Mobile/10B329 Safari/8536.25"
87.244.90.5 - - [18/Aug/2013:14:44:05 -0400] "GET /images/682_blue_white_chandelier_-_installed-edited.jpg HTTP/1.1" 200 79065 "-" "Mozilla/5.0 (Macintosh; Intel Mac OS X 10_7_5) AppleWebKit/537.36 (KHTML, like Gecko) Chrome/28.0.1500.95 Safari/537.36"
66.249.75.165 - - [18/Aug/2013:10:11:58 -0400] "GET /scripts/5custom.css HTTP/1.1" 200 1820 "-" "Mozilla/5.0 (compatible; Googlebot/2.1; +http://www.google.com/bot.html)"
5.63.151.189 - - [18/Aug/2013:17:24:40 -0400] "HEAD / HTTP/1.1" 200 - "-" "checks.panopta.com"
198.105.219.58 - - [18/Aug/2013:18:10:20 -0400] "HEAD / HTTP/1.1" 200 - "-" "checks.panopta.com"
74.47.204.240 - - [18/Aug/2013:19:18:12 -0400] "GET /scripts/ic_globals_published.js HTTP/1.1" 200 566 "http://www.bogenriefstudios.com/" "Mozilla/5.0 (Linux; U; en-us; KFJWA Build/IMM76D) AppleWebKit/535.19 (KHTML, like Gecko) Silk/3.4 Safari/535.19 Silk-Accelerated=true"
74.47.204.240 - - [18/Aug/2013:19:18:13 -0400] "GET /scripts/icwebsiteelement.css HTTP/1.1" 200 8132 "http://www.bogenriefstudios.com/" "Mozilla/5.0 (Linux; U; en-us; KFJWA Build/IMM76D) AppleWebKit/535.19 (KHTML, like Gecko) Silk/3.4 Safari/535.19 Silk-Accelerated=true"
74.47.204.240 - - [18/Aug/2013:19:18:14 -0400] "GET /images/198_052_2_.JPG HTTP/1.1" 200 7649 "http://www.bogenriefstudios.com/" "Mozilla/5.0 (Linux; U; en-us; KFJWA Build/IMM76D) AppleWebKit/535.19 (KHTML, like Gecko) Silk/3.4 Safari/535.19 Silk-Accelerated=true"
74.47.204.240 - - [18/Aug/2013:19:18:15 -0400] "GET /images/198_023.JPG HTTP/1.1" 200 9799 "http://www.bogenriefstudios.com/" "Mozilla/5.0 (Linux; U; en-us; KFJWA Build/IMM76D) AppleWebKit/535.19 (KHTML, like Gecko) Silk/3.4 Safari/535.19 Silk-Accelerated=true"
74.47.204.240 - - [18/Aug/2013:20:47:40 -0400] "GET /images/photoalbum/button_photoNext_ON.jpg HTTP/1.1" 200 664 "http://www.bogenriefstudios.com/bogenriefgallery/lampshades.html" "Mozilla/5.0 (Linux; U; en-us; KFJWA Build/IMM76D) AppleWebKit/535.19 (KHTML, like Gecko) Silk/3.4 Safari/535.19 Silk-Accelerated=true"
74.47.204.240 - - [18/Aug/2013:20:48:43 -0400] "GET /scripts/21custom.css HTTP/1.1" 200 805 "http://www.bogenriefstudios.com/bogenriefgallery/stainedglasswindows.html" "Mozilla/5.0 (Linux; U; en-us; KFJWA Build/IMM76D) AppleWebKit/535.19 (KHTML, like Gecko) Silk/3.4 Safari/535.19 Silk-Accelerated=true"
74.47.204.240 - - [18/Aug/2013:20:48:44 -0400] "GET /images/696_Grout_Museum_veterans_memorial_wall.jpg HTTP/1.1" 200 61793 "http://www.bogenriefstudios.com/bogenriefgallery/stainedglasswindows.html" "Mozilla/5.0 (Linux; U; en-us; KFJWA Build/IMM76D) AppleWebKit/535.19 (KHTML, like Gecko) Silk/3.4 Safari/535.19 Silk-Accelerated=true"
74.47.204.240 - - [18/Aug/2013:20:49:08 -0400] "GET /images/696_window_oval.jpg HTTP/1.1" 200 83660 "http://www.bogenriefstudios.com/bogenriefgallery/stainedglasswindows.html" "Mozilla/5.0 (Linux; U; en-us; KFJWA Build/IMM76D) AppleWebKit/535.19 (KHTML, like Gecko) Silk/3.4 Safari/535.19 Silk-Accelerated=true"
74.47.204.240 - - [18/Aug/2013:20:49:11 -0400] "GET /images/218_web_site_9-edited.jpg HTTP/1.1" 200 9836 "http://www.bogenriefstudios.com/bogenriefgallery/stainedglasswindows.html" "Mozilla/5.0 (Linux; U; en-us; KFJWA Build/IMM76D) AppleWebKit/535.19 (KHTML, like Gecko) Silk/3.4 Safari/535.19 Silk-Accelerated=true"
74.47.204.240 - - [18/Aug/2013:20:49:11 -0400] "GET /images/696_000_0031.JPG HTTP/1.1" 200 141541 "http://www.bogenriefstudios.com/bogenriefgallery/stainedglasswindows.html" "Mozilla/5.0 (Linux; U; en-us; KFJWA Build/IMM76D) AppleWebKit/535.19 (KHTML, like Gecko) Silk/3.4 Safari/535.19 Silk-Accelerated=true"
74.47.204.240 - - [18/Aug/2013:20:49:44 -0400] "GET /images/184_007.JPG HTTP/1.1" 200 41714 "http://www.bogenriefstudios.com/bogenriefgallery/stainedglasswindows.html" "Mozilla/5.0 (Linux; U; en-us; KFJWA Build/IMM76D) AppleWebKit/535.19 (KHTML, like Gecko) Silk/3.4 Safari/535.19 Silk-Accelerated=true"
74.47.204.240 - - [18/Aug/2013:20:49:46 -0400] "GET /images/343_009.JPG HTTP/1.1" 200 45821 "http://www.bogenriefstudios.com/bogenriefgallery/stainedglasswindows.html" "Mozilla/5.0 (Linux; U; en-us; KFJWA Build/IMM76D) AppleWebKit/535.19 (KHTML, like Gecko) Silk/3.4 Safari/535.19 Silk-Accelerated=true"
74.47.204.240 - - [18/Aug/2013:20:49:48 -0400] "GET /images/76_window_grapevines.JPG HTTP/1.1" 200 8055 "http://www.bogenriefstudios.com/bogenriefgallery/stainedglasswindows.html" "Mozilla/5.0 (Linux; U; en-us; KFJWA Build/IMM76D) AppleWebKit/535.19 (KHTML, like Gecko) Silk/3.4 Safari/535.19 Silk-Accelerated=true"
74.47.204.240 - - [18/Aug/2013:20:49:50 -0400] "GET /images/323_lincoln,_NE_012.jpg HTTP/1.1" 200 56870 "http://www.bogenriefstudios.com/bogenriefgallery/stainedglasswindows.html" "Mozilla/5.0 (Linux; U; en-us; KFJWA Build/IMM76D) AppleWebKit/535.19 (KHTML, like Gecko) Silk/3.4 Safari/535.19 Silk-Accelerated=true"
66.249.75.165 - - [18/Aug/2013:03:14:01 -0400] "GET /pricing.html HTTP/1.1" 304 - "-" "Mozilla/5.0 (iPhone; U; CPU iPhone OS 4_1 like Mac OS X; en-us) AppleWebKit/532.9 (KHTML, like Gecko) Version/4.0.5 Mobile/8B117 Safari/6531.22.7 (compatible; Googlebot-Mobile/2.1; +http://www.google.com/bot.html)"
218.23.226.35 - - [18/Aug/2013:05:40:08 -0400] "GET /history/inthenews.html HTTP/1.1" 200 8138 "-" "Mozilla/4.0 (compatible; MSIE 6.0; Windows NT 5.1; .NET CLR 2.0.50727; .NET CLR 3.0.4506.2152; .NET CLR 3.5.30729)"
149.200.151.181 - - [18/Aug/2013:05:51:09 -0400] "GET /images/314_Lauritzen_Gardens_42_.jpg HTTP/1.1" 200 31524 "http://www.google.jo/search?tbm=isch&ei=wJcQUuf7L6Tt0gX2kIDICw&oq=stained+glass+ceiling+&gs_l=img.3..0l7j0i5l2.8914.9882.0.10999.6.5.0.0.0.1.273.496.2-2.2.0....0...1c.1.25.img..5.1.271.Artf-Txwk9E&q=stained%20glass%20ceiling&biw=1280&bih=800&sei=3pgQUqrjFoSn0QWLpoDoBQ" "Mozilla/5.0 (Linux; U; Android 4.1.2; en-gb; GT-N8000 Build/JZO54K) AppleWebKit/534.30 (KHTML, like Gecko) Version/4.0 Safari/534.30"
199.30.80.110 - - [18/Aug/2013:22:25:44 -0400] "GET / HTTP/1.1" 200 13883 "-" "Mozilla/5.0 (X11; U; Linux x86_64; en-US; rv:1.9.2.24) Gecko/20111107 Ubuntu/10.04 (lucid) Firefox/3.6.24"
199.30.80.110 - - [18/Aug/2013:22:25:47 -0400] "GET /scripts/ic_globals_published.js HTTP/1.1" 200 566 "http://www.bogenriefstudios.com/" "Mozilla/5.0 (X11; U; Linux x86_64; en-US; rv:1.9.2.24) Gecko/20111107 Ubuntu/10.04 (lucid) Firefox/3.6.24"
199.30.80.110 - - [18/Aug/2013:22:25:47 -0400] "GET /scripts/user.js HTTP/1.1" 200 23762 "http://www.bogenriefstudios.com/" "Mozilla/5.0 (X11; U; Linux x86_64; en-US; rv:1.9.2.24) Gecko/20111107 Ubuntu/10.04 (lucid) Firefox/3.6.24"
199.30.80.110 - - [18/Aug/2013:22:25:48 -0400] "GET /images/682_post_card.JPG HTTP/1.1" 200 133316 "http://www.bogenriefstudios.com/" "Mozilla/5.0 (X11; U; Linux x86_64; en-US; rv:1.9.2.24) Gecko/20111107 Ubuntu/10.04 (lucid) Firefox/3.6.24"
199.30.80.110 - - [18/Aug/2013:22:25:48 -0400] "GET /scripts/icwebsiteelement.css HTTP/1.1" 200 8132 "http://www.bogenriefstudios.com/" "Mozilla/5.0 (X11; U; Linux x86_64; en-US; rv:1.9.2.24) Gecko/20111107 Ubuntu/10.04 (lucid) Firefox/3.6.24"
199.30.80.110 - - [18/Aug/2013:22:25:49 -0400] "GET /images/ic_034_body_bg_wide.jpg HTTP/1.1" 200 90532 "http://www.bogenriefstudios.com/scripts/template.css" "Mozilla/5.0 (X11; U; Linux x86_64; en-US; rv:1.9.2.24) Gecko/20111107 Ubuntu/10.04 (lucid) Firefox/3.6.24"
95.165.15.48 - - [18/Aug/2013:23:02:14 -0400] "GET /images/682_elephant-completed.jpg HTTP/1.1" 200 260073 "http://www.liveinternet.ru/users/oks77/post157534646" "Mozilla/5.0 (Windows NT 6.1; WOW64) AppleWebKit/537.17 (KHTML, like Gecko) Chrome/24.0.1312.71 Safari/537.17 YE"
5.63.151.189 - - [18/Aug/2013:01:33:30 -0400] "HEAD / HTTP/1.1" 200 - "-" "checks.panopta.com"
184.148.63.144 - - [18/Aug/2013:01:39:49 -0400] "GET /scripts/template.css HTTP/1.1" 200 9956 "http://www.bogenriefstudios.com/projects.html" "Mozilla/4.0 (compatible; MSIE 8.0; Windows NT 6.0; Trident/4.0; GTB7.5; SLCC1; .NET CLR 2.0.50727; Media Center PC 5.0; .NET CLR 3.5.30729; .NET CLR 3.0.30618; OfficeLiveConnector.1.3; OfficeLivePatch.0.0; BRI/2)"
184.148.63.144 - - [18/Aug/2013:01:39:49 -0400] "GET /images/68.jpg HTTP/1.1" 200 11436 "http://www.bogenriefstudios.com/projects.html" "Mozilla/4.0 (compatible; MSIE 8.0; Windows NT 6.0; Trident/4.0; GTB7.5; SLCC1; .NET CLR 2.0.50727; Media Center PC 5.0; .NET CLR 3.5.30729; .NET CLR 3.0.30618; OfficeLiveConnector.1.3; OfficeLivePatch.0.0; BRI/2)"
184.148.63.144 - - [18/Aug/2013:01:39:49 -0400] "GET /images/682_web_site_4-edited.jpg HTTP/1.1" 200 151078 "http://www.bogenriefstudios.com/projects.html" "Mozilla/4.0 (compatible; MSIE 8.0; Windows NT 6.0; Trident/4.0; GTB7.5; SLCC1; .NET CLR 2.0.50727; Media Center PC 5.0; .NET CLR 3.5.30729; .NET CLR 3.0.30618; OfficeLiveConnector.1.3; OfficeLivePatch.0.0; BRI/2)"
5.63.151.189 - - [18/Aug/2013:02:04:09 -0400] "HEAD / HTTP/1.1" 200 - "-" "checks.panopta.com"
69.179.4.249 - - [18/Aug/2013:10:12:51 -0400] "GET /scripts/template.css HTTP/1.1" 200 9956 "http://www.bogenriefstudios.com/" "Mozilla/5.0 (compatible; MSIE 9.0; Windows NT 6.0; Trident/5.0)"
69.179.4.249 - - [18/Aug/2013:10:12:53 -0400] "GET /images/321_David_s_dome_002.JPG HTTP/1.1" 200 23041 "http://www.bogenriefstudios.com/" "Mozilla/5.0 (compatible; MSIE 9.0; Windows NT 6.0; Trident/5.0)"
69.179.4.249 - - [18/Aug/2013:10:13:03 -0400] "GET /images/68.jpg HTTP/1.1" 200 11436 "http://www.bogenriefstudios.com/" "Mozilla/5.0 (compatible; MSIE 9.0; Windows NT 6.0; Trident/5.0)"
64.201.57.120 - - [18/Aug/2013:10:41:15 -0400] "GET /scripts/template.css HTTP/1.1" 200 9956 "http://www.bogenriefstudios.com/availableforpurchase.html" "Mozilla/5.0 (Windows NT 6.1; WOW64) AppleWebKit/537.36 (KHTML, like Gecko) Chrome/28.0.1500.95 Safari/537.36"
64.201.57.120 - - [18/Aug/2013:10:41:16 -0400] "GET /images/629_Four_Seasons_-_Summer_001.jpg HTTP/1.1" 200 258482 "http://www.bogenriefstudios.com/availableforpurchase.html" "Mozilla/5.0 (Windows NT 6.1; WOW64) AppleWebKit/537.36 (KHTML, like Gecko) Chrome/28.0.1500.95 Safari/537.36"
98.208.160.26 - - [18/Aug/2013:19:23:36 -0400] "GET /bogenriefgallery/ceilingsdomes.html HTTP/1.1" 200 17476 "http://www.bogenriefstudios.com/projects.html" "Mozilla/5.0 (iPad; CPU OS 6_1_3 like Mac OS X) AppleWebKit/536.26 (KHTML, like Gecko) Version/6.0 Mobile/10B329 Safari/8536.25"
98.208.160.26 - - [18/Aug/2013:19:23:36 -0400] "GET /images/photoalbum/button_photoPlay.jpg HTTP/1.1" 200 613 "http://www.bogenriefstudios.com/bogenriefgallery/ceilingsdomes.html" "Mozilla/5.0 (iPad; CPU OS 6_1_3 like Mac OS X) AppleWebKit/536.26 (KHTML, like Gecko) Version/6.0 Mobile/10B329 Safari/8536.25"
98.208.160.26 - - [18/Aug/2013:19:23:36 -0400] "GET /images/photoalbum/button_photoFirst.jpg HTTP/1.1" 200 637 "http://www.bogenriefstudios.com/bogenriefgallery/ceilingsdomes.html" "Mozilla/5.0 (iPad; CPU OS 6_1_3 like Mac OS X) AppleWebKit/536.26 (KHTML, like Gecko) Version/6.0 Mobile/10B329 Safari/8536.25"
98.208.160.26 - - [18/Aug/2013:19:23:36 -0400] "GET /images/photoalbum/button_photoSpeed3_ON.jpg HTTP/1.1" 200 587 "http://www.bogenriefstudios.com/bogenriefgallery/ceilingsdomes.html" "Mozilla/5.0 (iPad; CPU OS 6_1_3 like Mac OS X) AppleWebKit/536.26 (KHTML, like Gecko) Version/6.0 Mobile/10B329 Safari/8536.25"
98.208.160.26 - - [18/Aug/2013:19:23:37 -0400] "GET /images/photoalbum/photo_controlBG.jpg HTTP/1.1" 200 336 "http://www.bogenriefstudios.com/bogenriefgallery/ceilingsdomes.html" "Mozilla/5.0 (iPad; CPU OS 6_1_3 like Mac OS X) AppleWebKit/536.26 (KHTML, like Gecko) Version/6.0 Mobile/10B329 Safari/8536.25"
98.208.160.26 - - [18/Aug/2013:19:23:37 -0400] "GET /images/218_P1010001.JPG HTTP/1.1" 200 13416 "http://www.bogenriefstudios.com/bogenriefgallery/ceilingsdomes.html" "Mozilla/5.0 (iPad; CPU OS 6_1_3 like Mac OS X) AppleWebKit/536.26 (KHTML, like Gecko) Version/6.0 Mobile/10B329 Safari/8536.25"
98.208.160.26 - - [18/Aug/2013:19:23:37 -0400] "GET /images/696_David_Siegel_Dome.jpg HTTP/1.1" 200 137677 "http://www.bogenriefstudios.com/bogenriefgallery/ceilingsdomes.html" "Mozilla/5.0 (iPad; CPU OS 6_1_3 like Mac OS X) AppleWebKit/536.26 (KHTML, like Gecko) Version/6.0 Mobile/10B329 Safari/8536.25"
98.208.160.26 - - [18/Aug/2013:19:23:38 -0400] "GET /images/480_David_Siegel_s_Dome.jpg HTTP/1.1" 200 69275 "http://www.bogenriefstudios.com/bogenriefgallery/ceilingsdomes.html" "Mozilla/5.0 (iPad; CPU OS 6_1_3 like Mac OS X) AppleWebKit/536.26 (KHTML, like Gecko) Version/6.0 Mobile/10B329 Safari/8536.25"
98.208.160.26 - - [18/Aug/2013:19:23:38 -0400] "GET /images/198_JDome2.jpg HTTP/1.1" 200 18865 "http://www.bogenriefstudios.com/bogenriefgallery/ceilingsdomes.html" "Mozilla/5.0 (iPad; CPU OS 6_1_3 like Mac OS X) AppleWebKit/536.26 (KHTML, like Gecko) Version/6.0 Mobile/10B329 Safari/8536.25"
98.208.160.26 - - [18/Aug/2013:19:23:38 -0400] "GET /images/438_JDome2.jpg HTTP/1.1" 200 72533 "http://www.bogenriefstudios.com/bogenriefgallery/ceilingsdomes.html" "Mozilla/5.0 (iPad; CPU OS 6_1_3 like Mac OS X) AppleWebKit/536.26 (KHTML, like Gecko) Version/6.0 Mobile/10B329 Safari/8536.25"
98.208.160.26 - - [18/Aug/2013:19:23:38 -0400] "GET /images/696_ceilings_4_.jpg HTTP/1.1" 200 88028 "http://www.bogenriefstudios.com/bogenriefgallery/ceilingsdomes.html" "Mozilla/5.0 (iPad; CPU OS 6_1_3 like Mac OS X) AppleWebKit/536.26 (KHTML, like Gecko) Version/6.0 Mobile/10B329 Safari/8536.25"
98.208.160.26 - - [18/Aug/2013:19:23:39 -0400] "GET /images/218_ceilings_4_.jpg HTTP/1.1" 200 12993 "http://www.bogenriefstudios.com/bogenriefgallery/ceilingsdomes.html" "Mozilla/5.0 (iPad; CPU OS 6_1_3 like Mac OS X) AppleWebKit/536.26 (KHTML, like Gecko) Version/6.0 Mobile/10B329 Safari/8536.25"
98.208.160.26 - - [18/Aug/2013:19:23:39 -0400] "GET /images/218_Dome10.jpg HTTP/1.1" 200 10522 "http://www.bogenriefstudios.com/bogenriefgallery/ceilingsdomes.html" "Mozilla/5.0 (iPad; CPU OS 6_1_3 like Mac OS X) AppleWebKit/536.26 (KHTML, like Gecko) Version/6.0 Mobile/10B329 Safari/8536.25"
98.208.160.26 - - [18/Aug/2013:19:23:39 -0400] "GET /images/480_Dome10.jpg HTTP/1.1" 200 41460 "http://www.bogenriefstudios.com/bogenriefgallery/ceilingsdomes.html" "Mozilla/5.0 (iPad; CPU OS 6_1_3 like Mac OS X) AppleWebKit/536.26 (KHTML, like Gecko) Version/6.0 Mobile/10B329 Safari/8536.25"
98.208.160.26 - - [18/Aug/2013:19:23:39 -0400] "GET /images/696_Dome9.jpg HTTP/1.1" 200 87543 "http://www.bogenriefstudios.com/bogenriefgallery/ceilingsdomes.html" "Mozilla/5.0 (iPad; CPU OS 6_1_3 like Mac OS X) AppleWebKit/536.26 (KHTML, like Gecko) Version/6.0 Mobile/10B329 Safari/8536.25"
98.208.160.26 - - [18/Aug/2013:19:23:40 -0400] "GET /images/218_Dome9.jpg HTTP/1.1" 200 10444 "http://www.bogenriefstudios.com/bogenriefgallery/ceilingsdomes.html" "Mozilla/5.0 (iPad; CPU OS 6_1_3 like Mac OS X) AppleWebKit/536.26 (KHTML, like Gecko) Version/6.0 Mobile/10B329 Safari/8536.25"
98.208.160.26 - - [18/Aug/2013:19:23:40 -0400] "GET /images/218_SUTH0079.jpg HTTP/1.1" 200 14693 "http://www.bogenriefstudios.com/bogenriefgallery/ceilingsdomes.html" "Mozilla/5.0 (iPad; CPU OS 6_1_3 like Mac OS X) AppleWebKit/536.26 (KHTML, like Gecko) Version/6.0 Mobile/10B329 Safari/8536.25"
98.208.160.26 - - [18/Aug/2013:19:23:40 -0400] "GET /images/480_SUTH0079.jpg HTTP/1.1" 200 56870 "http://www.bogenriefstudios.com/bogenriefgallery/ceilingsdomes.html" "Mozilla/5.0 (iPad; CPU OS 6_1_3 like Mac OS X) AppleWebKit/536.26 (KHTML, like Gecko) Version/6.0 Mobile/10B329 Safari/8536.25"
71.3.227.123 - - [18/Aug/2013:20:04:46 -0400] "GET /images/682_spider_mum_009.JPG HTTP/1.1" 200 68685 "http://images.search.yahoo.com/images/view;_ylt=A0PDoQ4JYRFSfSgAqAiJzbkF;_ylu=X3oDMTFxZzVjczByBHNlYwNzcgRzbGsDaW1nBG9pZAM5ZTU4MmQ5YzY0OGU5MDgyNjU2N2NhMzQxMTk0YmQ3MwRncG9zAzg-?back=http%3A%2F%2Fimages.search.yahoo.com%2Fsearch%2Fimages%3F_adv_prop%3Dimage%26va%3Dspider%2Bmum%2Blamp%26fr%3Dipad%26tab%3Dorganic%26ri%3D8&w=249&h=319&imgurl=www.prices4antiques.com%2Fitem_images%2Fmedium%2F50%2F79%2F42-01.jpg&rurl=http%3A%2F%2Fwww.prices4antiques.com%2FTable-Lamp-Porcelli-Studios-Leaded-Glass-Spider-Mum-29-inch-D9742057.htm&size=24.4KB&name=lighting%2C+Pennsylvania%2C+A+Paul+Crist+table+%3Cb%3Elamp+%3C%2Fb%3Ehaving+a+%3Cb%3ESpider+Mum+%3C%2Fb%3E...&p=spider+mum+lamp&oid=9e582d9c648e90826567ca341194bd73&fr2=&fr=ipad&tt=lighting%2C+Pennsylvania%2C+A+Paul+Crist+table+%3Cb%3Elamp+%3C%2Fb%3Ehaving+a+%3Cb%3ESpider+Mum+%3C%2Fb%3E...&b=0&ni=72&no=8&ts=&tab=organic&sigr=137q3gjai&sigb=138845s3n&sigi=11qsuvlpi&.crumb=GiFSWRBrsD.&fr=ipad" "Mozilla/5.0 (iPad; CPU OS 6_1_3 like Mac OS X) AppleWebKit/536.26 (KHTML, like Gecko) Version/6.0 Mobile/10B329 Safari/8536.25"
74.47.204.240 - - [18/Aug/2013:20:45:08 -0400] "GET /images/218_tile_with_flowers.JPG HTTP/1.1" 200 7264 "http://www.bogenriefstudios.com/bogenriefgallery/lampshades.html" "Mozilla/5.0 (Linux; U; en-us; KFJWA Build/IMM76D) AppleWebKit/535.19 (KHTML, like Gecko) Silk/3.4 Safari/535.19 Silk-Accelerated=true"
74.47.204.240 - - [18/Aug/2013:20:45:11 -0400] "GET /favicon.ico HTTP/1.1" 404 575 "-" "Mozilla/5.0 (Linux; U; en-us; KFJWA Build/IMM76D) AppleWebKit/535.19 (KHTML, like Gecko) Silk/3.4 Safari/535.19 Silk-Accelerated=true"
5.63.151.189 - - [18/Aug/2013:21:56:34 -0400] "HEAD / HTTP/1.1" 200 - "-" "checks.panopta.com"
123.125.71.98 - - [18/Aug/2013:23:00:39 -0400] "GET /robots.txt HTTP/1.1" 200 25 "-" "Mozilla/5.0 (compatible; Baiduspider/2.0; +http://www.baidu.com/search/spider.html)"
58.161.17.221 - - [18/Aug/2013:03:27:37 -0400] "GET /images/404_12x12%20sm%20scale.jpg HTTP/1.1" 200 64273 "https://www.google.com.au/" "Mozilla/5.0 (iPhone; CPU iPhone OS 6_1 like Mac OS X) AppleWebKit/536.26 (KHTML, like Gecko) Version/6.0 Mobile/10B142 Safari/8536.25"
195.177.104.3 - - [18/Aug/2013:03:45:04 -0400] "GET /favicon.ico HTTP/1.1" 404 575 "-" "Mozilla/4.0 (compatible; MSIE 8.0; Windows NT 5.1; Trident/4.0; MRSPUTNIK 2, 4, 0, 491; GTB7.5; .NET CLR 2.0.50727; .NET CLR 1.1.4322; .NET4.0C; Zune 4.7)"
218.23.226.35 - - [18/Aug/2013:05:40:06 -0400] "GET /bogenriefgallery/terracehillrestoration.html HTTP/1.1" 200 15397 "-" "Mozilla/4.0 (compatible; MSIE 6.0; Windows NT 5.1; .NET CLR 2.0.50727; .NET CLR 3.0.4506.2152; .NET CLR 3.5.30729)"
218.23.226.35 - - [18/Aug/2013:05:40:11 -0400] "GET /facebooktwitter.html HTTP/1.1" 200 8186 "-" "Mozilla/4.0 (compatible; MSIE 6.0; Windows NT 5.1; .NET CLR 2.0.50727; .NET CLR 3.0.4506.2152; .NET CLR 3.5.30729)"
71.7.80.255 - - [18/Aug/2013:14:46:51 -0400] "GET /scripts/user.js HTTP/1.1" 200 23762 "http://www.bogenriefstudios.com/junglepaneldetails.html" "Mozilla/4.0 (compatible; MSIE 8.0; Windows NT 6.1; WOW64; Trident/4.0; SLCC2; .NET CLR 2.0.50727; .NET CLR 3.5.30729; .NET CLR 3.0.30729; Media Center PC 6.0)"
71.7.80.255 - - [18/Aug/2013:14:46:52 -0400] "GET /images/682_Jungle_full_further_away.jpg HTTP/1.1" 200 124706 "http://www.bogenriefstudios.com/junglepaneldetails.html" "Mozilla/4.0 (compatible; MSIE 8.0; Windows NT 6.1; WOW64; Trident/4.0; SLCC2; .NET CLR 2.0.50727; .NET CLR 3.5.30729; .NET CLR 3.0.30729; Media Center PC 6.0)"
199.21.99.79 - - [18/Aug/2013:01:31:10 -0400] "GET /images/100_auct_dome_1_CC.jpg HTTP/1.1" 304 - "-" "Mozilla/5.0 (compatible; YandexImages/3.0; +http://yandex.com/bots)"
70.198.1.222 - - [18/Aug/2013:17:03:01 -0400] "GET /scripts/template.css HTTP/1.1" 200 9956 "http://www.bogenriefstudios.com/home.html" "Mozilla/5.0 (iPhone; CPU iPhone OS 6_1_4 like Mac OS X) AppleWebKit/536.26 (KHTML, like Gecko) Version/6.0 Mobile/10B350 Safari/8536.25"
70.198.1.222 - - [18/Aug/2013:17:03:03 -0400] "GET /images/100_Elephant_detail.JPG HTTP/1.1" 200 8715 "http://www.bogenriefstudios.com/home.html" "Mozilla/5.0 (iPhone; CPU iPhone OS 6_1_4 like Mac OS X) AppleWebKit/536.26 (KHTML, like Gecko) Version/6.0 Mobile/10B350 Safari/8536.25"
70.198.1.222 - - [18/Aug/2013:17:03:03 -0400] "GET /images/100_Detail_with_fronds.jpg HTTP/1.1" 200 5397 "http://www.bogenriefstudios.com/home.html" "Mozilla/5.0 (iPhone; CPU iPhone OS 6_1_4 like Mac OS X) AppleWebKit/536.26 (KHTML, like Gecko) Version/6.0 Mobile/10B350 Safari/8536.25"
70.198.1.222 - - [18/Aug/2013:17:03:03 -0400] "GET /images/392_P1010004-edited.jpg HTTP/1.1" 200 71852 "http://www.bogenriefstudios.com/home.html" "Mozilla/5.0 (iPhone; CPU iPhone OS 6_1_4 like Mac OS X) AppleWebKit/536.26 (KHTML, like Gecko) Version/6.0 Mobile/10B350 Safari/8536.25"
70.198.1.222 - - [18/Aug/2013:17:03:03 -0400] "GET /images/321_rocklin_-_green_circle.jpg HTTP/1.1" 200 71393 "http://www.bogenriefstudios.com/home.html" "Mozilla/5.0 (iPhone; CPU iPhone OS 6_1_4 like Mac OS X) AppleWebKit/536.26 (KHTML, like Gecko) Version/6.0 Mobile/10B350 Safari/8536.25"
178.151.69.24 - - [18/Aug/2013:17:37:13 -0400] "GET /images/480_Water_Lily_Dome.JPG HTTP/1.1" 200 69536 "http://www.bogenriefstudios.com/bogenriefgallery/ceilingsdomes.html" "Opera/9.80 (Windows NT 6.1) Presto/2.12.388 Version/12.16"
178.151.69.24 - - [18/Aug/2013:17:37:14 -0400] "GET /images/218_P1010001.JPG HTTP/1.1" 200 13416 "http://www.bogenriefstudios.com/bogenriefgallery/ceilingsdomes.html" "Opera/9.80 (Windows NT 6.1) Presto/2.12.388 Version/12.16"
178.151.69.24 - - [18/Aug/2013:17:37:14 -0400] "GET /images/218_for_sale_5_008.JPG HTTP/1.1" 200 8722 "http://www.bogenriefstudios.com/bogenriefgallery/ceilingsdomes.html" "Opera/9.80 (Windows NT 6.1) Presto/2.12.388 Version/12.16"
178.151.69.24 - - [18/Aug/2013:17:37:14 -0400] "GET /images/218_Ceiling_-_Lauritzen_Gardens_030_-_cropped.jpg HTTP/1.1" 200 13271 "http://www.bogenriefstudios.com/bogenriefgallery/ceilingsdomes.html" "Opera/9.80 (Windows NT 6.1) Presto/2.12.388 Version/12.16"
178.151.69.24 - - [18/Aug/2013:17:37:14 -0400] "GET /images/218_SUTH0079.jpg HTTP/1.1" 200 14693 "http://www.bogenriefstudios.com/bogenriefgallery/ceilingsdomes.html" "Opera/9.80 (Windows NT 6.1) Presto/2.12.388 Version/12.16"
69.179.4.249 - - [18/Aug/2013:10:12:51 -0400] "GET /scripts/photoalbum.js HTTP/1.1" 200 62481 "http://www.bogenriefstudios.com/" "Mozilla/5.0 (compatible; MSIE 9.0; Windows NT 6.0; Trident/5.0)"
14.97.218.166 - - [18/Aug/2013:12:10:47 -0400] "GET /images/696_Lattice_Clematis_Flower_Dome.JPG HTTP/1.1" 200 58143 "-" "Mozilla/5.0 (Windows NT 6.1; WOW64) AppleWebKit/537.36 (KHTML, like Gecko) Chrome/28.0.1500.95 Safari/537.36"
172.242.131.226 - - [18/Aug/2013:12:30:51 -0400] "GET /scripts/user.js HTTP/1.1" 200 23762 "http://www.bogenriefstudios.com/" "Mozilla/5.0 (Windows NT 6.0; WOW64) AppleWebKit/537.36 (KHTML, like Gecko) Chrome/28.0.1500.95 Safari/537.36"
172.242.131.226 - - [18/Aug/2013:12:30:51 -0400] "GET /images/321_David_s_dome_002.JPG HTTP/1.1" 200 23041 "http://www.bogenriefstudios.com/" "Mozilla/5.0 (Windows NT 6.0; WOW64) AppleWebKit/537.36 (KHTML, like Gecko) Chrome/28.0.1500.95 Safari/537.36"
218.23.226.35 - - [18/Aug/2013:13:45:12 -0400] "GET /bogenriefgallery/ladiesofbogenrief.html HTTP/1.1" 200 22147 "-" "Mozilla/4.0 (compatible; MSIE 6.0; Windows NT 5.1; .NET CLR 2.0.50727; .NET CLR 3.0.4506.2152; .NET CLR 3.5.30729)"
75.176.12.239 - - [18/Aug/2013:13:46:09 -0400] "GET /images/682_Daydream_001.jpg HTTP/1.1" 200 215855 "http://www.google.com/blank.html" "Mozilla/5.0 (X11; Linux i686) AppleWebKit/534.24 (KHTML, like Gecko) Chrome/11.0.696.77 Large Screen Safari/534.24 GoogleTV/092754"
184.1.145.210 - - [18/Aug/2013:14:01:40 -0400] "GET /images/682_web_site_4-edited.jpg HTTP/1.1" 200 151078 "-" "Mozilla/5.0 (iPad; CPU OS 6_0_1 like Mac OS X) AppleWebKit/536.26 (KHTML, like Gecko) Version/6.0 Mobile/10A523 Safari/8536.25"
5.63.151.189 - - [18/Aug/2013:14:08:38 -0400] "HEAD / HTTP/1.1" 200 - "-" "checks.panopta.com"
36.250.177.206 - - [18/Aug/2013:14:38:59 -0400] "HEAD / HTTP/1.0" 200 - "-" "Opera/9.64(Windows NT 5.1; U; en) Presto/2.1.1"
65.55.24.234 - - [18/Aug/2013:15:45:38 -0400] "GET /robots.txt HTTP/1.1" 200 25 "-" "Mozilla/5.0 (compatible; bingbot/2.0; +http://www.bing.com/bingbot.htm)"
70.198.1.222 - - [18/Aug/2013:17:03:00 -0400] "GET /scripts/ic_globals_published.js HTTP/1.1" 200 566 "http://www.bogenriefstudios.com/home.html" "Mozilla/5.0 (iPhone; CPU iPhone OS 6_1_4 like Mac OS X) AppleWebKit/536.26 (KHTML, like Gecko) Version/6.0 Mobile/10B350 Safari/8536.25"
