195.182.194.111 - - [18/Aug/2013:05:44:54 -0400] "GET /images/682_Jungle_full_further_away.jpg HTTP/1.1" 200 124706 "http://www.liveinternet.ru/users/migda/post152674608" "Mozilla/4.0 (compatible; MSIE 7.0; Windows NT 5.1; MRA 8.0 (build 6017); .NET CLR 2.0.50727; InfoPath.1; .NET CLR 3.0.4506.2152; .NET CLR 3.5.30729; WebMoney Advisor; .NET4.0C; .NET4.0E)"
195.182.194.111 - - [18/Aug/2013:05:44:55 -0400] "GET /images/682_Detail_with_vines.JPG HTTP/1.1" 200 142065 "http://www.liveinternet.ru/users/migda/post152674608" "Mozilla/4.0 (compatible; MSIE 7.0; Windows NT 5.1; MRA 8.0 (build 6017); .NET CLR 2.0.50727; InfoPath.1; .NET CLR 3.0.4506.2152; .NET CLR 3.5.30729; WebMoney Advisor; .NET4.0C; .NET4.0E)"
195.182.194.111 - - [18/Aug/2013:05:44:55 -0400] "GET /images/682_Detail_with_monkey.jpg HTTP/1.1" 200 152093 "http://www.liveinternet.ru/users/migda/post152674608" "Mozilla/4.0 (compatible; MSIE 7.0; Windows NT 5.1; MRA 8.0 (build 6017); .NET CLR 2.0.50727; InfoPath.1; .NET CLR 3.0.4506.2152; .NET CLR 3.5.30729; WebMoney Advisor; .NET4.0C; .NET4.0E)"
195.182.194.111 - - [18/Aug/2013:05:44:56 -0400] "GET /images/682_Detail_with_cockatoo.jpg HTTP/1.1" 200 148553 "http://www.liveinternet.ru/users/migda/post152674608" "Mozilla/4.0 (compatible; MSIE 7.0; Windows NT 5.1; MRA 8.0 (build 6017); .NET CLR 2.0.50727; InfoPath.1; .NET CLR 3.0.4506.2152; .NET CLR 3.5.30729; WebMoney Advisor; .NET4.0C; .NET4.0E)"
195.182.194.111 - - [18/Aug/2013:05:44:58 -0400] "GET /images/682_Detail_with_fronds.jpg HTTP/1.1" 200 112032 "http://www.liveinternet.ru/users/migda/post152674608" "Mozilla/4.0 (compatible; MSIE 7.0; Windows NT 5.1; MRA 8.0 (build 6017); .NET CLR 2.0.50727; InfoPath.1; .NET CLR 3.0.4506.2152; .NET CLR 3.5.30729; WebMoney Advisor; .NET4.0C; .NET4.0E)"
5.63.151.189 - - [18/Aug/2013:15:54:25 -0400] "HEAD / HTTP/1.1" 200 - "-" "checks.panopta.com"
178.151.69.24 - - [18/Aug/2013:17:25:18 -0400] "GET /bogenriefgallery/ceilingsdomes.html HTTP/1.1" 200 17476 "-" "Opera/9.80 (Windows NT 6.1) Presto/2.12.388 Version/12.16"
178.151.69.24 - - [18/Aug/2013:17:25:19 -0400] "GET /scripts/user.js HTTP/1.1" 200 23762 "http://www.bogenriefstudios.com/bogenriefgallery/ceilingsdomes.html" "Opera/9.80 (Windows NT 6.1) Presto/2.12.388 Version/12.16"
74.47.204.240 - - [18/Aug/2013:19:18:12 -0400] "GET /scripts/website.css HTTP/1.1" 200 1646 "http://www.bogenriefstudios.com/" "Mozilla/5.0 (Linux; U; en-us; KFJWA Build/IMM76D) AppleWebKit/535.19 (KHTML, like Gecko) Silk/3.4 Safari/535.19 Silk-Accelerated=true"
74.47.204.240 - - [18/Aug/2013:19:18:15 -0400] "GET /images/198_door_019.JPG HTTP/1.1" 200 8796 "http://www.bogenriefstudios.com/" "Mozilla/5.0 (Linux; U; en-us; KFJWA Build/IMM76D) AppleWebKit/535.19 (KHTML, like Gecko) Silk/3.4 Safari/535.19 Silk-Accelerated=true"
74.47.204.240 - - [18/Aug/2013:19:18:15 -0400] "GET /images/205_025.JPG HTTP/1.1" 200 16394 "http://www.bogenriefstudios.com/" "Mozilla/5.0 (Linux; U; en-us; KFJWA Build/IMM76D) AppleWebKit/535.19 (KHTML, like Gecko) Silk/3.4 Safari/535.19 Silk-Accelerated=true"
74.47.204.240 - - [18/Aug/2013:19:18:16 -0400] "GET /images/321_Richards_install_004.JPG HTTP/1.1" 200 21479 "http://www.bogenriefstudios.com/" "Mozilla/5.0 (Linux; U; en-us; KFJWA Build/IMM76D) AppleWebKit/535.19 (KHTML, like Gecko) Silk/3.4 Safari/535.19 Silk-Accelerated=true"
74.47.204.240 - - [18/Aug/2013:19:20:59 -0400] "GET /bogenriefgallery.html HTTP/1.1" 200 13883 "http://www.bogenriefstudios.com/" "Mozilla/5.0 (Linux; U; en-us; KFJWA Build/IMM76D) AppleWebKit/535.19 (KHTML, like Gecko) Silk/3.4 Safari/535.19 Silk-Accelerated=true"
74.47.204.240 - - [18/Aug/2013:19:21:01 -0400] "GET /favicon.ico HTTP/1.1" 404 575 "-" "Mozilla/5.0 (Linux; U; en-us; KFJWA Build/IMM76D) AppleWebKit/535.19 (KHTML, like Gecko) Silk/3.4 Safari/535.19 Silk-Accelerated=true"
69.179.4.249 - - [18/Aug/2013:10:13:07 -0400] "GET /favicon.ico HTTP/1.1" 404 575 "-" "Mozilla/5.0 (compatible; Google Desktop/5.9.1005.12335; http://desktop.google.com/)"
5.63.151.189 - - [18/Aug/2013:10:22:14 -0400] "HEAD / HTTP/1.1" 200 - "-" "checks.panopta.com"
198.228.228.150 - - [18/Aug/2013:11:08:17 -0400] "GET /images/682_01_Side_Lights_-_modified.jpg HTTP/1.1" 200 169071 "http://vista.net.pk/emigration-vented-sidelights/" "Mozilla/5.0 (iPhone; CPU iPhone OS 6_1_3 like Mac OS X) AppleWebKit/536.26 (KHTML, like Gecko) Version/6.0 Mobile/10B329 Safari/8536.25"
157.55.34.74 - - [18/Aug/2013:11:39:41 -0400] "GET /studiolocations.html HTTP/1.0" 200 13348 "-" "Mozilla/5.0 (compatible; bingbot/2.0; +http://www.bing.com/bingbot.htm)"
5.63.151.189 - - [18/Aug/2013:11:52:44 -0400] "HEAD / HTTP/1.1" 200 - "-" "checks.panopta.com"
178.124.112.117 - - [18/Aug/2013:11:57:24 -0400] "GET /images/682_bevel_dome_grape_dome_011.JPG HTTP/1.1" 200 82530 "http://www.bogenriefstudios.com/availableforpurchase.html" "Mozilla/5.0 (Windows NT 6.1) AppleWebKit/537.36 (KHTML, like Gecko) Chrome/28.0.1500.95 Safari/537.36"
178.124.112.117 - - [18/Aug/2013:11:57:27 -0400] "GET /images/682_atlanta_trip_005.JPG HTTP/1.1" 200 45298 "http://www.bogenriefstudios.com/availableforpurchase.html" "Mozilla/5.0 (Windows NT 6.1) AppleWebKit/537.36 (KHTML, like Gecko) Chrome/28.0.1500.95 Safari/537.36"
87.244.222.145 - - [18/Aug/2013:12:16:29 -0400] "GET /scripts/website.css HTTP/1.1" 200 1646 "http://www.bogenriefstudios.com/studios.html" "Mozilla/5.0 (Windows NT 6.1; WOW64) AppleWebKit/537.36 (KHTML, like Gecko) Chrome/28.0.1500.95 Safari/537.36"
87.244.222.145 - - [18/Aug/2013:12:16:30 -0400] "GET /images/196_Blown_Glass_043.jpg HTTP/1.1" 200 20009 "http://www.bogenriefstudios.com/studios.html" "Mozilla/5.0 (Windows NT 6.1; WOW64) AppleWebKit/537.36 (KHTML, like Gecko) Chrome/28.0.1500.95 Safari/537.36"
87.244.222.145 - - [18/Aug/2013:12:16:31 -0400] "GET /images/188_Blown_Glass_113_-_modified.jpg HTTP/1.1" 200 10516 "http://www.bogenriefstudios.com/studios.html" "Mozilla/5.0 (Windows NT 6.1; WOW64) AppleWebKit/537.36 (KHTML, like Gecko) Chrome/28.0.1500.95 Safari/537.36"
87.244.222.145 - - [18/Aug/2013:12:16:31 -0400] "GET /images/196_Blown_Glass_108_-_modified.jpg HTTP/1.1" 200 8997 "http://www.bogenriefstudios.com/studios.html" "Mozilla/5.0 (Windows NT 6.1; WOW64) AppleWebKit/537.36 (KHTML, like Gecko) Chrome/28.0.1500.95 Safari/537.36"
172.242.131.226 - - [18/Aug/2013:12:30:51 -0400] "GET /scripts/print.css HTTP/1.1" 200 - "http://www.bogenriefstudios.com/" "Mozilla/5.0 (Windows NT 6.0; WOW64) AppleWebKit/537.36 (KHTML, like Gecko) Chrome/28.0.1500.95 Safari/537.36"
172.242.131.226 - - [18/Aug/2013:12:30:51 -0400] "GET /scripts/icwebsiteelement.css HTTP/1.1" 200 8132 "http://www.bogenriefstudios.com/" "Mozilla/5.0 (Windows NT 6.0; WOW64) AppleWebKit/537.36 (KHTML, like Gecko) Chrome/28.0.1500.95 Safari/537.36"
92.237.44.27 - - [18/Aug/2013:08:31:11 -0400] "GET /images/682_Daydream_001.jpg HTTP/1.1" 200 215855 "-" "Mozilla/5.0 (Macintosh; Intel Mac OS X 10.7; rv:23.0) Gecko/20100101 Firefox/23.0"
184.148.63.144 - - [18/Aug/2013:01:39:49 -0400] "GET /scripts/ic_globals_published.js HTTP/1.1" 200 566 "http://www.bogenriefstudios.com/projects.html" "Mozilla/4.0 (compatible; MSIE 8.0; Windows NT 6.0; Trident/4.0; GTB7.5; SLCC1; .NET CLR 2.0.50727; Media Center PC 5.0; .NET CLR 3.5.30729; .NET CLR 3.0.30618; OfficeLiveConnector.1.3; OfficeLivePatch.0.0; BRI/2)"
184.148.63.144 - - [18/Aug/2013:01:39:49 -0400] "GET /scripts/icwebsiteelement.css HTTP/1.1" 200 8132 "http://www.bogenriefstudios.com/projects.html" "Mozilla/4.0 (compatible; MSIE 8.0; Windows NT 6.0; Trident/4.0; GTB7.5; SLCC1; .NET CLR 2.0.50727; Media Center PC 5.0; .NET CLR 3.5.30729; .NET CLR 3.0.30618; OfficeLiveConnector.1.3; OfficeLivePatch.0.0; BRI/2)"
184.148.63.144 - - [18/Aug/2013:01:39:49 -0400] "GET /images/321_AzizaJungleMaiden.jpg HTTP/1.1" 200 57667 "http://www.bogenriefstudios.com/projects.html" "Mozilla/4.0 (compatible; MSIE 8.0; Windows NT 6.0; Trident/4.0; GTB7.5; SLCC1; .NET CLR 2.0.50727; Media Center PC 5.0; .NET CLR 3.5.30729; .NET CLR 3.0.30618; OfficeLiveConnector.1.3; OfficeLivePatch.0.0; BRI/2)"
184.148.63.144 - - [18/Aug/2013:01:39:52 -0400] "GET /images/682_web_site_9-edited.jpg HTTP/1.1" 200 67889 "http://www.bogenriefstudios.com/projects.html" "Mozilla/4.0 (compatible; MSIE 8.0; Windows NT 6.0; Trident/4.0; GTB7.5; SLCC1; .NET CLR 2.0.50727; Media Center PC 5.0; .NET CLR 3.5.30729; .NET CLR 3.0.30618; OfficeLiveConnector.1.3; OfficeLivePatch.0.0; BRI/2)"
66.135.200.200 - - [18/Aug/2013:02:58:28 -0400] "GET /onlinestore.html HTTP/1.0" 200 202 "-" "Mozilla/4.0 (compatible; MSIE 8.0; Windows NT 5.2; WOW64; Trident/4.0; .NET CLR 3.0.04506.648; InfoPath.2)"
5.63.151.189 - - [18/Aug/2013:18:25:19 -0400] "HEAD / HTTP/1.1" 200 - "-" "checks.panopta.com"
74.47.204.240 - - [18/Aug/2013:20:45:00 -0400] "GET /images/696_yellow_rose_1.JPG HTTP/1.1" 200 76266 "http://www.bogenriefstudios.com/bogenriefgallery/lampshades.html" "Mozilla/5.0 (Linux; U; en-us; KFJWA Build/IMM76D) AppleWebKit/535.19 (KHTML, like Gecko) Silk/3.4 Safari/535.19 Silk-Accelerated=true"
74.47.204.240 - - [18/Aug/2013:20:48:44 -0400] "GET /images/480_Grout_Museum_veterans_memorial_wall.jpg HTTP/1.1" 200 31863 "http://www.bogenriefstudios.com/bogenriefgallery/stainedglasswindows.html" "Mozilla/5.0 (Linux; U; en-us; KFJWA Build/IMM76D) AppleWebKit/535.19 (KHTML, like Gecko) Silk/3.4 Safari/535.19 Silk-Accelerated=true"
74.47.204.240 - - [18/Aug/2013:20:48:45 -0400] "GET /images/217_John_Gray_Ceiling.JPG HTTP/1.1" 200 13176 "http://www.bogenriefstudios.com/bogenriefgallery/stainedglasswindows.html" "Mozilla/5.0 (Linux; U; en-us; KFJWA Build/IMM76D) AppleWebKit/535.19 (KHTML, like Gecko) Silk/3.4 Safari/535.19 Silk-Accelerated=true"
74.47.204.240 - - [18/Aug/2013:20:48:45 -0400] "GET /images/467_AzizaJungleMaiden.jpg HTTP/1.1" 200 96978 "http://www.bogenriefstudios.com/bogenriefgallery/stainedglasswindows.html" "Mozilla/5.0 (Linux; U; en-us; KFJWA Build/IMM76D) AppleWebKit/535.19 (KHTML, like Gecko) Silk/3.4 Safari/535.19 Silk-Accelerated=true"
74.47.204.240 - - [18/Aug/2013:20:49:07 -0400] "GET /images/217_window_triangel.JPG HTTP/1.1" 200 7722 "http://www.bogenriefstudios.com/bogenriefgallery/stainedglasswindows.html" "Mozilla/5.0 (Linux; U; en-us; KFJWA Build/IMM76D) AppleWebKit/535.19 (KHTML, like Gecko) Silk/3.4 Safari/535.19 Silk-Accelerated=true"
74.47.204.240 - - [18/Aug/2013:20:49:08 -0400] "GET /images/480_window_triangel.JPG HTTP/1.1" 200 28625 "http://www.bogenriefstudios.com/bogenriefgallery/stainedglasswindows.html" "Mozilla/5.0 (Linux; U; en-us; KFJWA Build/IMM76D) AppleWebKit/535.19 (KHTML, like Gecko) Silk/3.4 Safari/535.19 Silk-Accelerated=true"
74.47.204.240 - - [18/Aug/2013:20:49:09 -0400] "GET /images/218_window_oval.jpg HTTP/1.1" 200 12314 "http://www.bogenriefstudios.com/bogenriefgallery/stainedglasswindows.html" "Mozilla/5.0 (Linux; U; en-us; KFJWA Build/IMM76D) AppleWebKit/535.19 (KHTML, like Gecko) Silk/3.4 Safari/535.19 Silk-Accelerated=true"
74.47.204.240 - - [18/Aug/2013:20:49:09 -0400] "GET /images/480_window_oval.jpg HTTP/1.1" 200 46871 "http://www.bogenriefstudios.com/bogenriefgallery/stainedglasswindows.html" "Mozilla/5.0 (Linux; U; en-us; KFJWA Build/IMM76D) AppleWebKit/535.19 (KHTML, like Gecko) Silk/3.4 Safari/535.19 Silk-Accelerated=true"
74.47.204.240 - - [18/Aug/2013:20:49:12 -0400] "GET /images/218_000_0031.JPG HTTP/1.1" 200 16332 "http://www.bogenriefstudios.com/bogenriefgallery/stainedglasswindows.html" "Mozilla/5.0 (Linux; U; en-us; KFJWA Build/IMM76D) AppleWebKit/535.19 (KHTML, like Gecko) Silk/3.4 Safari/535.19 Silk-Accelerated=true"
74.47.204.240 - - [18/Aug/2013:20:49:13 -0400] "GET /images/559_SF_grapes_006.JPG HTTP/1.1" 200 111660 "http://www.bogenriefstudios.com/bogenriefgallery/stainedglasswindows.html" "Mozilla/5.0 (Linux; U; en-us; KFJWA Build/IMM76D) AppleWebKit/535.19 (KHTML, like Gecko) Silk/3.4 Safari/535.19 Silk-Accelerated=true"
5.63.151.189 - - [18/Aug/2013:11:37:24 -0400] "HEAD / HTTP/1.1" 200 - "-" "checks.panopta.com"
199.30.80.110 - - [18/Aug/2013:22:25:48 -0400] "GET /scripts/template.css HTTP/1.1" 200 9956 "http://www.bogenriefstudios.com/" "Mozilla/5.0 (X11; U; Linux x86_64; en-US; rv:1.9.2.24) Gecko/20111107 Ubuntu/10.04 (lucid) Firefox/3.6.24"
199.30.80.110 - - [18/Aug/2013:22:25:48 -0400] "GET /images/321_Richards_install_004.JPG HTTP/1.1" 200 21479 "http://www.bogenriefstudios.com/" "Mozilla/5.0 (X11; U; Linux x86_64; en-US; rv:1.9.2.24) Gecko/20111107 Ubuntu/10.04 (lucid) Firefox/3.6.24"
199.30.80.110 - - [18/Aug/2013:22:25:48 -0400] "GET /images/198_dome_008.JPG HTTP/1.1" 200 8321 "http://www.bogenriefstudios.com/" "Mozilla/5.0 (X11; U; Linux x86_64; en-US; rv:1.9.2.24) Gecko/20111107 Ubuntu/10.04 (lucid) Firefox/3.6.24"
69.179.4.249 - - [18/Aug/2013:10:12:51 -0400] "GET /scripts/icwebsiteelement.css HTTP/1.1" 200 8132 "http://www.bogenriefstudios.com/" "Mozilla/5.0 (compatible; MSIE 9.0; Windows NT 6.0; Trident/5.0)"
69.179.4.249 - - [18/Aug/2013:10:12:54 -0400] "GET /images/321_Richards_install_004.JPG HTTP/1.1" 200 21479 "http://www.bogenriefstudios.com/" "Mozilla/5.0 (compatible; MSIE 9.0; Windows NT 6.0; Trident/5.0)"
64.201.57.120 - - [18/Aug/2013:10:41:27 -0400] "GET /images/682_DSC_0317.JPG HTTP/1.1" 200 106553 "http://www.bogenriefstudios.com/availableforpurchase.html" "Mozilla/5.0 (Windows NT 6.1; WOW64) AppleWebKit/537.36 (KHTML, like Gecko) Chrome/28.0.1500.95 Safari/537.36"
87.244.222.145 - - [18/Aug/2013:12:16:29 -0400] "GET /studios.html HTTP/1.1" 200 30400 "http://pinterest.com/pin/13299761372243985/" "Mozilla/5.0 (Windows NT 6.1; WOW64) AppleWebKit/537.36 (KHTML, like Gecko) Chrome/28.0.1500.95 Safari/537.36"
87.244.222.145 - - [18/Aug/2013:12:16:30 -0400] "GET /scripts/user.js HTTP/1.1" 200 23762 "http://www.bogenriefstudios.com/studios.html" "Mozilla/5.0 (Windows NT 6.1; WOW64) AppleWebKit/537.36 (KHTML, like Gecko) Chrome/28.0.1500.95 Safari/537.36"
87.244.222.145 - - [18/Aug/2013:12:16:30 -0400] "GET /images/682_Printed_20_.jpg HTTP/1.1" 200 124934 "http://www.bogenriefstudios.com/studios.html" "Mozilla/5.0 (Windows NT 6.1; WOW64) AppleWebKit/537.36 (KHTML, like Gecko) Chrome/28.0.1500.95 Safari/537.36"
87.244.222.145 - - [18/Aug/2013:12:16:31 -0400] "GET /images/68.jpg HTTP/1.1" 200 11436 "http://www.bogenriefstudios.com/studios.html" "Mozilla/5.0 (Windows NT 6.1; WOW64) AppleWebKit/537.36 (KHTML, like Gecko) Chrome/28.0.1500.95 Safari/537.36"
87.244.222.145 - - [18/Aug/2013:12:16:31 -0400] "GET /images/188_Blown_Glass_114_-_modified.jpg HTTP/1.1" 200 7869 "http://www.bogenriefstudios.com/studios.html" "Mozilla/5.0 (Windows NT 6.1; WOW64) AppleWebKit/537.36 (KHTML, like Gecko) Chrome/28.0.1500.95 Safari/537.36"
87.244.222.145 - - [18/Aug/2013:12:16:32 -0400] "GET /images/188_Blown_Glass_129_-_modified.jpg HTTP/1.1" 200 5498 "http://www.bogenriefstudios.com/studios.html" "Mozilla/5.0 (Windows NT 6.1; WOW64) AppleWebKit/537.36 (KHTML, like Gecko) Chrome/28.0.1500.95 Safari/537.36"
71.7.80.255 - - [18/Aug/2013:14:47:29 -0400] "GET /favicon.ico HTTP/1.1" 404 575 "-" "Mozilla/4.0 (compatible; MSIE 8.0; Windows NT 6.1; WOW64; Trident/4.0; SLCC2; .NET CLR 2.0.50727; .NET CLR 3.5.30729; .NET CLR 3.0.30729; Media Center PC 6.0)"
178.151.69.24 - - [18/Aug/2013:17:25:38 -0400] "GET /scripts/25custom.css HTTP/1.1" 200 1141 "http://www.bogenriefstudios.com/videos.html" "Opera/9.80 (Windows NT 6.1) Presto/2.12.388 Version/12.16"
178.151.69.24 - - [18/Aug/2013:17:33:17 -0400] "GET /favicon.ico HTTP/1.1" 404 575 "http://www.bogenriefstudios.com/history/inthenews.html" "Opera/9.80 (Windows NT 6.1) Presto/2.12.388 Version/12.16"
178.151.69.24 - - [18/Aug/2013:17:37:37 -0400] "GET /images/521_Dome_-_hangers_004.jpg HTTP/1.1" 200 62573 "http://www.bogenriefstudios.com/bogenriefgallery/ceilingsdomes.html" "Opera/9.80 (Windows NT 6.1) Presto/2.12.388 Version/12.16"
157.55.32.187 - - [18/Aug/2013:06:44:39 -0400] "GET / HTTP/1.1" 200 13883 "-" "Mozilla/5.0 (compatible; bingbot/2.0; +http://www.bing.com/bingbot.htm)"
74.99.90.140 - - [18/Aug/2013:07:45:22 -0400] "GET /images/682_a_items_onhand_027.JPG HTTP/1.1" 200 57298 "-" "Mozilla/5.0 (Windows NT 6.1; WOW64) AppleWebKit/537.36 (KHTML, like Gecko) Chrome/28.0.1500.95 Safari/537.36"
70.195.79.211 - - [18/Aug/2013:08:37:50 -0400] "GET /images/682_Four_Seasons_-_Winter.jpg HTTP/1.1" 200 239575 "-" "Dalvik/1.6.0 (Linux; U; Android 4.1.2; SCH-I535 Build/JZO54K)"
74.47.204.240 - - [18/Aug/2013:19:18:12 -0400] "GET /scripts/photoalbum.js HTTP/1.1" 200 62481 "http://www.bogenriefstudios.com/" "Mozilla/5.0 (Linux; U; en-us; KFJWA Build/IMM76D) AppleWebKit/535.19 (KHTML, like Gecko) Silk/3.4 Safari/535.19 Silk-Accelerated=true"
74.47.204.240 - - [18/Aug/2013:19:18:14 -0400] "GET /images/682_post_card.JPG HTTP/1.1" 200 133316 "http://www.bogenriefstudios.com/" "Mozilla/5.0 (Linux; U; en-us; KFJWA Build/IMM76D) AppleWebKit/535.19 (KHTML, like Gecko) Silk/3.4 Safari/535.19 Silk-Accelerated=true"
74.47.204.240 - - [18/Aug/2013:20:42:05 -0400] "GET /scripts/icwebsiteelement.css HTTP/1.1" 200 8132 "http://www.bogenriefstudios.com/bogenriefgallery.html" "Mozilla/5.0 (Linux; U; en-us; KFJWA Build/IMM76D) AppleWebKit/535.19 (KHTML, like Gecko) Silk/3.4 Safari/535.19 Silk-Accelerated=true"
74.47.204.240 - - [18/Aug/2013:20:42:07 -0400] "GET /images/68.jpg HTTP/1.1" 200 11436 "http://www.bogenriefstudios.com/bogenriefgallery.html" "Mozilla/5.0 (Linux; U; en-us; KFJWA Build/IMM76D) AppleWebKit/535.19 (KHTML, like Gecko) Silk/3.4 Safari/535.19 Silk-Accelerated=true"
74.47.204.240 - - [18/Aug/2013:20:42:09 -0400] "GET /images/205_025.JPG HTTP/1.1" 200 16394 "http://www.bogenriefstudios.com/bogenriefgallery.html" "Mozilla/5.0 (Linux; U; en-us; KFJWA Build/IMM76D) AppleWebKit/535.19 (KHTML, like Gecko) Silk/3.4 Safari/535.19 Silk-Accelerated=true"
74.47.204.240 - - [18/Aug/2013:20:42:10 -0400] "GET /images/321_Richards_install_004.JPG HTTP/1.1" 200 21479 "http://www.bogenriefstudios.com/bogenriefgallery.html" "Mozilla/5.0 (Linux; U; en-us; KFJWA Build/IMM76D) AppleWebKit/535.19 (KHTML, like Gecko) Silk/3.4 Safari/535.19 Silk-Accelerated=true"
74.47.204.240 - - [18/Aug/2013:20:44:51 -0400] "GET /images/photoalbum/button_photoPlay.jpg HTTP/1.1" 200 613 "http://www.bogenriefstudios.com/bogenriefgallery/lampshades.html" "Mozilla/5.0 (Linux; U; en-us; KFJWA Build/IMM76D) AppleWebKit/535.19 (KHTML, like Gecko) Silk/3.4 Safari/535.19 Silk-Accelerated=true"
74.47.204.240 - - [18/Aug/2013:20:44:51 -0400] "GET /images/photoalbum/button_photoFirst.jpg HTTP/1.1" 200 637 "http://www.bogenriefstudios.com/bogenriefgallery/lampshades.html" "Mozilla/5.0 (Linux; U; en-us; KFJWA Build/IMM76D) AppleWebKit/535.19 (KHTML, like Gecko) Silk/3.4 Safari/535.19 Silk-Accelerated=true"
74.47.204.240 - - [18/Aug/2013:20:44:52 -0400] "GET /images/photoalbum/button_photoSpeed5.jpg HTTP/1.1" 200 502 "http://www.bogenriefstudios.com/bogenriefgallery/lampshades.html" "Mozilla/5.0 (Linux; U; en-us; KFJWA Build/IMM76D) AppleWebKit/535.19 (KHTML, like Gecko) Silk/3.4 Safari/535.19 Silk-Accelerated=true"
74.47.204.240 - - [18/Aug/2013:20:44:52 -0400] "GET /images/218_Omaha_show_019.JPG HTTP/1.1" 200 11937 "http://www.bogenriefstudios.com/bogenriefgallery/lampshades.html" "Mozilla/5.0 (Linux; U; en-us; KFJWA Build/IMM76D) AppleWebKit/535.19 (KHTML, like Gecko) Silk/3.4 Safari/535.19 Silk-Accelerated=true"
74.47.204.240 - - [18/Aug/2013:20:44:53 -0400] "GET /images/218_Lamp_jungle.jpg HTTP/1.1" 200 6346 "http://www.bogenriefstudios.com/bogenriefgallery/lampshades.html" "Mozilla/5.0 (Linux; U; en-us; KFJWA Build/IMM76D) AppleWebKit/535.19 (KHTML, like Gecko) Silk/3.4 Safari/535.19 Silk-Accelerated=true"
74.47.204.240 - - [18/Aug/2013:20:44:53 -0400] "GET /images/480_Lamp_jungle.jpg HTTP/1.1" 200 21484 "http://www.bogenriefstudios.com/bogenriefgallery/lampshades.html" "Mozilla/5.0 (Linux; U; en-us; KFJWA Build/IMM76D) AppleWebKit/535.19 (KHTML, like Gecko) Silk/3.4 Safari/535.19 Silk-Accelerated=true"
74.47.204.240 - - [18/Aug/2013:20:48:53 -0400] "GET /images/460_window_rose.JPG HTTP/1.1" 200 115261 "http://www.bogenriefstudios.com/bogenriefgallery/stainedglasswindows.html" "Mozilla/5.0 (Linux; U; en-us; KFJWA Build/IMM76D) AppleWebKit/535.19 (KHTML, like Gecko) Silk/3.4 Safari/535.19 Silk-Accelerated=true"
74.47.204.240 - - [18/Aug/2013:20:48:56 -0400] "GET /images/145_window_rose_closeup.JPG HTTP/1.1" 200 14671 "http://www.bogenriefstudios.com/bogenriefgallery/stainedglasswindows.html" "Mozilla/5.0 (Linux; U; en-us; KFJWA Build/IMM76D) AppleWebKit/535.19 (KHTML, like Gecko) Silk/3.4 Safari/535.19 Silk-Accelerated=true"
74.47.204.240 - - [18/Aug/2013:20:48:57 -0400] "GET /images/696_lincoln,_NE_011.jpg HTTP/1.1" 200 110832 "http://www.bogenriefstudios.com/bogenriefgallery/stainedglasswindows.html" "Mozilla/5.0 (Linux; U; en-us; KFJWA Build/IMM76D) AppleWebKit/535.19 (KHTML, like Gecko) Silk/3.4 Safari/535.19 Silk-Accelerated=true"
74.47.204.240 - - [18/Aug/2013:20:49:39 -0400] "GET /images/384_P1010026.JPG HTTP/1.1" 200 101610 "http://www.bogenriefstudios.com/bogenriefgallery/stainedglasswindows.html" "Mozilla/5.0 (Linux; U; en-us; KFJWA Build/IMM76D) AppleWebKit/535.19 (KHTML, like Gecko) Silk/3.4 Safari/535.19 Silk-Accelerated=true"
65.55.24.234 - - [18/Aug/2013:21:25:18 -0400] "GET /underconstruction/pricing.html HTTP/1.1" 304 - "-" "Mozilla/5.0 (compatible; bingbot/2.0; +http://www.bing.com/bingbot.htm)"
5.63.151.189 - - [18/Aug/2013:21:26:19 -0400] "HEAD / HTTP/1.1" 200 - "-" "checks.panopta.com"
107.10.91.129 - - [18/Aug/2013:21:28:13 -0400] "GET /images/682_Daydream_001.jpg HTTP/1.1" 200 215855 "-" "Mozilla/5.0 (compatible; MSIE 9.0; Windows NT 6.1; Win64; x64; Trident/5.0)"
223.62.162.31 - - [18/Aug/2013:07:11:36 -0400] "GET /images/682_Daydream_001.jpg HTTP/1.1" 200 215855 "https://www.google.co.kr/" "Mozilla/5.0 (iPhone; CPU iPhone OS 6_1_4 like Mac OS X) AppleWebKit/536.26 (KHTML, like Gecko) Version/6.0 Mobile/10B350 Safari/8536.25"
87.244.222.145 - - [18/Aug/2013:12:16:40 -0400] "GET /favicon.ico HTTP/1.1" 404 575 "-" "Mozilla/5.0 (Windows NT 6.1; WOW64) AppleWebKit/537.36 (KHTML, like Gecko) Chrome/28.0.1500.95 Safari/537.36"
172.242.131.226 - - [18/Aug/2013:12:30:51 -0400] "GET /images/198_door_019.JPG HTTP/1.1" 200 8796 "http://www.bogenriefstudios.com/" "Mozilla/5.0 (Windows NT 6.0; WOW64) AppleWebKit/537.36 (KHTML, like Gecko) Chrome/28.0.1500.95 Safari/537.36"
79.143.190.141 - - [18/Aug/2013:18:10:19 -0400] "HEAD / HTTP/1.1" 200 - "-" "checks.panopta.com"
74.47.204.240 - - [18/Aug/2013:19:18:15 -0400] "GET /images/198_dome_008.JPG HTTP/1.1" 200 8321 "http://www.bogenriefstudios.com/" "Mozilla/5.0 (Linux; U; en-us; KFJWA Build/IMM76D) AppleWebKit/535.19 (KHTML, like Gecko) Silk/3.4 Safari/535.19 Silk-Accelerated=true"
74.47.204.240 - - [18/Aug/2013:19:18:16 -0400] "GET /images/321_David_s_dome_002.JPG HTTP/1.1" 200 23041 "http://www.bogenriefstudios.com/" "Mozilla/5.0 (Linux; U; en-us; KFJWA Build/IMM76D) AppleWebKit/535.19 (KHTML, like Gecko) Silk/3.4 Safari/535.19 Silk-Accelerated=true"
74.47.204.240 - - [18/Aug/2013:19:18:18 -0400] "GET /scripts/print.css HTTP/1.1" 200 - "http://www.bogenriefstudios.com/" "Mozilla/5.0 (Linux; U; en-us; KFJWA Build/IMM76D) AppleWebKit/535.19 (KHTML, like Gecko) Silk/3.4 Safari/535.19 Silk-Accelerated=true"
74.47.204.240 - - [18/Aug/2013:19:18:19 -0400] "GET /favicon.ico HTTP/1.1" 404 575 "-" "Mozilla/5.0 (Linux; U; en-us; KFJWA Build/IMM76D) AppleWebKit/535.19 (KHTML, like Gecko) Silk/3.4 Safari/535.19 Silk-Accelerated=true"
75.118.252.174 - - [18/Aug/2013:20:05:41 -0400] "GET /images/682_blue_white_chandelier_-_installed-edited.jpg HTTP/1.1" 200 79065 "-" "Mozilla/5.0 (Windows NT 6.1; WOW64; rv:22.0) Gecko/20100101 Firefox/22.0"
5.63.151.189 - - [18/Aug/2013:20:26:09 -0400] "HEAD / HTTP/1.1" 200 - "-" "checks.panopta.com"
74.47.204.240 - - [18/Aug/2013:20:48:55 -0400] "GET /images/321_new22.JPG HTTP/1.1" 200 49037 "http://www.bogenriefstudios.com/bogenriefgallery/stainedglasswindows.html" "Mozilla/5.0 (Linux; U; en-us; KFJWA Build/IMM76D) AppleWebKit/535.19 (KHTML, like Gecko) Silk/3.4 Safari/535.19 Silk-Accelerated=true"
74.47.204.240 - - [18/Aug/2013:20:48:57 -0400] "GET /images/218_lincoln,_NE_011.jpg HTTP/1.1" 200 15499 "http://www.bogenriefstudios.com/bogenriefgallery/stainedglasswindows.html" "Mozilla/5.0 (Linux; U; en-us; KFJWA Build/IMM76D) AppleWebKit/535.19 (KHTML, like Gecko) Silk/3.4 Safari/535.19 Silk-Accelerated=true"
74.47.204.240 - - [18/Aug/2013:20:48:58 -0400] "GET /images/480_lincoln,_NE_011.jpg HTTP/1.1" 200 59105 "http://www.bogenriefstudios.com/bogenriefgallery/stainedglasswindows.html" "Mozilla/5.0 (Linux; U; en-us; KFJWA Build/IMM76D) AppleWebKit/535.19 (KHTML, like Gecko) Silk/3.4 Safari/535.19 Silk-Accelerated=true"
74.47.204.240 - - [18/Aug/2013:20:49:00 -0400] "GET /images/696_web_site-edited.jpg HTTP/1.1" 200 150555 "http://www.bogenriefstudios.com/bogenriefgallery/stainedglasswindows.html" "Mozilla/5.0 (Linux; U; en-us; KFJWA Build/IMM76D) AppleWebKit/535.19 (KHTML, like Gecko) Silk/3.4 Safari/535.19 Silk-Accelerated=true"
74.47.204.240 - - [18/Aug/2013:20:49:25 -0400] "GET /images/696_029.JPG HTTP/1.1" 200 94713 "http://www.bogenriefstudios.com/bogenriefgallery/stainedglasswindows.html" "Mozilla/5.0 (Linux; U; en-us; KFJWA Build/IMM76D) AppleWebKit/535.19 (KHTML, like Gecko) Silk/3.4 Safari/535.19 Silk-Accelerated=true"
74.47.204.240 - - [18/Aug/2013:20:49:28 -0400] "GET /images/487_DSC_0090.JPG HTTP/1.1" 200 118968 "http://www.bogenriefstudios.com/bogenriefgallery/stainedglasswindows.html" "Mozilla/5.0 (Linux; U; en-us; KFJWA Build/IMM76D) AppleWebKit/535.19 (KHTML, like Gecko) Silk/3.4 Safari/535.19 Silk-Accelerated=true"
74.47.204.240 - - [18/Aug/2013:20:49:50 -0400] "GET /images/696_web_site_8.JPG HTTP/1.1" 200 62947 "http://www.bogenriefstudios.com/bogenriefgallery/stainedglasswindows.html" "Mozilla/5.0 (Linux; U; en-us; KFJWA Build/IMM76D) AppleWebKit/535.19 (KHTML, like Gecko) Silk/3.4 Safari/535.19 Silk-Accelerated=true"
93.185.216.145 - - [18/Aug/2013:05:19:31 -0400] "GET /images/682_elephant-completed.jpg HTTP/1.1" 200 260073 "http://www.crown6.org/publ/18-1-0-5082" "Opera/9.80 (Windows NT 6.1; WOW64) Presto/2.12.388 Version/12.16"
218.23.226.35 - - [18/Aug/2013:05:40:07 -0400] "GET /history.html HTTP/1.1" 200 14327 "-" "Mozilla/4.0 (compatible; MSIE 6.0; Windows NT 5.1; .NET CLR 2.0.50727; .NET CLR 3.0.4506.2152; .NET CLR 3.5.30729)"
184.148.63.144 - - [18/Aug/2013:01:39:49 -0400] "GET /scripts/user.js HTTP/1.1" 200 23762 "http://www.bogenriefstudios.com/projects.html" "Mozilla/4.0 (compatible; MSIE 8.0; Windows NT 6.0; Trident/4.0; GTB7.5; SLCC1; .NET CLR 2.0.50727; Media Center PC 5.0; .NET CLR 3.5.30729; .NET CLR 3.0.30618; OfficeLiveConnector.1.3; OfficeLivePatch.0.0; BRI/2)"
184.148.63.144 - - [18/Aug/2013:01:39:49 -0400] "GET /images/512_mjbhome%20int%20sm%20scale.jpg HTTP/1.1" 200 49869 "http://www.bogenriefstudios.com/projects.html" "Mozilla/4.0 (compatible; MSIE 8.0; Windows NT 6.0; Trident/4.0; GTB7.5; SLCC1; .NET CLR 2.0.50727; Media Center PC 5.0; .NET CLR 3.5.30729; .NET CLR 3.0.30618; OfficeLiveConnector.1.3; OfficeLivePatch.0.0; BRI/2)"
184.148.63.144 - - [18/Aug/2013:01:39:52 -0400] "GET /images/682_web_site_8.JPG HTTP/1.1" 200 65649 "http://www.bogenriefstudios.com/projects.html" "Mozilla/4.0 (compatible; MSIE 8.0; Windows NT 6.0; Trident/4.0; GTB7.5; SLCC1; .NET CLR 2.0.50727; Media Center PC 5.0; .NET CLR 3.5.30729; .NET CLR 3.0.30618; OfficeLiveConnector.1.3; OfficeLivePatch.0.0; BRI/2)"
65.55.24.234 - - [18/Aug/2013:15:46:15 -0400] "GET /underconstruction/projects.html HTTP/1.1" 200 16674 "-" "Mozilla/5.0 (compatible; bingbot/2.0; +http://www.bing.com/bingbot.htm)"
166.147.72.34 - - [18/Aug/2013:16:06:44 -0400] "GET /images/314_Lauritzen_Gardens_42_.jpg HTTP/1.1" 200 31524 "-" "Mozilla/5.0 (iPad; CPU OS 6_1_3 like Mac OS X) AppleWebKit/536.26 (KHTML, like Gecko) Version/6.0 Mobile/10B329 Safari/8536.25"
178.151.69.24 - - [18/Aug/2013:17:25:20 -0400] "GET /scripts/18custom.css HTTP/1.1" 200 804 "http://www.bogenriefstudios.com/bogenriefgallery/ceilingsdomes.html" "Opera/9.80 (Windows NT 6.1) Presto/2.12.388 Version/12.16"
178.151.69.24 - - [18/Aug/2013:17:25:20 -0400] "GET /images/photoalbum/button_photoPause.jpg HTTP/1.1" 200 605 "http://www.bogenriefstudios.com/bogenriefgallery/ceilingsdomes.html" "Opera/9.80 (Windows NT 6.1) Presto/2.12.388 Version/12.16"
178.151.69.24 - - [18/Aug/2013:17:25:21 -0400] "GET /images/photoalbum/button_photoSpeed2_ON.jpg HTTP/1.1" 200 492 "http://www.bogenriefstudios.com/bogenriefgallery/ceilingsdomes.html" "Opera/9.80 (Windows NT 6.1) Presto/2.12.388 Version/12.16"
178.151.69.24 - - [18/Aug/2013:17:25:21 -0400] "GET /images/218_Water_Lily_Dome.JPG HTTP/1.1" 200 17262 "http://www.bogenriefstudios.com/bogenriefgallery/ceilingsdomes.html" "Opera/9.80 (Windows NT 6.1) Presto/2.12.388 Version/12.16"
178.151.69.24 - - [18/Aug/2013:17:25:21 -0400] "GET /images/682_David_Siegel_s_Dome.jpg HTTP/1.1" 200 130582 "http://www.bogenriefstudios.com/bogenriefgallery/ceilingsdomes.html" "Opera/9.80 (Windows NT 6.1) Presto/2.12.388 Version/12.16"
178.151.69.24 - - [18/Aug/2013:17:25:21 -0400] "GET /images/480_SUTH0088.jpg HTTP/1.1" 200 36642 "http://www.bogenriefstudios.com/bogenriefgallery/ceilingsdomes.html" "Opera/9.80 (Windows NT 6.1) Presto/2.12.388 Version/12.16"
178.151.69.24 - - [18/Aug/2013:17:25:22 -0400] "GET /images/218_008.JPG HTTP/1.1" 200 15760 "http://www.bogenriefstudios.com/bogenriefgallery/ceilingsdomes.html" "Opera/9.80 (Windows NT 6.1) Presto/2.12.388 Version/12.16"
178.151.69.24 - - [18/Aug/2013:17:25:22 -0400] "GET /images/216_atlanta_dome_1.JPG HTTP/1.1" 200 22209 "http://www.bogenriefstudios.com/bogenriefgallery/ceilingsdomes.html" "Opera/9.80 (Windows NT 6.1) Presto/2.12.388 Version/12.16"
178.151.69.24 - - [18/Aug/2013:17:25:22 -0400] "GET /images/696_Water_Lily_Dome.JPG HTTP/1.1" 200 132125 "http://www.bogenriefstudios.com/bogenriefgallery/ceilingsdomes.html" "Opera/9.80 (Windows NT 6.1) Presto/2.12.388 Version/12.16"
5.63.151.189 - - [18/Aug/2013:11:22:22 -0400] "HEAD / HTTP/1.1" 200 - "-" "checks.panopta.com"
198.228.200.27 - - [18/Aug/2013:15:01:53 -0400] "GET /images/321_AzizaJungleMaiden.jpg HTTP/1.1" 200 57667 "https://www.google.com/" "Mozilla/5.0 (iPhone; CPU iPhone OS 6_1_3 like Mac OS X) AppleWebKit/536.26 (KHTML, like Gecko) Version/6.0 Mobile/10B329 Safari/8536.25"
178.151.69.24 - - [18/Aug/2013:17:25:38 -0400] "GET /scripts/print.css HTTP/1.1" 200 - "http://www.bogenriefstudios.com/videos.html" "Opera/9.80 (Windows NT 6.1) Presto/2.12.388 Version/12.16"
218.23.226.35 - - [18/Aug/2013:13:45:13 -0400] "GET /bogenriefgallery/stainedglasswindows.html HTTP/1.1" 200 25295 "-" "Mozilla/4.0 (compatible; MSIE 6.0; Windows NT 5.1; .NET CLR 2.0.50727; .NET CLR 3.0.4506.2152; .NET CLR 3.5.30729)"
71.7.80.255 - - [18/Aug/2013:14:46:51 -0400] "GET /junglepaneldetails.html HTTP/1.1" 200 12739 "http://www.google.com/imgres?q=stained+glass+monkey+pattern&start=660&sa=X&biw=1366&bih=616&tbm=isch&tbnid=cJsSzPEY8tpglM:&imgrefurl=http://www.bogenriefstudios.com/junglepaneldetails.html&docid=sP1FJOXsVhtHLM&imgurl=http://www.bogenriefstudios.com/images/682_Detail_with_monkey.jpg&w=682&h=511&ei=9BURUv7PCYb42AW4v4CwDg&zoom=1&iact=hc&vpx=1060&vpy=320&dur=78&hovh=194&hovw=259&tx=230&ty=176&page=21&tbnh=145&tbnw=191&ndsp=34&ved=1t:429,r:93,s:600,i:283" "Mozilla/4.0 (compatible; MSIE 8.0; Windows NT 6.1; WOW64; Trident/4.0; SLCC2; .NET CLR 2.0.50727; .NET CLR 3.5.30729; .NET CLR 3.0.30729; Media Center PC 6.0)"
71.7.80.255 - - [18/Aug/2013:14:46:51 -0400] "GET /scripts/ic_globals_published.js HTTP/1.1" 200 566 "http://www.bogenriefstudios.com/junglepaneldetails.html" "Mozilla/4.0 (compatible; MSIE 8.0; Windows NT 6.1; WOW64; Trident/4.0; SLCC2; .NET CLR 2.0.50727; .NET CLR 3.5.30729; .NET CLR 3.0.30729; Media Center PC 6.0)"
71.7.80.255 - - [18/Aug/2013:14:46:51 -0400] "GET /scripts/template.css HTTP/1.1" 200 9956 "http://www.bogenriefstudios.com/junglepaneldetails.html" "Mozilla/4.0 (compatible; MSIE 8.0; Windows NT 6.1; WOW64; Trident/4.0; SLCC2; .NET CLR 2.0.50727; .NET CLR 3.5.30729; .NET CLR 3.0.30729; Media Center PC 6.0)"
71.7.80.255 - - [18/Aug/2013:14:46:51 -0400] "GET /scripts/website.css HTTP/1.1" 200 1646 "http://www.bogenriefstudios.com/junglepaneldetails.html" "Mozilla/4.0 (compatible; MSIE 8.0; Windows NT 6.1; WOW64; Trident/4.0; SLCC2; .NET CLR 2.0.50727; .NET CLR 3.5.30729; .NET CLR 3.0.30729; Media Center PC 6.0)"
71.7.80.255 - - [18/Aug/2013:14:46:52 -0400] "GET /images/68.jpg HTTP/1.1" 200 11436 "http://www.bogenriefstudios.com/junglepaneldetails.html" "Mozilla/4.0 (compatible; MSIE 8.0; Windows NT 6.1; WOW64; Trident/4.0; SLCC2; .NET CLR 2.0.50727; .NET CLR 3.5.30729; .NET CLR 3.0.30729; Media Center PC 6.0)"
71.7.80.255 - - [18/Aug/2013:14:46:52 -0400] "GET /images/ic_034_body_bg_wide.jpg HTTP/1.1" 200 90532 "http://www.bogenriefstudios.com/junglepaneldetails.html" "Mozilla/4.0 (compatible; MSIE 8.0; Windows NT 6.1; WOW64; Trident/4.0; SLCC2; .NET CLR 2.0.50727; .NET CLR 3.5.30729; .NET CLR 3.0.30729; Media Center PC 6.0)"
71.7.80.255 - - [18/Aug/2013:14:46:52 -0400] "GET /images/682_Detail_with_left_facing_parrot.JPG HTTP/1.1" 200 110874 "http://www.bogenriefstudios.com/junglepaneldetails.html" "Mozilla/4.0 (compatible; MSIE 8.0; Windows NT 6.1; WOW64; Trident/4.0; SLCC2; .NET CLR 2.0.50727; .NET CLR 3.5.30729; .NET CLR 3.0.30729; Media Center PC 6.0)"
71.7.80.255 - - [18/Aug/2013:14:46:53 -0400] "GET /images/682_Detail_with_greenery_red_flowers.jpg HTTP/1.1" 200 168414 "http://www.bogenriefstudios.com/junglepaneldetails.html" "Mozilla/4.0 (compatible; MSIE 8.0; Windows NT 6.1; WOW64; Trident/4.0; SLCC2; .NET CLR 2.0.50727; .NET CLR 3.5.30729; .NET CLR 3.0.30729; Media Center PC 6.0)"
71.7.80.255 - - [18/Aug/2013:14:46:54 -0400] "GET /images/682_Detail_with_fronds.jpg HTTP/1.1" 200 112032 "http://www.bogenriefstudios.com/junglepaneldetails.html" "Mozilla/4.0 (compatible; MSIE 8.0; Windows NT 6.1; WOW64; Trident/4.0; SLCC2; .NET CLR 2.0.50727; .NET CLR 3.5.30729; .NET CLR 3.0.30729; Media Center PC 6.0)"
98.208.160.26 - - [18/Aug/2013:19:15:34 -0400] "GET /images/682_spider_mum_009.JPG HTTP/1.1" 200 68685 "-" "Mozilla/5.0 (iPad; CPU OS 6_1_3 like Mac OS X) AppleWebKit/536.26 (KHTML, like Gecko) Version/6.0 Mobile/10B329 Safari/8536.25"
74.47.204.240 - - [18/Aug/2013:19:21:11 -0400] "GET /favicon.ico HTTP/1.1" 404 575 "-" "Mozilla/5.0 (Linux; U; en-us; KFJWA Build/IMM76D) AppleWebKit/535.19 (KHTML, like Gecko) Silk/3.4 Safari/535.19 Silk-Accelerated=true"
74.47.204.240 - - [18/Aug/2013:19:21:13 -0400] "GET /favicon.ico HTTP/1.1" 404 575 "-" "Mozilla/5.0 (Linux; U; en-us; KFJWA Build/IMM76D) AppleWebKit/535.19 (KHTML, like Gecko) Silk/3.4 Safari/535.19 Silk-Accelerated=true"
74.47.204.240 - - [18/Aug/2013:19:21:16 -0400] "GET /favicon.ico HTTP/1.1" 404 575 "-" "Mozilla/5.0 (Linux; U; en-us; KFJWA Build/IMM76D) AppleWebKit/535.19 (KHTML, like Gecko) Silk/3.4 Safari/535.19 Silk-Accelerated=true"
74.47.204.240 - - [18/Aug/2013:19:21:18 -0400] "GET /favicon.ico HTTP/1.1" 404 575 "-" "Mozilla/5.0 (Linux; U; en-us; KFJWA Build/IMM76D) AppleWebKit/535.19 (KHTML, like Gecko) Silk/3.4 Safari/535.19 Silk-Accelerated=true"
74.47.204.240 - - [18/Aug/2013:19:21:21 -0400] "GET /favicon.ico HTTP/1.1" 404 575 "-" "Mozilla/5.0 (Linux; U; en-us; KFJWA Build/IMM76D) AppleWebKit/535.19 (KHTML, like Gecko) Silk/3.4 Safari/535.19 Silk-Accelerated=true"
66.249.75.165 - - [18/Aug/2013:20:41:02 -0400] "GET /scripts/13custom.css HTTP/1.1" 200 2827 "-" "Mozilla/5.0 (compatible; Googlebot/2.1; +http://www.google.com/bot.html)"
74.47.204.240 - - [18/Aug/2013:20:47:02 -0400] "GET /images/photoalbum/button_photoPrev_ON.jpg HTTP/1.1" 200 654 "http://www.bogenriefstudios.com/bogenriefgallery/lampshades.html" "Mozilla/5.0 (Linux; U; en-us; KFJWA Build/IMM76D) AppleWebKit/535.19 (KHTML, like Gecko) Silk/3.4 Safari/535.19 Silk-Accelerated=true"
74.47.204.240 - - [18/Aug/2013:20:48:44 -0400] "GET /images/696_Grout_Museum_veterans_memorial_wall_edited_.jpg HTTP/1.1" 200 76828 "http://www.bogenriefstudios.com/bogenriefgallery/stainedglasswindows.html" "Mozilla/5.0 (Linux; U; en-us; KFJWA Build/IMM76D) AppleWebKit/535.19 (KHTML, like Gecko) Silk/3.4 Safari/535.19 Silk-Accelerated=true"
74.47.204.240 - - [18/Aug/2013:20:49:53 -0400] "GET /images/280_window_rose_vase.JPG HTTP/1.1" 200 41786 "http://www.bogenriefstudios.com/bogenriefgallery/stainedglasswindows.html" "Mozilla/5.0 (Linux; U; en-us; KFJWA Build/IMM76D) AppleWebKit/535.19 (KHTML, like Gecko) Silk/3.4 Safari/535.19 Silk-Accelerated=true"
74.47.204.240 - - [18/Aug/2013:20:49:55 -0400] "GET /images/696_Q_of_P_comp_3a.JPG HTTP/1.1" 200 76912 "http://www.bogenriefstudios.com/bogenriefgallery/stainedglasswindows.html" "Mozilla/5.0 (Linux; U; en-us; KFJWA Build/IMM76D) AppleWebKit/535.19 (KHTML, like Gecko) Silk/3.4 Safari/535.19 Silk-Accelerated=true"
74.47.204.240 - - [18/Aug/2013:20:49:58 -0400] "GET /images/253_nugget_window.JPG HTTP/1.1" 200 47276 "http://www.bogenriefstudios.com/bogenriefgallery/stainedglasswindows.html" "Mozilla/5.0 (Linux; U; en-us; KFJWA Build/IMM76D) AppleWebKit/535.19 (KHTML, like Gecko) Silk/3.4 Safari/535.19 Silk-Accelerated=true"
70.81.102.108 - - [18/Aug/2013:23:07:14 -0400] "GET /images/314_Lauritzen_Gardens_42_.jpg HTTP/1.1" 200 31524 "-" "Mozilla/5.0 (Macintosh; Intel Mac OS X 10.8; rv:23.0) Gecko/20100101 Firefox/23.0"
199.30.20.162 - - [18/Aug/2013:23:13:00 -0400] "GET /robots.txt HTTP/1.1" 200 25 "-" "msnbot-media/1.1 (+http://search.msn.com/msnbot.htm)"
5.63.151.189 - - [18/Aug/2013:07:51:27 -0400] "HEAD / HTTP/1.1" 200 - "-" "checks.panopta.com"
5.63.151.189 - - [18/Aug/2013:09:21:39 -0400] "HEAD / HTTP/1.1" 200 - "-" "checks.panopta.com"
172.242.131.226 - - [18/Aug/2013:12:30:51 -0400] "GET /images/205_025.JPG HTTP/1.1" 200 16394 "http://www.bogenriefstudios.com/" "Mozilla/5.0 (Windows NT 6.0; WOW64) AppleWebKit/537.36 (KHTML, like Gecko) Chrome/28.0.1500.95 Safari/537.36"
218.23.226.35 - - [18/Aug/2013:05:40:09 -0400] "GET /videos.html HTTP/1.1" 200 7609 "-" "Mozilla/4.0 (compatible; MSIE 6.0; Windows NT 5.1; .NET CLR 2.0.50727; .NET CLR 3.0.4506.2152; .NET CLR 3.5.30729)"
70.196.130.206 - - [18/Aug/2013:15:08:57 -0400] "GET /images/682_Daydream_001.jpg HTTP/1.1" 200 215855 "http://www.bing.com/images/search?q=alphonse+mucha+&qpvt=alphonse+mucha+&FORM=IGRE" "Mozilla/5.0 (Macintosh; Intel Mac OS X 10_6_8) AppleWebKit/537.36 (KHTML, like Gecko) Chrome/28.0.1500.71 Safari/537.36"
178.151.69.24 - - [18/Aug/2013:17:25:21 -0400] "GET /images/218_David_Siegel_Dome.jpg HTTP/1.1" 200 14842 "http://www.bogenriefstudios.com/bogenriefgallery/ceilingsdomes.html" "Opera/9.80 (Windows NT 6.1) Presto/2.12.388 Version/12.16"
178.151.69.24 - - [18/Aug/2013:17:25:21 -0400] "GET /images/218_atlanta_dome_2.JPG HTTP/1.1" 200 7854 "http://www.bogenriefstudios.com/bogenriefgallery/ceilingsdomes.html" "Opera/9.80 (Windows NT 6.1) Presto/2.12.388 Version/12.16"
178.151.69.24 - - [18/Aug/2013:17:25:21 -0400] "GET /images/218_Dome10.jpg HTTP/1.1" 200 10522 "http://www.bogenriefstudios.com/bogenriefgallery/ceilingsdomes.html" "Opera/9.80 (Windows NT 6.1) Presto/2.12.388 Version/12.16"
178.151.69.24 - - [18/Aug/2013:17:25:21 -0400] "GET /images/163_Dome_-_hangers_004.jpg HTTP/1.1" 200 10160 "http://www.bogenriefstudios.com/bogenriefgallery/ceilingsdomes.html" "Opera/9.80 (Windows NT 6.1) Presto/2.12.388 Version/12.16"
178.151.69.24 - - [18/Aug/2013:17:25:22 -0400] "GET /images/68.jpg HTTP/1.1" 200 11436 "http://www.bogenriefstudios.com/bogenriefgallery/ceilingsdomes.html" "Opera/9.80 (Windows NT 6.1) Presto/2.12.388 Version/12.16"
178.151.69.24 - - [18/Aug/2013:17:25:22 -0400] "GET /images/176_Dome7.jpg HTTP/1.1" 200 10712 "http://www.bogenriefstudios.com/bogenriefgallery/ceilingsdomes.html" "Opera/9.80 (Windows NT 6.1) Presto/2.12.388 Version/12.16"
24.151.126.128 - - [18/Aug/2013:18:04:58 -0400] "GET /images/321_Aziza.jpg HTTP/1.1" 200 48989 "-" "rarely used"
130.185.109.239 - - [18/Aug/2013:18:14:58 -0400] "GET /robots.txt HTTP/1.1" 200 25 "-" "PagesInventory (robot http://www.pagesinvenotry.com)"
98.208.160.26 - - [18/Aug/2013:19:15:45 -0400] "GET /availableforpurchase.html HTTP/1.1" 200 22554 "-" "Mozilla/5.0 (iPad; CPU OS 6_1_3 like Mac OS X) AppleWebKit/536.26 (KHTML, like Gecko) Version/6.0 Mobile/10B329 Safari/8536.25"
98.208.160.26 - - [18/Aug/2013:19:15:45 -0400] "GET /images/682_Fall_017.JPG HTTP/1.1" 200 261518 "http://www.bogenriefstudios.com/availableforpurchase.html" "Mozilla/5.0 (iPad; CPU OS 6_1_3 like Mac OS X) AppleWebKit/536.26 (KHTML, like Gecko) Version/6.0 Mobile/10B329 Safari/8536.25"
98.208.160.26 - - [18/Aug/2013:19:15:46 -0400] "GET /images/629_Four_Seasons_-_Summer_001.jpg HTTP/1.1" 200 258482 "http://www.bogenriefstudios.com/availableforpurchase.html" "Mozilla/5.0 (iPad; CPU OS 6_1_3 like Mac OS X) AppleWebKit/536.26 (KHTML, like Gecko) Version/6.0 Mobile/10B329 Safari/8536.25"
98.208.160.26 - - [18/Aug/2013:19:15:46 -0400] "GET /images/677_SF_grapes_013.JPG HTTP/1.1" 200 216725 "http://www.bogenriefstudios.com/availableforpurchase.html" "Mozilla/5.0 (iPad; CPU OS 6_1_3 like Mac OS X) AppleWebKit/536.26 (KHTML, like Gecko) Version/6.0 Mobile/10B329 Safari/8536.25"
98.208.160.26 - - [18/Aug/2013:19:15:47 -0400] "GET /images/682_a_items_onhand_027.JPG HTTP/1.1" 200 57298 "http://www.bogenriefstudios.com/availableforpurchase.html" "Mozilla/5.0 (iPad; CPU OS 6_1_3 like Mac OS X) AppleWebKit/536.26 (KHTML, like Gecko) Version/6.0 Mobile/10B329 Safari/8536.25"
98.208.160.26 - - [18/Aug/2013:19:15:47 -0400] "GET /images/682_auction_SF_015.JPG HTTP/1.1" 200 91790 "http://www.bogenriefstudios.com/availableforpurchase.html" "Mozilla/5.0 (iPad; CPU OS 6_1_3 like Mac OS X) AppleWebKit/536.26 (KHTML, like Gecko) Version/6.0 Mobile/10B329 Safari/8536.25"
74.47.204.240 - - [18/Aug/2013:19:21:51 -0400] "GET /favicon.ico HTTP/1.1" 404 575 "-" "Mozilla/5.0 (Linux; U; en-us; KFJWA Build/IMM76D) AppleWebKit/535.19 (KHTML, like Gecko) Silk/3.4 Safari/535.19 Silk-Accelerated=true"
74.47.204.240 - - [18/Aug/2013:20:51:47 -0400] "GET /history.html HTTP/1.1" 200 14327 "http://www.bogenriefstudios.com/bogenriefgallery.html" "Mozilla/5.0 (Linux; U; en-us; KFJWA Build/IMM76D) AppleWebKit/535.19 (KHTML, like Gecko) Silk/3.4 Safari/535.19 Silk-Accelerated=true"
74.47.204.240 - - [18/Aug/2013:20:51:47 -0400] "GET /images/300_P1010130.JPG HTTP/1.1" 200 41395 "http://www.bogenriefstudios.com/history.html" "Mozilla/5.0 (Linux; U; en-us; KFJWA Build/IMM76D) AppleWebKit/535.19 (KHTML, like Gecko) Silk/3.4 Safari/535.19 Silk-Accelerated=true"
74.47.204.240 - - [18/Aug/2013:20:51:52 -0400] "GET /favicon.ico HTTP/1.1" 404 575 "-" "Mozilla/5.0 (Linux; U; en-us; KFJWA Build/IMM76D) AppleWebKit/535.19 (KHTML, like Gecko) Silk/3.4 Safari/535.19 Silk-Accelerated=true"
199.30.80.110 - - [18/Aug/2013:22:25:48 -0400] "GET /images/198_052_2_.JPG HTTP/1.1" 200 7649 "http://www.bogenriefstudios.com/" "Mozilla/5.0 (X11; U; Linux x86_64; en-US; rv:1.9.2.24) Gecko/20111107 Ubuntu/10.04 (lucid) Firefox/3.6.24"
199.30.20.162 - - [18/Aug/2013:23:13:05 -0400] "GET /images/321_Richards_install_004.JPG HTTP/1.1" 200 21479 "-" "msnbot-media/1.1 (+http://search.msn.com/msnbot.htm)"
72.18.44.197 - - [18/Aug/2013:23:45:15 -0400] "GET /scripts/template.css HTTP/1.1" 200 9956 "http://www.bogenriefstudios.com/studios.html" "Mozilla/5.0 (iPad; U; CPU OS 3_2_1 like Mac OS X; en-us) AppleWebKit/531.21.10 (KHTML, like Gecko) Version/4.0.4 Mobile/7B405 Safari/531.21.10"
5.63.151.189 - - [18/Aug/2013:06:05:26 -0400] "HEAD / HTTP/1.1" 200 - "-" "checks.panopta.com"
157.56.229.87 - - [18/Aug/2013:16:42:14 -0400] "GET / HTTP/1.1" 200 13883 "-" "Mozilla/5.0 (compatible; bingbot/2.0; +http://www.bing.com/bingbot.htm)"
178.151.69.24 - - [18/Aug/2013:17:25:38 -0400] "GET /videos.html HTTP/1.1" 200 7609 "http://www.bogenriefstudios.com/bogenriefgallery/ceilingsdomes.html" "Opera/9.80 (Windows NT 6.1) Presto/2.12.388 Version/12.16"
178.151.69.24 - - [18/Aug/2013:17:38:06 -0400] "GET /images/696_Dome8.jpg HTTP/1.1" 200 70220 "http://www.bogenriefstudios.com/bogenriefgallery/ceilingsdomes.html" "Opera/9.80 (Windows NT 6.1) Presto/2.12.388 Version/12.16"
157.55.34.74 - - [18/Aug/2013:23:08:55 -0400] "GET /scripts/10custom.css HTTP/1.1" 200 468 "-" "Mozilla/5.0 (compatible; bingbot/2.0; +http://www.bing.com/bingbot.htm)"
5.135.125.183 - - [18/Aug/2013:19:21:12 -0400] "GET / HTTP/1.1" 200 13883 "-" "Opera/9.80 (X11; Linux x86_64; U; en) Presto/2.9.168 Version/11.50"
5.135.125.183 - - [18/Aug/2013:19:21:14 -0400] "GET /onlinestore.html HTTP/1.1" 200 202 "-" "Mozilla/5.0 (X11; Linux i686; rv:5.0.1) Gecko/20100101 Firefox/5.0.1"
74.47.204.240 - - [18/Aug/2013:19:21:32 -0400] "GET /favicon.ico HTTP/1.1" 404 575 "-" "Mozilla/5.0 (Linux; U; en-us; KFJWA Build/IMM76D) AppleWebKit/535.19 (KHTML, like Gecko) Silk/3.4 Safari/535.19 Silk-Accelerated=true"
98.208.160.26 - - [18/Aug/2013:19:23:36 -0400] "GET /images/photoalbum/button_photoPause.jpg HTTP/1.1" 200 605 "http://www.bogenriefstudios.com/bogenriefgallery/ceilingsdomes.html" "Mozilla/5.0 (iPad; CPU OS 6_1_3 like Mac OS X) AppleWebKit/536.26 (KHTML, like Gecko) Version/6.0 Mobile/10B329 Safari/8536.25"
98.208.160.26 - - [18/Aug/2013:19:23:36 -0400] "GET /images/photoalbum/button_photoLast.jpg HTTP/1.1" 200 637 "http://www.bogenriefstudios.com/bogenriefgallery/ceilingsdomes.html" "Mozilla/5.0 (iPad; CPU OS 6_1_3 like Mac OS X) AppleWebKit/536.26 (KHTML, like Gecko) Version/6.0 Mobile/10B329 Safari/8536.25"
98.208.160.26 - - [18/Aug/2013:19:23:36 -0400] "GET /images/photoalbum/button_photoSpeed5.jpg HTTP/1.1" 200 502 "http://www.bogenriefstudios.com/bogenriefgallery/ceilingsdomes.html" "Mozilla/5.0 (iPad; CPU OS 6_1_3 like Mac OS X) AppleWebKit/536.26 (KHTML, like Gecko) Version/6.0 Mobile/10B329 Safari/8536.25"
98.208.160.26 - - [18/Aug/2013:19:23:37 -0400] "GET /images/218_Water_Lily_Dome.JPG HTTP/1.1" 200 17262 "http://www.bogenriefstudios.com/bogenriefgallery/ceilingsdomes.html" "Mozilla/5.0 (iPad; CPU OS 6_1_3 like Mac OS X) AppleWebKit/536.26 (KHTML, like Gecko) Version/6.0 Mobile/10B329 Safari/8536.25"
98.208.160.26 - - [18/Aug/2013:19:23:37 -0400] "GET /images/696_Lattice_Clematis_Flower_Dome.JPG HTTP/1.1" 200 58143 "http://www.bogenriefstudios.com/bogenriefgallery/ceilingsdomes.html" "Mozilla/5.0 (iPad; CPU OS 6_1_3 like Mac OS X) AppleWebKit/536.26 (KHTML, like Gecko) Version/6.0 Mobile/10B329 Safari/8536.25"
98.208.160.26 - - [18/Aug/2013:19:23:37 -0400] "GET /images/480_David_Siegel_Dome.jpg HTTP/1.1" 200 69687 "http://www.bogenriefstudios.com/bogenriefgallery/ceilingsdomes.html" "Mozilla/5.0 (iPad; CPU OS 6_1_3 like Mac OS X) AppleWebKit/536.26 (KHTML, like Gecko) Version/6.0 Mobile/10B329 Safari/8536.25"
98.208.160.26 - - [18/Aug/2013:19:23:37 -0400] "GET /images/145_DSC_0238.JPG HTTP/1.1" 200 9335 "http://www.bogenriefstudios.com/bogenriefgallery/ceilingsdomes.html" "Mozilla/5.0 (iPad; CPU OS 6_1_3 like Mac OS X) AppleWebKit/536.26 (KHTML, like Gecko) Version/6.0 Mobile/10B329 Safari/8536.25"
98.208.160.26 - - [18/Aug/2013:19:23:37 -0400] "GET /images/696_for_sale_5_008.JPG HTTP/1.1" 200 53373 "http://www.bogenriefstudios.com/bogenriefgallery/ceilingsdomes.html" "Mozilla/5.0 (iPad; CPU OS 6_1_3 like Mac OS X) AppleWebKit/536.26 (KHTML, like Gecko) Version/6.0 Mobile/10B329 Safari/8536.25"
98.208.160.26 - - [18/Aug/2013:19:23:38 -0400] "GET /images/692_atlanta_dome_1.JPG HTTP/1.1" 200 154660 "http://www.bogenriefstudios.com/bogenriefgallery/ceilingsdomes.html" "Mozilla/5.0 (iPad; CPU OS 6_1_3 like Mac OS X) AppleWebKit/536.26 (KHTML, like Gecko) Version/6.0 Mobile/10B329 Safari/8536.25"
98.208.160.26 - - [18/Aug/2013:19:23:38 -0400] "GET /images/216_atlanta_dome_1.JPG HTTP/1.1" 200 22209 "http://www.bogenriefstudios.com/bogenriefgallery/ceilingsdomes.html" "Mozilla/5.0 (iPad; CPU OS 6_1_3 like Mac OS X) AppleWebKit/536.26 (KHTML, like Gecko) Version/6.0 Mobile/10B329 Safari/8536.25"
98.208.160.26 - - [18/Aug/2013:19:23:38 -0400] "GET /images/477_atlanta_dome_1.JPG HTTP/1.1" 200 84655 "http://www.bogenriefstudios.com/bogenriefgallery/ceilingsdomes.html" "Mozilla/5.0 (iPad; CPU OS 6_1_3 like Mac OS X) AppleWebKit/536.26 (KHTML, like Gecko) Version/6.0 Mobile/10B329 Safari/8536.25"
98.208.160.26 - - [18/Aug/2013:19:23:38 -0400] "GET /images/480_008.JPG HTTP/1.1" 200 66085 "http://www.bogenriefstudios.com/bogenriefgallery/ceilingsdomes.html" "Mozilla/5.0 (iPad; CPU OS 6_1_3 like Mac OS X) AppleWebKit/536.26 (KHTML, like Gecko) Version/6.0 Mobile/10B329 Safari/8536.25"
98.208.160.26 - - [18/Aug/2013:19:23:39 -0400] "GET /images/696_atlanta_dome_3.JPG HTTP/1.1" 200 88199 "http://www.bogenriefstudios.com/bogenriefgallery/ceilingsdomes.html" "Mozilla/5.0 (iPad; CPU OS 6_1_3 like Mac OS X) AppleWebKit/536.26 (KHTML, like Gecko) Version/6.0 Mobile/10B329 Safari/8536.25"
98.208.160.26 - - [18/Aug/2013:19:23:39 -0400] "GET /images/150_34.jpg HTTP/1.1" 200 9772 "http://www.bogenriefstudios.com/bogenriefgallery/ceilingsdomes.html" "Mozilla/5.0 (iPad; CPU OS 6_1_3 like Mac OS X) AppleWebKit/536.26 (KHTML, like Gecko) Version/6.0 Mobile/10B329 Safari/8536.25"
98.208.160.26 - - [18/Aug/2013:19:23:39 -0400] "GET /images/176_Dome7.jpg HTTP/1.1" 200 10712 "http://www.bogenriefstudios.com/bogenriefgallery/ceilingsdomes.html" "Mozilla/5.0 (iPad; CPU OS 6_1_3 like Mac OS X) AppleWebKit/536.26 (KHTML, like Gecko) Version/6.0 Mobile/10B329 Safari/8536.25"
98.208.160.26 - - [18/Aug/2013:19:23:39 -0400] "GET /images/387_Dome7.jpg HTTP/1.1" 200 39664 "http://www.bogenriefstudios.com/bogenriefgallery/ceilingsdomes.html" "Mozilla/5.0 (iPad; CPU OS 6_1_3 like Mac OS X) AppleWebKit/536.26 (KHTML, like Gecko) Version/6.0 Mobile/10B329 Safari/8536.25"
98.208.160.26 - - [18/Aug/2013:19:23:40 -0400] "GET /images/480_Dome9.jpg HTTP/1.1" 200 43905 "http://www.bogenriefstudios.com/bogenriefgallery/ceilingsdomes.html" "Mozilla/5.0 (iPad; CPU OS 6_1_3 like Mac OS X) AppleWebKit/536.26 (KHTML, like Gecko) Version/6.0 Mobile/10B329 Safari/8536.25"
