0byt3m1n1
Path:
/
data
/
0
/
0
/
70
/
125
/
70614
/
meta
/
71857
/
logs
/
[
Home
]
File: x-access_log.2013-08-18
79.66.105.209 - - [18/Aug/2013:15:24:12 -0400] "HEAD / HTTP/1.1" 200 - "-" "Xenu Link Sleuth/1.3.8"
86.169.181.0 - - [18/Aug/2013:16:26:37 -0400] "GET /images/682_blue_white_chandelier_-_installed-edited.jpg HTTP/1.1" 200 79065 "http://www.skyscrapercity.com/showthread.php?t=1276385&page=41" "Mozilla/5.0 (compatible; MSIE 10.0; Windows NT 6.2; Win64; x64; Trident/6.0; Touch; MAARJS)"
74.47.204.240 - - [18/Aug/2013:19:18:32 -0400] "GET /onlinestore.html HTTP/1.1" 200 202 "http://www.bogenriefstudios.com/" "Mozilla/5.0 (Linux; U; en-us; KFJWA Build/IMM76D) AppleWebKit/535.19 (KHTML, like Gecko) Silk/3.4 Safari/535.19 Silk-Accelerated=true"
74.47.204.240 - - [18/Aug/2013:19:18:33 -0400] "GET /favicon.ico HTTP/1.1" 404 575 "-" "Mozilla/5.0 (Linux; U; en-us; KFJWA Build/IMM76D) AppleWebKit/535.19 (KHTML, like Gecko) Silk/3.4 Safari/535.19 Silk-Accelerated=true"
98.208.160.26 - - [18/Aug/2013:19:20:09 -0400] "GET /projects.html HTTP/1.1" 200 16233 "http://www.bogenriefstudios.com/availableforpurchase.html" "Mozilla/5.0 (iPad; CPU OS 6_1_3 like Mac OS X) AppleWebKit/536.26 (KHTML, like Gecko) Version/6.0 Mobile/10B329 Safari/8536.25"
98.208.160.26 - - [18/Aug/2013:19:20:09 -0400] "GET /images/321_AzizaJungleMaiden.jpg HTTP/1.1" 200 57667 "http://www.bogenriefstudios.com/projects.html" "Mozilla/5.0 (iPad; CPU OS 6_1_3 like Mac OS X) AppleWebKit/536.26 (KHTML, like Gecko) Version/6.0 Mobile/10B329 Safari/8536.25"
98.208.160.26 - - [18/Aug/2013:19:20:09 -0400] "GET /images/682_web_site_1-edited.jpg HTTP/1.1" 200 106170 "http://www.bogenriefstudios.com/projects.html" "Mozilla/5.0 (iPad; CPU OS 6_1_3 like Mac OS X) AppleWebKit/536.26 (KHTML, like Gecko) Version/6.0 Mobile/10B329 Safari/8536.25"
5.135.125.183 - - [18/Aug/2013:19:21:14 -0400] "GET /bogenriefgallery/lampshades.html HTTP/1.1" 200 15683 "-" "Mozilla/5.0 (compatible; MSIE 9.0; Windows NT 6.1; en) Opera 11.51"
65.55.24.234 - - [18/Aug/2013:23:00:17 -0400] "GET /home/page1.html HTTP/1.1" 200 6194 "-" "Mozilla/5.0 (compatible; bingbot/2.0; +http://www.bing.com/bingbot.htm)"
5.63.151.189 - - [18/Aug/2013:00:48:25 -0400] "HEAD / HTTP/1.1" 200 - "-" "checks.panopta.com"
5.63.151.189 - - [18/Aug/2013:07:20:56 -0400] "HEAD / HTTP/1.1" 200 - "-" "checks.panopta.com"
184.147.123.155 - - [18/Aug/2013:14:48:33 -0400] "GET /images/682_Detail_with_greenery_red_flowers.jpg HTTP/1.1" 200 168414 "-" "Mozilla/5.0 (compatible; MSIE 10.0; Windows NT 6.1; WOW64; Trident/6.0)"
5.63.151.189 - - [18/Aug/2013:08:21:33 -0400] "HEAD / HTTP/1.1" 200 - "-" "checks.panopta.com"
64.201.57.120 - - [18/Aug/2013:10:41:31 -0400] "GET /images/682_grand_baby_008.JPG HTTP/1.1" 200 187142 "http://www.bogenriefstudios.com/availableforpurchase.html" "Mozilla/5.0 (Windows NT 6.1; WOW64) AppleWebKit/537.36 (KHTML, like Gecko) Chrome/28.0.1500.95 Safari/537.36"
64.201.57.120 - - [18/Aug/2013:10:41:33 -0400] "GET /favicon.ico HTTP/1.1" 404 575 "-" "Mozilla/5.0 (Windows NT 6.1; WOW64) AppleWebKit/537.36 (KHTML, like Gecko) Chrome/28.0.1500.95 Safari/537.36"
218.23.226.35 - - [18/Aug/2013:13:45:21 -0400] "GET /facebooktwitter.html HTTP/1.1" 200 8186 "-" "Mozilla/4.0 (compatible; MSIE 6.0; Windows NT 5.1; .NET CLR 2.0.50727; .NET CLR 3.0.4506.2152; .NET CLR 3.5.30729)"
91.207.9.226 - - [18/Aug/2013:17:06:44 -0400] "GET /home.html HTTP/1.1" 200 27081 "http://internet-exe.com/" "Mozilla/4.0 (compatible; MSIE 6.0; MSIE 5.5; Windows NT 5.0) Opera 7.02 Bork-edition [en]"
188.134.65.101 - - [18/Aug/2013:21:22:58 -0400] "GET /wp-login.php HTTP/1.1" 404 575 "http://bogenriefstudios.com/wp-login.php" "Mozilla/5.0 (Windows; U; Windows NT 5.1; WOW64; rv:16.0.1) Gecko/20121011 Firefox/16.0.1"
168.103.255.16 - - [18/Aug/2013:23:19:40 -0400] "GET /images/682_Detail_with_greenery_red_flowers.jpg HTTP/1.1" 200 168414 "-" "Mozilla/5.0 (Windows NT 6.1; WOW64) AppleWebKit/537.11 (KHTML, like Gecko) Chrome/23.0.1300.0 Iron/23.0.1300.0 Safari/537.11"
5.63.151.189 - - [18/Aug/2013:03:04:28 -0400] "HEAD / HTTP/1.1" 200 - "-" "checks.panopta.com"
66.249.75.165 - - [18/Aug/2013:04:07:07 -0400] "GET /scripts/website.css HTTP/1.1" 200 1646 "http://www.bogenriefstudios.com/history.html" "Mozilla/5.0 (compatible; Googlebot/2.1; +http://www.google.com/bot.html)"
70.178.75.117 - - [18/Aug/2013:00:47:21 -0400] "GET /images/682_blue_white_chandelier_-_installed-edited.jpg HTTP/1.1" 200 79065 "-" "Mozilla/5.0 (iPad; CPU OS 6_1_3 like Mac OS X) AppleWebKit/536.26 (KHTML, like Gecko) Version/6.0 Mobile/10B329 Safari/8536.25"
86.130.27.2 - - [18/Aug/2013:12:58:44 -0400] "GET /images/226_LADY_Peacock_Lady_Blue.jpg HTTP/1.1" 200 35296 "-" "Mozilla/5.0 (iPad; CPU OS 6_1_3 like Mac OS X) AppleWebKit/536.26 (KHTML, like Gecko) Version/6.0 Mobile/10B329 Safari/8536.25"
5.63.151.189 - - [18/Aug/2013:13:08:02 -0400] "HEAD / HTTP/1.1" 200 - "-" "checks.panopta.com"
218.23.226.35 - - [18/Aug/2013:13:45:07 -0400] "GET /bogenriefgallery.html HTTP/1.1" 200 13883 "-" "Mozilla/4.0 (compatible; MSIE 6.0; Windows NT 5.1; .NET CLR 2.0.50727; .NET CLR 3.0.4506.2152; .NET CLR 3.5.30729)"
5.63.151.189 - - [18/Aug/2013:13:53:35 -0400] "HEAD / HTTP/1.1" 200 - "-" "checks.panopta.com"
64.201.57.120 - - [18/Aug/2013:10:41:26 -0400] "GET /images/682_atlanta_trip_005.JPG HTTP/1.1" 200 45298 "http://www.bogenriefstudios.com/availableforpurchase.html" "Mozilla/5.0 (Windows NT 6.1; WOW64) AppleWebKit/537.36 (KHTML, like Gecko) Chrome/28.0.1500.95 Safari/537.36"
64.201.57.120 - - [18/Aug/2013:10:41:27 -0400] "GET /images/682_blue_lab_003.JPG HTTP/1.1" 200 66559 "http://www.bogenriefstudios.com/availableforpurchase.html" "Mozilla/5.0 (Windows NT 6.1; WOW64) AppleWebKit/537.36 (KHTML, like Gecko) Chrome/28.0.1500.95 Safari/537.36"
64.201.57.120 - - [18/Aug/2013:10:41:27 -0400] "GET /images/682_auction_SF_015.JPG HTTP/1.1" 200 91790 "http://www.bogenriefstudios.com/availableforpurchase.html" "Mozilla/5.0 (Windows NT 6.1; WOW64) AppleWebKit/537.36 (KHTML, like Gecko) Chrome/28.0.1500.95 Safari/537.36"
178.124.112.117 - - [18/Aug/2013:11:57:27 -0400] "GET /images/682_blue_lab_003.JPG HTTP/1.1" 200 66559 "http://www.bogenriefstudios.com/availableforpurchase.html" "Mozilla/5.0 (Windows NT 6.1) AppleWebKit/537.36 (KHTML, like Gecko) Chrome/28.0.1500.95 Safari/537.36"
178.124.112.117 - - [18/Aug/2013:11:57:28 -0400] "GET /images/682_auction_SF_015.JPG HTTP/1.1" 200 91790 "http://www.bogenriefstudios.com/availableforpurchase.html" "Mozilla/5.0 (Windows NT 6.1) AppleWebKit/537.36 (KHTML, like Gecko) Chrome/28.0.1500.95 Safari/537.36"
178.124.112.117 - - [18/Aug/2013:11:57:29 -0400] "GET /images/682_Fl._trip_install_033.JPG HTTP/1.1" 200 227371 "http://www.bogenriefstudios.com/availableforpurchase.html" "Mozilla/5.0 (Windows NT 6.1) AppleWebKit/537.36 (KHTML, like Gecko) Chrome/28.0.1500.95 Safari/537.36"
178.124.112.117 - - [18/Aug/2013:11:57:31 -0400] "GET /favicon.ico HTTP/1.1" 404 575 "-" "Mozilla/5.0 (Windows NT 6.1) AppleWebKit/537.36 (KHTML, like Gecko) Chrome/28.0.1500.95 Safari/537.36"
50.199.4.249 - - [18/Aug/2013:15:47:17 -0400] "GET /images/682_Daydream_001.jpg HTTP/1.1" 200 215855 "-" "Mozilla/5.0 (Windows NT 6.0) AppleWebKit/537.36 (KHTML, like Gecko) Chrome/28.0.1500.95 Safari/537.36"
178.151.69.24 - - [18/Aug/2013:17:36:24 -0400] "GET /onlinestore.html HTTP/1.1" 200 202 "http://www.bogenriefstudios.com/history/inthenews.html" "Opera/9.80 (Windows NT 6.1) Presto/2.12.388 Version/12.16"
178.151.69.24 - - [18/Aug/2013:17:38:06 -0400] "GET /images/480_Dome8.jpg HTTP/1.1" 200 39575 "http://www.bogenriefstudios.com/bogenriefgallery/ceilingsdomes.html" "Opera/9.80 (Windows NT 6.1) Presto/2.12.388 Version/12.16"
98.208.160.26 - - [18/Aug/2013:19:15:45 -0400] "GET /scripts/icwebsiteelement.css HTTP/1.1" 200 8132 "http://www.bogenriefstudios.com/availableforpurchase.html" "Mozilla/5.0 (iPad; CPU OS 6_1_3 like Mac OS X) AppleWebKit/536.26 (KHTML, like Gecko) Version/6.0 Mobile/10B329 Safari/8536.25"
74.47.204.240 - - [18/Aug/2013:19:18:12 -0400] "GET /scripts/user.js HTTP/1.1" 200 23762 "http://www.bogenriefstudios.com/" "Mozilla/5.0 (Linux; U; en-us; KFJWA Build/IMM76D) AppleWebKit/535.19 (KHTML, like Gecko) Silk/3.4 Safari/535.19 Silk-Accelerated=true"
74.47.204.240 - - [18/Aug/2013:19:18:14 -0400] "GET /images/ic_034_body_bg_wide.jpg HTTP/1.1" 200 90532 "http://www.bogenriefstudios.com/" "Mozilla/5.0 (Linux; U; en-us; KFJWA Build/IMM76D) AppleWebKit/535.19 (KHTML, like Gecko) Silk/3.4 Safari/535.19 Silk-Accelerated=true"
5.63.151.189 - - [18/Aug/2013:20:41:11 -0400] "GET / HTTP/1.1" 200 13883 "-" "checks.panopta.com"
74.47.204.240 - - [18/Aug/2013:20:43:55 -0400] "GET /favicon.ico HTTP/1.1" 404 575 "-" "Mozilla/5.0 (Linux; U; en-us; KFJWA Build/IMM76D) AppleWebKit/535.19 (KHTML, like Gecko) Silk/3.4 Safari/535.19 Silk-Accelerated=true"
74.47.204.240 - - [18/Aug/2013:20:48:44 -0400] "GET /images/218_Grout_Museum_veterans_memorial_wall.jpg HTTP/1.1" 200 7621 "http://www.bogenriefstudios.com/bogenriefgallery/stainedglasswindows.html" "Mozilla/5.0 (Linux; U; en-us; KFJWA Build/IMM76D) AppleWebKit/535.19 (KHTML, like Gecko) Silk/3.4 Safari/535.19 Silk-Accelerated=true"
74.47.204.240 - - [18/Aug/2013:20:48:44 -0400] "GET /images/480_Grout_Museum_veterans_memorial_wall_edited_.jpg HTTP/1.1" 200 39409 "http://www.bogenriefstudios.com/bogenriefgallery/stainedglasswindows.html" "Mozilla/5.0 (Linux; U; en-us; KFJWA Build/IMM76D) AppleWebKit/535.19 (KHTML, like Gecko) Silk/3.4 Safari/535.19 Silk-Accelerated=true"
74.47.204.240 - - [18/Aug/2013:20:48:45 -0400] "GET /images/480_John_Gray_Ceiling.JPG HTTP/1.1" 200 50702 "http://www.bogenriefstudios.com/bogenriefgallery/stainedglasswindows.html" "Mozilla/5.0 (Linux; U; en-us; KFJWA Build/IMM76D) AppleWebKit/535.19 (KHTML, like Gecko) Silk/3.4 Safari/535.19 Silk-Accelerated=true"
74.47.204.240 - - [18/Aug/2013:20:48:47 -0400] "GET /images/335_Bevel_Window8.JPG HTTP/1.1" 200 76961 "http://www.bogenriefstudios.com/bogenriefgallery/stainedglasswindows.html" "Mozilla/5.0 (Linux; U; en-us; KFJWA Build/IMM76D) AppleWebKit/535.19 (KHTML, like Gecko) Silk/3.4 Safari/535.19 Silk-Accelerated=true"
74.47.204.240 - - [18/Aug/2013:20:48:48 -0400] "GET /images/105_Bevel_Window8.JPG HTTP/1.1" 200 9972 "http://www.bogenriefstudios.com/bogenriefgallery/stainedglasswindows.html" "Mozilla/5.0 (Linux; U; en-us; KFJWA Build/IMM76D) AppleWebKit/535.19 (KHTML, like Gecko) Silk/3.4 Safari/535.19 Silk-Accelerated=true"
74.47.204.240 - - [18/Aug/2013:20:48:48 -0400] "GET /images/231_Bevel_Window8.JPG HTTP/1.1" 200 40472 "http://www.bogenriefstudios.com/bogenriefgallery/stainedglasswindows.html" "Mozilla/5.0 (Linux; U; en-us; KFJWA Build/IMM76D) AppleWebKit/535.19 (KHTML, like Gecko) Silk/3.4 Safari/535.19 Silk-Accelerated=true"
74.47.204.240 - - [18/Aug/2013:20:48:49 -0400] "GET /images/107_Ridiculous_Bevel.JPG HTTP/1.1" 200 9748 "http://www.bogenriefstudios.com/bogenriefgallery/stainedglasswindows.html" "Mozilla/5.0 (Linux; U; en-us; KFJWA Build/IMM76D) AppleWebKit/535.19 (KHTML, like Gecko) Silk/3.4 Safari/535.19 Silk-Accelerated=true"
74.47.204.240 - - [18/Aug/2013:20:48:49 -0400] "GET /images/235_Ridiculous_Bevel.JPG HTTP/1.1" 200 41428 "http://www.bogenriefstudios.com/bogenriefgallery/stainedglasswindows.html" "Mozilla/5.0 (Linux; U; en-us; KFJWA Build/IMM76D) AppleWebKit/535.19 (KHTML, like Gecko) Silk/3.4 Safari/535.19 Silk-Accelerated=true"
74.47.204.240 - - [18/Aug/2013:20:48:49 -0400] "GET /images/406_window_rose_vase.JPG HTTP/1.1" 200 79114 "http://www.bogenriefstudios.com/bogenriefgallery/stainedglasswindows.html" "Mozilla/5.0 (Linux; U; en-us; KFJWA Build/IMM76D) AppleWebKit/535.19 (KHTML, like Gecko) Silk/3.4 Safari/535.19 Silk-Accelerated=true"
74.47.204.240 - - [18/Aug/2013:20:48:51 -0400] "GET /images/436_new24.JPG HTTP/1.1" 200 114165 "http://www.bogenriefstudios.com/bogenriefgallery/stainedglasswindows.html" "Mozilla/5.0 (Linux; U; en-us; KFJWA Build/IMM76D) AppleWebKit/535.19 (KHTML, like Gecko) Silk/3.4 Safari/535.19 Silk-Accelerated=true"
5.63.151.189 - - [18/Aug/2013:00:03:13 -0400] "HEAD / HTTP/1.1" 200 - "-" "checks.panopta.com"
50.17.135.249 - - [18/Aug/2013:21:45:32 -0400] "HEAD /projects.html HTTP/1.1" 200 - "-" "Mozilla/5.0 (Windows; U; MSIE 9.0; Windows NT 9.0; en-US)"
95.28.71.36 - - [18/Aug/2013:08:03:37 -0400] "GET /favicon.ico HTTP/1.1" 404 575 "-" "Mozilla/5.0 (Windows NT 6.2; WOW64) AppleWebKit/537.22 (KHTML, like Gecko) Chrome/25.0.1364.172 YaBrowser/1.7.1364.21027 Safari/537.22"
218.23.226.35 - - [18/Aug/2013:05:40:00 -0400] "GET /bogenriefgallery/thejunglewindow.html HTTP/1.1" 200 18159 "-" "Mozilla/4.0 (compatible; MSIE 6.0; Windows NT 5.1; .NET CLR 2.0.50727; .NET CLR 3.0.4506.2152; .NET CLR 3.5.30729)"
5.63.151.189 - - [18/Aug/2013:14:38:41 -0400] "HEAD / HTTP/1.1" 200 - "-" "checks.panopta.com"
71.7.80.255 - - [18/Aug/2013:14:46:51 -0400] "GET /images/682_Detail_with_monkey.jpg HTTP/1.1" 200 152093 "http://www.google.com/imgres?q=stained+glass+monkey+pattern&start=660&sa=X&biw=1366&bih=616&tbm=isch&tbnid=cJsSzPEY8tpglM:&imgrefurl=http://www.bogenriefstudios.com/junglepaneldetails.html&docid=sP1FJOXsVhtHLM&imgurl=http://www.bogenriefstudios.com/images/682_Detail_with_monkey.jpg&w=682&h=511&ei=9BURUv7PCYb42AW4v4CwDg&zoom=1&iact=hc&vpx=1060&vpy=320&dur=78&hovh=194&hovw=259&tx=230&ty=176&page=21&tbnh=145&tbnw=191&ndsp=34&ved=1t:429,r:93,s:600,i:283" "Mozilla/4.0 (compatible; MSIE 8.0; Windows NT 6.1; WOW64; Trident/4.0; SLCC2; .NET CLR 2.0.50727; .NET CLR 3.5.30729; .NET CLR 3.0.30729; Media Center PC 6.0)"
71.7.80.255 - - [18/Aug/2013:14:46:52 -0400] "GET /images/682_Detail_with_vines.JPG HTTP/1.1" 200 142065 "http://www.bogenriefstudios.com/junglepaneldetails.html" "Mozilla/4.0 (compatible; MSIE 8.0; Windows NT 6.1; WOW64; Trident/4.0; SLCC2; .NET CLR 2.0.50727; .NET CLR 3.5.30729; .NET CLR 3.0.30729; Media Center PC 6.0)"
98.208.160.26 - - [18/Aug/2013:19:33:19 -0400] "GET /onlinestore.html HTTP/1.1" 200 202 "http://www.bogenriefstudios.com/videos.html" "Mozilla/5.0 (iPad; CPU OS 6_1_3 like Mac OS X) AppleWebKit/536.26 (KHTML, like Gecko) Version/6.0 Mobile/10B329 Safari/8536.25"
109.120.137.68 - - [18/Aug/2013:19:59:16 -0400] "GET / HTTP/1.1" 200 13883 "http://asupro.com/hotels/safes/" "Mozilla/6.0 (Windows; U; Win9x; en; Stable) Gecko/20020911 Beonex/0.8.1-stable"
74.47.204.240 - - [18/Aug/2013:20:45:01 -0400] "GET /images/218_Lamp_spider_mum_2.JPG HTTP/1.1" 200 9921 "http://www.bogenriefstudios.com/bogenriefgallery/lampshades.html" "Mozilla/5.0 (Linux; U; en-us; KFJWA Build/IMM76D) AppleWebKit/535.19 (KHTML, like Gecko) Silk/3.4 Safari/535.19 Silk-Accelerated=true"
74.47.204.240 - - [18/Aug/2013:20:45:03 -0400] "GET /images/480_Lamp_spider_mum3.jpg HTTP/1.1" 200 35228 "http://www.bogenriefstudios.com/bogenriefgallery/lampshades.html" "Mozilla/5.0 (Linux; U; en-us; KFJWA Build/IMM76D) AppleWebKit/535.19 (KHTML, like Gecko) Silk/3.4 Safari/535.19 Silk-Accelerated=true"
74.47.204.240 - - [18/Aug/2013:20:45:04 -0400] "GET /images/696_lamp_yellow_daisy_closeup.JPG HTTP/1.1" 200 48821 "http://www.bogenriefstudios.com/bogenriefgallery/lampshades.html" "Mozilla/5.0 (Linux; U; en-us; KFJWA Build/IMM76D) AppleWebKit/535.19 (KHTML, like Gecko) Silk/3.4 Safari/535.19 Silk-Accelerated=true"
74.47.204.240 - - [18/Aug/2013:20:49:07 -0400] "GET /images/479_Q_of_P_comp_3a.JPG HTTP/1.1" 200 40721 "http://www.bogenriefstudios.com/bogenriefgallery/stainedglasswindows.html" "Mozilla/5.0 (Linux; U; en-us; KFJWA Build/IMM76D) AppleWebKit/535.19 (KHTML, like Gecko) Silk/3.4 Safari/535.19 Silk-Accelerated=true"
74.47.204.240 - - [18/Aug/2013:20:49:10 -0400] "GET /images/218_web_site_1-edited.jpg HTTP/1.1" 200 15464 "http://www.bogenriefstudios.com/bogenriefgallery/stainedglasswindows.html" "Mozilla/5.0 (Linux; U; en-us; KFJWA Build/IMM76D) AppleWebKit/535.19 (KHTML, like Gecko) Silk/3.4 Safari/535.19 Silk-Accelerated=true"
74.47.204.240 - - [18/Aug/2013:20:49:10 -0400] "GET /images/480_web_site_1-edited.jpg HTTP/1.1" 200 55599 "http://www.bogenriefstudios.com/bogenriefgallery/stainedglasswindows.html" "Mozilla/5.0 (Linux; U; en-us; KFJWA Build/IMM76D) AppleWebKit/535.19 (KHTML, like Gecko) Silk/3.4 Safari/535.19 Silk-Accelerated=true"
74.47.204.240 - - [18/Aug/2013:20:49:20 -0400] "GET /images/696_window_sun_and_moon.JPG HTTP/1.1" 200 33938 "http://www.bogenriefstudios.com/bogenriefgallery/stainedglasswindows.html" "Mozilla/5.0 (Linux; U; en-us; KFJWA Build/IMM76D) AppleWebKit/535.19 (KHTML, like Gecko) Silk/3.4 Safari/535.19 Silk-Accelerated=true"
74.47.204.240 - - [18/Aug/2013:20:49:21 -0400] "GET /images/480_DSC_0084.JPG HTTP/1.1" 200 35571 "http://www.bogenriefstudios.com/bogenriefgallery/stainedglasswindows.html" "Mozilla/5.0 (Linux; U; en-us; KFJWA Build/IMM76D) AppleWebKit/535.19 (KHTML, like Gecko) Silk/3.4 Safari/535.19 Silk-Accelerated=true"
74.47.204.240 - - [18/Aug/2013:20:49:23 -0400] "GET /images/218_003.JPG HTTP/1.1" 200 10237 "http://www.bogenriefstudios.com/bogenriefgallery/stainedglasswindows.html" "Mozilla/5.0 (Linux; U; en-us; KFJWA Build/IMM76D) AppleWebKit/535.19 (KHTML, like Gecko) Silk/3.4 Safari/535.19 Silk-Accelerated=true"
74.47.204.240 - - [18/Aug/2013:20:49:25 -0400] "GET /images/696_Omaha_show_004.JPG HTTP/1.1" 200 106368 "http://www.bogenriefstudios.com/bogenriefgallery/stainedglasswindows.html" "Mozilla/5.0 (Linux; U; en-us; KFJWA Build/IMM76D) AppleWebKit/535.19 (KHTML, like Gecko) Silk/3.4 Safari/535.19 Silk-Accelerated=true"
74.47.204.240 - - [18/Aug/2013:20:49:27 -0400] "GET /images/480_029.JPG HTTP/1.1" 200 49894 "http://www.bogenriefstudios.com/bogenriefgallery/stainedglasswindows.html" "Mozilla/5.0 (Linux; U; en-us; KFJWA Build/IMM76D) AppleWebKit/535.19 (KHTML, like Gecko) Silk/3.4 Safari/535.19 Silk-Accelerated=true"
74.47.204.240 - - [18/Aug/2013:20:49:28 -0400] "GET /images/152_DSC_0090.JPG HTTP/1.1" 200 15887 "http://www.bogenriefstudios.com/bogenriefgallery/stainedglasswindows.html" "Mozilla/5.0 (Linux; U; en-us; KFJWA Build/IMM76D) AppleWebKit/535.19 (KHTML, like Gecko) Silk/3.4 Safari/535.19 Silk-Accelerated=true"
74.47.204.240 - - [18/Aug/2013:20:49:28 -0400] "GET /images/696_011_2_.JPG HTTP/1.1" 200 87090 "http://www.bogenriefstudios.com/bogenriefgallery/stainedglasswindows.html" "Mozilla/5.0 (Linux; U; en-us; KFJWA Build/IMM76D) AppleWebKit/535.19 (KHTML, like Gecko) Silk/3.4 Safari/535.19 Silk-Accelerated=true"
74.47.204.240 - - [18/Aug/2013:20:49:30 -0400] "GET /images/669_DSC_0087.JPG HTTP/1.1" 200 121730 "http://www.bogenriefstudios.com/bogenriefgallery/stainedglasswindows.html" "Mozilla/5.0 (Linux; U; en-us; KFJWA Build/IMM76D) AppleWebKit/535.19 (KHTML, like Gecko) Silk/3.4 Safari/535.19 Silk-Accelerated=true"
5.63.151.189 - - [18/Aug/2013:22:57:03 -0400] "HEAD / HTTP/1.1" 200 - "-" "checks.panopta.com"
72.18.44.197 - - [18/Aug/2013:23:45:12 -0400] "GET /scripts/user.js HTTP/1.1" 200 23762 "http://www.bogenriefstudios.com/studios.html" "Mozilla/5.0 (iPad; U; CPU OS 3_2_1 like Mac OS X; en-us) AppleWebKit/531.21.10 (KHTML, like Gecko) Version/4.0.4 Mobile/7B405 Safari/531.21.10"
174.49.234.201 - - [18/Aug/2013:09:34:54 -0400] "GET /images/677_SF_grapes_013.JPG HTTP/1.1" 200 216725 "-" "Mozilla/5.0 (Macintosh; Intel Mac OS X 10_7_5) AppleWebKit/537.36 (KHTML, like Gecko) Chrome/28.0.1500.95 Safari/537.36"
79.143.190.141 - - [18/Aug/2013:10:07:14 -0400] "HEAD / HTTP/1.1" 200 - "-" "checks.panopta.com"
5.63.151.189 - - [18/Aug/2013:01:49:06 -0400] "HEAD / HTTP/1.1" 200 - "-" "checks.panopta.com"
5.63.151.189 - - [18/Aug/2013:17:09:39 -0400] "HEAD / HTTP/1.1" 200 - "-" "checks.panopta.com"
178.151.69.24 - - [18/Aug/2013:17:25:20 -0400] "GET /scripts/icwebsiteelement.css HTTP/1.1" 200 8132 "http://www.bogenriefstudios.com/bogenriefgallery/ceilingsdomes.html" "Opera/9.80 (Windows NT 6.1) Presto/2.12.388 Version/12.16"
178.151.69.24 - - [18/Aug/2013:17:25:20 -0400] "GET /images/photoalbum/button_photoNext.jpg HTTP/1.1" 200 662 "http://www.bogenriefstudios.com/bogenriefgallery/ceilingsdomes.html" "Opera/9.80 (Windows NT 6.1) Presto/2.12.388 Version/12.16"
178.151.69.24 - - [18/Aug/2013:17:25:21 -0400] "GET /images/photoalbum/button_photoSpeed3_ON.jpg HTTP/1.1" 200 587 "http://www.bogenriefstudios.com/bogenriefgallery/ceilingsdomes.html" "Opera/9.80 (Windows NT 6.1) Presto/2.12.388 Version/12.16"
178.151.69.24 - - [18/Aug/2013:17:25:21 -0400] "GET /images/218_David_Siegel_s_Dome.jpg HTTP/1.1" 200 16518 "http://www.bogenriefstudios.com/bogenriefgallery/ceilingsdomes.html" "Opera/9.80 (Windows NT 6.1) Presto/2.12.388 Version/12.16"
178.151.69.24 - - [18/Aug/2013:17:25:21 -0400] "GET /images/635_JDome2.jpg HTTP/1.1" 200 131050 "http://www.bogenriefstudios.com/bogenriefgallery/ceilingsdomes.html" "Opera/9.80 (Windows NT 6.1) Presto/2.12.388 Version/12.16"
178.151.69.24 - - [18/Aug/2013:17:25:21 -0400] "GET /images/218_ceilings_4_.jpg HTTP/1.1" 200 12993 "http://www.bogenriefstudios.com/bogenriefgallery/ceilingsdomes.html" "Opera/9.80 (Windows NT 6.1) Presto/2.12.388 Version/12.16"
178.151.69.24 - - [18/Aug/2013:17:25:21 -0400] "GET /images/218_Dome8.jpg HTTP/1.1" 200 11541 "http://www.bogenriefstudios.com/bogenriefgallery/ceilingsdomes.html" "Opera/9.80 (Windows NT 6.1) Presto/2.12.388 Version/12.16"
178.151.69.24 - - [18/Aug/2013:17:25:21 -0400] "GET /images/218_SUTH0088.jpg HTTP/1.1" 200 10170 "http://www.bogenriefstudios.com/bogenriefgallery/ceilingsdomes.html" "Opera/9.80 (Windows NT 6.1) Presto/2.12.388 Version/12.16"
178.151.69.24 - - [18/Aug/2013:17:25:22 -0400] "GET /images/218_SUTH0079.jpg HTTP/1.1" 200 14693 "http://www.bogenriefstudios.com/bogenriefgallery/ceilingsdomes.html" "Opera/9.80 (Windows NT 6.1) Presto/2.12.388 Version/12.16"
178.151.69.24 - - [18/Aug/2013:17:25:22 -0400] "GET /images/696_Water_Lily_Dome.JPG HTTP/1.1" 200 132125 "http://www.bogenriefstudios.com/bogenriefgallery/ceilingsdomes.html" "Opera/9.80 (Windows NT 6.1) Presto/2.12.388 Version/12.16"
37.9.53.248 - - [18/Aug/2013:20:46:26 -0400] "GET /wp-login.php HTTP/1.0" 403 214 "-" "Mozilla/5.0 (Windows NT 6.1; rv:19.0) Gecko/20100101 Firefox/19.0"
37.9.53.248 - - [18/Aug/2013:20:46:26 -0400] "GET /administrator/index.php HTTP/1.0" 403 225 "-" "Mozilla/5.0 (Windows NT 6.1; rv:19.0) Gecko/20100101 Firefox/19.0"
74.47.204.240 - - [18/Aug/2013:20:48:50 -0400] "GET /images/127_window_rose_vase.JPG HTTP/1.1" 200 10401 "http://www.bogenriefstudios.com/bogenriefgallery/stainedglasswindows.html" "Mozilla/5.0 (Linux; U; en-us; KFJWA Build/IMM76D) AppleWebKit/535.19 (KHTML, like Gecko) Silk/3.4 Safari/535.19 Silk-Accelerated=true"
74.47.204.240 - - [18/Aug/2013:20:48:52 -0400] "GET /images/696_new26.JPG HTTP/1.1" 200 116253 "http://www.bogenriefstudios.com/bogenriefgallery/stainedglasswindows.html" "Mozilla/5.0 (Linux; U; en-us; KFJWA Build/IMM76D) AppleWebKit/535.19 (KHTML, like Gecko) Silk/3.4 Safari/535.19 Silk-Accelerated=true"
74.47.204.240 - - [18/Aug/2013:20:49:40 -0400] "GET /images/378_snowmass_1_PP.jpg HTTP/1.1" 200 73109 "http://www.bogenriefstudios.com/bogenriefgallery/stainedglasswindows.html" "Mozilla/5.0 (Linux; U; en-us; KFJWA Build/IMM76D) AppleWebKit/535.19 (KHTML, like Gecko) Silk/3.4 Safari/535.19 Silk-Accelerated=true"
74.47.204.240 - - [18/Aug/2013:20:49:42 -0400] "GET /images/343_web_site_7.JPG HTTP/1.1" 200 82301 "http://www.bogenriefstudios.com/bogenriefgallery/stainedglasswindows.html" "Mozilla/5.0 (Linux; U; en-us; KFJWA Build/IMM76D) AppleWebKit/535.19 (KHTML, like Gecko) Silk/3.4 Safari/535.19 Silk-Accelerated=true"
74.47.204.240 - - [18/Aug/2013:20:49:43 -0400] "GET /images/237_web_site_7.JPG HTTP/1.1" 200 43110 "http://www.bogenriefstudios.com/bogenriefgallery/stainedglasswindows.html" "Mozilla/5.0 (Linux; U; en-us; KFJWA Build/IMM76D) AppleWebKit/535.19 (KHTML, like Gecko) Silk/3.4 Safari/535.19 Silk-Accelerated=true"
74.47.204.240 - - [18/Aug/2013:20:49:45 -0400] "GET /images/625_P1010130.JPG HTTP/1.1" 200 128556 "http://www.bogenriefstudios.com/bogenriefgallery/stainedglasswindows.html" "Mozilla/5.0 (Linux; U; en-us; KFJWA Build/IMM76D) AppleWebKit/535.19 (KHTML, like Gecko) Silk/3.4 Safari/535.19 Silk-Accelerated=true"
74.47.204.240 - - [18/Aug/2013:20:49:52 -0400] "GET /images/145_DSC_0317.JPG HTTP/1.1" 200 7737 "http://www.bogenriefstudios.com/bogenriefgallery/stainedglasswindows.html" "Mozilla/5.0 (Linux; U; en-us; KFJWA Build/IMM76D) AppleWebKit/535.19 (KHTML, like Gecko) Silk/3.4 Safari/535.19 Silk-Accelerated=true"
74.47.204.240 - - [18/Aug/2013:20:49:52 -0400] "GET /images/115_nugget_window.JPG HTTP/1.1" 200 10634 "http://www.bogenriefstudios.com/bogenriefgallery/stainedglasswindows.html" "Mozilla/5.0 (Linux; U; en-us; KFJWA Build/IMM76D) AppleWebKit/535.19 (KHTML, like Gecko) Silk/3.4 Safari/535.19 Silk-Accelerated=true"
74.47.204.240 - - [18/Aug/2013:20:49:53 -0400] "GET /images/218_new26.JPG HTTP/1.1" 200 17309 "http://www.bogenriefstudios.com/bogenriefgallery/stainedglasswindows.html" "Mozilla/5.0 (Linux; U; en-us; KFJWA Build/IMM76D) AppleWebKit/535.19 (KHTML, like Gecko) Silk/3.4 Safari/535.19 Silk-Accelerated=true"
74.47.204.240 - - [18/Aug/2013:20:49:54 -0400] "GET /images/480_P1010067.JPG HTTP/1.1" 200 70805 "http://www.bogenriefstudios.com/bogenriefgallery/stainedglasswindows.html" "Mozilla/5.0 (Linux; U; en-us; KFJWA Build/IMM76D) AppleWebKit/535.19 (KHTML, like Gecko) Silk/3.4 Safari/535.19 Silk-Accelerated=true"
74.47.204.240 - - [18/Aug/2013:20:49:56 -0400] "GET /images/696_window_dolphins.JPG HTTP/1.1" 200 124350 "http://www.bogenriefstudios.com/bogenriefgallery/stainedglasswindows.html" "Mozilla/5.0 (Linux; U; en-us; KFJWA Build/IMM76D) AppleWebKit/535.19 (KHTML, like Gecko) Silk/3.4 Safari/535.19 Silk-Accelerated=true"
5.63.151.189 - - [18/Aug/2013:09:06:39 -0400] "GET / HTTP/1.1" 200 13883 "-" "checks.panopta.com"
69.179.4.249 - - [18/Aug/2013:10:12:51 -0400] "GET /scripts/13custom.css HTTP/1.1" 200 2827 "http://www.bogenriefstudios.com/" "Mozilla/5.0 (compatible; MSIE 9.0; Windows NT 6.0; Trident/5.0)"
69.179.4.249 - - [18/Aug/2013:10:12:52 -0400] "GET /images/205_025.JPG HTTP/1.1" 200 16394 "http://www.bogenriefstudios.com/" "Mozilla/5.0 (compatible; MSIE 9.0; Windows NT 6.0; Trident/5.0)"
178.124.112.117 - - [18/Aug/2013:11:57:20 -0400] "GET /scripts/website.css HTTP/1.1" 200 1646 "http://www.bogenriefstudios.com/availableforpurchase.html" "Mozilla/5.0 (Windows NT 6.1) AppleWebKit/537.36 (KHTML, like Gecko) Chrome/28.0.1500.95 Safari/537.36"
178.124.112.117 - - [18/Aug/2013:11:57:20 -0400] "GET /images/682_DSC_0050.JPG HTTP/1.1" 200 92729 "http://www.bogenriefstudios.com/availableforpurchase.html" "Mozilla/5.0 (Windows NT 6.1) AppleWebKit/537.36 (KHTML, like Gecko) Chrome/28.0.1500.95 Safari/537.36"
5.63.151.189 - - [18/Aug/2013:00:18:19 -0400] "HEAD / HTTP/1.1" 200 - "-" "checks.panopta.com"
199.21.99.79 - - [18/Aug/2013:00:48:45 -0400] "GET /images/318_DSC_0266.JPG HTTP/1.1" 304 - "-" "Mozilla/5.0 (compatible; YandexImages/3.0; +http://yandex.com/bots)"
5.63.151.189 - - [18/Aug/2013:02:34:12 -0400] "HEAD / HTTP/1.1" 200 - "-" "checks.panopta.com"
208.54.39.168 - - [18/Aug/2013:14:48:13 -0400] "GET /images/682_Daydream_001.jpg HTTP/1.1" 200 215855 "-" "rarely used"
72.18.44.197 - - [18/Aug/2013:23:45:12 -0400] "GET /scripts/photoalbum.js HTTP/1.1" 200 62481 "http://www.bogenriefstudios.com/studios.html" "Mozilla/5.0 (iPad; U; CPU OS 3_2_1 like Mac OS X; en-us) AppleWebKit/531.21.10 (KHTML, like Gecko) Version/4.0.4 Mobile/7B405 Safari/531.21.10"
70.195.79.211 - - [18/Aug/2013:08:36:19 -0400] "GET /images/629_Four_Seasons_-_Summer_001.jpg HTTP/1.1" 200 258482 "-" "Dalvik/1.6.0 (Linux; U; Android 4.1.2; SCH-I535 Build/JZO54K)"
5.63.151.189 - - [18/Aug/2013:18:40:19 -0400] "HEAD / HTTP/1.1" 200 - "-" "checks.panopta.com"
98.208.160.26 - - [18/Aug/2013:19:15:45 -0400] "GET /scripts/user.js HTTP/1.1" 200 23762 "http://www.bogenriefstudios.com/availableforpurchase.html" "Mozilla/5.0 (iPad; CPU OS 6_1_3 like Mac OS X) AppleWebKit/536.26 (KHTML, like Gecko) Version/6.0 Mobile/10B329 Safari/8536.25"
98.208.160.26 - - [18/Aug/2013:19:15:45 -0400] "GET /scripts/6custom.css HTTP/1.1" 200 3169 "http://www.bogenriefstudios.com/availableforpurchase.html" "Mozilla/5.0 (iPad; CPU OS 6_1_3 like Mac OS X) AppleWebKit/536.26 (KHTML, like Gecko) Version/6.0 Mobile/10B329 Safari/8536.25"
98.208.160.26 - - [18/Aug/2013:19:15:45 -0400] "GET /images/682_DSC_0038.JPG HTTP/1.1" 200 91594 "http://www.bogenriefstudios.com/availableforpurchase.html" "Mozilla/5.0 (iPad; CPU OS 6_1_3 like Mac OS X) AppleWebKit/536.26 (KHTML, like Gecko) Version/6.0 Mobile/10B329 Safari/8536.25"
98.208.160.26 - - [18/Aug/2013:19:15:47 -0400] "GET /images/682_grand_baby_008.JPG HTTP/1.1" 200 187142 "http://www.bogenriefstudios.com/availableforpurchase.html" "Mozilla/5.0 (iPad; CPU OS 6_1_3 like Mac OS X) AppleWebKit/536.26 (KHTML, like Gecko) Version/6.0 Mobile/10B329 Safari/8536.25"
178.137.128.12 - - [18/Aug/2013:19:57:03 -0400] "GET /home.html HTTP/1.1" 200 27081 "http://ra-da.su/" "Mozilla/4.0 (compatible; MSIE 7.0b; Windows NT 6.0 ; .NET CLR 2.0.50215; SL Commerce Client v1.0; Tablet PC 2.0"
74.47.204.240 - - [18/Aug/2013:20:50:05 -0400] "GET /favicon.ico HTTP/1.1" 404 575 "-" "Mozilla/5.0 (Linux; U; en-us; KFJWA Build/IMM76D) AppleWebKit/535.19 (KHTML, like Gecko) Silk/3.4 Safari/535.19 Silk-Accelerated=true"
5.63.151.189 - - [18/Aug/2013:20:56:14 -0400] "HEAD / HTTP/1.1" 200 - "-" "checks.panopta.com"
199.21.99.79 - - [18/Aug/2013:02:40:33 -0400] "GET /images/682_web_site_1-edited.jpg HTTP/1.1" 304 - "-" "Mozilla/5.0 (compatible; YandexImages/3.0; +http://yandex.com/bots)"
54.226.27.10 - - [18/Aug/2013:21:45:51 -0400] "HEAD /availableforpurchase.html HTTP/1.1" 200 - "-" "Mozilla/5.0 (Macintosh; Intel Mac OS X 10_7_3) AppleWebKit/534.55.3 (KHTML, like Gecko) Version/5.1.5 Safari/534.55.3"
72.18.44.197 - - [18/Aug/2013:23:45:11 -0400] "GET /studios.html HTTP/1.1" 200 30400 "http://www.google.com/search?q=blown+glass+for+sale&hl=en&gbv=2&prmd=ivns&ei=cJQRUp_PMKmT2gXyrYHQAw&start=70&sa=N" "Mozilla/5.0 (iPad; U; CPU OS 3_2_1 like Mac OS X; en-us) AppleWebKit/531.21.10 (KHTML, like Gecko) Version/4.0.4 Mobile/7B405 Safari/531.21.10"
72.18.44.197 - - [18/Aug/2013:23:45:12 -0400] "GET /scripts/print.css HTTP/1.1" 200 - "http://www.bogenriefstudios.com/studios.html" "Mozilla/5.0 (iPad; U; CPU OS 3_2_1 like Mac OS X; en-us) AppleWebKit/531.21.10 (KHTML, like Gecko) Version/4.0.4 Mobile/7B405 Safari/531.21.10"
72.18.44.197 - - [18/Aug/2013:23:45:12 -0400] "GET /scripts/5custom.css HTTP/1.1" 200 1820 "http://www.bogenriefstudios.com/studios.html" "Mozilla/5.0 (iPad; U; CPU OS 3_2_1 like Mac OS X; en-us) AppleWebKit/531.21.10 (KHTML, like Gecko) Version/4.0.4 Mobile/7B405 Safari/531.21.10"
64.201.57.120 - - [18/Aug/2013:10:41:23 -0400] "GET /images/682_door_numbers_012.JPG HTTP/1.1" 200 86872 "http://www.bogenriefstudios.com/availableforpurchase.html" "Mozilla/5.0 (Windows NT 6.1; WOW64) AppleWebKit/537.36 (KHTML, like Gecko) Chrome/28.0.1500.95 Safari/537.36"
218.23.226.35 - - [18/Aug/2013:13:45:14 -0400] "GET /bogenriefgallery/terracehillrestoration.html HTTP/1.1" 200 15397 "-" "Mozilla/4.0 (compatible; MSIE 6.0; Windows NT 5.1; .NET CLR 2.0.50727; .NET CLR 3.0.4506.2152; .NET CLR 3.5.30729)"
98.230.50.57 - - [18/Aug/2013:13:58:27 -0400] "GET /images/682_Daydream_001.jpg HTTP/1.1" 200 215855 "-" "Mozilla/5.0 (Windows NT 6.1; WOW64; rv:22.0) Gecko/20100101 Firefox/22.0"
71.7.80.255 - - [18/Aug/2013:14:34:30 -0400] "GET /scripts/user.js HTTP/1.1" 200 23762 "http://www.bogenriefstudios.com/junglepaneldetails.html" "Mozilla/4.0 (compatible; MSIE 8.0; Windows NT 6.1; WOW64; Trident/4.0; SLCC2; .NET CLR 2.0.50727; .NET CLR 3.5.30729; .NET CLR 3.0.30729; Media Center PC 6.0)"
71.7.80.255 - - [18/Aug/2013:14:34:31 -0400] "GET /images/682_Elephant_detail.JPG HTTP/1.1" 200 218582 "http://www.bogenriefstudios.com/junglepaneldetails.html" "Mozilla/4.0 (compatible; MSIE 8.0; Windows NT 6.1; WOW64; Trident/4.0; SLCC2; .NET CLR 2.0.50727; .NET CLR 3.5.30729; .NET CLR 3.0.30729; Media Center PC 6.0)"
184.72.157.76 - - [18/Aug/2013:15:43:26 -0400] "HEAD /home.html HTTP/1.1" 200 - "-" "Mozilla/5.0 (Windows; U; MSIE 9.0; Windows NT 9.0; en-US)"
178.137.128.12 - - [18/Aug/2013:17:16:15 -0400] "GET /home.html HTTP/1.1" 200 27081 "http://sivs.ru/" "Opera/9.00 (Windows NT 5.1; U; en)"
178.151.69.24 - - [18/Aug/2013:17:37:13 -0400] "GET /images/photoalbum/button_photoFirst.jpg HTTP/1.1" 200 637 "http://www.bogenriefstudios.com/bogenriefgallery/ceilingsdomes.html" "Opera/9.80 (Windows NT 6.1) Presto/2.12.388 Version/12.16"
178.151.69.24 - - [18/Aug/2013:17:37:13 -0400] "GET /images/photoalbum/button_photoSpeed5.jpg HTTP/1.1" 200 502 "http://www.bogenriefstudios.com/bogenriefgallery/ceilingsdomes.html" "Opera/9.80 (Windows NT 6.1) Presto/2.12.388 Version/12.16"
178.151.69.24 - - [18/Aug/2013:17:37:13 -0400] "GET /images/218_Lattice_Clematis_Flower_Dome.JPG HTTP/1.1" 200 8191 "http://www.bogenriefstudios.com/bogenriefgallery/ceilingsdomes.html" "Opera/9.80 (Windows NT 6.1) Presto/2.12.388 Version/12.16"
178.151.69.24 - - [18/Aug/2013:17:37:14 -0400] "GET /images/216_atlanta_dome_1.JPG HTTP/1.1" 200 22209 "http://www.bogenriefstudios.com/bogenriefgallery/ceilingsdomes.html" "Opera/9.80 (Windows NT 6.1) Presto/2.12.388 Version/12.16"
178.151.69.24 - - [18/Aug/2013:17:37:14 -0400] "GET /images/218_Dome10.jpg HTTP/1.1" 200 10522 "http://www.bogenriefstudios.com/bogenriefgallery/ceilingsdomes.html" "Opera/9.80 (Windows NT 6.1) Presto/2.12.388 Version/12.16"
178.151.69.24 - - [18/Aug/2013:17:37:14 -0400] "GET /images/218_SUTH0088.jpg HTTP/1.1" 200 10170 "http://www.bogenriefstudios.com/bogenriefgallery/ceilingsdomes.html" "Opera/9.80 (Windows NT 6.1) Presto/2.12.388 Version/12.16"
178.151.69.24 - - [18/Aug/2013:17:37:14 -0400] "GET /images/218_SUTH0079.jpg HTTP/1.1" 200 14693 "http://www.bogenriefstudios.com/bogenriefgallery/ceilingsdomes.html" "Opera/9.80 (Windows NT 6.1) Presto/2.12.388 Version/12.16"
218.23.226.35 - - [18/Aug/2013:13:45:16 -0400] "GET /history/inthenews.html HTTP/1.1" 200 8138 "-" "Mozilla/4.0 (compatible; MSIE 6.0; Windows NT 5.1; .NET CLR 2.0.50727; .NET CLR 3.0.4506.2152; .NET CLR 3.5.30729)"
5.63.151.189 - - [18/Aug/2013:15:08:54 -0400] "HEAD / HTTP/1.1" 200 - "-" "checks.panopta.com"
66.249.75.165 - - [18/Aug/2013:03:58:12 -0400] "GET /history.html HTTP/1.1" 200 14327 "-" "Mozilla/5.0 (compatible; Googlebot/2.1; +http://www.google.com/bot.html)"
199.21.99.79 - - [18/Aug/2013:00:23:03 -0400] "GET /images/150_Autumn.JPG HTTP/1.1" 304 - "-" "Mozilla/5.0 (compatible; YandexImages/3.0; +http://yandex.com/bots)"
69.179.4.249 - - [18/Aug/2013:10:12:51 -0400] "GET /scripts/print.css HTTP/1.1" 200 - "http://www.bogenriefstudios.com/" "Mozilla/5.0 (compatible; MSIE 9.0; Windows NT 6.0; Trident/5.0)"
69.179.4.249 - - [18/Aug/2013:10:12:54 -0400] "GET /images/198_023.JPG HTTP/1.1" 200 9799 "http://www.bogenriefstudios.com/" "Mozilla/5.0 (compatible; MSIE 9.0; Windows NT 6.0; Trident/5.0)"
5.135.125.183 - - [18/Aug/2013:19:21:13 -0400] "GET /studiolocations.html HTTP/1.1" 200 13348 "-" "Mozilla/4.0 (compatible; MSIE 10.0; Windows NT 6.1; Trident/5.0)"
74.47.204.240 - - [18/Aug/2013:20:45:05 -0400] "GET /images/696_DSC_0061.JPG HTTP/1.1" 200 61120 "http://www.bogenriefstudios.com/bogenriefgallery/lampshades.html" "Mozilla/5.0 (Linux; U; en-us; KFJWA Build/IMM76D) AppleWebKit/535.19 (KHTML, like Gecko) Silk/3.4 Safari/535.19 Silk-Accelerated=true"
74.47.204.240 - - [18/Aug/2013:20:49:21 -0400] "GET /images/696_DSC_0084.JPG HTTP/1.1" 200 70620 "http://www.bogenriefstudios.com/bogenriefgallery/stainedglasswindows.html" "Mozilla/5.0 (Linux; U; en-us; KFJWA Build/IMM76D) AppleWebKit/535.19 (KHTML, like Gecko) Silk/3.4 Safari/535.19 Silk-Accelerated=true"
98.121.222.161 - - [18/Aug/2013:21:33:17 -0400] "GET /images/622_David_Siegel_s_Dome.jpg HTTP/1.1" 200 106576 "-" "Mozilla/5.0 (iPad; CPU OS 6_1_3 like Mac OS X) AppleWebKit/536.26 (KHTML, like Gecko) Version/6.0 Mobile/10B329 Safari/8536.25"
92.249.127.111 - - [18/Aug/2013:21:50:13 -0400] "GET /home.html HTTP/1.1" 200 27081 "http://chydesa.mybb.ru/" "Mozilla/5.0 (compatible; news bot /2.1)"
74.47.204.240 - - [18/Aug/2013:20:48:55 -0400] "GET /images/145_new22.JPG HTTP/1.1" 200 14916 "http://www.bogenriefstudios.com/bogenriefgallery/stainedglasswindows.html" "Mozilla/5.0 (Linux; U; en-us; KFJWA Build/IMM76D) AppleWebKit/535.19 (KHTML, like Gecko) Silk/3.4 Safari/535.19 Silk-Accelerated=true"
74.47.204.240 - - [18/Aug/2013:20:48:56 -0400] "GET /images/321_window_rose_closeup.JPG HTTP/1.1" 200 50741 "http://www.bogenriefstudios.com/bogenriefgallery/stainedglasswindows.html" "Mozilla/5.0 (Linux; U; en-us; KFJWA Build/IMM76D) AppleWebKit/535.19 (KHTML, like Gecko) Silk/3.4 Safari/535.19 Silk-Accelerated=true"
74.47.204.240 - - [18/Aug/2013:20:48:58 -0400] "GET /images/696_P1010067.JPG HTTP/1.1" 200 134048 "http://www.bogenriefstudios.com/bogenriefgallery/stainedglasswindows.html" "Mozilla/5.0 (Linux; U; en-us; KFJWA Build/IMM76D) AppleWebKit/535.19 (KHTML, like Gecko) Silk/3.4 Safari/535.19 Silk-Accelerated=true"
23.22.177.54 - - [18/Aug/2013:12:16:28 -0400] "HEAD /studios.html HTTP/1.1" 200 - "-" "Mozilla/5.0 (Windows NT 6.1; rv:12.0) Gecko/20120403211507 Firefox/12.0"
87.244.222.145 - - [18/Aug/2013:12:16:29 -0400] "GET /scripts/template.css HTTP/1.1" 200 9956 "http://www.bogenriefstudios.com/studios.html" "Mozilla/5.0 (Windows NT 6.1; WOW64) AppleWebKit/537.36 (KHTML, like Gecko) Chrome/28.0.1500.95 Safari/537.36"
87.244.222.145 - - [18/Aug/2013:12:16:30 -0400] "GET /images/273_Blown_Glass_052_-_modified.jpg HTTP/1.1" 200 21982 "http://www.bogenriefstudios.com/studios.html" "Mozilla/5.0 (Windows NT 6.1; WOW64) AppleWebKit/537.36 (KHTML, like Gecko) Chrome/28.0.1500.95 Safari/537.36"
87.244.222.145 - - [18/Aug/2013:12:16:31 -0400] "GET /images/188_orange_-_seperate.jpg HTTP/1.1" 200 16735 "http://www.bogenriefstudios.com/studios.html" "Mozilla/5.0 (Windows NT 6.1; WOW64) AppleWebKit/537.36 (KHTML, like Gecko) Chrome/28.0.1500.95 Safari/537.36"
87.244.222.145 - - [18/Aug/2013:12:16:31 -0400] "GET /images/196_Blown_Glass_121_-_cropped.jpg HTTP/1.1" 200 6268 "http://www.bogenriefstudios.com/studios.html" "Mozilla/5.0 (Windows NT 6.1; WOW64) AppleWebKit/537.36 (KHTML, like Gecko) Chrome/28.0.1500.95 Safari/537.36"
87.244.222.145 - - [18/Aug/2013:12:16:32 -0400] "GET /images/188_perfume_bottles.jpg HTTP/1.1" 200 8362 "http://www.bogenriefstudios.com/studios.html" "Mozilla/5.0 (Windows NT 6.1; WOW64) AppleWebKit/537.36 (KHTML, like Gecko) Chrome/28.0.1500.95 Safari/537.36"
184.1.145.210 - - [18/Aug/2013:14:01:31 -0400] "GET /images/682_web_site_4-edited.jpg HTTP/1.1" 200 151078 "-" "Mozilla/5.0 (iPad; CPU OS 6_0_1 like Mac OS X) AppleWebKit/536.26 (KHTML, like Gecko) Version/6.0 Mobile/10A523 Safari/8536.25"
50.31.162.83 - - [18/Aug/2013:14:59:17 -0400] "GET /wp/wp-admin/ HTTP/1.1" 404 575 "-" "-"
65.55.24.234 - - [18/Aug/2013:21:24:51 -0400] "GET /robots.txt HTTP/1.1" 200 25 "-" "Mozilla/5.0 (compatible; bingbot/2.0; +http://www.bing.com/bingbot.htm)"
66.249.75.119 - - [18/Aug/2013:04:06:20 -0400] "GET /robots.txt HTTP/1.1" 200 25 "-" "Mozilla/5.0 (compatible; Googlebot/2.1; +http://www.google.com/bot.html)"
218.23.226.35 - - [18/Aug/2013:05:40:02 -0400] "GET /bogenriefgallery/ladiesofbogenrief.html HTTP/1.1" 200 22147 "-" "Mozilla/4.0 (compatible; MSIE 6.0; Windows NT 5.1; .NET CLR 2.0.50727; .NET CLR 3.0.4506.2152; .NET CLR 3.5.30729)"
184.148.63.144 - - [18/Aug/2013:01:39:54 -0400] "GET /favicon.ico HTTP/1.1" 404 575 "-" "Mozilla/5.0 (compatible; Google Desktop/5.9.1005.12335; http://desktop.google.com/)"
5.63.151.189 - - [18/Aug/2013:02:49:15 -0400] "GET / HTTP/1.1" 200 13883 "-" "checks.panopta.com"
137.147.0.177 - - [18/Aug/2013:09:37:02 -0400] "GET /images/682_Ceiling_-_Lauritzen_Gardens_030_-_cropped.jpg HTTP/1.1" 200 124325 "http://www.google.com.au/blank.html" "Mozilla/5.0 (Windows NT 6.1) AppleWebKit/537.36 (KHTML, like Gecko) Chrome/28.0.1500.95 Safari/537.36"
66.249.75.165 - - [18/Aug/2013:10:34:13 -0400] "GET /underconstruction.html HTTP/1.1" 304 - "-" "Mozilla/5.0 (iPhone; U; CPU iPhone OS 4_1 like Mac OS X; en-us) AppleWebKit/532.9 (KHTML, like Gecko) Version/4.0.5 Mobile/8B117 Safari/6531.22.7 (compatible; Googlebot-Mobile/2.1; +http://www.google.com/bot.html)"
199.30.26.221 - - [18/Aug/2013:15:31:41 -0400] "GET /domesandceilings.html HTTP/1.1" 200 30238 "-" "msnbot/2.0b (+http://search.msn.com/msnbot.htm)"
66.249.75.165 - - [18/Aug/2013:15:02:58 -0400] "GET /projects.html HTTP/1.1" 200 16233 "-" "SAMSUNG-SGH-E250/1.0 Profile/MIDP-2.0 Configuration/CLDC-1.1 UP.Browser/6.2.3.3.c.1.101 (GUI) MMP/2.0 (compatible; Googlebot-Mobile/2.1; +http://www.google.com/bot.html)"
70.198.1.222 - - [18/Aug/2013:17:03:00 -0400] "GET /scripts/photoalbum.js HTTP/1.1" 200 62481 "http://www.bogenriefstudios.com/home.html" "Mozilla/5.0 (iPhone; CPU iPhone OS 6_1_4 like Mac OS X) AppleWebKit/536.26 (KHTML, like Gecko) Version/6.0 Mobile/10B350 Safari/8536.25"
70.198.1.222 - - [18/Aug/2013:17:03:03 -0400] "GET /images/342_elephant-completed.jpg HTTP/1.1" 200 67866 "http://www.bogenriefstudios.com/home.html" "Mozilla/5.0 (iPhone; CPU iPhone OS 6_1_4 like Mac OS X) AppleWebKit/536.26 (KHTML, like Gecko) Version/6.0 Mobile/10B350 Safari/8536.25"
70.198.1.222 - - [18/Aug/2013:17:03:03 -0400] "GET /images/321_P1010005.JPG HTTP/1.1" 200 60353 "http://www.bogenriefstudios.com/home.html" "Mozilla/5.0 (iPhone; CPU iPhone OS 6_1_4 like Mac OS X) AppleWebKit/536.26 (KHTML, like Gecko) Version/6.0 Mobile/10B350 Safari/8536.25"
70.198.1.222 - - [18/Aug/2013:17:03:03 -0400] "GET /images/682_rocklin_-_sun_moon.jpg HTTP/1.1" 200 29490 "http://www.bogenriefstudios.com/home.html" "Mozilla/5.0 (iPhone; CPU iPhone OS 6_1_4 like Mac OS X) AppleWebKit/536.26 (KHTML, like Gecko) Version/6.0 Mobile/10B350 Safari/8536.25"
70.198.1.222 - - [18/Aug/2013:17:03:03 -0400] "GET /images/682_iowa_hall_of_pride_window_014_-_cropped.jpg HTTP/1.1" 200 92976 "http://www.bogenriefstudios.com/home.html" "Mozilla/5.0 (iPhone; CPU iPhone OS 6_1_4 like Mac OS X) AppleWebKit/536.26 (KHTML, like Gecko) Version/6.0 Mobile/10B350 Safari/8536.25"
178.151.69.24 - - [18/Aug/2013:17:33:17 -0400] "GET /history/inthenews.html HTTP/1.1" 200 8138 "http://www.bogenriefstudios.com/videos.html" "Opera/9.80 (Windows NT 6.1) Presto/2.12.388 Version/12.16"
178.151.69.24 - - [18/Aug/2013:17:33:17 -0400] "GET /scripts/print.css HTTP/1.1" 200 - "http://www.bogenriefstudios.com/history/inthenews.html" "Opera/9.80 (Windows NT 6.1) Presto/2.12.388 Version/12.16"
178.151.69.24 - - [18/Aug/2013:17:38:06 -0400] "GET /images/480_Dome8.jpg HTTP/1.1" 200 39575 "http://www.bogenriefstudios.com/bogenriefgallery/ceilingsdomes.html" "Opera/9.80 (Windows NT 6.1) Presto/2.12.388 Version/12.16"
5.63.151.189 - - [18/Aug/2013:09:06:38 -0400] "HEAD / HTTP/1.1" 200 - "-" "checks.panopta.com"
66.249.75.165 - - [18/Aug/2013:10:07:58 -0400] "GET /studios.html HTTP/1.1" 200 30400 "-" "Mozilla/5.0 (compatible; Googlebot/2.1; +http://www.google.com/bot.html)"
98.208.160.26 - - [18/Aug/2013:19:15:17 -0400] "GET /images/682_DSC_0036.JPG HTTP/1.1" 200 81581 "-" "Mozilla/5.0 (iPad; CPU OS 6_1_3 like Mac OS X) AppleWebKit/536.26 (KHTML, like Gecko) Version/6.0 Mobile/10B329 Safari/8536.25"
74.47.204.240 - - [18/Aug/2013:20:44:52 -0400] "GET /images/photoalbum/button_photoSpeed3_ON.jpg HTTP/1.1" 200 587 "http://www.bogenriefstudios.com/bogenriefgallery/lampshades.html" "Mozilla/5.0 (Linux; U; en-us; KFJWA Build/IMM76D) AppleWebKit/535.19 (KHTML, like Gecko) Silk/3.4 Safari/535.19 Silk-Accelerated=true"
74.47.204.240 - - [18/Aug/2013:20:44:52 -0400] "GET /images/360_decending_lotus_closeup.jpg HTTP/1.1" 200 51102 "http://www.bogenriefstudios.com/bogenriefgallery/lampshades.html" "Mozilla/5.0 (Linux; U; en-us; KFJWA Build/IMM76D) AppleWebKit/535.19 (KHTML, like Gecko) Silk/3.4 Safari/535.19 Silk-Accelerated=true"
74.47.204.240 - - [18/Aug/2013:20:44:55 -0400] "GET /images/218_pink_flowers.JPG HTTP/1.1" 200 8810 "http://www.bogenriefstudios.com/bogenriefgallery/lampshades.html" "Mozilla/5.0 (Linux; U; en-us; KFJWA Build/IMM76D) AppleWebKit/535.19 (KHTML, like Gecko) Silk/3.4 Safari/535.19 Silk-Accelerated=true"
74.47.204.240 - - [18/Aug/2013:20:44:55 -0400] "GET /images/696_Lamp_blue_flower.jpg HTTP/1.1" 200 81071 "http://www.bogenriefstudios.com/bogenriefgallery/lampshades.html" "Mozilla/5.0 (Linux; U; en-us; KFJWA Build/IMM76D) AppleWebKit/535.19 (KHTML, like Gecko) Silk/3.4 Safari/535.19 Silk-Accelerated=true"
74.47.204.240 - - [18/Aug/2013:20:48:51 -0400] "GET /images/136_new24.JPG HTTP/1.1" 200 13347 "http://www.bogenriefstudios.com/bogenriefgallery/stainedglasswindows.html" "Mozilla/5.0 (Linux; U; en-us; KFJWA Build/IMM76D) AppleWebKit/535.19 (KHTML, like Gecko) Silk/3.4 Safari/535.19 Silk-Accelerated=true"
74.47.204.240 - - [18/Aug/2013:20:48:51 -0400] "GET /images/301_new24.JPG HTTP/1.1" 200 60158 "http://www.bogenriefstudios.com/bogenriefgallery/stainedglasswindows.html" "Mozilla/5.0 (Linux; U; en-us; KFJWA Build/IMM76D) AppleWebKit/535.19 (KHTML, like Gecko) Silk/3.4 Safari/535.19 Silk-Accelerated=true"
74.47.204.240 - - [18/Aug/2013:20:48:52 -0400] "GET /images/480_new26.JPG HTTP/1.1" 200 63373 "http://www.bogenriefstudios.com/bogenriefgallery/stainedglasswindows.html" "Mozilla/5.0 (Linux; U; en-us; KFJWA Build/IMM76D) AppleWebKit/535.19 (KHTML, like Gecko) Silk/3.4 Safari/535.19 Silk-Accelerated=true"
74.47.204.240 - - [18/Aug/2013:20:49:15 -0400] "GET /images/218_window_great_gatsby.jpg HTTP/1.1" 200 20905 "http://www.bogenriefstudios.com/bogenriefgallery/stainedglasswindows.html" "Mozilla/5.0 (Linux; U; en-us; KFJWA Build/IMM76D) AppleWebKit/535.19 (KHTML, like Gecko) Silk/3.4 Safari/535.19 Silk-Accelerated=true"
74.47.204.240 - - [18/Aug/2013:20:49:17 -0400] "GET /images/512_mjbhome%20int%20sm%20scale.jpg HTTP/1.1" 200 49869 "http://www.bogenriefstudios.com/bogenriefgallery/stainedglasswindows.html" "Mozilla/5.0 (Linux; U; en-us; KFJWA Build/IMM76D) AppleWebKit/535.19 (KHTML, like Gecko) Silk/3.4 Safari/535.19 Silk-Accelerated=true"
74.47.204.240 - - [18/Aug/2013:20:52:38 -0400] "GET /favicon.ico HTTP/1.1" 404 575 "-" "Mozilla/5.0 (Linux; U; en-us; KFJWA Build/IMM76D) AppleWebKit/535.19 (KHTML, like Gecko) Silk/3.4 Safari/535.19 Silk-Accelerated=true"
31.43.223.18 - - [18/Aug/2013:07:02:48 -0400] "GET /images/682_elephant-completed.jpg HTTP/1.1" 200 260073 "http://www.liveinternet.ru/users/oks77/post157534646/" "Mozilla/5.0 (Windows NT 5.1; rv:23.0) Gecko/20100101 Firefox/23.0"
172.242.131.226 - - [18/Aug/2013:12:30:51 -0400] "GET /images/ic_034_body_bg.jpg HTTP/1.1" 200 126342 "http://www.bogenriefstudios.com/" "Mozilla/5.0 (Windows NT 6.0; WOW64) AppleWebKit/537.36 (KHTML, like Gecko) Chrome/28.0.1500.95 Safari/537.36"
218.23.226.35 - - [18/Aug/2013:13:45:12 -0400] "GET /bogenriefgallery/thejunglewindow.html HTTP/1.1" 200 18159 "-" "Mozilla/4.0 (compatible; MSIE 6.0; Windows NT 5.1; .NET CLR 2.0.50727; .NET CLR 3.0.4506.2152; .NET CLR 3.5.30729)"
218.23.226.35 - - [18/Aug/2013:05:39:55 -0400] "GET /bogenriefgallery.html HTTP/1.1" 200 13883 "-" "Mozilla/4.0 (compatible; MSIE 6.0; Windows NT 5.1; .NET CLR 2.0.50727; .NET CLR 3.0.4506.2152; .NET CLR 3.5.30729)"
74.47.204.240 - - [18/Aug/2013:20:44:52 -0400] "GET /images/photoalbum/button_photoSpeed2_ON.jpg HTTP/1.1" 200 492 "http://www.bogenriefstudios.com/bogenriefgallery/lampshades.html" "Mozilla/5.0 (Linux; U; en-us; KFJWA Build/IMM76D) AppleWebKit/535.19 (KHTML, like Gecko) Silk/3.4 Safari/535.19 Silk-Accelerated=true"
74.47.204.240 - - [18/Aug/2013:20:44:52 -0400] "GET /images/163_decending_lotus_closeup.jpg HTTP/1.1" 200 15286 "http://www.bogenriefstudios.com/bogenriefgallery/lampshades.html" "Mozilla/5.0 (Linux; U; en-us; KFJWA Build/IMM76D) AppleWebKit/535.19 (KHTML, like Gecko) Silk/3.4 Safari/535.19 Silk-Accelerated=true"
74.47.204.240 - - [18/Aug/2013:20:44:53 -0400] "GET /images/696_Lamp_jungle.jpg HTTP/1.1" 200 38576 "http://www.bogenriefstudios.com/bogenriefgallery/lampshades.html" "Mozilla/5.0 (Linux; U; en-us; KFJWA Build/IMM76D) AppleWebKit/535.19 (KHTML, like Gecko) Silk/3.4 Safari/535.19 Silk-Accelerated=true"
74.47.204.240 - - [18/Aug/2013:20:44:55 -0400] "GET /images/218_Lamp_blue_flower.jpg HTTP/1.1" 200 10943 "http://www.bogenriefstudios.com/bogenriefgallery/lampshades.html" "Mozilla/5.0 (Linux; U; en-us; KFJWA Build/IMM76D) AppleWebKit/535.19 (KHTML, like Gecko) Silk/3.4 Safari/535.19 Silk-Accelerated=true"
74.47.204.240 - - [18/Aug/2013:20:44:56 -0400] "GET /images/480_Lamp_blue_flower.jpg HTTP/1.1" 200 43916 "http://www.bogenriefstudios.com/bogenriefgallery/lampshades.html" "Mozilla/5.0 (Linux; U; en-us; KFJWA Build/IMM76D) AppleWebKit/535.19 (KHTML, like Gecko) Silk/3.4 Safari/535.19 Silk-Accelerated=true"
74.47.204.240 - - [18/Aug/2013:20:45:04 -0400] "GET /images/480_Lamp_yellow_daisy.JPG HTTP/1.1" 200 38437 "http://www.bogenriefstudios.com/bogenriefgallery/lampshades.html" "Mozilla/5.0 (Linux; U; en-us; KFJWA Build/IMM76D) AppleWebKit/535.19 (KHTML, like Gecko) Silk/3.4 Safari/535.19 Silk-Accelerated=true"
74.47.204.240 - - [18/Aug/2013:20:45:04 -0400] "GET /images/218_lamp_yellow_daisy_closeup.JPG HTTP/1.1" 200 11138 "http://www.bogenriefstudios.com/bogenriefgallery/lampshades.html" "Mozilla/5.0 (Linux; U; en-us; KFJWA Build/IMM76D) AppleWebKit/535.19 (KHTML, like Gecko) Silk/3.4 Safari/535.19 Silk-Accelerated=true"
74.47.204.240 - - [18/Aug/2013:20:45:05 -0400] "GET /images/480_lamp_yellow_daisy_closeup.JPG HTTP/1.1" 200 30347 "http://www.bogenriefstudios.com/bogenriefgallery/lampshades.html" "Mozilla/5.0 (Linux; U; en-us; KFJWA Build/IMM76D) AppleWebKit/535.19 (KHTML, like Gecko) Silk/3.4 Safari/535.19 Silk-Accelerated=true"
74.47.204.240 - - [18/Aug/2013:20:45:05 -0400] "GET /images/218_DSC_0061.JPG HTTP/1.1" 200 9274 "http://www.bogenriefstudios.com/bogenriefgallery/lampshades.html" "Mozilla/5.0 (Linux; U; en-us; KFJWA Build/IMM76D) AppleWebKit/535.19 (KHTML, like Gecko) Silk/3.4 Safari/535.19 Silk-Accelerated=true"
