195.182.194.111 - - [18/Aug/2013:05:44:40 -0400] "GET /images/150_Summer.JPG HTTP/1.1" 200 19062 "http://www.liveinternet.ru/users/migda/post152674608" "Mozilla/4.0 (compatible; MSIE 7.0; Windows NT 5.1; MRA 8.0 (build 6017); .NET CLR 2.0.50727; InfoPath.1; .NET CLR 3.0.4506.2152; .NET CLR 3.5.30729; WebMoney Advisor; .NET4.0C; .NET4.0E)"
195.182.194.111 - - [18/Aug/2013:05:44:40 -0400] "GET /images/150_Winter.JPG HTTP/1.1" 200 20889 "http://www.liveinternet.ru/users/migda/post152674608" "Mozilla/4.0 (compatible; MSIE 7.0; Windows NT 5.1; MRA 8.0 (build 6017); .NET CLR 2.0.50727; InfoPath.1; .NET CLR 3.0.4506.2152; .NET CLR 3.5.30729; WebMoney Advisor; .NET4.0C; .NET4.0E)"
195.182.194.111 - - [18/Aug/2013:05:44:40 -0400] "GET /images/629_Four_Seasons_-_Summer_001.jpg HTTP/1.1" 200 258482 "http://www.liveinternet.ru/users/migda/post152674608" "Mozilla/4.0 (compatible; MSIE 7.0; Windows NT 5.1; MRA 8.0 (build 6017); .NET CLR 2.0.50727; InfoPath.1; .NET CLR 3.0.4506.2152; .NET CLR 3.5.30729; WebMoney Advisor; .NET4.0C; .NET4.0E)"
195.182.194.111 - - [18/Aug/2013:05:44:43 -0400] "GET /images/682_web_site_4-edited.jpg HTTP/1.1" 200 151078 "http://www.liveinternet.ru/users/migda/post152674608" "Mozilla/4.0 (compatible; MSIE 7.0; Windows NT 5.1; MRA 8.0 (build 6017); .NET CLR 2.0.50727; InfoPath.1; .NET CLR 3.0.4506.2152; .NET CLR 3.5.30729; WebMoney Advisor; .NET4.0C; .NET4.0E)"
195.182.194.111 - - [18/Aug/2013:05:44:44 -0400] "GET /images/682_web_site_6-edited.jpg HTTP/1.1" 200 129961 "http://www.liveinternet.ru/users/migda/post152674608" "Mozilla/4.0 (compatible; MSIE 7.0; Windows NT 5.1; MRA 8.0 (build 6017); .NET CLR 2.0.50727; InfoPath.1; .NET CLR 3.0.4506.2152; .NET CLR 3.5.30729; WebMoney Advisor; .NET4.0C; .NET4.0E)"
195.182.194.111 - - [18/Aug/2013:05:44:45 -0400] "GET /images/682_web_site_8.JPG HTTP/1.1" 200 65649 "http://www.liveinternet.ru/users/migda/post152674608" "Mozilla/4.0 (compatible; MSIE 7.0; Windows NT 5.1; MRA 8.0 (build 6017); .NET CLR 2.0.50727; InfoPath.1; .NET CLR 3.0.4506.2152; .NET CLR 3.5.30729; WebMoney Advisor; .NET4.0C; .NET4.0E)"
195.182.194.111 - - [18/Aug/2013:05:44:46 -0400] "GET /images/314_lincoln,_NE_011.jpg HTTP/1.1" 200 32168 "http://www.liveinternet.ru/users/migda/post152674608" "Mozilla/4.0 (compatible; MSIE 7.0; Windows NT 5.1; MRA 8.0 (build 6017); .NET CLR 2.0.50727; InfoPath.1; .NET CLR 3.0.4506.2152; .NET CLR 3.5.30729; WebMoney Advisor; .NET4.0C; .NET4.0E)"
195.182.194.111 - - [18/Aug/2013:05:44:46 -0400] "GET /images/314_lincoln,_NE_012.jpg HTTP/1.1" 200 60871 "http://www.liveinternet.ru/users/migda/post152674608" "Mozilla/4.0 (compatible; MSIE 7.0; Windows NT 5.1; MRA 8.0 (build 6017); .NET CLR 2.0.50727; InfoPath.1; .NET CLR 3.0.4506.2152; .NET CLR 3.5.30729; WebMoney Advisor; .NET4.0C; .NET4.0E)"
195.182.194.111 - - [18/Aug/2013:05:44:47 -0400] "GET /images/314_web_site_5.JPG HTTP/1.1" 200 118782 "http://www.liveinternet.ru/users/migda/post152674608" "Mozilla/4.0 (compatible; MSIE 7.0; Windows NT 5.1; MRA 8.0 (build 6017); .NET CLR 2.0.50727; InfoPath.1; .NET CLR 3.0.4506.2152; .NET CLR 3.5.30729; WebMoney Advisor; .NET4.0C; .NET4.0E)"
195.182.194.111 - - [18/Aug/2013:05:44:47 -0400] "GET /images/682_Fl._trip_install_033.JPG HTTP/1.1" 200 227371 "http://www.liveinternet.ru/users/migda/post152674608" "Mozilla/4.0 (compatible; MSIE 7.0; Windows NT 5.1; MRA 8.0 (build 6017); .NET CLR 2.0.50727; InfoPath.1; .NET CLR 3.0.4506.2152; .NET CLR 3.5.30729; WebMoney Advisor; .NET4.0C; .NET4.0E)"
195.182.194.111 - - [18/Aug/2013:05:44:50 -0400] "GET /images/682_door_numbers_014.JPG HTTP/1.1" 200 100151 "http://www.liveinternet.ru/users/migda/post152674608" "Mozilla/4.0 (compatible; MSIE 7.0; Windows NT 5.1; MRA 8.0 (build 6017); .NET CLR 2.0.50727; InfoPath.1; .NET CLR 3.0.4506.2152; .NET CLR 3.5.30729; WebMoney Advisor; .NET4.0C; .NET4.0E)"
195.182.194.111 - - [18/Aug/2013:05:44:50 -0400] "GET /images/682_DSC_0038.JPG HTTP/1.1" 200 91594 "http://www.liveinternet.ru/users/migda/post152674608" "Mozilla/4.0 (compatible; MSIE 7.0; Windows NT 5.1; MRA 8.0 (build 6017); .NET CLR 2.0.50727; InfoPath.1; .NET CLR 3.0.4506.2152; .NET CLR 3.5.30729; WebMoney Advisor; .NET4.0C; .NET4.0E)"
195.182.194.111 - - [18/Aug/2013:05:44:51 -0400] "GET /images/682_DSC_0050.JPG HTTP/1.1" 200 92729 "http://www.liveinternet.ru/users/migda/post152674608" "Mozilla/4.0 (compatible; MSIE 7.0; Windows NT 5.1; MRA 8.0 (build 6017); .NET CLR 2.0.50727; InfoPath.1; .NET CLR 3.0.4506.2152; .NET CLR 3.5.30729; WebMoney Advisor; .NET4.0C; .NET4.0E)"
195.182.194.111 - - [18/Aug/2013:05:44:51 -0400] "GET /images/682_DSC_0053.JPG HTTP/1.1" 200 60987 "http://www.liveinternet.ru/users/migda/post152674608" "Mozilla/4.0 (compatible; MSIE 7.0; Windows NT 5.1; MRA 8.0 (build 6017); .NET CLR 2.0.50727; InfoPath.1; .NET CLR 3.0.4506.2152; .NET CLR 3.5.30729; WebMoney Advisor; .NET4.0C; .NET4.0E)"
195.182.194.111 - - [18/Aug/2013:05:44:52 -0400] "GET /images/682_a_items_onhand_025.JPG HTTP/1.1" 200 133679 "http://www.liveinternet.ru/users/migda/post152674608" "Mozilla/4.0 (compatible; MSIE 7.0; Windows NT 5.1; MRA 8.0 (build 6017); .NET CLR 2.0.50727; InfoPath.1; .NET CLR 3.0.4506.2152; .NET CLR 3.5.30729; WebMoney Advisor; .NET4.0C; .NET4.0E)"
195.182.194.111 - - [18/Aug/2013:05:44:53 -0400] "GET /images/682_atlanta_trip_005.JPG HTTP/1.1" 200 45298 "http://www.liveinternet.ru/users/migda/post152674608" "Mozilla/4.0 (compatible; MSIE 7.0; Windows NT 5.1; MRA 8.0 (build 6017); .NET CLR 2.0.50727; InfoPath.1; .NET CLR 3.0.4506.2152; .NET CLR 3.5.30729; WebMoney Advisor; .NET4.0C; .NET4.0E)"
195.182.194.111 - - [18/Aug/2013:05:44:54 -0400] "GET /images/682_auction_SF_015.JPG HTTP/1.1" 200 91790 "http://www.liveinternet.ru/users/migda/post152674608" "Mozilla/4.0 (compatible; MSIE 7.0; Windows NT 5.1; MRA 8.0 (build 6017); .NET CLR 2.0.50727; InfoPath.1; .NET CLR 3.0.4506.2152; .NET CLR 3.5.30729; WebMoney Advisor; .NET4.0C; .NET4.0E)"
195.182.194.111 - - [18/Aug/2013:05:44:54 -0400] "GET /images/682_Elephant_detail.JPG HTTP/1.1" 200 218582 "http://www.liveinternet.ru/users/migda/post152674608" "Mozilla/4.0 (compatible; MSIE 7.0; Windows NT 5.1; MRA 8.0 (build 6017); .NET CLR 2.0.50727; InfoPath.1; .NET CLR 3.0.4506.2152; .NET CLR 3.5.30729; WebMoney Advisor; .NET4.0C; .NET4.0E)"
195.182.194.111 - - [18/Aug/2013:05:44:55 -0400] "GET /images/682_Detail_with_right_facing_parrot.jpg HTTP/1.1" 200 91003 "http://www.liveinternet.ru/users/migda/post152674608" "Mozilla/4.0 (compatible; MSIE 7.0; Windows NT 5.1; MRA 8.0 (build 6017); .NET CLR 2.0.50727; InfoPath.1; .NET CLR 3.0.4506.2152; .NET CLR 3.5.30729; WebMoney Advisor; .NET4.0C; .NET4.0E)"
195.182.194.111 - - [18/Aug/2013:05:44:56 -0400] "GET /images/682_Detail_with_greenery_red_flowers.jpg HTTP/1.1" 200 168414 "http://www.liveinternet.ru/users/migda/post152674608" "Mozilla/4.0 (compatible; MSIE 7.0; Windows NT 5.1; MRA 8.0 (build 6017); .NET CLR 2.0.50727; InfoPath.1; .NET CLR 3.0.4506.2152; .NET CLR 3.5.30729; WebMoney Advisor; .NET4.0C; .NET4.0E)"
195.182.194.111 - - [18/Aug/2013:05:44:57 -0400] "GET /images/682_Detail_with_left_facing_parrot.JPG HTTP/1.1" 200 110874 "http://www.liveinternet.ru/users/migda/post152674608" "Mozilla/4.0 (compatible; MSIE 7.0; Windows NT 5.1; MRA 8.0 (build 6017); .NET CLR 2.0.50727; InfoPath.1; .NET CLR 3.0.4506.2152; .NET CLR 3.5.30729; WebMoney Advisor; .NET4.0C; .NET4.0E)"
195.182.194.111 - - [18/Aug/2013:05:44:58 -0400] "GET /images/677_SF_grapes_013.JPG HTTP/1.1" 200 216725 "http://www.liveinternet.ru/users/migda/post152674608" "Mozilla/4.0 (compatible; MSIE 7.0; Windows NT 5.1; MRA 8.0 (build 6017); .NET CLR 2.0.50727; InfoPath.1; .NET CLR 3.0.4506.2152; .NET CLR 3.5.30729; WebMoney Advisor; .NET4.0C; .NET4.0E)"
74.47.204.240 - - [18/Aug/2013:19:18:12 -0400] "GET /scripts/template.css HTTP/1.1" 200 9956 "http://www.bogenriefstudios.com/" "Mozilla/5.0 (Linux; U; en-us; KFJWA Build/IMM76D) AppleWebKit/535.19 (KHTML, like Gecko) Silk/3.4 Safari/535.19 Silk-Accelerated=true"
74.47.204.240 - - [18/Aug/2013:19:18:14 -0400] "GET /images/68.jpg HTTP/1.1" 200 11436 "http://www.bogenriefstudios.com/" "Mozilla/5.0 (Linux; U; en-us; KFJWA Build/IMM76D) AppleWebKit/535.19 (KHTML, like Gecko) Silk/3.4 Safari/535.19 Silk-Accelerated=true"
98.208.160.26 - - [18/Aug/2013:19:20:09 -0400] "GET /scripts/3custom.css HTTP/1.1" 200 3835 "http://www.bogenriefstudios.com/projects.html" "Mozilla/5.0 (iPad; CPU OS 6_1_3 like Mac OS X) AppleWebKit/536.26 (KHTML, like Gecko) Version/6.0 Mobile/10B329 Safari/8536.25"
98.208.160.26 - - [18/Aug/2013:19:20:09 -0400] "GET /images/321_Aziza.jpg HTTP/1.1" 200 48989 "http://www.bogenriefstudios.com/projects.html" "Mozilla/5.0 (iPad; CPU OS 6_1_3 like Mac OS X) AppleWebKit/536.26 (KHTML, like Gecko) Version/6.0 Mobile/10B329 Safari/8536.25"
5.63.151.189 - - [18/Aug/2013:20:41:10 -0400] "HEAD / HTTP/1.1" 200 - "-" "checks.panopta.com"
124.186.75.30 - - [18/Aug/2013:03:10:12 -0400] "GET /images/404_12x12%20sm%20scale.jpg HTTP/1.1" 200 64273 "http://www.google.com.au/search?q=great+gatsby+theme&source=lnms&tbm=isch&sa=X&ei=v3IQUqDaMobyiAfAnICoDw&ved=0CAgQ_AUoAA&biw=320&bih=356" "Mozilla/5.0 (iPhone; CPU iPhone OS 6_1_3 like Mac OS X) AppleWebKit/536.26 (KHTML, like Gecko) Version/6.0 Mobile/10B329 Safari/8536.25"
109.110.233.127 - - [18/Aug/2013:09:32:48 -0400] "GET /images/682_Daydream_001.jpg HTTP/1.1" 200 215855 "-" "Opera/9.80 (Windows NT 6.1; WOW64) Presto/2.12.388 Version/12.16"
5.63.151.189 - - [18/Aug/2013:09:51:51 -0400] "HEAD / HTTP/1.1" 200 - "-" "checks.panopta.com"
178.124.112.117 - - [18/Aug/2013:11:57:20 -0400] "GET /scripts/6custom.css HTTP/1.1" 200 3169 "http://www.bogenriefstudios.com/availableforpurchase.html" "Mozilla/5.0 (Windows NT 6.1) AppleWebKit/537.36 (KHTML, like Gecko) Chrome/28.0.1500.95 Safari/537.36"
178.124.112.117 - - [18/Aug/2013:11:57:20 -0400] "GET /images/682_DSC_0038.JPG HTTP/1.1" 200 91594 "http://www.bogenriefstudios.com/availableforpurchase.html" "Mozilla/5.0 (Windows NT 6.1) AppleWebKit/537.36 (KHTML, like Gecko) Chrome/28.0.1500.95 Safari/537.36"
178.124.112.117 - - [18/Aug/2013:11:57:23 -0400] "GET /images/682_grand_baby_008.JPG HTTP/1.1" 200 187142 "http://www.bogenriefstudios.com/availableforpurchase.html" "Mozilla/5.0 (Windows NT 6.1) AppleWebKit/537.36 (KHTML, like Gecko) Chrome/28.0.1500.95 Safari/537.36"
178.124.112.117 - - [18/Aug/2013:11:57:25 -0400] "GET /images/682_a_items_onhand_032.JPG HTTP/1.1" 200 46080 "http://www.bogenriefstudios.com/availableforpurchase.html" "Mozilla/5.0 (Windows NT 6.1) AppleWebKit/537.36 (KHTML, like Gecko) Chrome/28.0.1500.95 Safari/537.36"
178.124.112.117 - - [18/Aug/2013:11:57:26 -0400] "GET /images/682_spider_mum_009.JPG HTTP/1.1" 200 68685 "http://www.bogenriefstudios.com/availableforpurchase.html" "Mozilla/5.0 (Windows NT 6.1) AppleWebKit/537.36 (KHTML, like Gecko) Chrome/28.0.1500.95 Safari/537.36"
178.124.112.117 - - [18/Aug/2013:11:57:28 -0400] "GET /images/682_a_items_onhand_027.JPG HTTP/1.1" 200 57298 "http://www.bogenriefstudios.com/availableforpurchase.html" "Mozilla/5.0 (Windows NT 6.1) AppleWebKit/537.36 (KHTML, like Gecko) Chrome/28.0.1500.95 Safari/537.36"
98.208.160.26 - - [18/Aug/2013:19:15:45 -0400] "GET /scripts/photoalbum.js HTTP/1.1" 200 62481 "http://www.bogenriefstudios.com/availableforpurchase.html" "Mozilla/5.0 (iPad; CPU OS 6_1_3 like Mac OS X) AppleWebKit/536.26 (KHTML, like Gecko) Version/6.0 Mobile/10B329 Safari/8536.25"
98.208.160.26 - - [18/Aug/2013:19:15:45 -0400] "GET /images/682_rocklin_-_sun_moon.jpg HTTP/1.1" 200 29490 "http://www.bogenriefstudios.com/availableforpurchase.html" "Mozilla/5.0 (iPad; CPU OS 6_1_3 like Mac OS X) AppleWebKit/536.26 (KHTML, like Gecko) Version/6.0 Mobile/10B329 Safari/8536.25"
98.208.160.26 - - [18/Aug/2013:19:15:46 -0400] "GET /images/682_Fl._trip_install_033.JPG HTTP/1.1" 200 227371 "http://www.bogenriefstudios.com/availableforpurchase.html" "Mozilla/5.0 (iPad; CPU OS 6_1_3 like Mac OS X) AppleWebKit/536.26 (KHTML, like Gecko) Version/6.0 Mobile/10B329 Safari/8536.25"
178.137.128.12 - - [18/Aug/2013:19:57:04 -0400] "GET /home.html HTTP/1.1" 200 27081 "http://ra-da.su/" "Mozilla/4.0 (compatible; MSIE 7.0b; Windows NT 6.0 ; .NET CLR 2.0.50215; SL Commerce Client v1.0; Tablet PC 2.0"
74.47.204.240 - - [18/Aug/2013:20:49:10 -0400] "GET /images/696_web_site_9-edited.jpg HTTP/1.1" 200 66511 "http://www.bogenriefstudios.com/bogenriefgallery/stainedglasswindows.html" "Mozilla/5.0 (Linux; U; en-us; KFJWA Build/IMM76D) AppleWebKit/535.19 (KHTML, like Gecko) Silk/3.4 Safari/535.19 Silk-Accelerated=true"
92.249.127.111 - - [18/Aug/2013:21:50:13 -0400] "GET /home.html HTTP/1.1" 200 27081 "http://chydesa.mybb.ru/" "Mozilla/5.0 (compatible; news bot /2.1)"
5.63.151.189 - - [18/Aug/2013:23:42:11 -0400] "HEAD / HTTP/1.1" 200 - "-" "checks.panopta.com"
172.242.131.226 - - [18/Aug/2013:12:30:51 -0400] "GET /scripts/ic_globals_published.js HTTP/1.1" 200 566 "http://www.bogenriefstudios.com/" "Mozilla/5.0 (Windows NT 6.0; WOW64) AppleWebKit/537.36 (KHTML, like Gecko) Chrome/28.0.1500.95 Safari/537.36"
172.242.131.226 - - [18/Aug/2013:12:30:51 -0400] "GET /images/321_Richards_install_004.JPG HTTP/1.1" 200 21479 "http://www.bogenriefstudios.com/" "Mozilla/5.0 (Windows NT 6.0; WOW64) AppleWebKit/537.36 (KHTML, like Gecko) Chrome/28.0.1500.95 Safari/537.36"
86.130.27.2 - - [18/Aug/2013:12:56:11 -0400] "GET /images/329_LADY_Peacock_Lady_Green.jpg HTTP/1.1" 200 73042 "-" "Mozilla/5.0 (iPad; CPU OS 6_1_3 like Mac OS X) AppleWebKit/536.26 (KHTML, like Gecko) Version/6.0 Mobile/10B329 Safari/8536.25"
24.59.6.235 - - [18/Aug/2013:14:14:29 -0400] "GET /images/321_AzizaJungleMaiden.jpg HTTP/1.1" 200 57667 "http://www.google.com/blank.html" "Mozilla/5.0 (Windows NT 6.1; WOW64) AppleWebKit/537.36 (KHTML, like Gecko) Chrome/28.0.1500.95 Safari/537.36"
199.21.99.79 - - [18/Aug/2013:16:58:22 -0400] "GET /robots.txt HTTP/1.1" 200 25 "-" "Mozilla/5.0 (compatible; YandexBot/3.0; +http://yandex.com/bots)"
199.21.99.79 - - [18/Aug/2013:16:58:24 -0400] "GET /images/100_Grape_Dome_2_002_-_modified.jpg HTTP/1.1" 304 - "-" "Mozilla/5.0 (compatible; YandexImages/3.0; +http://yandex.com/bots)"
184.60.11.248 - - [18/Aug/2013:00:04:27 -0400] "GET /images/314_lincoln,_NE_012.jpg HTTP/1.1" 200 60871 "-" "Mozilla/5.0 (iPad; CPU OS 6_1_3 like Mac OS X) AppleWebKit/536.26 (KHTML, like Gecko) Version/6.0 Mobile/10B329 Safari/8536.25"
120.28.158.114 - - [18/Aug/2013:02:12:24 -0400] "GET /images/682_Daydream_001.jpg HTTP/1.1" 200 215855 "-" "Mozilla/5.0 (Windows NT 6.1) AppleWebKit/537.36 (KHTML, like Gecko) Chrome/28.0.1500.95 Safari/537.36"
195.177.104.3 - - [18/Aug/2013:04:05:19 -0400] "GET /favicon.ico HTTP/1.1" 404 575 "-" "Mozilla/4.0 (compatible; MSIE 8.0; Windows NT 5.1; Trident/4.0; MRSPUTNIK 2, 4, 0, 491; GTB7.5; .NET CLR 2.0.50727; .NET CLR 1.1.4322; .NET4.0C; Zune 4.7)"
5.63.151.189 - - [18/Aug/2013:21:41:21 -0400] "HEAD / HTTP/1.1" 200 - "-" "checks.panopta.com"
72.18.44.197 - - [18/Aug/2013:23:45:16 -0400] "GET /images/ic_034_body_bg.jpg HTTP/1.1" 200 126342 "http://www.bogenriefstudios.com/studios.html" "Mozilla/5.0 (iPad; U; CPU OS 3_2_1 like Mac OS X; en-us) AppleWebKit/531.21.10 (KHTML, like Gecko) Version/4.0.4 Mobile/7B405 Safari/531.21.10"
72.18.44.197 - - [18/Aug/2013:23:45:18 -0400] "GET /images/188_orange_-_seperate.jpg HTTP/1.1" 200 16735 "http://www.bogenriefstudios.com/studios.html" "Mozilla/5.0 (iPad; U; CPU OS 3_2_1 like Mac OS X; en-us) AppleWebKit/531.21.10 (KHTML, like Gecko) Version/4.0.4 Mobile/7B405 Safari/531.21.10"
72.18.44.197 - - [18/Aug/2013:23:45:18 -0400] "GET /images/188_Blown_Glass_129_-_modified.jpg HTTP/1.1" 200 5498 "http://www.bogenriefstudios.com/studios.html" "Mozilla/5.0 (iPad; U; CPU OS 3_2_1 like Mac OS X; en-us) AppleWebKit/531.21.10 (KHTML, like Gecko) Version/4.0.4 Mobile/7B405 Safari/531.21.10"
72.18.44.197 - - [18/Aug/2013:23:45:18 -0400] "GET /images/196_Blown_Glass_121_-_cropped.jpg HTTP/1.1" 200 6268 "http://www.bogenriefstudios.com/studios.html" "Mozilla/5.0 (iPad; U; CPU OS 3_2_1 like Mac OS X; en-us) AppleWebKit/531.21.10 (KHTML, like Gecko) Version/4.0.4 Mobile/7B405 Safari/531.21.10"
72.18.44.197 - - [18/Aug/2013:23:45:18 -0400] "GET /images/188_ruffle_bowl.jpg HTTP/1.1" 200 7229 "http://www.bogenriefstudios.com/studios.html" "Mozilla/5.0 (iPad; U; CPU OS 3_2_1 like Mac OS X; en-us) AppleWebKit/531.21.10 (KHTML, like Gecko) Version/4.0.4 Mobile/7B405 Safari/531.21.10"
157.55.32.187 - - [18/Aug/2013:06:17:12 -0400] "GET /history/inthenews.html HTTP/1.1" 304 - "-" "Mozilla/5.0 (compatible; bingbot/2.0; +http://www.bing.com/bingbot.htm)"
5.63.151.189 - - [18/Aug/2013:00:33:21 -0400] "HEAD / HTTP/1.1" 200 - "-" "checks.panopta.com"
5.63.151.189 - - [18/Aug/2013:10:37:15 -0400] "HEAD / HTTP/1.1" 200 - "-" "checks.panopta.com"
64.201.57.120 - - [18/Aug/2013:10:41:23 -0400] "GET /images/682_a_items_onhand_032.JPG HTTP/1.1" 200 46080 "http://www.bogenriefstudios.com/availableforpurchase.html" "Mozilla/5.0 (Windows NT 6.1; WOW64) AppleWebKit/537.36 (KHTML, like Gecko) Chrome/28.0.1500.95 Safari/537.36"
64.201.57.120 - - [18/Aug/2013:10:41:25 -0400] "GET /images/682_a_items_onhand_025.JPG HTTP/1.1" 200 133679 "http://www.bogenriefstudios.com/availableforpurchase.html" "Mozilla/5.0 (Windows NT 6.1; WOW64) AppleWebKit/537.36 (KHTML, like Gecko) Chrome/28.0.1500.95 Safari/537.36"
178.124.112.117 - - [18/Aug/2013:11:57:29 -0400] "GET /scripts/print.css HTTP/1.1" 200 - "http://www.bogenriefstudios.com/availableforpurchase.html" "Mozilla/5.0 (Windows NT 6.1) AppleWebKit/537.36 (KHTML, like Gecko) Chrome/28.0.1500.95 Safari/537.36"
74.47.204.240 - - [18/Aug/2013:20:42:05 -0400] "GET /scripts/photoalbum.js HTTP/1.1" 200 62481 "http://www.bogenriefstudios.com/bogenriefgallery.html" "Mozilla/5.0 (Linux; U; en-us; KFJWA Build/IMM76D) AppleWebKit/535.19 (KHTML, like Gecko) Silk/3.4 Safari/535.19 Silk-Accelerated=true"
74.47.204.240 - - [18/Aug/2013:20:42:05 -0400] "GET /scripts/13custom.css HTTP/1.1" 200 2827 "http://www.bogenriefstudios.com/bogenriefgallery.html" "Mozilla/5.0 (Linux; U; en-us; KFJWA Build/IMM76D) AppleWebKit/535.19 (KHTML, like Gecko) Silk/3.4 Safari/535.19 Silk-Accelerated=true"
74.47.204.240 - - [18/Aug/2013:20:42:07 -0400] "GET /images/682_post_card.JPG HTTP/1.1" 200 133316 "http://www.bogenriefstudios.com/bogenriefgallery.html" "Mozilla/5.0 (Linux; U; en-us; KFJWA Build/IMM76D) AppleWebKit/535.19 (KHTML, like Gecko) Silk/3.4 Safari/535.19 Silk-Accelerated=true"
74.47.204.240 - - [18/Aug/2013:20:42:07 -0400] "GET /images/205_David_s_dome_006.JPG HTTP/1.1" 200 9145 "http://www.bogenriefstudios.com/bogenriefgallery.html" "Mozilla/5.0 (Linux; U; en-us; KFJWA Build/IMM76D) AppleWebKit/535.19 (KHTML, like Gecko) Silk/3.4 Safari/535.19 Silk-Accelerated=true"
74.47.204.240 - - [18/Aug/2013:20:42:08 -0400] "GET /images/198_023.JPG HTTP/1.1" 200 9799 "http://www.bogenriefstudios.com/bogenriefgallery.html" "Mozilla/5.0 (Linux; U; en-us; KFJWA Build/IMM76D) AppleWebKit/535.19 (KHTML, like Gecko) Silk/3.4 Safari/535.19 Silk-Accelerated=true"
74.47.204.240 - - [18/Aug/2013:20:49:58 -0400] "GET /images/217_071.JPG HTTP/1.1" 200 10211 "http://www.bogenriefstudios.com/bogenriefgallery/stainedglasswindows.html" "Mozilla/5.0 (Linux; U; en-us; KFJWA Build/IMM76D) AppleWebKit/535.19 (KHTML, like Gecko) Silk/3.4 Safari/535.19 Silk-Accelerated=true"
74.47.204.240 - - [18/Aug/2013:20:49:58 -0400] "GET /images/461_DSC_0087.JPG HTTP/1.1" 200 65451 "http://www.bogenriefstudios.com/bogenriefgallery/stainedglasswindows.html" "Mozilla/5.0 (Linux; U; en-us; KFJWA Build/IMM76D) AppleWebKit/535.19 (KHTML, like Gecko) Silk/3.4 Safari/535.19 Silk-Accelerated=true"
172.242.131.226 - - [18/Aug/2013:12:30:51 -0400] "GET / HTTP/1.1" 200 13883 "http://www.google.com/url?sa=t&rct=j&q=custom%20stained%20glass%20artist%20in%20iowa&source=web&cd=2&ved=0CDAQFjAB&url=http%3A%2F%2Fwww.bogenriefstudios.com%2F&ei=mfYQUtDLMPPE2QWB_YCYCA&usg=AFQjCNFmvTLx1DvEtLdJ0hJ0NtYXCBpQiA" "Mozilla/5.0 (Windows NT 6.0; WOW64) AppleWebKit/537.36 (KHTML, like Gecko) Chrome/28.0.1500.95 Safari/537.36"
41.132.209.162 - - [18/Aug/2013:13:13:58 -0400] "GET /images/682_Daydream_001.jpg HTTP/1.1" 200 215855 "http://www.google.co.za/blank.html" "Mozilla/5.0 (Windows NT 6.1; WOW64) AppleWebKit/537.36 (KHTML, like Gecko) Chrome/28.0.1500.95 Safari/537.36"
50.28.22.32 - - [18/Aug/2013:13:37:53 -0400] "GET /wordpress/wp-admin/ HTTP/1.1" 404 575 "-" "-"
218.23.226.35 - - [18/Aug/2013:13:45:07 -0400] "GET /bogenriefgallery/blownfusedglass.html HTTP/1.1" 200 16316 "-" "Mozilla/4.0 (compatible; MSIE 6.0; Windows NT 5.1; .NET CLR 2.0.50727; .NET CLR 3.0.4506.2152; .NET CLR 3.5.30729)"
218.23.226.35 - - [18/Aug/2013:13:45:17 -0400] "GET /videos.html HTTP/1.1" 200 7609 "-" "Mozilla/4.0 (compatible; MSIE 6.0; Windows NT 5.1; .NET CLR 2.0.50727; .NET CLR 3.0.4506.2152; .NET CLR 3.5.30729)"
50.28.22.32 - - [18/Aug/2013:14:19:58 -0400] "GET /blog/wp-admin/ HTTP/1.1" 404 575 "-" "-"
71.7.80.255 - - [18/Aug/2013:14:34:30 -0400] "GET /scripts/template.css HTTP/1.1" 200 9956 "http://www.bogenriefstudios.com/junglepaneldetails.html" "Mozilla/4.0 (compatible; MSIE 8.0; Windows NT 6.1; WOW64; Trident/4.0; SLCC2; .NET CLR 2.0.50727; .NET CLR 3.5.30729; .NET CLR 3.0.30729; Media Center PC 6.0)"
71.7.80.255 - - [18/Aug/2013:14:34:30 -0400] "GET /scripts/icwebsiteelement.css HTTP/1.1" 200 8132 "http://www.bogenriefstudios.com/junglepaneldetails.html" "Mozilla/4.0 (compatible; MSIE 8.0; Windows NT 6.1; WOW64; Trident/4.0; SLCC2; .NET CLR 2.0.50727; .NET CLR 3.5.30729; .NET CLR 3.0.30729; Media Center PC 6.0)"
71.7.80.255 - - [18/Aug/2013:14:34:31 -0400] "GET /images/682_Jungle_full_further_away.jpg HTTP/1.1" 200 124706 "http://www.bogenriefstudios.com/junglepaneldetails.html" "Mozilla/4.0 (compatible; MSIE 8.0; Windows NT 6.1; WOW64; Trident/4.0; SLCC2; .NET CLR 2.0.50727; .NET CLR 3.5.30729; .NET CLR 3.0.30729; Media Center PC 6.0)"
186.133.198.5 - - [18/Aug/2013:16:11:10 -0400] "GET /images/682_Detail_with_greenery_red_flowers.jpg HTTP/1.1" 200 168414 "http://enrolauto.com/2013/07/09/stained-glass-panel-flowers/" "Mozilla/5.0 (Windows NT 6.1; WOW64) AppleWebKit/537.36 (KHTML, like Gecko) Chrome/28.0.1500.95 Safari/537.36"
178.151.69.24 - - [18/Aug/2013:17:25:20 -0400] "GET /scripts/print.css HTTP/1.1" 200 - "http://www.bogenriefstudios.com/bogenriefgallery/ceilingsdomes.html" "Opera/9.80 (Windows NT 6.1) Presto/2.12.388 Version/12.16"
178.151.69.24 - - [18/Aug/2013:17:25:20 -0400] "GET /images/photoalbum/button_photoPlay.jpg HTTP/1.1" 200 613 "http://www.bogenriefstudios.com/bogenriefgallery/ceilingsdomes.html" "Opera/9.80 (Windows NT 6.1) Presto/2.12.388 Version/12.16"
178.151.69.24 - - [18/Aug/2013:17:25:21 -0400] "GET /images/photoalbum/button_photoSpeed1_ON.jpg HTTP/1.1" 200 476 "http://www.bogenriefstudios.com/bogenriefgallery/ceilingsdomes.html" "Opera/9.80 (Windows NT 6.1) Presto/2.12.388 Version/12.16"
178.151.69.24 - - [18/Aug/2013:17:25:21 -0400] "GET /images/696_Lattice_Clematis_Flower_Dome.JPG HTTP/1.1" 200 58143 "http://www.bogenriefstudios.com/bogenriefgallery/ceilingsdomes.html" "Opera/9.80 (Windows NT 6.1) Presto/2.12.388 Version/12.16"
178.151.69.24 - - [18/Aug/2013:17:37:13 -0400] "GET /images/150_34.jpg HTTP/1.1" 200 9772 "http://www.bogenriefstudios.com/bogenriefgallery/ceilingsdomes.html" "Opera/9.80 (Windows NT 6.1) Presto/2.12.388 Version/12.16"
178.151.69.24 - - [18/Aug/2013:17:37:13 -0400] "GET /images/480_SUTH0088.jpg HTTP/1.1" 200 36642 "http://www.bogenriefstudios.com/bogenriefgallery/ceilingsdomes.html" "Opera/9.80 (Windows NT 6.1) Presto/2.12.388 Version/12.16"
178.151.69.24 - - [18/Aug/2013:17:37:14 -0400] "GET /images/145_DSC_0238.JPG HTTP/1.1" 200 9335 "http://www.bogenriefstudios.com/bogenriefgallery/ceilingsdomes.html" "Opera/9.80 (Windows NT 6.1) Presto/2.12.388 Version/12.16"
178.151.69.24 - - [18/Aug/2013:17:37:14 -0400] "GET /images/218_atlanta_dome_3.JPG HTTP/1.1" 200 13654 "http://www.bogenriefstudios.com/bogenriefgallery/ceilingsdomes.html" "Opera/9.80 (Windows NT 6.1) Presto/2.12.388 Version/12.16"
178.151.69.24 - - [18/Aug/2013:17:37:14 -0400] "GET /images/218_Dome9.jpg HTTP/1.1" 200 10444 "http://www.bogenriefstudios.com/bogenriefgallery/ceilingsdomes.html" "Opera/9.80 (Windows NT 6.1) Presto/2.12.388 Version/12.16"
178.151.69.24 - - [18/Aug/2013:17:37:14 -0400] "GET /images/163_Dome_-_hangers_004.jpg HTTP/1.1" 200 10160 "http://www.bogenriefstudios.com/bogenriefgallery/ceilingsdomes.html" "Opera/9.80 (Windows NT 6.1) Presto/2.12.388 Version/12.16"
178.151.69.24 - - [18/Aug/2013:17:37:14 -0400] "GET /images/photoalbum/photo_controlBG.jpg HTTP/1.1" 200 336 "http://www.bogenriefstudios.com/bogenriefgallery/ceilingsdomes.html" "Opera/9.80 (Windows NT 6.1) Presto/2.12.388 Version/12.16"
5.63.151.189 - - [18/Aug/2013:22:26:47 -0400] "HEAD / HTTP/1.1" 200 - "-" "checks.panopta.com"
76.103.149.249 - - [18/Aug/2013:03:05:50 -0400] "GET /images/682_Daydream_001.jpg HTTP/1.1" 200 215855 "https://www.google.com/" "Mozilla/5.0 (iPhone; CPU iPhone OS 6_1_4 like Mac OS X) AppleWebKit/536.26 (KHTML, like Gecko) Version/6.0 Mobile/10B350 Safari/8536.25"
5.63.151.189 - - [18/Aug/2013:03:19:28 -0400] "HEAD / HTTP/1.1" 200 - "-" "checks.panopta.com"
5.63.151.189 - - [18/Aug/2013:04:04:48 -0400] "HEAD / HTTP/1.1" 200 - "-" "checks.panopta.com"
5.63.151.189 - - [18/Aug/2013:05:05:04 -0400] "HEAD / HTTP/1.1" 200 - "-" "checks.panopta.com"
218.23.226.35 - - [18/Aug/2013:05:39:57 -0400] "GET /bogenriefgallery/ceilingsdomes.html HTTP/1.1" 200 17476 "-" "Mozilla/4.0 (compatible; MSIE 6.0; Windows NT 5.1; .NET CLR 2.0.50727; .NET CLR 3.0.4506.2152; .NET CLR 3.5.30729)"
65.55.217.205 - - [18/Aug/2013:09:34:08 -0400] "GET /images/682_01_Side_Lights_-_modified.jpg HTTP/1.1" 200 169071 "http://vista.net.pk/emigration-vented-sidelights/" "Mozilla/5.0 (Windows NT 6.1; WOW64) AppleWebKit/534+ (KHTML, like Gecko) BingPreview/1.0b"
5.63.151.189 - - [18/Aug/2013:19:10:38 -0400] "HEAD / HTTP/1.1" 200 - "-" "checks.panopta.com"
98.208.160.26 - - [18/Aug/2013:19:32:29 -0400] "GET /studiolocations.html HTTP/1.1" 200 13348 "http://www.bogenriefstudios.com/videos.html" "Mozilla/5.0 (iPad; CPU OS 6_1_3 like Mac OS X) AppleWebKit/536.26 (KHTML, like Gecko) Version/6.0 Mobile/10B329 Safari/8536.25"
72.21.156.44 - - [18/Aug/2013:20:38:09 -0400] "GET /images/342_elephant-completed.jpg HTTP/1.1" 200 67866 "http://www.google.com/search?q=Stained+glass+monkey&source=lnms&tbm=isch&sa=X&ei=0GgRUsqVA8OkyQGP94BA&ved=0CAgQ_AUoAA&biw=640&bih=287" "Mozilla/5.0 (Linux; Android 4.2.2; en-us; SAMSUNG SGH-M919 Build/JDQ39) AppleWebKit/535.19 (KHTML, like Gecko) Version/1.0 Chrome/18.0.1025.308 Mobile Safari/535.19"
74.47.204.240 - - [18/Aug/2013:20:48:42 -0400] "GET /bogenriefgallery/stainedglasswindows.html HTTP/1.1" 200 25295 "http://www.google.com/url?sa=t&rct=j&q=bogenrief%20lamp%20shades&source=web&cd=3&ved=0CDgQFjAC&url=http%3A%2F%2Fwww.bogenriefstudios.com%2Fbogenriefgallery%2Fstainedglasswindows.html&ei=e2oRUpPWCueuyQGOqYAw&usg=AFQjCNFh4K-zmXUopmq2h9QqsYiTdWJvew" "Mozilla/5.0 (Linux; U; en-us; KFJWA Build/IMM76D) AppleWebKit/535.19 (KHTML, like Gecko) Silk/3.4 Safari/535.19 Silk-Accelerated=true"
74.47.204.240 - - [18/Aug/2013:20:48:44 -0400] "GET /images/696_John_Gray_Ceiling.JPG HTTP/1.1" 200 90042 "http://www.bogenriefstudios.com/bogenriefgallery/stainedglasswindows.html" "Mozilla/5.0 (Linux; U; en-us; KFJWA Build/IMM76D) AppleWebKit/535.19 (KHTML, like Gecko) Silk/3.4 Safari/535.19 Silk-Accelerated=true"
2.95.245.127 - - [18/Aug/2013:14:08:56 -0400] "GET /images/682_Detail_with_monkey.jpg HTTP/1.1" 200 152093 "http://images.rambler.ru/srch?query=%D0%B2%D0%B8%D1%82%D1%80%D0%B0%D0%B6%D0%B8%20%D1%80%D0%B8%D1%81%D1%83%D0%BD%D0%BA%D0%B8&adult=on&i=0" "Mozilla/5.0 (Windows NT 6.1) AppleWebKit/534.24 (KHTML, like Gecko) Chrome/11.0.696.68 Safari/534.24 Nichrome/self/11"
71.7.80.255 - - [18/Aug/2013:14:34:30 -0400] "GET /scripts/print.css HTTP/1.1" 200 - "http://www.bogenriefstudios.com/junglepaneldetails.html" "Mozilla/4.0 (compatible; MSIE 8.0; Windows NT 6.1; WOW64; Trident/4.0; SLCC2; .NET CLR 2.0.50727; .NET CLR 3.5.30729; .NET CLR 3.0.30729; Media Center PC 6.0)"
71.7.80.255 - - [18/Aug/2013:14:34:30 -0400] "GET /scripts/ic_globals_published.js HTTP/1.1" 200 566 "http://www.bogenriefstudios.com/junglepaneldetails.html" "Mozilla/4.0 (compatible; MSIE 8.0; Windows NT 6.1; WOW64; Trident/4.0; SLCC2; .NET CLR 2.0.50727; .NET CLR 3.5.30729; .NET CLR 3.0.30729; Media Center PC 6.0)"
71.7.80.255 - - [18/Aug/2013:14:34:31 -0400] "GET /images/ic_034_body_bg_wide.jpg HTTP/1.1" 200 90532 "http://www.bogenriefstudios.com/junglepaneldetails.html" "Mozilla/4.0 (compatible; MSIE 8.0; Windows NT 6.1; WOW64; Trident/4.0; SLCC2; .NET CLR 2.0.50727; .NET CLR 3.5.30729; .NET CLR 3.0.30729; Media Center PC 6.0)"
71.7.80.255 - - [18/Aug/2013:14:34:33 -0400] "GET /images/682_Detail_with_cockatoo.jpg HTTP/1.1" 200 148553 "http://www.bogenriefstudios.com/junglepaneldetails.html" "Mozilla/4.0 (compatible; MSIE 8.0; Windows NT 6.1; WOW64; Trident/4.0; SLCC2; .NET CLR 2.0.50727; .NET CLR 3.5.30729; .NET CLR 3.0.30729; Media Center PC 6.0)"
198.50.152.105 - - [18/Aug/2013:06:26:50 -0400] "GET / HTTP/1.1" 200 13883 "http://www.bogenriefstudios.com/" "Mozilla/4.0 (compatible; MSIE 6.0; Windows NT 5.1; SV1)"
5.63.151.189 - - [18/Aug/2013:06:20:27 -0400] "HEAD / HTTP/1.1" 200 - "-" "checks.panopta.com"
66.249.75.165 - - [18/Aug/2013:08:40:00 -0400] "GET / HTTP/1.1" 200 13883 "-" "Mozilla/5.0 (iPhone; U; CPU iPhone OS 4_1 like Mac OS X; en-us) AppleWebKit/532.9 (KHTML, like Gecko) Version/4.0.5 Mobile/8B117 Safari/6531.22.7 (compatible; Googlebot-Mobile/2.1; +http://www.google.com/bot.html)"
5.63.151.189 - - [18/Aug/2013:11:07:21 -0400] "HEAD / HTTP/1.1" 200 - "-" "checks.panopta.com"
71.229.247.156 - - [18/Aug/2013:22:54:42 -0400] "GET /images/682_Daydream_001.jpg HTTP/1.1" 200 215855 "https://www.google.com/" "Mozilla/5.0 (iPhone; CPU iPhone OS 6_1_4 like Mac OS X) AppleWebKit/536.26 (KHTML, like Gecko) Version/6.0 Mobile/10B350 Safari/8536.25"
5.63.151.189 - - [18/Aug/2013:23:27:09 -0400] "HEAD / HTTP/1.1" 200 - "-" "checks.panopta.com"
69.181.53.90 - - [18/Aug/2013:14:25:17 -0400] "GET /images/682_Daydream_001.jpg HTTP/1.1" 200 215855 "http://www.bing.com/images/search?pq=alphonse+mucha&sc=8-14&sp=-1&sk=&q=Alphonse+Mucha&qft=+filterui:imagesize-large&FORM=R5IR3" "Mozilla/5.0 (Macintosh; Intel Mac OS X 10.6; rv:23.0) Gecko/20100101 Firefox/23.0"
36.250.177.206 - - [18/Aug/2013:14:35:49 -0400] "HEAD / HTTP/1.0" 200 - "-" "Opera/9.64(Windows NT 5.1; U; en) Presto/2.1.1"
5.63.151.189 - - [18/Aug/2013:18:09:59 -0400] "HEAD / HTTP/1.1" 200 - "-" "checks.panopta.com"
130.185.109.239 - - [18/Aug/2013:18:14:58 -0400] "GET / HTTP/1.1" 200 13883 "-" "PagesInventory (robot +http://www.pagesinventory.com)"
5.63.151.189 - - [18/Aug/2013:18:55:26 -0400] "HEAD / HTTP/1.1" 200 - "-" "checks.panopta.com"
98.208.160.26 - - [18/Aug/2013:19:15:45 -0400] "GET /scripts/template.css HTTP/1.1" 200 9956 "http://www.bogenriefstudios.com/availableforpurchase.html" "Mozilla/5.0 (iPad; CPU OS 6_1_3 like Mac OS X) AppleWebKit/536.26 (KHTML, like Gecko) Version/6.0 Mobile/10B329 Safari/8536.25"
98.208.160.26 - - [18/Aug/2013:19:15:45 -0400] "GET /images/682_DSC_0050.JPG HTTP/1.1" 200 92729 "http://www.bogenriefstudios.com/availableforpurchase.html" "Mozilla/5.0 (iPad; CPU OS 6_1_3 like Mac OS X) AppleWebKit/536.26 (KHTML, like Gecko) Version/6.0 Mobile/10B329 Safari/8536.25"
98.208.160.26 - - [18/Aug/2013:19:15:46 -0400] "GET /images/682_DSC_0053.JPG HTTP/1.1" 200 60987 "http://www.bogenriefstudios.com/availableforpurchase.html" "Mozilla/5.0 (iPad; CPU OS 6_1_3 like Mac OS X) AppleWebKit/536.26 (KHTML, like Gecko) Version/6.0 Mobile/10B329 Safari/8536.25"
98.208.160.26 - - [18/Aug/2013:19:15:46 -0400] "GET /images/682_bevel_dome_grape_dome_011.JPG HTTP/1.1" 200 82530 "http://www.bogenriefstudios.com/availableforpurchase.html" "Mozilla/5.0 (iPad; CPU OS 6_1_3 like Mac OS X) AppleWebKit/536.26 (KHTML, like Gecko) Version/6.0 Mobile/10B329 Safari/8536.25"
98.208.160.26 - - [18/Aug/2013:19:15:46 -0400] "GET /images/682_door_numbers_014.JPG HTTP/1.1" 200 100151 "http://www.bogenriefstudios.com/availableforpurchase.html" "Mozilla/5.0 (iPad; CPU OS 6_1_3 like Mac OS X) AppleWebKit/536.26 (KHTML, like Gecko) Version/6.0 Mobile/10B329 Safari/8536.25"
98.208.160.26 - - [18/Aug/2013:19:15:46 -0400] "GET /images/682_blue_lab_003.JPG HTTP/1.1" 200 66559 "http://www.bogenriefstudios.com/availableforpurchase.html" "Mozilla/5.0 (iPad; CPU OS 6_1_3 like Mac OS X) AppleWebKit/536.26 (KHTML, like Gecko) Version/6.0 Mobile/10B329 Safari/8536.25"
98.208.160.26 - - [18/Aug/2013:19:15:47 -0400] "GET /images/682_atlanta_trip_005.JPG HTTP/1.1" 200 45298 "http://www.bogenriefstudios.com/availableforpurchase.html" "Mozilla/5.0 (iPad; CPU OS 6_1_3 like Mac OS X) AppleWebKit/536.26 (KHTML, like Gecko) Version/6.0 Mobile/10B329 Safari/8536.25"
98.208.160.26 - - [18/Aug/2013:19:15:47 -0400] "GET /images/68.jpg HTTP/1.1" 200 11436 "http://www.bogenriefstudios.com/availableforpurchase.html" "Mozilla/5.0 (iPad; CPU OS 6_1_3 like Mac OS X) AppleWebKit/536.26 (KHTML, like Gecko) Version/6.0 Mobile/10B329 Safari/8536.25"
98.208.160.26 - - [18/Aug/2013:19:23:36 -0400] "GET /images/photoalbum/button_photoNext.jpg HTTP/1.1" 200 662 "http://www.bogenriefstudios.com/bogenriefgallery/ceilingsdomes.html" "Mozilla/5.0 (iPad; CPU OS 6_1_3 like Mac OS X) AppleWebKit/536.26 (KHTML, like Gecko) Version/6.0 Mobile/10B329 Safari/8536.25"
98.208.160.26 - - [18/Aug/2013:19:23:36 -0400] "GET /images/photoalbum/button_photoSpeed1_ON.jpg HTTP/1.1" 200 476 "http://www.bogenriefstudios.com/bogenriefgallery/ceilingsdomes.html" "Mozilla/5.0 (iPad; CPU OS 6_1_3 like Mac OS X) AppleWebKit/536.26 (KHTML, like Gecko) Version/6.0 Mobile/10B329 Safari/8536.25"
98.208.160.26 - - [18/Aug/2013:19:23:37 -0400] "GET /images/480_Water_Lily_Dome.JPG HTTP/1.1" 200 69536 "http://www.bogenriefstudios.com/bogenriefgallery/ceilingsdomes.html" "Mozilla/5.0 (iPad; CPU OS 6_1_3 like Mac OS X) AppleWebKit/536.26 (KHTML, like Gecko) Version/6.0 Mobile/10B329 Safari/8536.25"
98.208.160.26 - - [18/Aug/2013:19:23:37 -0400] "GET /images/218_Lattice_Clematis_Flower_Dome.JPG HTTP/1.1" 200 8191 "http://www.bogenriefstudios.com/bogenriefgallery/ceilingsdomes.html" "Mozilla/5.0 (iPad; CPU OS 6_1_3 like Mac OS X) AppleWebKit/536.26 (KHTML, like Gecko) Version/6.0 Mobile/10B329 Safari/8536.25"
98.208.160.26 - - [18/Aug/2013:19:23:37 -0400] "GET /images/682_David_Siegel_s_Dome.jpg HTTP/1.1" 200 130582 "http://www.bogenriefstudios.com/bogenriefgallery/ceilingsdomes.html" "Mozilla/5.0 (iPad; CPU OS 6_1_3 like Mac OS X) AppleWebKit/536.26 (KHTML, like Gecko) Version/6.0 Mobile/10B329 Safari/8536.25"
98.208.160.26 - - [18/Aug/2013:19:23:38 -0400] "GET /images/321_DSC_0238.JPG HTTP/1.1" 200 42349 "http://www.bogenriefstudios.com/bogenriefgallery/ceilingsdomes.html" "Mozilla/5.0 (iPad; CPU OS 6_1_3 like Mac OS X) AppleWebKit/536.26 (KHTML, like Gecko) Version/6.0 Mobile/10B329 Safari/8536.25"
98.208.160.26 - - [18/Aug/2013:19:23:38 -0400] "GET /images/218_for_sale_5_008.JPG HTTP/1.1" 200 8722 "http://www.bogenriefstudios.com/bogenriefgallery/ceilingsdomes.html" "Mozilla/5.0 (iPad; CPU OS 6_1_3 like Mac OS X) AppleWebKit/536.26 (KHTML, like Gecko) Version/6.0 Mobile/10B329 Safari/8536.25"
98.208.160.26 - - [18/Aug/2013:19:23:38 -0400] "GET /images/696_atlanta_dome_2.JPG HTTP/1.1" 200 59977 "http://www.bogenriefstudios.com/bogenriefgallery/ceilingsdomes.html" "Mozilla/5.0 (iPad; CPU OS 6_1_3 like Mac OS X) AppleWebKit/536.26 (KHTML, like Gecko) Version/6.0 Mobile/10B329 Safari/8536.25"
98.208.160.26 - - [18/Aug/2013:19:23:38 -0400] "GET /images/218_atlanta_dome_2.JPG HTTP/1.1" 200 7854 "http://www.bogenriefstudios.com/bogenriefgallery/ceilingsdomes.html" "Mozilla/5.0 (iPad; CPU OS 6_1_3 like Mac OS X) AppleWebKit/536.26 (KHTML, like Gecko) Version/6.0 Mobile/10B329 Safari/8536.25"
98.208.160.26 - - [18/Aug/2013:19:23:38 -0400] "GET /images/218_008.JPG HTTP/1.1" 200 15760 "http://www.bogenriefstudios.com/bogenriefgallery/ceilingsdomes.html" "Mozilla/5.0 (iPad; CPU OS 6_1_3 like Mac OS X) AppleWebKit/536.26 (KHTML, like Gecko) Version/6.0 Mobile/10B329 Safari/8536.25"
98.208.160.26 - - [18/Aug/2013:19:23:38 -0400] "GET /images/480_atlanta_dome_3.JPG HTTP/1.1" 200 50533 "http://www.bogenriefstudios.com/bogenriefgallery/ceilingsdomes.html" "Mozilla/5.0 (iPad; CPU OS 6_1_3 like Mac OS X) AppleWebKit/536.26 (KHTML, like Gecko) Version/6.0 Mobile/10B329 Safari/8536.25"
98.208.160.26 - - [18/Aug/2013:19:23:38 -0400] "GET /images/150_126.jpg HTTP/1.1" 200 8267 "http://www.bogenriefstudios.com/bogenriefgallery/ceilingsdomes.html" "Mozilla/5.0 (iPad; CPU OS 6_1_3 like Mac OS X) AppleWebKit/536.26 (KHTML, like Gecko) Version/6.0 Mobile/10B329 Safari/8536.25"
98.208.160.26 - - [18/Aug/2013:19:23:39 -0400] "GET /images/480_ceilings_4_.jpg HTTP/1.1" 200 46528 "http://www.bogenriefstudios.com/bogenriefgallery/ceilingsdomes.html" "Mozilla/5.0 (iPad; CPU OS 6_1_3 like Mac OS X) AppleWebKit/536.26 (KHTML, like Gecko) Version/6.0 Mobile/10B329 Safari/8536.25"
98.208.160.26 - - [18/Aug/2013:19:23:39 -0400] "GET /images/480_Ceiling_-_Lauritzen_Gardens_030_-_cropped.jpg HTTP/1.1" 200 59326 "http://www.bogenriefstudios.com/bogenriefgallery/ceilingsdomes.html" "Mozilla/5.0 (iPad; CPU OS 6_1_3 like Mac OS X) AppleWebKit/536.26 (KHTML, like Gecko) Version/6.0 Mobile/10B329 Safari/8536.25"
98.208.160.26 - - [18/Aug/2013:19:23:39 -0400] "GET /images/696_Dome10.jpg HTTP/1.1" 200 77315 "http://www.bogenriefstudios.com/bogenriefgallery/ceilingsdomes.html" "Mozilla/5.0 (iPad; CPU OS 6_1_3 like Mac OS X) AppleWebKit/536.26 (KHTML, like Gecko) Version/6.0 Mobile/10B329 Safari/8536.25"
98.208.160.26 - - [18/Aug/2013:19:23:39 -0400] "GET /images/696_Dome8.jpg HTTP/1.1" 200 70220 "http://www.bogenriefstudios.com/bogenriefgallery/ceilingsdomes.html" "Mozilla/5.0 (iPad; CPU OS 6_1_3 like Mac OS X) AppleWebKit/536.26 (KHTML, like Gecko) Version/6.0 Mobile/10B329 Safari/8536.25"
98.208.160.26 - - [18/Aug/2013:19:23:40 -0400] "GET /images/521_Dome_-_hangers_004.jpg HTTP/1.1" 200 62573 "http://www.bogenriefstudios.com/bogenriefgallery/ceilingsdomes.html" "Mozilla/5.0 (iPad; CPU OS 6_1_3 like Mac OS X) AppleWebKit/536.26 (KHTML, like Gecko) Version/6.0 Mobile/10B329 Safari/8536.25"
98.208.160.26 - - [18/Aug/2013:19:23:40 -0400] "GET /images/163_Dome_-_hangers_004.jpg HTTP/1.1" 200 10160 "http://www.bogenriefstudios.com/bogenriefgallery/ceilingsdomes.html" "Mozilla/5.0 (iPad; CPU OS 6_1_3 like Mac OS X) AppleWebKit/536.26 (KHTML, like Gecko) Version/6.0 Mobile/10B329 Safari/8536.25"
98.208.160.26 - - [18/Aug/2013:19:23:40 -0400] "GET /images/696_SUTH0088.jpg HTTP/1.1" 200 63149 "http://www.bogenriefstudios.com/bogenriefgallery/ceilingsdomes.html" "Mozilla/5.0 (iPad; CPU OS 6_1_3 like Mac OS X) AppleWebKit/536.26 (KHTML, like Gecko) Version/6.0 Mobile/10B329 Safari/8536.25"
74.47.204.240 - - [18/Aug/2013:20:44:04 -0400] "GET /favicon.ico HTTP/1.1" 404 575 "-" "Mozilla/5.0 (Linux; U; en-us; KFJWA Build/IMM76D) AppleWebKit/535.19 (KHTML, like Gecko) Silk/3.4 Safari/535.19 Silk-Accelerated=true"
74.47.204.240 - - [18/Aug/2013:20:49:24 -0400] "GET /images/480_071.JPG HTTP/1.1" 200 43447 "http://www.bogenriefstudios.com/bogenriefgallery/stainedglasswindows.html" "Mozilla/5.0 (Linux; U; en-us; KFJWA Build/IMM76D) AppleWebKit/535.19 (KHTML, like Gecko) Silk/3.4 Safari/535.19 Silk-Accelerated=true"
74.47.204.240 - - [18/Aug/2013:20:49:33 -0400] "GET /images/364_Bevel_Window2.jpg HTTP/1.1" 200 66248 "http://www.bogenriefstudios.com/bogenriefgallery/stainedglasswindows.html" "Mozilla/5.0 (Linux; U; en-us; KFJWA Build/IMM76D) AppleWebKit/535.19 (KHTML, like Gecko) Silk/3.4 Safari/535.19 Silk-Accelerated=true"
5.63.151.189 - - [18/Aug/2013:15:23:59 -0400] "HEAD / HTTP/1.1" 200 - "-" "checks.panopta.com"
66.249.75.165 - - [18/Aug/2013:15:51:47 -0400] "GET /bogenriefgallery/blownfusedglass.html HTTP/1.1" 200 16316 "-" "DoCoMo/2.0 N905i(c100;TB;W24H16) (compatible; Googlebot-Mobile/2.1; +http://www.google.com/bot.html)"
5.63.151.189 - - [18/Aug/2013:16:09:28 -0400] "HEAD / HTTP/1.1" 200 - "-" "checks.panopta.com"
178.137.128.12 - - [18/Aug/2013:17:16:16 -0400] "GET /home.html HTTP/1.1" 200 27081 "http://sivs.ru/" "Opera/9.00 (Windows NT 5.1; U; en)"
178.151.69.24 - - [18/Aug/2013:17:25:19 -0400] "GET /scripts/ic_globals_published.js HTTP/1.1" 200 566 "http://www.bogenriefstudios.com/bogenriefgallery/ceilingsdomes.html" "Opera/9.80 (Windows NT 6.1) Presto/2.12.388 Version/12.16"
178.151.69.24 - - [18/Aug/2013:17:25:19 -0400] "GET /scripts/photoalbum.js HTTP/1.1" 200 62481 "http://www.bogenriefstudios.com/bogenriefgallery/ceilingsdomes.html" "Opera/9.80 (Windows NT 6.1) Presto/2.12.388 Version/12.16"
178.151.69.24 - - [18/Aug/2013:17:25:20 -0400] "GET /scripts/template.css HTTP/1.1" 200 9956 "http://www.bogenriefstudios.com/bogenriefgallery/ceilingsdomes.html" "Opera/9.80 (Windows NT 6.1) Presto/2.12.388 Version/12.16"
178.151.69.24 - - [18/Aug/2013:17:25:20 -0400] "GET /images/ic_034_body_bg_wide.jpg HTTP/1.1" 200 90532 "http://www.bogenriefstudios.com/bogenriefgallery/ceilingsdomes.html" "Opera/9.80 (Windows NT 6.1) Presto/2.12.388 Version/12.16"
178.151.69.24 - - [18/Aug/2013:17:25:20 -0400] "GET /images/photoalbum/button_photoFirst.jpg HTTP/1.1" 200 637 "http://www.bogenriefstudios.com/bogenriefgallery/ceilingsdomes.html" "Opera/9.80 (Windows NT 6.1) Presto/2.12.388 Version/12.16"
178.151.69.24 - - [18/Aug/2013:17:25:21 -0400] "GET /images/photoalbum/button_photoSpeed5.jpg HTTP/1.1" 200 502 "http://www.bogenriefstudios.com/bogenriefgallery/ceilingsdomes.html" "Opera/9.80 (Windows NT 6.1) Presto/2.12.388 Version/12.16"
178.151.69.24 - - [18/Aug/2013:17:25:21 -0400] "GET /images/696_Ceiling_-_Lauritzen_Gardens_030_-_cropped.jpg HTTP/1.1" 200 117070 "http://www.bogenriefstudios.com/bogenriefgallery/ceilingsdomes.html" "Opera/9.80 (Windows NT 6.1) Presto/2.12.388 Version/12.16"
199.21.99.79 - - [18/Aug/2013:02:19:06 -0400] "GET /robots.txt HTTP/1.1" 200 25 "-" "Mozilla/5.0 (compatible; YandexBot/3.0; +http://yandex.com/bots)"
199.21.99.79 - - [18/Aug/2013:02:19:08 -0400] "GET /images/198_dome_008.JPG HTTP/1.1" 304 - "-" "Mozilla/5.0 (compatible; YandexImages/3.0; +http://yandex.com/bots)"
66.249.75.165 - - [18/Aug/2013:04:07:05 -0400] "GET /scripts/icwebsiteelement.css HTTP/1.1" 200 8132 "http://www.bogenriefstudios.com/history.html" "Mozilla/5.0 (compatible; Googlebot/2.1; +http://www.google.com/bot.html)"
195.182.194.111 - - [18/Aug/2013:05:44:37 -0400] "GET /images/314_Lauritzen_Gardens_42_.jpg HTTP/1.1" 200 31524 "http://www.liveinternet.ru/users/migda/post152674608" "Mozilla/4.0 (compatible; MSIE 7.0; Windows NT 5.1; MRA 8.0 (build 6017); .NET CLR 2.0.50727; InfoPath.1; .NET CLR 3.0.4506.2152; .NET CLR 3.5.30729; WebMoney Advisor; .NET4.0C; .NET4.0E)"
195.182.194.111 - - [18/Aug/2013:05:44:38 -0400] "GET /images/321_Aziza.jpg HTTP/1.1" 200 48989 "http://www.liveinternet.ru/users/migda/post152674608" "Mozilla/4.0 (compatible; MSIE 7.0; Windows NT 5.1; MRA 8.0 (build 6017); .NET CLR 2.0.50727; InfoPath.1; .NET CLR 3.0.4506.2152; .NET CLR 3.5.30729; WebMoney Advisor; .NET4.0C; .NET4.0E)"
195.182.194.111 - - [18/Aug/2013:05:44:39 -0400] "GET /images/321_AzizaJungleMaiden.jpg HTTP/1.1" 200 57667 "http://www.liveinternet.ru/users/migda/post152674608" "Mozilla/4.0 (compatible; MSIE 7.0; Windows NT 5.1; MRA 8.0 (build 6017); .NET CLR 2.0.50727; InfoPath.1; .NET CLR 3.0.4506.2152; .NET CLR 3.5.30729; WebMoney Advisor; .NET4.0C; .NET4.0E)"
195.182.194.111 - - [18/Aug/2013:05:44:40 -0400] "GET /images/150_Spring.JPG HTTP/1.1" 200 18126 "http://www.liveinternet.ru/users/migda/post152674608" "Mozilla/4.0 (compatible; MSIE 7.0; Windows NT 5.1; MRA 8.0 (build 6017); .NET CLR 2.0.50727; InfoPath.1; .NET CLR 3.0.4506.2152; .NET CLR 3.5.30729; WebMoney Advisor; .NET4.0C; .NET4.0E)"
195.182.194.111 - - [18/Aug/2013:05:44:40 -0400] "GET /images/150_Autumn.JPG HTTP/1.1" 200 18887 "http://www.liveinternet.ru/users/migda/post152674608" "Mozilla/4.0 (compatible; MSIE 7.0; Windows NT 5.1; MRA 8.0 (build 6017); .NET CLR 2.0.50727; InfoPath.1; .NET CLR 3.0.4506.2152; .NET CLR 3.5.30729; WebMoney Advisor; .NET4.0C; .NET4.0E)"
195.182.194.111 - - [18/Aug/2013:05:44:40 -0400] "GET /images/682_rocklin_-_sun_moon.jpg HTTP/1.1" 200 29490 "http://www.liveinternet.ru/users/migda/post152674608" "Mozilla/4.0 (compatible; MSIE 7.0; Windows NT 5.1; MRA 8.0 (build 6017); .NET CLR 2.0.50727; InfoPath.1; .NET CLR 3.0.4506.2152; .NET CLR 3.5.30729; WebMoney Advisor; .NET4.0C; .NET4.0E)"
195.182.194.111 - - [18/Aug/2013:05:44:40 -0400] "GET /images/682_P1010006A.JPG HTTP/1.1" 200 33508 "http://www.liveinternet.ru/users/migda/post152674608" "Mozilla/4.0 (compatible; MSIE 7.0; Windows NT 5.1; MRA 8.0 (build 6017); .NET CLR 2.0.50727; InfoPath.1; .NET CLR 3.0.4506.2152; .NET CLR 3.5.30729; WebMoney Advisor; .NET4.0C; .NET4.0E)"
195.182.194.111 - - [18/Aug/2013:05:44:42 -0400] "GET /images/404_12x12%20sm%20scale.jpg HTTP/1.1" 200 64273 "http://www.liveinternet.ru/users/migda/post152674608" "Mozilla/4.0 (compatible; MSIE 7.0; Windows NT 5.1; MRA 8.0 (build 6017); .NET CLR 2.0.50727; InfoPath.1; .NET CLR 3.0.4506.2152; .NET CLR 3.5.30729; WebMoney Advisor; .NET4.0C; .NET4.0E)"
195.182.194.111 - - [18/Aug/2013:05:44:43 -0400] "GET /images/682_web_site_1-edited.jpg HTTP/1.1" 200 106170 "http://www.liveinternet.ru/users/migda/post152674608" "Mozilla/4.0 (compatible; MSIE 7.0; Windows NT 5.1; MRA 8.0 (build 6017); .NET CLR 2.0.50727; InfoPath.1; .NET CLR 3.0.4506.2152; .NET CLR 3.5.30729; WebMoney Advisor; .NET4.0C; .NET4.0E)"
195.182.194.111 - - [18/Aug/2013:05:44:44 -0400] "GET /images/682_web_site_9-edited.jpg HTTP/1.1" 200 67889 "http://www.liveinternet.ru/users/migda/post152674608" "Mozilla/4.0 (compatible; MSIE 7.0; Windows NT 5.1; MRA 8.0 (build 6017); .NET CLR 2.0.50727; InfoPath.1; .NET CLR 3.0.4506.2152; .NET CLR 3.5.30729; WebMoney Advisor; .NET4.0C; .NET4.0E)"
195.182.194.111 - - [18/Aug/2013:05:44:46 -0400] "GET /images/682_Fall_017.JPG HTTP/1.1" 200 261518 "http://www.liveinternet.ru/users/migda/post152674608" "Mozilla/4.0 (compatible; MSIE 7.0; Windows NT 5.1; MRA 8.0 (build 6017); .NET CLR 2.0.50727; InfoPath.1; .NET CLR 3.0.4506.2152; .NET CLR 3.5.30729; WebMoney Advisor; .NET4.0C; .NET4.0E)"
195.182.194.111 - - [18/Aug/2013:05:44:47 -0400] "GET /images/314_web_site_7.JPG HTTP/1.1" 200 75960 "http://www.liveinternet.ru/users/migda/post152674608" "Mozilla/4.0 (compatible; MSIE 7.0; Windows NT 5.1; MRA 8.0 (build 6017); .NET CLR 2.0.50727; InfoPath.1; .NET CLR 3.0.4506.2152; .NET CLR 3.5.30729; WebMoney Advisor; .NET4.0C; .NET4.0E)"
195.182.194.111 - - [18/Aug/2013:05:44:48 -0400] "GET /images/682_bevel_dome_grape_dome_015.JPG HTTP/1.1" 200 68000 "http://www.liveinternet.ru/users/migda/post152674608" "Mozilla/4.0 (compatible; MSIE 7.0; Windows NT 5.1; MRA 8.0 (build 6017); .NET CLR 2.0.50727; InfoPath.1; .NET CLR 3.0.4506.2152; .NET CLR 3.5.30729; WebMoney Advisor; .NET4.0C; .NET4.0E)"
195.182.194.111 - - [18/Aug/2013:05:44:48 -0400] "GET /images/682_bevel_dome_grape_dome_011.JPG HTTP/1.1" 200 82530 "http://www.liveinternet.ru/users/migda/post152674608" "Mozilla/4.0 (compatible; MSIE 7.0; Windows NT 5.1; MRA 8.0 (build 6017); .NET CLR 2.0.50727; InfoPath.1; .NET CLR 3.0.4506.2152; .NET CLR 3.5.30729; WebMoney Advisor; .NET4.0C; .NET4.0E)"
195.182.194.111 - - [18/Aug/2013:05:44:49 -0400] "GET /images/682_a_items_onhand_023.JPG HTTP/1.1" 200 46128 "http://www.liveinternet.ru/users/migda/post152674608" "Mozilla/4.0 (compatible; MSIE 7.0; Windows NT 5.1; MRA 8.0 (build 6017); .NET CLR 2.0.50727; InfoPath.1; .NET CLR 3.0.4506.2152; .NET CLR 3.5.30729; WebMoney Advisor; .NET4.0C; .NET4.0E)"
195.182.194.111 - - [18/Aug/2013:05:44:49 -0400] "GET /images/682_door_numbers_012.JPG HTTP/1.1" 200 86872 "http://www.liveinternet.ru/users/migda/post152674608" "Mozilla/4.0 (compatible; MSIE 7.0; Windows NT 5.1; MRA 8.0 (build 6017); .NET CLR 2.0.50727; InfoPath.1; .NET CLR 3.0.4506.2152; .NET CLR 3.5.30729; WebMoney Advisor; .NET4.0C; .NET4.0E)"
195.182.194.111 - - [18/Aug/2013:05:44:50 -0400] "GET /images/682_grand_baby_008.JPG HTTP/1.1" 200 187142 "http://www.liveinternet.ru/users/migda/post152674608" "Mozilla/4.0 (compatible; MSIE 7.0; Windows NT 5.1; MRA 8.0 (build 6017); .NET CLR 2.0.50727; InfoPath.1; .NET CLR 3.0.4506.2152; .NET CLR 3.5.30729; WebMoney Advisor; .NET4.0C; .NET4.0E)"
195.182.194.111 - - [18/Aug/2013:05:44:51 -0400] "GET /images/682_a_items_onhand_032.JPG HTTP/1.1" 200 46080 "http://www.liveinternet.ru/users/migda/post152674608" "Mozilla/4.0 (compatible; MSIE 7.0; Windows NT 5.1; MRA 8.0 (build 6017); .NET CLR 2.0.50727; InfoPath.1; .NET CLR 3.0.4506.2152; .NET CLR 3.5.30729; WebMoney Advisor; .NET4.0C; .NET4.0E)"
195.182.194.111 - - [18/Aug/2013:05:44:52 -0400] "GET /images/682_spider_mum_009.JPG HTTP/1.1" 200 68685 "http://www.liveinternet.ru/users/migda/post152674608" "Mozilla/4.0 (compatible; MSIE 7.0; Windows NT 5.1; MRA 8.0 (build 6017); .NET CLR 2.0.50727; InfoPath.1; .NET CLR 3.0.4506.2152; .NET CLR 3.5.30729; WebMoney Advisor; .NET4.0C; .NET4.0E)"
195.182.194.111 - - [18/Aug/2013:05:44:52 -0400] "GET /images/682_blue_lab_003.JPG HTTP/1.1" 200 66559 "http://www.liveinternet.ru/users/migda/post152674608" "Mozilla/4.0 (compatible; MSIE 7.0; Windows NT 5.1; MRA 8.0 (build 6017); .NET CLR 2.0.50727; InfoPath.1; .NET CLR 3.0.4506.2152; .NET CLR 3.5.30729; WebMoney Advisor; .NET4.0C; .NET4.0E)"
195.182.194.111 - - [18/Aug/2013:05:44:53 -0400] "GET /images/682_a_items_onhand_027.JPG HTTP/1.1" 200 57298 "http://www.liveinternet.ru/users/migda/post152674608" "Mozilla/4.0 (compatible; MSIE 7.0; Windows NT 5.1; MRA 8.0 (build 6017); .NET CLR 2.0.50727; InfoPath.1; .NET CLR 3.0.4506.2152; .NET CLR 3.5.30729; WebMoney Advisor; .NET4.0C; .NET4.0E)"
