98.208.160.26 - - [18/Aug/2013:19:23:39 -0400] "GET /images/218_atlanta_dome_3.JPG HTTP/1.1" 200 13654 "http://www.bogenriefstudios.com/bogenriefgallery/ceilingsdomes.html" "Mozilla/5.0 (iPad; CPU OS 6_1_3 like Mac OS X) AppleWebKit/536.26 (KHTML, like Gecko) Version/6.0 Mobile/10B329 Safari/8536.25"
98.208.160.26 - - [18/Aug/2013:19:23:39 -0400] "GET /images/696_Ceiling_-_Lauritzen_Gardens_030_-_cropped.jpg HTTP/1.1" 200 117070 "http://www.bogenriefstudios.com/bogenriefgallery/ceilingsdomes.html" "Mozilla/5.0 (iPad; CPU OS 6_1_3 like Mac OS X) AppleWebKit/536.26 (KHTML, like Gecko) Version/6.0 Mobile/10B329 Safari/8536.25"
98.208.160.26 - - [18/Aug/2013:19:23:39 -0400] "GET /images/218_Ceiling_-_Lauritzen_Gardens_030_-_cropped.jpg HTTP/1.1" 200 13271 "http://www.bogenriefstudios.com/bogenriefgallery/ceilingsdomes.html" "Mozilla/5.0 (iPad; CPU OS 6_1_3 like Mac OS X) AppleWebKit/536.26 (KHTML, like Gecko) Version/6.0 Mobile/10B329 Safari/8536.25"
98.208.160.26 - - [18/Aug/2013:19:23:40 -0400] "GET /images/561_Dome7.jpg HTTP/1.1" 200 72410 "http://www.bogenriefstudios.com/bogenriefgallery/ceilingsdomes.html" "Mozilla/5.0 (iPad; CPU OS 6_1_3 like Mac OS X) AppleWebKit/536.26 (KHTML, like Gecko) Version/6.0 Mobile/10B329 Safari/8536.25"
98.208.160.26 - - [18/Aug/2013:19:23:40 -0400] "GET /images/359_Dome_-_hangers_004.jpg HTTP/1.1" 200 34412 "http://www.bogenriefstudios.com/bogenriefgallery/ceilingsdomes.html" "Mozilla/5.0 (iPad; CPU OS 6_1_3 like Mac OS X) AppleWebKit/536.26 (KHTML, like Gecko) Version/6.0 Mobile/10B329 Safari/8536.25"
98.208.160.26 - - [18/Aug/2013:19:23:40 -0400] "GET /images/696_SUTH0079.jpg HTTP/1.1" 200 103378 "http://www.bogenriefstudios.com/bogenriefgallery/ceilingsdomes.html" "Mozilla/5.0 (iPad; CPU OS 6_1_3 like Mac OS X) AppleWebKit/536.26 (KHTML, like Gecko) Version/6.0 Mobile/10B329 Safari/8536.25"
74.47.204.240 - - [18/Aug/2013:20:44:58 -0400] "GET /images/696_tile_with_flowers.JPG HTTP/1.1" 200 49958 "http://www.bogenriefstudios.com/bogenriefgallery/lampshades.html" "Mozilla/5.0 (Linux; U; en-us; KFJWA Build/IMM76D) AppleWebKit/535.19 (KHTML, like Gecko) Silk/3.4 Safari/535.19 Silk-Accelerated=true"
74.47.204.240 - - [18/Aug/2013:20:49:01 -0400] "GET /images/218_tryptich2.JPG HTTP/1.1" 200 19916 "http://www.bogenriefstudios.com/bogenriefgallery/stainedglasswindows.html" "Mozilla/5.0 (Linux; U; en-us; KFJWA Build/IMM76D) AppleWebKit/535.19 (KHTML, like Gecko) Silk/3.4 Safari/535.19 Silk-Accelerated=true"
74.47.204.240 - - [18/Aug/2013:20:49:02 -0400] "GET /images/479_tryptich2.JPG HTTP/1.1" 200 78502 "http://www.bogenriefstudios.com/bogenriefgallery/stainedglasswindows.html" "Mozilla/5.0 (Linux; U; en-us; KFJWA Build/IMM76D) AppleWebKit/535.19 (KHTML, like Gecko) Silk/3.4 Safari/535.19 Silk-Accelerated=true"
74.47.204.240 - - [18/Aug/2013:20:49:15 -0400] "GET /images/696_window_great_gatsby.jpg HTTP/1.1" 200 173530 "http://www.bogenriefstudios.com/bogenriefgallery/stainedglasswindows.html" "Mozilla/5.0 (Linux; U; en-us; KFJWA Build/IMM76D) AppleWebKit/535.19 (KHTML, like Gecko) Silk/3.4 Safari/535.19 Silk-Accelerated=true"
74.47.204.240 - - [18/Aug/2013:20:49:25 -0400] "GET /images/218_Omaha_show_004.JPG HTTP/1.1" 200 14321 "http://www.bogenriefstudios.com/bogenriefgallery/stainedglasswindows.html" "Mozilla/5.0 (Linux; U; en-us; KFJWA Build/IMM76D) AppleWebKit/535.19 (KHTML, like Gecko) Silk/3.4 Safari/535.19 Silk-Accelerated=true"
74.47.204.240 - - [18/Aug/2013:20:49:27 -0400] "GET /images/218_029.JPG HTTP/1.1" 200 12707 "http://www.bogenriefstudios.com/bogenriefgallery/stainedglasswindows.html" "Mozilla/5.0 (Linux; U; en-us; KFJWA Build/IMM76D) AppleWebKit/535.19 (KHTML, like Gecko) Silk/3.4 Safari/535.19 Silk-Accelerated=true"
74.47.204.240 - - [18/Aug/2013:20:49:28 -0400] "GET /images/218_011_2_.JPG HTTP/1.1" 200 12826 "http://www.bogenriefstudios.com/bogenriefgallery/stainedglasswindows.html" "Mozilla/5.0 (Linux; U; en-us; KFJWA Build/IMM76D) AppleWebKit/535.19 (KHTML, like Gecko) Silk/3.4 Safari/535.19 Silk-Accelerated=true"
74.47.204.240 - - [18/Aug/2013:20:49:29 -0400] "GET /images/480_011_2_.JPG HTTP/1.1" 200 48563 "http://www.bogenriefstudios.com/bogenriefgallery/stainedglasswindows.html" "Mozilla/5.0 (Linux; U; en-us; KFJWA Build/IMM76D) AppleWebKit/535.19 (KHTML, like Gecko) Silk/3.4 Safari/535.19 Silk-Accelerated=true"
74.47.204.240 - - [18/Aug/2013:20:49:31 -0400] "GET /images/209_DSC_0087.JPG HTTP/1.1" 200 16100 "http://www.bogenriefstudios.com/bogenriefgallery/stainedglasswindows.html" "Mozilla/5.0 (Linux; U; en-us; KFJWA Build/IMM76D) AppleWebKit/535.19 (KHTML, like Gecko) Silk/3.4 Safari/535.19 Silk-Accelerated=true"
74.47.204.240 - - [18/Aug/2013:20:49:31 -0400] "GET /images/458_Combo_Windows_72_.jpg HTTP/1.1" 200 92818 "http://www.bogenriefstudios.com/bogenriefgallery/stainedglasswindows.html" "Mozilla/5.0 (Linux; U; en-us; KFJWA Build/IMM76D) AppleWebKit/535.19 (KHTML, like Gecko) Silk/3.4 Safari/535.19 Silk-Accelerated=true"
74.47.204.240 - - [18/Aug/2013:20:52:32 -0400] "GET /favicon.ico HTTP/1.1" 404 575 "-" "Mozilla/5.0 (Linux; U; en-us; KFJWA Build/IMM76D) AppleWebKit/535.19 (KHTML, like Gecko) Silk/3.4 Safari/535.19 Silk-Accelerated=true"
74.47.204.240 - - [18/Aug/2013:20:52:34 -0400] "GET /favicon.ico HTTP/1.1" 404 575 "-" "Mozilla/5.0 (Linux; U; en-us; KFJWA Build/IMM76D) AppleWebKit/535.19 (KHTML, like Gecko) Silk/3.4 Safari/535.19 Silk-Accelerated=true"
72.18.44.197 - - [18/Aug/2013:23:45:16 -0400] "GET /images/682_Daydream_001.jpg HTTP/1.1" 200 215855 "http://www.bogenriefstudios.com/studios.html" "Mozilla/5.0 (iPad; U; CPU OS 3_2_1 like Mac OS X; en-us) AppleWebKit/531.21.10 (KHTML, like Gecko) Version/4.0.4 Mobile/7B405 Safari/531.21.10"
87.244.222.145 - - [18/Aug/2013:12:16:29 -0400] "GET /scripts/icwebsiteelement.css HTTP/1.1" 200 8132 "http://www.bogenriefstudios.com/studios.html" "Mozilla/5.0 (Windows NT 6.1; WOW64) AppleWebKit/537.36 (KHTML, like Gecko) Chrome/28.0.1500.95 Safari/537.36"
87.244.222.145 - - [18/Aug/2013:12:16:30 -0400] "GET /images/682_blue_white_chandelier_-_installed-edited.jpg HTTP/1.1" 200 79065 "http://www.bogenriefstudios.com/studios.html" "Mozilla/5.0 (Windows NT 6.1; WOW64) AppleWebKit/537.36 (KHTML, like Gecko) Chrome/28.0.1500.95 Safari/537.36"
87.244.222.145 - - [18/Aug/2013:12:16:31 -0400] "GET /images/188_Blown_Glass_104.jpg HTTP/1.1" 200 4494 "http://www.bogenriefstudios.com/studios.html" "Mozilla/5.0 (Windows NT 6.1; WOW64) AppleWebKit/537.36 (KHTML, like Gecko) Chrome/28.0.1500.95 Safari/537.36"
87.244.222.145 - - [18/Aug/2013:12:16:32 -0400] "GET /images/196_paperweights_3_.jpg HTTP/1.1" 200 6754 "http://www.bogenriefstudios.com/studios.html" "Mozilla/5.0 (Windows NT 6.1; WOW64) AppleWebKit/537.36 (KHTML, like Gecko) Chrome/28.0.1500.95 Safari/537.36"
172.242.131.226 - - [18/Aug/2013:12:30:51 -0400] "GET /scripts/template.css HTTP/1.1" 200 9956 "http://www.bogenriefstudios.com/" "Mozilla/5.0 (Windows NT 6.0; WOW64) AppleWebKit/537.36 (KHTML, like Gecko) Chrome/28.0.1500.95 Safari/537.36"
5.63.151.189 - - [18/Aug/2013:12:52:59 -0400] "HEAD / HTTP/1.1" 200 - "-" "checks.panopta.com"
71.7.80.255 - - [18/Aug/2013:14:34:30 -0400] "GET /junglepaneldetails.html HTTP/1.1" 200 12739 "http://www.google.com/imgres?q=stained+glass+monkey+pattern&start=660&sa=X&biw=1366&bih=616&tbm=isch&tbnid=cJsSzPEY8tpglM:&imgrefurl=http://www.bogenriefstudios.com/junglepaneldetails.html&docid=sP1FJOXsVhtHLM&imgurl=http://www.bogenriefstudios.com/images/682_Detail_with_monkey.jpg&w=682&h=511&ei=bBMRUvLtEcb62AWEvIDwBw&zoom=1&iact=hc&vpx=1060&vpy=225&dur=2917&hovh=194&hovw=259&tx=200&ty=135&page=21&tbnh=145&tbnw=191&ndsp=34&ved=1t:429,r:93,s:600,i:283" "Mozilla/4.0 (compatible; MSIE 8.0; Windows NT 6.1; WOW64; Trident/4.0; SLCC2; .NET CLR 2.0.50727; .NET CLR 3.5.30729; .NET CLR 3.0.30729; Media Center PC 6.0)"
71.7.80.255 - - [18/Aug/2013:14:34:30 -0400] "GET /scripts/website.css HTTP/1.1" 200 1646 "http://www.bogenriefstudios.com/junglepaneldetails.html" "Mozilla/4.0 (compatible; MSIE 8.0; Windows NT 6.1; WOW64; Trident/4.0; SLCC2; .NET CLR 2.0.50727; .NET CLR 3.5.30729; .NET CLR 3.0.30729; Media Center PC 6.0)"
71.7.80.255 - - [18/Aug/2013:14:34:30 -0400] "GET /scripts/7custom.css HTTP/1.1" 200 1142 "http://www.bogenriefstudios.com/junglepaneldetails.html" "Mozilla/4.0 (compatible; MSIE 8.0; Windows NT 6.1; WOW64; Trident/4.0; SLCC2; .NET CLR 2.0.50727; .NET CLR 3.5.30729; .NET CLR 3.0.30729; Media Center PC 6.0)"
71.7.80.255 - - [18/Aug/2013:14:34:31 -0400] "GET /images/68.jpg HTTP/1.1" 200 11436 "http://www.bogenriefstudios.com/junglepaneldetails.html" "Mozilla/4.0 (compatible; MSIE 8.0; Windows NT 6.1; WOW64; Trident/4.0; SLCC2; .NET CLR 2.0.50727; .NET CLR 3.5.30729; .NET CLR 3.0.30729; Media Center PC 6.0)"
71.7.80.255 - - [18/Aug/2013:14:34:31 -0400] "GET /images/682_Detail_with_right_facing_parrot.jpg HTTP/1.1" 200 91003 "http://www.bogenriefstudios.com/junglepaneldetails.html" "Mozilla/4.0 (compatible; MSIE 8.0; Windows NT 6.1; WOW64; Trident/4.0; SLCC2; .NET CLR 2.0.50727; .NET CLR 3.5.30729; .NET CLR 3.0.30729; Media Center PC 6.0)"
71.7.80.255 - - [18/Aug/2013:14:34:32 -0400] "GET /images/682_Detail_with_left_facing_parrot.JPG HTTP/1.1" 200 110874 "http://www.bogenriefstudios.com/junglepaneldetails.html" "Mozilla/4.0 (compatible; MSIE 8.0; Windows NT 6.1; WOW64; Trident/4.0; SLCC2; .NET CLR 2.0.50727; .NET CLR 3.5.30729; .NET CLR 3.0.30729; Media Center PC 6.0)"
71.7.80.255 - - [18/Aug/2013:14:34:32 -0400] "GET /images/682_Detail_with_greenery_red_flowers.jpg HTTP/1.1" 200 168414 "http://www.bogenriefstudios.com/junglepaneldetails.html" "Mozilla/4.0 (compatible; MSIE 8.0; Windows NT 6.1; WOW64; Trident/4.0; SLCC2; .NET CLR 2.0.50727; .NET CLR 3.5.30729; .NET CLR 3.0.30729; Media Center PC 6.0)"
24.90.214.38 - - [18/Aug/2013:15:52:45 -0400] "GET /images/682_Daydream_001.jpg HTTP/1.1" 200 215855 "https://www.google.com/" "Mozilla/5.0 (iPhone; CPU iPhone OS 6_1_3 like Mac OS X) AppleWebKit/536.26 (KHTML, like Gecko) Version/6.0 Mobile/10B329 Safari/8536.25"
74.47.204.240 - - [18/Aug/2013:20:49:31 -0400] "GET /images/338_Combo_Windows_72_.jpg HTTP/1.1" 200 55530 "http://www.bogenriefstudios.com/bogenriefgallery/stainedglasswindows.html" "Mozilla/5.0 (Linux; U; en-us; KFJWA Build/IMM76D) AppleWebKit/535.19 (KHTML, like Gecko) Silk/3.4 Safari/535.19 Silk-Accelerated=true"
74.47.204.240 - - [18/Aug/2013:20:49:33 -0400] "GET /images/528_Bevel_Window2.jpg HTTP/1.1" 200 115582 "http://www.bogenriefstudios.com/bogenriefgallery/stainedglasswindows.html" "Mozilla/5.0 (Linux; U; en-us; KFJWA Build/IMM76D) AppleWebKit/535.19 (KHTML, like Gecko) Silk/3.4 Safari/535.19 Silk-Accelerated=true"
5.90.94.125 - - [18/Aug/2013:07:49:49 -0400] "GET /images/682_Daydream_001.jpg HTTP/1.1" 200 215855 "https://www.google.it/" "Mozilla/5.0 (iPhone; CPU iPhone OS 6_1_3 like Mac OS X) AppleWebKit/536.26 (KHTML, like Gecko) Version/6.0 Mobile/10B329 Safari/8536.25"
80.178.152.218 - - [18/Aug/2013:08:01:24 -0400] "GET /images/682_spider_mum_009.JPG HTTP/1.1" 200 68685 "http://www.google.co.il/blank.html" "Mozilla/5.0 (Windows NT 6.1) AppleWebKit/534.30 (KHTML, like Gecko) Chrome/12.0.742.112 Safari/534.30"
49.183.174.70 - - [18/Aug/2013:08:42:55 -0400] "GET /images/404_12x12%20sm%20scale.jpg HTTP/1.1" 200 64273 "https://www.google.com.au/" "Mozilla/5.0 (iPhone; CPU iPhone OS 6_1_4 like Mac OS X) AppleWebKit/536.26 (KHTML, like Gecko) Version/6.0 Mobile/10B350 Safari/8536.25"
184.148.63.144 - - [18/Aug/2013:01:39:48 -0400] "GET /projects.html HTTP/1.1" 200 16233 "http://www.bing.com/search?q=gatsby+inspired+fused+glass&form=MSNH56&qs=n&sk=" "Mozilla/4.0 (compatible; MSIE 8.0; Windows NT 6.0; Trident/4.0; GTB7.5; SLCC1; .NET CLR 2.0.50727; Media Center PC 5.0; .NET CLR 3.5.30729; .NET CLR 3.0.30618; OfficeLiveConnector.1.3; OfficeLivePatch.0.0; BRI/2)"
184.148.63.144 - - [18/Aug/2013:01:39:49 -0400] "GET /scripts/website.css HTTP/1.1" 200 1646 "http://www.bogenriefstudios.com/projects.html" "Mozilla/4.0 (compatible; MSIE 8.0; Windows NT 6.0; Trident/4.0; GTB7.5; SLCC1; .NET CLR 2.0.50727; Media Center PC 5.0; .NET CLR 3.5.30729; .NET CLR 3.0.30618; OfficeLiveConnector.1.3; OfficeLivePatch.0.0; BRI/2)"
184.148.63.144 - - [18/Aug/2013:01:39:49 -0400] "GET /images/ic_034_body_bg_wide.jpg HTTP/1.1" 200 90532 "http://www.bogenriefstudios.com/projects.html" "Mozilla/4.0 (compatible; MSIE 8.0; Windows NT 6.0; Trident/4.0; GTB7.5; SLCC1; .NET CLR 2.0.50727; Media Center PC 5.0; .NET CLR 3.5.30729; .NET CLR 3.0.30618; OfficeLiveConnector.1.3; OfficeLivePatch.0.0; BRI/2)"
87.115.154.128 - - [18/Aug/2013:12:01:51 -0400] "GET /images/512_mjbhome%20int%20sm%20scale.jpg HTTP/1.1" 200 49869 "http://www.google.co.uk/blank.html" "Mozilla/5.0 (Macintosh; Intel Mac OS X 10_6_8) AppleWebKit/534.59.8 (KHTML, like Gecko) Version/5.1.9 Safari/534.59.8"
208.54.80.185 - - [18/Aug/2013:14:57:58 -0400] "GET /images/329_LADY_Peacock_Lady_Green.jpg HTTP/1.1" 200 73042 "http://www.google.com/search?q=peacock+lady&client=ms-android-hms-tmobile-us&hl=en&source=android-launcher-widget&v=141400000&source=lnms&tbm=isch&sa=X&ei=rxgRUqHUIsfg2wX13oHoDg&ved=0CAgQ_AUoAA&biw=320&bih=456&sei=tRgRUvnLO5TI2wWFkoCgDA" "Mozilla/5.0 (Linux; U; Android 4.0.4; en-us; SGH-T769 Build/IMM76D) AppleWebKit/534.30 (KHTML, like Gecko) Version/4.0 Mobile Safari/534.30"
91.207.9.226 - - [18/Aug/2013:17:06:42 -0400] "GET /home.html HTTP/1.1" 200 27081 "http://internet-exe.com/" "Mozilla/4.0 (compatible; MSIE 6.0; MSIE 5.5; Windows NT 5.0) Opera 7.02 Bork-edition [en]"
69.179.4.249 - - [18/Aug/2013:10:12:51 -0400] "GET /scripts/user.js HTTP/1.1" 200 23762 "http://www.bogenriefstudios.com/" "Mozilla/5.0 (compatible; MSIE 9.0; Windows NT 6.0; Trident/5.0)"
178.124.112.117 - - [18/Aug/2013:11:57:20 -0400] "GET /scripts/icwebsiteelement.css HTTP/1.1" 200 8132 "http://www.bogenriefstudios.com/availableforpurchase.html" "Mozilla/5.0 (Windows NT 6.1) AppleWebKit/537.36 (KHTML, like Gecko) Chrome/28.0.1500.95 Safari/537.36"
178.124.112.117 - - [18/Aug/2013:11:57:20 -0400] "GET /images/682_Fall_017.JPG HTTP/1.1" 200 261518 "http://www.bogenriefstudios.com/availableforpurchase.html" "Mozilla/5.0 (Windows NT 6.1) AppleWebKit/537.36 (KHTML, like Gecko) Chrome/28.0.1500.95 Safari/537.36"
178.124.112.117 - - [18/Aug/2013:11:57:24 -0400] "GET /images/677_SF_grapes_013.JPG HTTP/1.1" 200 216725 "http://www.bogenriefstudios.com/availableforpurchase.html" "Mozilla/5.0 (Windows NT 6.1) AppleWebKit/537.36 (KHTML, like Gecko) Chrome/28.0.1500.95 Safari/537.36"
98.208.160.26 - - [18/Aug/2013:19:20:09 -0400] "GET /images/404_12x12%20sm%20scale.jpg HTTP/1.1" 200 64273 "http://www.bogenriefstudios.com/projects.html" "Mozilla/5.0 (iPad; CPU OS 6_1_3 like Mac OS X) AppleWebKit/536.26 (KHTML, like Gecko) Version/6.0 Mobile/10B329 Safari/8536.25"
98.208.160.26 - - [18/Aug/2013:19:20:10 -0400] "GET /images/682_web_site_9-edited.jpg HTTP/1.1" 200 67889 "http://www.bogenriefstudios.com/projects.html" "Mozilla/5.0 (iPad; CPU OS 6_1_3 like Mac OS X) AppleWebKit/536.26 (KHTML, like Gecko) Version/6.0 Mobile/10B329 Safari/8536.25"
98.208.160.26 - - [18/Aug/2013:19:24:30 -0400] "GET /videos.html HTTP/1.1" 200 7609 "http://www.bogenriefstudios.com/bogenriefgallery/ceilingsdomes.html" "Mozilla/5.0 (iPad; CPU OS 6_1_3 like Mac OS X) AppleWebKit/536.26 (KHTML, like Gecko) Version/6.0 Mobile/10B329 Safari/8536.25"
98.208.160.26 - - [18/Aug/2013:19:24:31 -0400] "GET /scripts/25custom.css HTTP/1.1" 200 1141 "http://www.bogenriefstudios.com/videos.html" "Mozilla/5.0 (iPad; CPU OS 6_1_3 like Mac OS X) AppleWebKit/536.26 (KHTML, like Gecko) Version/6.0 Mobile/10B329 Safari/8536.25"
74.47.204.240 - - [18/Aug/2013:20:49:58 -0400] "GET /images/75_rocklin_-_green_circle.jpg HTTP/1.1" 200 6434 "http://www.bogenriefstudios.com/bogenriefgallery/stainedglasswindows.html" "Mozilla/5.0 (Linux; U; en-us; KFJWA Build/IMM76D) AppleWebKit/535.19 (KHTML, like Gecko) Silk/3.4 Safari/535.19 Silk-Accelerated=true"
74.47.204.240 - - [18/Aug/2013:20:51:47 -0400] "GET /images/300_home_page_4.JPG HTTP/1.1" 200 18783 "http://www.bogenriefstudios.com/history.html" "Mozilla/5.0 (Linux; U; en-us; KFJWA Build/IMM76D) AppleWebKit/535.19 (KHTML, like Gecko) Silk/3.4 Safari/535.19 Silk-Accelerated=true"
5.63.151.189 - - [18/Aug/2013:22:41:49 -0400] "HEAD / HTTP/1.1" 200 - "-" "checks.panopta.com"
72.18.44.197 - - [18/Aug/2013:23:45:16 -0400] "GET /images/682_Printed_20_.jpg HTTP/1.1" 200 124934 "http://www.bogenriefstudios.com/studios.html" "Mozilla/5.0 (iPad; U; CPU OS 3_2_1 like Mac OS X; en-us) AppleWebKit/531.21.10 (KHTML, like Gecko) Version/4.0.4 Mobile/7B405 Safari/531.21.10"
72.18.44.197 - - [18/Aug/2013:23:45:18 -0400] "GET /images/196_Blown_Glass_108_-_modified.jpg HTTP/1.1" 200 8997 "http://www.bogenriefstudios.com/studios.html" "Mozilla/5.0 (iPad; U; CPU OS 3_2_1 like Mac OS X; en-us) AppleWebKit/531.21.10 (KHTML, like Gecko) Version/4.0.4 Mobile/7B405 Safari/531.21.10"
72.18.44.197 - - [18/Aug/2013:23:45:18 -0400] "GET /images/188_Blown_Glass_114_-_modified.jpg HTTP/1.1" 200 7869 "http://www.bogenriefstudios.com/studios.html" "Mozilla/5.0 (iPad; U; CPU OS 3_2_1 like Mac OS X; en-us) AppleWebKit/531.21.10 (KHTML, like Gecko) Version/4.0.4 Mobile/7B405 Safari/531.21.10"
72.18.44.197 - - [18/Aug/2013:23:45:19 -0400] "GET /images/188_perfume_bottles.jpg HTTP/1.1" 200 8362 "http://www.bogenriefstudios.com/studios.html" "Mozilla/5.0 (iPad; U; CPU OS 3_2_1 like Mac OS X; en-us) AppleWebKit/531.21.10 (KHTML, like Gecko) Version/4.0.4 Mobile/7B405 Safari/531.21.10"
218.23.226.35 - - [18/Aug/2013:05:40:10 -0400] "GET /studiolocations.html HTTP/1.1" 200 13348 "-" "Mozilla/4.0 (compatible; MSIE 6.0; Windows NT 5.1; .NET CLR 2.0.50727; .NET CLR 3.0.4506.2152; .NET CLR 3.5.30729)"
87.244.222.145 - - [18/Aug/2013:12:16:29 -0400] "GET /scripts/5custom.css HTTP/1.1" 200 1820 "http://www.bogenriefstudios.com/studios.html" "Mozilla/5.0 (Windows NT 6.1; WOW64) AppleWebKit/537.36 (KHTML, like Gecko) Chrome/28.0.1500.95 Safari/537.36"
87.244.222.145 - - [18/Aug/2013:12:16:30 -0400] "GET /images/188_blue_seperate.jpg HTTP/1.1" 200 14499 "http://www.bogenriefstudios.com/studios.html" "Mozilla/5.0 (Windows NT 6.1; WOW64) AppleWebKit/537.36 (KHTML, like Gecko) Chrome/28.0.1500.95 Safari/537.36"
87.244.222.145 - - [18/Aug/2013:12:16:31 -0400] "GET /images/ic_034_body_bg_wide.jpg HTTP/1.1" 200 90532 "http://www.bogenriefstudios.com/studios.html" "Mozilla/5.0 (Windows NT 6.1; WOW64) AppleWebKit/537.36 (KHTML, like Gecko) Chrome/28.0.1500.95 Safari/537.36"
87.244.222.145 - - [18/Aug/2013:12:16:32 -0400] "GET /scripts/print.css HTTP/1.1" 200 - "http://www.bogenriefstudios.com/studios.html" "Mozilla/5.0 (Windows NT 6.1; WOW64) AppleWebKit/537.36 (KHTML, like Gecko) Chrome/28.0.1500.95 Safari/537.36"
172.242.131.226 - - [18/Aug/2013:12:30:51 -0400] "GET /images/ic_034_body_bg_wide.jpg HTTP/1.1" 200 90532 "http://www.bogenriefstudios.com/" "Mozilla/5.0 (Windows NT 6.0; WOW64) AppleWebKit/537.36 (KHTML, like Gecko) Chrome/28.0.1500.95 Safari/537.36"
199.21.99.79 - - [18/Aug/2013:00:25:04 -0400] "GET /images/682_Daydream_001.jpg HTTP/1.1" 200 215855 "-" "Mozilla/5.0 (compatible; YandexImages/3.0; +http://yandex.com/bots)"
157.55.32.186 - - [18/Aug/2013:07:16:24 -0400] "GET /scripts/ic_globals_published.js HTTP/1.1" 200 566 "-" "Mozilla/5.0 (compatible; bingbot/2.0; +http://www.bing.com/bingbot.htm)"
178.151.69.24 - - [18/Aug/2013:17:37:13 -0400] "GET /scripts/18custom.css HTTP/1.1" 200 804 "http://www.bogenriefstudios.com/bogenriefgallery/ceilingsdomes.html" "Opera/9.80 (Windows NT 6.1) Presto/2.12.388 Version/12.16"
178.151.69.24 - - [18/Aug/2013:17:37:13 -0400] "GET /images/photoalbum/button_photoPlay.jpg HTTP/1.1" 200 613 "http://www.bogenriefstudios.com/bogenriefgallery/ceilingsdomes.html" "Opera/9.80 (Windows NT 6.1) Presto/2.12.388 Version/12.16"
178.151.69.24 - - [18/Aug/2013:17:37:13 -0400] "GET /images/photoalbum/button_photoSpeed1_ON.jpg HTTP/1.1" 200 476 "http://www.bogenriefstudios.com/bogenriefgallery/ceilingsdomes.html" "Opera/9.80 (Windows NT 6.1) Presto/2.12.388 Version/12.16"
178.151.69.24 - - [18/Aug/2013:17:37:13 -0400] "GET /images/photoalbum/button_photoPause.jpg HTTP/1.1" 200 605 "http://www.bogenriefstudios.com/bogenriefgallery/ceilingsdomes.html" "Opera/9.80 (Windows NT 6.1) Presto/2.12.388 Version/12.16"
178.151.69.24 - - [18/Aug/2013:17:37:13 -0400] "GET /images/696_Lattice_Clematis_Flower_Dome.JPG HTTP/1.1" 200 58143 "http://www.bogenriefstudios.com/bogenriefgallery/ceilingsdomes.html" "Opera/9.80 (Windows NT 6.1) Presto/2.12.388 Version/12.16"
178.151.69.24 - - [18/Aug/2013:17:37:13 -0400] "GET /images/photoalbum/button_photoSpeed2_ON.jpg HTTP/1.1" 200 492 "http://www.bogenriefstudios.com/bogenriefgallery/ceilingsdomes.html" "Opera/9.80 (Windows NT 6.1) Presto/2.12.388 Version/12.16"
178.151.69.24 - - [18/Aug/2013:17:37:13 -0400] "GET /images/218_Water_Lily_Dome.JPG HTTP/1.1" 200 17262 "http://www.bogenriefstudios.com/bogenriefgallery/ceilingsdomes.html" "Opera/9.80 (Windows NT 6.1) Presto/2.12.388 Version/12.16"
178.151.69.24 - - [18/Aug/2013:17:37:14 -0400] "GET /images/198_JDome2.jpg HTTP/1.1" 200 18865 "http://www.bogenriefstudios.com/bogenriefgallery/ceilingsdomes.html" "Opera/9.80 (Windows NT 6.1) Presto/2.12.388 Version/12.16"
178.151.69.24 - - [18/Aug/2013:17:37:14 -0400] "GET /images/218_ceilings_4_.jpg HTTP/1.1" 200 12993 "http://www.bogenriefstudios.com/bogenriefgallery/ceilingsdomes.html" "Opera/9.80 (Windows NT 6.1) Presto/2.12.388 Version/12.16"
178.151.69.24 - - [18/Aug/2013:17:37:14 -0400] "GET /images/163_Dome_-_hangers_004.jpg HTTP/1.1" 200 10160 "http://www.bogenriefstudios.com/bogenriefgallery/ceilingsdomes.html" "Opera/9.80 (Windows NT 6.1) Presto/2.12.388 Version/12.16"
218.23.226.35 - - [18/Aug/2013:05:40:03 -0400] "GET /bogenriefgallery/lampshades.html HTTP/1.1" 200 15683 "-" "Mozilla/4.0 (compatible; MSIE 6.0; Windows NT 5.1; .NET CLR 2.0.50727; .NET CLR 3.0.4506.2152; .NET CLR 3.5.30729)"
66.249.75.165 - - [18/Aug/2013:18:39:58 -0400] "GET /domesandceilings.html HTTP/1.1" 304 - "-" "Mozilla/5.0 (iPhone; U; CPU iPhone OS 4_1 like Mac OS X; en-us) AppleWebKit/532.9 (KHTML, like Gecko) Version/4.0.5 Mobile/8B117 Safari/6531.22.7 (compatible; Googlebot-Mobile/2.1; +http://www.google.com/bot.html)"
98.208.160.26 - - [18/Aug/2013:19:32:29 -0400] "GET /scripts/5custom.css HTTP/1.1" 200 1820 "http://www.bogenriefstudios.com/studiolocations.html" "Mozilla/5.0 (iPad; CPU OS 6_1_3 like Mac OS X) AppleWebKit/536.26 (KHTML, like Gecko) Version/6.0 Mobile/10B329 Safari/8536.25"
74.47.204.240 - - [18/Aug/2013:20:44:51 -0400] "GET /images/photoalbum/button_photoPause.jpg HTTP/1.1" 200 605 "http://www.bogenriefstudios.com/bogenriefgallery/lampshades.html" "Mozilla/5.0 (Linux; U; en-us; KFJWA Build/IMM76D) AppleWebKit/535.19 (KHTML, like Gecko) Silk/3.4 Safari/535.19 Silk-Accelerated=true"
74.47.204.240 - - [18/Aug/2013:20:44:51 -0400] "GET /images/photoalbum/detail_close.jpg HTTP/1.1" 200 1095 "http://www.bogenriefstudios.com/bogenriefgallery/lampshades.html" "Mozilla/5.0 (Linux; U; en-us; KFJWA Build/IMM76D) AppleWebKit/535.19 (KHTML, like Gecko) Silk/3.4 Safari/535.19 Silk-Accelerated=true"
74.47.204.240 - - [18/Aug/2013:20:44:52 -0400] "GET /images/photoalbum/button_photoSpeed4.jpg HTTP/1.1" 200 506 "http://www.bogenriefstudios.com/bogenriefgallery/lampshades.html" "Mozilla/5.0 (Linux; U; en-us; KFJWA Build/IMM76D) AppleWebKit/535.19 (KHTML, like Gecko) Silk/3.4 Safari/535.19 Silk-Accelerated=true"
74.47.204.240 - - [18/Aug/2013:20:44:52 -0400] "GET /images/696_Omaha_show_019.JPG HTTP/1.1" 200 66898 "http://www.bogenriefstudios.com/bogenriefgallery/lampshades.html" "Mozilla/5.0 (Linux; U; en-us; KFJWA Build/IMM76D) AppleWebKit/535.19 (KHTML, like Gecko) Silk/3.4 Safari/535.19 Silk-Accelerated=true"
74.47.204.240 - - [18/Aug/2013:20:49:18 -0400] "GET /images/480_mjbhome%20int%20sm%20scale.jpg HTTP/1.1" 404 575 "http://www.bogenriefstudios.com/bogenriefgallery/stainedglasswindows.html" "Mozilla/5.0 (Linux; U; en-us; KFJWA Build/IMM76D) AppleWebKit/535.19 (KHTML, like Gecko) Silk/3.4 Safari/535.19 Silk-Accelerated=true"
74.47.204.240 - - [18/Aug/2013:20:49:18 -0400] "GET /images/696_DSC_0100.JPG HTTP/1.1" 200 58849 "http://www.bogenriefstudios.com/bogenriefgallery/stainedglasswindows.html" "Mozilla/5.0 (Linux; U; en-us; KFJWA Build/IMM76D) AppleWebKit/535.19 (KHTML, like Gecko) Silk/3.4 Safari/535.19 Silk-Accelerated=true"
74.47.204.240 - - [18/Aug/2013:20:49:20 -0400] "GET /images/218_window_sun_and_moon.JPG HTTP/1.1" 200 5081 "http://www.bogenriefstudios.com/bogenriefgallery/stainedglasswindows.html" "Mozilla/5.0 (Linux; U; en-us; KFJWA Build/IMM76D) AppleWebKit/535.19 (KHTML, like Gecko) Silk/3.4 Safari/535.19 Silk-Accelerated=true"
74.47.204.240 - - [18/Aug/2013:20:49:20 -0400] "GET /images/480_window_sun_and_moon.JPG HTTP/1.1" 200 18561 "http://www.bogenriefstudios.com/bogenriefgallery/stainedglasswindows.html" "Mozilla/5.0 (Linux; U; en-us; KFJWA Build/IMM76D) AppleWebKit/535.19 (KHTML, like Gecko) Silk/3.4 Safari/535.19 Silk-Accelerated=true"
74.47.204.240 - - [18/Aug/2013:20:49:21 -0400] "GET /images/218_Omaha_show_011.JPG HTTP/1.1" 200 9328 "http://www.bogenriefstudios.com/bogenriefgallery/stainedglasswindows.html" "Mozilla/5.0 (Linux; U; en-us; KFJWA Build/IMM76D) AppleWebKit/535.19 (KHTML, like Gecko) Silk/3.4 Safari/535.19 Silk-Accelerated=true"
74.47.204.240 - - [18/Aug/2013:20:49:21 -0400] "GET /images/218_DSC_0084.JPG HTTP/1.1" 200 8321 "http://www.bogenriefstudios.com/bogenriefgallery/stainedglasswindows.html" "Mozilla/5.0 (Linux; U; en-us; KFJWA Build/IMM76D) AppleWebKit/535.19 (KHTML, like Gecko) Silk/3.4 Safari/535.19 Silk-Accelerated=true"
74.47.204.240 - - [18/Aug/2013:20:49:21 -0400] "GET /images/696_003.JPG HTTP/1.1" 200 69629 "http://www.bogenriefstudios.com/bogenriefgallery/stainedglasswindows.html" "Mozilla/5.0 (Linux; U; en-us; KFJWA Build/IMM76D) AppleWebKit/535.19 (KHTML, like Gecko) Silk/3.4 Safari/535.19 Silk-Accelerated=true"
74.47.204.240 - - [18/Aug/2013:20:49:24 -0400] "GET /images/696_071.JPG HTTP/1.1" 200 82089 "http://www.bogenriefstudios.com/bogenriefgallery/stainedglasswindows.html" "Mozilla/5.0 (Linux; U; en-us; KFJWA Build/IMM76D) AppleWebKit/535.19 (KHTML, like Gecko) Silk/3.4 Safari/535.19 Silk-Accelerated=true"
74.47.204.240 - - [18/Aug/2013:20:49:38 -0400] "GET /images/347_Bevel_Window3.jpg HTTP/1.1" 200 102292 "http://www.bogenriefstudios.com/bogenriefgallery/stainedglasswindows.html" "Mozilla/5.0 (Linux; U; en-us; KFJWA Build/IMM76D) AppleWebKit/535.19 (KHTML, like Gecko) Silk/3.4 Safari/535.19 Silk-Accelerated=true"
60.231.177.249 - - [18/Aug/2013:21:54:22 -0400] "GET /images/682_Daydream_001.jpg HTTP/1.1" 200 215855 "-" "Mozilla/5.0 (compatible; MSIE 10.0; Windows NT 6.1; WOW64; Trident/6.0)"
70.215.2.1 - - [18/Aug/2013:22:52:54 -0400] "GET /images/300_window_dolphins.JPG HTTP/1.1" 200 33249 "http://www.google.com/search?hl=en&biw=1024&bih=672&site=webhp&tbm=isch&sa=1&ei=OIcRUsKAAebA2gXOiIH4Dg&q=dolphin+stained+glass+window&oq=dolphin+stained+glass&gs_l=img.1.2.0l3j0i24.62435.91080.0.96515.42.29.0.1.1.5.4869.32480.2j2j5j3j0j2j3j5j2j4.28.0....0...1c.1.25.img..33.9.2000.u11eURT42MI" "Mozilla/5.0 (iPad; CPU OS 6_1 like Mac OS X) AppleWebKit/536.26 (KHTML, like Gecko) Version/6.0 Mobile/10B141 Safari/8536.25"
115.87.210.115 - - [18/Aug/2013:01:18:00 -0400] "GET /images/314_Lauritzen_Gardens_42_.jpg HTTP/1.1" 200 31524 "-" "Mozilla/5.0 (Macintosh; Intel Mac OS X 10_7_5) AppleWebKit/537.36 (KHTML, like Gecko) Chrome/28.0.1500.95 Safari/537.36"
199.58.86.209 - - [18/Aug/2013:01:48:48 -0400] "GET / HTTP/1.0" 200 13883 "-" "Mozilla/5.0 (compatible; MJ12bot/v1.4.3; http://www.majestic12.co.uk/bot.php?+)"
70.198.1.222 - - [18/Aug/2013:17:03:00 -0400] "GET /home.html HTTP/1.1" 200 27081 "https://www.google.com/" "Mozilla/5.0 (iPhone; CPU iPhone OS 6_1_4 like Mac OS X) AppleWebKit/536.26 (KHTML, like Gecko) Version/6.0 Mobile/10B350 Safari/8536.25"
70.198.1.222 - - [18/Aug/2013:17:03:00 -0400] "GET /scripts/icwebsiteelement.css HTTP/1.1" 200 8132 "http://www.bogenriefstudios.com/home.html" "Mozilla/5.0 (iPhone; CPU iPhone OS 6_1_4 like Mac OS X) AppleWebKit/536.26 (KHTML, like Gecko) Version/6.0 Mobile/10B350 Safari/8536.25"
70.198.1.222 - - [18/Aug/2013:17:03:00 -0400] "GET /scripts/website.css HTTP/1.1" 200 1646 "http://www.bogenriefstudios.com/home.html" "Mozilla/5.0 (iPhone; CPU iPhone OS 6_1_4 like Mac OS X) AppleWebKit/536.26 (KHTML, like Gecko) Version/6.0 Mobile/10B350 Safari/8536.25"
70.198.1.222 - - [18/Aug/2013:17:03:03 -0400] "GET /images/314_Lauritzen_Gardens_42_.jpg HTTP/1.1" 200 31524 "http://www.bogenriefstudios.com/home.html" "Mozilla/5.0 (iPhone; CPU iPhone OS 6_1_4 like Mac OS X) AppleWebKit/536.26 (KHTML, like Gecko) Version/6.0 Mobile/10B350 Safari/8536.25"
70.198.1.222 - - [18/Aug/2013:17:03:03 -0400] "GET /images/ic_034_body_bg_wide.jpg HTTP/1.1" 200 90532 "http://www.bogenriefstudios.com/home.html" "Mozilla/5.0 (iPhone; CPU iPhone OS 6_1_4 like Mac OS X) AppleWebKit/536.26 (KHTML, like Gecko) Version/6.0 Mobile/10B350 Safari/8536.25"
70.198.1.222 - - [18/Aug/2013:17:03:04 -0400] "GET /scripts/print.css HTTP/1.1" 200 - "http://www.bogenriefstudios.com/home.html" "Mozilla/5.0 (iPhone; CPU iPhone OS 6_1_4 like Mac OS X) AppleWebKit/536.26 (KHTML, like Gecko) Version/6.0 Mobile/10B350 Safari/8536.25"
172.242.131.226 - - [18/Aug/2013:12:30:51 -0400] "GET /scripts/website.css HTTP/1.1" 200 1646 "http://www.bogenriefstudios.com/" "Mozilla/5.0 (Windows NT 6.0; WOW64) AppleWebKit/537.36 (KHTML, like Gecko) Chrome/28.0.1500.95 Safari/537.36"
172.242.131.226 - - [18/Aug/2013:12:30:51 -0400] "GET /images/198_052_2_.JPG HTTP/1.1" 200 7649 "http://www.bogenriefstudios.com/" "Mozilla/5.0 (Windows NT 6.0; WOW64) AppleWebKit/537.36 (KHTML, like Gecko) Chrome/28.0.1500.95 Safari/537.36"
172.242.131.226 - - [18/Aug/2013:12:30:51 -0400] "GET /favicon.ico HTTP/1.1" 404 575 "http://www.bogenriefstudios.com/" "Mozilla/5.0 (Windows NT 6.0; WOW64) AppleWebKit/537.36 (KHTML, like Gecko) Chrome/28.0.1500.95 Safari/537.36"
71.7.80.255 - - [18/Aug/2013:14:46:51 -0400] "GET /scripts/print.css HTTP/1.1" 200 - "http://www.bogenriefstudios.com/junglepaneldetails.html" "Mozilla/4.0 (compatible; MSIE 8.0; Windows NT 6.1; WOW64; Trident/4.0; SLCC2; .NET CLR 2.0.50727; .NET CLR 3.5.30729; .NET CLR 3.0.30729; Media Center PC 6.0)"
71.7.80.255 - - [18/Aug/2013:14:46:51 -0400] "GET /scripts/photoalbum.js HTTP/1.1" 200 62481 "http://www.bogenriefstudios.com/junglepaneldetails.html" "Mozilla/4.0 (compatible; MSIE 8.0; Windows NT 6.1; WOW64; Trident/4.0; SLCC2; .NET CLR 2.0.50727; .NET CLR 3.5.30729; .NET CLR 3.0.30729; Media Center PC 6.0)"
71.7.80.255 - - [18/Aug/2013:14:46:52 -0400] "GET /images/682_Detail_with_right_facing_parrot.jpg HTTP/1.1" 200 91003 "http://www.bogenriefstudios.com/junglepaneldetails.html" "Mozilla/4.0 (compatible; MSIE 8.0; Windows NT 6.1; WOW64; Trident/4.0; SLCC2; .NET CLR 2.0.50727; .NET CLR 3.5.30729; .NET CLR 3.0.30729; Media Center PC 6.0)"
5.63.151.189 - - [18/Aug/2013:14:53:50 -0400] "HEAD / HTTP/1.1" 200 - "-" "checks.panopta.com"
98.208.160.26 - - [18/Aug/2013:19:20:09 -0400] "GET /images/512_mjbhome%20int%20sm%20scale.jpg HTTP/1.1" 200 49869 "http://www.bogenriefstudios.com/projects.html" "Mozilla/5.0 (iPad; CPU OS 6_1_3 like Mac OS X) AppleWebKit/536.26 (KHTML, like Gecko) Version/6.0 Mobile/10B329 Safari/8536.25"
98.208.160.26 - - [18/Aug/2013:19:20:10 -0400] "GET /images/682_web_site_6-edited.jpg HTTP/1.1" 200 129961 "http://www.bogenriefstudios.com/projects.html" "Mozilla/5.0 (iPad; CPU OS 6_1_3 like Mac OS X) AppleWebKit/536.26 (KHTML, like Gecko) Version/6.0 Mobile/10B329 Safari/8536.25"
5.135.125.183 - - [18/Aug/2013:19:21:15 -0400] "GET /bogenriefgallery.html HTTP/1.1" 200 13883 "-" "Mozilla/5.0 (X11; U; Linux amd64; rv:5.0) Gecko/20100101 Firefox/5.0 (Debian)"
74.47.204.240 - - [18/Aug/2013:19:21:25 -0400] "GET /favicon.ico HTTP/1.1" 404 575 "-" "Mozilla/5.0 (Linux; U; en-us; KFJWA Build/IMM76D) AppleWebKit/535.19 (KHTML, like Gecko) Silk/3.4 Safari/535.19 Silk-Accelerated=true"
74.47.204.240 - - [18/Aug/2013:19:21:28 -0400] "GET /favicon.ico HTTP/1.1" 404 575 "-" "Mozilla/5.0 (Linux; U; en-us; KFJWA Build/IMM76D) AppleWebKit/535.19 (KHTML, like Gecko) Silk/3.4 Safari/535.19 Silk-Accelerated=true"
74.47.204.240 - - [18/Aug/2013:20:45:07 -0400] "GET /images/696_Lamp_flower.jpg HTTP/1.1" 200 52845 "http://www.bogenriefstudios.com/bogenriefgallery/lampshades.html" "Mozilla/5.0 (Linux; U; en-us; KFJWA Build/IMM76D) AppleWebKit/535.19 (KHTML, like Gecko) Silk/3.4 Safari/535.19 Silk-Accelerated=true"
5.63.151.189 - - [18/Aug/2013:07:05:54 -0400] "HEAD / HTTP/1.1" 200 - "-" "checks.panopta.com"
5.63.151.189 - - [18/Aug/2013:08:36:34 -0400] "HEAD / HTTP/1.1" 200 - "-" "checks.panopta.com"
72.18.44.197 - - [18/Aug/2013:23:45:12 -0400] "GET /scripts/ic_globals_published.js HTTP/1.1" 200 566 "http://www.bogenriefstudios.com/studios.html" "Mozilla/5.0 (iPad; U; CPU OS 3_2_1 like Mac OS X; en-us) AppleWebKit/531.21.10 (KHTML, like Gecko) Version/4.0.4 Mobile/7B405 Safari/531.21.10"
72.18.44.197 - - [18/Aug/2013:23:45:12 -0400] "GET /scripts/icwebsiteelement.css HTTP/1.1" 200 8132 "http://www.bogenriefstudios.com/studios.html" "Mozilla/5.0 (iPad; U; CPU OS 3_2_1 like Mac OS X; en-us) AppleWebKit/531.21.10 (KHTML, like Gecko) Version/4.0.4 Mobile/7B405 Safari/531.21.10"
88.204.49.62 - - [18/Aug/2013:12:11:28 -0400] "GET /images/682_elephant-completed.jpg HTTP/1.1" 200 260073 "http://blog.i.ua/community/2311/670358/" "Mozilla/5.0 (Windows NT 6.1) AppleWebKit/537.36 (KHTML, like Gecko) Chrome/28.0.1500.95 Safari/537.36"
150.70.172.200 - - [18/Aug/2013:14:39:38 -0400] "GET /junglepaneldetails.html HTTP/1.0" 200 12739 "-" "Mozilla/4.0 (compatible; MSIE 6.0; Windows NT 5.1)"
70.198.1.222 - - [18/Aug/2013:17:03:00 -0400] "GET /scripts/1custom.css HTTP/1.1" 200 2496 "http://www.bogenriefstudios.com/home.html" "Mozilla/5.0 (iPhone; CPU iPhone OS 6_1_4 like Mac OS X) AppleWebKit/536.26 (KHTML, like Gecko) Version/6.0 Mobile/10B350 Safari/8536.25"
74.47.204.240 - - [18/Aug/2013:20:42:17 -0400] "GET /scripts/print.css HTTP/1.1" 200 - "http://www.bogenriefstudios.com/bogenriefgallery.html" "Mozilla/5.0 (Linux; U; en-us; KFJWA Build/IMM76D) AppleWebKit/535.19 (KHTML, like Gecko) Silk/3.4 Safari/535.19 Silk-Accelerated=true"
74.47.204.240 - - [18/Aug/2013:20:42:18 -0400] "GET /favicon.ico HTTP/1.1" 404 575 "-" "Mozilla/5.0 (Linux; U; en-us; KFJWA Build/IMM76D) AppleWebKit/535.19 (KHTML, like Gecko) Silk/3.4 Safari/535.19 Silk-Accelerated=true"
199.30.80.110 - - [18/Aug/2013:22:25:48 -0400] "GET /scripts/website.css HTTP/1.1" 200 1646 "http://www.bogenriefstudios.com/" "Mozilla/5.0 (X11; U; Linux x86_64; en-US; rv:1.9.2.24) Gecko/20111107 Ubuntu/10.04 (lucid) Firefox/3.6.24"
199.30.80.110 - - [18/Aug/2013:22:25:48 -0400] "GET /images/205_025.JPG HTTP/1.1" 200 16394 "http://www.bogenriefstudios.com/" "Mozilla/5.0 (X11; U; Linux x86_64; en-US; rv:1.9.2.24) Gecko/20111107 Ubuntu/10.04 (lucid) Firefox/3.6.24"
199.30.80.110 - - [18/Aug/2013:22:25:48 -0400] "GET /images/198_023.JPG HTTP/1.1" 200 9799 "http://www.bogenriefstudios.com/" "Mozilla/5.0 (X11; U; Linux x86_64; en-US; rv:1.9.2.24) Gecko/20111107 Ubuntu/10.04 (lucid) Firefox/3.6.24"
199.30.80.110 - - [18/Aug/2013:22:25:49 -0400] "GET /images/68.jpg HTTP/1.1" 200 11436 "http://www.bogenriefstudios.com/scripts/website.css" "Mozilla/5.0 (X11; U; Linux x86_64; en-US; rv:1.9.2.24) Gecko/20111107 Ubuntu/10.04 (lucid) Firefox/3.6.24"
72.18.44.197 - - [18/Aug/2013:23:45:12 -0400] "GET /scripts/website.css HTTP/1.1" 200 1646 "http://www.bogenriefstudios.com/studios.html" "Mozilla/5.0 (iPad; U; CPU OS 3_2_1 like Mac OS X; en-us) AppleWebKit/531.21.10 (KHTML, like Gecko) Version/4.0.4 Mobile/7B405 Safari/531.21.10"
72.18.44.197 - - [18/Aug/2013:23:45:16 -0400] "GET /images/ic_034_body_bg_wide.jpg HTTP/1.1" 200 90532 "http://www.bogenriefstudios.com/studios.html" "Mozilla/5.0 (iPad; U; CPU OS 3_2_1 like Mac OS X; en-us) AppleWebKit/531.21.10 (KHTML, like Gecko) Version/4.0.4 Mobile/7B405 Safari/531.21.10"
69.179.4.249 - - [18/Aug/2013:10:12:51 -0400] "GET /scripts/website.css HTTP/1.1" 200 1646 "http://www.bogenriefstudios.com/" "Mozilla/5.0 (compatible; MSIE 9.0; Windows NT 6.0; Trident/5.0)"
69.179.4.249 - - [18/Aug/2013:10:12:52 -0400] "GET /images/198_door_019.JPG HTTP/1.1" 200 8796 "http://www.bogenriefstudios.com/" "Mozilla/5.0 (compatible; MSIE 9.0; Windows NT 6.0; Trident/5.0)"
157.55.34.74 - - [18/Aug/2013:11:37:46 -0400] "GET /robots.txt HTTP/1.1" 200 25 "-" "Mozilla/5.0 (compatible; bingbot/2.0; +http://www.bing.com/bingbot.htm)"
66.87.19.120 - - [18/Aug/2013:11:48:13 -0400] "GET /images/314_Lauritzen_Gardens_33_-_modified.jpg HTTP/1.1" 200 44364 "-" "Mozilla/5.0 (Linux; U; Android 4.1.2; en-us; SPH-L710 Build/JZO54K) AppleWebKit/534.30 (KHTML, like Gecko) Version/4.0 Mobile Safari/534.30"
218.23.226.35 - - [18/Aug/2013:05:40:08 -0400] "GET /onlinestore.html HTTP/1.1" 200 202 "-" "Mozilla/4.0 (compatible; MSIE 6.0; Windows NT 5.1; .NET CLR 2.0.50727; .NET CLR 3.0.4506.2152; .NET CLR 3.5.30729)"
5.63.151.189 - - [18/Aug/2013:08:51:36 -0400] "HEAD / HTTP/1.1" 200 - "-" "checks.panopta.com"
119.240.212.179 - - [18/Aug/2013:08:31:41 -0400] "GET /images/682_Ceiling_-_Lauritzen_Gardens_030_-_cropped.jpg HTTP/1.1" 200 124325 "http://www.google.co.jp/blank.html" "Mozilla/5.0 (compatible; MSIE 10.0; Windows NT 6.1; WOW64; Trident/6.0; BOIE9;JAJP)"
5.63.151.189 - - [18/Aug/2013:12:37:49 -0400] "HEAD / HTTP/1.1" 200 - "-" "checks.panopta.com"
218.23.226.35 - - [18/Aug/2013:13:45:11 -0400] "GET /bogenriefgallery/chandeliers.html HTTP/1.1" 200 16845 "-" "Mozilla/4.0 (compatible; MSIE 6.0; Windows NT 5.1; .NET CLR 2.0.50727; .NET CLR 3.0.4506.2152; .NET CLR 3.5.30729)"
70.197.196.69 - - [18/Aug/2013:00:46:46 -0400] "GET /images/682_Daydream_001.jpg HTTP/1.1" 200 215855 "https://www.google.com/" "Mozilla/5.0 (iPhone; CPU iPhone OS 6_1_4 like Mac OS X) AppleWebKit/536.26 (KHTML, like Gecko) Version/6.0 Mobile/10B350 Safari/8536.25"
184.148.63.144 - - [18/Aug/2013:01:39:49 -0400] "GET /scripts/photoalbum.js HTTP/1.1" 200 62481 "http://www.bogenriefstudios.com/projects.html" "Mozilla/4.0 (compatible; MSIE 8.0; Windows NT 6.0; Trident/4.0; GTB7.5; SLCC1; .NET CLR 2.0.50727; Media Center PC 5.0; .NET CLR 3.5.30729; .NET CLR 3.0.30618; OfficeLiveConnector.1.3; OfficeLivePatch.0.0; BRI/2)"
184.148.63.144 - - [18/Aug/2013:01:39:49 -0400] "GET /images/404_12x12%20sm%20scale.jpg HTTP/1.1" 200 64273 "http://www.bogenriefstudios.com/projects.html" "Mozilla/4.0 (compatible; MSIE 8.0; Windows NT 6.0; Trident/4.0; GTB7.5; SLCC1; .NET CLR 2.0.50727; Media Center PC 5.0; .NET CLR 3.5.30729; .NET CLR 3.0.30618; OfficeLiveConnector.1.3; OfficeLivePatch.0.0; BRI/2)"
184.148.63.144 - - [18/Aug/2013:01:39:51 -0400] "GET /images/682_web_site_1-edited.jpg HTTP/1.1" 200 106170 "http://www.bogenriefstudios.com/projects.html" "Mozilla/4.0 (compatible; MSIE 8.0; Windows NT 6.0; Trident/4.0; GTB7.5; SLCC1; .NET CLR 2.0.50727; Media Center PC 5.0; .NET CLR 3.5.30729; .NET CLR 3.0.30618; OfficeLiveConnector.1.3; OfficeLivePatch.0.0; BRI/2)"
184.148.63.144 - - [18/Aug/2013:01:39:53 -0400] "GET /favicon.ico HTTP/1.1" 404 575 "-" "Mozilla/4.0 (compatible; MSIE 8.0; Windows NT 6.0; Trident/4.0; GTB7.5; SLCC1; .NET CLR 2.0.50727; Media Center PC 5.0; .NET CLR 3.5.30729; .NET CLR 3.0.30618; OfficeLiveConnector.1.3; OfficeLivePatch.0.0; BRI/2)"
199.21.99.79 - - [18/Aug/2013:02:57:34 -0400] "GET /images/302_DSC_0147.JPG HTTP/1.1" 304 - "-" "Mozilla/5.0 (compatible; YandexImages/3.0; +http://yandex.com/bots)"
37.139.52.23 - - [18/Aug/2013:15:35:24 -0400] "GET /home.html HTTP/1.1" 200 27081 "http://peugeot2.mybb.ru/" "Mozilla/4.0 (compatible; MSIE 6.0; Windows ME) Opera 7.11 [en]"
178.151.69.24 - - [18/Aug/2013:17:37:37 -0400] "GET /images/359_Dome_-_hangers_004.jpg HTTP/1.1" 200 34412 "http://www.bogenriefstudios.com/bogenriefgallery/ceilingsdomes.html" "Opera/9.80 (Windows NT 6.1) Presto/2.12.388 Version/12.16"
74.47.204.240 - - [18/Aug/2013:20:49:35 -0400] "GET /images/325_window_waterfall.JPG HTTP/1.1" 200 69321 "http://www.bogenriefstudios.com/bogenriefgallery/stainedglasswindows.html" "Mozilla/5.0 (Linux; U; en-us; KFJWA Build/IMM76D) AppleWebKit/535.19 (KHTML, like Gecko) Silk/3.4 Safari/535.19 Silk-Accelerated=true"
74.47.204.240 - - [18/Aug/2013:20:49:36 -0400] "GET /images/521_butterfly_window_-_mary_kay_peck_006.jpg HTTP/1.1" 200 60104 "http://www.bogenriefstudios.com/bogenriefgallery/stainedglasswindows.html" "Mozilla/5.0 (Linux; U; en-us; KFJWA Build/IMM76D) AppleWebKit/535.19 (KHTML, like Gecko) Silk/3.4 Safari/535.19 Silk-Accelerated=true"
74.47.204.240 - - [18/Aug/2013:20:49:38 -0400] "GET /images/108_Bevel_Window3.jpg HTTP/1.1" 200 12297 "http://www.bogenriefstudios.com/bogenriefgallery/stainedglasswindows.html" "Mozilla/5.0 (Linux; U; en-us; KFJWA Build/IMM76D) AppleWebKit/535.19 (KHTML, like Gecko) Silk/3.4 Safari/535.19 Silk-Accelerated=true"
74.47.204.240 - - [18/Aug/2013:20:49:39 -0400] "GET /images/265_P1010026.JPG HTTP/1.1" 200 55247 "http://www.bogenriefstudios.com/bogenriefgallery/stainedglasswindows.html" "Mozilla/5.0 (Linux; U; en-us; KFJWA Build/IMM76D) AppleWebKit/535.19 (KHTML, like Gecko) Silk/3.4 Safari/535.19 Silk-Accelerated=true"
65.55.24.234 - - [18/Aug/2013:22:59:39 -0400] "GET /robots.txt HTTP/1.1" 200 25 "-" "Mozilla/5.0 (compatible; bingbot/2.0; +http://www.bing.com/bingbot.htm)"
66.249.75.165 - - [18/Aug/2013:04:07:06 -0400] "GET /scripts/template.css HTTP/1.1" 200 9956 "http://www.bogenriefstudios.com/history.html" "Mozilla/5.0 (compatible; Googlebot/2.1; +http://www.google.com/bot.html)"
199.30.80.110 - - [18/Aug/2013:22:25:48 -0400] "GET /scripts/13custom.css HTTP/1.1" 200 2827 "http://www.bogenriefstudios.com/" "Mozilla/5.0 (X11; U; Linux x86_64; en-US; rv:1.9.2.24) Gecko/20111107 Ubuntu/10.04 (lucid) Firefox/3.6.24"
199.30.80.110 - - [18/Aug/2013:22:25:48 -0400] "GET /images/321_David_s_dome_002.JPG HTTP/1.1" 200 23041 "http://www.bogenriefstudios.com/" "Mozilla/5.0 (X11; U; Linux x86_64; en-US; rv:1.9.2.24) Gecko/20111107 Ubuntu/10.04 (lucid) Firefox/3.6.24"
65.55.24.234 - - [18/Aug/2013:06:02:45 -0400] "GET /robots.txt HTTP/1.1" 200 25 "-" "Mozilla/5.0 (compatible; bingbot/2.0; +http://www.bing.com/bingbot.htm)"
117.205.47.67 - - [18/Aug/2013:07:05:41 -0400] "GET /images/682_Ceiling_-_Lauritzen_Gardens_030_-_cropped.jpg HTTP/1.1" 200 124325 "-" "Mozilla/5.0 (Windows NT 6.1) AppleWebKit/537.36 (KHTML, like Gecko) Chrome/28.0.1500.95 Safari/537.36"
5.63.151.189 - - [18/Aug/2013:07:35:57 -0400] "HEAD / HTTP/1.1" 200 - "-" "checks.panopta.com"
199.58.86.209 - - [18/Aug/2013:01:48:47 -0400] "GET /robots.txt HTTP/1.0" 200 25 "-" "Mozilla/5.0 (compatible; MJ12bot/v1.4.3; http://www.majestic12.co.uk/bot.php?+)"
5.63.151.189 - - [18/Aug/2013:10:52:18 -0400] "HEAD / HTTP/1.1" 200 - "-" "checks.panopta.com"
66.98.45.188 - - [18/Aug/2013:17:01:00 -0400] "GET /images/682_Daydream_001.jpg HTTP/1.1" 200 215855 "-" "Mozilla/5.0 (Macintosh; Intel Mac OS X 10_7_5) AppleWebKit/537.36 (KHTML, like Gecko) Chrome/29.0.1547.55 Safari/537.36"
70.198.1.222 - - [18/Aug/2013:17:03:03 -0400] "GET /scripts/user.js HTTP/1.1" 200 23762 "http://www.bogenriefstudios.com/home.html" "Mozilla/5.0 (iPhone; CPU iPhone OS 6_1_4 like Mac OS X) AppleWebKit/536.26 (KHTML, like Gecko) Version/6.0 Mobile/10B350 Safari/8536.25"
70.198.1.222 - - [18/Aug/2013:17:03:03 -0400] "GET /images/622_David_Siegel_s_Dome.jpg HTTP/1.1" 200 106576 "http://www.bogenriefstudios.com/home.html" "Mozilla/5.0 (iPhone; CPU iPhone OS 6_1_4 like Mac OS X) AppleWebKit/536.26 (KHTML, like Gecko) Version/6.0 Mobile/10B350 Safari/8536.25"
91.207.9.226 - - [18/Aug/2013:17:06:45 -0400] "GET /home.html HTTP/1.1" 200 27081 "http://internet-exe.com/" "Mozilla/4.0 (compatible; MSIE 6.0; MSIE 5.5; Windows NT 5.0) Opera 7.02 Bork-edition [en]"
178.151.69.24 - - [18/Aug/2013:17:25:22 -0400] "GET /images/198_JDome2.jpg HTTP/1.1" 200 18865 "http://www.bogenriefstudios.com/bogenriefgallery/ceilingsdomes.html" "Opera/9.80 (Windows NT 6.1) Presto/2.12.388 Version/12.16"
178.151.69.24 - - [18/Aug/2013:17:25:22 -0400] "GET /images/150_34.jpg HTTP/1.1" 200 9772 "http://www.bogenriefstudios.com/bogenriefgallery/ceilingsdomes.html" "Opera/9.80 (Windows NT 6.1) Presto/2.12.388 Version/12.16"
75.176.12.239 - - [18/Aug/2013:17:53:29 -0400] "GET /images/682_Fl._trip_install_033.JPG HTTP/1.1" 200 227371 "https://www.google.com/" "Mozilla/5.0 (iPhone; CPU iPhone OS 6_1_4 like Mac OS X) AppleWebKit/536.26 (KHTML, like Gecko) Version/6.0 Mobile/10B350 Safari/8536.25"
65.55.215.38 - - [18/Aug/2013:18:33:49 -0400] "GET /robots.txt HTTP/1.1" 200 25 "-" "msnbot-media/1.1 (+http://search.msn.com/msnbot.htm)"
74.47.204.240 - - [18/Aug/2013:20:49:14 -0400] "GET /images/386_SF_grapes_006.JPG HTTP/1.1" 200 61665 "http://www.bogenriefstudios.com/bogenriefgallery/stainedglasswindows.html" "Mozilla/5.0 (Linux; U; en-us; KFJWA Build/IMM76D) AppleWebKit/535.19 (KHTML, like Gecko) Silk/3.4 Safari/535.19 Silk-Accelerated=true"
74.47.204.240 - - [18/Aug/2013:20:49:17 -0400] "GET /images/479_window_dolphins.JPG HTTP/1.1" 200 68855 "http://www.bogenriefstudios.com/bogenriefgallery/stainedglasswindows.html" "Mozilla/5.0 (Linux; U; en-us; KFJWA Build/IMM76D) AppleWebKit/535.19 (KHTML, like Gecko) Silk/3.4 Safari/535.19 Silk-Accelerated=true"
74.47.204.240 - - [18/Aug/2013:20:49:19 -0400] "GET /images/218_DSC_0100.JPG HTTP/1.1" 200 6754 "http://www.bogenriefstudios.com/bogenriefgallery/stainedglasswindows.html" "Mozilla/5.0 (Linux; U; en-us; KFJWA Build/IMM76D) AppleWebKit/535.19 (KHTML, like Gecko) Silk/3.4 Safari/535.19 Silk-Accelerated=true"
74.47.204.240 - - [18/Aug/2013:20:49:19 -0400] "GET /images/480_DSC_0100.JPG HTTP/1.1" 200 30362 "http://www.bogenriefstudios.com/bogenriefgallery/stainedglasswindows.html" "Mozilla/5.0 (Linux; U; en-us; KFJWA Build/IMM76D) AppleWebKit/535.19 (KHTML, like Gecko) Silk/3.4 Safari/535.19 Silk-Accelerated=true"
74.47.204.240 - - [18/Aug/2013:20:49:20 -0400] "GET /images/218_window_circles.JPG HTTP/1.1" 200 7349 "http://www.bogenriefstudios.com/bogenriefgallery/stainedglasswindows.html" "Mozilla/5.0 (Linux; U; en-us; KFJWA Build/IMM76D) AppleWebKit/535.19 (KHTML, like Gecko) Silk/3.4 Safari/535.19 Silk-Accelerated=true"
74.47.204.240 - - [18/Aug/2013:20:49:21 -0400] "GET /images/480_Omaha_show_011.JPG HTTP/1.1" 200 38785 "http://www.bogenriefstudios.com/bogenriefgallery/stainedglasswindows.html" "Mozilla/5.0 (Linux; U; en-us; KFJWA Build/IMM76D) AppleWebKit/535.19 (KHTML, like Gecko) Silk/3.4 Safari/535.19 Silk-Accelerated=true"
68.174.227.16 - - [18/Aug/2013:13:39:52 -0400] "GET /images/682_Detail_with_left_facing_parrot.JPG HTTP/1.1" 200 110874 "http://www.google.com/search?q=stained+glass+parrot+patterns&client=safari&hl=en&tbm=isch&tbo=u&source=univ&sa=X&ei=bAMRUv_kJuioyAHExIAw&ved=0CDEQsAQ&biw=1024&bih=672&sei=cwMRUrqBDcPmyQH0kYBI#biv=i%7C208%3Bd%7CcTwFpoyB2DIhKM%3A" "Mozilla/5.0 (iPad; CPU OS 5_1_1 like Mac OS X) AppleWebKit/534.46 (KHTML, like Gecko) Version/5.1 Mobile/9B206 Safari/7534.48.3"
218.23.226.35 - - [18/Aug/2013:13:45:10 -0400] "GET /bogenriefgallery/ceilingsdomes.html HTTP/1.1" 200 17476 "-" "Mozilla/4.0 (compatible; MSIE 6.0; Windows NT 5.1; .NET CLR 2.0.50727; .NET CLR 3.0.4506.2152; .NET CLR 3.5.30729)"
108.226.195.8 - - [18/Aug/2013:00:17:24 -0400] "GET /images/404_12x12%20sm%20scale.jpg HTTP/1.1" 200 64273 "-" "rarely used"
178.124.112.117 - - [18/Aug/2013:11:57:19 -0400] "GET /availableforpurchase.html HTTP/1.1" 200 22554 "http://pinterest.com/pin/319685273519915996/" "Mozilla/5.0 (Windows NT 6.1) AppleWebKit/537.36 (KHTML, like Gecko) Chrome/28.0.1500.95 Safari/537.36"
178.124.112.117 - - [18/Aug/2013:11:57:20 -0400] "GET /scripts/photoalbum.js HTTP/1.1" 200 62481 "http://www.bogenriefstudios.com/availableforpurchase.html" "Mozilla/5.0 (Windows NT 6.1) AppleWebKit/537.36 (KHTML, like Gecko) Chrome/28.0.1500.95 Safari/537.36"
178.124.112.117 - - [18/Aug/2013:11:57:20 -0400] "GET /images/629_Four_Seasons_-_Summer_001.jpg HTTP/1.1" 200 258482 "http://www.bogenriefstudios.com/availableforpurchase.html" "Mozilla/5.0 (Windows NT 6.1) AppleWebKit/537.36 (KHTML, like Gecko) Chrome/28.0.1500.95 Safari/537.36"
157.55.32.186 - - [18/Aug/2013:06:45:18 -0400] "GET /junglepaneldetails.html HTTP/1.1" 200 12739 "-" "Mozilla/5.0 (compatible; bingbot/2.0; +http://www.bing.com/bingbot.htm)"
172.242.131.226 - - [18/Aug/2013:12:30:52 -0400] "GET /images/68.jpg HTTP/1.1" 200 11436 "http://www.bogenriefstudios.com/" "Mozilla/5.0 (Windows NT 6.0; WOW64) AppleWebKit/537.36 (KHTML, like Gecko) Chrome/28.0.1500.95 Safari/537.36"
198.50.152.105 - - [18/Aug/2013:13:08:53 -0400] "GET / HTTP/1.1" 200 13883 "http://www.bogenriefstudios.com/" "Mozilla/4.0 (compatible; MSIE 6.0; Windows NT 5.1; SV1)"
93.34.161.183 - - [18/Aug/2013:05:29:43 -0400] "GET /images/682_Daydream_001.jpg HTTP/1.1" 200 215855 "http://www.google.it/" "Mozilla/5.0 (iPad; CPU OS 6_1_3 like Mac OS X) AppleWebKit/536.26 (KHTML, like Gecko) Version/6.0 Mobile/10B329 Safari/8536.25"
195.182.194.111 - - [18/Aug/2013:05:44:37 -0400] "GET /images/682_Flower_Series.jpg HTTP/1.1" 200 102670 "http://www.liveinternet.ru/users/migda/post152674608" "Mozilla/4.0 (compatible; MSIE 7.0; Windows NT 5.1; MRA 8.0 (build 6017); .NET CLR 2.0.50727; InfoPath.1; .NET CLR 3.0.4506.2152; .NET CLR 3.5.30729; WebMoney Advisor; .NET4.0C; .NET4.0E)"
195.182.194.111 - - [18/Aug/2013:05:44:39 -0400] "GET /images/314_Lauritzen_Gardens_33_-_modified.jpg HTTP/1.1" 200 44364 "http://www.liveinternet.ru/users/migda/post152674608" "Mozilla/4.0 (compatible; MSIE 7.0; Windows NT 5.1; MRA 8.0 (build 6017); .NET CLR 2.0.50727; InfoPath.1; .NET CLR 3.0.4506.2152; .NET CLR 3.5.30729; WebMoney Advisor; .NET4.0C; .NET4.0E)"
