24.7.76.241 - - [20/Jun/2014:13:30:11 -0400] "GET /images/218_atlanta_dome_3.JPG HTTP/1.1" 200 13654 "http://www.bogenriefstudios.com/bogenriefgallery/ceilingsdomes.html" "Mozilla/5.0 (Windows NT 6.1) AppleWebKit/537.36 (KHTML, like Gecko) Chrome/35.0.1916.153 Safari/537.36"
24.7.76.241 - - [20/Jun/2014:13:30:11 -0400] "GET /images/216_atlanta_dome_1.JPG HTTP/1.1" 200 22209 "http://www.bogenriefstudios.com/bogenriefgallery/ceilingsdomes.html" "Mozilla/5.0 (Windows NT 6.1) AppleWebKit/537.36 (KHTML, like Gecko) Chrome/35.0.1916.153 Safari/537.36"
24.7.76.241 - - [20/Jun/2014:13:30:11 -0400] "GET /images/218_Dome10.jpg HTTP/1.1" 200 10522 "http://www.bogenriefstudios.com/bogenriefgallery/ceilingsdomes.html" "Mozilla/5.0 (Windows NT 6.1) AppleWebKit/537.36 (KHTML, like Gecko) Chrome/35.0.1916.153 Safari/537.36"
24.7.76.241 - - [20/Jun/2014:13:30:11 -0400] "GET /images/163_Dome_-_hangers_004.jpg HTTP/1.1" 200 10160 "http://www.bogenriefstudios.com/bogenriefgallery/ceilingsdomes.html" "Mozilla/5.0 (Windows NT 6.1) AppleWebKit/537.36 (KHTML, like Gecko) Chrome/35.0.1916.153 Safari/537.36"
24.7.76.241 - - [20/Jun/2014:13:30:11 -0400] "GET /images/218_SUTH0088.jpg HTTP/1.1" 200 10170 "http://www.bogenriefstudios.com/bogenriefgallery/ceilingsdomes.html" "Mozilla/5.0 (Windows NT 6.1) AppleWebKit/537.36 (KHTML, like Gecko) Chrome/35.0.1916.153 Safari/537.36"
24.7.76.241 - - [20/Jun/2014:13:30:11 -0400] "GET /images/150_126.jpg HTTP/1.1" 200 8267 "http://www.bogenriefstudios.com/bogenriefgallery/ceilingsdomes.html" "Mozilla/5.0 (Windows NT 6.1) AppleWebKit/537.36 (KHTML, like Gecko) Chrome/35.0.1916.153 Safari/537.36"
24.7.76.241 - - [20/Jun/2014:13:30:11 -0400] "GET /images/480_David_Siegel_s_Dome.jpg HTTP/1.1" 200 69275 "http://www.bogenriefstudios.com/bogenriefgallery/ceilingsdomes.html" "Mozilla/5.0 (Windows NT 6.1) AppleWebKit/537.36 (KHTML, like Gecko) Chrome/35.0.1916.153 Safari/537.36"
24.7.76.241 - - [20/Jun/2014:13:30:11 -0400] "GET /images/218_Ceiling_-_Lauritzen_Gardens_030_-_cropped.jpg HTTP/1.1" 200 13271 "http://www.bogenriefstudios.com/bogenriefgallery/ceilingsdomes.html" "Mozilla/5.0 (Windows NT 6.1) AppleWebKit/537.36 (KHTML, like Gecko) Chrome/35.0.1916.153 Safari/537.36"
24.7.76.241 - - [20/Jun/2014:13:30:11 -0400] "GET /images/321_DSC_0238.JPG HTTP/1.1" 200 42349 "http://www.bogenriefstudios.com/bogenriefgallery/ceilingsdomes.html" "Mozilla/5.0 (Windows NT 6.1) AppleWebKit/537.36 (KHTML, like Gecko) Chrome/35.0.1916.153 Safari/537.36"
24.7.76.241 - - [20/Jun/2014:13:30:11 -0400] "GET /images/477_atlanta_dome_1.JPG HTTP/1.1" 200 84655 "http://www.bogenriefstudios.com/bogenriefgallery/ceilingsdomes.html" "Mozilla/5.0 (Windows NT 6.1) AppleWebKit/537.36 (KHTML, like Gecko) Chrome/35.0.1916.153 Safari/537.36"
24.7.76.241 - - [20/Jun/2014:13:30:11 -0400] "GET /images/480_008.JPG HTTP/1.1" 200 66085 "http://www.bogenriefstudios.com/bogenriefgallery/ceilingsdomes.html" "Mozilla/5.0 (Windows NT 6.1) AppleWebKit/537.36 (KHTML, like Gecko) Chrome/35.0.1916.153 Safari/537.36"
24.7.76.241 - - [20/Jun/2014:13:30:11 -0400] "GET /images/480_ceilings_4_.jpg HTTP/1.1" 200 46528 "http://www.bogenriefstudios.com/bogenriefgallery/ceilingsdomes.html" "Mozilla/5.0 (Windows NT 6.1) AppleWebKit/537.36 (KHTML, like Gecko) Chrome/35.0.1916.153 Safari/537.36"
24.7.76.241 - - [20/Jun/2014:13:30:12 -0400] "GET /images/480_Dome8.jpg HTTP/1.1" 200 39575 "http://www.bogenriefstudios.com/bogenriefgallery/ceilingsdomes.html" "Mozilla/5.0 (Windows NT 6.1) AppleWebKit/537.36 (KHTML, like Gecko) Chrome/35.0.1916.153 Safari/537.36"
24.7.76.241 - - [20/Jun/2014:13:30:12 -0400] "GET /images/480_Dome9.jpg HTTP/1.1" 200 43905 "http://www.bogenriefstudios.com/bogenriefgallery/ceilingsdomes.html" "Mozilla/5.0 (Windows NT 6.1) AppleWebKit/537.36 (KHTML, like Gecko) Chrome/35.0.1916.153 Safari/537.36"
196.217.239.149 - - [20/Jun/2014:13:34:19 -0400] "GET /scripts/9custom.css HTTP/1.1" 200 6544 "http://www.bogenriefstudios.com/domesandceilings.html" "Mozilla/5.0 (Windows NT 6.1) AppleWebKit/537.36 (KHTML, like Gecko) Chrome/35.0.1916.153 Safari/537.36"
196.217.239.149 - - [20/Jun/2014:13:34:20 -0400] "GET /images/100_ceilings_4_.jpg HTTP/1.1" 200 4351 "http://www.bogenriefstudios.com/domesandceilings.html" "Mozilla/5.0 (Windows NT 6.1) AppleWebKit/537.36 (KHTML, like Gecko) Chrome/35.0.1916.153 Safari/537.36"
196.217.239.149 - - [20/Jun/2014:13:34:21 -0400] "GET /images/100_Dome10.jpg HTTP/1.1" 200 3586 "http://www.bogenriefstudios.com/domesandceilings.html" "Mozilla/5.0 (Windows NT 6.1) AppleWebKit/537.36 (KHTML, like Gecko) Chrome/35.0.1916.153 Safari/537.36"
196.217.239.149 - - [20/Jun/2014:13:35:07 -0400] "GET /images/600_other_310.jpg HTTP/1.1" 200 72218 "http://www.bogenriefstudios.com/domesandceilings.html" "Mozilla/5.0 (Windows NT 6.1) AppleWebKit/537.36 (KHTML, like Gecko) Chrome/35.0.1916.153 Safari/537.36"
92.249.127.111 - - [20/Jun/2014:17:48:23 -0400] "GET / HTTP/1.1" 200 13883 "http://chimiver.info/" "Mozilla/4.0 (compatible; MSIE 6.0; Windows NT 5.0; .NET CLR 1.0.3705; .NET CLR 1.1.4322)"
208.115.113.89 - - [20/Jun/2014:20:30:50 -0400] "GET /studios.html HTTP/1.1" 200 30400 "-" "Mozilla/5.0 (compatible; DotBot/1.1; http://www.opensiteexplorer.org/dotbot, help@moz.com)"
173.28.250.111 - - [20/Jun/2014:21:23:15 -0400] "GET /images/Combo_Windows_72_.jpg HTTP/1.1" 200 556908 "http://www.bogenriefstudios.com/pricing.html" "Mozilla/5.0 (Windows NT 6.1; WOW64; Trident/7.0; rv:11.0) like Gecko"
84.117.8.246 - - [20/Jun/2014:08:24:04 -0400] "GET /onlinestore.html HTTP/1.1" 200 202 "http://www.bogenriefstudios.com/bogenriefgallery/chandeliers.html" "Mozilla/4.0 (compatible; MSIE 8.0; Windows NT 5.1; Trident/4.0; InfoPath.2; .NET CLR 1.1.4322; .NET CLR 2.0.50727; .NET CLR 3.0.4506.2152; .NET CLR 3.5.30729; .NET4.0C; .NET4.0E)"
66.249.67.232 - - [20/Jun/2014:09:29:05 -0400] "GET /images/480_John_Gray_Ceiling.JPG HTTP/1.1" 200 50702 "-" "Googlebot-Image/1.0"
192.104.67.221 - - [20/Jun/2014:09:58:27 -0400] "GET /scripts/template.css HTTP/1.1" 200 9956 "http://www.bogenriefstudios.com/studios.html" "Mozilla/4.0 (compatible; MSIE 8.0; Windows NT 6.1; WOW64; Trident/4.0; SLCC2; .NET CLR 2.0.50727; .NET CLR 3.5.30729; .NET CLR 3.0.30729; Media Center PC 6.0; InfoPath.3; .NET4.0C; .NET4.0E)"
65.55.215.66 - - [20/Jun/2014:10:44:58 -0400] "GET /images/404_12x12%20sm%20scale.jpg HTTP/1.1" 200 64273 "-" "msnbot-media/1.1 (+http://search.msn.com/msnbot.htm)"
97.125.168.8 - - [20/Jun/2014:04:00:48 -0400] "GET /images/188_ruffle_bowl.jpg HTTP/1.1" 200 7229 "http://www.bogenriefstudios.com/studios.html" "Mozilla/5.0 (Linux; U; Android 4.0.3; en-us; A100 Build/IML74K) AppleWebKit/534.30 (KHTML, like Gecko) Version/4.0 Safari/534.30"
199.30.20.6 - - [20/Jun/2014:04:03:12 -0400] "GET /images/682_Printed_20_.jpg HTTP/1.1" 200 124934 "-" "msnbot-media/1.1 (+http://search.msn.com/msnbot.htm)"
196.217.239.149 - - [20/Jun/2014:13:34:26 -0400] "GET /images/ic_034_body_bg_wide.jpg HTTP/1.1" 200 90532 "http://www.bogenriefstudios.com/domesandceilings.html" "Mozilla/5.0 (Windows NT 6.1) AppleWebKit/537.36 (KHTML, like Gecko) Chrome/35.0.1916.153 Safari/537.36"
84.236.92.238 - - [20/Jun/2014:17:21:40 -0400] "GET /images/682_Daydream_001.jpg HTTP/1.1" 200 215855 "http://www.bing.com/images/search?q=Alphonse+Mucha&FORM=HDRSC2" "Mozilla/5.0 (compatible; MSIE 10.0; Windows NT 6.2; WOW64; Trident/6.0)"
68.39.152.96 - - [20/Jun/2014:18:50:28 -0400] "GET /images/682_blue_white_chandelier_-_installed-edited.jpg HTTP/1.1" 200 79065 "https://www.google.com/" "Mozilla/5.0 (iPad; CPU OS 7_1_1 like Mac OS X) AppleWebKit/537.51.2 (KHTML, like Gecko) Version/7.0 Mobile/11D201 Safari/9537.53"
124.171.73.12 - - [20/Jun/2014:21:54:31 -0400] "GET /favicon.ico HTTP/1.1" 404 575 "-" "Mozilla/5.0 (Windows NT 6.1; Win64; x64; Trident/7.0; rv:11.0) like Gecko"
66.249.83.165 - - [20/Jun/2014:23:52:57 -0400] "GET /studiolocations.html HTTP/1.1" 200 13348 "http://www.bogenriefstudios.com/facebooktwitter.html" "Mozilla/5.0 (Linux; Android 4.4.2; XT907 Build/KDA20.62-10) AppleWebKit/537.36 (KHTML, like Gecko) Chrome/35.0.1916.141 Mobile Safari/537.36"
66.249.83.165 - - [20/Jun/2014:23:52:57 -0400] "GET /scripts/5custom.css HTTP/1.1" 200 1820 "http://www.bogenriefstudios.com/studiolocations.html" "Mozilla/5.0 (Linux; Android 4.4.2; XT907 Build/KDA20.62-10) AppleWebKit/537.36 (KHTML, like Gecko) Chrome/35.0.1916.141 Mobile Safari/537.36"
84.117.8.246 - - [20/Jun/2014:08:18:10 -0400] "GET /scripts/website.css HTTP/1.1" 304 - "http://www.bogenriefstudios.com/bogenriefgallery/blownfusedglass.html" "Mozilla/4.0 (compatible; MSIE 8.0; Windows NT 5.1; Trident/4.0; InfoPath.2; .NET CLR 1.1.4322; .NET CLR 2.0.50727; .NET CLR 3.0.4506.2152; .NET CLR 3.5.30729; .NET4.0C; .NET4.0E)"
84.117.8.246 - - [20/Jun/2014:08:18:10 -0400] "GET /images/68.jpg HTTP/1.1" 304 - "http://www.bogenriefstudios.com/bogenriefgallery/blownfusedglass.html" "Mozilla/4.0 (compatible; MSIE 8.0; Windows NT 5.1; Trident/4.0; InfoPath.2; .NET CLR 1.1.4322; .NET CLR 2.0.50727; .NET CLR 3.0.4506.2152; .NET CLR 3.5.30729; .NET4.0C; .NET4.0E)"
84.117.8.246 - - [20/Jun/2014:08:18:10 -0400] "GET /bogenriefgallery/ HTTP/1.1" 403 660 "http://www.bogenriefstudios.com/bogenriefgallery/blownfusedglass.html" "Mozilla/4.0 (compatible; MSIE 8.0; Windows NT 5.1; Trident/4.0; InfoPath.2; .NET CLR 1.1.4322; .NET CLR 2.0.50727; .NET CLR 3.0.4506.2152; .NET CLR 3.5.30729; .NET4.0C; .NET4.0E)"
84.117.8.246 - - [20/Jun/2014:08:18:11 -0400] "GET /images/480_SUTH0056.JPG HTTP/1.1" 200 30334 "http://www.bogenriefstudios.com/bogenriefgallery/blownfusedglass.html" "Mozilla/4.0 (compatible; MSIE 8.0; Windows NT 5.1; Trident/4.0; InfoPath.2; .NET CLR 1.1.4322; .NET CLR 2.0.50727; .NET CLR 3.0.4506.2152; .NET CLR 3.5.30729; .NET4.0C; .NET4.0E)"
84.117.8.246 - - [20/Jun/2014:08:18:11 -0400] "GET /images/photoalbum/button_photoSpeed4.jpg HTTP/1.1" 200 506 "http://www.bogenriefstudios.com/bogenriefgallery/blownfusedglass.html" "Mozilla/4.0 (compatible; MSIE 8.0; Windows NT 5.1; Trident/4.0; InfoPath.2; .NET CLR 1.1.4322; .NET CLR 2.0.50727; .NET CLR 3.0.4506.2152; .NET CLR 3.5.30729; .NET4.0C; .NET4.0E)"
84.117.8.246 - - [20/Jun/2014:08:18:11 -0400] "GET /images/480_SPEN0024.JPG HTTP/1.1" 200 24614 "http://www.bogenriefstudios.com/bogenriefgallery/blownfusedglass.html" "Mozilla/4.0 (compatible; MSIE 8.0; Windows NT 5.1; Trident/4.0; InfoPath.2; .NET CLR 1.1.4322; .NET CLR 2.0.50727; .NET CLR 3.0.4506.2152; .NET CLR 3.5.30729; .NET4.0C; .NET4.0E)"
84.117.8.246 - - [20/Jun/2014:08:18:12 -0400] "GET /images/164_SPEN0096.JPG HTTP/1.1" 200 9542 "http://www.bogenriefstudios.com/bogenriefgallery/blownfusedglass.html" "Mozilla/4.0 (compatible; MSIE 8.0; Windows NT 5.1; Trident/4.0; InfoPath.2; .NET CLR 1.1.4322; .NET CLR 2.0.50727; .NET CLR 3.0.4506.2152; .NET CLR 3.5.30729; .NET4.0C; .NET4.0E)"
84.117.8.246 - - [20/Jun/2014:08:18:12 -0400] "GET /images/218_SPEN0017.JPG HTTP/1.1" 200 6178 "http://www.bogenriefstudios.com/bogenriefgallery/blownfusedglass.html" "Mozilla/4.0 (compatible; MSIE 8.0; Windows NT 5.1; Trident/4.0; InfoPath.2; .NET CLR 1.1.4322; .NET CLR 2.0.50727; .NET CLR 3.0.4506.2152; .NET CLR 3.5.30729; .NET4.0C; .NET4.0E)"
84.117.8.246 - - [20/Jun/2014:08:18:12 -0400] "GET /images/218_SPEN0036.JPG HTTP/1.1" 200 8291 "http://www.bogenriefstudios.com/bogenriefgallery/blownfusedglass.html" "Mozilla/4.0 (compatible; MSIE 8.0; Windows NT 5.1; Trident/4.0; InfoPath.2; .NET CLR 1.1.4322; .NET CLR 2.0.50727; .NET CLR 3.0.4506.2152; .NET CLR 3.5.30729; .NET4.0C; .NET4.0E)"
84.117.8.246 - - [20/Jun/2014:08:18:12 -0400] "GET /images/214_SPEN0100.JPG HTTP/1.1" 200 8488 "http://www.bogenriefstudios.com/bogenriefgallery/blownfusedglass.html" "Mozilla/4.0 (compatible; MSIE 8.0; Windows NT 5.1; Trident/4.0; InfoPath.2; .NET CLR 1.1.4322; .NET CLR 2.0.50727; .NET CLR 3.0.4506.2152; .NET CLR 3.5.30729; .NET4.0C; .NET4.0E)"
84.117.8.246 - - [20/Jun/2014:08:18:13 -0400] "GET /images/183_SUTH0048.JPG HTTP/1.1" 200 7397 "http://www.bogenriefstudios.com/bogenriefgallery/blownfusedglass.html" "Mozilla/4.0 (compatible; MSIE 8.0; Windows NT 5.1; Trident/4.0; InfoPath.2; .NET CLR 1.1.4322; .NET CLR 2.0.50727; .NET CLR 3.0.4506.2152; .NET CLR 3.5.30729; .NET4.0C; .NET4.0E)"
84.117.8.246 - - [20/Jun/2014:08:18:13 -0400] "GET /images/photoalbum/photo_controlBG.jpg HTTP/1.1" 200 336 "http://www.bogenriefstudios.com/bogenriefgallery/blownfusedglass.html" "Mozilla/4.0 (compatible; MSIE 8.0; Windows NT 5.1; Trident/4.0; InfoPath.2; .NET CLR 1.1.4322; .NET CLR 2.0.50727; .NET CLR 3.0.4506.2152; .NET CLR 3.5.30729; .NET4.0C; .NET4.0E)"
88.196.136.214 - - [20/Jun/2014:09:04:18 -0400] "GET /images/682_web_site_4-edited.jpg HTTP/1.1" 200 151078 "https://www.google.ee/" "Mozilla/5.0 (Windows NT 6.1; WOW64) AppleWebKit/537.36 (KHTML, like Gecko) Chrome/35.0.1916.153 Safari/537.36"
192.104.67.221 - - [20/Jun/2014:09:58:26 -0400] "GET /images/682_Printed_20_.jpg HTTP/1.1" 200 124934 "http://www.bogenriefstudios.com/studios.html" "Mozilla/4.0 (compatible; MSIE 8.0; Windows NT 6.1; WOW64; Trident/4.0; SLCC2; .NET CLR 2.0.50727; .NET CLR 3.5.30729; .NET CLR 3.0.30729; Media Center PC 6.0; InfoPath.3; .NET4.0C; .NET4.0E)"
207.32.43.96 - - [20/Jun/2014:10:09:09 -0400] "GET /scripts/ic_globals_published.js HTTP/1.1" 200 566 "http://www.bogenriefstudios.com/home.html" "Mozilla/5.0 (iPad; CPU OS 5_1_1 like Mac OS X) AppleWebKit/534.46 (KHTML, like Gecko) Mobile/9B206"
207.32.43.96 - - [20/Jun/2014:10:09:09 -0400] "GET /scripts/icwebsiteelement.css HTTP/1.1" 200 8132 "http://www.bogenriefstudios.com/home.html" "Mozilla/5.0 (iPad; CPU OS 5_1_1 like Mac OS X) AppleWebKit/534.46 (KHTML, like Gecko) Mobile/9B206"
207.32.43.96 - - [20/Jun/2014:10:09:10 -0400] "GET /images/314_Lauritzen_Gardens_33_-_modified.jpg HTTP/1.1" 200 44364 "http://www.bogenriefstudios.com/home.html" "Mozilla/5.0 (iPad; CPU OS 5_1_1 like Mac OS X) AppleWebKit/534.46 (KHTML, like Gecko) Mobile/9B206"
207.32.43.96 - - [20/Jun/2014:10:09:10 -0400] "GET /images/68.jpg HTTP/1.1" 200 11436 "http://www.bogenriefstudios.com/home.html" "Mozilla/5.0 (iPad; CPU OS 5_1_1 like Mac OS X) AppleWebKit/534.46 (KHTML, like Gecko) Mobile/9B206"
93.34.181.37 - - [20/Jun/2014:13:14:06 -0400] "GET /scripts/template.css HTTP/1.1" 200 9956 "http://bogenriefstudios.com/" "Mozilla/5.0 (Windows NT 6.1; WOW64) AppleWebKit/537.36 (KHTML, like Gecko) Chrome/32.0.1700.107 Safari/537.36"
93.34.181.37 - - [20/Jun/2014:13:14:06 -0400] "GET /scripts/icwebsiteelement.css HTTP/1.1" 200 8132 "http://bogenriefstudios.com/" "Mozilla/5.0 (Windows NT 6.1; WOW64) AppleWebKit/537.36 (KHTML, like Gecko) Chrome/32.0.1700.107 Safari/537.36"
93.34.181.37 - - [20/Jun/2014:13:14:07 -0400] "GET /images/198_052_2_.JPG HTTP/1.1" 200 7649 "http://bogenriefstudios.com/" "Mozilla/5.0 (Windows NT 6.1; WOW64) AppleWebKit/537.36 (KHTML, like Gecko) Chrome/32.0.1700.107 Safari/537.36"
93.34.181.37 - - [20/Jun/2014:13:14:07 -0400] "GET /images/205_025.JPG HTTP/1.1" 200 16394 "http://bogenriefstudios.com/" "Mozilla/5.0 (Windows NT 6.1; WOW64) AppleWebKit/537.36 (KHTML, like Gecko) Chrome/32.0.1700.107 Safari/537.36"
93.34.181.37 - - [20/Jun/2014:13:14:07 -0400] "GET /images/321_Richards_install_004.JPG HTTP/1.1" 200 21479 "http://bogenriefstudios.com/" "Mozilla/5.0 (Windows NT 6.1; WOW64) AppleWebKit/537.36 (KHTML, like Gecko) Chrome/32.0.1700.107 Safari/537.36"
24.7.76.241 - - [20/Jun/2014:13:30:16 -0400] "GET /images/682_David_Siegel_s_Dome.jpg HTTP/1.1" 200 130582 "http://www.bogenriefstudios.com/bogenriefgallery/ceilingsdomes.html" "Mozilla/5.0 (Windows NT 6.1) AppleWebKit/537.36 (KHTML, like Gecko) Chrome/35.0.1916.153 Safari/537.36"
68.180.225.45 - - [20/Jun/2014:00:12:49 -0400] "GET /images/682_web_site_1-edited.jpg HTTP/1.1" 200 106170 "-" "Mozilla/5.0 (compatible; Yahoo! Slurp; http://help.yahoo.com/help/us/ysearch/slurp)"
63.227.75.183 - - [20/Jun/2014:17:06:06 -0400] "GET /scripts/photoalbum.js HTTP/1.1" 200 62481 "http://www.bogenriefstudios.com/" "Mozilla/5.0 (Windows NT 6.1; WOW64; rv:30.0) Gecko/20100101 Firefox/30.0"
75.168.108.181 - - [20/Jun/2014:19:33:37 -0400] "GET /images/photoalbum/detail_close.jpg HTTP/1.1" 200 1095 "http://www.bogenriefstudios.com/bogenriefgallery/blownfusedglass.html" "Mozilla/5.0 (iPhone; CPU iPhone OS 7_1 like Mac OS X) AppleWebKit/537.51.2 (KHTML, like Gecko) Version/7.0 Mobile/11D167 Safari/9537.53"
75.168.108.181 - - [20/Jun/2014:19:33:38 -0400] "GET /images/photoalbum/button_photoSpeed2_ON.jpg HTTP/1.1" 200 492 "http://www.bogenriefstudios.com/bogenriefgallery/blownfusedglass.html" "Mozilla/5.0 (iPhone; CPU iPhone OS 7_1 like Mac OS X) AppleWebKit/537.51.2 (KHTML, like Gecko) Version/7.0 Mobile/11D167 Safari/9537.53"
75.168.108.181 - - [20/Jun/2014:19:33:38 -0400] "GET /images/475_SPEN0003.JPG HTTP/1.1" 200 58009 "http://www.bogenriefstudios.com/bogenriefgallery/blownfusedglass.html" "Mozilla/5.0 (iPhone; CPU iPhone OS 7_1 like Mac OS X) AppleWebKit/537.51.2 (KHTML, like Gecko) Version/7.0 Mobile/11D167 Safari/9537.53"
75.168.108.181 - - [20/Jun/2014:19:33:40 -0400] "GET /images/480_SPEN0017.JPG HTTP/1.1" 200 20019 "http://www.bogenriefstudios.com/bogenriefgallery/blownfusedglass.html" "Mozilla/5.0 (iPhone; CPU iPhone OS 7_1 like Mac OS X) AppleWebKit/537.51.2 (KHTML, like Gecko) Version/7.0 Mobile/11D167 Safari/9537.53"
75.168.108.181 - - [20/Jun/2014:19:33:41 -0400] "GET /images/696_SPEN0029.JPG HTTP/1.1" 200 49442 "http://www.bogenriefstudios.com/bogenriefgallery/blownfusedglass.html" "Mozilla/5.0 (iPhone; CPU iPhone OS 7_1 like Mac OS X) AppleWebKit/537.51.2 (KHTML, like Gecko) Version/7.0 Mobile/11D167 Safari/9537.53"
75.168.108.181 - - [20/Jun/2014:19:33:43 -0400] "GET /images/472_SPEN0100.JPG HTTP/1.1" 200 27955 "http://www.bogenriefstudios.com/bogenriefgallery/blownfusedglass.html" "Mozilla/5.0 (iPhone; CPU iPhone OS 7_1 like Mac OS X) AppleWebKit/537.51.2 (KHTML, like Gecko) Version/7.0 Mobile/11D167 Safari/9537.53"
75.168.108.181 - - [20/Jun/2014:19:33:45 -0400] "GET /images/507_SPEN0110.JPG HTTP/1.1" 200 35587 "http://www.bogenriefstudios.com/bogenriefgallery/blownfusedglass.html" "Mozilla/5.0 (iPhone; CPU iPhone OS 7_1 like Mac OS X) AppleWebKit/537.51.2 (KHTML, like Gecko) Version/7.0 Mobile/11D167 Safari/9537.53"
75.168.108.181 - - [20/Jun/2014:19:33:46 -0400] "GET /images/696_SUTH0008.JPG HTTP/1.1" 200 38237 "http://www.bogenriefstudios.com/bogenriefgallery/blownfusedglass.html" "Mozilla/5.0 (iPhone; CPU iPhone OS 7_1 like Mac OS X) AppleWebKit/537.51.2 (KHTML, like Gecko) Version/7.0 Mobile/11D167 Safari/9537.53"
173.35.226.238 - - [20/Jun/2014:19:49:13 -0400] "GET /images/392_P1010004-edited.jpg HTTP/1.1" 200 71852 "https://www.google.ca/" "Mozilla/5.0 (Windows NT 6.1; WOW64) AppleWebKit/537.36 (KHTML, like Gecko) Chrome/35.0.1916.153 Safari/537.36"
173.28.250.111 - - [20/Jun/2014:21:21:10 -0400] "GET /images/682_hawaii_019.jpg HTTP/1.1" 200 58996 "http://www.bogenriefstudios.com/differentpath.html" "Mozilla/5.0 (Windows NT 6.1; WOW64; Trident/7.0; rv:11.0) like Gecko"
173.28.250.111 - - [20/Jun/2014:21:24:17 -0400] "GET /images/pineapple.jpg HTTP/1.1" 200 152562 "http://www.bogenriefstudios.com/pricing.html" "Mozilla/5.0 (Windows NT 6.1; WOW64; Trident/7.0; rv:11.0) like Gecko"
69.171.163.127 - - [20/Jun/2014:22:13:33 -0400] "GET /images/314_web_site_7.JPG HTTP/1.1" 200 75960 "-" "Dalvik/1.6.0 (Linux; U; Android 4.2.2; SCH-R970C Build/JDQ39)"
72.230.193.199 - - [20/Jun/2014:22:17:03 -0400] "GET /images/682_Daydream_001.jpg HTTP/1.1" 200 215855 "http://thenormalstudio.blogspot.com/2010/05/alphonse-mucha.html" "Mozilla/4.0 (compatible; MSIE 7.0; Windows NT 5.1; Trident/4.0; GTB7.5; .NET CLR 1.1.4322; .NET CLR 2.0.50727; .NET CLR 3.0.4506.2152; .NET CLR 3.5.30729; .NET4.0C; .NET4.0E; IPH 1.1.21.4019)"
66.249.83.165 - - [20/Jun/2014:23:48:13 -0400] "GET /images/198_dome_008.JPG HTTP/1.1" 200 8321 "http://www.bogenriefstudios.com/" "Mozilla/5.0 (Linux; Android 4.4.2; XT907 Build/KDA20.62-10) AppleWebKit/537.36 (KHTML, like Gecko) Chrome/35.0.1916.141 Mobile Safari/537.36"
24.230.182.192 - - [20/Jun/2014:07:07:27 -0400] "GET /images/218_LADY_Daydreamer_Lady_closeup.jpg HTTP/1.1" 200 18599 "http://www.bogenriefstudios.com/bogenriefgallery/ladiesofbogenrief.html" "Mozilla/5.0 (Windows NT 6.3; WOW64) AppleWebKit/537.36 (KHTML, like Gecko) Chrome/35.0.1916.153 Safari/537.36"
24.230.182.192 - - [20/Jun/2014:07:07:28 -0400] "GET /images/218_LADY_Flower_Ladies.jpg HTTP/1.1" 200 12244 "http://www.bogenriefstudios.com/bogenriefgallery/ladiesofbogenrief.html" "Mozilla/5.0 (Windows NT 6.3; WOW64) AppleWebKit/537.36 (KHTML, like Gecko) Chrome/35.0.1916.153 Safari/537.36"
24.230.182.192 - - [20/Jun/2014:07:07:29 -0400] "GET /images/185_LADY_Yellow_Lady.jpg HTTP/1.1" 200 42624 "http://www.bogenriefstudios.com/bogenriefgallery/ladiesofbogenrief.html" "Mozilla/5.0 (Windows NT 6.3; WOW64) AppleWebKit/537.36 (KHTML, like Gecko) Chrome/35.0.1916.153 Safari/537.36"
24.230.182.192 - - [20/Jun/2014:07:07:32 -0400] "GET /images/227_LADY_4_Seasons_Lady_Summer_2.JPG HTTP/1.1" 200 49041 "http://www.bogenriefstudios.com/bogenriefgallery/ladiesofbogenrief.html" "Mozilla/5.0 (Windows NT 6.3; WOW64) AppleWebKit/537.36 (KHTML, like Gecko) Chrome/35.0.1916.153 Safari/537.36"
84.117.8.246 - - [20/Jun/2014:08:19:13 -0400] "GET /bogenriefgallery/ HTTP/1.1" 403 660 "http://www.bogenriefstudios.com/bogenriefgallery/stainedglasswindows.html" "Mozilla/4.0 (compatible; MSIE 8.0; Windows NT 5.1; Trident/4.0; InfoPath.2; .NET CLR 1.1.4322; .NET CLR 2.0.50727; .NET CLR 3.0.4506.2152; .NET CLR 3.5.30729; .NET4.0C; .NET4.0E)"
192.104.67.221 - - [20/Jun/2014:09:58:23 -0400] "GET /images/196_Blown_Glass_108_-_modified.jpg HTTP/1.1" 200 8997 "http://www.bogenriefstudios.com/studios.html" "Mozilla/4.0 (compatible; MSIE 8.0; Windows NT 6.1; WOW64; Trident/4.0; SLCC2; .NET CLR 2.0.50727; .NET CLR 3.5.30729; .NET CLR 3.0.30729; Media Center PC 6.0; InfoPath.3; .NET4.0C; .NET4.0E)"
99.232.106.58 - - [20/Jun/2014:09:59:24 -0400] "GET /images/682_Daydream_001.jpg HTTP/1.1" 200 215855 "http://tvtropes.org/pmwiki/pmwiki.php/ImageLinks/ArtNouveau" "TinEye-bot/0.02 (see http://www.tineye.com/crawler.html)"
192.104.67.221 - - [20/Jun/2014:09:59:33 -0400] "GET /favicon.ico HTTP/1.1" 404 575 "-" "Mozilla/4.0 (compatible; MSIE 8.0; Windows NT 6.1; WOW64; Trident/4.0; SLCC2; .NET CLR 2.0.50727; .NET CLR 3.5.30729; .NET CLR 3.0.30729; Media Center PC 6.0; InfoPath.3; .NET4.0C; .NET4.0E)"
189.7.105.6 - - [20/Jun/2014:10:01:20 -0400] "GET /scripts/template.css HTTP/1.1" 200 9956 "http://www.bogenriefstudios.com/bogenriefgallery/ladiesofbogenrief.html" "Mozilla/5.0 (Windows NT 6.3; WOW64) AppleWebKit/537.36 (KHTML, like Gecko) Chrome/35.0.1916.153 Safari/537.36"
189.7.105.6 - - [20/Jun/2014:10:01:20 -0400] "GET /images/photoalbum/button_photoPause.jpg HTTP/1.1" 200 605 "http://www.bogenriefstudios.com/bogenriefgallery/ladiesofbogenrief.html" "Mozilla/5.0 (Windows NT 6.3; WOW64) AppleWebKit/537.36 (KHTML, like Gecko) Chrome/35.0.1916.153 Safari/537.36"
189.7.105.6 - - [20/Jun/2014:10:01:21 -0400] "GET /images/photoalbum/button_photoLast.jpg HTTP/1.1" 200 637 "http://www.bogenriefstudios.com/bogenriefgallery/ladiesofbogenrief.html" "Mozilla/5.0 (Windows NT 6.3; WOW64) AppleWebKit/537.36 (KHTML, like Gecko) Chrome/35.0.1916.153 Safari/537.36"
189.7.105.6 - - [20/Jun/2014:10:01:21 -0400] "GET /images/photoalbum/button_photoSpeed4.jpg HTTP/1.1" 200 506 "http://www.bogenriefstudios.com/bogenriefgallery/ladiesofbogenrief.html" "Mozilla/5.0 (Windows NT 6.3; WOW64) AppleWebKit/537.36 (KHTML, like Gecko) Chrome/35.0.1916.153 Safari/537.36"
189.7.105.6 - - [20/Jun/2014:10:01:21 -0400] "GET /images/357_LADY_Daydreamer_Lady_1.jpg HTTP/1.1" 200 76586 "http://www.bogenriefstudios.com/bogenriefgallery/ladiesofbogenrief.html" "Mozilla/5.0 (Windows NT 6.3; WOW64) AppleWebKit/537.36 (KHTML, like Gecko) Chrome/35.0.1916.153 Safari/537.36"
189.7.105.6 - - [20/Jun/2014:10:01:22 -0400] "GET /images/90_LADY_Flower_Lady_3.jpg HTTP/1.1" 200 9767 "http://www.bogenriefstudios.com/bogenriefgallery/ladiesofbogenrief.html" "Mozilla/5.0 (Windows NT 6.3; WOW64) AppleWebKit/537.36 (KHTML, like Gecko) Chrome/35.0.1916.153 Safari/537.36"
189.7.105.6 - - [20/Jun/2014:10:01:22 -0400] "GET /images/218_LADY_closeup.JPG HTTP/1.1" 200 16823 "http://www.bogenriefstudios.com/bogenriefgallery/ladiesofbogenrief.html" "Mozilla/5.0 (Windows NT 6.3; WOW64) AppleWebKit/537.36 (KHTML, like Gecko) Chrome/35.0.1916.153 Safari/537.36"
189.7.105.6 - - [20/Jun/2014:10:01:22 -0400] "GET /images/103_LADY_Peacock_Lady_Green.jpg HTTP/1.1" 200 10165 "http://www.bogenriefstudios.com/bogenriefgallery/ladiesofbogenrief.html" "Mozilla/5.0 (Windows NT 6.3; WOW64) AppleWebKit/537.36 (KHTML, like Gecko) Chrome/35.0.1916.153 Safari/537.36"
189.7.105.6 - - [20/Jun/2014:10:01:22 -0400] "GET /images/102_LADY_4_Seasons_Lady_Summer_1.jpg HTTP/1.1" 200 10838 "http://www.bogenriefstudios.com/bogenriefgallery/ladiesofbogenrief.html" "Mozilla/5.0 (Windows NT 6.3; WOW64) AppleWebKit/537.36 (KHTML, like Gecko) Chrome/35.0.1916.153 Safari/537.36"
189.7.105.6 - - [20/Jun/2014:10:01:22 -0400] "GET /images/101_LADY_Butterfly_Champ.jpg HTTP/1.1" 200 10673 "http://www.bogenriefstudios.com/bogenriefgallery/ladiesofbogenrief.html" "Mozilla/5.0 (Windows NT 6.3; WOW64) AppleWebKit/537.36 (KHTML, like Gecko) Chrome/35.0.1916.153 Safari/537.36"
189.7.105.6 - - [20/Jun/2014:10:01:23 -0400] "GET /images/102_LADY_4_Seasons_Lady_Autumn.jpg HTTP/1.1" 200 11160 "http://www.bogenriefstudios.com/bogenriefgallery/ladiesofbogenrief.html" "Mozilla/5.0 (Windows NT 6.3; WOW64) AppleWebKit/537.36 (KHTML, like Gecko) Chrome/35.0.1916.153 Safari/537.36"
189.7.105.6 - - [20/Jun/2014:10:01:23 -0400] "GET /images/480_LADY_Daydreamer_Lady_closeup_of_book.jpg HTTP/1.1" 200 62202 "http://www.bogenriefstudios.com/bogenriefgallery/ladiesofbogenrief.html" "Mozilla/5.0 (Windows NT 6.3; WOW64) AppleWebKit/537.36 (KHTML, like Gecko) Chrome/35.0.1916.153 Safari/537.36"
189.7.105.6 - - [20/Jun/2014:10:01:23 -0400] "GET /images/185_LADY_Yellow_Lady.jpg HTTP/1.1" 200 42624 "http://www.bogenriefstudios.com/bogenriefgallery/ladiesofbogenrief.html" "Mozilla/5.0 (Windows NT 6.3; WOW64) AppleWebKit/537.36 (KHTML, like Gecko) Chrome/35.0.1916.153 Safari/537.36"
189.7.105.6 - - [20/Jun/2014:10:01:23 -0400] "GET /images/480_LADY_Champ_Ladies.jpg HTTP/1.1" 200 39905 "http://www.bogenriefstudios.com/bogenriefgallery/ladiesofbogenrief.html" "Mozilla/5.0 (Windows NT 6.3; WOW64) AppleWebKit/537.36 (KHTML, like Gecko) Chrome/35.0.1916.153 Safari/537.36"
189.7.105.6 - - [20/Jun/2014:10:01:24 -0400] "GET /images/360_LADY_4_Seasons_Lady_Spring_closeup.jpg HTTP/1.1" 200 54522 "http://www.bogenriefstudios.com/bogenriefgallery/ladiesofbogenrief.html" "Mozilla/5.0 (Windows NT 6.3; WOW64) AppleWebKit/537.36 (KHTML, like Gecko) Chrome/35.0.1916.153 Safari/537.36"
189.7.105.6 - - [20/Jun/2014:10:01:24 -0400] "GET /images/226_LADY_4_Seasons_Lady_Autumn.jpg HTTP/1.1" 200 47067 "http://www.bogenriefstudios.com/bogenriefgallery/ladiesofbogenrief.html" "Mozilla/5.0 (Windows NT 6.3; WOW64) AppleWebKit/537.36 (KHTML, like Gecko) Chrome/35.0.1916.153 Safari/537.36"
189.7.105.6 - - [20/Jun/2014:10:01:24 -0400] "GET /images/328_LADY_Hippy_Chick.jpg HTTP/1.1" 200 64001 "http://www.bogenriefstudios.com/bogenriefgallery/ladiesofbogenrief.html" "Mozilla/5.0 (Windows NT 6.3; WOW64) AppleWebKit/537.36 (KHTML, like Gecko) Chrome/35.0.1916.153 Safari/537.36"
189.7.105.6 - - [20/Jun/2014:10:01:26 -0400] "GET /favicon.ico HTTP/1.1" 404 575 "-" "Mozilla/5.0 (Windows NT 6.3; WOW64) AppleWebKit/537.36 (KHTML, like Gecko) Chrome/35.0.1916.153 Safari/537.36"
162.243.87.59 - - [20/Jun/2014:10:55:35 -0400] "GET /onlinestore.html HTTP/1.1" 200 202 "http://www.bogenriefstudios.com/" "Mozilla/5.0 (compatible; spbot/4.1.0; +http://OpenLinkProfiler.org/bot )"
108.161.54.53 - - [20/Jun/2014:12:29:45 -0400] "GET /scripts/1custom.css HTTP/1.1" 200 2496 "http://www.bogenriefstudios.com/home.html" "Mozilla/5.0 (Windows NT 6.1) AppleWebKit/537.36 (KHTML, like Gecko) Chrome/31.0.1650.57 Safari/537.36"
108.161.54.53 - - [20/Jun/2014:12:29:45 -0400] "GET /scripts/user.js HTTP/1.1" 200 23762 "http://www.bogenriefstudios.com/home.html" "Mozilla/5.0 (Windows NT 6.1) AppleWebKit/537.36 (KHTML, like Gecko) Chrome/31.0.1650.57 Safari/537.36"
108.161.54.53 - - [20/Jun/2014:12:29:45 -0400] "GET /images/314_Lauritzen_Gardens_33_-_modified.jpg HTTP/1.1" 200 44364 "http://www.bogenriefstudios.com/home.html" "Mozilla/5.0 (Windows NT 6.1) AppleWebKit/537.36 (KHTML, like Gecko) Chrome/31.0.1650.57 Safari/537.36"
108.161.54.53 - - [20/Jun/2014:12:29:45 -0400] "GET /images/ic_034_body_bg_wide.jpg HTTP/1.1" 200 90532 "http://www.bogenriefstudios.com/home.html" "Mozilla/5.0 (Windows NT 6.1) AppleWebKit/537.36 (KHTML, like Gecko) Chrome/31.0.1650.57 Safari/537.36"
157.55.39.207 - - [20/Jun/2014:03:59:11 -0400] "GET / HTTP/1.1" 200 13883 "-" "Mozilla/5.0 (compatible; bingbot/2.0; +http://www.bing.com/bingbot.htm)"
199.30.20.10 - - [20/Jun/2014:04:31:31 -0400] "GET /images/682_elephant-completed.jpg HTTP/1.1" 200 260073 "-" "msnbot-media/1.1 (+http://search.msn.com/msnbot.htm)"
24.7.76.241 - - [20/Jun/2014:13:30:26 -0400] "GET /images/696_Dome8.jpg HTTP/1.1" 200 70220 "http://www.bogenriefstudios.com/bogenriefgallery/ceilingsdomes.html" "Mozilla/5.0 (Windows NT 6.1) AppleWebKit/537.36 (KHTML, like Gecko) Chrome/35.0.1916.153 Safari/537.36"
63.227.75.183 - - [20/Jun/2014:17:06:08 -0400] "GET /images/198_052_2_.JPG HTTP/1.1" 200 7649 "http://www.bogenriefstudios.com/" "Mozilla/5.0 (Windows NT 6.1; WOW64; rv:30.0) Gecko/20100101 Firefox/30.0"
63.227.75.183 - - [20/Jun/2014:17:06:08 -0400] "GET /images/321_Richards_install_004.JPG HTTP/1.1" 200 21479 "http://www.bogenriefstudios.com/" "Mozilla/5.0 (Windows NT 6.1; WOW64; rv:30.0) Gecko/20100101 Firefox/30.0"
173.28.250.111 - - [20/Jun/2014:21:24:36 -0400] "GET /scripts/13custom.css HTTP/1.1" 200 2827 "http://www.bogenriefstudios.com/bogenriefgallery.html" "Mozilla/5.0 (Windows NT 6.1; WOW64; Trident/7.0; rv:11.0) like Gecko"
173.28.250.111 - - [20/Jun/2014:21:24:36 -0400] "GET /images/198_052_2_.JPG HTTP/1.1" 200 7649 "http://www.bogenriefstudios.com/bogenriefgallery.html" "Mozilla/5.0 (Windows NT 6.1; WOW64; Trident/7.0; rv:11.0) like Gecko"
173.28.250.111 - - [20/Jun/2014:21:24:36 -0400] "GET /images/198_dome_008.JPG HTTP/1.1" 200 8321 "http://www.bogenriefstudios.com/bogenriefgallery.html" "Mozilla/5.0 (Windows NT 6.1; WOW64; Trident/7.0; rv:11.0) like Gecko"
124.171.73.12 - - [20/Jun/2014:21:54:21 -0400] "GET /scripts/website.css HTTP/1.1" 200 1646 "http://www.bogenriefstudios.com/home.html" "Mozilla/5.0 (Windows NT 6.1; WOW64; Trident/7.0; rv:11.0) like Gecko"
124.171.73.12 - - [20/Jun/2014:21:54:21 -0400] "GET /scripts/1custom.css HTTP/1.1" 200 2496 "http://www.bogenriefstudios.com/home.html" "Mozilla/5.0 (Windows NT 6.1; WOW64; Trident/7.0; rv:11.0) like Gecko"
124.171.73.12 - - [20/Jun/2014:21:54:22 -0400] "GET /images/342_elephant-completed.jpg HTTP/1.1" 200 67866 "http://www.bogenriefstudios.com/home.html" "Mozilla/5.0 (Windows NT 6.1; WOW64; Trident/7.0; rv:11.0) like Gecko"
124.171.73.12 - - [20/Jun/2014:21:59:13 -0400] "GET /images/438_JDome2.jpg HTTP/1.1" 200 72533 "http://www.bogenriefstudios.com/bogenriefgallery/ceilingsdomes.html" "Mozilla/5.0 (Windows NT 6.1; WOW64; Trident/7.0; rv:11.0) like Gecko"
124.171.73.12 - - [20/Jun/2014:22:00:47 -0400] "GET /images/218_mjbhome%20int%20sm%20scale.jpg HTTP/1.1" 404 575 "http://www.bogenriefstudios.com/bogenriefgallery/stainedglasswindows.html" "Mozilla/5.0 (Windows NT 6.1; WOW64; Trident/7.0; rv:11.0) like Gecko"
124.171.73.12 - - [20/Jun/2014:22:00:48 -0400] "GET /images/218_Omaha_show_011.JPG HTTP/1.1" 200 9328 "http://www.bogenriefstudios.com/bogenriefgallery/stainedglasswindows.html" "Mozilla/5.0 (Windows NT 6.1; WOW64; Trident/7.0; rv:11.0) like Gecko"
124.171.73.12 - - [20/Jun/2014:22:00:48 -0400] "GET /images/153_Combo_Windows_72_.jpg HTTP/1.1" 200 13142 "http://www.bogenriefstudios.com/bogenriefgallery/stainedglasswindows.html" "Mozilla/5.0 (Windows NT 6.1; WOW64; Trident/7.0; rv:11.0) like Gecko"
124.171.73.12 - - [20/Jun/2014:22:00:49 -0400] "GET /images/120_P1010026.JPG HTTP/1.1" 200 13590 "http://www.bogenriefstudios.com/bogenriefgallery/stainedglasswindows.html" "Mozilla/5.0 (Windows NT 6.1; WOW64; Trident/7.0; rv:11.0) like Gecko"
124.171.73.12 - - [20/Jun/2014:22:00:49 -0400] "GET /images/107_009.JPG HTTP/1.1" 200 8189 "http://www.bogenriefstudios.com/bogenriefgallery/stainedglasswindows.html" "Mozilla/5.0 (Windows NT 6.1; WOW64; Trident/7.0; rv:11.0) like Gecko"
124.171.73.12 - - [20/Jun/2014:22:00:50 -0400] "GET /images/218_web_site_8.JPG HTTP/1.1" 200 9303 "http://www.bogenriefstudios.com/bogenriefgallery/stainedglasswindows.html" "Mozilla/5.0 (Windows NT 6.1; WOW64; Trident/7.0; rv:11.0) like Gecko"
124.171.73.12 - - [20/Jun/2014:22:00:50 -0400] "GET /images/480_000_0031.JPG HTTP/1.1" 200 72350 "http://www.bogenriefstudios.com/bogenriefgallery/stainedglasswindows.html" "Mozilla/5.0 (Windows NT 6.1; WOW64; Trident/7.0; rv:11.0) like Gecko"
124.171.73.12 - - [20/Jun/2014:22:00:52 -0400] "GET /images/218_web_site_9-edited.jpg HTTP/1.1" 200 9836 "http://www.bogenriefstudios.com/bogenriefgallery/stainedglasswindows.html" "Mozilla/5.0 (Windows NT 6.1; WOW64; Trident/7.0; rv:11.0) like Gecko"
24.230.182.192 - - [20/Jun/2014:07:06:27 -0400] "GET /images/512_mjbhome%20int%20sm%20scale.jpg HTTP/1.1" 200 49869 "http://www.bogenriefstudios.com/projects.html" "Mozilla/5.0 (Windows NT 6.3; WOW64) AppleWebKit/537.36 (KHTML, like Gecko) Chrome/35.0.1916.153 Safari/537.36"
24.230.182.192 - - [20/Jun/2014:07:06:28 -0400] "GET /images/682_web_site_9-edited.jpg HTTP/1.1" 200 67889 "http://www.bogenriefstudios.com/projects.html" "Mozilla/5.0 (Windows NT 6.3; WOW64) AppleWebKit/537.36 (KHTML, like Gecko) Chrome/35.0.1916.153 Safari/537.36"
24.230.182.192 - - [20/Jun/2014:07:07:31 -0400] "GET /images/357_LADY_daydreamer_lady_2.JPG HTTP/1.1" 200 70411 "http://www.bogenriefstudios.com/bogenriefgallery/ladiesofbogenrief.html" "Mozilla/5.0 (Windows NT 6.3; WOW64) AppleWebKit/537.36 (KHTML, like Gecko) Chrome/35.0.1916.153 Safari/537.36"
24.230.182.192 - - [20/Jun/2014:07:07:33 -0400] "GET /images/184_LADY_Flower_Lady_4.jpg HTTP/1.1" 200 35004 "http://www.bogenriefstudios.com/bogenriefgallery/ladiesofbogenrief.html" "Mozilla/5.0 (Windows NT 6.3; WOW64) AppleWebKit/537.36 (KHTML, like Gecko) Chrome/35.0.1916.153 Safari/537.36"
24.230.182.192 - - [20/Jun/2014:07:07:35 -0400] "GET /images/360_LADY_4_Seasons_Lady_Spring_closeup.jpg HTTP/1.1" 200 54522 "http://www.bogenriefstudios.com/bogenriefgallery/ladiesofbogenrief.html" "Mozilla/5.0 (Windows NT 6.3; WOW64) AppleWebKit/537.36 (KHTML, like Gecko) Chrome/35.0.1916.153 Safari/537.36"
24.230.182.192 - - [20/Jun/2014:07:07:36 -0400] "GET /images/360_LADY_4_Seasons_Lady_Winter_closeup.jpg HTTP/1.1" 200 69872 "http://www.bogenriefstudios.com/bogenriefgallery/ladiesofbogenrief.html" "Mozilla/5.0 (Windows NT 6.3; WOW64) AppleWebKit/537.36 (KHTML, like Gecko) Chrome/35.0.1916.153 Safari/537.36"
24.230.182.192 - - [20/Jun/2014:07:07:39 -0400] "GET /images/230_LADY_Spanish_Dancer.jpg HTTP/1.1" 200 44042 "http://www.bogenriefstudios.com/bogenriefgallery/ladiesofbogenrief.html" "Mozilla/5.0 (Windows NT 6.3; WOW64) AppleWebKit/537.36 (KHTML, like Gecko) Chrome/35.0.1916.153 Safari/537.36"
84.117.8.246 - - [20/Jun/2014:08:18:48 -0400] "GET /bogenriefgallery/ HTTP/1.1" 403 660 "http://www.bogenriefstudios.com/bogenriefgallery/stainedglasswindows.html" "Mozilla/4.0 (compatible; MSIE 8.0; Windows NT 5.1; Trident/4.0; InfoPath.2; .NET CLR 1.1.4322; .NET CLR 2.0.50727; .NET CLR 3.0.4506.2152; .NET CLR 3.5.30729; .NET4.0C; .NET4.0E)"
84.117.8.246 - - [20/Jun/2014:08:19:00 -0400] "GET /images/218_mjbhome%20int%20sm%20scale.jpg HTTP/1.1" 404 575 "http://www.bogenriefstudios.com/bogenriefgallery/stainedglasswindows.html" "Mozilla/4.0 (compatible; MSIE 8.0; Windows NT 5.1; Trident/4.0; InfoPath.2; .NET CLR 1.1.4322; .NET CLR 2.0.50727; .NET CLR 3.0.4506.2152; .NET CLR 3.5.30729; .NET4.0C; .NET4.0E)"
84.117.8.246 - - [20/Jun/2014:08:21:29 -0400] "GET /images/480_LADY_Daydreamer_Lady_closeup.jpg HTTP/1.1" 200 68115 "http://www.bogenriefstudios.com/bogenriefgallery/ladiesofbogenrief.html" "Mozilla/4.0 (compatible; MSIE 8.0; Windows NT 5.1; Trident/4.0; InfoPath.2; .NET CLR 1.1.4322; .NET CLR 2.0.50727; .NET CLR 3.0.4506.2152; .NET CLR 3.5.30729; .NET4.0C; .NET4.0E)"
84.117.8.246 - - [20/Jun/2014:08:21:30 -0400] "GET /images/83_LADY_Flower_Lady_4.jpg HTTP/1.1" 200 8774 "http://www.bogenriefstudios.com/bogenriefgallery/ladiesofbogenrief.html" "Mozilla/4.0 (compatible; MSIE 8.0; Windows NT 5.1; Trident/4.0; InfoPath.2; .NET CLR 1.1.4322; .NET CLR 2.0.50727; .NET CLR 3.0.4506.2152; .NET CLR 3.5.30729; .NET4.0C; .NET4.0E)"
84.117.8.246 - - [20/Jun/2014:08:21:30 -0400] "GET /images/103_LADY_4_Seasons_Lady_Summer_2.JPG HTTP/1.1" 200 11820 "http://www.bogenriefstudios.com/bogenriefgallery/ladiesofbogenrief.html" "Mozilla/4.0 (compatible; MSIE 8.0; Windows NT 5.1; Trident/4.0; InfoPath.2; .NET CLR 1.1.4322; .NET CLR 2.0.50727; .NET CLR 3.0.4506.2152; .NET CLR 3.5.30729; .NET4.0C; .NET4.0E)"
84.117.8.246 - - [20/Jun/2014:08:21:30 -0400] "GET /images/77_LADY_4_Seasons_Lady_Winter_2.jpg HTTP/1.1" 200 7661 "http://www.bogenriefstudios.com/bogenriefgallery/ladiesofbogenrief.html" "Mozilla/4.0 (compatible; MSIE 8.0; Windows NT 5.1; Trident/4.0; InfoPath.2; .NET CLR 1.1.4322; .NET CLR 2.0.50727; .NET CLR 3.0.4506.2152; .NET CLR 3.5.30729; .NET4.0C; .NET4.0E)"
84.117.8.246 - - [20/Jun/2014:08:21:30 -0400] "GET /images/103_LADY_Peacock_Lady_Blue.jpg HTTP/1.1" 200 9464 "http://www.bogenriefstudios.com/bogenriefgallery/ladiesofbogenrief.html" "Mozilla/4.0 (compatible; MSIE 8.0; Windows NT 5.1; Trident/4.0; InfoPath.2; .NET CLR 1.1.4322; .NET CLR 2.0.50727; .NET CLR 3.0.4506.2152; .NET CLR 3.5.30729; .NET4.0C; .NET4.0E)"
84.117.8.246 - - [20/Jun/2014:08:21:30 -0400] "GET /images/218_Flower_Series.jpg HTTP/1.1" 200 12369 "http://www.bogenriefstudios.com/bogenriefgallery/ladiesofbogenrief.html" "Mozilla/4.0 (compatible; MSIE 8.0; Windows NT 5.1; Trident/4.0; InfoPath.2; .NET CLR 1.1.4322; .NET CLR 2.0.50727; .NET CLR 3.0.4506.2152; .NET CLR 3.5.30729; .NET4.0C; .NET4.0E)"
84.117.8.246 - - [20/Jun/2014:08:21:31 -0400] "GET /images/480_LADY_4_Stages_of_the_Day_Ladies.jpg HTTP/1.1" 200 54310 "http://www.bogenriefstudios.com/bogenriefgallery/ladiesofbogenrief.html" "Mozilla/4.0 (compatible; MSIE 8.0; Windows NT 5.1; Trident/4.0; InfoPath.2; .NET CLR 1.1.4322; .NET CLR 2.0.50727; .NET CLR 3.0.4506.2152; .NET CLR 3.5.30729; .NET4.0C; .NET4.0E)"
84.117.8.246 - - [20/Jun/2014:08:21:31 -0400] "GET /images/227_LADY_4_Seasons_Lady_Summer_2.JPG HTTP/1.1" 200 49041 "http://www.bogenriefstudios.com/bogenriefgallery/ladiesofbogenrief.html" "Mozilla/4.0 (compatible; MSIE 8.0; Windows NT 5.1; Trident/4.0; InfoPath.2; .NET CLR 1.1.4322; .NET CLR 2.0.50727; .NET CLR 3.0.4506.2152; .NET CLR 3.5.30729; .NET4.0C; .NET4.0E)"
84.117.8.246 - - [20/Jun/2014:08:21:31 -0400] "GET /images/319_LADY_Ladies_in_a_home_1.JPG HTTP/1.1" 200 44740 "http://www.bogenriefstudios.com/bogenriefgallery/ladiesofbogenrief.html" "Mozilla/4.0 (compatible; MSIE 8.0; Windows NT 5.1; Trident/4.0; InfoPath.2; .NET CLR 1.1.4322; .NET CLR 2.0.50727; .NET CLR 3.0.4506.2152; .NET CLR 3.5.30729; .NET4.0C; .NET4.0E)"
84.117.8.246 - - [20/Jun/2014:08:21:32 -0400] "GET /images/227_LADY_Peacock_Lady_Green.jpg HTTP/1.1" 200 39796 "http://www.bogenriefstudios.com/bogenriefgallery/ladiesofbogenrief.html" "Mozilla/4.0 (compatible; MSIE 8.0; Windows NT 5.1; Trident/4.0; InfoPath.2; .NET CLR 1.1.4322; .NET CLR 2.0.50727; .NET CLR 3.0.4506.2152; .NET CLR 3.5.30729; .NET4.0C; .NET4.0E)"
84.117.8.246 - - [20/Jun/2014:08:23:28 -0400] "GET /scripts/18custom.css HTTP/1.1" 200 804 "http://www.bogenriefstudios.com/bogenriefgallery/ceilingsdomes.html" "Mozilla/4.0 (compatible; MSIE 8.0; Windows NT 5.1; Trident/4.0; InfoPath.2; .NET CLR 1.1.4322; .NET CLR 2.0.50727; .NET CLR 3.0.4506.2152; .NET CLR 3.5.30729; .NET4.0C; .NET4.0E)"
84.117.8.246 - - [20/Jun/2014:08:23:29 -0400] "GET /images/696_Water_Lily_Dome.JPG HTTP/1.1" 200 132125 "http://www.bogenriefstudios.com/bogenriefgallery/ceilingsdomes.html" "Mozilla/4.0 (compatible; MSIE 8.0; Windows NT 5.1; Trident/4.0; InfoPath.2; .NET CLR 1.1.4322; .NET CLR 2.0.50727; .NET CLR 3.0.4506.2152; .NET CLR 3.5.30729; .NET4.0C; .NET4.0E)"
50.30.112.186 - - [20/Jun/2014:08:48:53 -0400] "GET /images/682_blue_white_chandelier_-_installed-edited.jpg HTTP/1.1" 200 79065 "http://ochandelier.net/glass-chandelier-pieces/" "Mozilla/5.0 (compatible; MSIE 10.0; Windows NT 6.1; WOW64; Trident/6.0)"
207.32.43.96 - - [20/Jun/2014:10:09:09 -0400] "GET /scripts/photoalbum.js HTTP/1.1" 200 62481 "http://www.bogenriefstudios.com/home.html" "Mozilla/5.0 (iPad; CPU OS 5_1_1 like Mac OS X) AppleWebKit/534.46 (KHTML, like Gecko) Mobile/9B206"
207.32.43.96 - - [20/Jun/2014:10:09:09 -0400] "GET /images/622_David_Siegel_s_Dome.jpg HTTP/1.1" 200 106576 "http://www.bogenriefstudios.com/home.html" "Mozilla/5.0 (iPad; CPU OS 5_1_1 like Mac OS X) AppleWebKit/534.46 (KHTML, like Gecko) Mobile/9B206"
207.32.43.96 - - [20/Jun/2014:10:09:10 -0400] "GET /images/392_P1010004-edited.jpg HTTP/1.1" 200 71852 "http://www.bogenriefstudios.com/home.html" "Mozilla/5.0 (iPad; CPU OS 5_1_1 like Mac OS X) AppleWebKit/534.46 (KHTML, like Gecko) Mobile/9B206"
207.32.43.96 - - [20/Jun/2014:10:09:10 -0400] "GET /images/321_rocklin_-_green_circle.jpg HTTP/1.1" 200 71393 "http://www.bogenriefstudios.com/home.html" "Mozilla/5.0 (iPad; CPU OS 5_1_1 like Mac OS X) AppleWebKit/534.46 (KHTML, like Gecko) Mobile/9B206"
207.32.43.96 - - [20/Jun/2014:10:09:11 -0400] "GET /images/321_P1010005.JPG HTTP/1.1" 200 60353 "http://www.bogenriefstudios.com/home.html" "Mozilla/5.0 (iPad; CPU OS 5_1_1 like Mac OS X) AppleWebKit/534.46 (KHTML, like Gecko) Mobile/9B206"
162.243.87.59 - - [20/Jun/2014:10:56:28 -0400] "GET /bogenriefgallery/ladiesofbogenrief.html HTTP/1.1" 200 22147 "http://www.bogenriefstudios.com/" "Mozilla/5.0 (compatible; spbot/4.1.0; +http://OpenLinkProfiler.org/bot )"
66.43.202.13 - - [20/Jun/2014:00:32:57 -0400] "GET /scripts/ic_globals_published.js HTTP/1.1" 200 566 "http://www.google.com/" "Mozilla/5.0 (Linux; Android 4.4.3; Nexus 5 Build/KTU84M) AppleWebKit/537.36 (KHTML, like Gecko) Chrome/35.0.1916.141 Mobile Safari/537.36"
66.43.202.13 - - [20/Jun/2014:00:32:57 -0400] "GET /scripts/user.js HTTP/1.1" 200 23762 "http://www.google.com/" "Mozilla/5.0 (Linux; Android 4.4.3; Nexus 5 Build/KTU84M) AppleWebKit/537.36 (KHTML, like Gecko) Chrome/35.0.1916.141 Mobile Safari/537.36"
66.43.202.13 - - [20/Jun/2014:00:32:57 -0400] "GET /images/188_blue_seperate.jpg HTTP/1.1" 200 14499 "http://www.google.com/" "Mozilla/5.0 (Linux; Android 4.4.3; Nexus 5 Build/KTU84M) AppleWebKit/537.36 (KHTML, like Gecko) Chrome/35.0.1916.141 Mobile Safari/537.36"
66.43.202.13 - - [20/Jun/2014:00:32:57 -0400] "GET /images/196_Blown_Glass_043.jpg HTTP/1.1" 200 20009 "http://www.google.com/" "Mozilla/5.0 (Linux; Android 4.4.3; Nexus 5 Build/KTU84M) AppleWebKit/537.36 (KHTML, like Gecko) Chrome/35.0.1916.141 Mobile Safari/537.36"
66.43.202.13 - - [20/Jun/2014:00:32:57 -0400] "GET /images/188_Blown_Glass_129_-_modified.jpg HTTP/1.1" 200 5498 "http://www.google.com/" "Mozilla/5.0 (Linux; Android 4.4.3; Nexus 5 Build/KTU84M) AppleWebKit/537.36 (KHTML, like Gecko) Chrome/35.0.1916.141 Mobile Safari/537.36"
24.207.100.137 - - [20/Jun/2014:02:20:08 -0400] "GET /scripts/print.css HTTP/1.1" 200 - "http://www.bogenriefstudios.com/studios.html" "Mozilla/5.0 (Windows NT 6.1; WOW64; rv:17.0) Gecko/17.0 Firefox/17.0"
24.207.100.137 - - [20/Jun/2014:02:20:08 -0400] "GET /images/682_Daydream_001.jpg HTTP/1.1" 200 215855 "http://www.bogenriefstudios.com/studios.html" "Mozilla/5.0 (Windows NT 6.1; WOW64; rv:17.0) Gecko/17.0 Firefox/17.0"
24.7.76.241 - - [20/Jun/2014:13:30:42 -0400] "GET /images/692_atlanta_dome_1.JPG HTTP/1.1" 200 154660 "http://www.bogenriefstudios.com/bogenriefgallery/ceilingsdomes.html" "Mozilla/5.0 (Windows NT 6.1) AppleWebKit/537.36 (KHTML, like Gecko) Chrome/35.0.1916.153 Safari/537.36"
46.119.120.207 - - [20/Jun/2014:19:00:24 -0400] "GET / HTTP/1.1" 200 13883 "http://www.exchanges-bet.com/" "Mozilla/4.0 (compatible; MSIE 5.0; Windows 3.1)"
46.119.120.207 - - [20/Jun/2014:19:00:29 -0400] "GET / HTTP/1.1" 200 13883 "http://replica-watch.ru/" "Mozilla/4.0 (compatible; MSIE 6.0; Windows NT) ::ELNSB50::000061100320025802a00111000000000507000900000000"
173.28.250.111 - - [20/Jun/2014:21:21:10 -0400] "GET /images/640_DSC00157.JPG HTTP/1.1" 200 56024 "http://www.bogenriefstudios.com/differentpath.html" "Mozilla/5.0 (Windows NT 6.1; WOW64; Trident/7.0; rv:11.0) like Gecko"
124.171.73.12 - - [20/Jun/2014:22:00:32 -0400] "GET /images/480_John_Gray_Ceiling.JPG HTTP/1.1" 200 50702 "http://www.bogenriefstudios.com/bogenriefgallery/stainedglasswindows.html" "Mozilla/5.0 (Windows NT 6.1; WOW64; Trident/7.0; rv:11.0) like Gecko"
124.171.73.12 - - [20/Jun/2014:22:00:32 -0400] "GET /images/280_window_rose_vase.JPG HTTP/1.1" 200 41786 "http://www.bogenriefstudios.com/bogenriefgallery/stainedglasswindows.html" "Mozilla/5.0 (Windows NT 6.1; WOW64; Trident/7.0; rv:11.0) like Gecko"
124.171.73.12 - - [20/Jun/2014:22:00:34 -0400] "GET /images/480_lincoln,_NE_011.jpg HTTP/1.1" 200 59105 "http://www.bogenriefstudios.com/bogenriefgallery/stainedglasswindows.html" "Mozilla/5.0 (Windows NT 6.1; WOW64; Trident/7.0; rv:11.0) like Gecko"
124.171.73.12 - - [20/Jun/2014:22:00:34 -0400] "GET /images/480_web_site-edited.jpg HTTP/1.1" 200 82353 "http://www.bogenriefstudios.com/bogenriefgallery/stainedglasswindows.html" "Mozilla/5.0 (Windows NT 6.1; WOW64; Trident/7.0; rv:11.0) like Gecko"
124.171.73.12 - - [20/Jun/2014:22:00:37 -0400] "GET /images/480_web_site_9-edited.jpg HTTP/1.1" 200 37070 "http://www.bogenriefstudios.com/bogenriefgallery/stainedglasswindows.html" "Mozilla/5.0 (Windows NT 6.1; WOW64; Trident/7.0; rv:11.0) like Gecko"
124.171.73.12 - - [20/Jun/2014:22:00:40 -0400] "GET /images/479_003.JPG HTTP/1.1" 200 38085 "http://www.bogenriefstudios.com/bogenriefgallery/stainedglasswindows.html" "Mozilla/5.0 (Windows NT 6.1; WOW64; Trident/7.0; rv:11.0) like Gecko"
124.171.73.12 - - [20/Jun/2014:22:00:41 -0400] "GET /images/364_Bevel_Window2.jpg HTTP/1.1" 200 66248 "http://www.bogenriefstudios.com/bogenriefgallery/stainedglasswindows.html" "Mozilla/5.0 (Windows NT 6.1; WOW64; Trident/7.0; rv:11.0) like Gecko"
124.171.73.12 - - [20/Jun/2014:22:00:42 -0400] "GET /images/184_DSC_0091.JPG HTTP/1.1" 200 30465 "http://www.bogenriefstudios.com/bogenriefgallery/stainedglasswindows.html" "Mozilla/5.0 (Windows NT 6.1; WOW64; Trident/7.0; rv:11.0) like Gecko"
124.171.73.12 - - [20/Jun/2014:22:00:43 -0400] "GET /images/359_butterfly_window_-_mary_kay_peck_006.jpg HTTP/1.1" 200 34364 "http://www.bogenriefstudios.com/bogenriefgallery/stainedglasswindows.html" "Mozilla/5.0 (Windows NT 6.1; WOW64; Trident/7.0; rv:11.0) like Gecko"
124.171.73.12 - - [20/Jun/2014:22:00:48 -0400] "GET /images/105_Bevel_Window8.JPG HTTP/1.1" 200 9972 "http://www.bogenriefstudios.com/bogenriefgallery/stainedglasswindows.html" "Mozilla/5.0 (Windows NT 6.1; WOW64; Trident/7.0; rv:11.0) like Gecko"
124.171.73.12 - - [20/Jun/2014:22:00:49 -0400] "GET /images/218_new26.JPG HTTP/1.1" 200 17309 "http://www.bogenriefstudios.com/bogenriefgallery/stainedglasswindows.html" "Mozilla/5.0 (Windows NT 6.1; WOW64; Trident/7.0; rv:11.0) like Gecko"
124.171.73.12 - - [20/Jun/2014:22:00:50 -0400] "GET /images/218_tryptich2.JPG HTTP/1.1" 200 19916 "http://www.bogenriefstudios.com/bogenriefgallery/stainedglasswindows.html" "Mozilla/5.0 (Windows NT 6.1; WOW64; Trident/7.0; rv:11.0) like Gecko"
124.171.73.12 - - [20/Jun/2014:22:00:50 -0400] "GET /images/218_web_site_1-edited.jpg HTTP/1.1" 200 15464 "http://www.bogenriefstudios.com/bogenriefgallery/stainedglasswindows.html" "Mozilla/5.0 (Windows NT 6.1; WOW64; Trident/7.0; rv:11.0) like Gecko"
124.171.73.12 - - [20/Jun/2014:22:00:51 -0400] "GET /images/218_window_sun_and_moon.JPG HTTP/1.1" 200 5081 "http://www.bogenriefstudios.com/bogenriefgallery/stainedglasswindows.html" "Mozilla/5.0 (Windows NT 6.1; WOW64; Trident/7.0; rv:11.0) like Gecko"
124.171.73.12 - - [20/Jun/2014:22:00:52 -0400] "GET /images/217_071.JPG HTTP/1.1" 200 10211 "http://www.bogenriefstudios.com/bogenriefgallery/stainedglasswindows.html" "Mozilla/5.0 (Windows NT 6.1; WOW64; Trident/7.0; rv:11.0) like Gecko"
124.171.73.12 - - [20/Jun/2014:22:00:52 -0400] "GET /images/209_DSC_0087.JPG HTTP/1.1" 200 16100 "http://www.bogenriefstudios.com/bogenriefgallery/stainedglasswindows.html" "Mozilla/5.0 (Windows NT 6.1; WOW64; Trident/7.0; rv:11.0) like Gecko"
124.171.73.12 - - [20/Jun/2014:22:00:53 -0400] "GET /images/196_P1010130.JPG HTTP/1.1" 200 20954 "http://www.bogenriefstudios.com/bogenriefgallery/stainedglasswindows.html" "Mozilla/5.0 (Windows NT 6.1; WOW64; Trident/7.0; rv:11.0) like Gecko"
124.171.73.12 - - [20/Jun/2014:22:00:54 -0400] "GET /images/386_SF_grapes_006.JPG HTTP/1.1" 200 61665 "http://www.bogenriefstudios.com/bogenriefgallery/stainedglasswindows.html" "Mozilla/5.0 (Windows NT 6.1; WOW64; Trident/7.0; rv:11.0) like Gecko"
66.249.83.165 - - [20/Jun/2014:23:48:12 -0400] "GET /images/321_David_s_dome_002.JPG HTTP/1.1" 200 23041 "http://www.bogenriefstudios.com/" "Mozilla/5.0 (Linux; Android 4.4.2; XT907 Build/KDA20.62-10) AppleWebKit/537.36 (KHTML, like Gecko) Chrome/35.0.1916.141 Mobile Safari/537.36"
84.117.8.246 - - [20/Jun/2014:08:17:37 -0400] "GET /pricing.html HTTP/1.1" 200 17343 "-" "Mozilla/4.0 (compatible; MSIE 8.0; Windows NT 5.1; Trident/4.0; InfoPath.2; .NET CLR 1.1.4322; .NET CLR 2.0.50727; .NET CLR 3.0.4506.2152; .NET CLR 3.5.30729; .NET4.0C; .NET4.0E)"
