75.168.108.181 - - [20/Jun/2014:19:33:11 -0400] "GET /images/68.jpg HTTP/1.1" 200 11436 "http://www.bogenriefstudios.com/" "Mozilla/5.0 (iPhone; CPU iPhone OS 7_1 like Mac OS X) AppleWebKit/537.51.2 (KHTML, like Gecko) Version/7.0 Mobile/11D167 Safari/9537.53"
75.168.108.181 - - [20/Jun/2014:19:33:11 -0400] "GET /images/198_023.JPG HTTP/1.1" 200 9799 "http://www.bogenriefstudios.com/" "Mozilla/5.0 (iPhone; CPU iPhone OS 7_1 like Mac OS X) AppleWebKit/537.51.2 (KHTML, like Gecko) Version/7.0 Mobile/11D167 Safari/9537.53"
75.168.108.181 - - [20/Jun/2014:19:33:12 -0400] "GET /images/321_Richards_install_004.JPG HTTP/1.1" 200 21479 "http://www.bogenriefstudios.com/" "Mozilla/5.0 (iPhone; CPU iPhone OS 7_1 like Mac OS X) AppleWebKit/537.51.2 (KHTML, like Gecko) Version/7.0 Mobile/11D167 Safari/9537.53"
66.87.103.31 - - [20/Jun/2014:20:44:00 -0400] "GET /images/682_blue_white_chandelier_-_installed-edited.jpg HTTP/1.1" 200 79065 "-" "Mozilla/5.0 (Linux; Android 4.4.2; SM-N900P Build/KOT49H) AppleWebKit/537.36 (KHTML, like Gecko) Version/4.0 Chrome/30.0.0.0 Mobile Safari/537.36 GSA/3.4.16.1149292.arm"
66.61.3.46 - - [20/Jun/2014:21:50:38 -0400] "GET /images/682_blue_white_chandelier_-_installed-edited.jpg HTTP/1.1" 200 79065 "-" "Mozilla/5.0 (iPod; CPU iPhone OS 6_1_6 like Mac OS X) AppleWebKit/536.26 (KHTML, like Gecko) GSA/3.2.1.25875 Mobile/10B500 Safari/8536.25"
124.171.73.12 - - [20/Jun/2014:21:54:29 -0400] "GET /images/68.jpg HTTP/1.1" 200 11436 "http://www.bogenriefstudios.com/home.html" "Mozilla/5.0 (Windows NT 6.1; WOW64; Trident/7.0; rv:11.0) like Gecko"
66.249.65.219 - - [20/Jun/2014:23:57:17 -0400] "GET /images/696_Ceiling_-_Lauritzen_Gardens_030_-_cropped.jpg HTTP/1.1" 304 - "-" "Googlebot-Image/1.0"
24.230.182.192 - - [20/Jun/2014:07:02:12 -0400] "GET /images/696_web_site_9-edited.jpg HTTP/1.1" 200 66511 "http://www.bogenriefstudios.com/bogenriefgallery/stainedglasswindows.html" "Mozilla/5.0 (Windows NT 6.3; WOW64) AppleWebKit/537.36 (KHTML, like Gecko) Chrome/35.0.1916.153 Safari/537.36"
84.117.8.246 - - [20/Jun/2014:08:19:39 -0400] "GET /images/480_mjbhome%20int%20sm%20scale.jpg HTTP/1.1" 404 575 "http://www.bogenriefstudios.com/bogenriefgallery/stainedglasswindows.html" "Mozilla/4.0 (compatible; MSIE 8.0; Windows NT 5.1; Trident/4.0; InfoPath.2; .NET CLR 1.1.4322; .NET CLR 2.0.50727; .NET CLR 3.0.4506.2152; .NET CLR 3.5.30729; .NET4.0C; .NET4.0E)"
192.104.67.221 - - [20/Jun/2014:09:58:27 -0400] "GET /images/188_orange_-_seperate.jpg HTTP/1.1" 200 16735 "http://www.bogenriefstudios.com/studios.html" "Mozilla/4.0 (compatible; MSIE 8.0; Windows NT 6.1; WOW64; Trident/4.0; SLCC2; .NET CLR 2.0.50727; .NET CLR 3.5.30729; .NET CLR 3.0.30729; Media Center PC 6.0; InfoPath.3; .NET4.0C; .NET4.0E)"
193.150.120.14 - - [20/Jun/2014:11:02:27 -0400] "GET / HTTP/1.1" 200 13883 "http://narkologicheskaya-pomosh.ru/" "Mozilla/4.79 [en] (Windows NT 5.0; U)"
65.55.215.66 - - [20/Jun/2014:11:07:25 -0400] "GET /images/501_Sunburst_Chandelier_-_cropped.jpg HTTP/1.1" 200 168687 "-" "msnbot-media/1.1 (+http://search.msn.com/msnbot.htm)"
180.76.5.69 - - [20/Jun/2014:01:45:08 -0400] "GET /projects.html HTTP/1.1" 200 16233 "-" "Mozilla/5.0 (compatible; Baiduspider/2.0; +http://www.baidu.com/search/spider.html)"
208.115.113.89 - - [20/Jun/2014:14:54:03 -0400] "GET /robots.txt HTTP/1.1" 200 25 "-" "Mozilla/5.0 (compatible; DotBot/1.1; http://www.opensiteexplorer.org/dotbot, help@moz.com)"
173.28.250.111 - - [20/Jun/2014:21:19:57 -0400] "GET /images/188_Combo_Windows_72_.jpg HTTP/1.1" 200 21775 "http://www.bogenriefstudios.com/pricing.html" "Mozilla/5.0 (Windows NT 6.1; WOW64; Trident/7.0; rv:11.0) like Gecko"
173.28.250.111 - - [20/Jun/2014:21:24:40 -0400] "GET /images/205_025.JPG HTTP/1.1" 200 16394 "http://www.bogenriefstudios.com/bogenriefgallery.html" "Mozilla/5.0 (Windows NT 6.1; WOW64; Trident/7.0; rv:11.0) like Gecko"
124.171.73.12 - - [20/Jun/2014:21:49:02 -0400] "GET /images/314_Lauritzen_Gardens_33_-_modified.jpg HTTP/1.1" 200 44364 "-" "Mozilla/5.0 (Windows NT 6.1; WOW64; Trident/7.0; rv:11.0) like Gecko"
24.230.182.192 - - [20/Jun/2014:07:04:54 -0400] "GET /scripts/6custom.css HTTP/1.1" 200 3169 "http://www.bogenriefstudios.com/exclusiveofferings/exclusiveofferings.html" "Mozilla/5.0 (Windows NT 6.3; WOW64) AppleWebKit/537.36 (KHTML, like Gecko) Chrome/35.0.1916.153 Safari/537.36"
24.230.182.192 - - [20/Jun/2014:07:04:54 -0400] "GET /images/629_Four_Seasons_-_Summer_001.jpg HTTP/1.1" 206 1 "http://www.bogenriefstudios.com/exclusiveofferings/exclusiveofferings.html" "Mozilla/5.0 (Windows NT 6.3; WOW64) AppleWebKit/537.36 (KHTML, like Gecko) Chrome/35.0.1916.153 Safari/537.36"
24.230.182.192 - - [20/Jun/2014:07:04:55 -0400] "GET /images/629_Four_Seasons_-_Summer_001.jpg HTTP/1.1" 206 87666 "http://www.bogenriefstudios.com/exclusiveofferings/exclusiveofferings.html" "Mozilla/5.0 (Windows NT 6.3; WOW64) AppleWebKit/537.36 (KHTML, like Gecko) Chrome/35.0.1916.153 Safari/537.36"
24.230.182.192 - - [20/Jun/2014:07:04:55 -0400] "GET /images/682_Four_Seasons_-_Winter.jpg HTTP/1.1" 200 239575 "http://www.bogenriefstudios.com/exclusiveofferings/exclusiveofferings.html" "Mozilla/5.0 (Windows NT 6.3; WOW64) AppleWebKit/537.36 (KHTML, like Gecko) Chrome/35.0.1916.153 Safari/537.36"
24.230.182.192 - - [20/Jun/2014:07:04:56 -0400] "GET /images/682_01_Side_Lights_-_modified.jpg HTTP/1.1" 200 169071 "http://www.bogenriefstudios.com/exclusiveofferings/exclusiveofferings.html" "Mozilla/5.0 (Windows NT 6.3; WOW64) AppleWebKit/537.36 (KHTML, like Gecko) Chrome/35.0.1916.153 Safari/537.36"
24.230.182.192 - - [20/Jun/2014:07:04:56 -0400] "GET /images/682_P1010006A.JPG HTTP/1.1" 200 33508 "http://www.bogenriefstudios.com/exclusiveofferings/exclusiveofferings.html" "Mozilla/5.0 (Windows NT 6.3; WOW64) AppleWebKit/537.36 (KHTML, like Gecko) Chrome/35.0.1916.153 Safari/537.36"
24.230.182.192 - - [20/Jun/2014:07:04:58 -0400] "GET /images/682_DSC_0038.JPG HTTP/1.1" 200 91594 "http://www.bogenriefstudios.com/exclusiveofferings/exclusiveofferings.html" "Mozilla/5.0 (Windows NT 6.3; WOW64) AppleWebKit/537.36 (KHTML, like Gecko) Chrome/35.0.1916.153 Safari/537.36"
24.230.182.192 - - [20/Jun/2014:07:04:58 -0400] "GET /images/682_DSC_0070.JPG HTTP/1.1" 200 147985 "http://www.bogenriefstudios.com/exclusiveofferings/exclusiveofferings.html" "Mozilla/5.0 (Windows NT 6.3; WOW64) AppleWebKit/537.36 (KHTML, like Gecko) Chrome/35.0.1916.153 Safari/537.36"
24.230.182.192 - - [20/Jun/2014:07:05:00 -0400] "GET /images/682_Cool_Blue_Chandelier.jpg HTTP/1.1" 200 79065 "http://www.bogenriefstudios.com/exclusiveofferings/exclusiveofferings.html" "Mozilla/5.0 (Windows NT 6.3; WOW64) AppleWebKit/537.36 (KHTML, like Gecko) Chrome/35.0.1916.153 Safari/537.36"
24.230.182.192 - - [20/Jun/2014:07:07:41 -0400] "GET /images/354_LADY_Sarah_1.jpg HTTP/1.1" 200 60187 "http://www.bogenriefstudios.com/bogenriefgallery/ladiesofbogenrief.html" "Mozilla/5.0 (Windows NT 6.3; WOW64) AppleWebKit/537.36 (KHTML, like Gecko) Chrome/35.0.1916.153 Safari/537.36"
84.117.8.246 - - [20/Jun/2014:08:19:12 -0400] "GET /bogenriefgallery/ HTTP/1.1" 403 660 "http://www.bogenriefstudios.com/bogenriefgallery/stainedglasswindows.html" "Mozilla/4.0 (compatible; MSIE 8.0; Windows NT 5.1; Trident/4.0; InfoPath.2; .NET CLR 1.1.4322; .NET CLR 2.0.50727; .NET CLR 3.0.4506.2152; .NET CLR 3.5.30729; .NET4.0C; .NET4.0E)"
84.117.8.246 - - [20/Jun/2014:08:19:13 -0400] "GET /images/696_000_0031.JPG HTTP/1.1" 200 141541 "http://www.bogenriefstudios.com/bogenriefgallery/stainedglasswindows.html" "Mozilla/4.0 (compatible; MSIE 8.0; Windows NT 5.1; Trident/4.0; InfoPath.2; .NET CLR 1.1.4322; .NET CLR 2.0.50727; .NET CLR 3.0.4506.2152; .NET CLR 3.5.30729; .NET4.0C; .NET4.0E)"
207.32.43.96 - - [20/Jun/2014:10:09:12 -0400] "GET /scripts/user.js HTTP/1.1" 200 23762 "http://www.bogenriefstudios.com/home.html" "Mozilla/5.0 (iPad; CPU OS 5_1_1 like Mac OS X) AppleWebKit/534.46 (KHTML, like Gecko) Mobile/9B206"
207.32.43.96 - - [20/Jun/2014:10:09:12 -0400] "GET /images/342_elephant-completed.jpg HTTP/1.1" 200 67866 "http://www.bogenriefstudios.com/home.html" "Mozilla/5.0 (iPad; CPU OS 5_1_1 like Mac OS X) AppleWebKit/534.46 (KHTML, like Gecko) Mobile/9B206"
37.58.100.130 - - [20/Jun/2014:12:59:55 -0400] "GET /robots.txt HTTP/1.1" 200 25 "-" "Mozilla/5.0 (compatible; AhrefsBot/5.0; +http://ahrefs.com/robot/)"
66.249.65.232 - - [20/Jun/2014:13:38:52 -0400] "GET /images/600_web_site_8.JPG HTTP/1.1" 304 - "-" "Googlebot-Image/1.0"
71.39.243.122 - - [20/Jun/2014:13:41:53 -0400] "GET /scripts/website.css HTTP/1.1" 200 1646 "http://www.bogenriefstudios.com/home.html" "Mozilla/5.0 (Linux; U; Android 4.3; en-us; SCH-R530U Build/JSS15J) AppleWebKit/534.30 (KHTML, like Gecko) Version/4.0 Mobile Safari/534.30 USCC-R530U"
71.39.243.122 - - [20/Jun/2014:13:41:54 -0400] "GET /images/342_elephant-completed.jpg HTTP/1.1" 200 67866 "http://www.bogenriefstudios.com/home.html" "Mozilla/5.0 (Linux; U; Android 4.3; en-us; SCH-R530U Build/JSS15J) AppleWebKit/534.30 (KHTML, like Gecko) Version/4.0 Mobile Safari/534.30 USCC-R530U"
157.55.39.207 - - [20/Jun/2014:02:55:29 -0400] "GET / HTTP/1.1" 200 13883 "-" "Mozilla/5.0 (compatible; bingbot/2.0; +http://www.bing.com/bingbot.htm)"
63.227.75.183 - - [20/Jun/2014:17:06:14 -0400] "GET /images/198_dome_008.JPG HTTP/1.1" 200 8321 "http://www.bogenriefstudios.com/" "Mozilla/5.0 (Windows NT 6.1; WOW64; rv:30.0) Gecko/20100101 Firefox/30.0"
172.56.5.7 - - [20/Jun/2014:19:05:38 -0400] "GET /images/682_blue_white_chandelier_-_installed-edited.jpg HTTP/1.1" 200 79065 "-" "Dalvik/1.6.0 (Linux; U; Android 4.1.2; LG-P659 Build/JZO54K)"
66.249.65.205 - - [20/Jun/2014:19:48:30 -0400] "GET /robots.txt HTTP/1.1" 200 25 "-" "Mozilla/5.0 (compatible; Googlebot/2.1; +http://www.google.com/bot.html)"
66.249.65.245 - - [20/Jun/2014:21:51:59 -0400] "GET /bogenriefgallery/stainedglasswindows.html HTTP/1.1" 304 - "-" "Mozilla/5.0 (compatible; Googlebot/2.1; +http://www.google.com/bot.html)"
124.171.73.12 - - [20/Jun/2014:21:57:27 -0400] "GET /images/205_025.JPG HTTP/1.1" 200 16394 "http://www.bogenriefstudios.com/bogenriefgallery.html" "Mozilla/5.0 (Windows NT 6.1; WOW64; Trident/7.0; rv:11.0) like Gecko"
46.118.155.40 - - [20/Jun/2014:23:30:54 -0400] "GET / HTTP/1.1" 200 13883 "http://shlyahten.ru/" "Mozilla/4.0 (compatible; MSIE 6.0; Windows NT 5.0; KTXN)"
66.249.83.165 - - [20/Jun/2014:23:49:57 -0400] "GET /onlinestore.html HTTP/1.1" 200 202 "http://www.bogenriefstudios.com/" "Mozilla/5.0 (Linux; Android 4.4.2; XT907 Build/KDA20.62-10) AppleWebKit/537.36 (KHTML, like Gecko) Chrome/35.0.1916.141 Mobile Safari/537.36"
24.230.182.192 - - [20/Jun/2014:07:01:40 -0400] "GET /scripts/template.css HTTP/1.1" 200 9956 "http://www.bogenriefstudios.com/bogenriefgallery/stainedglasswindows.html" "Mozilla/5.0 (Windows NT 6.3; WOW64) AppleWebKit/537.36 (KHTML, like Gecko) Chrome/35.0.1916.153 Safari/537.36"
24.230.182.192 - - [20/Jun/2014:07:01:40 -0400] "GET /images/photoalbum/button_photoPause.jpg HTTP/1.1" 200 605 "http://www.bogenriefstudios.com/bogenriefgallery/stainedglasswindows.html" "Mozilla/5.0 (Windows NT 6.3; WOW64) AppleWebKit/537.36 (KHTML, like Gecko) Chrome/35.0.1916.153 Safari/537.36"
24.230.182.192 - - [20/Jun/2014:07:01:40 -0400] "GET /images/photoalbum/button_photoLast.jpg HTTP/1.1" 200 637 "http://www.bogenriefstudios.com/bogenriefgallery/stainedglasswindows.html" "Mozilla/5.0 (Windows NT 6.3; WOW64) AppleWebKit/537.36 (KHTML, like Gecko) Chrome/35.0.1916.153 Safari/537.36"
24.230.182.192 - - [20/Jun/2014:07:01:40 -0400] "GET /images/photoalbum/button_photoSpeed5.jpg HTTP/1.1" 200 502 "http://www.bogenriefstudios.com/bogenriefgallery/stainedglasswindows.html" "Mozilla/5.0 (Windows NT 6.3; WOW64) AppleWebKit/537.36 (KHTML, like Gecko) Chrome/35.0.1916.153 Safari/537.36"
24.230.182.192 - - [20/Jun/2014:07:01:40 -0400] "GET /images/218_Grout_Museum_veterans_memorial_wall.jpg HTTP/1.1" 200 7621 "http://www.bogenriefstudios.com/bogenriefgallery/stainedglasswindows.html" "Mozilla/5.0 (Windows NT 6.3; WOW64) AppleWebKit/537.36 (KHTML, like Gecko) Chrome/35.0.1916.153 Safari/537.36"
24.230.182.192 - - [20/Jun/2014:07:01:40 -0400] "GET /images/696_John_Gray_Ceiling.JPG HTTP/1.1" 200 90042 "http://www.bogenriefstudios.com/bogenriefgallery/stainedglasswindows.html" "Mozilla/5.0 (Windows NT 6.3; WOW64) AppleWebKit/537.36 (KHTML, like Gecko) Chrome/35.0.1916.153 Safari/537.36"
24.230.182.192 - - [20/Jun/2014:07:06:28 -0400] "GET /projects.html HTTP/1.1" 200 16233 "http://www.bogenriefstudios.com/exclusiveofferings/exclusiveofferings.html" "Mozilla/5.0 (Windows NT 6.3; WOW64) AppleWebKit/537.36 (KHTML, like Gecko) Chrome/35.0.1916.153 Safari/537.36"
24.230.182.192 - - [20/Jun/2014:07:06:28 -0400] "GET /images/682_web_site_1-edited.jpg HTTP/1.1" 200 106170 "http://www.bogenriefstudios.com/projects.html" "Mozilla/5.0 (Windows NT 6.3; WOW64) AppleWebKit/537.36 (KHTML, like Gecko) Chrome/35.0.1916.153 Safari/537.36"
24.230.182.192 - - [20/Jun/2014:07:07:45 -0400] "GET /videos.html HTTP/1.1" 200 7609 "http://www.bogenriefstudios.com/bogenriefgallery/ladiesofbogenrief.html" "Mozilla/5.0 (Windows NT 6.3; WOW64) AppleWebKit/537.36 (KHTML, like Gecko) Chrome/35.0.1916.153 Safari/537.36"
24.230.182.192 - - [20/Jun/2014:07:07:45 -0400] "GET /scripts/25custom.css HTTP/1.1" 200 1141 "http://www.bogenriefstudios.com/videos.html" "Mozilla/5.0 (Windows NT 6.3; WOW64) AppleWebKit/537.36 (KHTML, like Gecko) Chrome/35.0.1916.153 Safari/537.36"
84.117.8.246 - - [20/Jun/2014:08:17:37 -0400] "GET /scripts/website.css HTTP/1.1" 200 1646 "http://www.bogenriefstudios.com/pricing.html" "Mozilla/4.0 (compatible; MSIE 8.0; Windows NT 5.1; Trident/4.0; InfoPath.2; .NET CLR 1.1.4322; .NET CLR 2.0.50727; .NET CLR 3.0.4506.2152; .NET CLR 3.5.30729; .NET4.0C; .NET4.0E)"
84.117.8.246 - - [20/Jun/2014:08:17:38 -0400] "GET /scripts/user.js HTTP/1.1" 200 23762 "http://www.bogenriefstudios.com/pricing.html" "Mozilla/4.0 (compatible; MSIE 8.0; Windows NT 5.1; Trident/4.0; InfoPath.2; .NET CLR 1.1.4322; .NET CLR 2.0.50727; .NET CLR 3.0.4506.2152; .NET CLR 3.5.30729; .NET4.0C; .NET4.0E)"
84.117.8.246 - - [20/Jun/2014:08:17:39 -0400] "GET /images/188_Combo_Windows_72_.jpg HTTP/1.1" 200 21775 "http://www.bogenriefstudios.com/pricing.html" "Mozilla/4.0 (compatible; MSIE 8.0; Windows NT 5.1; Trident/4.0; InfoPath.2; .NET CLR 1.1.4322; .NET CLR 2.0.50727; .NET CLR 3.0.4506.2152; .NET CLR 3.5.30729; .NET4.0C; .NET4.0E)"
84.117.8.246 - - [20/Jun/2014:08:17:39 -0400] "GET /images/314_web_site_7.JPG HTTP/1.1" 200 75960 "http://www.bogenriefstudios.com/pricing.html" "Mozilla/4.0 (compatible; MSIE 8.0; Windows NT 5.1; Trident/4.0; InfoPath.2; .NET CLR 1.1.4322; .NET CLR 2.0.50727; .NET CLR 3.0.4506.2152; .NET CLR 3.5.30729; .NET4.0C; .NET4.0E)"
84.117.8.246 - - [20/Jun/2014:08:18:18 -0400] "GET /bogenriefgallery/stainedglasswindows.html HTTP/1.1" 200 25295 "http://www.bogenriefstudios.com/bogenriefgallery/blownfusedglass.html" "Mozilla/4.0 (compatible; MSIE 8.0; Windows NT 5.1; Trident/4.0; InfoPath.2; .NET CLR 1.1.4322; .NET CLR 2.0.50727; .NET CLR 3.0.4506.2152; .NET CLR 3.5.30729; .NET4.0C; .NET4.0E)"
84.117.8.246 - - [20/Jun/2014:08:18:18 -0400] "GET /images/696_Grout_Museum_veterans_memorial_wall.jpg HTTP/1.1" 200 61793 "http://www.bogenriefstudios.com/bogenriefgallery/stainedglasswindows.html" "Mozilla/4.0 (compatible; MSIE 8.0; Windows NT 5.1; Trident/4.0; InfoPath.2; .NET CLR 1.1.4322; .NET CLR 2.0.50727; .NET CLR 3.0.4506.2152; .NET CLR 3.5.30729; .NET4.0C; .NET4.0E)"
84.117.8.246 - - [20/Jun/2014:08:18:42 -0400] "GET /bogenriefgallery/ HTTP/1.1" 403 660 "http://www.bogenriefstudios.com/bogenriefgallery/stainedglasswindows.html" "Mozilla/4.0 (compatible; MSIE 8.0; Windows NT 5.1; Trident/4.0; InfoPath.2; .NET CLR 1.1.4322; .NET CLR 2.0.50727; .NET CLR 3.0.4506.2152; .NET CLR 3.5.30729; .NET4.0C; .NET4.0E)"
84.117.8.246 - - [20/Jun/2014:08:18:44 -0400] "GET /images/696_window_triangel.JPG HTTP/1.1" 200 51621 "http://www.bogenriefstudios.com/bogenriefgallery/stainedglasswindows.html" "Mozilla/4.0 (compatible; MSIE 8.0; Windows NT 5.1; Trident/4.0; InfoPath.2; .NET CLR 1.1.4322; .NET CLR 2.0.50727; .NET CLR 3.0.4506.2152; .NET CLR 3.5.30729; .NET4.0C; .NET4.0E)"
84.117.8.246 - - [20/Jun/2014:08:23:23 -0400] "GET /images/360_decending_lotus_closeup.jpg HTTP/1.1" 200 51102 "http://www.bogenriefstudios.com/bogenriefgallery/lampshades.html" "Mozilla/4.0 (compatible; MSIE 8.0; Windows NT 5.1; Trident/4.0; InfoPath.2; .NET CLR 1.1.4322; .NET CLR 2.0.50727; .NET CLR 3.0.4506.2152; .NET CLR 3.5.30729; .NET4.0C; .NET4.0E)"
84.117.8.246 - - [20/Jun/2014:08:23:24 -0400] "GET /images/218_Omaha_show_019.JPG HTTP/1.1" 200 11937 "http://www.bogenriefstudios.com/bogenriefgallery/lampshades.html" "Mozilla/4.0 (compatible; MSIE 8.0; Windows NT 5.1; Trident/4.0; InfoPath.2; .NET CLR 1.1.4322; .NET CLR 2.0.50727; .NET CLR 3.0.4506.2152; .NET CLR 3.5.30729; .NET4.0C; .NET4.0E)"
84.117.8.246 - - [20/Jun/2014:08:23:24 -0400] "GET /images/179_Lamp_small_blue_flower.jpg HTTP/1.1" 200 13070 "http://www.bogenriefstudios.com/bogenriefgallery/lampshades.html" "Mozilla/4.0 (compatible; MSIE 8.0; Windows NT 5.1; Trident/4.0; InfoPath.2; .NET CLR 1.1.4322; .NET CLR 2.0.50727; .NET CLR 3.0.4506.2152; .NET CLR 3.5.30729; .NET4.0C; .NET4.0E)"
84.117.8.246 - - [20/Jun/2014:08:23:24 -0400] "GET /images/218_Lamp_yellow_daisy.JPG HTTP/1.1" 200 11577 "http://www.bogenriefstudios.com/bogenriefgallery/lampshades.html" "Mozilla/4.0 (compatible; MSIE 8.0; Windows NT 5.1; Trident/4.0; InfoPath.2; .NET CLR 1.1.4322; .NET CLR 2.0.50727; .NET CLR 3.0.4506.2152; .NET CLR 3.5.30729; .NET4.0C; .NET4.0E)"
84.117.8.246 - - [20/Jun/2014:08:23:58 -0400] "GET /scripts/19custom.css HTTP/1.1" 200 1141 "http://www.bogenriefstudios.com/bogenriefgallery/chandeliers.html" "Mozilla/4.0 (compatible; MSIE 8.0; Windows NT 5.1; Trident/4.0; InfoPath.2; .NET CLR 1.1.4322; .NET CLR 2.0.50727; .NET CLR 3.0.4506.2152; .NET CLR 3.5.30729; .NET4.0C; .NET4.0E)"
84.117.8.246 - - [20/Jun/2014:08:23:59 -0400] "GET /images/696_blue_white_chandelier_-_installed-edited.jpg HTTP/1.1" 200 80559 "http://www.bogenriefstudios.com/bogenriefgallery/chandeliers.html" "Mozilla/4.0 (compatible; MSIE 8.0; Windows NT 5.1; Trident/4.0; InfoPath.2; .NET CLR 1.1.4322; .NET CLR 2.0.50727; .NET CLR 3.0.4506.2152; .NET CLR 3.5.30729; .NET4.0C; .NET4.0E)"
88.196.136.214 - - [20/Jun/2014:09:04:42 -0400] "GET /images/682_Detail_with_vines.JPG HTTP/1.1" 200 142065 "https://www.google.ee/" "Mozilla/5.0 (Windows NT 6.1; WOW64) AppleWebKit/537.36 (KHTML, like Gecko) Chrome/35.0.1916.153 Safari/537.36"
66.249.67.232 - - [20/Jun/2014:09:06:46 -0400] "GET /images/696_new26.JPG HTTP/1.1" 200 116253 "-" "Googlebot-Image/1.0"
189.7.105.6 - - [20/Jun/2014:10:01:24 -0400] "GET /scripts/website.css HTTP/1.1" 200 1646 "http://www.bogenriefstudios.com/bogenriefgallery/ladiesofbogenrief.html" "Mozilla/5.0 (Windows NT 6.3; WOW64) AppleWebKit/537.36 (KHTML, like Gecko) Chrome/35.0.1916.153 Safari/537.36"
189.7.105.6 - - [20/Jun/2014:10:01:25 -0400] "GET /images/photoalbum/button_photoPrev.jpg HTTP/1.1" 200 656 "http://www.bogenriefstudios.com/bogenriefgallery/ladiesofbogenrief.html" "Mozilla/5.0 (Windows NT 6.3; WOW64) AppleWebKit/537.36 (KHTML, like Gecko) Chrome/35.0.1916.153 Safari/537.36"
189.7.105.6 - - [20/Jun/2014:10:01:25 -0400] "GET /images/photoalbum/detail_close.jpg HTTP/1.1" 200 1095 "http://www.bogenriefstudios.com/bogenriefgallery/ladiesofbogenrief.html" "Mozilla/5.0 (Windows NT 6.3; WOW64) AppleWebKit/537.36 (KHTML, like Gecko) Chrome/35.0.1916.153 Safari/537.36"
189.7.105.6 - - [20/Jun/2014:10:01:25 -0400] "GET /images/518_LADY_Daydreamer_Lady_1.jpg HTTP/1.1" 200 144265 "http://www.bogenriefstudios.com/bogenriefgallery/ladiesofbogenrief.html" "Mozilla/5.0 (Windows NT 6.3; WOW64) AppleWebKit/537.36 (KHTML, like Gecko) Chrome/35.0.1916.153 Safari/537.36"
189.7.105.6 - - [20/Jun/2014:10:01:28 -0400] "GET /images/480_LADY_4_Seasons_Lady_Autumn_closeup_face.jpg HTTP/1.1" 200 17530 "http://www.bogenriefstudios.com/bogenriefgallery/ladiesofbogenrief.html" "Mozilla/5.0 (Windows NT 6.3; WOW64) AppleWebKit/537.36 (KHTML, like Gecko) Chrome/35.0.1916.153 Safari/537.36"
189.7.105.6 - - [20/Jun/2014:10:01:28 -0400] "GET /images/360_LADY_4_Seasons_Lady_Winter_closeup.jpg HTTP/1.1" 200 69872 "http://www.bogenriefstudios.com/bogenriefgallery/ladiesofbogenrief.html" "Mozilla/5.0 (Windows NT 6.3; WOW64) AppleWebKit/537.36 (KHTML, like Gecko) Chrome/35.0.1916.153 Safari/537.36"
189.7.105.6 - - [20/Jun/2014:10:01:29 -0400] "GET /images/227_LADY_Peacock_Lady_Green.jpg HTTP/1.1" 200 39796 "http://www.bogenriefstudios.com/bogenriefgallery/ladiesofbogenrief.html" "Mozilla/5.0 (Windows NT 6.3; WOW64) AppleWebKit/537.36 (KHTML, like Gecko) Chrome/35.0.1916.153 Safari/537.36"
189.7.105.6 - - [20/Jun/2014:10:01:30 -0400] "GET /images/230_LADY_Spanish_Dancer.jpg HTTP/1.1" 200 44042 "http://www.bogenriefstudios.com/bogenriefgallery/ladiesofbogenrief.html" "Mozilla/5.0 (Windows NT 6.3; WOW64) AppleWebKit/537.36 (KHTML, like Gecko) Chrome/35.0.1916.153 Safari/537.36"
189.7.105.6 - - [20/Jun/2014:10:01:57 -0400] "GET /images/334_LADY_Spanish_Dancer.jpg HTTP/1.1" 200 79710 "http://www.bogenriefstudios.com/bogenriefgallery/ladiesofbogenrief.html" "Mozilla/5.0 (Windows NT 6.3; WOW64) AppleWebKit/537.36 (KHTML, like Gecko) Chrome/35.0.1916.153 Safari/537.36"
50.19.35.2 - - [20/Jun/2014:10:50:52 -0400] "GET /robots.txt HTTP/1.0" 200 25 "-" "Python-urllib/1.17"
24.7.76.241 - - [20/Jun/2014:13:29:57 -0400] "GET /images/218_SPEN0017.JPG HTTP/1.1" 200 6178 "http://www.bogenriefstudios.com/bogenriefgallery/blownfusedglass.html" "Mozilla/5.0 (Windows NT 6.1) AppleWebKit/537.36 (KHTML, like Gecko) Chrome/35.0.1916.153 Safari/537.36"
24.7.76.241 - - [20/Jun/2014:13:29:57 -0400] "GET /images/480_SPEN0029.JPG HTTP/1.1" 200 25641 "http://www.bogenriefstudios.com/bogenriefgallery/blownfusedglass.html" "Mozilla/5.0 (Windows NT 6.1) AppleWebKit/537.36 (KHTML, like Gecko) Chrome/35.0.1916.153 Safari/537.36"
24.7.76.241 - - [20/Jun/2014:13:29:58 -0400] "GET /images/218_SUTH0008.JPG HTTP/1.1" 200 7614 "http://www.bogenriefstudios.com/bogenriefgallery/blownfusedglass.html" "Mozilla/5.0 (Windows NT 6.1) AppleWebKit/537.36 (KHTML, like Gecko) Chrome/35.0.1916.153 Safari/537.36"
24.7.76.241 - - [20/Jun/2014:13:29:58 -0400] "GET /images/218_SPEN0036.JPG HTTP/1.1" 200 8291 "http://www.bogenriefstudios.com/bogenriefgallery/blownfusedglass.html" "Mozilla/5.0 (Windows NT 6.1) AppleWebKit/537.36 (KHTML, like Gecko) Chrome/35.0.1916.153 Safari/537.36"
24.7.76.241 - - [20/Jun/2014:13:29:58 -0400] "GET /images/472_SPEN0100.JPG HTTP/1.1" 200 27955 "http://www.bogenriefstudios.com/bogenriefgallery/blownfusedglass.html" "Mozilla/5.0 (Windows NT 6.1) AppleWebKit/537.36 (KHTML, like Gecko) Chrome/35.0.1916.153 Safari/537.36"
24.7.76.241 - - [20/Jun/2014:13:29:58 -0400] "GET /images/403_SUTH0048.JPG HTTP/1.1" 200 24358 "http://www.bogenriefstudios.com/bogenriefgallery/blownfusedglass.html" "Mozilla/5.0 (Windows NT 6.1) AppleWebKit/537.36 (KHTML, like Gecko) Chrome/35.0.1916.153 Safari/537.36"
24.7.76.241 - - [20/Jun/2014:13:29:58 -0400] "GET /images/photoalbum/photo_controlBG.jpg HTTP/1.1" 200 336 "http://www.bogenriefstudios.com/bogenriefgallery/blownfusedglass.html" "Mozilla/5.0 (Windows NT 6.1) AppleWebKit/537.36 (KHTML, like Gecko) Chrome/35.0.1916.153 Safari/537.36"
66.55.152.251 - - [20/Jun/2014:13:35:34 -0400] "HEAD /images/321_Richards_install_004.JPG HTTP/1.1" 200 - "-" "Mozilla/5.0 (Windows NT 6.1; WOW64) AppleWebKit/537.36 (KHTML, like Gecko) Chrome/31.0.1650.63 Safari/537.36"
71.39.243.122 - - [20/Jun/2014:13:41:52 -0400] "GET /images/100_Elephant_detail.JPG HTTP/1.1" 200 8715 "http://www.bogenriefstudios.com/home.html" "Mozilla/5.0 (Linux; U; Android 4.3; en-us; SCH-R530U Build/JSS15J) AppleWebKit/534.30 (KHTML, like Gecko) Version/4.0 Mobile Safari/534.30 USCC-R530U"
220.181.108.161 - - [20/Jun/2014:02:29:38 -0400] "GET /facebooktwitter.html HTTP/1.1" 200 8186 "-" "Mozilla/5.0 (compatible; Baiduspider/2.0; +http://www.baidu.com/search/spider.html)"
199.30.20.9 - - [20/Jun/2014:05:42:17 -0400] "GET /images/321_DSC_0193.JPG HTTP/1.1" 200 15871 "-" "msnbot-media/1.1 (+http://search.msn.com/msnbot.htm)"
46.42.162.129 - - [20/Jun/2014:06:18:11 -0400] "GET /images/682_web_site_9-edited.jpg HTTP/1.1" 200 67889 "http://yandex.ru/images/search?source=wiz&uinfo=sw-1600-sh-900-ww-1579-wh-784-pd-1-wp-16x9_1600x900&_=1403259423775&p=17&text=%D1%80%D0%B8%D1%81%D1%83%D0%BD%D0%BE%D0%BA%20%D0%B4%D0%BB%D1%8F%20%D0%B2%D0%B8%D1%82%D1%80%D0%B0%D0%B6%D0%B0&noreask=1&pos=536&rpt=simage&lr=43&pin=1&img_url=http%3A%2F%2Fimg0.liveinternet.ru%2Fimages%2Fattach%2Fc%2F7%2F97%2F412%2F97412132_yzor13.jpg" "Mozilla/5.0 (Windows NT 6.1; WOW64) AppleWebKit/537.36 (KHTML, like Gecko) Chrome/35.0.1916.153 Safari/537.36 OPR/22.0.1471.70"
46.118.155.40 - - [20/Jun/2014:06:29:51 -0400] "GET / HTTP/1.1" 200 13883 "http://www.smartpet.ru/" "Mozilla/4.0 (compatible; MSIE 6.0; Windows NT 5.1; .NET CLR 1.0.3705)"
66.249.65.245 - - [20/Jun/2014:14:40:58 -0400] "GET /images/196_Blown_Glass_043.jpg HTTP/1.1" 304 - "-" "Googlebot-Image/1.0"
89.238.128.231 - - [20/Jun/2014:15:28:00 -0400] "GET /administrator/index.php HTTP/1.0" 403 225 "-" "-"
208.126.180.177 - - [20/Jun/2014:18:20:13 -0400] "GET /scripts/13custom.css HTTP/1.1" 200 2827 "http://www.bogenriefstudios.com/" "Mozilla/5.0 (compatible; MSIE 9.0; Windows NT 6.0; WOW64; Trident/5.0)"
208.126.180.177 - - [20/Jun/2014:18:20:13 -0400] "GET /images/198_023.JPG HTTP/1.1" 200 9799 "http://www.bogenriefstudios.com/" "Mozilla/5.0 (compatible; MSIE 9.0; Windows NT 6.0; WOW64; Trident/5.0)"
58.110.113.103 - - [20/Jun/2014:18:26:18 -0400] "GET /images/682_blue_white_chandelier_-_installed-edited.jpg HTTP/1.1" 200 79065 "https://www.google.com.au/" "Mozilla/5.0 (Windows NT 6.1) AppleWebKit/537.36 (KHTML, like Gecko) Chrome/35.0.1916.153 Safari/537.36"
46.119.120.207 - - [20/Jun/2014:19:00:25 -0400] "GET / HTTP/1.1" 200 13883 "http://replica-watch.ru/" "Mozilla/4.0 (compatible; MSIE 6.0; Windows NT) ::ELNSB50::000061100320025802a00111000000000507000900000000"
173.28.250.111 - - [20/Jun/2014:21:21:10 -0400] "GET /images/682_hawaii_027.jpg HTTP/1.1" 200 121507 "http://www.bogenriefstudios.com/differentpath.html" "Mozilla/5.0 (Windows NT 6.1; WOW64; Trident/7.0; rv:11.0) like Gecko"
173.28.250.111 - - [20/Jun/2014:21:22:57 -0400] "GET /images/600_lincoln,_NE_011.jpg HTTP/1.1" 200 91154 "http://www.bogenriefstudios.com/pricing.html" "Mozilla/5.0 (Windows NT 6.1; WOW64; Trident/7.0; rv:11.0) like Gecko"
124.171.73.12 - - [20/Jun/2014:22:00:49 -0400] "GET /images/107_Ridiculous_Bevel.JPG HTTP/1.1" 200 9748 "http://www.bogenriefstudios.com/bogenriefgallery/stainedglasswindows.html" "Mozilla/5.0 (Windows NT 6.1; WOW64; Trident/7.0; rv:11.0) like Gecko"
124.171.73.12 - - [20/Jun/2014:22:00:49 -0400] "GET /images/144_window_rose.JPG HTTP/1.1" 200 13788 "http://www.bogenriefstudios.com/bogenriefgallery/stainedglasswindows.html" "Mozilla/5.0 (Windows NT 6.1; WOW64; Trident/7.0; rv:11.0) like Gecko"
124.171.73.12 - - [20/Jun/2014:22:00:50 -0400] "GET /images/145_window_rose_closeup.JPG HTTP/1.1" 200 14671 "http://www.bogenriefstudios.com/bogenriefgallery/stainedglasswindows.html" "Mozilla/5.0 (Windows NT 6.1; WOW64; Trident/7.0; rv:11.0) like Gecko"
124.171.73.12 - - [20/Jun/2014:22:00:50 -0400] "GET /images/218_P1010067.JPG HTTP/1.1" 200 17270 "http://www.bogenriefstudios.com/bogenriefgallery/stainedglasswindows.html" "Mozilla/5.0 (Windows NT 6.1; WOW64; Trident/7.0; rv:11.0) like Gecko"
124.171.73.12 - - [20/Jun/2014:22:00:51 -0400] "GET /images/145_DSC_0055.JPG HTTP/1.1" 200 10327 "http://www.bogenriefstudios.com/bogenriefgallery/stainedglasswindows.html" "Mozilla/5.0 (Windows NT 6.1; WOW64; Trident/7.0; rv:11.0) like Gecko"
124.171.73.12 - - [20/Jun/2014:22:00:52 -0400] "GET /images/218_000_0031.JPG HTTP/1.1" 200 16332 "http://www.bogenriefstudios.com/bogenriefgallery/stainedglasswindows.html" "Mozilla/5.0 (Windows NT 6.1; WOW64; Trident/7.0; rv:11.0) like Gecko"
124.171.73.12 - - [20/Jun/2014:22:00:52 -0400] "GET /images/218_DSC_0100.JPG HTTP/1.1" 200 6754 "http://www.bogenriefstudios.com/bogenriefgallery/stainedglasswindows.html" "Mozilla/5.0 (Windows NT 6.1; WOW64; Trident/7.0; rv:11.0) like Gecko"
124.171.73.12 - - [20/Jun/2014:22:00:52 -0400] "GET /images/218_DSC_0084.JPG HTTP/1.1" 200 8321 "http://www.bogenriefstudios.com/bogenriefgallery/stainedglasswindows.html" "Mozilla/5.0 (Windows NT 6.1; WOW64; Trident/7.0; rv:11.0) like Gecko"
124.171.73.12 - - [20/Jun/2014:22:00:52 -0400] "GET /images/218_Omaha_show_004.JPG HTTP/1.1" 200 14321 "http://www.bogenriefstudios.com/bogenriefgallery/stainedglasswindows.html" "Mozilla/5.0 (Windows NT 6.1; WOW64; Trident/7.0; rv:11.0) like Gecko"
124.171.73.12 - - [20/Jun/2014:22:00:53 -0400] "GET /images/165_Bevel_Window2.jpg HTTP/1.1" 200 16638 "http://www.bogenriefstudios.com/bogenriefgallery/stainedglasswindows.html" "Mozilla/5.0 (Windows NT 6.1; WOW64; Trident/7.0; rv:11.0) like Gecko"
124.171.73.12 - - [20/Jun/2014:22:00:53 -0400] "GET /images/118_snowmass_1_PP.jpg HTTP/1.1" 200 10353 "http://www.bogenriefstudios.com/bogenriefgallery/stainedglasswindows.html" "Mozilla/5.0 (Windows NT 6.1; WOW64; Trident/7.0; rv:11.0) like Gecko"
124.171.73.12 - - [20/Jun/2014:22:00:54 -0400] "GET /images/60_DSC_0051.JPG HTTP/1.1" 200 5951 "http://www.bogenriefstudios.com/bogenriefgallery/stainedglasswindows.html" "Mozilla/5.0 (Windows NT 6.1; WOW64; Trident/7.0; rv:11.0) like Gecko"
124.171.73.12 - - [20/Jun/2014:22:00:54 -0400] "GET /images/145_DSC_0317.JPG HTTP/1.1" 200 7737 "http://www.bogenriefstudios.com/bogenriefgallery/stainedglasswindows.html" "Mozilla/5.0 (Windows NT 6.1; WOW64; Trident/7.0; rv:11.0) like Gecko"
124.171.73.12 - - [20/Jun/2014:22:00:55 -0400] "GET /images/480_071.JPG HTTP/1.1" 200 43447 "http://www.bogenriefstudios.com/bogenriefgallery/stainedglasswindows.html" "Mozilla/5.0 (Windows NT 6.1; WOW64; Trident/7.0; rv:11.0) like Gecko"
66.249.83.165 - - [20/Jun/2014:23:53:45 -0400] "GET /history.html HTTP/1.1" 200 14327 "http://www.bogenriefstudios.com/studiolocations.html" "Mozilla/5.0 (Linux; Android 4.4.2; XT907 Build/KDA20.62-10) AppleWebKit/537.36 (KHTML, like Gecko) Chrome/35.0.1916.141 Mobile Safari/537.36"
66.249.83.165 - - [20/Jun/2014:23:53:45 -0400] "GET /scripts/1custom.css HTTP/1.1" 200 2496 "http://www.bogenriefstudios.com/history.html" "Mozilla/5.0 (Linux; Android 4.4.2; XT907 Build/KDA20.62-10) AppleWebKit/537.36 (KHTML, like Gecko) Chrome/35.0.1916.141 Mobile Safari/537.36"
66.249.83.165 - - [20/Jun/2014:23:53:46 -0400] "GET /images/200_home_page_1.JPG HTTP/1.1" 200 17861 "http://www.bogenriefstudios.com/history.html" "Mozilla/5.0 (Linux; Android 4.4.2; XT907 Build/KDA20.62-10) AppleWebKit/537.36 (KHTML, like Gecko) Chrome/35.0.1916.141 Mobile Safari/537.36"
24.230.182.192 - - [20/Jun/2014:07:04:52 -0400] "GET /images/682_Ceiling_-_Lauritzen_Gardens_030_-_cropped.jpg HTTP/1.1" 200 124325 "http://www.bogenriefstudios.com/exclusiveofferings/exclusiveofferings.html" "Mozilla/5.0 (Windows NT 6.3; WOW64) AppleWebKit/537.36 (KHTML, like Gecko) Chrome/35.0.1916.153 Safari/537.36"
24.230.182.192 - - [20/Jun/2014:07:04:55 -0400] "GET /images/682_DSC_0055.JPG HTTP/1.1" 200 161775 "http://www.bogenriefstudios.com/exclusiveofferings/exclusiveofferings.html" "Mozilla/5.0 (Windows NT 6.3; WOW64) AppleWebKit/537.36 (KHTML, like Gecko) Chrome/35.0.1916.153 Safari/537.36"
84.117.8.246 - - [20/Jun/2014:08:20:03 -0400] "GET /images/218_mjbhome%20int%20sm%20scale.jpg HTTP/1.1" 404 575 "http://www.bogenriefstudios.com/bogenriefgallery/stainedglasswindows.html" "Mozilla/4.0 (compatible; MSIE 8.0; Windows NT 5.1; Trident/4.0; InfoPath.2; .NET CLR 1.1.4322; .NET CLR 2.0.50727; .NET CLR 3.0.4506.2152; .NET CLR 3.5.30729; .NET4.0C; .NET4.0E)"
84.117.8.246 - - [20/Jun/2014:08:23:50 -0400] "GET /images/424_DSC_0284.JPG HTTP/1.1" 200 88717 "http://www.bogenriefstudios.com/bogenriefgallery/terracehillrestoration.html" "Mozilla/4.0 (compatible; MSIE 8.0; Windows NT 5.1; Trident/4.0; InfoPath.2; .NET CLR 1.1.4322; .NET CLR 2.0.50727; .NET CLR 3.0.4506.2152; .NET CLR 3.5.30729; .NET4.0C; .NET4.0E)"
162.243.87.59 - - [20/Jun/2014:10:56:20 -0400] "GET /bogenriefgallery/thejunglewindow.html HTTP/1.1" 200 18159 "http://www.bogenriefstudios.com/" "Mozilla/5.0 (compatible; spbot/4.1.0; +http://OpenLinkProfiler.org/bot )"
131.253.24.11 - - [20/Jun/2014:03:58:02 -0400] "GET /robots.txt HTTP/1.1" 200 25 "-" "msnbot-media/1.1 (+http://search.msn.com/msnbot.htm)"
174.238.97.167 - - [20/Jun/2014:14:43:49 -0400] "GET /images/ic_034_body_bg_wide.jpg HTTP/1.1" 200 90532 "http://www.bogenriefstudios.com/studiolocations.html" "Mozilla/5.0 (iPhone; CPU iPhone OS 7_0_6 like Mac OS X) AppleWebKit/537.51.1 (KHTML, like Gecko) Version/7.0 Mobile/11B651 Safari/9537.53"
174.238.97.167 - - [20/Jun/2014:14:43:50 -0400] "GET /scripts/print.css HTTP/1.1" 200 - "http://www.bogenriefstudios.com/studiolocations.html" "Mozilla/5.0 (iPhone; CPU iPhone OS 7_0_6 like Mac OS X) AppleWebKit/537.51.1 (KHTML, like Gecko) Version/7.0 Mobile/11B651 Safari/9537.53"
76.0.23.206 - - [20/Jun/2014:14:58:21 -0400] "GET /images/321_rocklin_-_green_circle.jpg HTTP/1.1" 200 71393 "http://www.bing.com/images/search?q=stained+glass+circle+bevel&qs=n&form=QBIR&pq=stained+glass+circle+bevel&sc=8-17&sp=-1&sk=" "Mozilla/5.0 (compatible; MSIE 10.0; Windows NT 6.2; Trident/6.0)"
208.126.180.177 - - [20/Jun/2014:18:20:17 -0400] "GET /images/200_home_page_1.JPG HTTP/1.1" 200 17861 "http://www.bogenriefstudios.com/history.html" "Mozilla/5.0 (compatible; MSIE 9.0; Windows NT 6.0; WOW64; Trident/5.0)"
66.249.65.232 - - [20/Jun/2014:18:22:51 -0400] "GET /scripts/8custom.css HTTP/1.1" 200 804 "-" "Mozilla/5.0 (compatible; Googlebot/2.1; +http://www.google.com/bot.html)"
46.119.120.207 - - [20/Jun/2014:19:00:24 -0400] "GET / HTTP/1.1" 200 13883 "http://www.exchanges-bet.com/" "Mozilla/4.0 (compatible; MSIE 5.0; Windows 3.1)"
46.119.120.207 - - [20/Jun/2014:19:00:26 -0400] "GET / HTTP/1.1" 200 13883 "http://www.exchanges-bet.com/" "Mozilla/4.0 (compatible; MSIE 5.0; Windows 3.1)"
68.48.3.163 - - [20/Jun/2014:19:12:52 -0400] "GET /images/501_Sunburst_Chandelier_-_cropped.jpg HTTP/1.1" 200 168687 "https://www.google.com/" "Mozilla/5.0 (iPhone; CPU iPhone OS 6_1_3 like Mac OS X) AppleWebKit/536.26 (KHTML, like Gecko) Version/6.0 Mobile/10B329 Safari/8536.25"
75.168.108.181 - - [20/Jun/2014:19:33:46 -0400] "GET /images/214_SPEN0100.JPG HTTP/1.1" 200 8488 "http://www.bogenriefstudios.com/bogenriefgallery/blownfusedglass.html" "Mozilla/5.0 (iPhone; CPU iPhone OS 7_1 like Mac OS X) AppleWebKit/537.51.2 (KHTML, like Gecko) Version/7.0 Mobile/11D167 Safari/9537.53"
75.168.108.181 - - [20/Jun/2014:19:33:46 -0400] "GET /images/218_SUTH0008.JPG HTTP/1.1" 200 7614 "http://www.bogenriefstudios.com/bogenriefgallery/blownfusedglass.html" "Mozilla/5.0 (iPhone; CPU iPhone OS 7_1 like Mac OS X) AppleWebKit/537.51.2 (KHTML, like Gecko) Version/7.0 Mobile/11D167 Safari/9537.53"
75.168.108.181 - - [20/Jun/2014:19:33:46 -0400] "GET /images/685_SPEN0100.JPG HTTP/1.1" 200 50364 "http://www.bogenriefstudios.com/bogenriefgallery/blownfusedglass.html" "Mozilla/5.0 (iPhone; CPU iPhone OS 7_1 like Mac OS X) AppleWebKit/537.51.2 (KHTML, like Gecko) Version/7.0 Mobile/11D167 Safari/9537.53"
66.249.84.5 - - [20/Jun/2014:20:29:01 -0400] "GET / HTTP/1.1" 200 13883 "-" "Mozilla/5.0 (Windows NT 6.1; rv:6.0) Gecko/20110814 Firefox/6.0 Google favicon"
66.249.84.5 - - [20/Jun/2014:20:29:01 -0400] "GET /favicon.ico HTTP/1.1" 404 575 "-" "Mozilla/5.0 (Windows NT 6.1; rv:6.0) Gecko/20110814 Firefox/6.0 Google favicon"
70.208.93.113 - - [20/Jun/2014:20:31:55 -0400] "GET /images/682_blue_white_chandelier_-_installed-edited.jpg HTTP/1.1" 200 79065 "https://www.google.com/" "Mozilla/5.0 (Linux; Android 4.4.2; DROID RAZR HD Build/KDA20.62-10) AppleWebKit/537.36 (KHTML, like Gecko) Chrome/34.0.1847.114 Mobile Safari/537.36"
124.171.73.12 - - [20/Jun/2014:22:00:42 -0400] "GET /images/338_Combo_Windows_72_.jpg HTTP/1.1" 200 55530 "http://www.bogenriefstudios.com/bogenriefgallery/stainedglasswindows.html" "Mozilla/5.0 (Windows NT 6.1; WOW64; Trident/7.0; rv:11.0) like Gecko"
66.249.65.245 - - [20/Jun/2014:22:47:42 -0400] "GET /images/218_weddingblown_004.jpg HTTP/1.1" 304 - "-" "Googlebot-Image/1.0"
24.230.182.192 - - [20/Jun/2014:07:04:00 -0400] "GET /images/682_Four_Seasons_-_Spring.jpg HTTP/1.1" 206 1 "http://www.bogenriefstudios.com/exclusiveofferings/exclusiveofferings.html" "Mozilla/5.0 (Windows NT 6.3; WOW64) AppleWebKit/537.36 (KHTML, like Gecko) Chrome/35.0.1916.153 Safari/537.36"
24.230.182.192 - - [20/Jun/2014:07:04:00 -0400] "GET /images/682_Four_Seasons_-_Spring.jpg HTTP/1.1" 206 26096 "http://www.bogenriefstudios.com/exclusiveofferings/exclusiveofferings.html" "Mozilla/5.0 (Windows NT 6.3; WOW64) AppleWebKit/537.36 (KHTML, like Gecko) Chrome/35.0.1916.153 Safari/537.36"
24.230.182.192 - - [20/Jun/2014:07:04:01 -0400] "GET /images/682_Carnation.jpg HTTP/1.1" 200 117188 "http://www.bogenriefstudios.com/exclusiveofferings/exclusiveofferings.html" "Mozilla/5.0 (Windows NT 6.3; WOW64) AppleWebKit/537.36 (KHTML, like Gecko) Chrome/35.0.1916.153 Safari/537.36"
24.230.182.192 - - [20/Jun/2014:07:04:04 -0400] "GET /images/682_bogenrief.JPG HTTP/1.1" 200 94172 "http://www.bogenriefstudios.com/exclusiveofferings/exclusiveofferings.html" "Mozilla/5.0 (Windows NT 6.3; WOW64) AppleWebKit/537.36 (KHTML, like Gecko) Chrome/35.0.1916.153 Safari/537.36"
24.230.182.192 - - [20/Jun/2014:07:04:05 -0400] "GET /images/682_Lauritzen_Gardens_35_.jpg HTTP/1.1" 200 50111 "http://www.bogenriefstudios.com/exclusiveofferings/exclusiveofferings.html" "Mozilla/5.0 (Windows NT 6.3; WOW64) AppleWebKit/537.36 (KHTML, like Gecko) Chrome/35.0.1916.153 Safari/537.36"
198.27.83.181 - - [20/Jun/2014:07:38:37 -0400] "GET /robots.txt HTTP/1.1" 200 25 "-" "Mozilla/5.0 (compatible; meanpathbot/1.0; +http://www.meanpath.com/meanpathbot.html)"
198.27.83.181 - - [20/Jun/2014:07:38:37 -0400] "GET / HTTP/1.1" 200 13883 "-" "Mozilla/5.0 (compatible; meanpathbot/1.0; +http://www.meanpath.com/meanpathbot.html)"
84.117.8.246 - - [20/Jun/2014:08:17:26 -0400] "GET /images/231_Bevel_Window8.JPG HTTP/1.1" 200 40472 "http://www.bogenriefstudios.com/bogenriefgallery/stainedglasswindows.html" "Mozilla/4.0 (compatible; MSIE 8.0; Windows NT 5.1; Trident/4.0; InfoPath.2; .NET CLR 1.1.4322; .NET CLR 2.0.50727; .NET CLR 3.0.4506.2152; .NET CLR 3.5.30729; .NET4.0C; .NET4.0E)"
84.117.8.246 - - [20/Jun/2014:08:17:27 -0400] "GET /images/105_Bevel_Window8.JPG HTTP/1.1" 200 9972 "http://www.bogenriefstudios.com/bogenriefgallery/stainedglasswindows.html" "Mozilla/4.0 (compatible; MSIE 8.0; Windows NT 5.1; Trident/4.0; InfoPath.2; .NET CLR 1.1.4322; .NET CLR 2.0.50727; .NET CLR 3.0.4506.2152; .NET CLR 3.5.30729; .NET4.0C; .NET4.0E)"
84.117.8.246 - - [20/Jun/2014:08:17:27 -0400] "GET /images/145_new22.JPG HTTP/1.1" 200 14916 "http://www.bogenriefstudios.com/bogenriefgallery/stainedglasswindows.html" "Mozilla/4.0 (compatible; MSIE 8.0; Windows NT 5.1; Trident/4.0; InfoPath.2; .NET CLR 1.1.4322; .NET CLR 2.0.50727; .NET CLR 3.0.4506.2152; .NET CLR 3.5.30729; .NET4.0C; .NET4.0E)"
84.117.8.246 - - [20/Jun/2014:08:17:27 -0400] "GET /images/193_Omaha_show_039.JPG HTTP/1.1" 200 19047 "http://www.bogenriefstudios.com/bogenriefgallery/stainedglasswindows.html" "Mozilla/4.0 (compatible; MSIE 8.0; Windows NT 5.1; Trident/4.0; InfoPath.2; .NET CLR 1.1.4322; .NET CLR 2.0.50727; .NET CLR 3.0.4506.2152; .NET CLR 3.5.30729; .NET4.0C; .NET4.0E)"
84.117.8.246 - - [20/Jun/2014:08:17:27 -0400] "GET /images/218_web_site_9-edited.jpg HTTP/1.1" 200 9836 "http://www.bogenriefstudios.com/bogenriefgallery/stainedglasswindows.html" "Mozilla/4.0 (compatible; MSIE 8.0; Windows NT 5.1; Trident/4.0; InfoPath.2; .NET CLR 1.1.4322; .NET CLR 2.0.50727; .NET CLR 3.0.4506.2152; .NET CLR 3.5.30729; .NET4.0C; .NET4.0E)"
84.117.8.246 - - [20/Jun/2014:08:17:27 -0400] "GET /images/218_DSC_0100.JPG HTTP/1.1" 200 6754 "http://www.bogenriefstudios.com/bogenriefgallery/stainedglasswindows.html" "Mozilla/4.0 (compatible; MSIE 8.0; Windows NT 5.1; Trident/4.0; InfoPath.2; .NET CLR 1.1.4322; .NET CLR 2.0.50727; .NET CLR 3.0.4506.2152; .NET CLR 3.5.30729; .NET4.0C; .NET4.0E)"
84.117.8.246 - - [20/Jun/2014:08:17:28 -0400] "GET /images/218_Omaha_show_004.JPG HTTP/1.1" 200 14321 "http://www.bogenriefstudios.com/bogenriefgallery/stainedglasswindows.html" "Mozilla/4.0 (compatible; MSIE 8.0; Windows NT 5.1; Trident/4.0; InfoPath.2; .NET CLR 1.1.4322; .NET CLR 2.0.50727; .NET CLR 3.0.4506.2152; .NET CLR 3.5.30729; .NET4.0C; .NET4.0E)"
84.117.8.246 - - [20/Jun/2014:08:17:28 -0400] "GET /images/148_window_waterfall.JPG HTTP/1.1" 200 17236 "http://www.bogenriefstudios.com/bogenriefgallery/stainedglasswindows.html" "Mozilla/4.0 (compatible; MSIE 8.0; Windows NT 5.1; Trident/4.0; InfoPath.2; .NET CLR 1.1.4322; .NET CLR 2.0.50727; .NET CLR 3.0.4506.2152; .NET CLR 3.5.30729; .NET4.0C; .NET4.0E)"
84.117.8.246 - - [20/Jun/2014:08:17:28 -0400] "GET /images/75_rocklin_-_green_circle.jpg HTTP/1.1" 200 6434 "http://www.bogenriefstudios.com/bogenriefgallery/stainedglasswindows.html" "Mozilla/4.0 (compatible; MSIE 8.0; Windows NT 5.1; Trident/4.0; InfoPath.2; .NET CLR 1.1.4322; .NET CLR 2.0.50727; .NET CLR 3.0.4506.2152; .NET CLR 3.5.30729; .NET4.0C; .NET4.0E)"
84.117.8.246 - - [20/Jun/2014:08:17:28 -0400] "GET /images/147_lincoln,_NE_012.jpg HTTP/1.1" 200 14535 "http://www.bogenriefstudios.com/bogenriefgallery/stainedglasswindows.html" "Mozilla/4.0 (compatible; MSIE 8.0; Windows NT 5.1; Trident/4.0; InfoPath.2; .NET CLR 1.1.4322; .NET CLR 2.0.50727; .NET CLR 3.0.4506.2152; .NET CLR 3.5.30729; .NET4.0C; .NET4.0E)"
84.117.8.246 - - [20/Jun/2014:08:17:28 -0400] "GET /images/301_new24.JPG HTTP/1.1" 200 60158 "http://www.bogenriefstudios.com/bogenriefgallery/stainedglasswindows.html" "Mozilla/4.0 (compatible; MSIE 8.0; Windows NT 5.1; Trident/4.0; InfoPath.2; .NET CLR 1.1.4322; .NET CLR 2.0.50727; .NET CLR 3.0.4506.2152; .NET CLR 3.5.30729; .NET4.0C; .NET4.0E)"
84.117.8.246 - - [20/Jun/2014:08:17:29 -0400] "GET /images/480_web_site-edited.jpg HTTP/1.1" 200 82353 "http://www.bogenriefstudios.com/bogenriefgallery/stainedglasswindows.html" "Mozilla/4.0 (compatible; MSIE 8.0; Windows NT 5.1; Trident/4.0; InfoPath.2; .NET CLR 1.1.4322; .NET CLR 2.0.50727; .NET CLR 3.0.4506.2152; .NET CLR 3.5.30729; .NET4.0C; .NET4.0E)"
84.117.8.246 - - [20/Jun/2014:08:17:29 -0400] "GET /images/386_SF_grapes_006.JPG HTTP/1.1" 200 61665 "http://www.bogenriefstudios.com/bogenriefgallery/stainedglasswindows.html" "Mozilla/4.0 (compatible; MSIE 8.0; Windows NT 5.1; Trident/4.0; InfoPath.2; .NET CLR 1.1.4322; .NET CLR 2.0.50727; .NET CLR 3.0.4506.2152; .NET CLR 3.5.30729; .NET4.0C; .NET4.0E)"
84.117.8.246 - - [20/Jun/2014:08:17:29 -0400] "GET /images/480_window_circles.JPG HTTP/1.1" 200 25453 "http://www.bogenriefstudios.com/bogenriefgallery/stainedglasswindows.html" "Mozilla/4.0 (compatible; MSIE 8.0; Windows NT 5.1; Trident/4.0; InfoPath.2; .NET CLR 1.1.4322; .NET CLR 2.0.50727; .NET CLR 3.0.4506.2152; .NET CLR 3.5.30729; .NET4.0C; .NET4.0E)"
84.117.8.246 - - [20/Jun/2014:08:17:29 -0400] "GET /images/479_003.JPG HTTP/1.1" 200 38085 "http://www.bogenriefstudios.com/bogenriefgallery/stainedglasswindows.html" "Mozilla/4.0 (compatible; MSIE 8.0; Windows NT 5.1; Trident/4.0; InfoPath.2; .NET CLR 1.1.4322; .NET CLR 2.0.50727; .NET CLR 3.0.4506.2152; .NET CLR 3.5.30729; .NET4.0C; .NET4.0E)"
84.117.8.246 - - [20/Jun/2014:08:17:29 -0400] "GET /images/338_Combo_Windows_72_.jpg HTTP/1.1" 200 55530 "http://www.bogenriefstudios.com/bogenriefgallery/stainedglasswindows.html" "Mozilla/4.0 (compatible; MSIE 8.0; Windows NT 5.1; Trident/4.0; InfoPath.2; .NET CLR 1.1.4322; .NET CLR 2.0.50727; .NET CLR 3.0.4506.2152; .NET CLR 3.5.30729; .NET4.0C; .NET4.0E)"
84.117.8.246 - - [20/Jun/2014:08:17:30 -0400] "GET /images/265_P1010026.JPG HTTP/1.1" 200 55247 "http://www.bogenriefstudios.com/bogenriefgallery/stainedglasswindows.html" "Mozilla/4.0 (compatible; MSIE 8.0; Windows NT 5.1; Trident/4.0; InfoPath.2; .NET CLR 1.1.4322; .NET CLR 2.0.50727; .NET CLR 3.0.4506.2152; .NET CLR 3.5.30729; .NET4.0C; .NET4.0E)"
84.117.8.246 - - [20/Jun/2014:08:17:30 -0400] "GET /images/431_P1010130.JPG HTTP/1.1" 200 72434 "http://www.bogenriefstudios.com/bogenriefgallery/stainedglasswindows.html" "Mozilla/4.0 (compatible; MSIE 8.0; Windows NT 5.1; Trident/4.0; InfoPath.2; .NET CLR 1.1.4322; .NET CLR 2.0.50727; .NET CLR 3.0.4506.2152; .NET CLR 3.5.30729; .NET4.0C; .NET4.0E)"
84.117.8.246 - - [20/Jun/2014:08:17:30 -0400] "GET /images/253_nugget_window.JPG HTTP/1.1" 200 47276 "http://www.bogenriefstudios.com/bogenriefgallery/stainedglasswindows.html" "Mozilla/4.0 (compatible; MSIE 8.0; Windows NT 5.1; Trident/4.0; InfoPath.2; .NET CLR 1.1.4322; .NET CLR 2.0.50727; .NET CLR 3.0.4506.2152; .NET CLR 3.5.30729; .NET4.0C; .NET4.0E)"
84.117.8.246 - - [20/Jun/2014:08:18:29 -0400] "GET /images/512_mjbhome%20int%20sm%20scale.jpg HTTP/1.1" 200 49869 "http://www.bogenriefstudios.com/bogenriefgallery/stainedglasswindows.html" "Mozilla/4.0 (compatible; MSIE 8.0; Windows NT 5.1; Trident/4.0; InfoPath.2; .NET CLR 1.1.4322; .NET CLR 2.0.50727; .NET CLR 3.0.4506.2152; .NET CLR 3.5.30729; .NET4.0C; .NET4.0E)"
84.117.8.246 - - [20/Jun/2014:08:19:11 -0400] "GET /bogenriefgallery/ HTTP/1.1" 403 660 "http://www.bogenriefstudios.com/bogenriefgallery/stainedglasswindows.html" "Mozilla/4.0 (compatible; MSIE 8.0; Windows NT 5.1; Trident/4.0; InfoPath.2; .NET CLR 1.1.4322; .NET CLR 2.0.50727; .NET CLR 3.0.4506.2152; .NET CLR 3.5.30729; .NET4.0C; .NET4.0E)"
84.117.8.246 - - [20/Jun/2014:08:20:09 -0400] "GET /images/343_web_site_7.JPG HTTP/1.1" 200 82301 "http://www.bogenriefstudios.com/bogenriefgallery/stainedglasswindows.html" "Mozilla/4.0 (compatible; MSIE 8.0; Windows NT 5.1; Trident/4.0; InfoPath.2; .NET CLR 1.1.4322; .NET CLR 2.0.50727; .NET CLR 3.0.4506.2152; .NET CLR 3.5.30729; .NET4.0C; .NET4.0E)"
192.104.67.221 - - [20/Jun/2014:09:57:34 -0400] "GET /scripts/ic_globals_published.js HTTP/1.1" 200 566 "http://www.bogenriefstudios.com/studios.html" "Mozilla/4.0 (compatible; MSIE 8.0; Windows NT 6.1; WOW64; Trident/4.0; SLCC2; .NET CLR 2.0.50727; .NET CLR 3.5.30729; .NET CLR 3.0.30729; Media Center PC 6.0; InfoPath.3; .NET4.0C; .NET4.0E)"
192.104.67.221 - - [20/Jun/2014:09:57:34 -0400] "GET /images/682_blue_white_chandelier_-_installed-edited.jpg HTTP/1.1" 200 79065 "http://www.bogenriefstudios.com/studios.html" "Mozilla/4.0 (compatible; MSIE 8.0; Windows NT 6.1; WOW64; Trident/4.0; SLCC2; .NET CLR 2.0.50727; .NET CLR 3.5.30729; .NET CLR 3.0.30729; Media Center PC 6.0; InfoPath.3; .NET4.0C; .NET4.0E)"
192.104.67.221 - - [20/Jun/2014:09:57:34 -0400] "GET /images/682_Daydream_001.jpg HTTP/1.1" 200 215855 "http://www.bogenriefstudios.com/studios.html" "Mozilla/4.0 (compatible; MSIE 8.0; Windows NT 6.1; WOW64; Trident/4.0; SLCC2; .NET CLR 2.0.50727; .NET CLR 3.5.30729; .NET CLR 3.0.30729; Media Center PC 6.0; InfoPath.3; .NET4.0C; .NET4.0E)"
130.211.188.194 - - [20/Jun/2014:10:28:22 -0400] "GET / HTTP/1.0" 200 13883 "-" "NerdyBot"
5.199.142.250 - - [20/Jun/2014:12:50:28 -0400] "GET /public_html/modules/mod_sape/mod_sape.php HTTP/1.0" 404 575 "http://bogenriefstudios.com/public_html/modules/mod_sape/mod_sape.php" "Mozilla/4.0 (compatible; MSIE 6.0; Windows 98; Win 9x 4.90)"
93.34.181.37 - - [20/Jun/2014:13:13:12 -0400] "GET / HTTP/1.1" 200 13883 "http://semalt.semalt.com/crawler.php?u=http://bogenriefstudios.com" "Mozilla/5.0 (Windows NT 6.1; WOW64) AppleWebKit/537.36 (KHTML, like Gecko) Chrome/32.0.1700.107 Safari/537.36"
93.34.181.37 - - [20/Jun/2014:13:13:14 -0400] "GET /images/ic_034_body_bg_wide.jpg HTTP/1.1" 200 90532 "http://bogenriefstudios.com/" "Mozilla/5.0 (Windows NT 6.1; WOW64) AppleWebKit/537.36 (KHTML, like Gecko) Chrome/32.0.1700.107 Safari/537.36"
24.151.225.218 - - [20/Jun/2014:13:14:05 -0400] "GET /images/682_Detail_with_right_facing_parrot.jpg HTTP/1.1" 200 91003 "http://www.google.com/blank.html" "Mozilla/5.0 (Macintosh; Intel Mac OS X 10_6_8) AppleWebKit/534.59.10 (KHTML, like Gecko) Version/5.1.9 Safari/534.59.10"
66.55.152.251 - - [20/Jun/2014:13:34:40 -0400] "HEAD /scripts/template.css HTTP/1.1" 200 - "-" "Mozilla/5.0 (Windows NT 6.1; WOW64) AppleWebKit/537.36 (KHTML, like Gecko) Chrome/31.0.1650.63 Safari/537.36"
66.249.65.245 - - [20/Jun/2014:14:40:12 -0400] "GET /images/188_perfume_bottles.jpg HTTP/1.1" 304 - "-" "Googlebot-Image/1.0"
66.249.65.219 - - [20/Jun/2014:14:40:20 -0400] "GET /images/188_Blown_Glass_113_-_modified.jpg HTTP/1.1" 304 - "-" "Googlebot-Image/1.0"
66.249.65.232 - - [20/Jun/2014:14:40:35 -0400] "GET /images/188_ruffle_bowl.jpg HTTP/1.1" 304 - "-" "Googlebot-Image/1.0"
216.172.56.37 - - [20/Jun/2014:16:01:17 -0400] "GET / HTTP/1.1" 200 13883 "http://privhosting.com/" "Mozilla/5.0 (compatible; MSIE 10.0; Windows NT 6.1; WOW64; Trident/6.0)"
66.249.65.219 - - [20/Jun/2014:16:39:11 -0400] "GET /exclusiveofferings/exclusiveofferings.html HTTP/1.1" 304 - "-" "Mozilla/5.0 (compatible; Googlebot/2.1; +http://www.google.com/bot.html)"
93.41.218.254 - - [20/Jun/2014:20:17:05 -0400] "GET /images/392_P1010004-edited.jpg HTTP/1.1" 200 71852 "http://www.google.it/blank.html" "Mozilla/5.0 (Macintosh; U; Intel Mac OS X 10_6_8; it-it) AppleWebKit/533.21.1 (KHTML, like Gecko) Version/5.0.5 Safari/533.21.1"
124.171.73.12 - - [20/Jun/2014:21:58:27 -0400] "GET /images/480_ceilings_4_.jpg HTTP/1.1" 200 46528 "http://www.bogenriefstudios.com/bogenriefgallery/ceilingsdomes.html" "Mozilla/5.0 (Windows NT 6.1; WOW64; Trident/7.0; rv:11.0) like Gecko"
124.171.73.12 - - [20/Jun/2014:21:58:28 -0400] "GET /images/218_Water_Lily_Dome.JPG HTTP/1.1" 200 17262 "http://www.bogenriefstudios.com/bogenriefgallery/ceilingsdomes.html" "Mozilla/5.0 (Windows NT 6.1; WOW64; Trident/7.0; rv:11.0) like Gecko"
