85.209.89.216 - - [11/Sep/2020:18:57:10 -0400] "GET / HTTP/1.0" 200 15458 "https://nissan-auto.in/2020/02/25/mazda-cx-5-nissan-x-trail/" "Mozilla/4.0 (compatible; MSIE6.00; Windows 2009)"
114.119.155.122 - - [11/Sep/2020:20:24:11 -0400] "GET /differentpath.html HTTP/1.0" 200 10452 "-" "Mozilla/5.0 (Linux; Android 7.0;) AppleWebKit/537.36 (KHTML, like Gecko) Mobile Safari/537.36 (compatible; PetalBot;+http://aspiegel.com/petalbot)"
40.77.167.47 - - [11/Sep/2020:20:48:01 -0400] "GET /contactus.html HTTP/1.0" 200 11244 "-" "Mozilla/5.0 (compatible; bingbot/2.0; +http://www.bing.com/bingbot.htm)"
40.77.167.47 - - [11/Sep/2020:21:32:06 -0400] "GET /images/321_DSC_0259.JPG HTTP/1.0" 200 14445 "-" "Mozilla/5.0 (compatible; bingbot/2.0; +http://www.bing.com/bingbot.htm)"
166.181.83.197 - - [11/Sep/2020:21:34:32 -0400] "GET /bogenriefgallery.html HTTP/1.0" 200 15458 "http://www.bogenriefstudios.com/" "Mozilla/5.0 (Linux; Android 6.0.1; SAMSUNG SM-G900R4) AppleWebKit/537.36 (KHTML, like Gecko) SamsungBrowser/12.1 Chrome/79.0.3945.136 Mobile Safari/537.36"
166.181.83.197 - - [11/Sep/2020:21:38:11 -0400] "GET /scripts/5custom.css HTTP/1.0" 200 1820 "http://www.bogenriefstudios.com/studiolocations.html" "Mozilla/5.0 (Linux; Android 6.0.1; SAMSUNG SM-G900R4) AppleWebKit/537.36 (KHTML, like Gecko) SamsungBrowser/12.1 Chrome/79.0.3945.136 Mobile Safari/537.36"
114.119.147.181 - - [11/Sep/2020:22:09:17 -0400] "GET /bogenriefgallery/thejunglewindow.html HTTP/1.0" 200 26387 "-" "Mozilla/5.0 (Linux; Android 7.0;) AppleWebKit/537.36 (KHTML, like Gecko) Mobile Safari/537.36 (compatible; PetalBot;+http://aspiegel.com/petalbot)"
148.251.121.91 - - [11/Sep/2020:00:47:36 -0400] "GET /robots.txt HTTP/1.0" 200 25 "-" "DomainStatsBot/1.0 (https://domainstats.com/pages/our-bot)"
136.243.59.237 - - [11/Sep/2020:00:51:56 -0400] "GET /bogenriefgallery/lampshades.html HTTP/1.0" 200 23273 "-" "DomainStatsBot/1.0 (https://domainstats.com/pages/our-bot)"
136.243.17.142 - - [11/Sep/2020:01:03:36 -0400] "GET /bogenriefgallery/ceilingsdomes.html HTTP/1.0" 200 20613 "-" "DomainStatsBot/1.0 (https://domainstats.com/pages/our-bot)"
40.77.167.19 - - [11/Sep/2020:02:24:06 -0400] "GET /images/100_Grape_Dome_2_004.jpg HTTP/1.0" 200 6688 "-" "Mozilla/5.0 (compatible; bingbot/2.0; +http://www.bing.com/bingbot.htm)"
54.236.1.11 - - [11/Sep/2020:05:15:25 -0400] "GET /home.html HTTP/1.0" 200 25825 "-" "Mozilla/5.0 (compatible; Pinterestbot/1.0; +http://www.pinterest.com/bot.html)"
194.67.207.94 - - [11/Sep/2020:08:05:07 -0400] "GET / HTTP/1.0" 200 15458 "https://ua.velesritual.com.ua" "Mozilla/3.0 (compatible; MSIE2.00; Windows 2007)"
185.214.164.198 - - [11/Sep/2020:08:05:52 -0400] "GET / HTTP/1.0" 200 15458 "https://daigo-uz.com" "Mozilla/8.0 (compatible; MSIE6.00; Windows 2004)"
193.124.191.92 - - [11/Sep/2020:08:11:39 -0400] "GET / HTTP/1.0" 200 15458 "https://arte.style" "Mozilla/5.0 (compatible; MSIE2.00; Windows 2002)"
40.77.167.114 - - [11/Sep/2020:08:28:04 -0400] "GET /images/188_Blown_Glass_129_-_modified.jpg HTTP/1.0" 200 5335 "-" "Mozilla/5.0 (compatible; bingbot/2.0; +http://www.bing.com/bingbot.htm)"
54.236.1.11 - - [11/Sep/2020:10:33:31 -0400] "GET /availableforpurchase.html HTTP/1.0" 200 22554 "-" "Mozilla/5.0 (compatible; Pinterestbot/1.0; +http://www.pinterest.com/bot.html)"
177.228.11.213 - - [11/Sep/2020:10:33:32 -0400] "GET /images/682_rocklin_-_sun_moon.jpg HTTP/1.0" 200 28631 "http://www.bogenriefstudios.com/availableforpurchase.html" "Mozilla/5.0 (Linux; Android 8.0.0; SM-G570M Build/R16NW; wv) AppleWebKit/537.36 (KHTML, like Gecko) Version/4.0 Chrome/85.0.4183.81 Mobile Safari/537.36 [Pinterest/Android]"
177.228.11.213 - - [11/Sep/2020:10:33:32 -0400] "GET /images/682_DSC_0038.JPG HTTP/1.0" 200 89388 "http://www.bogenriefstudios.com/availableforpurchase.html" "Mozilla/5.0 (Linux; Android 8.0.0; SM-G570M Build/R16NW; wv) AppleWebKit/537.36 (KHTML, like Gecko) Version/4.0 Chrome/85.0.4183.81 Mobile Safari/537.36 [Pinterest/Android]"
177.228.11.213 - - [11/Sep/2020:10:33:32 -0400] "GET /images/682_Fl._trip_install_033.JPG HTTP/1.0" 200 227371 "http://www.bogenriefstudios.com/availableforpurchase.html" "Mozilla/5.0 (Linux; Android 8.0.0; SM-G570M Build/R16NW; wv) AppleWebKit/537.36 (KHTML, like Gecko) Version/4.0 Chrome/85.0.4183.81 Mobile Safari/537.36 [Pinterest/Android]"
177.228.11.213 - - [11/Sep/2020:10:33:33 -0400] "GET /images/682_a_items_onhand_027.JPG HTTP/1.0" 200 57298 "http://www.bogenriefstudios.com/availableforpurchase.html" "Mozilla/5.0 (Linux; Android 8.0.0; SM-G570M Build/R16NW; wv) AppleWebKit/537.36 (KHTML, like Gecko) Version/4.0 Chrome/85.0.4183.81 Mobile Safari/537.36 [Pinterest/Android]"
114.119.156.16 - - [11/Sep/2020:10:48:05 -0400] "GET /history.html HTTP/1.0" 200 13966 "-" "Mozilla/5.0 (Linux; Android 7.0;) AppleWebKit/537.36 (KHTML, like Gecko) Mobile Safari/537.36 (compatible; PetalBot;+http://aspiegel.com/petalbot)"
207.46.13.119 - - [11/Sep/2020:11:44:23 -0400] "GET /bogenriefgallery/ladiesofbogenrief.html HTTP/1.0" 200 19587 "-" "Mozilla/5.0 (compatible; bingbot/2.0; +http://www.bing.com/bingbot.htm)"
73.125.59.138 - - [11/Sep/2020:13:17:00 -0400] "GET /scripts/website.css HTTP/1.0" 200 1646 "http://www.bogenriefstudios.com/availableforpurchase.html" "Mozilla/5.0 (Windows NT 10.0; Win64; x64) AppleWebKit/537.36 (KHTML, like Gecko) Chrome/85.0.4183.102 Safari/537.36"
73.125.59.138 - - [11/Sep/2020:13:17:00 -0400] "GET /images/629_Four_Seasons_-_Summer_001.jpg HTTP/1.0" 200 249120 "http://www.bogenriefstudios.com/availableforpurchase.html" "Mozilla/5.0 (Windows NT 10.0; Win64; x64) AppleWebKit/537.36 (KHTML, like Gecko) Chrome/85.0.4183.102 Safari/537.36"
73.125.59.138 - - [11/Sep/2020:13:17:01 -0400] "GET /images/682_DSC_0053.JPG HTTP/1.0" 200 60076 "http://www.bogenriefstudios.com/availableforpurchase.html" "Mozilla/5.0 (Windows NT 10.0; Win64; x64) AppleWebKit/537.36 (KHTML, like Gecko) Chrome/85.0.4183.102 Safari/537.36"
73.125.59.138 - - [11/Sep/2020:13:17:01 -0400] "GET /images/682_door_numbers_012.JPG HTTP/1.0" 200 86872 "http://www.bogenriefstudios.com/availableforpurchase.html" "Mozilla/5.0 (Windows NT 10.0; Win64; x64) AppleWebKit/537.36 (KHTML, like Gecko) Chrome/85.0.4183.102 Safari/537.36"
166.182.85.197 - - [11/Sep/2020:15:30:44 -0400] "GET /scripts/13custom.css HTTP/1.0" 200 3501 "http://www.bogenriefstudios.com/" "Mozilla/5.0 (iPhone; CPU iPhone OS 13_6_1 like Mac OS X) AppleWebKit/605.1.15 (KHTML, like Gecko) Version/13.1.2 Mobile/15E148 Safari/604.1"
166.182.85.197 - - [11/Sep/2020:15:30:49 -0400] "GET /favicon.ico HTTP/1.0" 404 575 "http://www.bogenriefstudios.com/" "Mozilla/5.0 (iPhone; CPU iPhone OS 13_6_1 like Mac OS X) AppleWebKit/605.1.15 (KHTML, like Gecko) Version/13.1.2 Mobile/15E148 Safari/604.1"
166.182.85.197 - - [11/Sep/2020:15:31:16 -0400] "GET /scripts/5custom.css HTTP/1.0" 200 1820 "http://www.bogenriefstudios.com/studiolocations.html" "Mozilla/5.0 (iPhone; CPU iPhone OS 13_6_1 like Mac OS X) AppleWebKit/605.1.15 (KHTML, like Gecko) Version/13.1.2 Mobile/15E148 Safari/604.1"
166.182.85.47 - - [11/Sep/2020:15:36:43 -0400] "GET /scripts/ic_globals_published.js HTTP/1.0" 200 566 "http://www.bogenriefstudios.com/" "Mozilla/5.0 (Linux; Android 6.0.1; SAMSUNG SM-G900R4) AppleWebKit/537.36 (KHTML, like Gecko) SamsungBrowser/12.1 Chrome/79.0.3945.136 Mobile Safari/537.36"
166.182.85.47 - - [11/Sep/2020:15:36:43 -0400] "GET /scripts/user.js HTTP/1.0" 200 23762 "http://www.bogenriefstudios.com/" "Mozilla/5.0 (Linux; Android 6.0.1; SAMSUNG SM-G900R4) AppleWebKit/537.36 (KHTML, like Gecko) SamsungBrowser/12.1 Chrome/79.0.3945.136 Mobile Safari/537.36"
166.182.85.47 - - [11/Sep/2020:15:36:43 -0400] "GET /scripts/13custom.css HTTP/1.0" 200 3501 "http://www.bogenriefstudios.com/" "Mozilla/5.0 (Linux; Android 6.0.1; SAMSUNG SM-G900R4) AppleWebKit/537.36 (KHTML, like Gecko) SamsungBrowser/12.1 Chrome/79.0.3945.136 Mobile Safari/537.36"
166.182.85.47 - - [11/Sep/2020:15:36:43 -0400] "GET /images/678_post_card.JPG HTTP/1.0" 200 131354 "http://www.bogenriefstudios.com/" "Mozilla/5.0 (Linux; Android 6.0.1; SAMSUNG SM-G900R4) AppleWebKit/537.36 (KHTML, like Gecko) SamsungBrowser/12.1 Chrome/79.0.3945.136 Mobile Safari/537.36"
166.182.85.47 - - [11/Sep/2020:15:36:43 -0400] "GET /images/198_023.JPG HTTP/1.0" 200 9799 "http://www.bogenriefstudios.com/" "Mozilla/5.0 (Linux; Android 6.0.1; SAMSUNG SM-G900R4) AppleWebKit/537.36 (KHTML, like Gecko) SamsungBrowser/12.1 Chrome/79.0.3945.136 Mobile Safari/537.36"
166.182.85.47 - - [11/Sep/2020:15:36:44 -0400] "GET /images/321_Richards_install_004.JPG HTTP/1.0" 200 21479 "http://www.bogenriefstudios.com/" "Mozilla/5.0 (Linux; Android 6.0.1; SAMSUNG SM-G900R4) AppleWebKit/537.36 (KHTML, like Gecko) SamsungBrowser/12.1 Chrome/79.0.3945.136 Mobile Safari/537.36"
166.182.85.47 - - [11/Sep/2020:15:36:44 -0400] "GET /scripts/print.css HTTP/1.0" 200 - "http://www.bogenriefstudios.com/" "Mozilla/5.0 (Linux; Android 6.0.1; SAMSUNG SM-G900R4) AppleWebKit/537.36 (KHTML, like Gecko) SamsungBrowser/12.1 Chrome/79.0.3945.136 Mobile Safari/537.36"
3.137.140.232 - - [11/Sep/2020:16:06:45 -0400] "GET /scripts/ic_globals_published.js HTTP/1.0" 200 566 "http://bogenriefstudios.com/" "Mozilla/5.0 (Windows NT 6.1; WOW64; rv:6.0a2) Gecko/20110622 Firefox/6.0a2"
66.102.8.221 - - [11/Sep/2020:16:11:30 -0400] "GET /images/682_web_site_6-edited.jpg HTTP/1.0" 200 122130 "-" "Mozilla/5.0 (Windows NT 5.1; rv:11.0) Gecko Firefox/11.0 (via ggpht.com GoogleImageProxy)"
66.249.65.202 - - [11/Sep/2020:16:24:04 -0400] "GET /index.html HTTP/1.0" 200 15458 "-" "Mozilla/5.0 (Linux; Android 6.0.1; Nexus 5X Build/MMB29P) AppleWebKit/537.36 (KHTML, like Gecko) Chrome/80.0.3987.92 Mobile Safari/537.36 (compatible; Googlebot/2.1; +http://www.google.com/bot.html)"
190.161.93.239 - - [11/Sep/2020:16:32:04 -0400] "GET /scripts/website.css HTTP/1.0" 200 1646 "http://www.bogenriefstudios.com/availableforpurchase.html" "Mozilla/5.0 (Windows NT 6.2; Win64; x64) AppleWebKit/537.36 (KHTML, like Gecko) Chrome/85.0.4183.102 Safari/537.36"
190.161.93.239 - - [11/Sep/2020:16:32:04 -0400] "GET /scripts/template.css HTTP/1.0" 200 9956 "http://www.bogenriefstudios.com/availableforpurchase.html" "Mozilla/5.0 (Windows NT 6.2; Win64; x64) AppleWebKit/537.36 (KHTML, like Gecko) Chrome/85.0.4183.102 Safari/537.36"
190.161.93.239 - - [11/Sep/2020:16:32:04 -0400] "GET /images/682_DSC_0038.JPG HTTP/1.0" 200 89388 "http://www.bogenriefstudios.com/availableforpurchase.html" "Mozilla/5.0 (Windows NT 6.2; Win64; x64) AppleWebKit/537.36 (KHTML, like Gecko) Chrome/85.0.4183.102 Safari/537.36"
190.161.93.239 - - [11/Sep/2020:16:32:05 -0400] "GET /images/682_DSC_0053.JPG HTTP/1.0" 200 60076 "http://www.bogenriefstudios.com/availableforpurchase.html" "Mozilla/5.0 (Windows NT 6.2; Win64; x64) AppleWebKit/537.36 (KHTML, like Gecko) Chrome/85.0.4183.102 Safari/537.36"
190.161.93.239 - - [11/Sep/2020:16:32:05 -0400] "GET /images/677_SF_grapes_013.JPG HTTP/1.0" 200 216725 "http://www.bogenriefstudios.com/availableforpurchase.html" "Mozilla/5.0 (Windows NT 6.2; Win64; x64) AppleWebKit/537.36 (KHTML, like Gecko) Chrome/85.0.4183.102 Safari/537.36"
190.161.93.239 - - [11/Sep/2020:16:32:06 -0400] "GET /images/682_atlanta_trip_005.JPG HTTP/1.0" 200 45298 "http://www.bogenriefstudios.com/availableforpurchase.html" "Mozilla/5.0 (Windows NT 6.2; Win64; x64) AppleWebKit/537.36 (KHTML, like Gecko) Chrome/85.0.4183.102 Safari/537.36"
190.161.93.239 - - [11/Sep/2020:16:32:06 -0400] "GET /images/682_auction_SF_015.JPG HTTP/1.0" 200 91790 "http://www.bogenriefstudios.com/availableforpurchase.html" "Mozilla/5.0 (Windows NT 6.2; Win64; x64) AppleWebKit/537.36 (KHTML, like Gecko) Chrome/85.0.4183.102 Safari/537.36"
166.225.71.251 - - [11/Sep/2020:17:21:29 -0400] "GET /favicon.ico HTTP/1.0" 404 575 "http://www.bogenriefstudios.com/" "Mozilla/5.0 (Linux; Android 6.0.1; SAMSUNG SM-G900R4) AppleWebKit/537.36 (KHTML, like Gecko) SamsungBrowser/12.1 Chrome/79.0.3945.136 Mobile Safari/537.36"
173.30.73.100 - - [11/Sep/2020:17:50:17 -0400] "GET /scripts/photoalbum.js HTTP/1.0" 200 62481 "http://www.bogenriefstudios.com/" "Mozilla/5.0 (Linux; Android 10; SM-G960U) AppleWebKit/537.36 (KHTML, like Gecko) Chrome/85.0.4183.81 Mobile Safari/537.36"
173.30.73.100 - - [11/Sep/2020:17:52:31 -0400] "GET /scripts/website.css HTTP/1.0" 200 1646 "http://www.bogenriefstudios.com/bogenriefgallery.html" "Mozilla/5.0 (Linux; Android 10; SAMSUNG SM-G960U) AppleWebKit/537.36 (KHTML, like Gecko) SamsungBrowser/12.1 Chrome/79.0.3945.136 Mobile Safari/537.36"
173.30.73.100 - - [11/Sep/2020:17:52:31 -0400] "GET /scripts/photoalbum.js HTTP/1.0" 200 62481 "http://www.bogenriefstudios.com/bogenriefgallery.html" "Mozilla/5.0 (Linux; Android 10; SAMSUNG SM-G960U) AppleWebKit/537.36 (KHTML, like Gecko) SamsungBrowser/12.1 Chrome/79.0.3945.136 Mobile Safari/537.36"
173.30.73.100 - - [11/Sep/2020:17:52:31 -0400] "GET /images/678_post_card.JPG HTTP/1.0" 200 131354 "http://www.bogenriefstudios.com/bogenriefgallery.html" "Mozilla/5.0 (Linux; Android 10; SAMSUNG SM-G960U) AppleWebKit/537.36 (KHTML, like Gecko) SamsungBrowser/12.1 Chrome/79.0.3945.136 Mobile Safari/537.36"
173.30.73.100 - - [11/Sep/2020:17:59:04 -0400] "GET /images/198_023.JPG HTTP/1.0" 200 9799 "http://bogenriefstudios.com/?fbclid=IwAR3exH-qbbKS4mYNjowvt_8s3O0SmxaMNdYf49tBB-zq84cUwT0YOTHEe5Y" "Mozilla/5.0 (Linux; Android 10; SM-G960U) AppleWebKit/537.36 (KHTML, like Gecko) Chrome/85.0.4183.81 Mobile Safari/537.36"
173.30.73.100 - - [11/Sep/2020:17:59:04 -0400] "GET /images/198_door_019.JPG HTTP/1.0" 200 8796 "http://bogenriefstudios.com/?fbclid=IwAR3exH-qbbKS4mYNjowvt_8s3O0SmxaMNdYf49tBB-zq84cUwT0YOTHEe5Y" "Mozilla/5.0 (Linux; Android 10; SM-G960U) AppleWebKit/537.36 (KHTML, like Gecko) Chrome/85.0.4183.81 Mobile Safari/537.36"
173.30.73.100 - - [11/Sep/2020:17:59:20 -0400] "GET /history.html HTTP/1.0" 200 13966 "http://bogenriefstudios.com/bogenriefgallery.html" "Mozilla/5.0 (Linux; Android 10; SM-G960U) AppleWebKit/537.36 (KHTML, like Gecko) Chrome/85.0.4183.81 Mobile Safari/537.36"
173.30.73.100 - - [11/Sep/2020:17:59:40 -0400] "GET /images/164_SPEN0088.JPG HTTP/1.0" 200 5525 "http://bogenriefstudios.com/bogenriefgallery/blownfusedglass.html" "Mozilla/5.0 (Linux; Android 10; SM-G960U) AppleWebKit/537.36 (KHTML, like Gecko) Chrome/85.0.4183.81 Mobile Safari/537.36"
173.30.73.100 - - [11/Sep/2020:17:59:40 -0400] "GET /images/148_SPEN0003.JPG HTTP/1.0" 200 8558 "http://bogenriefstudios.com/bogenriefgallery/blownfusedglass.html" "Mozilla/5.0 (Linux; Android 10; SM-G960U) AppleWebKit/537.36 (KHTML, like Gecko) Chrome/85.0.4183.81 Mobile Safari/537.36"
173.30.73.100 - - [11/Sep/2020:17:59:40 -0400] "GET /images/480_SPEN0034.JPG HTTP/1.0" 200 20513 "http://bogenriefstudios.com/bogenriefgallery/blownfusedglass.html" "Mozilla/5.0 (Linux; Android 10; SM-G960U) AppleWebKit/537.36 (KHTML, like Gecko) Chrome/85.0.4183.81 Mobile Safari/537.36"
173.30.73.100 - - [11/Sep/2020:17:59:40 -0400] "GET /images/480_SPEN0048.JPG HTTP/1.0" 200 25152 "http://bogenriefstudios.com/bogenriefgallery/blownfusedglass.html" "Mozilla/5.0 (Linux; Android 10; SM-G960U) AppleWebKit/537.36 (KHTML, like Gecko) Chrome/85.0.4183.81 Mobile Safari/537.36"
173.30.73.100 - - [11/Sep/2020:17:59:41 -0400] "GET /images/480_weddingblown_029.jpg HTTP/1.0" 200 25966 "http://bogenriefstudios.com/bogenriefgallery/blownfusedglass.html" "Mozilla/5.0 (Linux; Android 10; SM-G960U) AppleWebKit/537.36 (KHTML, like Gecko) Chrome/85.0.4183.81 Mobile Safari/537.36"
85.209.89.224 - - [11/Sep/2020:18:51:40 -0400] "GET / HTTP/1.0" 200 15458 "http://rupolitshow.ru/vesti" "Mozilla/4.0 (compatible; MSIE3.00; Windows 2007)"
159.89.234.55 - - [11/Sep/2020:18:55:45 -0400] "GET /apple-touch-icon-152x152.png HTTP/1.0" 404 575 "-" "MobileSafari/604.1 CFNetwork/978.0.7 Darwin/18.7.0"
185.5.249.185 - - [11/Sep/2020:19:06:41 -0400] "GET / HTTP/1.0" 200 15458 "https://xn--80akhjdecnjofu.xn--p1ai/catalog/polok-lipa" "Mozilla/6.0 (compatible; MSIE7.00; Windows 2005)"
54.36.149.39 - - [11/Sep/2020:19:20:35 -0400] "GET /robots.txt HTTP/1.0" 200 25 "-" "Mozilla/5.0 (compatible; AhrefsBot/6.1; +http://ahrefs.com/robot/)"
114.119.133.201 - - [11/Sep/2020:20:16:43 -0400] "GET /bogenriefgallery/chandeliers.html HTTP/1.0" 200 16722 "-" "Mozilla/5.0 (Linux; Android 7.0;) AppleWebKit/537.36 (KHTML, like Gecko) Mobile Safari/537.36 (compatible; PetalBot;+http://aspiegel.com/petalbot)"
166.181.83.197 - - [11/Sep/2020:21:38:09 -0400] "GET /studiolocations.html HTTP/1.0" 200 13072 "http://www.bogenriefstudios.com/bogenriefgallery.html" "Mozilla/5.0 (Linux; Android 6.0.1; SAMSUNG SM-G900R4) AppleWebKit/537.36 (KHTML, like Gecko) SamsungBrowser/12.1 Chrome/79.0.3945.136 Mobile Safari/537.36"
66.249.65.200 - - [11/Sep/2020:22:11:00 -0400] "GET /scripts/user.js HTTP/1.0" 200 23762 "http://www.bogenriefstudios.com/pricing.html" "Mozilla/5.0 (Linux; Android 6.0.1; Nexus 5X Build/MMB29P) AppleWebKit/537.36 (KHTML, like Gecko) Chrome/85.0.4183.105 Mobile Safari/537.36 (compatible; Googlebot/2.1; +http://www.google.com/bot.html)"
77.88.5.213 - - [11/Sep/2020:22:55:15 -0400] "GET /robots.txt HTTP/1.0" 200 25 "-" "Mozilla/5.0 (compatible; YandexBot/3.0; +http://yandex.com/bots)"
77.88.5.213 - - [11/Sep/2020:22:55:15 -0400] "GET /robots.txt HTTP/1.0" 200 25 "-" "Mozilla/5.0 (compatible; YandexBot/3.0; +http://yandex.com/bots)"
136.243.17.142 - - [11/Sep/2020:00:51:38 -0400] "GET /contactus.html HTTP/1.0" 200 11244 "-" "DomainStatsBot/1.0 (https://domainstats.com/pages/our-bot)"
136.243.222.140 - - [11/Sep/2020:00:53:37 -0400] "GET /bogenriefgallery/ladiesofbogenrief.html HTTP/1.0" 200 19587 "-" "DomainStatsBot/1.0 (https://domainstats.com/pages/our-bot)"
136.243.17.142 - - [11/Sep/2020:00:57:55 -0400] "GET /studiolocations.html HTTP/1.0" 200 13072 "-" "DomainStatsBot/1.0 (https://domainstats.com/pages/our-bot)"
136.243.59.237 - - [11/Sep/2020:00:59:14 -0400] "GET /bogenriefgallery.html HTTP/1.0" 200 15458 "-" "DomainStatsBot/1.0 (https://domainstats.com/pages/our-bot)"
157.55.39.232 - - [11/Sep/2020:07:14:06 -0400] "GET /bogenriefgallery.html HTTP/1.0" 200 15458 "-" "Mozilla/5.0 (compatible; bingbot/2.0; +http://www.bing.com/bingbot.htm)"
40.77.167.114 - - [11/Sep/2020:07:26:23 -0400] "GET /images/100_Detail_with_fronds.jpg HTTP/1.0" 200 4335 "-" "Mozilla/5.0 (compatible; bingbot/2.0; +http://www.bing.com/bingbot.htm)"
212.86.109.31 - - [11/Sep/2020:07:53:01 -0400] "GET / HTTP/1.0" 200 15458 "http://pr.ua/catalog/news/99" "Mozilla/2.0 (compatible; MSIE4.00; Windows 2009)"
66.249.65.174 - - [11/Sep/2020:08:30:09 -0400] "GET /ads.txt HTTP/1.0" 404 575 "-" "Mozilla/5.0 (compatible; Googlebot/2.1; +http://www.google.com/bot.html)"
54.36.148.17 - - [11/Sep/2020:10:20:21 -0400] "GET /bogenriefgallery/combowindows.html HTTP/1.0" 200 36051 "-" "Mozilla/5.0 (compatible; AhrefsBot/7.0; +http://ahrefs.com/robot/)"
177.228.11.213 - - [11/Sep/2020:10:33:31 -0400] "GET /scripts/website.css HTTP/1.0" 200 1646 "http://www.bogenriefstudios.com/availableforpurchase.html" "Mozilla/5.0 (Linux; Android 8.0.0; SM-G570M Build/R16NW; wv) AppleWebKit/537.36 (KHTML, like Gecko) Version/4.0 Chrome/85.0.4183.81 Mobile Safari/537.36 [Pinterest/Android]"
177.228.11.213 - - [11/Sep/2020:10:33:31 -0400] "GET /scripts/template.css HTTP/1.0" 200 9956 "http://www.bogenriefstudios.com/availableforpurchase.html" "Mozilla/5.0 (Linux; Android 8.0.0; SM-G570M Build/R16NW; wv) AppleWebKit/537.36 (KHTML, like Gecko) Version/4.0 Chrome/85.0.4183.81 Mobile Safari/537.36 [Pinterest/Android]"
177.228.11.213 - - [11/Sep/2020:10:33:32 -0400] "GET /images/682_grand_baby_008.JPG HTTP/1.0" 200 187142 "http://www.bogenriefstudios.com/availableforpurchase.html" "Mozilla/5.0 (Linux; Android 8.0.0; SM-G570M Build/R16NW; wv) AppleWebKit/537.36 (KHTML, like Gecko) Version/4.0 Chrome/85.0.4183.81 Mobile Safari/537.36 [Pinterest/Android]"
177.228.11.213 - - [11/Sep/2020:10:33:33 -0400] "GET /images/682_a_items_onhand_025.JPG HTTP/1.0" 200 133679 "http://www.bogenriefstudios.com/availableforpurchase.html" "Mozilla/5.0 (Linux; Android 8.0.0; SM-G570M Build/R16NW; wv) AppleWebKit/537.36 (KHTML, like Gecko) Version/4.0 Chrome/85.0.4183.81 Mobile Safari/537.36 [Pinterest/Android]"
177.228.11.213 - - [11/Sep/2020:10:33:33 -0400] "GET /images/682_DSC_0317.JPG HTTP/1.0" 200 106553 "http://www.bogenriefstudios.com/availableforpurchase.html" "Mozilla/5.0 (Linux; Android 8.0.0; SM-G570M Build/R16NW; wv) AppleWebKit/537.36 (KHTML, like Gecko) Version/4.0 Chrome/85.0.4183.81 Mobile Safari/537.36 [Pinterest/Android]"
66.249.65.172 - - [11/Sep/2020:12:17:50 -0400] "GET /favicon.ico HTTP/1.0" 404 575 "-" "Googlebot-Image/1.0"
125.209.235.184 - - [11/Sep/2020:13:05:25 -0400] "GET / HTTP/1.0" 200 15458 "-" "Mozilla/5.0 (Windows NT 6.1; WOW64) AppleWebKit/537.36 (KHTML, like Gecko) Chrome/52.0.2743.116 Safari/537.36"
73.125.59.138 - - [11/Sep/2020:13:17:00 -0400] "GET /scripts/6custom.css HTTP/1.0" 200 8234 "http://www.bogenriefstudios.com/availableforpurchase.html" "Mozilla/5.0 (Windows NT 10.0; Win64; x64) AppleWebKit/537.36 (KHTML, like Gecko) Chrome/85.0.4183.102 Safari/537.36"
73.125.59.138 - - [11/Sep/2020:13:17:00 -0400] "GET /images/ic_034_body_bg_wide.jpg HTTP/1.0" 200 90532 "http://www.bogenriefstudios.com/scripts/template.css" "Mozilla/5.0 (Windows NT 10.0; Win64; x64) AppleWebKit/537.36 (KHTML, like Gecko) Chrome/85.0.4183.102 Safari/537.36"
73.125.59.138 - - [11/Sep/2020:13:17:01 -0400] "GET /images/682_Fl._trip_install_033.JPG HTTP/1.0" 200 227371 "http://www.bogenriefstudios.com/availableforpurchase.html" "Mozilla/5.0 (Windows NT 10.0; Win64; x64) AppleWebKit/537.36 (KHTML, like Gecko) Chrome/85.0.4183.102 Safari/537.36"
73.125.59.138 - - [11/Sep/2020:13:17:01 -0400] "GET /images/682_bevel_dome_grape_dome_015.JPG HTTP/1.0" 200 68000 "http://www.bogenriefstudios.com/availableforpurchase.html" "Mozilla/5.0 (Windows NT 10.0; Win64; x64) AppleWebKit/537.36 (KHTML, like Gecko) Chrome/85.0.4183.102 Safari/537.36"
73.125.59.138 - - [11/Sep/2020:13:17:01 -0400] "GET /images/682_a_items_onhand_032.JPG HTTP/1.0" 200 46080 "http://www.bogenriefstudios.com/availableforpurchase.html" "Mozilla/5.0 (Windows NT 10.0; Win64; x64) AppleWebKit/537.36 (KHTML, like Gecko) Chrome/85.0.4183.102 Safari/537.36"
73.125.59.138 - - [11/Sep/2020:13:17:01 -0400] "GET /images/682_spider_mum_009.JPG HTTP/1.0" 200 68685 "http://www.bogenriefstudios.com/availableforpurchase.html" "Mozilla/5.0 (Windows NT 10.0; Win64; x64) AppleWebKit/537.36 (KHTML, like Gecko) Chrome/85.0.4183.102 Safari/537.36"
73.125.59.138 - - [11/Sep/2020:13:17:01 -0400] "GET /images/682_auction_SF_015.JPG HTTP/1.0" 200 91790 "http://www.bogenriefstudios.com/availableforpurchase.html" "Mozilla/5.0 (Windows NT 10.0; Win64; x64) AppleWebKit/537.36 (KHTML, like Gecko) Chrome/85.0.4183.102 Safari/537.36"
73.125.59.138 - - [11/Sep/2020:13:17:01 -0400] "GET /images/682_DSC_0317.JPG HTTP/1.0" 200 106553 "http://www.bogenriefstudios.com/availableforpurchase.html" "Mozilla/5.0 (Windows NT 10.0; Win64; x64) AppleWebKit/537.36 (KHTML, like Gecko) Chrome/85.0.4183.102 Safari/537.36"
73.125.59.138 - - [11/Sep/2020:13:17:01 -0400] "GET /scripts/print.css HTTP/1.0" 200 - "http://www.bogenriefstudios.com/availableforpurchase.html" "Mozilla/5.0 (Windows NT 10.0; Win64; x64) AppleWebKit/537.36 (KHTML, like Gecko) Chrome/85.0.4183.102 Safari/537.36"
73.125.59.138 - - [11/Sep/2020:13:17:01 -0400] "GET /favicon.ico HTTP/1.0" 404 575 "http://www.bogenriefstudios.com/availableforpurchase.html" "Mozilla/5.0 (Windows NT 10.0; Win64; x64) AppleWebKit/537.36 (KHTML, like Gecko) Chrome/85.0.4183.102 Safari/537.36"
114.119.152.221 - - [11/Sep/2020:13:46:30 -0400] "GET /bogenriefgallery/combowindows.html HTTP/1.0" 200 36051 "-" "Mozilla/5.0 (Linux; Android 7.0;) AppleWebKit/537.36 (KHTML, like Gecko) Mobile Safari/537.36 (compatible; PetalBot;+http://aspiegel.com/petalbot)"
35.185.33.15 - - [11/Sep/2020:14:16:21 -0400] "GET / HTTP/1.0" 200 15458 "-" "ZoominfoBot (zoominfobot at zoominfo dot com)"
54.236.1.11 - - [11/Sep/2020:15:09:45 -0400] "GET /bogenriefgallery/ceilingsdomes.html HTTP/1.0" 200 20613 "-" "Mozilla/5.0 (compatible; Pinterestbot/1.0; +http://www.pinterest.com/bot.html)"
54.236.1.11 - - [11/Sep/2020:15:18:48 -0400] "GET /availableforpurchase.html HTTP/1.0" 200 22554 "-" "Mozilla/5.0 (compatible; Pinterestbot/1.0; +http://www.pinterest.com/bot.html)"
166.182.85.197 - - [11/Sep/2020:15:30:44 -0400] "GET /scripts/ic_globals_published.js HTTP/1.0" 200 566 "http://www.bogenriefstudios.com/" "Mozilla/5.0 (iPhone; CPU iPhone OS 13_6_1 like Mac OS X) AppleWebKit/605.1.15 (KHTML, like Gecko) Version/13.1.2 Mobile/15E148 Safari/604.1"
166.182.85.197 - - [11/Sep/2020:15:30:44 -0400] "GET /images/198_door_019.JPG HTTP/1.0" 200 8796 "http://www.bogenriefstudios.com/" "Mozilla/5.0 (iPhone; CPU iPhone OS 13_6_1 like Mac OS X) AppleWebKit/605.1.15 (KHTML, like Gecko) Version/13.1.2 Mobile/15E148 Safari/604.1"
166.182.85.197 - - [11/Sep/2020:15:30:44 -0400] "GET /images/198_023.JPG HTTP/1.0" 200 9799 "http://www.bogenriefstudios.com/" "Mozilla/5.0 (iPhone; CPU iPhone OS 13_6_1 like Mac OS X) AppleWebKit/605.1.15 (KHTML, like Gecko) Version/13.1.2 Mobile/15E148 Safari/604.1"
166.182.85.197 - - [11/Sep/2020:15:31:16 -0400] "GET /studiolocations.html HTTP/1.0" 200 13072 "http://www.bogenriefstudios.com/" "Mozilla/5.0 (iPhone; CPU iPhone OS 13_6_1 like Mac OS X) AppleWebKit/605.1.15 (KHTML, like Gecko) Version/13.1.2 Mobile/15E148 Safari/604.1"
3.137.140.232 - - [11/Sep/2020:16:06:45 -0400] "GET /scripts/photoalbum.js HTTP/1.0" 200 62481 "http://bogenriefstudios.com/" "Mozilla/5.0 (Windows NT 6.1; WOW64; rv:6.0a2) Gecko/20110622 Firefox/6.0a2"
190.161.93.239 - - [11/Sep/2020:16:32:05 -0400] "GET /images/682_Fl._trip_install_033.JPG HTTP/1.0" 200 227371 "http://www.bogenriefstudios.com/availableforpurchase.html" "Mozilla/5.0 (Windows NT 6.2; Win64; x64) AppleWebKit/537.36 (KHTML, like Gecko) Chrome/85.0.4183.102 Safari/537.36"
190.161.93.239 - - [11/Sep/2020:16:32:05 -0400] "GET /images/682_door_numbers_012.JPG HTTP/1.0" 200 86872 "http://www.bogenriefstudios.com/availableforpurchase.html" "Mozilla/5.0 (Windows NT 6.2; Win64; x64) AppleWebKit/537.36 (KHTML, like Gecko) Chrome/85.0.4183.102 Safari/537.36"
190.161.93.239 - - [11/Sep/2020:16:32:06 -0400] "GET /images/682_a_items_onhand_025.JPG HTTP/1.0" 200 133679 "http://www.bogenriefstudios.com/availableforpurchase.html" "Mozilla/5.0 (Windows NT 6.2; Win64; x64) AppleWebKit/537.36 (KHTML, like Gecko) Chrome/85.0.4183.102 Safari/537.36"
190.161.93.239 - - [11/Sep/2020:16:32:06 -0400] "GET /images/682_DSC_0317.JPG HTTP/1.0" 200 106553 "http://www.bogenriefstudios.com/availableforpurchase.html" "Mozilla/5.0 (Windows NT 6.2; Win64; x64) AppleWebKit/537.36 (KHTML, like Gecko) Chrome/85.0.4183.102 Safari/537.36"
54.236.1.13 - - [11/Sep/2020:17:06:14 -0400] "GET /history.html HTTP/1.0" 200 13966 "-" "Mozilla/5.0 (compatible; Pinterestbot/1.0; +http://www.pinterest.com/bot.html)"
114.119.153.138 - - [11/Sep/2020:17:23:14 -0400] "GET /bogenriefgallery/allbeveledwindows.html HTTP/1.0" 200 18003 "-" "Mozilla/5.0 (Linux; Android 7.0;) AppleWebKit/537.36 (KHTML, like Gecko) Mobile Safari/537.36 (compatible; PetalBot;+http://aspiegel.com/petalbot)"
173.30.73.100 - - [11/Sep/2020:17:50:16 -0400] "GET /scripts/website.css HTTP/1.0" 200 1646 "http://www.bogenriefstudios.com/" "Mozilla/5.0 (Linux; Android 10; SM-G960U) AppleWebKit/537.36 (KHTML, like Gecko) Chrome/85.0.4183.81 Mobile Safari/537.36"
173.30.73.100 - - [11/Sep/2020:17:50:17 -0400] "GET /images/198_dome_008.JPG HTTP/1.0" 200 8321 "http://www.bogenriefstudios.com/" "Mozilla/5.0 (Linux; Android 10; SM-G960U) AppleWebKit/537.36 (KHTML, like Gecko) Chrome/85.0.4183.81 Mobile Safari/537.36"
173.30.73.100 - - [11/Sep/2020:17:51:02 -0400] "GET /scripts/1custom.css HTTP/1.0" 200 2496 "http://www.bogenriefstudios.com/history.html" "Mozilla/5.0 (Linux; Android 10; SM-G960U) AppleWebKit/537.36 (KHTML, like Gecko) Chrome/85.0.4183.81 Mobile Safari/537.36"
173.30.73.100 - - [11/Sep/2020:17:51:02 -0400] "GET /images/300_grape_dome_519.JPG HTTP/1.0" 200 25085 "http://www.bogenriefstudios.com/history.html" "Mozilla/5.0 (Linux; Android 10; SM-G960U) AppleWebKit/537.36 (KHTML, like Gecko) Chrome/85.0.4183.81 Mobile Safari/537.36"
173.30.73.100 - - [11/Sep/2020:17:52:18 -0400] "GET /bogenriefgallery.html HTTP/1.0" 200 15458 "http://www.bogenriefstudios.com/" "Mozilla/5.0 (Linux; Android 10; SM-G960U) AppleWebKit/537.36 (KHTML, like Gecko) Chrome/85.0.4183.81 Mobile Safari/537.36"
173.30.73.100 - - [11/Sep/2020:17:52:30 -0400] "GET /images/205_025.JPG HTTP/1.0" 200 16394 "http://www.bogenriefstudios.com/bogenriefgallery.html" "Mozilla/5.0 (Linux; Android 10; SAMSUNG SM-G960U) AppleWebKit/537.36 (KHTML, like Gecko) SamsungBrowser/12.1 Chrome/79.0.3945.136 Mobile Safari/537.36"
173.30.73.100 - - [11/Sep/2020:17:52:30 -0400] "GET /images/68.jpg HTTP/1.0" 200 11436 "http://www.bogenriefstudios.com/scripts/website.css" "Mozilla/5.0 (Linux; Android 10; SAMSUNG SM-G960U) AppleWebKit/537.36 (KHTML, like Gecko) SamsungBrowser/12.1 Chrome/79.0.3945.136 Mobile Safari/537.36"
173.30.73.100 - - [11/Sep/2020:17:59:02 -0400] "GET /scripts/user.js HTTP/1.0" 200 23762 "http://bogenriefstudios.com/?fbclid=IwAR3exH-qbbKS4mYNjowvt_8s3O0SmxaMNdYf49tBB-zq84cUwT0YOTHEe5Y" "Mozilla/5.0 (Linux; Android 10; SM-G960U) AppleWebKit/537.36 (KHTML, like Gecko) Chrome/85.0.4183.81 Mobile Safari/537.36"
173.30.73.100 - - [11/Sep/2020:17:59:17 -0400] "GET /images/300_window_dolphins.JPG HTTP/1.0" 200 33249 "http://bogenriefstudios.com/history.html" "Mozilla/5.0 (Linux; Android 10; SM-G960U) AppleWebKit/537.36 (KHTML, like Gecko) Chrome/85.0.4183.81 Mobile Safari/537.36"
173.30.73.100 - - [11/Sep/2020:17:59:38 -0400] "GET /images/photoalbum/button_photoPlay.jpg HTTP/1.0" 200 613 "http://bogenriefstudios.com/bogenriefgallery/blownfusedglass.html" "Mozilla/5.0 (Linux; Android 10; SM-G960U) AppleWebKit/537.36 (KHTML, like Gecko) Chrome/85.0.4183.81 Mobile Safari/537.36"
173.30.73.100 - - [11/Sep/2020:17:59:38 -0400] "GET /images/photoalbum/button_photoSpeed4.jpg HTTP/1.0" 200 506 "http://bogenriefstudios.com/bogenriefgallery/blownfusedglass.html" "Mozilla/5.0 (Linux; Android 10; SM-G960U) AppleWebKit/537.36 (KHTML, like Gecko) Chrome/85.0.4183.81 Mobile Safari/537.36"
173.30.73.100 - - [11/Sep/2020:17:59:39 -0400] "GET /images/218_SPEN0035.JPG HTTP/1.0" 200 8128 "http://bogenriefstudios.com/bogenriefgallery/blownfusedglass.html" "Mozilla/5.0 (Linux; Android 10; SM-G960U) AppleWebKit/537.36 (KHTML, like Gecko) Chrome/85.0.4183.81 Mobile Safari/537.36"
173.30.73.100 - - [11/Sep/2020:17:59:39 -0400] "GET /images/218_SPEN0024.JPG HTTP/1.0" 200 7056 "http://bogenriefstudios.com/bogenriefgallery/blownfusedglass.html" "Mozilla/5.0 (Linux; Android 10; SM-G960U) AppleWebKit/537.36 (KHTML, like Gecko) Chrome/85.0.4183.81 Mobile Safari/537.36"
173.30.73.100 - - [11/Sep/2020:17:59:39 -0400] "GET /images/214_SPEN0100.JPG HTTP/1.0" 200 8488 "http://bogenriefstudios.com/bogenriefgallery/blownfusedglass.html" "Mozilla/5.0 (Linux; Android 10; SM-G960U) AppleWebKit/537.36 (KHTML, like Gecko) Chrome/85.0.4183.81 Mobile Safari/537.36"
173.30.73.100 - - [11/Sep/2020:17:59:39 -0400] "GET /images/218_SPEN0048.JPG HTTP/1.0" 200 7175 "http://bogenriefstudios.com/bogenriefgallery/blownfusedglass.html" "Mozilla/5.0 (Linux; Android 10; SM-G960U) AppleWebKit/537.36 (KHTML, like Gecko) Chrome/85.0.4183.81 Mobile Safari/537.36"
173.30.73.100 - - [11/Sep/2020:17:59:39 -0400] "GET /images/218_SUTH0025.JPG HTTP/1.0" 200 8226 "http://bogenriefstudios.com/bogenriefgallery/blownfusedglass.html" "Mozilla/5.0 (Linux; Android 10; SM-G960U) AppleWebKit/537.36 (KHTML, like Gecko) Chrome/85.0.4183.81 Mobile Safari/537.36"
173.30.73.100 - - [11/Sep/2020:17:59:39 -0400] "GET /images/183_SUTH0048.JPG HTTP/1.0" 200 7397 "http://bogenriefstudios.com/bogenriefgallery/blownfusedglass.html" "Mozilla/5.0 (Linux; Android 10; SM-G960U) AppleWebKit/537.36 (KHTML, like Gecko) Chrome/85.0.4183.81 Mobile Safari/537.36"
173.30.73.100 - - [11/Sep/2020:17:59:40 -0400] "GET /images/472_SPEN0100.JPG HTTP/1.0" 200 27955 "http://bogenriefstudios.com/bogenriefgallery/blownfusedglass.html" "Mozilla/5.0 (Linux; Android 10; SM-G960U) AppleWebKit/537.36 (KHTML, like Gecko) Chrome/85.0.4183.81 Mobile Safari/537.36"
173.30.73.100 - - [11/Sep/2020:17:59:40 -0400] "GET /images/350_SPEN0110.JPG HTTP/1.0" 200 20118 "http://bogenriefstudios.com/bogenriefgallery/blownfusedglass.html" "Mozilla/5.0 (Linux; Android 10; SM-G960U) AppleWebKit/537.36 (KHTML, like Gecko) Chrome/85.0.4183.81 Mobile Safari/537.36"
173.30.73.100 - - [11/Sep/2020:17:59:40 -0400] "GET /images/480_weddingblown_042.jpg HTTP/1.0" 200 28671 "http://bogenriefstudios.com/bogenriefgallery/blownfusedglass.html" "Mozilla/5.0 (Linux; Android 10; SM-G960U) AppleWebKit/537.36 (KHTML, like Gecko) Chrome/85.0.4183.81 Mobile Safari/537.36"
35.202.82.250 - - [11/Sep/2020:18:12:51 -0400] "GET //js/admin.js HTTP/1.0" 404 575 "-" "python-requests/2.24.0"
66.249.65.200 - - [11/Sep/2020:18:21:59 -0400] "GET /pricing.html HTTP/1.0" 200 22739 "-" "Mozilla/5.0 (Linux; Android 6.0.1; Nexus 5X Build/MMB29P) AppleWebKit/537.36 (KHTML, like Gecko) Chrome/85.0.4183.97 Mobile Safari/537.36 (compatible; Googlebot/2.1; +http://www.google.com/bot.html)"
212.86.109.31 - - [11/Sep/2020:18:51:23 -0400] "GET / HTTP/1.0" 200 15458 "http://oliaus.ru/category/pribylnye-strategii/" "Mozilla/5.0 (compatible; MSIE7.00; Windows 2007)"
185.224.132.45 - - [11/Sep/2020:18:54:14 -0400] "GET / HTTP/1.0" 200 15458 "https://coffeetee.ru/2019/06/26/recepty-prigotovlenija-amerikano-v-domashnih-uslovijah/" "Mozilla/7.0 (compatible; MSIE2.00; Windows 2002)"
194.67.207.94 - - [11/Sep/2020:19:06:10 -0400] "GET / HTTP/1.0" 200 15458 "https://aromagolik.kz/zhenskiy-parfyum/" "Mozilla/2.0 (compatible; MSIE5.00; Windows 2002)"
194.67.207.9 - - [11/Sep/2020:19:06:10 -0400] "GET / HTTP/1.0" 200 15458 "http://malinca.ru/zhenskie-letnie-shlyapy-ukrashenie-prakticheski-lyubogo-obraza/" "Mozilla/3.0 (compatible; MSIE6.00; Windows 2003)"
193.124.191.92 - - [11/Sep/2020:19:07:03 -0400] "GET / HTTP/1.0" 200 15458 "https://freesmi.by/category/ekonomika" "Mozilla/4.0 (compatible; MSIE2.00; Windows 2004)"
40.77.167.47 - - [11/Sep/2020:21:03:58 -0400] "GET /projects.html HTTP/1.0" 200 15965 "-" "Mozilla/5.0 (compatible; bingbot/2.0; +http://www.bing.com/bingbot.htm)"
54.236.1.13 - - [11/Sep/2020:21:23:21 -0400] "GET /history.html HTTP/1.0" 200 13966 "-" "Mozilla/5.0 (compatible; Pinterestbot/1.0; +http://www.pinterest.com/bot.html)"
17.58.96.214 - - [11/Sep/2020:21:25:43 -0400] "GET /robots.txt HTTP/1.0" 200 25 "-" "Mozilla/5.0 (Macintosh; Intel Mac OS X 10_15_5) AppleWebKit/605.1.15 (KHTML, like Gecko) Version/13.1.1 Safari/605.1.15 (Applebot/0.1; +http://www.apple.com/go/applebot)"
17.58.100.167 - - [11/Sep/2020:21:25:43 -0400] "GET /bogenriefgallery/thejunglewindow.html HTTP/1.0" 200 26387 "-" "Mozilla/5.0 (Macintosh; Intel Mac OS X 10_15_5) AppleWebKit/605.1.15 (KHTML, like Gecko) Version/13.1.1 Safari/605.1.15 (Applebot/0.1; +http://www.apple.com/go/applebot)"
69.171.251.13 - - [11/Sep/2020:21:57:14 -0400] "GET /videos.html HTTP/1.0" 200 7609 "-" "facebookexternalhit/1.1 (+http://www.facebook.com/externalhit_uatext.php)"
173.252.127.26 - - [11/Sep/2020:21:57:44 -0400] "GET /images/682_post_card.JPG HTTP/1.0" 200 133316 "-" "facebookexternalhit/1.1 (+http://www.facebook.com/externalhit_uatext.php)"
207.46.13.250 - - [11/Sep/2020:22:40:20 -0400] "GET /robots.txt HTTP/1.0" 200 25 "-" "Mozilla/5.0 (compatible; bingbot/2.0; +http://www.bing.com/bingbot.htm)"
77.88.5.213 - - [11/Sep/2020:22:55:20 -0400] "GET / HTTP/1.0" 200 15458 "-" "Mozilla/5.0 (compatible; YandexBot/3.0; +http://yandex.com/bots)"
31.13.127.24 - - [11/Sep/2020:23:41:20 -0400] "GET /studiolocations.html HTTP/1.0" 200 13072 "-" "facebookexternalhit/1.1 (+http://www.facebook.com/externalhit_uatext.php)"
71.222.158.235 - - [11/Sep/2020:00:08:26 -0400] "GET /images/512_mjbhome%20int%20sm%20scale.jpg HTTP/1.0" 200 49869 "https://forums.thesims.com/" "Mozilla/5.0 (iPhone; CPU iPhone OS 13_6 like Mac OS X) AppleWebKit/605.1.15 (KHTML, like Gecko) CriOS/85.0.4183.92 Mobile/15E148 Safari/604.1"
157.55.39.232 - - [11/Sep/2020:00:29:03 -0400] "GET /bogenriefgallery/stainedglasswindows.html HTTP/1.0" 200 24096 "-" "Mozilla/5.0 (compatible; bingbot/2.0; +http://www.bing.com/bingbot.htm)"
116.179.32.147 - - [11/Sep/2020:00:36:41 -0400] "GET /bogenriefgallery.html HTTP/1.0" 200 15458 "-" "Mozilla/5.0 (compatible; Baiduspider/2.0; +http://www.baidu.com/search/spider.html)"
138.197.150.42 - - [11/Sep/2020:00:39:07 -0400] "GET /wp-content/plugins/ioptimization/IOptimize.php?rchk HTTP/1.0" 404 575 "www.google.com" "Mozlila/5.0 (Linux; Android 7.0; SM-G892A Bulid/NRD90M; wv) AppleWebKit/537.36 (KHTML, like Gecko) Version/4.0 Chrome/60.0.3112.107 Moblie Safari/537.36"
137.135.88.112 - - [11/Sep/2020:02:47:41 -0400] "GET / HTTP/1.0" 200 15458 "-" "python-requests/2.24.0"
114.119.128.102 - - [11/Sep/2020:03:43:01 -0400] "GET /bogenriefgallery.html HTTP/1.0" 200 15458 "-" "Mozilla/5.0 (Linux; Android 7.0;) AppleWebKit/537.36 (KHTML, like Gecko) Mobile Safari/537.36 (compatible; PetalBot;+http://aspiegel.com/petalbot)"
66.249.65.198 - - [11/Sep/2020:05:30:08 -0400] "GET /ads.txt HTTP/1.0" 404 575 "-" "Mozilla/5.0 (compatible; Googlebot/2.1; +http://www.google.com/bot.html)"
207.46.13.119 - - [11/Sep/2020:06:00:36 -0400] "GET /images/682_01_Side_Lights_-_modified.jpg HTTP/1.0" 200 169071 "-" "Mozilla/5.0 (compatible; bingbot/2.0; +http://www.bing.com/bingbot.htm)"
185.209.20.147 - - [11/Sep/2020:07:53:22 -0400] "GET / HTTP/1.0" 200 15458 "https://dontimes.news/misli-vsluh/" "Mozilla/8.0 (compatible; MSIE4.00; Windows 2005)"
85.209.89.216 - - [11/Sep/2020:07:58:16 -0400] "GET / HTTP/1.0" 200 15458 "https://carivka.com.ua/hotels.html" "Mozilla/6.0 (compatible; MSIE5.00; Windows 2003)"
85.209.89.241 - - [11/Sep/2020:08:02:16 -0400] "GET / HTTP/1.0" 200 15458 "https://pamjatnik.com.ua/pamjatniki-korostishev" "Mozilla/5.0 (compatible; MSIE6.00; Windows 2002)"
193.124.188.83 - - [11/Sep/2020:08:04:59 -0400] "GET / HTTP/1.0" 200 15458 "http://penza-post.ru/news" "Mozilla/2.0 (compatible; MSIE3.00; Windows 2007)"
108.61.198.101 - - [11/Sep/2020:09:06:44 -0400] "GET /wp-json HTTP/1.0" 404 575 "-" "Mozilla/5.0 (Windows NT 10.0; Win64; x64) AppleWebKit/537.36 (KHTML, like Gecko) Chrome/79.0.3945.130 Safari/537.36"
177.228.11.213 - - [11/Sep/2020:10:33:31 -0400] "GET /scripts/ic_globals_published.js HTTP/1.0" 200 566 "http://www.bogenriefstudios.com/availableforpurchase.html" "Mozilla/5.0 (Linux; Android 8.0.0; SM-G570M Build/R16NW; wv) AppleWebKit/537.36 (KHTML, like Gecko) Version/4.0 Chrome/85.0.4183.81 Mobile Safari/537.36 [Pinterest/Android]"
177.228.11.213 - - [11/Sep/2020:10:33:32 -0400] "GET /images/682_P1010006A.JPG HTTP/1.0" 200 33201 "http://www.bogenriefstudios.com/availableforpurchase.html" "Mozilla/5.0 (Linux; Android 8.0.0; SM-G570M Build/R16NW; wv) AppleWebKit/537.36 (KHTML, like Gecko) Version/4.0 Chrome/85.0.4183.81 Mobile Safari/537.36 [Pinterest/Android]"
177.228.11.213 - - [11/Sep/2020:10:33:32 -0400] "GET /images/682_DSC_0050.JPG HTTP/1.0" 200 91196 "http://www.bogenriefstudios.com/availableforpurchase.html" "Mozilla/5.0 (Linux; Android 8.0.0; SM-G570M Build/R16NW; wv) AppleWebKit/537.36 (KHTML, like Gecko) Version/4.0 Chrome/85.0.4183.81 Mobile Safari/537.36 [Pinterest/Android]"
177.228.11.213 - - [11/Sep/2020:10:33:32 -0400] "GET /images/68.jpg HTTP/1.0" 200 11436 "http://www.bogenriefstudios.com/scripts/website.css" "Mozilla/5.0 (Linux; Android 8.0.0; SM-G570M Build/R16NW; wv) AppleWebKit/537.36 (KHTML, like Gecko) Version/4.0 Chrome/85.0.4183.81 Mobile Safari/537.36 [Pinterest/Android]"
177.228.11.213 - - [11/Sep/2020:10:33:32 -0400] "GET /images/ic_034_body_bg_wide.jpg HTTP/1.0" 200 90532 "http://www.bogenriefstudios.com/scripts/template.css" "Mozilla/5.0 (Linux; Android 8.0.0; SM-G570M Build/R16NW; wv) AppleWebKit/537.36 (KHTML, like Gecko) Version/4.0 Chrome/85.0.4183.81 Mobile Safari/537.36 [Pinterest/Android]"
177.228.11.213 - - [11/Sep/2020:10:33:32 -0400] "GET /images/682_DSC_0053.JPG HTTP/1.0" 200 60076 "http://www.bogenriefstudios.com/availableforpurchase.html" "Mozilla/5.0 (Linux; Android 8.0.0; SM-G570M Build/R16NW; wv) AppleWebKit/537.36 (KHTML, like Gecko) Version/4.0 Chrome/85.0.4183.81 Mobile Safari/537.36 [Pinterest/Android]"
54.36.149.30 - - [11/Sep/2020:12:35:54 -0400] "GET / HTTP/1.0" 200 15458 "-" "Mozilla/5.0 (compatible; AhrefsBot/7.0; +http://ahrefs.com/robot/)"
114.119.137.156 - - [11/Sep/2020:13:06:23 -0400] "GET /visitusonfacebook.html HTTP/1.0" 200 7511 "-" "Mozilla/5.0 (Linux; Android 7.0;) AppleWebKit/537.36 (KHTML, like Gecko) Mobile Safari/537.36 (compatible; PetalBot;+http://aspiegel.com/petalbot)"
73.125.59.138 - - [11/Sep/2020:13:16:59 -0400] "GET /images/682_rocklin_-_sun_moon.jpg HTTP/1.0" 200 28631 "http://www.bogenriefstudios.com/availableforpurchase.html" "Mozilla/5.0 (Windows NT 10.0; Win64; x64) AppleWebKit/537.36 (KHTML, like Gecko) Chrome/85.0.4183.102 Safari/537.36"
73.125.59.138 - - [11/Sep/2020:13:17:00 -0400] "GET /images/682_DSC_0038.JPG HTTP/1.0" 200 89388 "http://www.bogenriefstudios.com/availableforpurchase.html" "Mozilla/5.0 (Windows NT 10.0; Win64; x64) AppleWebKit/537.36 (KHTML, like Gecko) Chrome/85.0.4183.102 Safari/537.36"
73.125.59.138 - - [11/Sep/2020:13:17:00 -0400] "GET /images/682_bevel_dome_grape_dome_011.JPG HTTP/1.0" 200 82530 "http://www.bogenriefstudios.com/availableforpurchase.html" "Mozilla/5.0 (Windows NT 10.0; Win64; x64) AppleWebKit/537.36 (KHTML, like Gecko) Chrome/85.0.4183.102 Safari/537.36"
73.125.59.138 - - [11/Sep/2020:13:17:00 -0400] "GET /images/682_door_numbers_014.JPG HTTP/1.0" 200 100151 "http://www.bogenriefstudios.com/availableforpurchase.html" "Mozilla/5.0 (Windows NT 10.0; Win64; x64) AppleWebKit/537.36 (KHTML, like Gecko) Chrome/85.0.4183.102 Safari/537.36"
73.125.59.138 - - [11/Sep/2020:13:17:00 -0400] "GET /images/682_atlanta_trip_005.JPG HTTP/1.0" 200 45298 "http://www.bogenriefstudios.com/availableforpurchase.html" "Mozilla/5.0 (Windows NT 10.0; Win64; x64) AppleWebKit/537.36 (KHTML, like Gecko) Chrome/85.0.4183.102 Safari/537.36"
73.125.59.138 - - [11/Sep/2020:13:17:00 -0400] "GET /images/682_a_items_onhand_027.JPG HTTP/1.0" 200 57298 "http://www.bogenriefstudios.com/availableforpurchase.html" "Mozilla/5.0 (Windows NT 10.0; Win64; x64) AppleWebKit/537.36 (KHTML, like Gecko) Chrome/85.0.4183.102 Safari/537.36"
66.249.65.198 - - [11/Sep/2020:14:15:21 -0400] "GET /bogenriefgallery/lampshades.html HTTP/1.0" 200 23273 "-" "Mozilla/5.0 (Linux; Android 6.0.1; Nexus 5X Build/MMB29P) AppleWebKit/537.36 (KHTML, like Gecko) Chrome/85.0.4183.97 Mobile Safari/537.36 (compatible; Googlebot/2.1; +http://www.google.com/bot.html)"
66.249.65.202 - - [11/Sep/2020:14:17:30 -0400] "GET /scripts/photoalbum.js HTTP/1.0" 200 62481 "http://www.bogenriefstudios.com/bogenriefgallery/lampshades.html" "Mozilla/5.0 (Linux; Android 6.0.1; Nexus 5X Build/MMB29P) AppleWebKit/537.36 (KHTML, like Gecko) Chrome/85.0.4183.105 Mobile Safari/537.36 (compatible; Googlebot/2.1; +http://www.google.com/bot.html)"
54.236.1.11 - - [11/Sep/2020:14:40:46 -0400] "GET /studios.html HTTP/1.0" 200 30217 "-" "Mozilla/5.0 (compatible; Pinterestbot/1.0; +http://www.pinterest.com/bot.html)"
54.236.1.11 - - [11/Sep/2020:15:09:45 -0400] "GET /favicon.ico HTTP/1.0" 404 575 "-" "Mozilla/5.0 (compatible; Pinterestbot/1.0; +http://www.pinterest.com/bot.html)"
54.236.1.11 - - [11/Sep/2020:15:09:45 -0400] "GET /apple-touch-icon.png HTTP/1.0" 404 575 "-" "Mozilla/5.0 (compatible; Pinterestbot/1.0; +http://www.pinterest.com/bot.html)"
40.77.167.174 - - [11/Sep/2020:15:22:32 -0400] "GET /studios.html HTTP/1.0" 200 30217 "-" "Mozilla/5.0 (compatible; bingbot/2.0; +http://www.bing.com/bingbot.htm)"
166.182.85.197 - - [11/Sep/2020:15:30:44 -0400] "GET /scripts/user.js HTTP/1.0" 200 23762 "http://www.bogenriefstudios.com/" "Mozilla/5.0 (iPhone; CPU iPhone OS 13_6_1 like Mac OS X) AppleWebKit/605.1.15 (KHTML, like Gecko) Version/13.1.2 Mobile/15E148 Safari/604.1"
166.182.85.197 - - [11/Sep/2020:15:30:44 -0400] "GET /scripts/photoalbum.js HTTP/1.0" 200 62481 "http://www.bogenriefstudios.com/" "Mozilla/5.0 (iPhone; CPU iPhone OS 13_6_1 like Mac OS X) AppleWebKit/605.1.15 (KHTML, like Gecko) Version/13.1.2 Mobile/15E148 Safari/604.1"
166.182.85.197 - - [11/Sep/2020:15:30:44 -0400] "GET /images/198_dome_008.JPG HTTP/1.0" 200 8321 "http://www.bogenriefstudios.com/" "Mozilla/5.0 (iPhone; CPU iPhone OS 13_6_1 like Mac OS X) AppleWebKit/605.1.15 (KHTML, like Gecko) Version/13.1.2 Mobile/15E148 Safari/604.1"
166.182.85.197 - - [11/Sep/2020:15:30:45 -0400] "GET /images/321_David_s_dome_002.JPG HTTP/1.0" 200 23041 "http://www.bogenriefstudios.com/" "Mozilla/5.0 (iPhone; CPU iPhone OS 13_6_1 like Mac OS X) AppleWebKit/605.1.15 (KHTML, like Gecko) Version/13.1.2 Mobile/15E148 Safari/604.1"
166.182.85.197 - - [11/Sep/2020:15:30:45 -0400] "GET /images/321_Richards_install_004.JPG HTTP/1.0" 200 21479 "http://www.bogenriefstudios.com/" "Mozilla/5.0 (iPhone; CPU iPhone OS 13_6_1 like Mac OS X) AppleWebKit/605.1.15 (KHTML, like Gecko) Version/13.1.2 Mobile/15E148 Safari/604.1"
157.33.173.174 - - [11/Sep/2020:15:33:33 -0400] "GET /?q=semalt.com HTTP/1.0" 200 15458 "http://google.com/search?q=semalt.com" "Mozilla/5.0 (Windows NT 10.0; Win64; x64) AppleWebKit/537.36 (KHTML, like Gecko) Chrome/74.0.3729.169 Safari/537.36"
166.182.85.47 - - [11/Sep/2020:15:36:43 -0400] "GET /scripts/photoalbum.js HTTP/1.0" 200 62481 "http://www.bogenriefstudios.com/" "Mozilla/5.0 (Linux; Android 6.0.1; SAMSUNG SM-G900R4) AppleWebKit/537.36 (KHTML, like Gecko) SamsungBrowser/12.1 Chrome/79.0.3945.136 Mobile Safari/537.36"
166.182.85.47 - - [11/Sep/2020:15:36:43 -0400] "GET /images/205_David_s_dome_006.JPG HTTP/1.0" 200 9145 "http://www.bogenriefstudios.com/" "Mozilla/5.0 (Linux; Android 6.0.1; SAMSUNG SM-G900R4) AppleWebKit/537.36 (KHTML, like Gecko) SamsungBrowser/12.1 Chrome/79.0.3945.136 Mobile Safari/537.36"
166.182.85.47 - - [11/Sep/2020:15:36:44 -0400] "GET /images/ic_034_body_bg_wide.jpg HTTP/1.0" 200 90532 "http://www.bogenriefstudios.com/scripts/template.css" "Mozilla/5.0 (Linux; Android 6.0.1; SAMSUNG SM-G900R4) AppleWebKit/537.36 (KHTML, like Gecko) SamsungBrowser/12.1 Chrome/79.0.3945.136 Mobile Safari/537.36"
40.77.167.47 - - [11/Sep/2020:16:01:06 -0400] "GET /history.html HTTP/1.0" 200 13966 "-" "Mozilla/5.0 (compatible; bingbot/2.0; +http://www.bing.com/bingbot.htm)"
3.137.140.232 - - [11/Sep/2020:16:06:45 -0400] "GET /scripts/user.js HTTP/1.0" 200 23762 "http://bogenriefstudios.com/" "Mozilla/5.0 (Windows NT 6.1; WOW64; rv:6.0a2) Gecko/20110622 Firefox/6.0a2"
40.77.167.19 - - [11/Sep/2020:16:32:04 -0400] "GET /images/248_LADY_4_Seasons_Lady_Winter_2.jpg HTTP/1.0" 200 58700 "-" "Mozilla/5.0 (compatible; bingbot/2.0; +http://www.bing.com/bingbot.htm)"
54.236.1.11 - - [11/Sep/2020:16:32:05 -0400] "GET /availableforpurchase.html HTTP/1.0" 200 22554 "-" "Mozilla/5.0 (compatible; Pinterestbot/1.0; +http://www.pinterest.com/bot.html)"
190.161.93.239 - - [11/Sep/2020:16:32:05 -0400] "GET /images/682_DSC_0050.JPG HTTP/1.0" 200 91196 "http://www.bogenriefstudios.com/availableforpurchase.html" "Mozilla/5.0 (Windows NT 6.2; Win64; x64) AppleWebKit/537.36 (KHTML, like Gecko) Chrome/85.0.4183.102 Safari/537.36"
190.161.93.239 - - [11/Sep/2020:16:32:05 -0400] "GET /images/682_Fall_017.JPG HTTP/1.0" 200 261518 "http://www.bogenriefstudios.com/availableforpurchase.html" "Mozilla/5.0 (Windows NT 6.2; Win64; x64) AppleWebKit/537.36 (KHTML, like Gecko) Chrome/85.0.4183.102 Safari/537.36"
190.161.93.239 - - [11/Sep/2020:16:32:06 -0400] "GET /images/682_grand_baby_008.JPG HTTP/1.0" 200 187142 "http://www.bogenriefstudios.com/availableforpurchase.html" "Mozilla/5.0 (Windows NT 6.2; Win64; x64) AppleWebKit/537.36 (KHTML, like Gecko) Chrome/85.0.4183.102 Safari/537.36"
190.161.93.239 - - [11/Sep/2020:16:32:07 -0400] "GET /images/682_a_items_onhand_023.JPG HTTP/1.0" 200 46128 "http://www.bogenriefstudios.com/availableforpurchase.html" "Mozilla/5.0 (Windows NT 6.2; Win64; x64) AppleWebKit/537.36 (KHTML, like Gecko) Chrome/85.0.4183.102 Safari/537.36"
190.161.93.239 - - [11/Sep/2020:16:32:07 -0400] "GET /images/682_blue_lab_003.JPG HTTP/1.0" 200 66559 "http://www.bogenriefstudios.com/availableforpurchase.html" "Mozilla/5.0 (Windows NT 6.2; Win64; x64) AppleWebKit/537.36 (KHTML, like Gecko) Chrome/85.0.4183.102 Safari/537.36"
190.161.93.239 - - [11/Sep/2020:16:32:07 -0400] "GET /scripts/print.css HTTP/1.0" 200 - "http://www.bogenriefstudios.com/availableforpurchase.html" "Mozilla/5.0 (Windows NT 6.2; Win64; x64) AppleWebKit/537.36 (KHTML, like Gecko) Chrome/85.0.4183.102 Safari/537.36"
54.236.1.11 - - [11/Sep/2020:16:44:42 -0400] "GET /bogenriefgallery/thejunglewindow.html HTTP/1.0" 200 26387 "-" "Mozilla/5.0 (compatible; Pinterestbot/1.0; +http://www.pinterest.com/bot.html)"
54.36.148.17 - - [11/Sep/2020:17:11:03 -0400] "GET /bogenriefgallery/stainedglasswindows.html HTTP/1.0" 200 24096 "-" "Mozilla/5.0 (compatible; AhrefsBot/7.0; +http://ahrefs.com/robot/)"
173.30.73.100 - - [11/Sep/2020:17:51:03 -0400] "GET /images/300_P1010130.JPG HTTP/1.0" 200 41395 "http://www.bogenriefstudios.com/history.html" "Mozilla/5.0 (Linux; Android 10; SM-G960U) AppleWebKit/537.36 (KHTML, like Gecko) Chrome/85.0.4183.81 Mobile Safari/537.36"
173.30.73.100 - - [11/Sep/2020:17:52:30 -0400] "GET /scripts/user.js HTTP/1.0" 200 23762 "http://www.bogenriefstudios.com/bogenriefgallery.html" "Mozilla/5.0 (Linux; Android 10; SAMSUNG SM-G960U) AppleWebKit/537.36 (KHTML, like Gecko) SamsungBrowser/12.1 Chrome/79.0.3945.136 Mobile Safari/537.36"
