0byt3m1n1
Path:
/
data
/
0
/
0
/
70
/
125
/
70614
/
meta
/
71857
/
logs
/
[
Home
]
File: x-access_log.2020-09-11
54.236.1.13 - - [11/Sep/2020:03:10:37 -0400] "GET /projects.html HTTP/1.0" 200 15965 "-" "Mozilla/5.0 (compatible; Pinterestbot/1.0; +http://www.pinterest.com/bot.html)"
54.236.1.11 - - [11/Sep/2020:05:21:26 -0400] "GET /bogenriefgallery/ladiesofbogenrief.html HTTP/1.0" 200 19587 "-" "Mozilla/5.0 (compatible; Pinterestbot/1.0; +http://www.pinterest.com/bot.html)"
47.56.234.187 - - [11/Sep/2020:06:26:18 -0400] "GET /xmlrpc.php HTTP/1.0" 404 575 "-" "Mozilla/5.0 (Windows NT 6.1; WOW64; rv:45.0) Gecko/20100101 Firefox/45.0"
157.55.39.232 - - [11/Sep/2020:06:59:32 -0400] "GET /images/622_David_Siegel_s_Dome.jpg HTTP/1.0" 200 106576 "-" "Mozilla/5.0 (compatible; bingbot/2.0; +http://www.bing.com/bingbot.htm)"
104.227.97.122 - - [11/Sep/2020:07:50:03 -0400] "GET /contactus.html HTTP/1.0" 200 11244 "-" "Mozilla/5.0 (Windows NT 10.0; WOW64) AppleWebKit/537.36 (KHTML, like Gecko) Chrome/65.0.3325.183 Safari/537.36 Vivaldi/1.96.1147.42"
85.209.89.205 - - [11/Sep/2020:07:53:24 -0400] "GET / HTTP/1.0" 200 15458 "http://znamenitosti.info/populyarnie-zarubejnie-seriali/" "Mozilla/8.0 (compatible; MSIE3.00; Windows 2007)"
185.125.219.13 - - [11/Sep/2020:08:05:15 -0400] "GET / HTTP/1.0" 200 15458 "https://velesritual.com.ua" "Mozilla/7.0 (compatible; MSIE4.00; Windows 2004)"
194.67.207.9 - - [11/Sep/2020:08:05:58 -0400] "GET / HTTP/1.0" 200 15458 "https://metaphysican.com/sad-ogorod/" "Mozilla/2.0 (compatible; MSIE2.00; Windows 2008)"
114.119.137.156 - - [11/Sep/2020:08:06:15 -0400] "GET /projects.html HTTP/1.0" 200 15965 "-" "Mozilla/5.0 (Linux; Android 7.0;) AppleWebKit/537.36 (KHTML, like Gecko) Mobile Safari/537.36 (compatible; PetalBot;+http://aspiegel.com/petalbot)"
185.5.249.185 - - [11/Sep/2020:08:06:41 -0400] "GET / HTTP/1.0" 200 15458 "http://pupilby.net/object/" "Mozilla/7.0 (compatible; MSIE2.00; Windows 2006)"
108.61.198.101 - - [11/Sep/2020:09:06:43 -0400] "GET / HTTP/1.0" 200 15458 "-" "Mozilla/5.0 (Windows NT 10.0; Win64; x64) AppleWebKit/537.36 (KHTML, like Gecko) Chrome/79.0.3945.130 Safari/537.36"
177.228.11.213 - - [11/Sep/2020:10:33:33 -0400] "GET /images/677_SF_grapes_013.JPG HTTP/1.0" 200 216725 "http://www.bogenriefstudios.com/availableforpurchase.html" "Mozilla/5.0 (Linux; Android 8.0.0; SM-G570M Build/R16NW; wv) AppleWebKit/537.36 (KHTML, like Gecko) Version/4.0 Chrome/85.0.4183.81 Mobile Safari/537.36 [Pinterest/Android]"
66.249.65.200 - - [11/Sep/2020:12:25:26 -0400] "GET /images/321_jungle_window.JPG HTTP/1.0" 200 58729 "-" "Googlebot-Image/1.0"
125.209.235.169 - - [11/Sep/2020:13:05:16 -0400] "GET / HTTP/1.0" 200 15458 "-" "Mozilla/5.0 (iPhone; CPU iPhone OS 9_1 like Mac OS X) AppleWebKit/601.1.46 (KHTML, like Gecko) Version/9.0 Mobile/13B143 Safari/601.1"
73.125.59.138 - - [11/Sep/2020:13:17:01 -0400] "GET /images/682_a_items_onhand_025.JPG HTTP/1.0" 200 133679 "http://www.bogenriefstudios.com/availableforpurchase.html" "Mozilla/5.0 (Windows NT 10.0; Win64; x64) AppleWebKit/537.36 (KHTML, like Gecko) Chrome/85.0.4183.102 Safari/537.36"
35.185.33.15 - - [11/Sep/2020:14:11:42 -0400] "GET / HTTP/1.0" 200 15458 "-" "ZoominfoBot (zoominfobot at zoominfo dot com)"
66.249.65.202 - - [11/Sep/2020:14:17:30 -0400] "GET /scripts/17custom.css HTTP/1.0" 200 1142 "http://www.bogenriefstudios.com/bogenriefgallery/lampshades.html" "Mozilla/5.0 (Linux; Android 6.0.1; Nexus 5X Build/MMB29P) AppleWebKit/537.36 (KHTML, like Gecko) Chrome/85.0.4183.105 Mobile Safari/537.36 (compatible; Googlebot/2.1; +http://www.google.com/bot.html)"
66.249.65.200 - - [11/Sep/2020:14:18:27 -0400] "GET /favicon.ico HTTP/1.0" 404 575 "-" "Googlebot-Image/1.0"
114.119.133.201 - - [11/Sep/2020:14:37:06 -0400] "GET /history.html HTTP/1.0" 200 13966 "-" "Mozilla/5.0 (Linux; Android 7.0;) AppleWebKit/537.36 (KHTML, like Gecko) Mobile Safari/537.36 (compatible; PetalBot;+http://aspiegel.com/petalbot)"
202.162.40.82 - - [11/Sep/2020:14:49:03 -0400] "GET /?q=semalt.com HTTP/1.0" 200 15458 "http://google.com/search?q=semalt.com" "Mozilla/5.0 (Windows NT 10.0; Win64; x64) AppleWebKit/537.36 (KHTML, like Gecko) Chrome/74.0.3729.169 Safari/537.36"
198.23.174.62 - - [11/Sep/2020:14:59:55 -0400] "GET /contactus.html HTTP/1.0" 200 11244 "-" "Mozilla/5.0 (compatible; MSIE 8.0; Windows NT 6.1; Trident/4.0)"
166.182.85.197 - - [11/Sep/2020:15:30:44 -0400] "GET /scripts/website.css HTTP/1.0" 200 1646 "http://www.bogenriefstudios.com/" "Mozilla/5.0 (iPhone; CPU iPhone OS 13_6_1 like Mac OS X) AppleWebKit/605.1.15 (KHTML, like Gecko) Version/13.1.2 Mobile/15E148 Safari/604.1"
166.182.85.197 - - [11/Sep/2020:15:30:45 -0400] "GET /scripts/print.css HTTP/1.0" 200 - "http://www.bogenriefstudios.com/" "Mozilla/5.0 (iPhone; CPU iPhone OS 13_6_1 like Mac OS X) AppleWebKit/605.1.15 (KHTML, like Gecko) Version/13.1.2 Mobile/15E148 Safari/604.1"
166.182.85.47 - - [11/Sep/2020:15:36:43 -0400] "GET /scripts/website.css HTTP/1.0" 200 1646 "http://www.bogenriefstudios.com/" "Mozilla/5.0 (Linux; Android 6.0.1; SAMSUNG SM-G900R4) AppleWebKit/537.36 (KHTML, like Gecko) SamsungBrowser/12.1 Chrome/79.0.3945.136 Mobile Safari/537.36"
166.182.85.47 - - [11/Sep/2020:15:36:43 -0400] "GET /scripts/icwebsiteelement.css HTTP/1.0" 200 8132 "http://www.bogenriefstudios.com/" "Mozilla/5.0 (Linux; Android 6.0.1; SAMSUNG SM-G900R4) AppleWebKit/537.36 (KHTML, like Gecko) SamsungBrowser/12.1 Chrome/79.0.3945.136 Mobile Safari/537.36"
166.182.85.47 - - [11/Sep/2020:15:36:43 -0400] "GET /images/198_door_019.JPG HTTP/1.0" 200 8796 "http://www.bogenriefstudios.com/" "Mozilla/5.0 (Linux; Android 6.0.1; SAMSUNG SM-G900R4) AppleWebKit/537.36 (KHTML, like Gecko) SamsungBrowser/12.1 Chrome/79.0.3945.136 Mobile Safari/537.36"
166.182.85.47 - - [11/Sep/2020:15:36:44 -0400] "GET /images/68.jpg HTTP/1.0" 200 11436 "http://www.bogenriefstudios.com/scripts/website.css" "Mozilla/5.0 (Linux; Android 6.0.1; SAMSUNG SM-G900R4) AppleWebKit/537.36 (KHTML, like Gecko) SamsungBrowser/12.1 Chrome/79.0.3945.136 Mobile Safari/537.36"
166.182.85.47 - - [11/Sep/2020:15:36:48 -0400] "GET /favicon.ico HTTP/1.0" 404 575 "http://www.bogenriefstudios.com/" "Mozilla/5.0 (Linux; Android 6.0.1; SAMSUNG SM-G900R4) AppleWebKit/537.36 (KHTML, like Gecko) SamsungBrowser/12.1 Chrome/79.0.3945.136 Mobile Safari/537.36"
3.137.140.232 - - [11/Sep/2020:16:06:44 -0400] "GET / HTTP/1.0" 200 15458 "-" "Mozilla/5.0 (Windows NT 6.1; WOW64; rv:6.0a2) Gecko/20110622 Firefox/6.0a2"
190.161.93.239 - - [11/Sep/2020:16:32:03 -0400] "GET /scripts/icwebsiteelement.css HTTP/1.0" 200 8132 "http://www.bogenriefstudios.com/availableforpurchase.html" "Mozilla/5.0 (Windows NT 6.2; Win64; x64) AppleWebKit/537.36 (KHTML, like Gecko) Chrome/85.0.4183.102 Safari/537.36"
190.161.93.239 - - [11/Sep/2020:16:32:03 -0400] "GET /scripts/6custom.css HTTP/1.0" 200 8234 "http://www.bogenriefstudios.com/availableforpurchase.html" "Mozilla/5.0 (Windows NT 6.2; Win64; x64) AppleWebKit/537.36 (KHTML, like Gecko) Chrome/85.0.4183.102 Safari/537.36"
190.161.93.239 - - [11/Sep/2020:16:32:03 -0400] "GET /scripts/photoalbum.js HTTP/1.0" 200 62481 "http://www.bogenriefstudios.com/availableforpurchase.html" "Mozilla/5.0 (Windows NT 6.2; Win64; x64) AppleWebKit/537.36 (KHTML, like Gecko) Chrome/85.0.4183.102 Safari/537.36"
190.161.93.239 - - [11/Sep/2020:16:32:04 -0400] "GET /images/ic_034_body_bg_wide.jpg HTTP/1.0" 200 90532 "http://www.bogenriefstudios.com/scripts/template.css" "Mozilla/5.0 (Windows NT 6.2; Win64; x64) AppleWebKit/537.36 (KHTML, like Gecko) Chrome/85.0.4183.102 Safari/537.36"
190.161.93.239 - - [11/Sep/2020:16:32:05 -0400] "GET /images/682_a_items_onhand_032.JPG HTTP/1.0" 200 46080 "http://www.bogenriefstudios.com/availableforpurchase.html" "Mozilla/5.0 (Windows NT 6.2; Win64; x64) AppleWebKit/537.36 (KHTML, like Gecko) Chrome/85.0.4183.102 Safari/537.36"
114.119.155.170 - - [11/Sep/2020:17:08:07 -0400] "GET /bogenriefgallery/blownfusedglass.html HTTP/1.0" 200 16193 "-" "Mozilla/5.0 (Linux; Android 7.0;) AppleWebKit/537.36 (KHTML, like Gecko) Mobile Safari/537.36 (compatible; PetalBot;+http://aspiegel.com/petalbot)"
173.30.73.100 - - [11/Sep/2020:17:50:18 -0400] "GET /images/198_052_2_.JPG HTTP/1.0" 200 7649 "http://www.bogenriefstudios.com/" "Mozilla/5.0 (Linux; Android 10; SM-G960U) AppleWebKit/537.36 (KHTML, like Gecko) Chrome/85.0.4183.81 Mobile Safari/537.36"
173.30.73.100 - - [11/Sep/2020:17:50:18 -0400] "GET /images/321_David_s_dome_002.JPG HTTP/1.0" 200 23041 "http://www.bogenriefstudios.com/" "Mozilla/5.0 (Linux; Android 10; SM-G960U) AppleWebKit/537.36 (KHTML, like Gecko) Chrome/85.0.4183.81 Mobile Safari/537.36"
173.30.73.100 - - [11/Sep/2020:17:50:18 -0400] "GET /images/68.jpg HTTP/1.0" 200 11436 "http://www.bogenriefstudios.com/scripts/website.css" "Mozilla/5.0 (Linux; Android 10; SM-G960U) AppleWebKit/537.36 (KHTML, like Gecko) Chrome/85.0.4183.81 Mobile Safari/537.36"
173.30.73.100 - - [11/Sep/2020:17:51:03 -0400] "GET /images/300_window_dolphins.JPG HTTP/1.0" 200 33249 "http://www.bogenriefstudios.com/history.html" "Mozilla/5.0 (Linux; Android 10; SM-G960U) AppleWebKit/537.36 (KHTML, like Gecko) Chrome/85.0.4183.81 Mobile Safari/537.36"
173.30.73.100 - - [11/Sep/2020:17:51:27 -0400] "GET /facebook.html HTTP/1.0" 200 7678 "http://www.bogenriefstudios.com/bogenriefgallery.html" "Mozilla/5.0 (Linux; Android 10; SM-G960U) AppleWebKit/537.36 (KHTML, like Gecko) Chrome/85.0.4183.81 Mobile Safari/537.36"
173.30.73.100 - - [11/Sep/2020:17:52:29 -0400] "GET /bogenriefgallery.html HTTP/1.0" 200 15458 "-" "Mozilla/5.0 (Linux; Android 10; SAMSUNG SM-G960U) AppleWebKit/537.36 (KHTML, like Gecko) SamsungBrowser/12.1 Chrome/79.0.3945.136 Mobile Safari/537.36"
173.30.73.100 - - [11/Sep/2020:17:52:30 -0400] "GET /scripts/ic_globals_published.js HTTP/1.0" 200 566 "http://www.bogenriefstudios.com/bogenriefgallery.html" "Mozilla/5.0 (Linux; Android 10; SAMSUNG SM-G960U) AppleWebKit/537.36 (KHTML, like Gecko) SamsungBrowser/12.1 Chrome/79.0.3945.136 Mobile Safari/537.36"
173.30.73.100 - - [11/Sep/2020:17:52:31 -0400] "GET /images/321_Richards_install_004.JPG HTTP/1.0" 200 21479 "http://www.bogenriefstudios.com/bogenriefgallery.html" "Mozilla/5.0 (Linux; Android 10; SAMSUNG SM-G960U) AppleWebKit/537.36 (KHTML, like Gecko) SamsungBrowser/12.1 Chrome/79.0.3945.136 Mobile Safari/537.36"
173.30.73.100 - - [11/Sep/2020:17:59:04 -0400] "GET /scripts/photoalbum.js HTTP/1.0" 200 62481 "http://bogenriefstudios.com/?fbclid=IwAR3exH-qbbKS4mYNjowvt_8s3O0SmxaMNdYf49tBB-zq84cUwT0YOTHEe5Y" "Mozilla/5.0 (Linux; Android 10; SM-G960U) AppleWebKit/537.36 (KHTML, like Gecko) Chrome/85.0.4183.81 Mobile Safari/537.36"
173.30.73.100 - - [11/Sep/2020:17:59:04 -0400] "GET /scripts/13custom.css HTTP/1.0" 200 3501 "http://bogenriefstudios.com/?fbclid=IwAR3exH-qbbKS4mYNjowvt_8s3O0SmxaMNdYf49tBB-zq84cUwT0YOTHEe5Y" "Mozilla/5.0 (Linux; Android 10; SM-G960U) AppleWebKit/537.36 (KHTML, like Gecko) Chrome/85.0.4183.81 Mobile Safari/537.36"
173.30.73.100 - - [11/Sep/2020:17:59:04 -0400] "GET /images/198_dome_008.JPG HTTP/1.0" 200 8321 "http://bogenriefstudios.com/?fbclid=IwAR3exH-qbbKS4mYNjowvt_8s3O0SmxaMNdYf49tBB-zq84cUwT0YOTHEe5Y" "Mozilla/5.0 (Linux; Android 10; SM-G960U) AppleWebKit/537.36 (KHTML, like Gecko) Chrome/85.0.4183.81 Mobile Safari/537.36"
173.30.73.100 - - [11/Sep/2020:17:59:04 -0400] "GET /scripts/print.css HTTP/1.0" 200 - "http://bogenriefstudios.com/?fbclid=IwAR3exH-qbbKS4mYNjowvt_8s3O0SmxaMNdYf49tBB-zq84cUwT0YOTHEe5Y" "Mozilla/5.0 (Linux; Android 10; SM-G960U) AppleWebKit/537.36 (KHTML, like Gecko) Chrome/85.0.4183.81 Mobile Safari/537.36"
173.30.73.100 - - [11/Sep/2020:17:59:04 -0400] "GET /images/ic_034_body_bg_wide.jpg HTTP/1.0" 200 90532 "http://bogenriefstudios.com/scripts/template.css" "Mozilla/5.0 (Linux; Android 10; SM-G960U) AppleWebKit/537.36 (KHTML, like Gecko) Chrome/85.0.4183.81 Mobile Safari/537.36"
173.30.73.100 - - [11/Sep/2020:17:59:09 -0400] "GET /bogenriefgallery.html HTTP/1.0" 200 15458 "http://bogenriefstudios.com/?fbclid=IwAR3exH-qbbKS4mYNjowvt_8s3O0SmxaMNdYf49tBB-zq84cUwT0YOTHEe5Y" "Mozilla/5.0 (Linux; Android 10; SM-G960U) AppleWebKit/537.36 (KHTML, like Gecko) Chrome/85.0.4183.81 Mobile Safari/537.36"
173.30.73.100 - - [11/Sep/2020:17:59:18 -0400] "GET /history.html HTTP/1.0" 200 13966 "http://bogenriefstudios.com/bogenriefgallery.html" "Mozilla/5.0 (Linux; Android 10; SM-G960U) AppleWebKit/537.36 (KHTML, like Gecko) Chrome/85.0.4183.81 Mobile Safari/537.36"
173.30.73.100 - - [11/Sep/2020:17:59:39 -0400] "GET /bogenriefgallery/blownfusedglass.html HTTP/1.0" 200 16193 "http://bogenriefstudios.com/bogenriefgallery.html" "Mozilla/5.0 (Linux; Android 10; SM-G960U) AppleWebKit/537.36 (KHTML, like Gecko) Chrome/85.0.4183.81 Mobile Safari/537.36"
173.30.73.100 - - [11/Sep/2020:17:59:39 -0400] "GET /images/photoalbum/button_photoNext.jpg HTTP/1.0" 200 662 "http://bogenriefstudios.com/bogenriefgallery/blownfusedglass.html" "Mozilla/5.0 (Linux; Android 10; SM-G960U) AppleWebKit/537.36 (KHTML, like Gecko) Chrome/85.0.4183.81 Mobile Safari/537.36"
173.30.73.100 - - [11/Sep/2020:17:59:39 -0400] "GET /images/photoalbum/button_photoFirst.jpg HTTP/1.0" 200 637 "http://bogenriefstudios.com/bogenriefgallery/blownfusedglass.html" "Mozilla/5.0 (Linux; Android 10; SM-G960U) AppleWebKit/537.36 (KHTML, like Gecko) Chrome/85.0.4183.81 Mobile Safari/537.36"
173.30.73.100 - - [11/Sep/2020:17:59:39 -0400] "GET /images/photoalbum/photo_controlBG.jpg HTTP/1.0" 200 336 "http://bogenriefstudios.com/scripts/icwebsiteelement.css" "Mozilla/5.0 (Linux; Android 10; SM-G960U) AppleWebKit/537.36 (KHTML, like Gecko) Chrome/85.0.4183.81 Mobile Safari/537.36"
173.30.73.100 - - [11/Sep/2020:17:59:40 -0400] "GET /images/218_SUTH0056.JPG HTTP/1.0" 200 9477 "http://bogenriefstudios.com/bogenriefgallery/blownfusedglass.html" "Mozilla/5.0 (Linux; Android 10; SM-G960U) AppleWebKit/537.36 (KHTML, like Gecko) Chrome/85.0.4183.81 Mobile Safari/537.36"
173.30.73.100 - - [11/Sep/2020:17:59:40 -0400] "GET /images/350_SPEN0001.JPG HTTP/1.0" 200 29379 "http://bogenriefstudios.com/bogenriefgallery/blownfusedglass.html" "Mozilla/5.0 (Linux; Android 10; SM-G960U) AppleWebKit/537.36 (KHTML, like Gecko) Chrome/85.0.4183.81 Mobile Safari/537.36"
173.30.73.100 - - [11/Sep/2020:17:59:40 -0400] "GET /images/480_SPEN0029.JPG HTTP/1.0" 200 25641 "http://bogenriefstudios.com/bogenriefgallery/blownfusedglass.html" "Mozilla/5.0 (Linux; Android 10; SM-G960U) AppleWebKit/537.36 (KHTML, like Gecko) Chrome/85.0.4183.81 Mobile Safari/537.36"
173.30.73.100 - - [11/Sep/2020:17:59:40 -0400] "GET /images/480_SPEN0024.JPG HTTP/1.0" 200 24614 "http://bogenriefstudios.com/bogenriefgallery/blownfusedglass.html" "Mozilla/5.0 (Linux; Android 10; SM-G960U) AppleWebKit/537.36 (KHTML, like Gecko) Chrome/85.0.4183.81 Mobile Safari/537.36"
173.30.73.100 - - [11/Sep/2020:17:59:40 -0400] "GET /images/480_SPEN0036.JPG HTTP/1.0" 200 27450 "http://bogenriefstudios.com/bogenriefgallery/blownfusedglass.html" "Mozilla/5.0 (Linux; Android 10; SM-G960U) AppleWebKit/537.36 (KHTML, like Gecko) Chrome/85.0.4183.81 Mobile Safari/537.36"
173.30.73.100 - - [11/Sep/2020:17:59:41 -0400] "GET /images/480_SUTH0025.JPG HTTP/1.0" 200 27932 "http://bogenriefstudios.com/bogenriefgallery/blownfusedglass.html" "Mozilla/5.0 (Linux; Android 10; SM-G960U) AppleWebKit/537.36 (KHTML, like Gecko) Chrome/85.0.4183.81 Mobile Safari/537.36"
173.30.73.100 - - [11/Sep/2020:17:59:41 -0400] "GET /images/480_SUTH0056.JPG HTTP/1.0" 200 30334 "http://bogenriefstudios.com/bogenriefgallery/blownfusedglass.html" "Mozilla/5.0 (Linux; Android 10; SM-G960U) AppleWebKit/537.36 (KHTML, like Gecko) Chrome/85.0.4183.81 Mobile Safari/537.36"
173.30.73.100 - - [11/Sep/2020:17:59:41 -0400] "GET /images/480_weddingblown_015.jpg HTTP/1.0" 200 18470 "http://bogenriefstudios.com/bogenriefgallery/blownfusedglass.html" "Mozilla/5.0 (Linux; Android 10; SM-G960U) AppleWebKit/537.36 (KHTML, like Gecko) Chrome/85.0.4183.81 Mobile Safari/537.36"
173.30.73.100 - - [11/Sep/2020:17:59:41 -0400] "GET /images/218_weddingblown_004.jpg HTTP/1.0" 200 6988 "http://bogenriefstudios.com/bogenriefgallery/blownfusedglass.html" "Mozilla/5.0 (Linux; Android 10; SM-G960U) AppleWebKit/537.36 (KHTML, like Gecko) Chrome/85.0.4183.81 Mobile Safari/537.36"
185.209.20.147 - - [11/Sep/2020:18:51:24 -0400] "GET / HTTP/1.0" 200 15458 "https://bboom.pro/service/sozdanie-sajtov/" "Mozilla/7.0 (compatible; MSIE2.00; Windows 2006)"
159.89.234.55 - - [11/Sep/2020:18:55:44 -0400] "GET /bogenriefgallery/stainedglasswindows.html HTTP/1.0" 200 24096 "-" "Mozilla/5.0 (iPad; CPU OS 12_4_8 like Mac OS X) AppleWebKit/605.1.15 (KHTML, like Gecko) Version/12.1.2 Mobile/15E148 Safari/604.1"
85.209.89.241 - - [11/Sep/2020:18:57:11 -0400] "GET / HTTP/1.0" 200 15458 "https://toyota-cars.info/2019/10/13/tojota-aristo/" "Mozilla/6.0 (compatible; MSIE4.00; Windows 2009)"
77.220.215.153 - - [11/Sep/2020:19:17:47 -0400] "GET / HTTP/1.0" 200 15458 "https://www.samara-airport.com/news/taksi-v-aeroport-kurumoch.html" "Mozilla/7.0 (compatible; MSIE2.00; Windows 2008)"
54.36.149.61 - - [11/Sep/2020:19:52:07 -0400] "GET / HTTP/1.0" 200 15458 "-" "Mozilla/5.0 (compatible; AhrefsBot/7.0; +http://ahrefs.com/robot/)"
106.83.241.106 - - [11/Sep/2020:21:22:16 -0400] "GET / HTTP/1.0" 200 15458 "-" "Mozilla/5.0 (Windows NT 10.0; Win64; x64) AppleWebKit/537.36 (KHTML, like Gecko) Chrome/74.0.3729.157 Safari/537.36"
114.119.147.181 - - [11/Sep/2020:21:35:34 -0400] "GET /availableforpurchase.html HTTP/1.0" 200 22554 "-" "Mozilla/5.0 (Linux; Android 7.0;) AppleWebKit/537.36 (KHTML, like Gecko) Mobile Safari/537.36 (compatible; PetalBot;+http://aspiegel.com/petalbot)"
17.58.100.167 - - [11/Sep/2020:21:46:43 -0400] "GET /studios.html HTTP/1.0" 200 30217 "-" "Mozilla/5.0 (Macintosh; Intel Mac OS X 10_15_5) AppleWebKit/605.1.15 (KHTML, like Gecko) Version/13.1.1 Safari/605.1.15 (Applebot/0.1; +http://www.apple.com/go/applebot)"
69.171.251.113 - - [11/Sep/2020:21:50:08 -0400] "GET / HTTP/1.0" 200 15458 "-" "facebookexternalhit/1.1 (+http://www.facebook.com/externalhit_uatext.php)"
66.249.65.200 - - [11/Sep/2020:21:53:42 -0400] "GET /favicon.ico HTTP/1.0" 404 575 "-" "Googlebot-Image/1.0"
66.220.149.28 - - [11/Sep/2020:21:57:49 -0400] "GET /images/321_David_s_dome_002.JPG HTTP/1.0" 200 23041 "-" "facebookexternalhit/1.1 (+http://www.facebook.com/externalhit_uatext.php)"
66.249.65.202 - - [11/Sep/2020:22:10:59 -0400] "GET /scripts/photoalbum.js HTTP/1.0" 200 62481 "http://www.bogenriefstudios.com/pricing.html" "Mozilla/5.0 (Linux; Android 6.0.1; Nexus 5X Build/MMB29P) AppleWebKit/537.36 (KHTML, like Gecko) Chrome/85.0.4183.105 Mobile Safari/537.36 (compatible; Googlebot/2.1; +http://www.google.com/bot.html)"
148.251.121.91 - - [11/Sep/2020:00:47:37 -0400] "GET / HTTP/1.0" 200 15458 "-" "DomainStatsBot/1.0 (https://domainstats.com/pages/our-bot)"
136.243.17.142 - - [11/Sep/2020:00:51:20 -0400] "GET /bogenriefgallery/chandeliers.html HTTP/1.0" 200 16722 "-" "DomainStatsBot/1.0 (https://domainstats.com/pages/our-bot)"
136.243.222.140 - - [11/Sep/2020:01:05:14 -0400] "GET /history.html HTTP/1.0" 200 13966 "-" "DomainStatsBot/1.0 (https://domainstats.com/pages/our-bot)"
136.243.59.237 - - [11/Sep/2020:01:16:01 -0400] "GET /bogenriefgallery/allbeveledwindows.html HTTP/1.0" 200 18003 "-" "DomainStatsBot/1.0 (https://domainstats.com/pages/our-bot)"
54.36.148.64 - - [11/Sep/2020:03:11:38 -0400] "GET /bogenriefgallery/blownfusedglass.html HTTP/1.0" 200 16193 "-" "Mozilla/5.0 (compatible; AhrefsBot/7.0; +http://ahrefs.com/robot/)"
54.36.149.61 - - [11/Sep/2020:06:40:22 -0400] "GET / HTTP/1.0" 200 15458 "-" "Mozilla/5.0 (compatible; AhrefsBot/7.0; +http://ahrefs.com/robot/)"
207.46.13.119 - - [11/Sep/2020:07:35:34 -0400] "GET /images/682_Detail_with_left_facing_parrot.JPG HTTP/1.0" 200 93678 "-" "Mozilla/5.0 (compatible; bingbot/2.0; +http://www.bing.com/bingbot.htm)"
85.209.89.217 - - [11/Sep/2020:07:53:33 -0400] "GET / HTTP/1.0" 200 15458 "https://freesmi.by/category/interesnye-novosti" "Mozilla/6.0 (compatible; MSIE2.00; Windows 2004)"
185.224.132.45 - - [11/Sep/2020:07:55:15 -0400] "GET / HTTP/1.0" 200 15458 "https://www.tsekhovik.com.ua/pamyatniki/pamyatniki-iz-mramora.html" "Mozilla/5.0 (compatible; MSIE6.00; Windows 2005)"
193.124.188.188 - - [11/Sep/2020:08:04:59 -0400] "GET / HTTP/1.0" 200 15458 "http://uchinfo.com.ua/soft/" "Mozilla/7.0 (compatible; MSIE5.00; Windows 2009)"
177.228.11.213 - - [11/Sep/2020:10:33:31 -0400] "GET /scripts/6custom.css HTTP/1.0" 200 8234 "http://www.bogenriefstudios.com/availableforpurchase.html" "Mozilla/5.0 (Linux; Android 8.0.0; SM-G570M Build/R16NW; wv) AppleWebKit/537.36 (KHTML, like Gecko) Version/4.0 Chrome/85.0.4183.81 Mobile Safari/537.36 [Pinterest/Android]"
177.228.11.213 - - [11/Sep/2020:10:33:33 -0400] "GET /images/682_a_items_onhand_032.JPG HTTP/1.0" 200 46080 "http://www.bogenriefstudios.com/availableforpurchase.html" "Mozilla/5.0 (Linux; Android 8.0.0; SM-G570M Build/R16NW; wv) AppleWebKit/537.36 (KHTML, like Gecko) Version/4.0 Chrome/85.0.4183.81 Mobile Safari/537.36 [Pinterest/Android]"
54.36.148.179 - - [11/Sep/2020:10:46:22 -0400] "GET / HTTP/1.0" 200 15458 "-" "Mozilla/5.0 (compatible; AhrefsBot/7.0; +http://ahrefs.com/robot/)"
14.170.81.182 - - [11/Sep/2020:11:05:38 -0400] "GET /scripts/ic_globals_published.js HTTP/1.0" 200 566 "http://bogenriefstudios.com/?q=semalt.com" "Mozilla/5.0 (Windows NT 10.0; Win64; x64) AppleWebKit/537.36 (KHTML, like Gecko) Chrome/74.0.3729.169 Safari/537.36"
54.236.1.13 - - [11/Sep/2020:13:16:58 -0400] "GET /availableforpurchase.html HTTP/1.0" 200 22554 "-" "Mozilla/5.0 (compatible; Pinterestbot/1.0; +http://www.pinterest.com/bot.html)"
54.236.1.11 - - [11/Sep/2020:13:16:58 -0400] "GET /availableforpurchase.html HTTP/1.0" 200 22554 "-" "Mozilla/5.0 (compatible; Pinterestbot/1.0; +http://www.pinterest.com/bot.html)"
73.125.59.138 - - [11/Sep/2020:13:16:59 -0400] "GET /availableforpurchase.html HTTP/1.0" 200 22554 "https://www.pinterest.com/" "Mozilla/5.0 (Windows NT 10.0; Win64; x64) AppleWebKit/537.36 (KHTML, like Gecko) Chrome/85.0.4183.102 Safari/537.36"
73.125.59.138 - - [11/Sep/2020:13:16:59 -0400] "GET /scripts/template.css HTTP/1.0" 200 9956 "http://www.bogenriefstudios.com/availableforpurchase.html" "Mozilla/5.0 (Windows NT 10.0; Win64; x64) AppleWebKit/537.36 (KHTML, like Gecko) Chrome/85.0.4183.102 Safari/537.36"
73.125.59.138 - - [11/Sep/2020:13:16:59 -0400] "GET /scripts/icwebsiteelement.css HTTP/1.0" 200 8132 "http://www.bogenriefstudios.com/availableforpurchase.html" "Mozilla/5.0 (Windows NT 10.0; Win64; x64) AppleWebKit/537.36 (KHTML, like Gecko) Chrome/85.0.4183.102 Safari/537.36"
73.125.59.138 - - [11/Sep/2020:13:16:59 -0400] "GET /scripts/user.js HTTP/1.0" 200 23762 "http://www.bogenriefstudios.com/availableforpurchase.html" "Mozilla/5.0 (Windows NT 10.0; Win64; x64) AppleWebKit/537.36 (KHTML, like Gecko) Chrome/85.0.4183.102 Safari/537.36"
73.125.59.138 - - [11/Sep/2020:13:16:59 -0400] "GET /scripts/photoalbum.js HTTP/1.0" 200 62481 "http://www.bogenriefstudios.com/availableforpurchase.html" "Mozilla/5.0 (Windows NT 10.0; Win64; x64) AppleWebKit/537.36 (KHTML, like Gecko) Chrome/85.0.4183.102 Safari/537.36"
73.125.59.138 - - [11/Sep/2020:13:17:00 -0400] "GET /images/677_SF_grapes_013.JPG HTTP/1.0" 200 216725 "http://www.bogenriefstudios.com/availableforpurchase.html" "Mozilla/5.0 (Windows NT 10.0; Win64; x64) AppleWebKit/537.36 (KHTML, like Gecko) Chrome/85.0.4183.102 Safari/537.36"
73.125.59.138 - - [11/Sep/2020:13:17:01 -0400] "GET /images/682_blue_lab_003.JPG HTTP/1.0" 200 66559 "http://www.bogenriefstudios.com/availableforpurchase.html" "Mozilla/5.0 (Windows NT 10.0; Win64; x64) AppleWebKit/537.36 (KHTML, like Gecko) Chrome/85.0.4183.102 Safari/537.36"
35.185.33.15 - - [11/Sep/2020:14:11:42 -0400] "GET /robots.txt HTTP/1.0" 200 25 "-" "ZoominfoBot (zoominfobot at zoominfo dot com)"
17.58.100.116 - - [11/Sep/2020:14:16:09 -0400] "GET /robots.txt HTTP/1.0" 200 25 "-" "Mozilla/5.0 (Macintosh; Intel Mac OS X 10_15_5) AppleWebKit/605.1.15 (KHTML, like Gecko) Version/13.1.1 Safari/605.1.15 (Applebot/0.1; +http://www.apple.com/go/applebot)"
166.182.85.197 - - [11/Sep/2020:15:30:44 -0400] "GET /images/205_025.JPG HTTP/1.0" 200 16394 "http://www.bogenriefstudios.com/" "Mozilla/5.0 (iPhone; CPU iPhone OS 13_6_1 like Mac OS X) AppleWebKit/605.1.15 (KHTML, like Gecko) Version/13.1.2 Mobile/15E148 Safari/604.1"
166.182.85.197 - - [11/Sep/2020:15:30:45 -0400] "GET /scripts/icwebsiteelement.css HTTP/1.0" 200 8132 "http://www.bogenriefstudios.com/" "Mozilla/5.0 (iPhone; CPU iPhone OS 13_6_1 like Mac OS X) AppleWebKit/605.1.15 (KHTML, like Gecko) Version/13.1.2 Mobile/15E148 Safari/604.1"
166.182.85.47 - - [11/Sep/2020:15:36:43 -0400] "GET /scripts/template.css HTTP/1.0" 200 9956 "http://www.bogenriefstudios.com/" "Mozilla/5.0 (Linux; Android 6.0.1; SAMSUNG SM-G900R4) AppleWebKit/537.36 (KHTML, like Gecko) SamsungBrowser/12.1 Chrome/79.0.3945.136 Mobile Safari/537.36"
185.224.137.180 - - [11/Sep/2020:16:10:30 -0400] "GET /wordpress/wp-admin/ HTTP/1.0" 404 575 "http://bogenriefstudios.com/" "Mozilla/5.0 (Windows NT 10.0; Win64; x64) AppleWebKit/537.36 (KHTML, like Gecko) Chrome/78.0.3904.97 Safari/537.36"
190.161.93.239 - - [11/Sep/2020:16:32:04 -0400] "GET /availableforpurchase.html HTTP/1.0" 200 22554 "https://www.pinterest.cl/" "Mozilla/5.0 (Windows NT 6.2; Win64; x64) AppleWebKit/537.36 (KHTML, like Gecko) Chrome/85.0.4183.102 Safari/537.36"
190.161.93.239 - - [11/Sep/2020:16:32:05 -0400] "GET /images/682_bevel_dome_grape_dome_015.JPG HTTP/1.0" 200 68000 "http://www.bogenriefstudios.com/availableforpurchase.html" "Mozilla/5.0 (Windows NT 6.2; Win64; x64) AppleWebKit/537.36 (KHTML, like Gecko) Chrome/85.0.4183.102 Safari/537.36"
190.161.93.239 - - [11/Sep/2020:16:32:06 -0400] "GET /images/682_door_numbers_014.JPG HTTP/1.0" 200 100151 "http://www.bogenriefstudios.com/availableforpurchase.html" "Mozilla/5.0 (Windows NT 6.2; Win64; x64) AppleWebKit/537.36 (KHTML, like Gecko) Chrome/85.0.4183.102 Safari/537.36"
173.30.73.100 - - [11/Sep/2020:17:50:17 -0400] "GET /scripts/ic_globals_published.js HTTP/1.0" 200 566 "http://www.bogenriefstudios.com/" "Mozilla/5.0 (Linux; Android 10; SM-G960U) AppleWebKit/537.36 (KHTML, like Gecko) Chrome/85.0.4183.81 Mobile Safari/537.36"
173.30.73.100 - - [11/Sep/2020:17:50:17 -0400] "GET /scripts/13custom.css HTTP/1.0" 200 3501 "http://www.bogenriefstudios.com/" "Mozilla/5.0 (Linux; Android 10; SM-G960U) AppleWebKit/537.36 (KHTML, like Gecko) Chrome/85.0.4183.81 Mobile Safari/537.36"
173.30.73.100 - - [11/Sep/2020:17:50:18 -0400] "GET /images/205_David_s_dome_006.JPG HTTP/1.0" 200 9145 "http://www.bogenriefstudios.com/" "Mozilla/5.0 (Linux; Android 10; SM-G960U) AppleWebKit/537.36 (KHTML, like Gecko) Chrome/85.0.4183.81 Mobile Safari/537.36"
173.30.73.100 - - [11/Sep/2020:17:50:18 -0400] "GET /images/678_post_card.JPG HTTP/1.0" 200 131354 "http://www.bogenriefstudios.com/" "Mozilla/5.0 (Linux; Android 10; SM-G960U) AppleWebKit/537.36 (KHTML, like Gecko) Chrome/85.0.4183.81 Mobile Safari/537.36"
173.30.73.100 - - [11/Sep/2020:17:50:18 -0400] "GET /images/205_025.JPG HTTP/1.0" 200 16394 "http://www.bogenriefstudios.com/" "Mozilla/5.0 (Linux; Android 10; SM-G960U) AppleWebKit/537.36 (KHTML, like Gecko) Chrome/85.0.4183.81 Mobile Safari/537.36"
173.30.73.100 - - [11/Sep/2020:17:50:18 -0400] "GET /images/ic_034_body_bg_wide.jpg HTTP/1.0" 200 90532 "http://www.bogenriefstudios.com/scripts/template.css" "Mozilla/5.0 (Linux; Android 10; SM-G960U) AppleWebKit/537.36 (KHTML, like Gecko) Chrome/85.0.4183.81 Mobile Safari/537.36"
173.30.73.100 - - [11/Sep/2020:17:50:18 -0400] "GET /scripts/print.css HTTP/1.0" 200 - "http://www.bogenriefstudios.com/" "Mozilla/5.0 (Linux; Android 10; SM-G960U) AppleWebKit/537.36 (KHTML, like Gecko) Chrome/85.0.4183.81 Mobile Safari/537.36"
173.30.73.100 - - [11/Sep/2020:17:51:03 -0400] "GET /images/300_home_page_4.JPG HTTP/1.0" 200 18783 "http://www.bogenriefstudios.com/history.html" "Mozilla/5.0 (Linux; Android 10; SM-G960U) AppleWebKit/537.36 (KHTML, like Gecko) Chrome/85.0.4183.81 Mobile Safari/537.36"
173.30.73.100 - - [11/Sep/2020:17:52:30 -0400] "GET /scripts/13custom.css HTTP/1.0" 200 3501 "http://www.bogenriefstudios.com/bogenriefgallery.html" "Mozilla/5.0 (Linux; Android 10; SAMSUNG SM-G960U) AppleWebKit/537.36 (KHTML, like Gecko) SamsungBrowser/12.1 Chrome/79.0.3945.136 Mobile Safari/537.36"
173.30.73.100 - - [11/Sep/2020:17:52:31 -0400] "GET /images/205_David_s_dome_006.JPG HTTP/1.0" 200 9145 "http://www.bogenriefstudios.com/bogenriefgallery.html" "Mozilla/5.0 (Linux; Android 10; SAMSUNG SM-G960U) AppleWebKit/537.36 (KHTML, like Gecko) SamsungBrowser/12.1 Chrome/79.0.3945.136 Mobile Safari/537.36"
173.30.73.100 - - [11/Sep/2020:17:52:31 -0400] "GET /images/198_dome_008.JPG HTTP/1.0" 200 8321 "http://www.bogenriefstudios.com/bogenriefgallery.html" "Mozilla/5.0 (Linux; Android 10; SAMSUNG SM-G960U) AppleWebKit/537.36 (KHTML, like Gecko) SamsungBrowser/12.1 Chrome/79.0.3945.136 Mobile Safari/537.36"
173.30.73.100 - - [11/Sep/2020:17:59:04 -0400] "GET /scripts/ic_globals_published.js HTTP/1.0" 200 566 "http://bogenriefstudios.com/?fbclid=IwAR3exH-qbbKS4mYNjowvt_8s3O0SmxaMNdYf49tBB-zq84cUwT0YOTHEe5Y" "Mozilla/5.0 (Linux; Android 10; SM-G960U) AppleWebKit/537.36 (KHTML, like Gecko) Chrome/85.0.4183.81 Mobile Safari/537.36"
173.30.73.100 - - [11/Sep/2020:17:59:04 -0400] "GET /scripts/website.css HTTP/1.0" 200 1646 "http://bogenriefstudios.com/?fbclid=IwAR3exH-qbbKS4mYNjowvt_8s3O0SmxaMNdYf49tBB-zq84cUwT0YOTHEe5Y" "Mozilla/5.0 (Linux; Android 10; SM-G960U) AppleWebKit/537.36 (KHTML, like Gecko) Chrome/85.0.4183.81 Mobile Safari/537.36"
173.30.73.100 - - [11/Sep/2020:17:59:04 -0400] "GET /images/205_025.JPG HTTP/1.0" 200 16394 "http://bogenriefstudios.com/?fbclid=IwAR3exH-qbbKS4mYNjowvt_8s3O0SmxaMNdYf49tBB-zq84cUwT0YOTHEe5Y" "Mozilla/5.0 (Linux; Android 10; SM-G960U) AppleWebKit/537.36 (KHTML, like Gecko) Chrome/85.0.4183.81 Mobile Safari/537.36"
173.30.73.100 - - [11/Sep/2020:17:59:39 -0400] "GET /scripts/20custom.css HTTP/1.0" 200 805 "http://bogenriefstudios.com/bogenriefgallery/blownfusedglass.html" "Mozilla/5.0 (Linux; Android 10; SM-G960U) AppleWebKit/537.36 (KHTML, like Gecko) Chrome/85.0.4183.81 Mobile Safari/537.36"
173.30.73.100 - - [11/Sep/2020:17:59:39 -0400] "GET /images/photoalbum/button_photoPause.jpg HTTP/1.0" 200 605 "http://bogenriefstudios.com/bogenriefgallery/blownfusedglass.html" "Mozilla/5.0 (Linux; Android 10; SM-G960U) AppleWebKit/537.36 (KHTML, like Gecko) Chrome/85.0.4183.81 Mobile Safari/537.36"
173.30.73.100 - - [11/Sep/2020:17:59:39 -0400] "GET /images/photoalbum/button_photoLast.jpg HTTP/1.0" 200 637 "http://bogenriefstudios.com/bogenriefgallery/blownfusedglass.html" "Mozilla/5.0 (Linux; Android 10; SM-G960U) AppleWebKit/537.36 (KHTML, like Gecko) Chrome/85.0.4183.81 Mobile Safari/537.36"
173.30.73.100 - - [11/Sep/2020:17:59:40 -0400] "GET /images/218_SPEN0029.JPG HTTP/1.0" 200 7128 "http://bogenriefstudios.com/bogenriefgallery/blownfusedglass.html" "Mozilla/5.0 (Linux; Android 10; SM-G960U) AppleWebKit/537.36 (KHTML, like Gecko) Chrome/85.0.4183.81 Mobile Safari/537.36"
173.30.73.100 - - [11/Sep/2020:17:59:40 -0400] "GET /images/218_SPEN0036.JPG HTTP/1.0" 200 8291 "http://bogenriefstudios.com/bogenriefgallery/blownfusedglass.html" "Mozilla/5.0 (Linux; Android 10; SM-G960U) AppleWebKit/537.36 (KHTML, like Gecko) Chrome/85.0.4183.81 Mobile Safari/537.36"
173.30.73.100 - - [11/Sep/2020:17:59:40 -0400] "GET /images/218_weddingblown_015.jpg HTTP/1.0" 200 5320 "http://bogenriefstudios.com/bogenriefgallery/blownfusedglass.html" "Mozilla/5.0 (Linux; Android 10; SM-G960U) AppleWebKit/537.36 (KHTML, like Gecko) Chrome/85.0.4183.81 Mobile Safari/537.36"
173.30.73.100 - - [11/Sep/2020:17:59:40 -0400] "GET /images/479_SPEN0035.JPG HTTP/1.0" 200 23442 "http://bogenriefstudios.com/bogenriefgallery/blownfusedglass.html" "Mozilla/5.0 (Linux; Android 10; SM-G960U) AppleWebKit/537.36 (KHTML, like Gecko) Chrome/85.0.4183.81 Mobile Safari/537.36"
173.30.73.100 - - [11/Sep/2020:17:59:40 -0400] "GET /images/349_SPEN0087.JPG HTTP/1.0" 200 28029 "http://bogenriefstudios.com/bogenriefgallery/blownfusedglass.html" "Mozilla/5.0 (Linux; Android 10; SM-G960U) AppleWebKit/537.36 (KHTML, like Gecko) Chrome/85.0.4183.81 Mobile Safari/537.36"
173.30.73.100 - - [11/Sep/2020:17:59:40 -0400] "GET /images/363_SPEN0088.JPG HTTP/1.0" 200 19924 "http://bogenriefstudios.com/bogenriefgallery/blownfusedglass.html" "Mozilla/5.0 (Linux; Android 10; SM-G960U) AppleWebKit/537.36 (KHTML, like Gecko) Chrome/85.0.4183.81 Mobile Safari/537.36"
173.30.73.100 - - [11/Sep/2020:17:59:41 -0400] "GET /images/218_weddingblown_029.jpg HTTP/1.0" 200 7435 "http://bogenriefstudios.com/bogenriefgallery/blownfusedglass.html" "Mozilla/5.0 (Linux; Android 10; SM-G960U) AppleWebKit/537.36 (KHTML, like Gecko) Chrome/85.0.4183.81 Mobile Safari/537.36"
159.89.234.55 - - [11/Sep/2020:18:55:44 -0400] "GET /apple-touch-icon-152x152.png HTTP/1.0" 404 575 "-" "MobileSafari/604.1 CFNetwork/978.0.7 Darwin/18.7.0"
159.89.234.55 - - [11/Sep/2020:18:55:45 -0400] "GET /favicon.ico HTTP/1.0" 404 575 "-" "MobileSafari/604.1 CFNetwork/978.0.7 Darwin/18.7.0"
159.89.234.55 - - [11/Sep/2020:18:55:45 -0400] "GET /apple-touch-icon-152x152-precomposed.png HTTP/1.0" 404 575 "-" "MobileSafari/604.1 CFNetwork/978.0.7 Darwin/18.7.0"
159.89.234.55 - - [11/Sep/2020:18:55:45 -0400] "GET /apple-touch-icon-precomposed.png HTTP/1.0" 404 575 "-" "MobileSafari/604.1 CFNetwork/978.0.7 Darwin/18.7.0"
185.125.219.13 - - [11/Sep/2020:19:06:09 -0400] "GET / HTTP/1.0" 200 15458 "https://fuehair.ru/peresadka-volos-metodom-fue/" "Mozilla/6.0 (compatible; MSIE4.00; Windows 2007)"
193.124.190.18 - - [11/Sep/2020:19:06:19 -0400] "GET / HTTP/1.0" 200 15458 "http://znamenitosti.info/zapadnyj-shou-biznes/" "Mozilla/6.0 (compatible; MSIE6.00; Windows 2003)"
54.36.149.57 - - [11/Sep/2020:19:52:06 -0400] "GET /robots.txt HTTP/1.0" 200 25 "-" "Mozilla/5.0 (compatible; AhrefsBot/6.1; +http://ahrefs.com/robot/)"
66.249.65.174 - - [11/Sep/2020:19:54:51 -0400] "GET /robots.txt HTTP/1.0" 200 25 "-" "Mozilla/5.0 (compatible; Googlebot/2.1; +http://www.google.com/bot.html)"
66.249.65.176 - - [11/Sep/2020:19:54:51 -0400] "GET /bogenriefgallery.html HTTP/1.0" 200 15458 "-" "Mozilla/5.0 (compatible; Googlebot/2.1; +http://www.google.com/bot.html)"
166.181.83.197 - - [11/Sep/2020:21:34:00 -0400] "GET /favicon.ico HTTP/1.0" 404 575 "http://www.bogenriefstudios.com/" "Mozilla/5.0 (Linux; Android 6.0.1; SAMSUNG SM-G900R4) AppleWebKit/537.36 (KHTML, like Gecko) SamsungBrowser/12.1 Chrome/79.0.3945.136 Mobile Safari/537.36"
166.181.83.197 - - [11/Sep/2020:21:34:04 -0400] "GET / HTTP/1.0" 200 15458 "https://www.google.com/" "Mozilla/5.0 (Linux; Android 6.0.1; SAMSUNG SM-G900R4) AppleWebKit/537.36 (KHTML, like Gecko) SamsungBrowser/12.1 Chrome/79.0.3945.136 Mobile Safari/537.36"
207.46.13.172 - - [11/Sep/2020:22:08:11 -0400] "GET /differentpath.html HTTP/1.0" 200 10452 "-" "Mozilla/5.0 (compatible; bingbot/2.0; +http://www.bing.com/bingbot.htm)"
31.13.127.13 - - [11/Sep/2020:22:55:19 -0400] "GET /images/682_Daydream_001.jpg HTTP/1.0" 200 204974 "-" "facebookexternalhit/1.1 (+http://www.facebook.com/externalhit_uatext.php)"
40.77.167.47 - - [11/Sep/2020:23:20:23 -0400] "GET /images/640_DSC00157.JPG HTTP/1.0" 200 56024 "-" "Mozilla/5.0 (compatible; bingbot/2.0; +http://www.bing.com/bingbot.htm)"
136.243.222.140 - - [11/Sep/2020:00:56:20 -0400] "GET /bogenriefgallery/churchwindows.html HTTP/1.0" 200 18485 "-" "DomainStatsBot/1.0 (https://domainstats.com/pages/our-bot)"
136.243.222.140 - - [11/Sep/2020:00:57:17 -0400] "GET /bogenriefgallery/stainedglasswindows.html HTTP/1.0" 200 24096 "-" "DomainStatsBot/1.0 (https://domainstats.com/pages/our-bot)"
207.46.13.250 - - [11/Sep/2020:05:50:34 -0400] "GET /robots.txt HTTP/1.0" 200 25 "-" "Mozilla/5.0 (compatible; bingbot/2.0; +http://www.bing.com/bingbot.htm)"
5.219.180.105 - - [11/Sep/2020:05:51:14 -0400] "GET /images/314_lincoln,_NE_012.jpg HTTP/1.0" 200 53845 "https://www.google.com/" "Mozilla/5.0 (Linux; Android 4.4.4; MI 4W) AppleWebKit/537.36 (KHTML, like Gecko) Chrome/81.0.4044.138 Mobile Safari/537.36"
54.236.1.11 - - [11/Sep/2020:05:57:45 -0400] "GET /history.html HTTP/1.0" 200 13966 "-" "Mozilla/5.0 (compatible; Pinterestbot/1.0; +http://www.pinterest.com/bot.html)"
111.202.101.98 - - [11/Sep/2020:06:13:06 -0400] "GET / HTTP/1.0" 200 15458 "-" "Sogou web spider/4.0(+http://www.sogou.com/docs/help/webmasters.htm#07)"
85.209.89.224 - - [11/Sep/2020:07:53:34 -0400] "GET / HTTP/1.0" 200 15458 "http://makrab.news/?m_ob=TPS&m_id=16" "Mozilla/6.0 (compatible; MSIE5.00; Windows 2003)"
194.67.210.77 - - [11/Sep/2020:08:05:19 -0400] "GET / HTTP/1.0" 200 15458 "http://polotsk-portal.ru/ekzamen-pdd.html" "Mozilla/7.0 (compatible; MSIE5.00; Windows 2002)"
207.46.13.172 - - [11/Sep/2020:08:09:25 -0400] "GET /images/314_web_site_5.JPG HTTP/1.0" 200 111068 "-" "Mozilla/5.0 (compatible; bingbot/2.0; +http://www.bing.com/bingbot.htm)"
177.228.11.213 - - [11/Sep/2020:10:33:32 -0400] "GET /scripts/user.js HTTP/1.0" 200 23762 "http://www.bogenriefstudios.com/availableforpurchase.html" "Mozilla/5.0 (Linux; Android 8.0.0; SM-G570M Build/R16NW; wv) AppleWebKit/537.36 (KHTML, like Gecko) Version/4.0 Chrome/85.0.4183.81 Mobile Safari/537.36 [Pinterest/Android]"
177.228.11.213 - - [11/Sep/2020:10:33:32 -0400] "GET /scripts/icwebsiteelement.css HTTP/1.0" 200 8132 "http://www.bogenriefstudios.com/availableforpurchase.html" "Mozilla/5.0 (Linux; Android 8.0.0; SM-G570M Build/R16NW; wv) AppleWebKit/537.36 (KHTML, like Gecko) Version/4.0 Chrome/85.0.4183.81 Mobile Safari/537.36 [Pinterest/Android]"
177.228.11.213 - - [11/Sep/2020:10:33:32 -0400] "GET /scripts/photoalbum.js HTTP/1.0" 200 62481 "http://www.bogenriefstudios.com/availableforpurchase.html" "Mozilla/5.0 (Linux; Android 8.0.0; SM-G570M Build/R16NW; wv) AppleWebKit/537.36 (KHTML, like Gecko) Version/4.0 Chrome/85.0.4183.81 Mobile Safari/537.36 [Pinterest/Android]"
177.228.11.213 - - [11/Sep/2020:10:33:32 -0400] "GET /images/682_Fall_017.JPG HTTP/1.0" 200 261518 "http://www.bogenriefstudios.com/availableforpurchase.html" "Mozilla/5.0 (Linux; Android 8.0.0; SM-G570M Build/R16NW; wv) AppleWebKit/537.36 (KHTML, like Gecko) Version/4.0 Chrome/85.0.4183.81 Mobile Safari/537.36 [Pinterest/Android]"
177.228.11.213 - - [11/Sep/2020:10:33:32 -0400] "GET /images/629_Four_Seasons_-_Summer_001.jpg HTTP/1.0" 200 249120 "http://www.bogenriefstudios.com/availableforpurchase.html" "Mozilla/5.0 (Linux; Android 8.0.0; SM-G570M Build/R16NW; wv) AppleWebKit/537.36 (KHTML, like Gecko) Version/4.0 Chrome/85.0.4183.81 Mobile Safari/537.36 [Pinterest/Android]"
177.228.11.213 - - [11/Sep/2020:10:33:33 -0400] "GET /images/682_bevel_dome_grape_dome_015.JPG HTTP/1.0" 200 68000 "http://www.bogenriefstudios.com/availableforpurchase.html" "Mozilla/5.0 (Linux; Android 8.0.0; SM-G570M Build/R16NW; wv) AppleWebKit/537.36 (KHTML, like Gecko) Version/4.0 Chrome/85.0.4183.81 Mobile Safari/537.36 [Pinterest/Android]"
177.228.11.213 - - [11/Sep/2020:10:33:33 -0400] "GET /images/682_door_numbers_012.JPG HTTP/1.0" 200 86872 "http://www.bogenriefstudios.com/availableforpurchase.html" "Mozilla/5.0 (Linux; Android 8.0.0; SM-G570M Build/R16NW; wv) AppleWebKit/537.36 (KHTML, like Gecko) Version/4.0 Chrome/85.0.4183.81 Mobile Safari/537.36 [Pinterest/Android]"
177.228.11.213 - - [11/Sep/2020:10:33:33 -0400] "GET /images/682_spider_mum_009.JPG HTTP/1.0" 200 68685 "http://www.bogenriefstudios.com/availableforpurchase.html" "Mozilla/5.0 (Linux; Android 8.0.0; SM-G570M Build/R16NW; wv) AppleWebKit/537.36 (KHTML, like Gecko) Version/4.0 Chrome/85.0.4183.81 Mobile Safari/537.36 [Pinterest/Android]"
177.228.11.213 - - [11/Sep/2020:10:33:33 -0400] "GET /scripts/print.css HTTP/1.0" 200 - "http://www.bogenriefstudios.com/availableforpurchase.html" "Mozilla/5.0 (Linux; Android 8.0.0; SM-G570M Build/R16NW; wv) AppleWebKit/537.36 (KHTML, like Gecko) Version/4.0 Chrome/85.0.4183.81 Mobile Safari/537.36 [Pinterest/Android]"
177.228.11.213 - - [11/Sep/2020:10:33:38 -0400] "GET /favicon.ico HTTP/1.0" 404 575 "http://www.bogenriefstudios.com/availableforpurchase.html" "Mozilla/5.0 (Linux; Android 8.0.0; SM-G570M Build/R16NW; wv) AppleWebKit/537.36 (KHTML, like Gecko) Version/4.0 Chrome/85.0.4183.81 Mobile Safari/537.36 [Pinterest/Android]"
66.249.65.174 - - [11/Sep/2020:12:17:24 -0400] "GET /bogenriefgallery.html HTTP/1.0" 200 15458 "-" "Mozilla/5.0 (Linux; Android 6.0.1; Nexus 5X Build/MMB29P) AppleWebKit/537.36 (KHTML, like Gecko) Chrome/85.0.4183.97 Mobile Safari/537.36 (compatible; Googlebot/2.1; +http://www.google.com/bot.html)"
188.165.211.206 - - [11/Sep/2020:13:18:30 -0400] "POST /wp-content/plugins/wp-file-manager/lib/php/connector.minimal.php HTTP/1.0" 404 575 "-" "curl/7.68.0"
35.185.33.15 - - [11/Sep/2020:14:16:21 -0400] "GET /robots.txt HTTP/1.0" 200 25 "-" "ZoominfoBot (zoominfobot at zoominfo dot com)"
66.249.65.200 - - [11/Sep/2020:14:17:31 -0400] "GET /scripts/ic_globals_published.js HTTP/1.0" 200 566 "http://www.bogenriefstudios.com/bogenriefgallery/lampshades.html" "Mozilla/5.0 (Linux; Android 6.0.1; Nexus 5X Build/MMB29P) AppleWebKit/537.36 (KHTML, like Gecko) Chrome/85.0.4183.105 Mobile Safari/537.36 (compatible; Googlebot/2.1; +http://www.google.com/bot.html)"
166.182.85.47 - - [11/Sep/2020:15:36:43 -0400] "GET /images/205_025.JPG HTTP/1.0" 200 16394 "http://www.bogenriefstudios.com/" "Mozilla/5.0 (Linux; Android 6.0.1; SAMSUNG SM-G900R4) AppleWebKit/537.36 (KHTML, like Gecko) SamsungBrowser/12.1 Chrome/79.0.3945.136 Mobile Safari/537.36"
166.182.85.47 - - [11/Sep/2020:15:36:43 -0400] "GET /images/321_David_s_dome_002.JPG HTTP/1.0" 200 23041 "http://www.bogenriefstudios.com/" "Mozilla/5.0 (Linux; Android 6.0.1; SAMSUNG SM-G900R4) AppleWebKit/537.36 (KHTML, like Gecko) SamsungBrowser/12.1 Chrome/79.0.3945.136 Mobile Safari/537.36"
190.161.93.239 - - [11/Sep/2020:16:32:03 -0400] "GET /images/682_rocklin_-_sun_moon.jpg HTTP/1.0" 200 28631 "http://www.bogenriefstudios.com/availableforpurchase.html" "Mozilla/5.0 (Windows NT 6.2; Win64; x64) AppleWebKit/537.36 (KHTML, like Gecko) Chrome/85.0.4183.102 Safari/537.36"
190.161.93.239 - - [11/Sep/2020:16:32:03 -0400] "GET /images/682_P1010006A.JPG HTTP/1.0" 200 33201 "http://www.bogenriefstudios.com/availableforpurchase.html" "Mozilla/5.0 (Windows NT 6.2; Win64; x64) AppleWebKit/537.36 (KHTML, like Gecko) Chrome/85.0.4183.102 Safari/537.36"
190.161.93.239 - - [11/Sep/2020:16:32:03 -0400] "GET /images/629_Four_Seasons_-_Summer_001.jpg HTTP/1.0" 200 249120 "http://www.bogenriefstudios.com/availableforpurchase.html" "Mozilla/5.0 (Windows NT 6.2; Win64; x64) AppleWebKit/537.36 (KHTML, like Gecko) Chrome/85.0.4183.102 Safari/537.36"
190.161.93.239 - - [11/Sep/2020:16:32:05 -0400] "GET /images/682_bevel_dome_grape_dome_011.JPG HTTP/1.0" 200 82530 "http://www.bogenriefstudios.com/availableforpurchase.html" "Mozilla/5.0 (Windows NT 6.2; Win64; x64) AppleWebKit/537.36 (KHTML, like Gecko) Chrome/85.0.4183.102 Safari/537.36"
190.161.93.239 - - [11/Sep/2020:16:32:05 -0400] "GET /images/682_spider_mum_009.JPG HTTP/1.0" 200 68685 "http://www.bogenriefstudios.com/availableforpurchase.html" "Mozilla/5.0 (Windows NT 6.2; Win64; x64) AppleWebKit/537.36 (KHTML, like Gecko) Chrome/85.0.4183.102 Safari/537.36"
190.161.93.239 - - [11/Sep/2020:16:32:06 -0400] "GET /images/682_a_items_onhand_027.JPG HTTP/1.0" 200 57298 "http://www.bogenriefstudios.com/availableforpurchase.html" "Mozilla/5.0 (Windows NT 6.2; Win64; x64) AppleWebKit/537.36 (KHTML, like Gecko) Chrome/85.0.4183.102 Safari/537.36"
95.210.220.62 - - [11/Sep/2020:16:44:43 -0400] "GET /bogenriefgallery/thejunglewindow.html HTTP/1.0" 200 26387 "http://www.pinterest.com/pin/58195020163026449" "Mozilla/5.0 (iPhone; CPU iPhone OS 13_7 like Mac OS X) AppleWebKit/605.1.15 (KHTML, like Gecko) Mobile/15E148 [Pinterest/iOS]"
40.77.167.19 - - [11/Sep/2020:17:39:54 -0400] "GET /images/682_DSC_0070.JPG HTTP/1.0" 200 147985 "-" "Mozilla/5.0 (compatible; bingbot/2.0; +http://www.bing.com/bingbot.htm)"
173.30.73.100 - - [11/Sep/2020:17:50:17 -0400] "GET /scripts/user.js HTTP/1.0" 200 23762 "http://www.bogenriefstudios.com/" "Mozilla/5.0 (Linux; Android 10; SM-G960U) AppleWebKit/537.36 (KHTML, like Gecko) Chrome/85.0.4183.81 Mobile Safari/537.36"
173.30.73.100 - - [11/Sep/2020:17:50:19 -0400] "GET /favicon.ico HTTP/1.0" 404 575 "http://www.bogenriefstudios.com/" "Mozilla/5.0 (Linux; Android 10; SM-G960U) AppleWebKit/537.36 (KHTML, like Gecko) Chrome/85.0.4183.81 Mobile Safari/537.36"
173.30.73.100 - - [11/Sep/2020:17:50:49 -0400] "GET /bogenriefgallery.html HTTP/1.0" 200 15458 "http://www.bogenriefstudios.com/" "Mozilla/5.0 (Linux; Android 10; SM-G960U) AppleWebKit/537.36 (KHTML, like Gecko) Chrome/85.0.4183.81 Mobile Safari/537.36"
173.30.73.100 - - [11/Sep/2020:17:51:02 -0400] "GET /history.html HTTP/1.0" 200 13966 "http://www.bogenriefstudios.com/bogenriefgallery.html" "Mozilla/5.0 (Linux; Android 10; SM-G960U) AppleWebKit/537.36 (KHTML, like Gecko) Chrome/85.0.4183.81 Mobile Safari/537.36"
173.30.73.100 - - [11/Sep/2020:17:52:31 -0400] "GET /images/198_023.JPG HTTP/1.0" 200 9799 "http://www.bogenriefstudios.com/bogenriefgallery.html" "Mozilla/5.0 (Linux; Android 10; SAMSUNG SM-G960U) AppleWebKit/537.36 (KHTML, like Gecko) SamsungBrowser/12.1 Chrome/79.0.3945.136 Mobile Safari/537.36"
173.30.73.100 - - [11/Sep/2020:17:52:31 -0400] "GET /images/321_David_s_dome_002.JPG HTTP/1.0" 200 23041 "http://www.bogenriefstudios.com/bogenriefgallery.html" "Mozilla/5.0 (Linux; Android 10; SAMSUNG SM-G960U) AppleWebKit/537.36 (KHTML, like Gecko) SamsungBrowser/12.1 Chrome/79.0.3945.136 Mobile Safari/537.36"
173.30.73.100 - - [11/Sep/2020:17:52:33 -0400] "GET /favicon.ico HTTP/1.0" 404 575 "http://www.bogenriefstudios.com/bogenriefgallery.html" "Mozilla/5.0 (Linux; Android 10; SAMSUNG SM-G960U) AppleWebKit/537.36 (KHTML, like Gecko) SamsungBrowser/12.1 Chrome/79.0.3945.136 Mobile Safari/537.36"
173.30.73.100 - - [11/Sep/2020:17:59:04 -0400] "GET /scripts/icwebsiteelement.css HTTP/1.0" 200 8132 "http://bogenriefstudios.com/?fbclid=IwAR3exH-qbbKS4mYNjowvt_8s3O0SmxaMNdYf49tBB-zq84cUwT0YOTHEe5Y" "Mozilla/5.0 (Linux; Android 10; SM-G960U) AppleWebKit/537.36 (KHTML, like Gecko) Chrome/85.0.4183.81 Mobile Safari/537.36"
173.30.73.100 - - [11/Sep/2020:17:59:04 -0400] "GET /images/321_David_s_dome_002.JPG HTTP/1.0" 200 23041 "http://bogenriefstudios.com/?fbclid=IwAR3exH-qbbKS4mYNjowvt_8s3O0SmxaMNdYf49tBB-zq84cUwT0YOTHEe5Y" "Mozilla/5.0 (Linux; Android 10; SM-G960U) AppleWebKit/537.36 (KHTML, like Gecko) Chrome/85.0.4183.81 Mobile Safari/537.36"
173.30.73.100 - - [11/Sep/2020:17:59:18 -0400] "GET /images/300_P1010130.JPG HTTP/1.0" 200 41395 "http://bogenriefstudios.com/history.html" "Mozilla/5.0 (Linux; Android 10; SM-G960U) AppleWebKit/537.36 (KHTML, like Gecko) Chrome/85.0.4183.81 Mobile Safari/537.36"
173.30.73.100 - - [11/Sep/2020:17:59:40 -0400] "GET /images/photoalbum/button_photoSpeed2_ON.jpg HTTP/1.0" 200 492 "http://bogenriefstudios.com/bogenriefgallery/blownfusedglass.html" "Mozilla/5.0 (Linux; Android 10; SM-G960U) AppleWebKit/537.36 (KHTML, like Gecko) Chrome/85.0.4183.81 Mobile Safari/537.36"
173.30.73.100 - - [11/Sep/2020:17:59:40 -0400] "GET /images/74_SPEN0096.JPG HTTP/1.0" 200 3074 "http://bogenriefstudios.com/bogenriefgallery/blownfusedglass.html" "Mozilla/5.0 (Linux; Android 10; SM-G960U) AppleWebKit/537.36 (KHTML, like Gecko) Chrome/85.0.4183.81 Mobile Safari/537.36"
173.30.73.100 - - [11/Sep/2020:17:59:40 -0400] "GET /images/159_SPEN0001.JPG HTTP/1.0" 200 8184 "http://bogenriefstudios.com/bogenriefgallery/blownfusedglass.html" "Mozilla/5.0 (Linux; Android 10; SM-G960U) AppleWebKit/537.36 (KHTML, like Gecko) Chrome/85.0.4183.81 Mobile Safari/537.36"
173.30.73.100 - - [11/Sep/2020:17:59:40 -0400] "GET /images/158_SPEN0087.JPG HTTP/1.0" 200 8393 "http://bogenriefstudios.com/bogenriefgallery/blownfusedglass.html" "Mozilla/5.0 (Linux; Android 10; SM-G960U) AppleWebKit/537.36 (KHTML, like Gecko) Chrome/85.0.4183.81 Mobile Safari/537.36"
173.30.73.100 - - [11/Sep/2020:17:59:40 -0400] "GET /images/218_SUTH0008.JPG HTTP/1.0" 200 7614 "http://bogenriefstudios.com/bogenriefgallery/blownfusedglass.html" "Mozilla/5.0 (Linux; Android 10; SM-G960U) AppleWebKit/537.36 (KHTML, like Gecko) Chrome/85.0.4183.81 Mobile Safari/537.36"
173.30.73.100 - - [11/Sep/2020:17:59:40 -0400] "GET /images/327_SPEN0003.JPG HTTP/1.0" 200 31370 "http://bogenriefstudios.com/bogenriefgallery/blownfusedglass.html" "Mozilla/5.0 (Linux; Android 10; SM-G960U) AppleWebKit/537.36 (KHTML, like Gecko) Chrome/85.0.4183.81 Mobile Safari/537.36"
173.30.73.100 - - [11/Sep/2020:17:59:41 -0400] "GET /images/480_SPEN0111.JPG HTTP/1.0" 200 38494 "http://bogenriefstudios.com/bogenriefgallery/blownfusedglass.html" "Mozilla/5.0 (Linux; Android 10; SM-G960U) AppleWebKit/537.36 (KHTML, like Gecko) Chrome/85.0.4183.81 Mobile Safari/537.36"
173.30.73.100 - - [11/Sep/2020:17:59:41 -0400] "GET /images/508_SPEN0001.JPG HTTP/1.0" 200 54597 "http://bogenriefstudios.com/bogenriefgallery/blownfusedglass.html" "Mozilla/5.0 (Linux; Android 10; SM-G960U) AppleWebKit/537.36 (KHTML, like Gecko) Chrome/85.0.4183.81 Mobile Safari/537.36"
173.30.73.100 - - [11/Sep/2020:17:59:46 -0400] "GET /images/696_SPEN0048.JPG HTTP/1.0" 200 45089 "http://bogenriefstudios.com/bogenriefgallery/blownfusedglass.html" "Mozilla/5.0 (Linux; Android 10; SM-G960U) AppleWebKit/537.36 (KHTML, like Gecko) Chrome/85.0.4183.81 Mobile Safari/537.36"
13.52.101.43 - - [11/Sep/2020:18:31:27 -0400] "GET / HTTP/1.0" 200 15458 "-" "Mozilla/5.0 (Macintosh; Intel Mac OS X 10_10_1) AppleWebKit/537.36 (KHTML, like Gecko) Chrome/40.0.2214.93 Safari/537.36"
159.89.234.55 - - [11/Sep/2020:18:55:45 -0400] "GET /apple-touch-icon.png HTTP/1.0" 404 575 "-" "MobileSafari/604.1 CFNetwork/978.0.7 Darwin/18.7.0"
