0byt3m1n1
Path:
/
data
/
0
/
0
/
71
/
13
/
71013
/
meta
/
72258
/
logs
/
[
Home
]
File: x-access_log.2014-06-20
31.41.219.131 - - [20/Jun/2014:10:57:31 -0400] "GET /images/DONUT_SWISH.pdf HTTP/1.1" 200 66187 "-" "Mozilla/4.0 (compatible; MSIE 6.0; Windows NT 5.1; SV1; Mozilla/4.0 (compatible; MSIE 6.0; Windows NT 5.1; SV1) ; .NET CLR 1.0.3705)"
195.154.185.238 - - [20/Jun/2014:03:33:44 -0400] "GET /theswish.html%C2%A0 HTTP/1.0" 404 575 "-" "Mozilla/5.0 (compatible; MJ12bot/v1.4.5; http://www.majestic12.co.uk/bot.php?+)"
64.246.165.180 - - [20/Jun/2014:13:34:37 -0400] "GET /robots.txt HTTP/1.0" 200 25 "-" "Mozilla/5.0 (Windows; U; Windows NT 5.1; en; rv:1.9.0.13) Gecko/2009073022 Firefox/3.5.2 (.NET CLR 3.5.30729) SurveyBot/2.3 (DomainTools)"
130.211.128.2 - - [20/Jun/2014:11:22:01 -0400] "GET / HTTP/1.0" 200 11501 "-" "NerdyBot"
93.44.252.138 - - [20/Jun/2014:21:48:33 -0400] "GET /scripts/1custom.css HTTP/1.1" 200 1144 "http://newhabit.net/" "Mozilla/5.0 (Windows NT 6.1; WOW64) AppleWebKit/537.36 (KHTML, like Gecko) Chrome/32.0.1700.107 Safari/537.36"
93.44.252.138 - - [20/Jun/2014:21:48:34 -0400] "GET /images/nav_background.png HTTP/1.1" 200 191 "http://newhabit.net/" "Mozilla/5.0 (Windows NT 6.1; WOW64) AppleWebKit/537.36 (KHTML, like Gecko) Chrome/32.0.1700.107 Safari/537.36"
93.44.252.138 - - [20/Jun/2014:21:48:33 -0400] "GET /scripts/website.css HTTP/1.1" 200 1878 "http://newhabit.net/" "Mozilla/5.0 (Windows NT 6.1; WOW64) AppleWebKit/537.36 (KHTML, like Gecko) Chrome/32.0.1700.107 Safari/537.36"
93.44.252.138 - - [20/Jun/2014:21:48:34 -0400] "GET /images/nav_shade_ur.png HTTP/1.1" 200 517 "http://newhabit.net/" "Mozilla/5.0 (Windows NT 6.1; WOW64) AppleWebKit/537.36 (KHTML, like Gecko) Chrome/32.0.1700.107 Safari/537.36"
93.44.252.138 - - [20/Jun/2014:21:48:34 -0400] "GET /images/page-background-w.jpg HTTP/1.1" 200 445 "http://newhabit.net/" "Mozilla/5.0 (Windows NT 6.1; WOW64) AppleWebKit/537.36 (KHTML, like Gecko) Chrome/32.0.1700.107 Safari/537.36"
2.51.75.38 - - [20/Jun/2014:04:36:20 -0400] "GET /scripts/user.js HTTP/1.1" 200 14176 "http://newhabit.net/tutorial.html" "Mozilla/5.0 (Macintosh; Intel Mac OS X 10_9_3) AppleWebKit/537.76.4 (KHTML, like Gecko) Version/7.0.4 Safari/537.76.4"
2.51.75.38 - - [20/Jun/2014:04:36:21 -0400] "GET /images/header-background-w.png HTTP/1.1" 200 14283 "http://newhabit.net/tutorial.html" "Mozilla/5.0 (Macintosh; Intel Mac OS X 10_9_3) AppleWebKit/537.76.4 (KHTML, like Gecko) Version/7.0.4 Safari/537.76.4"
2.51.75.38 - - [20/Jun/2014:04:36:21 -0400] "GET /images/page-background-w.jpg HTTP/1.1" 200 445 "http://newhabit.net/tutorial.html" "Mozilla/5.0 (Macintosh; Intel Mac OS X 10_9_3) AppleWebKit/537.76.4 (KHTML, like Gecko) Version/7.0.4 Safari/537.76.4"
76.173.138.188 - - [20/Jun/2014:14:01:58 -0400] "GET /scripts/template.css HTTP/1.1" 200 7761 "http://www.newhabit.net/" "Mozilla/5.0 (Windows NT 6.1; WOW64) AppleWebKit/537.36 (KHTML, like Gecko) Chrome/35.0.1916.153 Safari/537.36"
76.173.138.188 - - [20/Jun/2014:14:01:59 -0400] "GET /images/header-background-w.png HTTP/1.1" 200 14283 "http://www.newhabit.net/" "Mozilla/5.0 (Windows NT 6.1; WOW64) AppleWebKit/537.36 (KHTML, like Gecko) Chrome/35.0.1916.153 Safari/537.36"
66.249.64.49 - - [20/Jun/2014:16:22:29 -0400] "GET /images/NAILBITING_SWISH.pdf HTTP/1.1" 200 129578 "-" "Mozilla/5.0 (compatible; Googlebot/2.1; +http://www.google.com/bot.html)"
2.51.75.38 - - [20/Jun/2014:04:36:19 -0400] "GET /tutorial.html HTTP/1.1" 200 105292 "http://www.google.com/url?sa=t&rct=j&q=&esrc=s&source=web&cd=5&ved=0CEUQFjAE&url=http%3A%2F%2Fnewhabit.net%2Ftutorial.html&ei=DPGjU9TlD8K20wWuwYHgBg&usg=AFQjCNGw5vt52iZcBLjwO_dW1MSDHxb9yg&sig2=fmzx3djJ0TDTiJUHSlluXg&bvm=bv.69411363,d.d2k" "Mozilla/5.0 (Macintosh; Intel Mac OS X 10_9_3) AppleWebKit/537.76.4 (KHTML, like Gecko) Version/7.0.4 Safari/537.76.4"
2.51.75.38 - - [20/Jun/2014:04:36:21 -0400] "GET /images/nav_shade_ur.png HTTP/1.1" 200 517 "http://newhabit.net/tutorial.html" "Mozilla/5.0 (Macintosh; Intel Mac OS X 10_9_3) AppleWebKit/537.76.4 (KHTML, like Gecko) Version/7.0.4 Safari/537.76.4"
76.173.138.188 - - [20/Jun/2014:14:01:58 -0400] "GET / HTTP/1.1" 200 11501 "https://www.google.com/" "Mozilla/5.0 (Windows NT 6.1; WOW64) AppleWebKit/537.36 (KHTML, like Gecko) Chrome/35.0.1916.153 Safari/537.36"
76.173.138.188 - - [20/Jun/2014:14:01:59 -0400] "GET /images/nav_background.png HTTP/1.1" 200 191 "http://www.newhabit.net/" "Mozilla/5.0 (Windows NT 6.1; WOW64) AppleWebKit/537.36 (KHTML, like Gecko) Chrome/35.0.1916.153 Safari/537.36"
76.173.138.188 - - [20/Jun/2014:14:01:59 -0400] "GET /images/nav_shade_lr.gif HTTP/1.1" 200 286 "http://www.newhabit.net/" "Mozilla/5.0 (Windows NT 6.1; WOW64) AppleWebKit/537.36 (KHTML, like Gecko) Chrome/35.0.1916.153 Safari/537.36"
66.249.64.4 - - [20/Jun/2014:20:32:02 -0400] "GET /images/CANDYBAR_SWISH.pdf HTTP/1.1" 200 67344 "-" "Mozilla/5.0 (compatible; Googlebot/2.1; +http://www.google.com/bot.html)"
64.246.165.180 - - [20/Jun/2014:13:34:36 -0400] "GET / HTTP/1.1" 200 11501 "http://whois.domaintools.com/newhabit.net" "Mozilla/5.0 (Windows; U; Windows NT 5.1; en; rv:1.9.0.13) Gecko/2009073022 Firefox/3.5.2 (.NET CLR 3.5.30729) SurveyBot/2.3 (DomainTools)"
76.173.138.188 - - [20/Jun/2014:14:01:58 -0400] "GET /scripts/website.css HTTP/1.1" 200 1878 "http://www.newhabit.net/" "Mozilla/5.0 (Windows NT 6.1; WOW64) AppleWebKit/537.36 (KHTML, like Gecko) Chrome/35.0.1916.153 Safari/537.36"
76.173.138.188 - - [20/Jun/2014:14:01:58 -0400] "GET /scripts/1custom.css HTTP/1.1" 200 1144 "http://www.newhabit.net/" "Mozilla/5.0 (Windows NT 6.1; WOW64) AppleWebKit/537.36 (KHTML, like Gecko) Chrome/35.0.1916.153 Safari/537.36"
76.173.138.188 - - [20/Jun/2014:14:01:58 -0400] "GET /images/nav_shade_ul.png HTTP/1.1" 200 498 "http://www.newhabit.net/" "Mozilla/5.0 (Windows NT 6.1; WOW64) AppleWebKit/537.36 (KHTML, like Gecko) Chrome/35.0.1916.153 Safari/537.36"
76.173.138.188 - - [20/Jun/2014:14:01:58 -0400] "GET /images/nav_back_970.gif HTTP/1.1" 200 258 "http://www.newhabit.net/" "Mozilla/5.0 (Windows NT 6.1; WOW64) AppleWebKit/537.36 (KHTML, like Gecko) Chrome/35.0.1916.153 Safari/537.36"
76.173.138.188 - - [20/Jun/2014:14:01:58 -0400] "GET /images/nav_shade_ll.gif HTTP/1.1" 200 291 "http://www.newhabit.net/" "Mozilla/5.0 (Windows NT 6.1; WOW64) AppleWebKit/537.36 (KHTML, like Gecko) Chrome/35.0.1916.153 Safari/537.36"
76.173.138.188 - - [20/Jun/2014:14:01:58 -0400] "GET /images/above-content-bar-w.jpg HTTP/1.1" 200 2061 "http://www.newhabit.net/" "Mozilla/5.0 (Windows NT 6.1; WOW64) AppleWebKit/537.36 (KHTML, like Gecko) Chrome/35.0.1916.153 Safari/537.36"
76.173.138.188 - - [20/Jun/2014:14:01:59 -0400] "GET /favicon.ico HTTP/1.1" 404 575 "-" "Mozilla/5.0 (Windows NT 6.1; WOW64) AppleWebKit/537.36 (KHTML, like Gecko) Chrome/35.0.1916.153 Safari/537.36"
93.44.252.138 - - [20/Jun/2014:21:48:33 -0400] "GET /scripts/user.js HTTP/1.1" 200 14176 "http://newhabit.net/" "Mozilla/5.0 (Windows NT 6.1; WOW64) AppleWebKit/537.36 (KHTML, like Gecko) Chrome/32.0.1700.107 Safari/537.36"
93.44.252.138 - - [20/Jun/2014:21:48:33 -0400] "GET /scripts/template.css HTTP/1.1" 200 7761 "http://newhabit.net/" "Mozilla/5.0 (Windows NT 6.1; WOW64) AppleWebKit/537.36 (KHTML, like Gecko) Chrome/32.0.1700.107 Safari/537.36"
93.44.252.138 - - [20/Jun/2014:21:48:33 -0400] "GET /images/nav_back_970.gif HTTP/1.1" 200 258 "http://newhabit.net/" "Mozilla/5.0 (Windows NT 6.1; WOW64) AppleWebKit/537.36 (KHTML, like Gecko) Chrome/32.0.1700.107 Safari/537.36"
93.44.252.138 - - [20/Jun/2014:21:48:33 -0400] "GET /images/nav_shade_ul.png HTTP/1.1" 200 498 "http://newhabit.net/" "Mozilla/5.0 (Windows NT 6.1; WOW64) AppleWebKit/537.36 (KHTML, like Gecko) Chrome/32.0.1700.107 Safari/537.36"
93.44.252.138 - - [20/Jun/2014:21:48:34 -0400] "GET /images/nav_shade_lr.gif HTTP/1.1" 200 286 "http://newhabit.net/" "Mozilla/5.0 (Windows NT 6.1; WOW64) AppleWebKit/537.36 (KHTML, like Gecko) Chrome/32.0.1700.107 Safari/537.36"
93.44.252.138 - - [20/Jun/2014:21:48:34 -0400] "GET /images/above-content-bar-w.jpg HTTP/1.1" 200 2061 "http://newhabit.net/" "Mozilla/5.0 (Windows NT 6.1; WOW64) AppleWebKit/537.36 (KHTML, like Gecko) Chrome/32.0.1700.107 Safari/537.36"
46.105.59.74 - - [20/Jun/2014:10:58:15 -0400] "HEAD / HTTP/1.1" 200 - "-" "Mozilla/5.0 (Windows NT 6.1; WOW64) AppleWebKit/537.36 (KHTML, like Gecko) Chrome/27.0.1453.116 Safari/537.36"
101.226.166.206 - - [20/Jun/2014:07:54:24 -0400] "GET /robots.txt HTTP/1.1" 200 25 "http://www.newhabit.net/robots.txt" "Mozilla/5.0 (Windows NT 6.1) AppleWebKit/537.1 (KHTML, like Gecko) Chrome/21.0.1180.89 Safari/537.1; 360Spider"
31.41.219.180 - - [20/Jun/2014:16:43:20 -0400] "GET / HTTP/1.0" 200 11501 "http://newhabit.net/" "Mozilla/5.0 (Windows NT 6.1) AppleWebKit/537.36 (KHTML, like Gecko) Chrome/30.0.1599.12785 YaBrowser/13.12.1599.12785 Safari/537.36"
66.249.64.9 - - [20/Jun/2014:19:16:09 -0400] "GET / HTTP/1.1" 304 - "-" "Mozilla/5.0 (compatible; Googlebot/2.1; +http://www.google.com/bot.html)"
93.44.252.138 - - [20/Jun/2014:21:48:32 -0400] "GET / HTTP/1.1" 200 11501 "http://semalt.semalt.com/crawler.php?u=http://newhabit.net" "Mozilla/5.0 (Windows NT 6.1; WOW64) AppleWebKit/537.36 (KHTML, like Gecko) Chrome/32.0.1700.107 Safari/537.36"
93.44.252.138 - - [20/Jun/2014:21:48:33 -0400] "GET /images/header-background-w.png HTTP/1.1" 200 14283 "http://newhabit.net/" "Mozilla/5.0 (Windows NT 6.1; WOW64) AppleWebKit/537.36 (KHTML, like Gecko) Chrome/32.0.1700.107 Safari/537.36"
93.44.252.138 - - [20/Jun/2014:21:48:33 -0400] "GET /images/nav_shade_ll.gif HTTP/1.1" 200 291 "http://newhabit.net/" "Mozilla/5.0 (Windows NT 6.1; WOW64) AppleWebKit/537.36 (KHTML, like Gecko) Chrome/32.0.1700.107 Safari/537.36"
93.44.252.138 - - [20/Jun/2014:21:48:33 -0400] "GET /scripts/print.css HTTP/1.1" 200 7841 "http://newhabit.net/" "Mozilla/5.0 (Windows NT 6.1; WOW64) AppleWebKit/537.36 (KHTML, like Gecko) Chrome/32.0.1700.107 Safari/537.36"
123.125.71.81 - - [20/Jun/2014:08:31:16 -0400] "GET /home.html HTTP/1.1" 200 11501 "-" "Mozilla/5.0 (compatible; Baiduspider/2.0; +http://www.baidu.com/search/spider.html)"
101.226.51.226 - - [20/Jun/2014:08:49:12 -0400] "GET / HTTP/1.1" 200 11501 "-" "Mozilla/4.0"
2.51.75.38 - - [20/Jun/2014:04:36:20 -0400] "GET /scripts/website.css HTTP/1.1" 200 1878 "http://newhabit.net/tutorial.html" "Mozilla/5.0 (Macintosh; Intel Mac OS X 10_9_3) AppleWebKit/537.76.4 (KHTML, like Gecko) Version/7.0.4 Safari/537.76.4"
2.51.75.38 - - [20/Jun/2014:04:36:21 -0400] "GET /images/nav_back_970.gif HTTP/1.1" 200 258 "http://newhabit.net/tutorial.html" "Mozilla/5.0 (Macintosh; Intel Mac OS X 10_9_3) AppleWebKit/537.76.4 (KHTML, like Gecko) Version/7.0.4 Safari/537.76.4"
2.51.75.38 - - [20/Jun/2014:04:36:21 -0400] "GET /images/nav_shade_lr.gif HTTP/1.1" 200 286 "http://newhabit.net/tutorial.html" "Mozilla/5.0 (Macintosh; Intel Mac OS X 10_9_3) AppleWebKit/537.76.4 (KHTML, like Gecko) Version/7.0.4 Safari/537.76.4"
2.51.75.38 - - [20/Jun/2014:04:36:20 -0400] "GET /scripts/2custom.css HTTP/1.1" 200 805 "http://newhabit.net/tutorial.html" "Mozilla/5.0 (Macintosh; Intel Mac OS X 10_9_3) AppleWebKit/537.76.4 (KHTML, like Gecko) Version/7.0.4 Safari/537.76.4"
2.51.75.38 - - [20/Jun/2014:04:36:21 -0400] "GET /images/nav_shade_ul.png HTTP/1.1" 200 498 "http://newhabit.net/tutorial.html" "Mozilla/5.0 (Macintosh; Intel Mac OS X 10_9_3) AppleWebKit/537.76.4 (KHTML, like Gecko) Version/7.0.4 Safari/537.76.4"
2.51.75.38 - - [20/Jun/2014:04:36:21 -0400] "GET /images/above-content-bar-w.jpg HTTP/1.1" 200 2061 "http://newhabit.net/tutorial.html" "Mozilla/5.0 (Macintosh; Intel Mac OS X 10_9_3) AppleWebKit/537.76.4 (KHTML, like Gecko) Version/7.0.4 Safari/537.76.4"
195.154.185.238 - - [20/Jun/2014:03:33:43 -0400] "GET /robots.txt HTTP/1.0" 200 25 "-" "Mozilla/5.0 (compatible; MJ12bot/v1.4.5; http://www.majestic12.co.uk/bot.php?+)"
66.249.64.9 - - [20/Jun/2014:17:44:20 -0400] "GET /images/ICECREAM_SWISH.pdf HTTP/1.1" 200 67066 "-" "Mozilla/5.0 (compatible; Googlebot/2.1; +http://www.google.com/bot.html)"
66.249.64.4 - - [20/Jun/2014:14:13:24 -0400] "GET /robots.txt HTTP/1.1" 200 25 "-" "Mozilla/5.0 (compatible; Googlebot/2.1; +http://www.google.com/bot.html)"
76.173.138.188 - - [20/Jun/2014:14:01:59 -0400] "GET /images/page-background-w.jpg HTTP/1.1" 200 445 "http://www.newhabit.net/" "Mozilla/5.0 (Windows NT 6.1; WOW64) AppleWebKit/537.36 (KHTML, like Gecko) Chrome/35.0.1916.153 Safari/537.36"
66.249.64.9 - - [20/Jun/2014:14:13:24 -0400] "GET / HTTP/1.1" 304 - "-" "Mozilla/5.0 (compatible; Googlebot/2.1; +http://www.google.com/bot.html)"
38.100.21.66 - - [20/Jun/2014:06:10:48 -0400] "GET / HTTP/1.1" 200 11501 "-" "Mozilla/4.0 (compatible; MSIE 7.0; Windows NT 5.2)"
38.100.21.66 - - [20/Jun/2014:06:10:48 -0400] "GET /scripts/1custom.css HTTP/1.1" 200 1144 "-" "Mozilla/4.0 (compatible; MSIE 7.0; Windows NT 5.2)"
38.100.21.66 - - [20/Jun/2014:06:10:48 -0400] "GET /scripts/template.css HTTP/1.1" 200 7761 "-" "Mozilla/4.0 (compatible; MSIE 7.0; Windows NT 5.2)"
38.100.21.66 - - [20/Jun/2014:06:10:48 -0400] "GET /qa.html HTTP/1.1" 200 11194 "-" "Mozilla/4.0 (compatible; MSIE 7.0; Windows NT 5.2)"
38.100.21.66 - - [20/Jun/2014:06:10:48 -0400] "GET /links.html HTTP/1.1" 200 16258 "-" "Mozilla/4.0 (compatible; MSIE 7.0; Windows NT 5.2)"
38.100.21.66 - - [20/Jun/2014:06:10:48 -0400] "GET /scripts/print.css HTTP/1.1" 200 7841 "-" "Mozilla/4.0 (compatible; MSIE 7.0; Windows NT 5.2)"
38.100.21.66 - - [20/Jun/2014:06:10:48 -0400] "GET /home.html HTTP/1.1" 200 11501 "-" "Mozilla/4.0 (compatible; MSIE 7.0; Windows NT 5.2)"
38.100.21.66 - - [20/Jun/2014:06:10:49 -0400] "GET /downloads.html HTTP/1.1" 200 14521 "-" "Mozilla/4.0 (compatible; MSIE 7.0; Windows NT 5.2)"
38.100.21.66 - - [20/Jun/2014:06:10:49 -0400] "GET /tutorial.html HTTP/1.1" 200 105292 "-" "Mozilla/4.0 (compatible; MSIE 7.0; Windows NT 5.2)"
38.100.21.66 - - [20/Jun/2014:06:10:49 -0400] "GET /scripts/website.css HTTP/1.1" 200 1878 "-" "Mozilla/4.0 (compatible; MSIE 7.0; Windows NT 5.2)"
38.100.21.66 - - [20/Jun/2014:06:10:49 -0400] "GET /scripts/4custom.css HTTP/1.1" 200 805 "-" "Mozilla/4.0 (compatible; MSIE 7.0; Windows NT 5.2)"
2.51.75.38 - - [20/Jun/2014:04:36:31 -0400] "GET /scripts/template.css HTTP/1.1" 200 7761 "http://newhabit.net/tutorial.html" "Mozilla/5.0 (Macintosh; Intel Mac OS X 10_9_3) AppleWebKit/537.76.4 (KHTML, like Gecko) Version/7.0.4 Safari/537.76.4"
2.51.75.38 - - [20/Jun/2014:04:36:32 -0400] "GET /scripts/print.css HTTP/1.1" 200 7841 "http://newhabit.net/tutorial.html" "Mozilla/5.0 (Macintosh; Intel Mac OS X 10_9_3) AppleWebKit/537.76.4 (KHTML, like Gecko) Version/7.0.4 Safari/537.76.4"
2.51.75.38 - - [20/Jun/2014:04:36:33 -0400] "GET /images/nav_shade_ll.gif HTTP/1.1" 200 291 "http://newhabit.net/tutorial.html" "Mozilla/5.0 (Macintosh; Intel Mac OS X 10_9_3) AppleWebKit/537.76.4 (KHTML, like Gecko) Version/7.0.4 Safari/537.76.4"
76.173.138.188 - - [20/Jun/2014:14:02:10 -0400] "GET /scripts/user.js HTTP/1.1" 200 14176 "http://www.newhabit.net/" "Mozilla/5.0 (Windows NT 6.1; WOW64) AppleWebKit/537.36 (KHTML, like Gecko) Chrome/35.0.1916.153 Safari/537.36"
76.173.138.188 - - [20/Jun/2014:14:02:10 -0400] "GET /scripts/print.css HTTP/1.1" 200 7841 "http://www.newhabit.net/" "Mozilla/5.0 (Windows NT 6.1; WOW64) AppleWebKit/537.36 (KHTML, like Gecko) Chrome/35.0.1916.153 Safari/537.36"
76.173.138.188 - - [20/Jun/2014:14:02:10 -0400] "GET /images/nav_shade_ur.png HTTP/1.1" 200 517 "http://www.newhabit.net/" "Mozilla/5.0 (Windows NT 6.1; WOW64) AppleWebKit/537.36 (KHTML, like Gecko) Chrome/35.0.1916.153 Safari/537.36"
31.41.219.180 - - [20/Jun/2014:16:43:30 -0400] "GET /images/DONUT_SWISH.pdf HTTP/1.0" 200 66187 "http://newhabit.net/images/DONUT_SWISH.pdf" "Mozilla/5.0 (Windows NT 6.1) AppleWebKit/537.36 (KHTML, like Gecko) Chrome/30.0.1599.12785 YaBrowser/13.12.1599.12785 Safari/537.36"
98.219.193.164 - - [20/Jun/2014:15:32:16 -0400] "GET /images/POTATOCHIP_SWISH.pdf HTTP/1.1" 200 67259 "http://www.bing.com/search?q=when+i+eat+potato+chips+i+get+bad+taste+in+mouth&qs=n&form=QBLH&pq=when+i+eat+potato+chips+i+get+bad+taste+in+mouth&sc=0-14&sp=-1&sk=&cvid=852bdaca13944352b294ebd80bf63d14" "Mozilla/5.0 (Windows NT 6.1; WOW64; Trident/7.0; rv:11.0) like Gecko"
31.41.219.131 - - [20/Jun/2014:10:57:33 -0400] "POST /images/DONUT_SWISH.pdf/trackback/ HTTP/1.1" 404 575 "http://newhabit.net/images/DONUT_SWISH.pdf" "Mozilla/4.0 (compatible; MSIE 6.0; Windows NT 5.1; SV1; Mozilla/4.0 (compatible; MSIE 6.0; Windows NT 5.1; SV1) ; .NET CLR 1.0.3705)"
183.60.212.160 - - [20/Jun/2014:09:51:44 -0400] "GET /tutorial.html HTTP/1.1" 200 105292 "-" "Mozilla/5.0 (compatible; EasouSpider; +http://www.easou.com/search/spider.html)"
2.51.75.38 - - [20/Jun/2014:04:35:47 -0400] "GET /images/nav_background.png HTTP/1.1" 200 191 "http://newhabit.net/tutorial.html" "Mozilla/5.0 (Macintosh; Intel Mac OS X 10_9_3) AppleWebKit/537.76.4 (KHTML, like Gecko) Version/7.0.4 Safari/537.76.4"
2.51.75.38 - - [20/Jun/2014:04:36:20 -0400] "GET /favicon.ico HTTP/1.1" 404 575 "http://newhabit.net/tutorial.html" "Mozilla/5.0 (Macintosh; Intel Mac OS X 10_9_3) AppleWebKit/537.76.4 (KHTML, like Gecko) Version/7.0.4 Safari/537.76.4"