0byt3m1n1
Path:
/
data
/
0
/
0
/
72
/
1
/
72816
/
meta
/
74078
/
logs
/
[
Home
]
File: x-access_log.2013-08-12
66.249.75.114 - - [12/Aug/2013:18:02:13 -0400] "GET /scripts/photoalbum.js HTTP/1.1" 200 62295 "http://www.libertytransnational.com/corporatebuyers.html" "Mozilla/5.0 (compatible; Googlebot/2.1; +http://www.google.com/bot.html)"
66.43.35.189 - - [12/Aug/2013:21:55:44 -0400] "GET /378/scripts/master.css HTTP/1.1" 200 1951 "http://www.libertytransnational.com/pages/4/index.htm" "Mozilla/5.0 (compatible; MSIE 10.0; Windows NT 6.1; WOW64; Trident/6.0)"
66.43.35.189 - - [12/Aug/2013:21:55:45 -0400] "GET /378/images/content_03.jpg HTTP/1.1" 200 2072 "http://www.libertytransnational.com/pages/4/index.htm" "Mozilla/5.0 (compatible; MSIE 10.0; Windows NT 6.1; WOW64; Trident/6.0)"
66.43.35.189 - - [12/Aug/2013:21:55:45 -0400] "GET /378/images/04a.jpg HTTP/1.1" 200 4187 "http://www.libertytransnational.com/pages/4/index.htm" "Mozilla/5.0 (compatible; MSIE 10.0; Windows NT 6.1; WOW64; Trident/6.0)"
66.43.35.189 - - [12/Aug/2013:21:55:45 -0400] "GET /378/images/08a.jpg HTTP/1.1" 200 3325 "http://www.libertytransnational.com/pages/4/index.htm" "Mozilla/5.0 (compatible; MSIE 10.0; Windows NT 6.1; WOW64; Trident/6.0)"
66.43.35.189 - - [12/Aug/2013:21:55:45 -0400] "GET /images/175_newest_pic_jeff02.jpg HTTP/1.1" 200 3694 "http://www.libertytransnational.com/pages/4/index.htm" "Mozilla/5.0 (compatible; MSIE 10.0; Windows NT 6.1; WOW64; Trident/6.0)"
66.43.35.189 - - [12/Aug/2013:21:55:45 -0400] "GET /378/images/content_09.jpg HTTP/1.1" 200 1278 "http://www.libertytransnational.com/pages/4/index.htm" "Mozilla/5.0 (compatible; MSIE 10.0; Windows NT 6.1; WOW64; Trident/6.0)"
66.43.35.189 - - [12/Aug/2013:21:55:45 -0400] "GET /378/images/01b.jpg HTTP/1.1" 200 2756 "http://www.libertytransnational.com/pages/4/index.htm" "Mozilla/5.0 (compatible; MSIE 10.0; Windows NT 6.1; WOW64; Trident/6.0)"
66.43.35.189 - - [12/Aug/2013:21:55:45 -0400] "GET /378/images/08b.jpg HTTP/1.1" 200 3464 "http://www.libertytransnational.com/pages/4/index.htm" "Mozilla/5.0 (compatible; MSIE 10.0; Windows NT 6.1; WOW64; Trident/6.0)"
66.43.35.189 - - [12/Aug/2013:21:55:45 -0400] "GET /378/images/4/slogan.jpg HTTP/1.1" 200 6400 "http://www.libertytransnational.com/pages/4/index.htm" "Mozilla/5.0 (compatible; MSIE 10.0; Windows NT 6.1; WOW64; Trident/6.0)"
66.43.35.189 - - [12/Aug/2013:21:55:45 -0400] "GET /favicon.ico HTTP/1.1" 404 575 "-" "Mozilla/5.0 (compatible; MSIE 10.0; Windows NT 6.1; WOW64; Trident/6.0)"
174.238.65.216 - - [12/Aug/2013:22:22:11 -0400] "GET /378/images/bg.jpg HTTP/1.1" 200 342 "http://www.libertytransnational.com/" "Mozilla/5.0 (Linux; U; Android 2.3.4; en-us; DROIDX Build/4.5.1_57_DX8-51) AppleWebKit/533.1 (KHTML, like Gecko) Version/4.0 Mobile Safari/533.1"
174.238.65.216 - - [12/Aug/2013:22:22:11 -0400] "GET /378/images/06b.jpg HTTP/1.1" 200 3838 "http://www.libertytransnational.com/" "Mozilla/5.0 (Linux; U; Android 2.3.4; en-us; DROIDX Build/4.5.1_57_DX8-51) AppleWebKit/533.1 (KHTML, like Gecko) Version/4.0 Mobile Safari/533.1"
174.238.65.216 - - [12/Aug/2013:22:22:11 -0400] "GET /378/images/company.jpg HTTP/1.1" 200 10264 "http://www.libertytransnational.com/" "Mozilla/5.0 (Linux; U; Android 2.3.4; en-us; DROIDX Build/4.5.1_57_DX8-51) AppleWebKit/533.1 (KHTML, like Gecko) Version/4.0 Mobile Safari/533.1"
174.238.65.216 - - [12/Aug/2013:22:22:11 -0400] "GET /378/images/05a.jpg HTTP/1.1" 200 4058 "http://www.libertytransnational.com/" "Mozilla/5.0 (Linux; U; Android 2.3.4; en-us; DROIDX Build/4.5.1_57_DX8-51) AppleWebKit/533.1 (KHTML, like Gecko) Version/4.0 Mobile Safari/533.1"
174.238.65.216 - - [12/Aug/2013:22:22:11 -0400] "GET /378/images/content_bg.jpg HTTP/1.1" 200 471 "http://www.libertytransnational.com/" "Mozilla/5.0 (Linux; U; Android 2.3.4; en-us; DROIDX Build/4.5.1_57_DX8-51) AppleWebKit/533.1 (KHTML, like Gecko) Version/4.0 Mobile Safari/533.1"
174.238.65.216 - - [12/Aug/2013:22:22:12 -0400] "GET /378/images/content_11.jpg HTTP/1.1" 200 468 "http://www.libertytransnational.com/" "Mozilla/5.0 (Linux; U; Android 2.3.4; en-us; DROIDX Build/4.5.1_57_DX8-51) AppleWebKit/533.1 (KHTML, like Gecko) Version/4.0 Mobile Safari/533.1"
66.249.75.114 - - [12/Aug/2013:06:18:01 -0400] "GET /pages/6/index.htm HTTP/1.1" 200 26559 "-" "Mozilla/5.0 (compatible; Googlebot/2.1; +http://www.google.com/bot.html)"
64.19.3.121 - - [12/Aug/2013:16:59:03 -0400] "GET /scripts/photoalbum.js HTTP/1.1" 200 62295 "http://www.libertytransnational.com/" "Mozilla/5.0 (Windows NT 6.1; WOW64) AppleWebKit/537.36 (KHTML, like Gecko) Chrome/28.0.1500.95 Safari/537.36"
64.19.3.121 - - [12/Aug/2013:16:59:05 -0400] "GET /378/images/bg.jpg HTTP/1.1" 200 342 "http://www.libertytransnational.com/" "Mozilla/5.0 (Windows NT 6.1; WOW64) AppleWebKit/537.36 (KHTML, like Gecko) Chrome/28.0.1500.95 Safari/537.36"
64.19.3.121 - - [12/Aug/2013:16:59:05 -0400] "GET /378/images/06b.jpg HTTP/1.1" 200 3838 "http://www.libertytransnational.com/" "Mozilla/5.0 (Windows NT 6.1; WOW64) AppleWebKit/537.36 (KHTML, like Gecko) Chrome/28.0.1500.95 Safari/537.36"
64.19.3.121 - - [12/Aug/2013:16:59:05 -0400] "GET /378/images/09b.jpg HTTP/1.1" 200 834 "http://www.libertytransnational.com/" "Mozilla/5.0 (Windows NT 6.1; WOW64) AppleWebKit/537.36 (KHTML, like Gecko) Chrome/28.0.1500.95 Safari/537.36"
64.19.3.121 - - [12/Aug/2013:16:59:05 -0400] "GET /378/images/content_04.jpg HTTP/1.1" 200 4415 "http://www.libertytransnational.com/" "Mozilla/5.0 (Windows NT 6.1; WOW64) AppleWebKit/537.36 (KHTML, like Gecko) Chrome/28.0.1500.95 Safari/537.36"
64.19.3.121 - - [12/Aug/2013:16:59:57 -0400] "GET /contactus.html HTTP/1.1" 200 22721 "http://www.libertytransnational.com/executivesbios.html" "Mozilla/5.0 (Windows NT 6.1; WOW64) AppleWebKit/537.36 (KHTML, like Gecko) Chrome/28.0.1500.95 Safari/537.36"
64.19.3.121 - - [12/Aug/2013:16:59:58 -0400] "GET /378/images/6/slogan.jpg HTTP/1.1" 200 5536 "http://www.libertytransnational.com/contactus.html" "Mozilla/5.0 (Windows NT 6.1; WOW64) AppleWebKit/537.36 (KHTML, like Gecko) Chrome/28.0.1500.95 Safari/537.36"
64.19.3.121 - - [12/Aug/2013:16:59:58 -0400] "GET /favicon.ico HTTP/1.1" 404 575 "-" "Mozilla/5.0 (Windows NT 6.1; WOW64) AppleWebKit/537.36 (KHTML, like Gecko) Chrome/28.0.1500.95 Safari/537.36"
66.249.75.114 - - [12/Aug/2013:09:22:10 -0400] "GET / HTTP/1.1" 200 16327 "-" "SAMSUNG-SGH-E250/1.0 Profile/MIDP-2.0 Configuration/CLDC-1.1 UP.Browser/6.2.3.3.c.1.101 (GUI) MMP/2.0 (compatible; Googlebot-Mobile/2.1; +http://www.google.com/bot.html)"
101.227.4.26 - - [12/Aug/2013:09:56:18 -0400] "GET / HTTP/1.1" 200 16327 "-" "Mozilla/5.0 (compatible; YYSpider; +http://www.yunyun.com/spider.html)"
1.202.218.102 - - [12/Aug/2013:21:20:47 -0400] "GET / HTTP/1.1" 200 16327 "-" "Mozilla/5.0 (compatible; JikeSpider; +http://shoulu.jike.com/spider.html)"
65.55.215.103 - - [12/Aug/2013:08:28:22 -0400] "GET /378/images/02a.jpg HTTP/1.1" 200 3042 "-" "msnbot-media/1.1 (+http://search.msn.com/msnbot.htm)"
198.211.107.189 - - [12/Aug/2013:12:51:25 -0400] "GET /contactus.html HTTP/1.1" 200 22721 "-" "Mozilla/5.0 (Windows NT 6.1; WOW64; rv:21.0) Gecko/20100101 Firefox/21.0"
199.30.16.26 - - [12/Aug/2013:14:09:17 -0400] "GET /robots.txt HTTP/1.1" 200 25 "-" "msnbot-media/1.1 (+http://search.msn.com/msnbot.htm)"
66.249.75.114 - - [12/Aug/2013:16:33:37 -0400] "GET /aboutus.html HTTP/1.1" 200 17977 "-" "Mozilla/5.0 (iPhone; U; CPU iPhone OS 4_1 like Mac OS X; en-us) AppleWebKit/532.9 (KHTML, like Gecko) Version/4.0.5 Mobile/8B117 Safari/6531.22.7 (compatible; Googlebot-Mobile/2.1; +http://www.google.com/bot.html)"
174.238.65.216 - - [12/Aug/2013:22:22:39 -0400] "GET /aboutus.html HTTP/1.1" 200 17977 "http://www.libertytransnational.com/" "Mozilla/5.0 (Linux; U; Android 2.3.4; en-us; DROIDX Build/4.5.1_57_DX8-51) AppleWebKit/533.1 (KHTML, like Gecko) Version/4.0 Mobile Safari/533.1"
101.227.4.26 - - [12/Aug/2013:09:56:11 -0400] "GET /robots.txt HTTP/1.1" 200 25 "-" "Mozilla/5.0 ()"
112.210.65.178 - - [12/Aug/2013:11:41:57 -0400] "GET /378/images/03a.jpg HTTP/1.1" 200 3361 "http://www.libertytransnational.com/pages/4/index.htm" "Mozilla/5.0 (iPad; CPU OS 5_1_1 like Mac OS X) AppleWebKit/534.46 (KHTML, like Gecko) Version/5.1 Mobile/9B206 Safari/7534.48.3"
112.210.65.178 - - [12/Aug/2013:11:41:57 -0400] "GET /378/images/06b.jpg HTTP/1.1" 200 3838 "http://www.libertytransnational.com/pages/4/index.htm" "Mozilla/5.0 (iPad; CPU OS 5_1_1 like Mac OS X) AppleWebKit/534.46 (KHTML, like Gecko) Version/5.1 Mobile/9B206 Safari/7534.48.3"
112.210.65.178 - - [12/Aug/2013:11:41:58 -0400] "GET /378/images/08b.jpg HTTP/1.1" 200 3464 "http://www.libertytransnational.com/pages/4/index.htm" "Mozilla/5.0 (iPad; CPU OS 5_1_1 like Mac OS X) AppleWebKit/534.46 (KHTML, like Gecko) Version/5.1 Mobile/9B206 Safari/7534.48.3"
112.210.65.178 - - [12/Aug/2013:11:41:58 -0400] "GET /378/images/09b.jpg HTTP/1.1" 200 834 "http://www.libertytransnational.com/pages/4/index.htm" "Mozilla/5.0 (iPad; CPU OS 5_1_1 like Mac OS X) AppleWebKit/534.46 (KHTML, like Gecko) Version/5.1 Mobile/9B206 Safari/7534.48.3"
91.207.9.226 - - [12/Aug/2013:16:44:06 -0400] "GET / HTTP/1.1" 200 16327 "http://kinonew-online.net/" "Mozilla/4.0 (compatible; MSIE 6.0; Windows NT 5.1; SV1; Media Center PC"
64.19.3.121 - - [12/Aug/2013:16:59:03 -0400] "GET /378/scripts/master.css HTTP/1.1" 200 1951 "http://www.libertytransnational.com/" "Mozilla/5.0 (Windows NT 6.1; WOW64) AppleWebKit/537.36 (KHTML, like Gecko) Chrome/28.0.1500.95 Safari/537.36"
64.19.3.121 - - [12/Aug/2013:16:59:03 -0400] "GET /378/images/company.jpg HTTP/1.1" 200 10264 "http://www.libertytransnational.com/" "Mozilla/5.0 (Windows NT 6.1; WOW64) AppleWebKit/537.36 (KHTML, like Gecko) Chrome/28.0.1500.95 Safari/537.36"
64.19.3.121 - - [12/Aug/2013:16:59:03 -0400] "GET /378/images/content_03.jpg HTTP/1.1" 200 2072 "http://www.libertytransnational.com/" "Mozilla/5.0 (Windows NT 6.1; WOW64) AppleWebKit/537.36 (KHTML, like Gecko) Chrome/28.0.1500.95 Safari/537.36"
64.19.3.121 - - [12/Aug/2013:16:59:03 -0400] "GET /378/images/02a.jpg HTTP/1.1" 200 3042 "http://www.libertytransnational.com/" "Mozilla/5.0 (Windows NT 6.1; WOW64) AppleWebKit/537.36 (KHTML, like Gecko) Chrome/28.0.1500.95 Safari/537.36"
64.19.3.121 - - [12/Aug/2013:16:59:03 -0400] "GET /378/images/04a.jpg HTTP/1.1" 200 4187 "http://www.libertytransnational.com/" "Mozilla/5.0 (Windows NT 6.1; WOW64) AppleWebKit/537.36 (KHTML, like Gecko) Chrome/28.0.1500.95 Safari/537.36"
64.19.3.121 - - [12/Aug/2013:16:59:03 -0400] "GET /378/images/07a.jpg HTTP/1.1" 200 3898 "http://www.libertytransnational.com/" "Mozilla/5.0 (Windows NT 6.1; WOW64) AppleWebKit/537.36 (KHTML, like Gecko) Chrome/28.0.1500.95 Safari/537.36"
64.19.3.121 - - [12/Aug/2013:16:59:03 -0400] "GET /378/images/content_06.jpg HTTP/1.1" 200 1195 "http://www.libertytransnational.com/" "Mozilla/5.0 (Windows NT 6.1; WOW64) AppleWebKit/537.36 (KHTML, like Gecko) Chrome/28.0.1500.95 Safari/537.36"
64.19.3.121 - - [12/Aug/2013:16:59:03 -0400] "GET /378/images/content_11.jpg HTTP/1.1" 200 468 "http://www.libertytransnational.com/" "Mozilla/5.0 (Windows NT 6.1; WOW64) AppleWebKit/537.36 (KHTML, like Gecko) Chrome/28.0.1500.95 Safari/537.36"
64.19.3.121 - - [12/Aug/2013:16:59:05 -0400] "GET /378/images/01b.jpg HTTP/1.1" 200 2756 "http://www.libertytransnational.com/" "Mozilla/5.0 (Windows NT 6.1; WOW64) AppleWebKit/537.36 (KHTML, like Gecko) Chrome/28.0.1500.95 Safari/537.36"
64.19.3.121 - - [12/Aug/2013:16:59:05 -0400] "GET /378/images/07b.jpg HTTP/1.1" 200 3987 "http://www.libertytransnational.com/" "Mozilla/5.0 (Windows NT 6.1; WOW64) AppleWebKit/537.36 (KHTML, like Gecko) Chrome/28.0.1500.95 Safari/537.36"
64.19.3.121 - - [12/Aug/2013:16:59:05 -0400] "GET /378/images/10b.jpg HTTP/1.1" 200 834 "http://www.libertytransnational.com/" "Mozilla/5.0 (Windows NT 6.1; WOW64) AppleWebKit/537.36 (KHTML, like Gecko) Chrome/28.0.1500.95 Safari/537.36"
64.19.3.121 - - [12/Aug/2013:16:59:05 -0400] "GET /378/images/1/slogan.jpg HTTP/1.1" 200 4605 "http://www.libertytransnational.com/" "Mozilla/5.0 (Windows NT 6.1; WOW64) AppleWebKit/537.36 (KHTML, like Gecko) Chrome/28.0.1500.95 Safari/537.36"
64.19.3.121 - - [12/Aug/2013:16:59:05 -0400] "GET /favicon.ico HTTP/1.1" 404 575 "-" "Mozilla/5.0 (Windows NT 6.1; WOW64) AppleWebKit/537.36 (KHTML, like Gecko) Chrome/28.0.1500.95 Safari/537.36"
182.118.49.14 - - [12/Aug/2013:17:25:00 -0400] "GET /scripts/user.js HTTP/1.1" 200 23762 "http://freedomdevgrp.com/" "Mozilla/4.0 (compatible; MSIE 8.0; Windows NT 5.1; Trident/4.0)"
66.249.75.114 - - [12/Aug/2013:04:01:14 -0400] "GET /robots.txt HTTP/1.1" 200 25 "-" "Mozilla/5.0 (compatible; Googlebot/2.1; +http://www.google.com/bot.html)"
66.249.75.114 - - [12/Aug/2013:04:01:14 -0400] "GET /sectorsofinterest.html HTTP/1.1" 304 - "-" "Mozilla/5.0 (iPhone; U; CPU iPhone OS 4_1 like Mac OS X; en-us) AppleWebKit/532.9 (KHTML, like Gecko) Version/4.0.5 Mobile/8B117 Safari/6531.22.7 (compatible; Googlebot-Mobile/2.1; +http://www.google.com/bot.html)"
66.43.35.189 - - [12/Aug/2013:21:55:45 -0400] "GET /378/images/company.jpg HTTP/1.1" 200 10264 "http://www.libertytransnational.com/pages/4/index.htm" "Mozilla/5.0 (compatible; MSIE 10.0; Windows NT 6.1; WOW64; Trident/6.0)"
66.43.35.189 - - [12/Aug/2013:21:55:45 -0400] "GET /378/images/05a.jpg HTTP/1.1" 200 4058 "http://www.libertytransnational.com/pages/4/index.htm" "Mozilla/5.0 (compatible; MSIE 10.0; Windows NT 6.1; WOW64; Trident/6.0)"
66.43.35.189 - - [12/Aug/2013:21:55:45 -0400] "GET /images/175_newest_pic_chuck02.jpg HTTP/1.1" 200 3690 "http://www.libertytransnational.com/pages/4/index.htm" "Mozilla/5.0 (compatible; MSIE 10.0; Windows NT 6.1; WOW64; Trident/6.0)"
66.43.35.189 - - [12/Aug/2013:21:55:45 -0400] "GET /378/images/content_07.jpg HTTP/1.1" 200 553 "http://www.libertytransnational.com/pages/4/index.htm" "Mozilla/5.0 (compatible; MSIE 10.0; Windows NT 6.1; WOW64; Trident/6.0)"
66.43.35.189 - - [12/Aug/2013:21:55:45 -0400] "GET /378/images/content_11.jpg HTTP/1.1" 200 468 "http://www.libertytransnational.com/pages/4/index.htm" "Mozilla/5.0 (compatible; MSIE 10.0; Windows NT 6.1; WOW64; Trident/6.0)"
66.43.35.189 - - [12/Aug/2013:21:55:45 -0400] "GET /378/images/06b.jpg HTTP/1.1" 200 3838 "http://www.libertytransnational.com/pages/4/index.htm" "Mozilla/5.0 (compatible; MSIE 10.0; Windows NT 6.1; WOW64; Trident/6.0)"
66.43.35.189 - - [12/Aug/2013:21:55:45 -0400] "GET /378/images/content_bg.jpg HTTP/1.1" 200 471 "http://www.libertytransnational.com/pages/4/index.htm" "Mozilla/5.0 (compatible; MSIE 10.0; Windows NT 6.1; WOW64; Trident/6.0)"
46.119.118.152 - - [12/Aug/2013:05:38:05 -0400] "GET / HTTP/1.1" 200 16327 "http://dollyeye.ru/" "Opera/9.00 (Windows NT 4.0; U; en)"
66.249.75.114 - - [12/Aug/2013:19:06:28 -0400] "GET /pages/3/ HTTP/1.1" 304 - "-" "Mozilla/5.0 (compatible; Googlebot/2.1; +http://www.google.com/bot.html)"
199.21.99.96 - - [12/Aug/2013:07:20:07 -0400] "GET /compensation.html HTTP/1.1" 200 12313 "-" "Mozilla/5.0 (compatible; YandexBot/3.0; +http://yandex.com/bots)"
220.181.108.111 - - [12/Aug/2013:08:44:14 -0400] "GET /capabilities.html HTTP/1.1" 200 31267 "-" "Mozilla/5.0 (X11; U; Linux x86_64; en-US; rv:1.9) Gecko Minefield/3.0"
174.238.65.216 - - [12/Aug/2013:22:22:39 -0400] "GET /images/205_newest_pic_satellite.jpg HTTP/1.1" 200 2970 "http://www.libertytransnational.com/aboutus.html" "Mozilla/5.0 (Linux; U; Android 2.3.4; en-us; DROIDX Build/4.5.1_57_DX8-51) AppleWebKit/533.1 (KHTML, like Gecko) Version/4.0 Mobile Safari/533.1"
174.238.65.216 - - [12/Aug/2013:22:22:39 -0400] "GET /images/128_pic_column02.jpg HTTP/1.1" 200 4788 "http://www.libertytransnational.com/aboutus.html" "Mozilla/5.0 (Linux; U; Android 2.3.4; en-us; DROIDX Build/4.5.1_57_DX8-51) AppleWebKit/533.1 (KHTML, like Gecko) Version/4.0 Mobile Safari/533.1"
174.238.65.216 - - [12/Aug/2013:22:22:40 -0400] "GET /images/180_pic_statue01a.jpg HTTP/1.1" 200 4289 "http://www.libertytransnational.com/aboutus.html" "Mozilla/5.0 (Linux; U; Android 2.3.4; en-us; DROIDX Build/4.5.1_57_DX8-51) AppleWebKit/533.1 (KHTML, like Gecko) Version/4.0 Mobile Safari/533.1"
174.238.65.216 - - [12/Aug/2013:22:22:40 -0400] "GET /378/images/3/slogan.jpg HTTP/1.1" 200 5393 "http://www.libertytransnational.com/aboutus.html" "Mozilla/5.0 (Linux; U; Android 2.3.4; en-us; DROIDX Build/4.5.1_57_DX8-51) AppleWebKit/533.1 (KHTML, like Gecko) Version/4.0 Mobile Safari/533.1"
174.238.65.216 - - [12/Aug/2013:22:28:07 -0400] "GET /jeffreycsanders.html HTTP/1.1" 200 23020 "http://www.libertytransnational.com/executivesbios.html" "Mozilla/5.0 (Linux; U; Android 2.3.4; en-us; DROIDX Build/4.5.1_57_DX8-51) AppleWebKit/533.1 (KHTML, like Gecko) Version/4.0 Mobile Safari/533.1"
174.238.65.216 - - [12/Aug/2013:22:28:07 -0400] "GET /378/images/8/slogan.jpg HTTP/1.1" 200 7733 "http://www.libertytransnational.com/jeffreycsanders.html" "Mozilla/5.0 (Linux; U; Android 2.3.4; en-us; DROIDX Build/4.5.1_57_DX8-51) AppleWebKit/533.1 (KHTML, like Gecko) Version/4.0 Mobile Safari/533.1"
213.110.133.221 - - [12/Aug/2013:02:05:22 -0400] "GET / HTTP/1.1" 200 16327 "http://sovetogorod.ru/ovosh_pomidor_virashivanie.html" "Mozilla/4.0 (compatible; Blog Search;)"
5.9.149.166 - - [12/Aug/2013:14:54:10 -0400] "GET /robots.txt HTTP/1.1" 200 25 "-" "Mozilla/4.0 (compatible; MSIE 5.5; Windows NT)"
46.119.118.152 - - [12/Aug/2013:05:38:07 -0400] "GET / HTTP/1.1" 200 16327 "http://dollyeye.ru/" "Opera/9.00 (Windows NT 4.0; U; en)"
174.238.65.216 - - [12/Aug/2013:22:22:00 -0400] "GET / HTTP/1.1" 200 16327 "http://www.libertytransnational.com/" "Mozilla/5.0 (Linux; U; Android 2.3.4; en-us; DROIDX Build/4.5.1_57_DX8-51) AppleWebKit/533.1 (KHTML, like Gecko) Version/4.0 Mobile Safari/533.1"
174.238.65.216 - - [12/Aug/2013:22:22:01 -0400] "GET /scripts/user.js HTTP/1.1" 200 23762 "http://www.libertytransnational.com/" "Mozilla/5.0 (Linux; U; Android 2.3.4; en-us; DROIDX Build/4.5.1_57_DX8-51) AppleWebKit/533.1 (KHTML, like Gecko) Version/4.0 Mobile Safari/533.1"
174.238.65.216 - - [12/Aug/2013:22:22:01 -0400] "GET /scripts/photoalbum.js HTTP/1.1" 200 62295 "http://www.libertytransnational.com/" "Mozilla/5.0 (Linux; U; Android 2.3.4; en-us; DROIDX Build/4.5.1_57_DX8-51) AppleWebKit/533.1 (KHTML, like Gecko) Version/4.0 Mobile Safari/533.1"
182.118.49.14 - - [12/Aug/2013:17:24:56 -0400] "GET / HTTP/1.1" 200 16327 "-" "Mozilla/4.0 (compatible; MSIE 8.0; Windows NT 5.1; Trident/4.0)"
174.238.65.216 - - [12/Aug/2013:22:23:30 -0400] "GET /378/images/4/slogan.jpg HTTP/1.1" 200 6400 "http://www.libertytransnational.com/executivesbios.html" "Mozilla/5.0 (Linux; U; Android 2.3.4; en-us; DROIDX Build/4.5.1_57_DX8-51) AppleWebKit/533.1 (KHTML, like Gecko) Version/4.0 Mobile Safari/533.1"
66.249.75.114 - - [12/Aug/2013:08:59:44 -0400] "GET / HTTP/1.1" 200 16327 "-" "DoCoMo/2.0 N905i(c100;TB;W24H16) (compatible; Googlebot-Mobile/2.1; +http://www.google.com/bot.html)"
180.76.5.141 - - [12/Aug/2013:09:47:48 -0400] "GET /scripts/user.js HTTP/1.1" 200 23762 "-" "Mozilla/5.0 (compatible; Baiduspider/2.0; +http://www.baidu.com/search/spider.html)"
1.202.218.69 - - [12/Aug/2013:21:20:46 -0400] "HEAD / HTTP/1.1" 200 - "-" "Mozilla/5.0 (compatible; JikeSpider; +http://shoulu.jike.com/spider.html)"
182.118.22.218 - - [12/Aug/2013:17:24:55 -0400] "GET / HTTP/1.1" 200 16327 "http://freedomdevgrp.com/" "Mozilla/5.0 (Windows; U; Windows NT 5.1; zh-CN; rv:1.8.0.11) Firefox/1.5.0.11; 360Spider"
157.55.35.94 - - [12/Aug/2013:14:45:14 -0400] "GET /robots.txt HTTP/1.1" 200 25 "-" "Mozilla/5.0 (compatible; bingbot/2.0; +http://www.bing.com/bingbot.htm)"
180.76.5.92 - - [12/Aug/2013:19:47:51 -0400] "GET /jeffreycsanders.html HTTP/1.1" 200 23020 "-" "Mozilla/5.0 (compatible; Baiduspider/2.0; +http://www.baidu.com/search/spider.html)"
198.211.107.189 - - [12/Aug/2013:12:51:25 -0400] "GET /capabilities.html HTTP/1.1" 200 31267 "-" "Mozilla/5.0 (Windows NT 6.1; WOW64; rv:21.0) Gecko/20100101 Firefox/21.0"
173.199.114.243 - - [12/Aug/2013:21:26:22 -0400] "GET / HTTP/1.1" 200 16327 "-" "Mozilla/5.0 (compatible; AhrefsBot/4.0; +http://ahrefs.com/robot/)"
66.249.75.114 - - [12/Aug/2013:22:29:54 -0400] "GET /pages/9/index.htm HTTP/1.1" 200 31113 "-" "Mozilla/5.0 (compatible; Googlebot/2.1; +http://www.google.com/bot.html)"
198.211.107.189 - - [12/Aug/2013:12:51:25 -0400] "GET /sectorsofinterest.html HTTP/1.1" 200 27586 "-" "Mozilla/5.0 (Windows NT 6.1; WOW64; rv:21.0) Gecko/20100101 Firefox/21.0"
65.55.215.95 - - [12/Aug/2013:17:05:14 -0400] "GET /378/images/content_11.jpg HTTP/1.1" 200 468 "-" "msnbot-media/1.1 (+http://search.msn.com/msnbot.htm)"
157.55.35.94 - - [12/Aug/2013:22:41:26 -0400] "GET / HTTP/1.1" 200 16327 "-" "Mozilla/5.0 (compatible; bingbot/2.0; +http://www.bing.com/bingbot.htm)"
178.137.128.238 - - [12/Aug/2013:15:39:53 -0400] "GET / HTTP/1.1" 200 16327 "http://www.uabuild.com/" "Mozilla/4.0 (compatible; MSIE 6.0; America Online Browser 1.1; rev1.2; Windows NT 5.1; SV1; .NET CLR 1.1.4322)"
66.43.35.189 - - [12/Aug/2013:21:55:45 -0400] "GET /scripts/user.js HTTP/1.1" 200 23762 "http://www.libertytransnational.com/pages/4/index.htm" "Mozilla/5.0 (compatible; MSIE 10.0; Windows NT 6.1; WOW64; Trident/6.0)"
66.43.35.189 - - [12/Aug/2013:21:55:45 -0400] "GET /378/images/03b.jpg HTTP/1.1" 200 3499 "http://www.libertytransnational.com/pages/4/index.htm" "Mozilla/5.0 (compatible; MSIE 10.0; Windows NT 6.1; WOW64; Trident/6.0)"
66.43.35.189 - - [12/Aug/2013:21:55:45 -0400] "GET /378/images/05b.jpg HTTP/1.1" 200 4130 "http://www.libertytransnational.com/pages/4/index.htm" "Mozilla/5.0 (compatible; MSIE 10.0; Windows NT 6.1; WOW64; Trident/6.0)"
174.238.65.216 - - [12/Aug/2013:22:22:40 -0400] "GET /images/1_clearpixel.gif HTTP/1.1" 200 43 "http://www.libertytransnational.com/aboutus.html" "Mozilla/5.0 (Linux; U; Android 2.3.4; en-us; DROIDX Build/4.5.1_57_DX8-51) AppleWebKit/533.1 (KHTML, like Gecko) Version/4.0 Mobile Safari/533.1"
199.30.16.47 - - [12/Aug/2013:00:44:16 -0400] "GET /378/images/01a.jpg HTTP/1.1" 200 2591 "-" "msnbot-media/1.1 (+http://search.msn.com/msnbot.htm)"
66.43.35.189 - - [12/Aug/2013:21:58:00 -0400] "GET /378/images/07a.jpg HTTP/1.1" 200 3898 "http://www.libertytransnational.com/pages/6/index.htm" "Mozilla/5.0 (compatible; MSIE 10.0; Windows NT 6.1; WOW64; Trident/6.0)"
66.43.35.189 - - [12/Aug/2013:21:58:01 -0400] "GET /378/images/6/slogan.jpg HTTP/1.1" 200 5536 "http://www.libertytransnational.com/pages/6/index.htm" "Mozilla/5.0 (compatible; MSIE 10.0; Windows NT 6.1; WOW64; Trident/6.0)"
64.19.3.121 - - [12/Aug/2013:16:59:02 -0400] "GET / HTTP/1.1" 200 16327 "https://www.google.com/" "Mozilla/5.0 (Windows NT 6.1; WOW64) AppleWebKit/537.36 (KHTML, like Gecko) Chrome/28.0.1500.95 Safari/537.36"
64.19.3.121 - - [12/Aug/2013:16:59:03 -0400] "GET /378/images/06a.jpg HTTP/1.1" 200 3709 "http://www.libertytransnational.com/" "Mozilla/5.0 (Windows NT 6.1; WOW64) AppleWebKit/537.36 (KHTML, like Gecko) Chrome/28.0.1500.95 Safari/537.36"
64.19.3.121 - - [12/Aug/2013:16:59:03 -0400] "GET /images/190_pic_report01a.jpg HTTP/1.1" 200 4628 "http://www.libertytransnational.com/" "Mozilla/5.0 (Windows NT 6.1; WOW64) AppleWebKit/537.36 (KHTML, like Gecko) Chrome/28.0.1500.95 Safari/537.36"
64.19.3.121 - - [12/Aug/2013:16:59:03 -0400] "GET /378/images/content_07.jpg HTTP/1.1" 200 553 "http://www.libertytransnational.com/" "Mozilla/5.0 (Windows NT 6.1; WOW64) AppleWebKit/537.36 (KHTML, like Gecko) Chrome/28.0.1500.95 Safari/537.36"
64.19.3.121 - - [12/Aug/2013:16:59:05 -0400] "GET /378/images/04b.jpg HTTP/1.1" 200 4260 "http://www.libertytransnational.com/" "Mozilla/5.0 (Windows NT 6.1; WOW64) AppleWebKit/537.36 (KHTML, like Gecko) Chrome/28.0.1500.95 Safari/537.36"
66.43.35.189 - - [12/Aug/2013:21:55:45 -0400] "GET /378/images/motif01.jpg HTTP/1.1" 200 14966 "http://www.libertytransnational.com/pages/4/index.htm" "Mozilla/5.0 (compatible; MSIE 10.0; Windows NT 6.1; WOW64; Trident/6.0)"
66.43.35.189 - - [12/Aug/2013:21:55:45 -0400] "GET /378/images/04b.jpg HTTP/1.1" 200 4260 "http://www.libertytransnational.com/pages/4/index.htm" "Mozilla/5.0 (compatible; MSIE 10.0; Windows NT 6.1; WOW64; Trident/6.0)"
66.43.35.189 - - [12/Aug/2013:21:55:45 -0400] "GET /378/images/10b.jpg HTTP/1.1" 200 834 "http://www.libertytransnational.com/pages/4/index.htm" "Mozilla/5.0 (compatible; MSIE 10.0; Windows NT 6.1; WOW64; Trident/6.0)"
174.238.65.216 - - [12/Aug/2013:22:22:11 -0400] "GET /378/images/01b.jpg HTTP/1.1" 200 2756 "http://www.libertytransnational.com/" "Mozilla/5.0 (Linux; U; Android 2.3.4; en-us; DROIDX Build/4.5.1_57_DX8-51) AppleWebKit/533.1 (KHTML, like Gecko) Version/4.0 Mobile Safari/533.1"
174.238.65.216 - - [12/Aug/2013:22:22:11 -0400] "GET /378/images/03b.jpg HTTP/1.1" 200 3499 "http://www.libertytransnational.com/" "Mozilla/5.0 (Linux; U; Android 2.3.4; en-us; DROIDX Build/4.5.1_57_DX8-51) AppleWebKit/533.1 (KHTML, like Gecko) Version/4.0 Mobile Safari/533.1"
174.238.65.216 - - [12/Aug/2013:22:22:11 -0400] "GET /378/images/04b.jpg HTTP/1.1" 200 4260 "http://www.libertytransnational.com/" "Mozilla/5.0 (Linux; U; Android 2.3.4; en-us; DROIDX Build/4.5.1_57_DX8-51) AppleWebKit/533.1 (KHTML, like Gecko) Version/4.0 Mobile Safari/533.1"
174.238.65.216 - - [12/Aug/2013:22:22:11 -0400] "GET /378/images/05b.jpg HTTP/1.1" 200 4130 "http://www.libertytransnational.com/" "Mozilla/5.0 (Linux; U; Android 2.3.4; en-us; DROIDX Build/4.5.1_57_DX8-51) AppleWebKit/533.1 (KHTML, like Gecko) Version/4.0 Mobile Safari/533.1"
174.238.65.216 - - [12/Aug/2013:22:22:11 -0400] "GET /378/images/motif01.jpg HTTP/1.1" 200 14966 "http://www.libertytransnational.com/" "Mozilla/5.0 (Linux; U; Android 2.3.4; en-us; DROIDX Build/4.5.1_57_DX8-51) AppleWebKit/533.1 (KHTML, like Gecko) Version/4.0 Mobile Safari/533.1"
174.238.65.216 - - [12/Aug/2013:22:22:11 -0400] "GET /378/images/content_03.jpg HTTP/1.1" 200 2072 "http://www.libertytransnational.com/" "Mozilla/5.0 (Linux; U; Android 2.3.4; en-us; DROIDX Build/4.5.1_57_DX8-51) AppleWebKit/533.1 (KHTML, like Gecko) Version/4.0 Mobile Safari/533.1"
174.238.65.216 - - [12/Aug/2013:22:22:11 -0400] "GET /378/images/06a.jpg HTTP/1.1" 200 3709 "http://www.libertytransnational.com/" "Mozilla/5.0 (Linux; U; Android 2.3.4; en-us; DROIDX Build/4.5.1_57_DX8-51) AppleWebKit/533.1 (KHTML, like Gecko) Version/4.0 Mobile Safari/533.1"
174.238.65.216 - - [12/Aug/2013:22:22:11 -0400] "GET /378/images/07a.jpg HTTP/1.1" 200 3898 "http://www.libertytransnational.com/" "Mozilla/5.0 (Linux; U; Android 2.3.4; en-us; DROIDX Build/4.5.1_57_DX8-51) AppleWebKit/533.1 (KHTML, like Gecko) Version/4.0 Mobile Safari/533.1"
174.238.65.216 - - [12/Aug/2013:22:22:12 -0400] "GET /images/190_pic_report01a.jpg HTTP/1.1" 200 4628 "http://www.libertytransnational.com/" "Mozilla/5.0 (Linux; U; Android 2.3.4; en-us; DROIDX Build/4.5.1_57_DX8-51) AppleWebKit/533.1 (KHTML, like Gecko) Version/4.0 Mobile Safari/533.1"
174.238.65.216 - - [12/Aug/2013:22:22:12 -0400] "GET /images/190_pic_compass02a.jpg HTTP/1.1" 200 4482 "http://www.libertytransnational.com/" "Mozilla/5.0 (Linux; U; Android 2.3.4; en-us; DROIDX Build/4.5.1_57_DX8-51) AppleWebKit/533.1 (KHTML, like Gecko) Version/4.0 Mobile Safari/533.1"
174.238.65.216 - - [12/Aug/2013:22:22:12 -0400] "GET /378/images/1/slogan.jpg HTTP/1.1" 200 4605 "http://www.libertytransnational.com/" "Mozilla/5.0 (Linux; U; Android 2.3.4; en-us; DROIDX Build/4.5.1_57_DX8-51) AppleWebKit/533.1 (KHTML, like Gecko) Version/4.0 Mobile Safari/533.1"
198.211.107.189 - - [12/Aug/2013:12:50:51 -0400] "GET /../scripts/ic_globals_published.js HTTP/1.1" 400 226 "-" "Mozilla/5.0 (Windows NT 5.1; rv:13.0) Gecko/20100101 Firefox/13.0.1"
182.118.49.14 - - [12/Aug/2013:17:25:00 -0400] "GET /scripts/ic_globals_published.js HTTP/1.1" 200 566 "http://freedomdevgrp.com/" "Mozilla/4.0 (compatible; MSIE 8.0; Windows NT 5.1; Trident/4.0)"
5.10.83.73 - - [12/Aug/2013:09:20:12 -0400] "GET /robots.txt HTTP/1.1" 200 25 "-" "Mozilla/5.0 (compatible; AhrefsBot/5.0; +http://ahrefs.com/robot/)"
220.181.108.99 - - [12/Aug/2013:08:44:16 -0400] "GET /scripts/user.js HTTP/1.1" 200 23762 "http://www.freedomdevgrp.com/capabilities.html" "Mozilla/5.0 (X11; U; Linux x86_64; en-US; rv:1.9) Gecko Minefield/3.0"
54.211.58.111 - - [12/Aug/2013:12:02:17 -0400] "HEAD / HTTP/1.1" 200 - "-" "python-requests/1.1.0 CPython/2.7.4 Linux/3.8.0-19-generic"
131.253.24.81 - - [12/Aug/2013:14:56:56 -0400] "GET /contactus.html HTTP/1.1" 200 22721 "-" "Mozilla/4.0 (compatible; MSIE 7.0; Windows NT 5.2; SLCC1; .NET CLR 1.1.4322; .NET CLR 2.0.40607)"
131.253.24.81 - - [12/Aug/2013:14:56:58 -0400] "GET /378/scripts/master.css HTTP/1.1" 200 1951 "http://freedomdevgrp.com/contactus.html" "Mozilla/4.0 (compatible; MSIE 7.0; Windows NT 5.2; SLCC1; .NET CLR 1.1.4322; .NET CLR 2.0.40607)"
131.253.24.81 - - [12/Aug/2013:14:57:00 -0400] "GET /scripts/ic_globals_published.js HTTP/1.1" 200 566 "http://freedomdevgrp.com/contactus.html" "Mozilla/4.0 (compatible; MSIE 7.0; Windows NT 5.2; SLCC1; .NET CLR 1.1.4322; .NET CLR 2.0.40607)"
131.253.24.81 - - [12/Aug/2013:14:57:01 -0400] "GET /scripts/photoalbum.js HTTP/1.1" 200 62295 "http://freedomdevgrp.com/contactus.html" "Mozilla/4.0 (compatible; MSIE 7.0; Windows NT 5.2; SLCC1; .NET CLR 1.1.4322; .NET CLR 2.0.40607)"
66.249.75.114 - - [12/Aug/2013:20:43:21 -0400] "GET /images/180_pic_statue01a.jpg HTTP/1.1" 304 - "-" "Googlebot-Image/1.0"
66.43.35.189 - - [12/Aug/2013:21:55:44 -0400] "GET /pages/4/index.htm HTTP/1.1" 200 20031 "http://www.google.com/url?sa=t&rct=j&q=&esrc=s&frm=1&source=web&cd=2&ved=0CC8QFjAB&url=http%3A%2F%2Fwww.libertytransnational.com%2Fpages%2F4%2Findex.htm&ei=GpIJUve0KKGx2QXJ6IGIBA&usg=AFQjCNGg37BBGzILFFPdceDgoR0Z97n_jw&sig2=ILKnecE0dKHBpMlAZkA5wg&bvm=bv.50500085,d.aWc" "Mozilla/5.0 (compatible; MSIE 10.0; Windows NT 6.1; WOW64; Trident/6.0)"
66.43.35.189 - - [12/Aug/2013:21:55:45 -0400] "GET /378/images/01a.jpg HTTP/1.1" 200 2591 "http://www.libertytransnational.com/pages/4/index.htm" "Mozilla/5.0 (compatible; MSIE 10.0; Windows NT 6.1; WOW64; Trident/6.0)"
66.43.35.189 - - [12/Aug/2013:21:55:45 -0400] "GET /378/images/03a.jpg HTTP/1.1" 200 3361 "http://www.libertytransnational.com/pages/4/index.htm" "Mozilla/5.0 (compatible; MSIE 10.0; Windows NT 6.1; WOW64; Trident/6.0)"
66.43.35.189 - - [12/Aug/2013:21:55:45 -0400] "GET /378/images/07b.jpg HTTP/1.1" 200 3987 "http://www.libertytransnational.com/pages/4/index.htm" "Mozilla/5.0 (compatible; MSIE 10.0; Windows NT 6.1; WOW64; Trident/6.0)"
66.43.35.189 - - [12/Aug/2013:21:55:45 -0400] "GET /378/images/content_06.jpg HTTP/1.1" 200 1195 "http://www.libertytransnational.com/pages/4/index.htm" "Mozilla/5.0 (compatible; MSIE 10.0; Windows NT 6.1; WOW64; Trident/6.0)"
66.43.35.189 - - [12/Aug/2013:21:55:45 -0400] "GET /378/images/content_08.jpg HTTP/1.1" 200 1236 "http://www.libertytransnational.com/pages/4/index.htm" "Mozilla/5.0 (compatible; MSIE 10.0; Windows NT 6.1; WOW64; Trident/6.0)"
66.43.35.189 - - [12/Aug/2013:21:55:45 -0400] "GET /378/images/02b.jpg HTTP/1.1" 200 3197 "http://www.libertytransnational.com/pages/4/index.htm" "Mozilla/5.0 (compatible; MSIE 10.0; Windows NT 6.1; WOW64; Trident/6.0)"
66.43.35.189 - - [12/Aug/2013:21:55:45 -0400] "GET /378/images/09b.jpg HTTP/1.1" 200 834 "http://www.libertytransnational.com/pages/4/index.htm" "Mozilla/5.0 (compatible; MSIE 10.0; Windows NT 6.1; WOW64; Trident/6.0)"
220.181.108.121 - - [12/Aug/2013:08:44:18 -0400] "GET /scripts/photoalbum.js HTTP/1.1" 200 62295 "http://www.freedomdevgrp.com/capabilities.html" "Mozilla/5.0 (X11; U; Linux x86_64; en-US; rv:1.9) Gecko Minefield/3.0"
178.137.128.238 - - [12/Aug/2013:15:39:52 -0400] "GET / HTTP/1.1" 200 16327 "http://www.uabuild.com/" "Mozilla/4.0 (compatible; MSIE 6.0; America Online Browser 1.1; rev1.2; Windows NT 5.1; SV1; .NET CLR 1.1.4322)"
64.19.3.121 - - [12/Aug/2013:16:59:20 -0400] "GET /images/175_newest_pic_jeff02.jpg HTTP/1.1" 200 3694 "http://www.libertytransnational.com/executivesbios.html" "Mozilla/5.0 (Windows NT 6.1; WOW64) AppleWebKit/537.36 (KHTML, like Gecko) Chrome/28.0.1500.95 Safari/537.36"
198.211.107.189 - - [12/Aug/2013:12:50:20 -0400] "GET / HTTP/1.1" 200 16327 "-" "Mozilla/5.0 (Windows NT 6.1; WOW64; rv:21.0) Gecko/20100101 Firefox/21.0"
66.249.75.114 - - [12/Aug/2013:18:02:15 -0400] "GET /378/scripts/icwebsiteelement.css HTTP/1.1" 200 8132 "http://www.libertytransnational.com/corporatebuyers.html" "Mozilla/5.0 (compatible; Googlebot/2.1; +http://www.google.com/bot.html)"
199.21.99.96 - - [12/Aug/2013:07:07:48 -0400] "GET /executivesbios.html HTTP/1.1" 200 19773 "-" "Mozilla/5.0 (compatible; YandexBot/3.0; +http://yandex.com/bots)"
157.55.35.106 - - [12/Aug/2013:18:38:54 -0400] "GET /pages/5/index.htm HTTP/1.1" 304 - "-" "Mozilla/5.0 (compatible; bingbot/2.0; +http://www.bing.com/bingbot.htm)"
182.118.49.14 - - [12/Aug/2013:17:25:00 -0400] "GET /scripts/photoalbum.js HTTP/1.1" 200 62295 "http://freedomdevgrp.com/" "Mozilla/4.0 (compatible; MSIE 8.0; Windows NT 5.1; Trident/4.0)"
157.55.35.106 - - [12/Aug/2013:18:29:09 -0400] "GET /robots.txt HTTP/1.1" 200 25 "-" "Mozilla/5.0 (compatible; bingbot/2.0; +http://www.bing.com/bingbot.htm)"
157.55.35.94 - - [12/Aug/2013:22:39:39 -0400] "GET /robots.txt HTTP/1.1" 200 25 "-" "Mozilla/5.0 (compatible; bingbot/2.0; +http://www.bing.com/bingbot.htm)"
64.19.3.121 - - [12/Aug/2013:16:59:25 -0400] "GET /images/175_newest_pic_chuck02.jpg HTTP/1.1" 200 3690 "http://www.libertytransnational.com/executivesbios.html" "Mozilla/5.0 (Windows NT 6.1; WOW64) AppleWebKit/537.36 (KHTML, like Gecko) Chrome/28.0.1500.95 Safari/537.36"
64.19.3.121 - - [12/Aug/2013:16:59:26 -0400] "GET /favicon.ico HTTP/1.1" 404 575 "-" "Mozilla/5.0 (Windows NT 6.1; WOW64) AppleWebKit/537.36 (KHTML, like Gecko) Chrome/28.0.1500.95 Safari/537.36"
182.118.49.14 - - [12/Aug/2013:17:25:01 -0400] "GET /378/scripts/master.css HTTP/1.1" 200 1951 "http://freedomdevgrp.com/" "Mozilla/4.0 (compatible; MSIE 8.0; Windows NT 5.1; Trident/4.0)"
174.238.65.216 - - [12/Aug/2013:22:22:01 -0400] "GET /scripts/ic_globals_published.js HTTP/1.1" 200 566 "http://www.libertytransnational.com/" "Mozilla/5.0 (Linux; U; Android 2.3.4; en-us; DROIDX Build/4.5.1_57_DX8-51) AppleWebKit/533.1 (KHTML, like Gecko) Version/4.0 Mobile Safari/533.1"
199.21.99.96 - - [12/Aug/2013:09:46:54 -0400] "GET /robots.txt HTTP/1.1" 200 25 "-" "Mozilla/5.0 (compatible; YandexBot/3.0; +http://yandex.com/bots)"
199.21.99.96 - - [12/Aug/2013:09:46:56 -0400] "GET /aboutus.html HTTP/1.1" 200 17977 "-" "Mozilla/5.0 (compatible; YandexBot/3.0; +http://yandex.com/bots)"
174.238.65.216 - - [12/Aug/2013:22:22:01 -0400] "GET /378/scripts/icwebsiteelement.css HTTP/1.1" 200 8132 "http://www.libertytransnational.com/" "Mozilla/5.0 (Linux; U; Android 2.3.4; en-us; DROIDX Build/4.5.1_57_DX8-51) AppleWebKit/533.1 (KHTML, like Gecko) Version/4.0 Mobile Safari/533.1"
220.181.108.89 - - [12/Aug/2013:08:44:14 -0400] "GET /scripts/ic_globals_published.js HTTP/1.1" 200 566 "http://www.freedomdevgrp.com/capabilities.html" "Mozilla/5.0 (X11; U; Linux x86_64; en-US; rv:1.9) Gecko Minefield/3.0"
66.249.75.114 - - [12/Aug/2013:17:55:07 -0400] "GET /corporatebuyers.html HTTP/1.1" 200 28232 "-" "Mozilla/5.0 (compatible; Googlebot/2.1; +http://www.google.com/bot.html)"
199.30.20.75 - - [12/Aug/2013:01:30:33 -0400] "GET /robots.txt HTTP/1.1" 200 25 "-" "msnbot-media/1.1 (+http://search.msn.com/msnbot.htm)"
66.249.75.114 - - [12/Aug/2013:20:06:24 -0400] "GET /jeffreycsanders.html HTTP/1.1" 304 - "-" "Mozilla/5.0 (compatible; Googlebot/2.1; +http://www.google.com/bot.html)"
1.202.218.102 - - [12/Aug/2013:21:20:45 -0400] "GET /robots.txt HTTP/1.1" 200 25 "-" "Mozilla/5.0 ()"
157.55.35.94 - - [12/Aug/2013:03:00:10 -0400] "GET /robots.txt HTTP/1.1" 200 25 "-" "Mozilla/5.0 (compatible; bingbot/2.0; +http://www.bing.com/bingbot.htm)"
65.55.215.99 - - [12/Aug/2013:04:51:31 -0400] "GET /robots.txt HTTP/1.1" 200 25 "-" "msnbot-media/1.1 (+http://search.msn.com/msnbot.htm)"
112.210.65.178 - - [12/Aug/2013:11:41:57 -0400] "GET /378/images/content_03.jpg HTTP/1.1" 200 2072 "http://www.libertytransnational.com/pages/4/index.htm" "Mozilla/5.0 (iPad; CPU OS 5_1_1 like Mac OS X) AppleWebKit/534.46 (KHTML, like Gecko) Version/5.1 Mobile/9B206 Safari/7534.48.3"
112.210.65.178 - - [12/Aug/2013:11:41:57 -0400] "GET /images/175_newest_pic_chuck02.jpg HTTP/1.1" 200 3690 "http://www.libertytransnational.com/pages/4/index.htm" "Mozilla/5.0 (iPad; CPU OS 5_1_1 like Mac OS X) AppleWebKit/534.46 (KHTML, like Gecko) Version/5.1 Mobile/9B206 Safari/7534.48.3"
112.210.65.178 - - [12/Aug/2013:11:41:57 -0400] "GET /images/175_newest_pic_jeff02.jpg HTTP/1.1" 200 3694 "http://www.libertytransnational.com/pages/4/index.htm" "Mozilla/5.0 (iPad; CPU OS 5_1_1 like Mac OS X) AppleWebKit/534.46 (KHTML, like Gecko) Version/5.1 Mobile/9B206 Safari/7534.48.3"
112.210.65.178 - - [12/Aug/2013:11:41:57 -0400] "GET /378/images/content_06.jpg HTTP/1.1" 200 1195 "http://www.libertytransnational.com/pages/4/index.htm" "Mozilla/5.0 (iPad; CPU OS 5_1_1 like Mac OS X) AppleWebKit/534.46 (KHTML, like Gecko) Version/5.1 Mobile/9B206 Safari/7534.48.3"
174.238.65.216 - - [12/Aug/2013:22:22:01 -0400] "GET /378/scripts/master.css HTTP/1.1" 200 1951 "http://www.libertytransnational.com/" "Mozilla/5.0 (Linux; U; Android 2.3.4; en-us; DROIDX Build/4.5.1_57_DX8-51) AppleWebKit/533.1 (KHTML, like Gecko) Version/4.0 Mobile Safari/533.1"
101.227.4.26 - - [12/Aug/2013:09:56:14 -0400] "HEAD / HTTP/1.1" 200 - "-" "Mozilla/5.0 (compatible; YYSpider; +http://www.yunyun.com/spider.html)"
157.55.35.94 - - [12/Aug/2013:10:13:47 -0400] "GET / HTTP/1.1" 200 16327 "-" "Mozilla/5.0 (compatible; bingbot/2.0; +http://www.bing.com/bingbot.htm)"
198.211.107.189 - - [12/Aug/2013:12:51:25 -0400] "GET /aboutus.html HTTP/1.1" 200 17977 "-" "Mozilla/5.0 (Windows NT 6.1; WOW64; rv:21.0) Gecko/20100101 Firefox/21.0"
131.253.24.81 - - [12/Aug/2013:14:56:58 -0400] "GET /378/scripts/icwebsiteelement.css HTTP/1.1" 200 8132 "http://freedomdevgrp.com/contactus.html" "Mozilla/4.0 (compatible; MSIE 7.0; Windows NT 5.2; SLCC1; .NET CLR 1.1.4322; .NET CLR 2.0.40607)"
131.253.24.81 - - [12/Aug/2013:14:57:00 -0400] "GET /scripts/user.js HTTP/1.1" 200 23762 "http://freedomdevgrp.com/contactus.html" "Mozilla/4.0 (compatible; MSIE 7.0; Windows NT 5.2; SLCC1; .NET CLR 1.1.4322; .NET CLR 2.0.40607)"
199.30.16.52 - - [12/Aug/2013:20:00:26 -0400] "GET /images/190_pic_report01a.jpg HTTP/1.1" 200 4628 "-" "msnbot-media/1.1 (+http://search.msn.com/msnbot.htm)"
66.249.75.114 - - [12/Aug/2013:07:56:24 -0400] "GET /jeffreycsanders.html HTTP/1.1" 304 - "-" "Mozilla/5.0 (compatible; Googlebot/2.1; +http://www.google.com/bot.html)"
65.55.215.99 - - [12/Aug/2013:04:51:32 -0400] "GET /378/images/08a.jpg HTTP/1.1" 200 3325 "-" "msnbot-media/1.1 (+http://search.msn.com/msnbot.htm)"
46.119.118.152 - - [12/Aug/2013:05:38:06 -0400] "GET / HTTP/1.1" 200 16327 "http://dollyeye.ru/" "Opera/9.00 (Windows NT 4.0; U; en)"
193.106.136.58 - - [12/Aug/2013:21:42:24 -0400] "GET / HTTP/1.1" 200 16327 "http://seofan.info/" "Mozilla/4.0 (compatible- MSIE 6.0- Windows NT 5.1- SV1- .NET CLR 1.1.4322"
66.249.75.114 - - [12/Aug/2013:09:09:39 -0400] "GET /pages/9/index.htm HTTP/1.1" 304 - "-" "Mozilla/5.0 (compatible; Googlebot/2.1; +http://www.google.com/bot.html)"
64.19.3.121 - - [12/Aug/2013:16:59:03 -0400] "GET /scripts/ic_globals_published.js HTTP/1.1" 200 566 "http://www.libertytransnational.com/" "Mozilla/5.0 (Windows NT 6.1; WOW64) AppleWebKit/537.36 (KHTML, like Gecko) Chrome/28.0.1500.95 Safari/537.36"
64.19.3.121 - - [12/Aug/2013:16:59:03 -0400] "GET /378/images/motif01.jpg HTTP/1.1" 200 14966 "http://www.libertytransnational.com/" "Mozilla/5.0 (Windows NT 6.1; WOW64) AppleWebKit/537.36 (KHTML, like Gecko) Chrome/28.0.1500.95 Safari/537.36"
64.19.3.121 - - [12/Aug/2013:16:59:03 -0400] "GET /378/images/content_08.jpg HTTP/1.1" 200 1236 "http://www.libertytransnational.com/" "Mozilla/5.0 (Windows NT 6.1; WOW64) AppleWebKit/537.36 (KHTML, like Gecko) Chrome/28.0.1500.95 Safari/537.36"
64.19.3.121 - - [12/Aug/2013:16:59:05 -0400] "GET /378/images/03b.jpg HTTP/1.1" 200 3499 "http://www.libertytransnational.com/" "Mozilla/5.0 (Windows NT 6.1; WOW64) AppleWebKit/537.36 (KHTML, like Gecko) Chrome/28.0.1500.95 Safari/537.36"
64.19.3.121 - - [12/Aug/2013:16:59:05 -0400] "GET /378/images/08b.jpg HTTP/1.1" 200 3464 "http://www.libertytransnational.com/" "Mozilla/5.0 (Windows NT 6.1; WOW64) AppleWebKit/537.36 (KHTML, like Gecko) Chrome/28.0.1500.95 Safari/537.36"
64.19.3.121 - - [12/Aug/2013:16:59:05 -0400] "GET /378/images/content_bg.jpg HTTP/1.1" 200 471 "http://www.libertytransnational.com/" "Mozilla/5.0 (Windows NT 6.1; WOW64) AppleWebKit/537.36 (KHTML, like Gecko) Chrome/28.0.1500.95 Safari/537.36"
66.249.75.114 - - [12/Aug/2013:18:02:10 -0400] "GET /scripts/ic_globals_published.js HTTP/1.1" 200 566 "http://www.libertytransnational.com/corporatebuyers.html" "Mozilla/5.0 (compatible; Googlebot/2.1; +http://www.google.com/bot.html)"
198.211.107.189 - - [12/Aug/2013:12:50:51 -0400] "GET /scripts/user.js HTTP/1.1" 200 23762 "-" "Mozilla/5.0 (Windows NT 5.1; rv:13.0) Gecko/20100101 Firefox/13.0.1"
199.30.20.75 - - [12/Aug/2013:01:30:33 -0400] "GET /378/images/06a.jpg HTTP/1.1" 200 3709 "-" "msnbot-media/1.1 (+http://search.msn.com/msnbot.htm)"
178.137.128.238 - - [12/Aug/2013:15:39:52 -0400] "GET / HTTP/1.1" 200 16327 "http://www.uabuild.com/" "Mozilla/4.0 (compatible; MSIE 6.0; America Online Browser 1.1; rev1.2; Windows NT 5.1; SV1; .NET CLR 1.1.4322)"
65.55.215.103 - - [12/Aug/2013:08:28:22 -0400] "GET /robots.txt HTTP/1.1" 200 25 "-" "msnbot-media/1.1 (+http://search.msn.com/msnbot.htm)"
54.211.58.111 - - [12/Aug/2013:12:02:16 -0400] "HEAD / HTTP/1.1" 200 - "-" "python-requests/1.1.0 CPython/2.7.4 Linux/3.8.0-19-generic"
174.238.65.216 - - [12/Aug/2013:22:23:30 -0400] "GET /executivesbios.html HTTP/1.1" 200 19773 "http://www.libertytransnational.com/aboutus.html" "Mozilla/5.0 (Linux; U; Android 2.3.4; en-us; DROIDX Build/4.5.1_57_DX8-51) AppleWebKit/533.1 (KHTML, like Gecko) Version/4.0 Mobile Safari/533.1"
174.238.65.216 - - [12/Aug/2013:22:23:30 -0400] "GET /images/175_newest_pic_jeff02.jpg HTTP/1.1" 200 3694 "http://www.libertytransnational.com/executivesbios.html" "Mozilla/5.0 (Linux; U; Android 2.3.4; en-us; DROIDX Build/4.5.1_57_DX8-51) AppleWebKit/533.1 (KHTML, like Gecko) Version/4.0 Mobile Safari/533.1"
157.55.35.94 - - [12/Aug/2013:14:52:03 -0400] "GET / HTTP/1.1" 200 16327 "-" "Mozilla/5.0 (compatible; bingbot/2.0; +http://www.bing.com/bingbot.htm)"
123.125.71.109 - - [12/Aug/2013:10:53:52 -0400] "GET /capabilities.html HTTP/1.1" 200 31267 "-" "Mozilla/5.0 (compatible; Baiduspider/2.0; +http://www.baidu.com/search/spider.html)"
112.210.65.178 - - [12/Aug/2013:11:41:55 -0400] "GET /pages/4/index.htm HTTP/1.1" 200 20031 "http://www.google.com.ph/url?sa=t&rct=j&q=chuck%20payer&source=web&cd=2&ved=0CCoQFjAB&url=http%3A%2F%2Fwww.libertytransnational.com%2Fpages%2F4%2Findex.htm&ei=bwAJUtbkO4PQrQe4hYD4CQ&usg=AFQjCNGg37BBGzILFFPdceDgoR0Z97n_jw&sig2=cVG_uJMH46LZNNL2gJzbaQ" "Mozilla/5.0 (iPad; CPU OS 5_1_1 like Mac OS X) AppleWebKit/534.46 (KHTML, like Gecko) Version/5.1 Mobile/9B206 Safari/7534.48.3"
220.181.108.85 - - [12/Aug/2013:08:44:06 -0400] "GET /capabilities.html HTTP/1.1" 200 31267 "-" "Mozilla/5.0 (compatible; Baiduspider/2.0; +http://www.baidu.com/search/spider.html)"
64.19.3.121 - - [12/Aug/2013:16:59:20 -0400] "GET /executivesbios.html HTTP/1.1" 200 19773 "http://www.libertytransnational.com/" "Mozilla/5.0 (Windows NT 6.1; WOW64) AppleWebKit/537.36 (KHTML, like Gecko) Chrome/28.0.1500.95 Safari/537.36"
64.19.3.121 - - [12/Aug/2013:16:59:20 -0400] "GET /378/images/4/slogan.jpg HTTP/1.1" 200 6400 "http://www.libertytransnational.com/executivesbios.html" "Mozilla/5.0 (Windows NT 6.1; WOW64) AppleWebKit/537.36 (KHTML, like Gecko) Chrome/28.0.1500.95 Safari/537.36"
174.238.65.216 - - [12/Aug/2013:22:22:11 -0400] "GET /378/images/02b.jpg HTTP/1.1" 200 3197 "http://www.libertytransnational.com/" "Mozilla/5.0 (Linux; U; Android 2.3.4; en-us; DROIDX Build/4.5.1_57_DX8-51) AppleWebKit/533.1 (KHTML, like Gecko) Version/4.0 Mobile Safari/533.1"
174.238.65.216 - - [12/Aug/2013:22:22:11 -0400] "GET /378/images/07b.jpg HTTP/1.1" 200 3987 "http://www.libertytransnational.com/" "Mozilla/5.0 (Linux; U; Android 2.3.4; en-us; DROIDX Build/4.5.1_57_DX8-51) AppleWebKit/533.1 (KHTML, like Gecko) Version/4.0 Mobile Safari/533.1"
174.238.65.216 - - [12/Aug/2013:22:22:11 -0400] "GET /378/images/08b.jpg HTTP/1.1" 200 3464 "http://www.libertytransnational.com/" "Mozilla/5.0 (Linux; U; Android 2.3.4; en-us; DROIDX Build/4.5.1_57_DX8-51) AppleWebKit/533.1 (KHTML, like Gecko) Version/4.0 Mobile Safari/533.1"
174.238.65.216 - - [12/Aug/2013:22:22:11 -0400] "GET /378/images/09b.jpg HTTP/1.1" 200 834 "http://www.libertytransnational.com/" "Mozilla/5.0 (Linux; U; Android 2.3.4; en-us; DROIDX Build/4.5.1_57_DX8-51) AppleWebKit/533.1 (KHTML, like Gecko) Version/4.0 Mobile Safari/533.1"
174.238.65.216 - - [12/Aug/2013:22:22:11 -0400] "GET /378/images/content_04.jpg HTTP/1.1" 200 4415 "http://www.libertytransnational.com/" "Mozilla/5.0 (Linux; U; Android 2.3.4; en-us; DROIDX Build/4.5.1_57_DX8-51) AppleWebKit/533.1 (KHTML, like Gecko) Version/4.0 Mobile Safari/533.1"
174.238.65.216 - - [12/Aug/2013:22:22:11 -0400] "GET /378/images/01a.jpg HTTP/1.1" 200 2591 "http://www.libertytransnational.com/" "Mozilla/5.0 (Linux; U; Android 2.3.4; en-us; DROIDX Build/4.5.1_57_DX8-51) AppleWebKit/533.1 (KHTML, like Gecko) Version/4.0 Mobile Safari/533.1"
174.238.65.216 - - [12/Aug/2013:22:22:11 -0400] "GET /378/images/08a.jpg HTTP/1.1" 200 3325 "http://www.libertytransnational.com/" "Mozilla/5.0 (Linux; U; Android 2.3.4; en-us; DROIDX Build/4.5.1_57_DX8-51) AppleWebKit/533.1 (KHTML, like Gecko) Version/4.0 Mobile Safari/533.1"
174.238.65.216 - - [12/Aug/2013:22:22:11 -0400] "GET /378/images/spacer.gif HTTP/1.1" 200 43 "http://www.libertytransnational.com/" "Mozilla/5.0 (Linux; U; Android 2.3.4; en-us; DROIDX Build/4.5.1_57_DX8-51) AppleWebKit/533.1 (KHTML, like Gecko) Version/4.0 Mobile Safari/533.1"
174.238.65.216 - - [12/Aug/2013:22:22:12 -0400] "GET /378/images/content_06.jpg HTTP/1.1" 200 1195 "http://www.libertytransnational.com/" "Mozilla/5.0 (Linux; U; Android 2.3.4; en-us; DROIDX Build/4.5.1_57_DX8-51) AppleWebKit/533.1 (KHTML, like Gecko) Version/4.0 Mobile Safari/533.1"
174.238.65.216 - - [12/Aug/2013:22:22:12 -0400] "GET /378/images/content_07.jpg HTTP/1.1" 200 553 "http://www.libertytransnational.com/" "Mozilla/5.0 (Linux; U; Android 2.3.4; en-us; DROIDX Build/4.5.1_57_DX8-51) AppleWebKit/533.1 (KHTML, like Gecko) Version/4.0 Mobile Safari/533.1"
174.238.65.216 - - [12/Aug/2013:22:22:13 -0400] "GET /favicon.ico HTTP/1.1" 404 575 "http://www.libertytransnational.com/" "Mozilla/5.0 (Linux; U; Android 2.3.4; en-us; DROIDX Build/4.5.1_57_DX8-51) AppleWebKit/533.1 (KHTML, like Gecko) Version/4.0 Mobile Safari/533.1"
198.211.107.189 - - [12/Aug/2013:12:51:25 -0400] "GET /executivesbios.html HTTP/1.1" 200 19773 "-" "Mozilla/5.0 (Windows NT 6.1; WOW64; rv:21.0) Gecko/20100101 Firefox/21.0"
64.19.3.121 - - [12/Aug/2013:16:59:03 -0400] "GET /378/scripts/icwebsiteelement.css HTTP/1.1" 200 8132 "http://www.libertytransnational.com/" "Mozilla/5.0 (Windows NT 6.1; WOW64) AppleWebKit/537.36 (KHTML, like Gecko) Chrome/28.0.1500.95 Safari/537.36"
64.19.3.121 - - [12/Aug/2013:16:59:03 -0400] "GET /378/images/01a.jpg HTTP/1.1" 200 2591 "http://www.libertytransnational.com/" "Mozilla/5.0 (Windows NT 6.1; WOW64) AppleWebKit/537.36 (KHTML, like Gecko) Chrome/28.0.1500.95 Safari/537.36"
64.19.3.121 - - [12/Aug/2013:16:59:03 -0400] "GET /378/images/03a.jpg HTTP/1.1" 200 3361 "http://www.libertytransnational.com/" "Mozilla/5.0 (Windows NT 6.1; WOW64) AppleWebKit/537.36 (KHTML, like Gecko) Chrome/28.0.1500.95 Safari/537.36"
64.19.3.121 - - [12/Aug/2013:16:59:03 -0400] "GET /378/images/05a.jpg HTTP/1.1" 200 4058 "http://www.libertytransnational.com/" "Mozilla/5.0 (Windows NT 6.1; WOW64) AppleWebKit/537.36 (KHTML, like Gecko) Chrome/28.0.1500.95 Safari/537.36"
64.19.3.121 - - [12/Aug/2013:16:59:03 -0400] "GET /378/images/spacer.gif HTTP/1.1" 200 43 "http://www.libertytransnational.com/" "Mozilla/5.0 (Windows NT 6.1; WOW64) AppleWebKit/537.36 (KHTML, like Gecko) Chrome/28.0.1500.95 Safari/537.36"
64.19.3.121 - - [12/Aug/2013:16:59:03 -0400] "GET /images/190_pic_compass02a.jpg HTTP/1.1" 200 4482 "http://www.libertytransnational.com/" "Mozilla/5.0 (Windows NT 6.1; WOW64) AppleWebKit/537.36 (KHTML, like Gecko) Chrome/28.0.1500.95 Safari/537.36"
64.19.3.121 - - [12/Aug/2013:16:59:05 -0400] "GET /378/images/05b.jpg HTTP/1.1" 200 4130 "http://www.libertytransnational.com/" "Mozilla/5.0 (Windows NT 6.1; WOW64) AppleWebKit/537.36 (KHTML, like Gecko) Chrome/28.0.1500.95 Safari/537.36"
54.227.46.172 - - [12/Aug/2013:02:48:24 -0400] "HEAD / HTTP/1.1" 200 - "-" "python-requests/1.1.0 CPython/2.7.4 Linux/3.8.0-19-generic"
66.249.75.114 - - [12/Aug/2013:21:18:32 -0400] "GET /charlesjpayerjr.html HTTP/1.1" 304 - "-" "Mozilla/5.0 (compatible; Googlebot/2.1; +http://www.google.com/bot.html)"
199.30.16.47 - - [12/Aug/2013:00:44:16 -0400] "GET /robots.txt HTTP/1.1" 200 25 "-" "msnbot-media/1.1 (+http://search.msn.com/msnbot.htm)"
199.30.16.52 - - [12/Aug/2013:20:00:26 -0400] "GET /robots.txt HTTP/1.1" 200 25 "-" "msnbot-media/1.1 (+http://search.msn.com/msnbot.htm)"
193.106.136.58 - - [12/Aug/2013:21:42:26 -0400] "GET / HTTP/1.1" 200 16327 "http://seofan.info/" "Mozilla/4.0 (compatible- MSIE 6.0- Windows NT 5.1- SV1- .NET CLR 1.1.4322"
174.238.65.216 - - [12/Aug/2013:22:22:11 -0400] "GET /378/images/10b.jpg HTTP/1.1" 200 834 "http://www.libertytransnational.com/" "Mozilla/5.0 (Linux; U; Android 2.3.4; en-us; DROIDX Build/4.5.1_57_DX8-51) AppleWebKit/533.1 (KHTML, like Gecko) Version/4.0 Mobile Safari/533.1"
