174.238.65.216 - - [12/Aug/2013:22:22:11 -0400] "GET /378/images/02a.jpg HTTP/1.1" 200 3042 "http://www.libertytransnational.com/" "Mozilla/5.0 (Linux; U; Android 2.3.4; en-us; DROIDX Build/4.5.1_57_DX8-51) AppleWebKit/533.1 (KHTML, like Gecko) Version/4.0 Mobile Safari/533.1"
174.238.65.216 - - [12/Aug/2013:22:22:11 -0400] "GET /378/images/03a.jpg HTTP/1.1" 200 3361 "http://www.libertytransnational.com/" "Mozilla/5.0 (Linux; U; Android 2.3.4; en-us; DROIDX Build/4.5.1_57_DX8-51) AppleWebKit/533.1 (KHTML, like Gecko) Version/4.0 Mobile Safari/533.1"
174.238.65.216 - - [12/Aug/2013:22:22:11 -0400] "GET /378/images/04a.jpg HTTP/1.1" 200 4187 "http://www.libertytransnational.com/" "Mozilla/5.0 (Linux; U; Android 2.3.4; en-us; DROIDX Build/4.5.1_57_DX8-51) AppleWebKit/533.1 (KHTML, like Gecko) Version/4.0 Mobile Safari/533.1"
174.238.65.216 - - [12/Aug/2013:22:22:12 -0400] "GET /378/images/content_08.jpg HTTP/1.1" 200 1236 "http://www.libertytransnational.com/" "Mozilla/5.0 (Linux; U; Android 2.3.4; en-us; DROIDX Build/4.5.1_57_DX8-51) AppleWebKit/533.1 (KHTML, like Gecko) Version/4.0 Mobile Safari/533.1"
174.238.65.216 - - [12/Aug/2013:22:22:12 -0400] "GET /378/images/content_09.jpg HTTP/1.1" 200 1278 "http://www.libertytransnational.com/" "Mozilla/5.0 (Linux; U; Android 2.3.4; en-us; DROIDX Build/4.5.1_57_DX8-51) AppleWebKit/533.1 (KHTML, like Gecko) Version/4.0 Mobile Safari/533.1"
198.211.107.189 - - [12/Aug/2013:12:50:51 -0400] "GET /scripts/photoalbum.js HTTP/1.1" 200 62295 "-" "Mozilla/5.0 (Windows NT 5.1; rv:13.0) Gecko/20100101 Firefox/13.0.1"
182.118.49.14 - - [12/Aug/2013:17:25:00 -0400] "GET /378/scripts/icwebsiteelement.css HTTP/1.1" 200 8132 "http://freedomdevgrp.com/" "Mozilla/4.0 (compatible; MSIE 8.0; Windows NT 5.1; Trident/4.0)"
112.210.65.178 - - [12/Aug/2013:11:41:55 -0400] "GET /pages/4/index.htm HTTP/1.1" 200 20031 "http://www.google.com.ph/url?sa=t&rct=j&q=chuck%20payer&source=web&cd=2&ved=0CCoQFjAB&url=http%3A%2F%2Fwww.libertytransnational.com%2Fpages%2F4%2Findex.htm&ei=bwAJUtbkO4PQrQe4hYD4CQ&usg=AFQjCNGg37BBGzILFFPdceDgoR0Z97n_jw&sig2=cVG_uJMH46LZNNL2gJzbaQ" "Mozilla/5.0 (iPad; CPU OS 5_1_1 like Mac OS X) AppleWebKit/534.46 (KHTML, like Gecko) Version/5.1 Mobile/9B206 Safari/7534.48.3"
112.210.65.178 - - [12/Aug/2013:11:41:57 -0400] "GET /378/images/motif01.jpg HTTP/1.1" 200 14966 "http://www.libertytransnational.com/pages/4/index.htm" "Mozilla/5.0 (iPad; CPU OS 5_1_1 like Mac OS X) AppleWebKit/534.46 (KHTML, like Gecko) Version/5.1 Mobile/9B206 Safari/7534.48.3"
112.210.65.178 - - [12/Aug/2013:11:41:57 -0400] "GET /378/images/07b.jpg HTTP/1.1" 200 3987 "http://www.libertytransnational.com/pages/4/index.htm" "Mozilla/5.0 (iPad; CPU OS 5_1_1 like Mac OS X) AppleWebKit/534.46 (KHTML, like Gecko) Version/5.1 Mobile/9B206 Safari/7534.48.3"
112.210.65.178 - - [12/Aug/2013:11:41:57 -0400] "GET /378/images/08a.jpg HTTP/1.1" 200 3325 "http://www.libertytransnational.com/pages/4/index.htm" "Mozilla/5.0 (iPad; CPU OS 5_1_1 like Mac OS X) AppleWebKit/534.46 (KHTML, like Gecko) Version/5.1 Mobile/9B206 Safari/7534.48.3"
112.210.65.178 - - [12/Aug/2013:11:41:57 -0400] "GET /378/images/spacer.gif HTTP/1.1" 200 43 "http://www.libertytransnational.com/pages/4/index.htm" "Mozilla/5.0 (iPad; CPU OS 5_1_1 like Mac OS X) AppleWebKit/534.46 (KHTML, like Gecko) Version/5.1 Mobile/9B206 Safari/7534.48.3"
112.210.65.178 - - [12/Aug/2013:11:41:57 -0400] "GET /378/images/10b.jpg HTTP/1.1" 200 834 "http://www.libertytransnational.com/pages/4/index.htm" "Mozilla/5.0 (iPad; CPU OS 5_1_1 like Mac OS X) AppleWebKit/534.46 (KHTML, like Gecko) Version/5.1 Mobile/9B206 Safari/7534.48.3"
112.210.65.178 - - [12/Aug/2013:11:41:57 -0400] "GET /378/images/content_04.jpg HTTP/1.1" 200 4415 "http://www.libertytransnational.com/pages/4/index.htm" "Mozilla/5.0 (iPad; CPU OS 5_1_1 like Mac OS X) AppleWebKit/534.46 (KHTML, like Gecko) Version/5.1 Mobile/9B206 Safari/7534.48.3"
112.210.65.178 - - [12/Aug/2013:11:41:57 -0400] "GET /378/images/content_bg.jpg HTTP/1.1" 200 471 "http://www.libertytransnational.com/pages/4/index.htm" "Mozilla/5.0 (iPad; CPU OS 5_1_1 like Mac OS X) AppleWebKit/534.46 (KHTML, like Gecko) Version/5.1 Mobile/9B206 Safari/7534.48.3"
112.210.65.178 - - [12/Aug/2013:11:41:58 -0400] "GET /378/images/4/slogan.jpg HTTP/1.1" 200 6400 "http://www.libertytransnational.com/pages/4/index.htm" "Mozilla/5.0 (iPad; CPU OS 5_1_1 like Mac OS X) AppleWebKit/534.46 (KHTML, like Gecko) Version/5.1 Mobile/9B206 Safari/7534.48.3"
64.19.3.121 - - [12/Aug/2013:16:59:03 -0400] "GET /scripts/user.js HTTP/1.1" 200 23762 "http://www.libertytransnational.com/" "Mozilla/5.0 (Windows NT 6.1; WOW64) AppleWebKit/537.36 (KHTML, like Gecko) Chrome/28.0.1500.95 Safari/537.36"
64.19.3.121 - - [12/Aug/2013:16:59:03 -0400] "GET /378/images/08a.jpg HTTP/1.1" 200 3325 "http://www.libertytransnational.com/" "Mozilla/5.0 (Windows NT 6.1; WOW64) AppleWebKit/537.36 (KHTML, like Gecko) Chrome/28.0.1500.95 Safari/537.36"
64.19.3.121 - - [12/Aug/2013:16:59:03 -0400] "GET /378/images/content_09.jpg HTTP/1.1" 200 1278 "http://www.libertytransnational.com/" "Mozilla/5.0 (Windows NT 6.1; WOW64) AppleWebKit/537.36 (KHTML, like Gecko) Chrome/28.0.1500.95 Safari/537.36"
64.19.3.121 - - [12/Aug/2013:16:59:05 -0400] "GET /378/images/02b.jpg HTTP/1.1" 200 3197 "http://www.libertytransnational.com/" "Mozilla/5.0 (Windows NT 6.1; WOW64) AppleWebKit/537.36 (KHTML, like Gecko) Chrome/28.0.1500.95 Safari/537.36"
65.55.215.95 - - [12/Aug/2013:17:05:12 -0400] "GET /robots.txt HTTP/1.1" 200 25 "-" "msnbot-media/1.1 (+http://search.msn.com/msnbot.htm)"
208.117.15.159 - - [12/Aug/2013:17:48:55 -0400] "GET / HTTP/1.0" 200 16327 "-" "Mozilla/5.0 (X11; Linux i686 on x86_64; rv:5.0) Gecko/20100101 Firefox/3.6.17 Firefox/3.6.17"
54.227.46.172 - - [12/Aug/2013:02:48:25 -0400] "HEAD / HTTP/1.1" 200 - "-" "python-requests/1.1.0 CPython/2.7.4 Linux/3.8.0-19-generic"
198.211.107.189 - - [12/Aug/2013:12:51:25 -0400] "GET /home.html HTTP/1.1" 200 16327 "-" "Mozilla/5.0 (Windows NT 6.1; WOW64; rv:21.0) Gecko/20100101 Firefox/21.0"
64.19.3.121 - - [12/Aug/2013:16:59:16 -0400] "GET /favicon.ico HTTP/1.1" 404 575 "-" "Mozilla/5.0 (Windows NT 6.1; WOW64) AppleWebKit/537.36 (KHTML, like Gecko) Chrome/28.0.1500.95 Safari/537.36"
174.238.65.216 - - [12/Aug/2013:22:23:30 -0400] "GET /images/175_newest_pic_chuck02.jpg HTTP/1.1" 200 3690 "http://www.libertytransnational.com/executivesbios.html" "Mozilla/5.0 (Linux; U; Android 2.3.4; en-us; DROIDX Build/4.5.1_57_DX8-51) AppleWebKit/533.1 (KHTML, like Gecko) Version/4.0 Mobile Safari/533.1"
213.110.133.221 - - [12/Aug/2013:02:05:21 -0400] "GET / HTTP/1.1" 200 16327 "http://sovetogorod.ru/ovosh_pomidor_virashivanie.html" "Mozilla/4.0 (compatible; Blog Search;)"
198.211.107.189 - - [12/Aug/2013:12:50:06 -0400] "GET / HTTP/1.1" 200 16327 "-" "Mozilla/5.0 (Windows NT 6.1; WOW64; rv:21.0) Gecko/20100101 Firefox/21.0"
199.30.16.26 - - [12/Aug/2013:14:09:17 -0400] "GET /378/images/content_11.jpg HTTP/1.1" 200 468 "-" "msnbot-media/1.1 (+http://search.msn.com/msnbot.htm)"
66.43.35.189 - - [12/Aug/2013:21:55:45 -0400] "GET /378/images/bg.jpg HTTP/1.1" 200 342 "http://www.libertytransnational.com/pages/4/index.htm" "Mozilla/5.0 (compatible; MSIE 10.0; Windows NT 6.1; WOW64; Trident/6.0)"
66.43.35.189 - - [12/Aug/2013:21:55:45 -0400] "GET /378/images/02a.jpg HTTP/1.1" 200 3042 "http://www.libertytransnational.com/pages/4/index.htm" "Mozilla/5.0 (compatible; MSIE 10.0; Windows NT 6.1; WOW64; Trident/6.0)"
66.43.35.189 - - [12/Aug/2013:21:55:45 -0400] "GET /378/images/06a.jpg HTTP/1.1" 200 3709 "http://www.libertytransnational.com/pages/4/index.htm" "Mozilla/5.0 (compatible; MSIE 10.0; Windows NT 6.1; WOW64; Trident/6.0)"
66.43.35.189 - - [12/Aug/2013:21:55:45 -0400] "GET /378/images/spacer.gif HTTP/1.1" 200 43 "http://www.libertytransnational.com/pages/4/index.htm" "Mozilla/5.0 (compatible; MSIE 10.0; Windows NT 6.1; WOW64; Trident/6.0)"
66.43.35.189 - - [12/Aug/2013:21:55:45 -0400] "GET /378/images/content_04.jpg HTTP/1.1" 200 4415 "http://www.libertytransnational.com/pages/4/index.htm" "Mozilla/5.0 (compatible; MSIE 10.0; Windows NT 6.1; WOW64; Trident/6.0)"
112.210.65.178 - - [12/Aug/2013:11:41:57 -0400] "GET /378/images/02a.jpg HTTP/1.1" 200 3042 "http://www.libertytransnational.com/pages/4/index.htm" "Mozilla/5.0 (iPad; CPU OS 5_1_1 like Mac OS X) AppleWebKit/534.46 (KHTML, like Gecko) Version/5.1 Mobile/9B206 Safari/7534.48.3"
112.210.65.178 - - [12/Aug/2013:11:41:57 -0400] "GET /378/images/03b.jpg HTTP/1.1" 200 3499 "http://www.libertytransnational.com/pages/4/index.htm" "Mozilla/5.0 (iPad; CPU OS 5_1_1 like Mac OS X) AppleWebKit/534.46 (KHTML, like Gecko) Version/5.1 Mobile/9B206 Safari/7534.48.3"
112.210.65.178 - - [12/Aug/2013:11:41:58 -0400] "GET /378/images/04b.jpg HTTP/1.1" 200 4260 "http://www.libertytransnational.com/pages/4/index.htm" "Mozilla/5.0 (iPad; CPU OS 5_1_1 like Mac OS X) AppleWebKit/534.46 (KHTML, like Gecko) Version/5.1 Mobile/9B206 Safari/7534.48.3"
112.210.65.178 - - [12/Aug/2013:11:41:58 -0400] "GET /378/images/05b.jpg HTTP/1.1" 200 4130 "http://www.libertytransnational.com/pages/4/index.htm" "Mozilla/5.0 (iPad; CPU OS 5_1_1 like Mac OS X) AppleWebKit/534.46 (KHTML, like Gecko) Version/5.1 Mobile/9B206 Safari/7534.48.3"
157.55.35.94 - - [12/Aug/2013:02:04:28 -0400] "GET /robots.txt HTTP/1.1" 200 25 "-" "Mozilla/5.0 (compatible; bingbot/2.0; +http://www.bing.com/bingbot.htm)"
66.249.75.114 - - [12/Aug/2013:11:26:43 -0400] "GET /pages/4/index.htm HTTP/1.1" 304 - "-" "Mozilla/5.0 (compatible; Googlebot/2.1; +http://www.google.com/bot.html)"
180.76.5.172 - - [12/Aug/2013:03:48:03 -0400] "GET /378/scripts/master.css HTTP/1.1" 200 1951 "-" "Mozilla/5.0 (compatible; Baiduspider/2.0; +http://www.baidu.com/search/spider.html)"
91.207.9.226 - - [12/Aug/2013:16:44:06 -0400] "GET / HTTP/1.1" 200 16327 "http://kinonew-online.net/" "Mozilla/4.0 (compatible; MSIE 6.0; Windows NT 5.1; SV1; Media Center PC"
173.192.235.226 - - [12/Aug/2013:06:25:35 -0400] "GET /robots.txt HTTP/1.1" 200 25 "-" "Mozilla/5.0 (compatible; SiteExplorer/1.0b; +http://siteexplorer.info/)"
5.9.149.166 - - [12/Aug/2013:14:54:18 -0400] "GET / HTTP/1.1" 200 16327 "-" "Mozilla/4.0 (compatible; MSIE 5.5; Windows NT)"
66.43.35.189 - - [12/Aug/2013:21:58:07 -0400] "GET /pages/7/index.htm HTTP/1.1" 200 24287 "http://www.libertytransnational.com/pages/4/index.htm" "Mozilla/5.0 (compatible; MSIE 10.0; Windows NT 6.1; WOW64; Trident/6.0)"
66.43.35.189 - - [12/Aug/2013:21:58:08 -0400] "GET /378/images/7/slogan.jpg HTTP/1.1" 200 8047 "http://www.libertytransnational.com/pages/7/index.htm" "Mozilla/5.0 (compatible; MSIE 10.0; Windows NT 6.1; WOW64; Trident/6.0)"
112.210.65.178 - - [12/Aug/2013:11:41:56 -0400] "GET /378/scripts/master.css HTTP/1.1" 200 1951 "http://www.libertytransnational.com/pages/4/index.htm" "Mozilla/5.0 (iPad; CPU OS 5_1_1 like Mac OS X) AppleWebKit/534.46 (KHTML, like Gecko) Version/5.1 Mobile/9B206 Safari/7534.48.3"
112.210.65.178 - - [12/Aug/2013:11:41:56 -0400] "GET /scripts/user.js HTTP/1.1" 200 23762 "http://www.libertytransnational.com/pages/4/index.htm" "Mozilla/5.0 (iPad; CPU OS 5_1_1 like Mac OS X) AppleWebKit/534.46 (KHTML, like Gecko) Version/5.1 Mobile/9B206 Safari/7534.48.3"
112.210.65.178 - - [12/Aug/2013:11:41:57 -0400] "GET /378/images/company.jpg HTTP/1.1" 200 10264 "http://www.libertytransnational.com/pages/4/index.htm" "Mozilla/5.0 (iPad; CPU OS 5_1_1 like Mac OS X) AppleWebKit/534.46 (KHTML, like Gecko) Version/5.1 Mobile/9B206 Safari/7534.48.3"
112.210.65.178 - - [12/Aug/2013:11:41:57 -0400] "GET /378/images/04a.jpg HTTP/1.1" 200 4187 "http://www.libertytransnational.com/pages/4/index.htm" "Mozilla/5.0 (iPad; CPU OS 5_1_1 like Mac OS X) AppleWebKit/534.46 (KHTML, like Gecko) Version/5.1 Mobile/9B206 Safari/7534.48.3"
112.210.65.178 - - [12/Aug/2013:11:41:57 -0400] "GET /378/images/05a.jpg HTTP/1.1" 200 4058 "http://www.libertytransnational.com/pages/4/index.htm" "Mozilla/5.0 (iPad; CPU OS 5_1_1 like Mac OS X) AppleWebKit/534.46 (KHTML, like Gecko) Version/5.1 Mobile/9B206 Safari/7534.48.3"
112.210.65.178 - - [12/Aug/2013:11:41:57 -0400] "GET /378/images/06a.jpg HTTP/1.1" 200 3709 "http://www.libertytransnational.com/pages/4/index.htm" "Mozilla/5.0 (iPad; CPU OS 5_1_1 like Mac OS X) AppleWebKit/534.46 (KHTML, like Gecko) Version/5.1 Mobile/9B206 Safari/7534.48.3"
112.210.65.178 - - [12/Aug/2013:11:41:57 -0400] "GET /378/images/content_07.jpg HTTP/1.1" 200 553 "http://www.libertytransnational.com/pages/4/index.htm" "Mozilla/5.0 (iPad; CPU OS 5_1_1 like Mac OS X) AppleWebKit/534.46 (KHTML, like Gecko) Version/5.1 Mobile/9B206 Safari/7534.48.3"
112.210.65.178 - - [12/Aug/2013:11:41:57 -0400] "GET /378/images/content_08.jpg HTTP/1.1" 200 1236 "http://www.libertytransnational.com/pages/4/index.htm" "Mozilla/5.0 (iPad; CPU OS 5_1_1 like Mac OS X) AppleWebKit/534.46 (KHTML, like Gecko) Version/5.1 Mobile/9B206 Safari/7534.48.3"
112.210.65.178 - - [12/Aug/2013:11:41:57 -0400] "GET /378/images/01a.jpg HTTP/1.1" 200 2591 "http://www.libertytransnational.com/pages/4/index.htm" "Mozilla/5.0 (iPad; CPU OS 5_1_1 like Mac OS X) AppleWebKit/534.46 (KHTML, like Gecko) Version/5.1 Mobile/9B206 Safari/7534.48.3"
112.210.65.178 - - [12/Aug/2013:11:41:57 -0400] "GET /378/images/bg.jpg HTTP/1.1" 200 342 "http://www.libertytransnational.com/pages/4/index.htm" "Mozilla/5.0 (iPad; CPU OS 5_1_1 like Mac OS X) AppleWebKit/534.46 (KHTML, like Gecko) Version/5.1 Mobile/9B206 Safari/7534.48.3"
112.210.65.178 - - [12/Aug/2013:11:41:57 -0400] "GET /378/images/01b.jpg HTTP/1.1" 200 2756 "http://www.libertytransnational.com/pages/4/index.htm" "Mozilla/5.0 (iPad; CPU OS 5_1_1 like Mac OS X) AppleWebKit/534.46 (KHTML, like Gecko) Version/5.1 Mobile/9B206 Safari/7534.48.3"
112.210.65.178 - - [12/Aug/2013:11:41:57 -0400] "GET /378/images/content_09.jpg HTTP/1.1" 200 1278 "http://www.libertytransnational.com/pages/4/index.htm" "Mozilla/5.0 (iPad; CPU OS 5_1_1 like Mac OS X) AppleWebKit/534.46 (KHTML, like Gecko) Version/5.1 Mobile/9B206 Safari/7534.48.3"
112.210.65.178 - - [12/Aug/2013:11:41:58 -0400] "GET /378/images/02b.jpg HTTP/1.1" 200 3197 "http://www.libertytransnational.com/pages/4/index.htm" "Mozilla/5.0 (iPad; CPU OS 5_1_1 like Mac OS X) AppleWebKit/534.46 (KHTML, like Gecko) Version/5.1 Mobile/9B206 Safari/7534.48.3"
112.210.65.178 - - [12/Aug/2013:11:41:58 -0400] "GET /378/images/content_11.jpg HTTP/1.1" 200 468 "http://www.libertytransnational.com/pages/4/index.htm" "Mozilla/5.0 (iPad; CPU OS 5_1_1 like Mac OS X) AppleWebKit/534.46 (KHTML, like Gecko) Version/5.1 Mobile/9B206 Safari/7534.48.3"
193.106.136.58 - - [12/Aug/2013:21:42:25 -0400] "GET / HTTP/1.1" 200 16327 "http://seofan.info/" "Mozilla/4.0 (compatible- MSIE 6.0- Windows NT 5.1- SV1- .NET CLR 1.1.4322"
66.43.35.189 - - [12/Aug/2013:21:58:00 -0400] "GET /pages/6/index.htm HTTP/1.1" 200 26559 "http://www.libertytransnational.com/pages/4/index.htm" "Mozilla/5.0 (compatible; MSIE 10.0; Windows NT 6.1; WOW64; Trident/6.0)"
66.43.35.189 - - [12/Aug/2013:21:58:00 -0400] "GET /images/320_newest_building_detail_small.jpg HTTP/1.1" 200 24185 "http://www.libertytransnational.com/pages/6/index.htm" "Mozilla/5.0 (compatible; MSIE 10.0; Windows NT 6.1; WOW64; Trident/6.0)"
66.43.35.189 - - [12/Aug/2013:21:58:02 -0400] "GET /favicon.ico HTTP/1.1" 404 575 "-" "Mozilla/5.0 (compatible; MSIE 10.0; Windows NT 6.1; WOW64; Trident/6.0)"
157.55.33.17 - - [12/Aug/2013:04:43:52 -0400] "GET /robots.txt HTTP/1.1" 200 25 "-" "Mozilla/5.0 (compatible; bingbot/2.0; +http://www.bing.com/bingbot.htm)"
157.55.33.17 - - [12/Aug/2013:04:45:11 -0400] "GET /executivesbios.html HTTP/1.1" 304 - "-" "Mozilla/5.0 (compatible; bingbot/2.0; +http://www.bing.com/bingbot.htm)"
174.238.65.216 - - [12/Aug/2013:22:24:20 -0400] "GET /charlesjpayerjr.html HTTP/1.1" 200 22020 "http://www.libertytransnational.com/executivesbios.html" "Mozilla/5.0 (Linux; U; Android 2.3.4; en-us; DROIDX Build/4.5.1_57_DX8-51) AppleWebKit/533.1 (KHTML, like Gecko) Version/4.0 Mobile Safari/533.1"
174.238.65.216 - - [12/Aug/2013:22:24:20 -0400] "GET /378/images/7/slogan.jpg HTTP/1.1" 200 8047 "http://www.libertytransnational.com/charlesjpayerjr.html" "Mozilla/5.0 (Linux; U; Android 2.3.4; en-us; DROIDX Build/4.5.1_57_DX8-51) AppleWebKit/533.1 (KHTML, like Gecko) Version/4.0 Mobile Safari/533.1"
198.211.107.189 - - [12/Aug/2013:12:51:25 -0400] "GET /compensation.html HTTP/1.1" 200 12313 "-" "Mozilla/5.0 (Windows NT 6.1; WOW64; rv:21.0) Gecko/20100101 Firefox/21.0"
198.211.107.189 - - [12/Aug/2013:12:51:25 -0400] "GET /howyoubenefit.html HTTP/1.1" 200 24162 "-" "Mozilla/5.0 (Windows NT 6.1; WOW64; rv:21.0) Gecko/20100101 Firefox/21.0"
91.207.9.226 - - [12/Aug/2013:16:44:07 -0400] "GET / HTTP/1.1" 200 16327 "http://kinonew-online.net/" "Mozilla/4.0 (compatible; MSIE 6.0; Windows NT 5.1; SV1; Media Center PC"