66.87.74.146 - - [18/Aug/2013:10:53:40 -0400] "GET /images/320_newest_building_detail_small.jpg HTTP/1.1" 200 24185 "http://www.libertytransnational.com/pages/6/index.htm" "Mozilla/5.0 (iPhone; CPU iPhone OS 6_1_3 like Mac OS X) AppleWebKit/536.26 (KHTML, like Gecko) Version/6.0 Mobile/10B329 Safari/8536.25"
66.87.74.146 - - [18/Aug/2013:10:53:40 -0400] "GET /378/images/6/slogan.jpg HTTP/1.1" 200 5536 "http://www.libertytransnational.com/pages/6/index.htm" "Mozilla/5.0 (iPhone; CPU iPhone OS 6_1_3 like Mac OS X) AppleWebKit/536.26 (KHTML, like Gecko) Version/6.0 Mobile/10B329 Safari/8536.25"
123.125.71.32 - - [18/Aug/2013:12:24:02 -0400] "GET /scripts/photoalbum.js HTTP/1.1" 200 62295 "-" "Mozilla/5.0 (compatible; Baiduspider/2.0; +http://www.baidu.com/search/spider.html)"
66.87.74.146 - - [18/Aug/2013:11:12:40 -0400] "GET /pages/12/index.htm HTTP/1.1" 200 27546 "http://www.libertytransnational.com/pages/13/index.htm" "Mozilla/5.0 (iPhone; CPU iPhone OS 6_1_3 like Mac OS X) AppleWebKit/536.26 (KHTML, like Gecko) Version/6.0 Mobile/10B329 Safari/8536.25"
91.207.9.226 - - [18/Aug/2013:18:03:51 -0400] "GET / HTTP/1.1" 200 16327 "http://www.artparquet.ru/" "Mozilla/4.0 (compatible- MSIE 6.0- Windows NT 5.1- SV1- .NET CLR 1.1.4322"
205.178.190.234 - - [18/Aug/2013:13:46:41 -0400] "HEAD /capabilities.html HTTP/1.1" 200 - "-" "Mozilla/5.0 (Windows; U; Windows NT 5.1; en-US; rv:1.8.1.16) Gecko/20080702 Firefox/2.0.0.16"
46.118.126.194 - - [18/Aug/2013:17:48:29 -0400] "GET / HTTP/1.1" 200 16327 "http://youtubeviewspromotion.com/" "Mozilla/4.0 (compatible; MSIE 5.0; Windows NT; DigExt)"
198.199.66.231 - - [18/Aug/2013:01:36:25 -0400] "GET /sectorsofinterest.html HTTP/1.1" 200 27586 "-" "Mozilla/5.0 (Windows NT 6.1; WOW64; rv:21.0) Gecko/20100101 Firefox/21.0"
199.21.99.96 - - [18/Aug/2013:01:55:42 -0400] "GET /378/images/02a.jpg HTTP/1.1" 304 - "-" "Mozilla/5.0 (compatible; YandexImages/3.0; +http://yandex.com/bots)"
180.76.5.171 - - [18/Aug/2013:22:31:47 -0400] "GET /charlesjpayerjr.html HTTP/1.1" 200 22020 "-" "Mozilla/5.0 (compatible; Baiduspider/2.0; +http://www.baidu.com/search/spider.html)"
198.199.66.231 - - [18/Aug/2013:01:36:23 -0400] "GET /scripts/user.js HTTP/1.1" 200 23762 "-" "Mozilla/5.0 (Windows NT 6.1; WOW64; rv:21.0) Gecko/20100101 Firefox/21.0"
50.9.205.96 - - [18/Aug/2013:18:14:50 -0400] "GET /images/240_pic_conference_new.jpg HTTP/1.1" 200 3266 "http://www.libertytransnational.com/pages/9/index.htm" "Mozilla/5.0 (Windows NT 6.1; WOW64) AppleWebKit/537.36 (KHTML, like Gecko) Chrome/28.0.1500.95 Safari/537.36"
46.119.118.152 - - [18/Aug/2013:09:52:11 -0400] "GET / HTTP/1.1" 200 16327 "http://zena-na-chas-moscow.ru/" "Opera/9.00 (Windows NT 4.0; U; en)"
92.249.127.111 - - [18/Aug/2013:11:15:59 -0400] "GET / HTTP/1.1" 200 16327 "http://remontdoma.mybb.ru/" "Mozilla/5.0 (compatible; news bot /2.1)"
50.9.205.96 - - [18/Aug/2013:18:14:50 -0400] "GET /images/198_pic_chess01a.jpg HTTP/1.1" 200 5112 "http://www.libertytransnational.com/pages/9/index.htm" "Mozilla/5.0 (Windows NT 6.1; WOW64) AppleWebKit/537.36 (KHTML, like Gecko) Chrome/28.0.1500.95 Safari/537.36"
205.178.190.236 - - [18/Aug/2013:13:44:15 -0400] "GET /robots.txt HTTP/1.1" 200 25 "-" "Mozilla/5.0 (Windows; U; Windows NT 5.1; en-US; rv:1.8.1.12) Gecko/20080201 Firefox/2.0.0.12"
50.9.205.96 - - [18/Aug/2013:16:57:42 -0400] "GET /scripts/user.js HTTP/1.1" 200 23762 "http://www.libertytransnational.com/pages/4/index.htm" "Mozilla/5.0 (Windows NT 6.1; WOW64) AppleWebKit/537.36 (KHTML, like Gecko) Chrome/28.0.1500.95 Safari/537.36"
50.9.205.96 - - [18/Aug/2013:16:57:42 -0400] "GET /378/images/06a.jpg HTTP/1.1" 200 3709 "http://www.libertytransnational.com/pages/4/index.htm" "Mozilla/5.0 (Windows NT 6.1; WOW64) AppleWebKit/537.36 (KHTML, like Gecko) Chrome/28.0.1500.95 Safari/537.36"
50.9.205.96 - - [18/Aug/2013:16:57:43 -0400] "GET /378/images/04b.jpg HTTP/1.1" 200 4260 "http://www.libertytransnational.com/pages/4/index.htm" "Mozilla/5.0 (Windows NT 6.1; WOW64) AppleWebKit/537.36 (KHTML, like Gecko) Chrome/28.0.1500.95 Safari/537.36"
50.9.205.96 - - [18/Aug/2013:16:57:43 -0400] "GET /378/images/content_04.jpg HTTP/1.1" 200 4415 "http://www.libertytransnational.com/pages/4/index.htm" "Mozilla/5.0 (Windows NT 6.1; WOW64) AppleWebKit/537.36 (KHTML, like Gecko) Chrome/28.0.1500.95 Safari/537.36"
50.9.205.96 - - [18/Aug/2013:16:57:43 -0400] "GET /378/images/content_07.jpg HTTP/1.1" 200 553 "http://www.libertytransnational.com/pages/4/index.htm" "Mozilla/5.0 (Windows NT 6.1; WOW64) AppleWebKit/537.36 (KHTML, like Gecko) Chrome/28.0.1500.95 Safari/537.36"
199.21.99.96 - - [18/Aug/2013:05:39:56 -0400] "GET /378/images/content_03.jpg HTTP/1.1" 304 - "-" "Mozilla/5.0 (compatible; YandexImages/3.0; +http://yandex.com/bots)"
46.118.126.194 - - [18/Aug/2013:17:48:26 -0400] "GET / HTTP/1.1" 200 16327 "http://youtubeviewspromotion.com/" "Mozilla/4.0 (compatible; MSIE 5.0; Windows NT; DigExt)"
199.21.99.96 - - [18/Aug/2013:08:58:20 -0400] "GET /378/images/content_03.jpg HTTP/1.1" 304 - "-" "Mozilla/5.0 (compatible; YandexImages/3.0; +http://yandex.com/bots)"
205.178.190.236 - - [18/Aug/2013:13:42:58 -0400] "GET / HTTP/1.1" 200 16327 "-" "Mozilla/4.0 (compatible; MSIE 7.0; Windows NT 5.2; Trident/4.0; .NET CLR 1.1.4322; .NET CLR 2.0.50727; .NET CLR 3.0.4506.2152; .NET CLR 3.5.30729; .NET4.0C; .NET4.0E)"
205.178.190.236 - - [18/Aug/2013:13:42:59 -0400] "GET /scripts/user.js HTTP/1.1" 200 23762 "http://libertytransnational.com/" "Mozilla/4.0 (compatible; MSIE 7.0; Windows NT 5.2; Trident/4.0; .NET CLR 1.1.4322; .NET CLR 2.0.50727; .NET CLR 3.0.4506.2152; .NET CLR 3.5.30729; .NET4.0C; .NET4.0E)"
205.178.190.236 - - [18/Aug/2013:13:42:59 -0400] "GET /378/scripts/master.css HTTP/1.1" 200 1951 "http://libertytransnational.com/" "Mozilla/4.0 (compatible; MSIE 7.0; Windows NT 5.2; Trident/4.0; .NET CLR 1.1.4322; .NET CLR 2.0.50727; .NET CLR 3.0.4506.2152; .NET CLR 3.5.30729; .NET4.0C; .NET4.0E)"
205.178.190.236 - - [18/Aug/2013:13:43:00 -0400] "GET /scripts/ic_globals_published.js HTTP/1.1" 200 566 "http://libertytransnational.com/" "Mozilla/4.0 (compatible; MSIE 7.0; Windows NT 5.2; Trident/4.0; .NET CLR 1.1.4322; .NET CLR 2.0.50727; .NET CLR 3.0.4506.2152; .NET CLR 3.5.30729; .NET4.0C; .NET4.0E)"
205.178.190.236 - - [18/Aug/2013:13:43:01 -0400] "GET /378/images/bg.jpg HTTP/1.1" 200 342 "http://libertytransnational.com/" "Mozilla/4.0 (compatible; MSIE 7.0; Windows NT 5.2; Trident/4.0; .NET CLR 1.1.4322; .NET CLR 2.0.50727; .NET CLR 3.0.4506.2152; .NET CLR 3.5.30729; .NET4.0C; .NET4.0E)"
205.178.190.236 - - [18/Aug/2013:13:43:02 -0400] "GET /378/images/03b.jpg HTTP/1.1" 200 3499 "http://libertytransnational.com/" "Mozilla/4.0 (compatible; MSIE 7.0; Windows NT 5.2; Trident/4.0; .NET CLR 1.1.4322; .NET CLR 2.0.50727; .NET CLR 3.0.4506.2152; .NET CLR 3.5.30729; .NET4.0C; .NET4.0E)"
205.178.190.236 - - [18/Aug/2013:13:43:02 -0400] "GET /378/images/06b.jpg HTTP/1.1" 200 3838 "http://libertytransnational.com/" "Mozilla/4.0 (compatible; MSIE 7.0; Windows NT 5.2; Trident/4.0; .NET CLR 1.1.4322; .NET CLR 2.0.50727; .NET CLR 3.0.4506.2152; .NET CLR 3.5.30729; .NET4.0C; .NET4.0E)"
205.178.190.236 - - [18/Aug/2013:13:43:02 -0400] "GET /378/images/08b.jpg HTTP/1.1" 200 3464 "http://libertytransnational.com/" "Mozilla/4.0 (compatible; MSIE 7.0; Windows NT 5.2; Trident/4.0; .NET CLR 1.1.4322; .NET CLR 2.0.50727; .NET CLR 3.0.4506.2152; .NET CLR 3.5.30729; .NET4.0C; .NET4.0E)"
205.178.190.236 - - [18/Aug/2013:13:43:02 -0400] "GET /378/images/10b.jpg HTTP/1.1" 200 834 "http://libertytransnational.com/" "Mozilla/4.0 (compatible; MSIE 7.0; Windows NT 5.2; Trident/4.0; .NET CLR 1.1.4322; .NET CLR 2.0.50727; .NET CLR 3.0.4506.2152; .NET CLR 3.5.30729; .NET4.0C; .NET4.0E)"
205.178.190.236 - - [18/Aug/2013:13:43:02 -0400] "GET /378/images/motif01.jpg HTTP/1.1" 200 14966 "http://libertytransnational.com/" "Mozilla/4.0 (compatible; MSIE 7.0; Windows NT 5.2; Trident/4.0; .NET CLR 1.1.4322; .NET CLR 2.0.50727; .NET CLR 3.0.4506.2152; .NET CLR 3.5.30729; .NET4.0C; .NET4.0E)"
205.178.190.236 - - [18/Aug/2013:13:43:02 -0400] "GET /378/images/02a.jpg HTTP/1.1" 200 3042 "http://libertytransnational.com/" "Mozilla/4.0 (compatible; MSIE 7.0; Windows NT 5.2; Trident/4.0; .NET CLR 1.1.4322; .NET CLR 2.0.50727; .NET CLR 3.0.4506.2152; .NET CLR 3.5.30729; .NET4.0C; .NET4.0E)"
205.178.190.236 - - [18/Aug/2013:13:43:02 -0400] "GET /378/images/04a.jpg HTTP/1.1" 200 4187 "http://libertytransnational.com/" "Mozilla/4.0 (compatible; MSIE 7.0; Windows NT 5.2; Trident/4.0; .NET CLR 1.1.4322; .NET CLR 2.0.50727; .NET CLR 3.0.4506.2152; .NET CLR 3.5.30729; .NET4.0C; .NET4.0E)"
205.178.190.236 - - [18/Aug/2013:13:43:02 -0400] "GET /378/images/06a.jpg HTTP/1.1" 200 3709 "http://libertytransnational.com/" "Mozilla/4.0 (compatible; MSIE 7.0; Windows NT 5.2; Trident/4.0; .NET CLR 1.1.4322; .NET CLR 2.0.50727; .NET CLR 3.0.4506.2152; .NET CLR 3.5.30729; .NET4.0C; .NET4.0E)"
205.178.190.236 - - [18/Aug/2013:13:43:02 -0400] "GET /378/images/07a.jpg HTTP/1.1" 200 3898 "http://libertytransnational.com/" "Mozilla/4.0 (compatible; MSIE 7.0; Windows NT 5.2; Trident/4.0; .NET CLR 1.1.4322; .NET CLR 2.0.50727; .NET CLR 3.0.4506.2152; .NET CLR 3.5.30729; .NET4.0C; .NET4.0E)"
205.178.190.236 - - [18/Aug/2013:13:43:02 -0400] "GET /378/images/spacer.gif HTTP/1.1" 200 43 "http://libertytransnational.com/" "Mozilla/4.0 (compatible; MSIE 7.0; Windows NT 5.2; Trident/4.0; .NET CLR 1.1.4322; .NET CLR 2.0.50727; .NET CLR 3.0.4506.2152; .NET CLR 3.5.30729; .NET4.0C; .NET4.0E)"
205.178.190.236 - - [18/Aug/2013:13:43:02 -0400] "GET /378/images/04b.jpg HTTP/1.1" 200 4260 "http://libertytransnational.com/" "Mozilla/4.0 (compatible; MSIE 7.0; Windows NT 5.2; Trident/4.0; .NET CLR 1.1.4322; .NET CLR 2.0.50727; .NET CLR 3.0.4506.2152; .NET CLR 3.5.30729; .NET4.0C; .NET4.0E)"
205.178.190.236 - - [18/Aug/2013:13:43:02 -0400] "GET /378/images/content_bg.jpg HTTP/1.1" 200 471 "http://libertytransnational.com/" "Mozilla/4.0 (compatible; MSIE 7.0; Windows NT 5.2; Trident/4.0; .NET CLR 1.1.4322; .NET CLR 2.0.50727; .NET CLR 3.0.4506.2152; .NET CLR 3.5.30729; .NET4.0C; .NET4.0E)"
205.178.190.236 - - [18/Aug/2013:13:43:03 -0400] "GET /images/190_pic_report01a.jpg HTTP/1.1" 200 4628 "http://libertytransnational.com/" "Mozilla/4.0 (compatible; MSIE 7.0; Windows NT 5.2; Trident/4.0; .NET CLR 1.1.4322; .NET CLR 2.0.50727; .NET CLR 3.0.4506.2152; .NET CLR 3.5.30729; .NET4.0C; .NET4.0E)"
205.178.190.236 - - [18/Aug/2013:13:43:03 -0400] "GET /378/images/content_06.jpg HTTP/1.1" 200 1195 "http://libertytransnational.com/" "Mozilla/4.0 (compatible; MSIE 7.0; Windows NT 5.2; Trident/4.0; .NET CLR 1.1.4322; .NET CLR 2.0.50727; .NET CLR 3.0.4506.2152; .NET CLR 3.5.30729; .NET4.0C; .NET4.0E)"
205.178.190.236 - - [18/Aug/2013:13:43:03 -0400] "GET /378/images/content_09.jpg HTTP/1.1" 200 1278 "http://libertytransnational.com/" "Mozilla/4.0 (compatible; MSIE 7.0; Windows NT 5.2; Trident/4.0; .NET CLR 1.1.4322; .NET CLR 2.0.50727; .NET CLR 3.0.4506.2152; .NET CLR 3.5.30729; .NET4.0C; .NET4.0E)"
205.178.190.236 - - [18/Aug/2013:13:43:03 -0400] "GET /378/images/1/slogan.jpg HTTP/1.1" 200 4605 "http://libertytransnational.com/" "Mozilla/4.0 (compatible; MSIE 7.0; Windows NT 5.2; Trident/4.0; .NET CLR 1.1.4322; .NET CLR 2.0.50727; .NET CLR 3.0.4506.2152; .NET CLR 3.5.30729; .NET4.0C; .NET4.0E)"
205.178.190.234 - - [18/Aug/2013:13:46:42 -0400] "HEAD /aboutus.html HTTP/1.1" 200 - "-" "Mozilla/4.0 (compatible; MSIE 6.0; Windows NT 5.2; SV1; .NET CLR 1.1.4322; .NET CLR 2.0.50727)"
66.87.74.214 - - [18/Aug/2013:21:46:07 -0400] "GET /scripts/user.js HTTP/1.1" 200 23762 "-" "Mozilla/5.0 (iPhone; CPU iPhone OS 6_1_3 like Mac OS X) AppleWebKit/536.26 (KHTML, like Gecko) Version/6.0 Mobile/10B329 Safari/8536.25"
123.125.71.79 - - [18/Aug/2013:23:33:01 -0400] "GET /scripts/user.js HTTP/1.1" 200 23762 "-" "Mozilla/5.0 (compatible; Baiduspider/2.0; +http://www.baidu.com/search/spider.html)"
66.87.74.146 - - [18/Aug/2013:11:12:40 -0400] "GET /378/scripts/master.css HTTP/1.1" 200 1951 "http://www.libertytransnational.com/pages/12/index.htm" "Mozilla/5.0 (iPhone; CPU iPhone OS 6_1_3 like Mac OS X) AppleWebKit/536.26 (KHTML, like Gecko) Version/6.0 Mobile/10B329 Safari/8536.25"
195.242.218.133 - - [18/Aug/2013:18:53:25 -0400] "GET / HTTP/1.1" 200 16327 "http://valdaidom.ru/" "Mozilla/2.0 (compatible; MSIE 3.02; Windows CE; 240x320)"
78.158.11.226 - - [18/Aug/2013:01:13:27 -0400] "GET /contactus.html HTTP/1.1" 200 22721 "http://www.freedomdevgrp.com/" "Lynx/2.8.5rel.1 libwww-FM/2.15FC SSL-MM/1.4.1c OpenSSL/0.9.7e-dev"
66.87.74.146 - - [18/Aug/2013:10:50:18 -0400] "GET /378/scripts/master.css HTTP/1.1" 200 1951 "http://www.libertytransnational.com/pages/4/index.htm" "Mozilla/5.0 (iPhone; CPU iPhone OS 6_1_3 like Mac OS X) AppleWebKit/536.26 (KHTML, like Gecko) Version/6.0 Mobile/10B329 Safari/8536.25"
66.87.74.146 - - [18/Aug/2013:10:56:29 -0400] "GET /pages/14/index.htm HTTP/1.1" 200 12271 "http://www.libertytransnational.com/pages/8/index.htm" "Mozilla/5.0 (iPhone; CPU iPhone OS 6_1_3 like Mac OS X) AppleWebKit/536.26 (KHTML, like Gecko) Version/6.0 Mobile/10B329 Safari/8536.25"
50.9.205.96 - - [18/Aug/2013:16:57:42 -0400] "GET /378/images/company.jpg HTTP/1.1" 200 10264 "http://www.libertytransnational.com/pages/4/index.htm" "Mozilla/5.0 (Windows NT 6.1; WOW64) AppleWebKit/537.36 (KHTML, like Gecko) Chrome/28.0.1500.95 Safari/537.36"
50.9.205.96 - - [18/Aug/2013:16:57:42 -0400] "GET /378/images/bg.jpg HTTP/1.1" 200 342 "http://www.libertytransnational.com/pages/4/index.htm" "Mozilla/5.0 (Windows NT 6.1; WOW64) AppleWebKit/537.36 (KHTML, like Gecko) Chrome/28.0.1500.95 Safari/537.36"
50.9.205.96 - - [18/Aug/2013:16:57:43 -0400] "GET /378/images/06b.jpg HTTP/1.1" 200 3838 "http://www.libertytransnational.com/pages/4/index.htm" "Mozilla/5.0 (Windows NT 6.1; WOW64) AppleWebKit/537.36 (KHTML, like Gecko) Chrome/28.0.1500.95 Safari/537.36"
50.9.205.96 - - [18/Aug/2013:16:57:43 -0400] "GET /378/images/content_06.jpg HTTP/1.1" 200 1195 "http://www.libertytransnational.com/pages/4/index.htm" "Mozilla/5.0 (Windows NT 6.1; WOW64) AppleWebKit/537.36 (KHTML, like Gecko) Chrome/28.0.1500.95 Safari/537.36"
50.9.205.96 - - [18/Aug/2013:16:57:43 -0400] "GET /378/images/4/slogan.jpg HTTP/1.1" 200 6400 "http://www.libertytransnational.com/pages/4/index.htm" "Mozilla/5.0 (Windows NT 6.1; WOW64) AppleWebKit/537.36 (KHTML, like Gecko) Chrome/28.0.1500.95 Safari/537.36"
50.9.205.96 - - [18/Aug/2013:16:57:44 -0400] "GET /favicon.ico HTTP/1.1" 404 575 "-" "Mozilla/5.0 (Windows NT 6.1; WOW64) AppleWebKit/537.36 (KHTML, like Gecko) Chrome/28.0.1500.95 Safari/537.36"
205.178.190.236 - - [18/Aug/2013:13:44:15 -0400] "GET / HTTP/1.1" 200 16327 "-" "Mozilla/5.0 (Windows; U; Windows NT 5.1; en-US; rv:1.8.1.16) Gecko/20080702 Firefox/2.0.0.16"
78.158.11.226 - - [18/Aug/2013:01:13:27 -0400] "GET / HTTP/1.1" 200 16327 "http://www.google.com/url?sa=t&rct=j&q=www.freedomdevgrp.com&source=web&cd=5&ved=0CF0QFjAE&url=http:%2F%2Fwww.freedomdevgrp.com%2F&cad=rja" "Lynx/2.8.5rel.1 libwww-FM/2.15FC SSL-MM/1.4.1c OpenSSL/0.9.7e-dev"
184.82.179.167 - - [18/Aug/2013:14:36:37 -0400] "GET /admin.php HTTP/1.0" 404 575 "-" "Opera/9.80 (Windows NT 6.1; U; ru) Presto/2.8.131 Version/11.10"
178.137.128.12 - - [18/Aug/2013:04:26:50 -0400] "GET / HTTP/1.1" 200 16327 "http://vrnelectro.ru/" "Mozilla/4.0 (compatible; MSIE 6.0; Windows NT 5.1; .NET CLR 1.1.4322; Alexa Toolbar; (R1 1.5))"
91.207.9.226 - - [18/Aug/2013:18:03:48 -0400] "GET / HTTP/1.1" 200 16327 "http://www.artparquet.ru/" "Mozilla/4.0 (compatible- MSIE 6.0- Windows NT 5.1- SV1- .NET CLR 1.1.4322"
220.181.108.157 - - [18/Aug/2013:20:01:51 -0400] "GET /378/images/content_06.jpg HTTP/1.1" 200 1195 "-" "Baiduspider-image+(+http://www.baidu.com/search/spider.htm)"
151.138.13.244 - - [18/Aug/2013:23:50:09 -0400] "GET / HTTP/1.1" 206 16327 "-" "SuperPagesUrlVerifyBot/1.0"
180.76.5.62 - - [18/Aug/2013:08:18:14 -0400] "GET /scripts/'+src+' HTTP/1.1" 404 575 "-" "Mozilla/5.0 (compatible; Baiduspider/2.0; +http://www.baidu.com/search/spider.html)"
46.118.126.194 - - [18/Aug/2013:17:48:26 -0400] "GET / HTTP/1.1" 200 16327 "http://youtubeviewspromotion.com/" "Mozilla/4.0 (compatible; MSIE 5.0; Windows NT; DigExt)"
180.76.5.191 - - [18/Aug/2013:17:55:27 -0400] "GET / HTTP/1.1" 304 - "-" "Mozilla/5.0 (compatible; Baiduspider/2.0; +http://www.baidu.com/search/spider.html)"
50.9.205.96 - - [18/Aug/2013:18:14:50 -0400] "GET /favicon.ico HTTP/1.1" 404 575 "-" "Mozilla/5.0 (Windows NT 6.1; WOW64) AppleWebKit/537.36 (KHTML, like Gecko) Chrome/28.0.1500.95 Safari/537.36"
50.9.205.96 - - [18/Aug/2013:18:14:50 -0400] "GET /pages/9/index.htm HTTP/1.1" 200 31113 "http://www.libertytransnational.com/pages/4/index.htm" "Mozilla/5.0 (Windows NT 6.1; WOW64) AppleWebKit/537.36 (KHTML, like Gecko) Chrome/28.0.1500.95 Safari/537.36"
50.9.205.96 - - [18/Aug/2013:18:14:56 -0400] "GET /pages/12/index.htm HTTP/1.1" 200 27546 "http://www.libertytransnational.com/pages/9/index.htm" "Mozilla/5.0 (Windows NT 6.1; WOW64) AppleWebKit/537.36 (KHTML, like Gecko) Chrome/28.0.1500.95 Safari/537.36"
50.9.205.96 - - [18/Aug/2013:18:14:56 -0400] "GET /378/images/12/slogan.jpg HTTP/1.1" 200 7191 "http://www.libertytransnational.com/pages/12/index.htm" "Mozilla/5.0 (Windows NT 6.1; WOW64) AppleWebKit/537.36 (KHTML, like Gecko) Chrome/28.0.1500.95 Safari/537.36"
50.9.205.96 - - [18/Aug/2013:18:14:57 -0400] "GET /favicon.ico HTTP/1.1" 404 575 "-" "Mozilla/5.0 (Windows NT 6.1; WOW64) AppleWebKit/537.36 (KHTML, like Gecko) Chrome/28.0.1500.95 Safari/537.36"
198.199.66.231 - - [18/Aug/2013:01:36:25 -0400] "GET /compensation.html HTTP/1.1" 200 12313 "-" "Mozilla/5.0 (Windows NT 6.1; WOW64; rv:21.0) Gecko/20100101 Firefox/21.0"
184.82.179.167 - - [18/Aug/2013:14:36:38 -0400] "GET /administrator/index.php HTTP/1.0" 404 575 "-" "Opera/9.80 (Windows NT 6.1; U; ru) Presto/2.8.131 Version/11.10"
205.178.190.234 - - [18/Aug/2013:14:01:23 -0400] "GET /capabilities.html HTTP/1.1" 200 31267 "-" "Mozilla/4.0 (compatible; MSIE 7.0; Windows NT 5.2; Trident/4.0; .NET CLR 1.1.4322; .NET CLR 2.0.50727; .NET CLR 3.0.4506.2152; .NET CLR 3.5.30729)"
205.178.190.234 - - [18/Aug/2013:14:01:23 -0400] "GET /378/scripts/icwebsiteelement.css HTTP/1.1" 200 8132 "http://libertytransnational.com/capabilities.html" "Mozilla/4.0 (compatible; MSIE 7.0; Windows NT 5.2; Trident/4.0; .NET CLR 1.1.4322; .NET CLR 2.0.50727; .NET CLR 3.0.4506.2152; .NET CLR 3.5.30729)"
205.178.190.234 - - [18/Aug/2013:14:01:23 -0400] "GET /378/scripts/master.css HTTP/1.1" 200 1951 "http://libertytransnational.com/capabilities.html" "Mozilla/4.0 (compatible; MSIE 7.0; Windows NT 5.2; Trident/4.0; .NET CLR 1.1.4322; .NET CLR 2.0.50727; .NET CLR 3.0.4506.2152; .NET CLR 3.5.30729)"
205.178.190.234 - - [18/Aug/2013:14:01:23 -0400] "GET /scripts/user.js HTTP/1.1" 200 23762 "http://libertytransnational.com/capabilities.html" "Mozilla/4.0 (compatible; MSIE 7.0; Windows NT 5.2; Trident/4.0; .NET CLR 1.1.4322; .NET CLR 2.0.50727; .NET CLR 3.0.4506.2152; .NET CLR 3.5.30729)"
205.178.190.234 - - [18/Aug/2013:14:01:24 -0400] "GET /sectorsofinterest.html HTTP/1.1" 200 27586 "-" "Mozilla/4.0 (compatible; MSIE 7.0; Windows NT 5.2; Trident/4.0; .NET CLR 1.1.4322; .NET CLR 2.0.50727; .NET CLR 3.0.4506.2152; .NET CLR 3.5.30729)"
205.178.190.234 - - [18/Aug/2013:14:01:24 -0400] "GET /scripts/ic_globals_published.js HTTP/1.1" 200 566 "http://libertytransnational.com/sectorsofinterest.html" "Mozilla/4.0 (compatible; MSIE 7.0; Windows NT 5.2; Trident/4.0; .NET CLR 1.1.4322; .NET CLR 2.0.50727; .NET CLR 3.0.4506.2152; .NET CLR 3.5.30729)"
205.178.190.234 - - [18/Aug/2013:14:01:24 -0400] "GET /scripts/user.js HTTP/1.1" 200 23762 "http://libertytransnational.com/sectorsofinterest.html" "Mozilla/4.0 (compatible; MSIE 7.0; Windows NT 5.2; Trident/4.0; .NET CLR 1.1.4322; .NET CLR 2.0.50727; .NET CLR 3.0.4506.2152; .NET CLR 3.5.30729)"
205.178.190.234 - - [18/Aug/2013:14:01:25 -0400] "GET /378/images/bg.jpg HTTP/1.1" 200 342 "http://libertytransnational.com/capabilities.html" "Mozilla/4.0 (compatible; MSIE 7.0; Windows NT 5.2; Trident/4.0; .NET CLR 1.1.4322; .NET CLR 2.0.50727; .NET CLR 3.0.4506.2152; .NET CLR 3.5.30729)"
205.178.190.234 - - [18/Aug/2013:14:01:25 -0400] "GET /378/images/02b.jpg HTTP/1.1" 200 3197 "http://libertytransnational.com/capabilities.html" "Mozilla/4.0 (compatible; MSIE 7.0; Windows NT 5.2; Trident/4.0; .NET CLR 1.1.4322; .NET CLR 2.0.50727; .NET CLR 3.0.4506.2152; .NET CLR 3.5.30729)"
205.178.190.234 - - [18/Aug/2013:14:01:25 -0400] "GET /378/images/03b.jpg HTTP/1.1" 200 3499 "http://libertytransnational.com/capabilities.html" "Mozilla/4.0 (compatible; MSIE 7.0; Windows NT 5.2; Trident/4.0; .NET CLR 1.1.4322; .NET CLR 2.0.50727; .NET CLR 3.0.4506.2152; .NET CLR 3.5.30729)"
205.178.190.234 - - [18/Aug/2013:14:01:25 -0400] "GET /378/images/05b.jpg HTTP/1.1" 200 4130 "http://libertytransnational.com/capabilities.html" "Mozilla/4.0 (compatible; MSIE 7.0; Windows NT 5.2; Trident/4.0; .NET CLR 1.1.4322; .NET CLR 2.0.50727; .NET CLR 3.0.4506.2152; .NET CLR 3.5.30729)"
205.178.190.234 - - [18/Aug/2013:14:01:25 -0400] "GET /378/images/08b.jpg HTTP/1.1" 200 3464 "http://libertytransnational.com/capabilities.html" "Mozilla/4.0 (compatible; MSIE 7.0; Windows NT 5.2; Trident/4.0; .NET CLR 1.1.4322; .NET CLR 2.0.50727; .NET CLR 3.0.4506.2152; .NET CLR 3.5.30729)"
205.178.190.234 - - [18/Aug/2013:14:01:25 -0400] "GET /378/images/04b.jpg HTTP/1.1" 200 4260 "http://libertytransnational.com/capabilities.html" "Mozilla/4.0 (compatible; MSIE 7.0; Windows NT 5.2; Trident/4.0; .NET CLR 1.1.4322; .NET CLR 2.0.50727; .NET CLR 3.0.4506.2152; .NET CLR 3.5.30729)"
205.178.190.234 - - [18/Aug/2013:14:01:25 -0400] "GET /home.html HTTP/1.1" 200 16327 "-" "Mozilla/4.0 (compatible; MSIE 7.0; Windows NT 5.2; Trident/4.0; .NET CLR 1.1.4322; .NET CLR 2.0.50727; .NET CLR 3.0.4506.2152; .NET CLR 3.5.30729)"
205.178.190.234 - - [18/Aug/2013:14:01:25 -0400] "GET /contactus.html HTTP/1.1" 200 22721 "-" "Mozilla/4.0 (compatible; MSIE 7.0; Windows NT 5.2; Trident/4.0; .NET CLR 1.1.4322; .NET CLR 2.0.50727; .NET CLR 3.0.4506.2152; .NET CLR 3.5.30729)"
205.178.190.234 - - [18/Aug/2013:14:01:26 -0400] "GET /378/images/04a.jpg HTTP/1.1" 200 4187 "http://libertytransnational.com/capabilities.html" "Mozilla/4.0 (compatible; MSIE 7.0; Windows NT 5.2; Trident/4.0; .NET CLR 1.1.4322; .NET CLR 2.0.50727; .NET CLR 3.0.4506.2152; .NET CLR 3.5.30729)"
205.178.190.234 - - [18/Aug/2013:14:01:26 -0400] "GET /378/images/05a.jpg HTTP/1.1" 200 4058 "http://libertytransnational.com/capabilities.html" "Mozilla/4.0 (compatible; MSIE 7.0; Windows NT 5.2; Trident/4.0; .NET CLR 1.1.4322; .NET CLR 2.0.50727; .NET CLR 3.0.4506.2152; .NET CLR 3.5.30729)"
205.178.190.234 - - [18/Aug/2013:14:01:26 -0400] "GET /378/images/08a.jpg HTTP/1.1" 200 3325 "http://libertytransnational.com/capabilities.html" "Mozilla/4.0 (compatible; MSIE 7.0; Windows NT 5.2; Trident/4.0; .NET CLR 1.1.4322; .NET CLR 2.0.50727; .NET CLR 3.0.4506.2152; .NET CLR 3.5.30729)"
205.178.190.234 - - [18/Aug/2013:14:01:26 -0400] "GET /378/images/07a.jpg HTTP/1.1" 200 3898 "http://libertytransnational.com/capabilities.html" "Mozilla/4.0 (compatible; MSIE 7.0; Windows NT 5.2; Trident/4.0; .NET CLR 1.1.4322; .NET CLR 2.0.50727; .NET CLR 3.0.4506.2152; .NET CLR 3.5.30729)"
205.178.190.234 - - [18/Aug/2013:14:01:26 -0400] "GET /378/scripts/master.css HTTP/1.1" 200 1951 "http://libertytransnational.com/aboutus.html" "Mozilla/4.0 (compatible; MSIE 7.0; Windows NT 5.2; Trident/4.0; .NET CLR 1.1.4322; .NET CLR 2.0.50727; .NET CLR 3.0.4506.2152; .NET CLR 3.5.30729)"
205.178.190.234 - - [18/Aug/2013:14:01:26 -0400] "GET /378/scripts/master.css HTTP/1.1" 200 1951 "http://libertytransnational.com/contactus.html" "Mozilla/4.0 (compatible; MSIE 7.0; Windows NT 5.2; Trident/4.0; .NET CLR 1.1.4322; .NET CLR 2.0.50727; .NET CLR 3.0.4506.2152; .NET CLR 3.5.30729)"
205.178.190.234 - - [18/Aug/2013:14:01:26 -0400] "GET /scripts/user.js HTTP/1.1" 200 23762 "http://libertytransnational.com/home.html" "Mozilla/4.0 (compatible; MSIE 7.0; Windows NT 5.2; Trident/4.0; .NET CLR 1.1.4322; .NET CLR 2.0.50727; .NET CLR 3.0.4506.2152; .NET CLR 3.5.30729)"
205.178.190.234 - - [18/Aug/2013:14:01:26 -0400] "GET /scripts/photoalbum.js HTTP/1.1" 200 62295 "http://libertytransnational.com/home.html" "Mozilla/4.0 (compatible; MSIE 7.0; Windows NT 5.2; Trident/4.0; .NET CLR 1.1.4322; .NET CLR 2.0.50727; .NET CLR 3.0.4506.2152; .NET CLR 3.5.30729)"
205.178.190.234 - - [18/Aug/2013:14:01:26 -0400] "GET /scripts/user.js HTTP/1.1" 200 23762 "http://libertytransnational.com/contactus.html" "Mozilla/4.0 (compatible; MSIE 7.0; Windows NT 5.2; Trident/4.0; .NET CLR 1.1.4322; .NET CLR 2.0.50727; .NET CLR 3.0.4506.2152; .NET CLR 3.5.30729)"
205.178.190.234 - - [18/Aug/2013:14:01:26 -0400] "GET /scripts/photoalbum.js HTTP/1.1" 200 62295 "http://libertytransnational.com/contactus.html" "Mozilla/4.0 (compatible; MSIE 7.0; Windows NT 5.2; Trident/4.0; .NET CLR 1.1.4322; .NET CLR 2.0.50727; .NET CLR 3.0.4506.2152; .NET CLR 3.5.30729)"
205.178.190.234 - - [18/Aug/2013:14:01:26 -0400] "GET /378/images/bg.jpg HTTP/1.1" 200 342 "http://libertytransnational.com/sectorsofinterest.html" "Mozilla/4.0 (compatible; MSIE 7.0; Windows NT 5.2; Trident/4.0; .NET CLR 1.1.4322; .NET CLR 2.0.50727; .NET CLR 3.0.4506.2152; .NET CLR 3.5.30729)"
205.178.190.234 - - [18/Aug/2013:14:01:26 -0400] "GET /378/images/02b.jpg HTTP/1.1" 200 3197 "http://libertytransnational.com/sectorsofinterest.html" "Mozilla/4.0 (compatible; MSIE 7.0; Windows NT 5.2; Trident/4.0; .NET CLR 1.1.4322; .NET CLR 2.0.50727; .NET CLR 3.0.4506.2152; .NET CLR 3.5.30729)"
205.178.190.234 - - [18/Aug/2013:14:01:26 -0400] "GET /378/images/04b.jpg HTTP/1.1" 200 4260 "http://libertytransnational.com/sectorsofinterest.html" "Mozilla/4.0 (compatible; MSIE 7.0; Windows NT 5.2; Trident/4.0; .NET CLR 1.1.4322; .NET CLR 2.0.50727; .NET CLR 3.0.4506.2152; .NET CLR 3.5.30729)"
205.178.190.234 - - [18/Aug/2013:14:01:26 -0400] "GET /378/images/07b.jpg HTTP/1.1" 200 3987 "http://libertytransnational.com/sectorsofinterest.html" "Mozilla/4.0 (compatible; MSIE 7.0; Windows NT 5.2; Trident/4.0; .NET CLR 1.1.4322; .NET CLR 2.0.50727; .NET CLR 3.0.4506.2152; .NET CLR 3.5.30729)"
205.178.190.234 - - [18/Aug/2013:14:01:26 -0400] "GET /378/images/09b.jpg HTTP/1.1" 200 834 "http://libertytransnational.com/sectorsofinterest.html" "Mozilla/4.0 (compatible; MSIE 7.0; Windows NT 5.2; Trident/4.0; .NET CLR 1.1.4322; .NET CLR 2.0.50727; .NET CLR 3.0.4506.2152; .NET CLR 3.5.30729)"
205.178.190.234 - - [18/Aug/2013:14:01:26 -0400] "GET /378/images/06b.jpg HTTP/1.1" 200 3838 "http://libertytransnational.com/sectorsofinterest.html" "Mozilla/4.0 (compatible; MSIE 7.0; Windows NT 5.2; Trident/4.0; .NET CLR 1.1.4322; .NET CLR 2.0.50727; .NET CLR 3.0.4506.2152; .NET CLR 3.5.30729)"
205.178.190.234 - - [18/Aug/2013:14:01:27 -0400] "GET /378/images/company.jpg HTTP/1.1" 200 10264 "http://libertytransnational.com/sectorsofinterest.html" "Mozilla/4.0 (compatible; MSIE 7.0; Windows NT 5.2; Trident/4.0; .NET CLR 1.1.4322; .NET CLR 2.0.50727; .NET CLR 3.0.4506.2152; .NET CLR 3.5.30729)"
205.178.190.234 - - [18/Aug/2013:14:01:27 -0400] "GET /378/images/01a.jpg HTTP/1.1" 200 2591 "http://libertytransnational.com/sectorsofinterest.html" "Mozilla/4.0 (compatible; MSIE 7.0; Windows NT 5.2; Trident/4.0; .NET CLR 1.1.4322; .NET CLR 2.0.50727; .NET CLR 3.0.4506.2152; .NET CLR 3.5.30729)"
205.178.190.234 - - [18/Aug/2013:14:01:27 -0400] "GET /378/images/02a.jpg HTTP/1.1" 200 3042 "http://libertytransnational.com/sectorsofinterest.html" "Mozilla/4.0 (compatible; MSIE 7.0; Windows NT 5.2; Trident/4.0; .NET CLR 1.1.4322; .NET CLR 2.0.50727; .NET CLR 3.0.4506.2152; .NET CLR 3.5.30729)"
205.178.190.234 - - [18/Aug/2013:14:01:27 -0400] "GET /378/images/05a.jpg HTTP/1.1" 200 4058 "http://libertytransnational.com/sectorsofinterest.html" "Mozilla/4.0 (compatible; MSIE 7.0; Windows NT 5.2; Trident/4.0; .NET CLR 1.1.4322; .NET CLR 2.0.50727; .NET CLR 3.0.4506.2152; .NET CLR 3.5.30729)"
205.178.190.234 - - [18/Aug/2013:14:01:27 -0400] "GET /378/images/07a.jpg HTTP/1.1" 200 3898 "http://libertytransnational.com/sectorsofinterest.html" "Mozilla/4.0 (compatible; MSIE 7.0; Windows NT 5.2; Trident/4.0; .NET CLR 1.1.4322; .NET CLR 2.0.50727; .NET CLR 3.0.4506.2152; .NET CLR 3.5.30729)"
205.178.190.234 - - [18/Aug/2013:14:01:27 -0400] "GET /378/images/08a.jpg HTTP/1.1" 200 3325 "http://libertytransnational.com/sectorsofinterest.html" "Mozilla/4.0 (compatible; MSIE 7.0; Windows NT 5.2; Trident/4.0; .NET CLR 1.1.4322; .NET CLR 2.0.50727; .NET CLR 3.0.4506.2152; .NET CLR 3.5.30729)"
205.178.190.234 - - [18/Aug/2013:14:01:27 -0400] "GET /378/images/03a.jpg HTTP/1.1" 200 3361 "http://libertytransnational.com/sectorsofinterest.html" "Mozilla/4.0 (compatible; MSIE 7.0; Windows NT 5.2; Trident/4.0; .NET CLR 1.1.4322; .NET CLR 2.0.50727; .NET CLR 3.0.4506.2152; .NET CLR 3.5.30729)"
205.178.190.234 - - [18/Aug/2013:14:01:27 -0400] "GET /images/1_clearpixel.gif HTTP/1.1" 200 43 "http://libertytransnational.com/capabilities.html" "Mozilla/4.0 (compatible; MSIE 7.0; Windows NT 5.2; Trident/4.0; .NET CLR 1.1.4322; .NET CLR 2.0.50727; .NET CLR 3.0.4506.2152; .NET CLR 3.5.30729)"
205.178.190.234 - - [18/Aug/2013:14:01:27 -0400] "GET /images/208_pic_gears01a.jpg HTTP/1.1" 200 5202 "http://libertytransnational.com/capabilities.html" "Mozilla/4.0 (compatible; MSIE 7.0; Windows NT 5.2; Trident/4.0; .NET CLR 1.1.4322; .NET CLR 2.0.50727; .NET CLR 3.0.4506.2152; .NET CLR 3.5.30729)"
205.178.190.234 - - [18/Aug/2013:14:01:28 -0400] "GET /images/240_pic_conference_new.jpg HTTP/1.1" 200 3266 "http://libertytransnational.com/capabilities.html" "Mozilla/4.0 (compatible; MSIE 7.0; Windows NT 5.2; Trident/4.0; .NET CLR 1.1.4322; .NET CLR 2.0.50727; .NET CLR 3.0.4506.2152; .NET CLR 3.5.30729)"
205.178.190.234 - - [18/Aug/2013:14:01:28 -0400] "GET /378/images/06b.jpg HTTP/1.1" 200 3838 "http://libertytransnational.com/home.html" "Mozilla/4.0 (compatible; MSIE 7.0; Windows NT 5.2; Trident/4.0; .NET CLR 1.1.4322; .NET CLR 2.0.50727; .NET CLR 3.0.4506.2152; .NET CLR 3.5.30729)"
205.178.190.234 - - [18/Aug/2013:14:01:28 -0400] "GET /378/images/07b.jpg HTTP/1.1" 200 3987 "http://libertytransnational.com/home.html" "Mozilla/4.0 (compatible; MSIE 7.0; Windows NT 5.2; Trident/4.0; .NET CLR 1.1.4322; .NET CLR 2.0.50727; .NET CLR 3.0.4506.2152; .NET CLR 3.5.30729)"
205.178.190.234 - - [18/Aug/2013:14:01:28 -0400] "GET /378/images/09b.jpg HTTP/1.1" 200 834 "http://libertytransnational.com/home.html" "Mozilla/4.0 (compatible; MSIE 7.0; Windows NT 5.2; Trident/4.0; .NET CLR 1.1.4322; .NET CLR 2.0.50727; .NET CLR 3.0.4506.2152; .NET CLR 3.5.30729)"
205.178.190.234 - - [18/Aug/2013:14:01:28 -0400] "GET /378/images/01b.jpg HTTP/1.1" 200 2756 "http://libertytransnational.com/home.html" "Mozilla/4.0 (compatible; MSIE 7.0; Windows NT 5.2; Trident/4.0; .NET CLR 1.1.4322; .NET CLR 2.0.50727; .NET CLR 3.0.4506.2152; .NET CLR 3.5.30729)"
205.178.190.234 - - [18/Aug/2013:14:01:28 -0400] "GET /378/images/10b.jpg HTTP/1.1" 200 834 "http://libertytransnational.com/home.html" "Mozilla/4.0 (compatible; MSIE 7.0; Windows NT 5.2; Trident/4.0; .NET CLR 1.1.4322; .NET CLR 2.0.50727; .NET CLR 3.0.4506.2152; .NET CLR 3.5.30729)"
205.178.190.234 - - [18/Aug/2013:14:01:28 -0400] "GET /378/images/motif01.jpg HTTP/1.1" 200 14966 "http://libertytransnational.com/home.html" "Mozilla/4.0 (compatible; MSIE 7.0; Windows NT 5.2; Trident/4.0; .NET CLR 1.1.4322; .NET CLR 2.0.50727; .NET CLR 3.0.4506.2152; .NET CLR 3.5.30729)"
205.178.190.234 - - [18/Aug/2013:14:01:28 -0400] "GET /378/images/content_03.jpg HTTP/1.1" 200 2072 "http://libertytransnational.com/home.html" "Mozilla/4.0 (compatible; MSIE 7.0; Windows NT 5.2; Trident/4.0; .NET CLR 1.1.4322; .NET CLR 2.0.50727; .NET CLR 3.0.4506.2152; .NET CLR 3.5.30729)"
205.178.190.234 - - [18/Aug/2013:14:01:28 -0400] "GET /378/images/06a.jpg HTTP/1.1" 200 3709 "http://libertytransnational.com/home.html" "Mozilla/4.0 (compatible; MSIE 7.0; Windows NT 5.2; Trident/4.0; .NET CLR 1.1.4322; .NET CLR 2.0.50727; .NET CLR 3.0.4506.2152; .NET CLR 3.5.30729)"
205.178.190.234 - - [18/Aug/2013:14:01:28 -0400] "GET /378/images/08a.jpg HTTP/1.1" 200 3325 "http://libertytransnational.com/home.html" "Mozilla/4.0 (compatible; MSIE 7.0; Windows NT 5.2; Trident/4.0; .NET CLR 1.1.4322; .NET CLR 2.0.50727; .NET CLR 3.0.4506.2152; .NET CLR 3.5.30729)"
205.178.190.234 - - [18/Aug/2013:14:01:28 -0400] "GET /378/images/bg.jpg HTTP/1.1" 200 342 "http://libertytransnational.com/aboutus.html" "Mozilla/4.0 (compatible; MSIE 7.0; Windows NT 5.2; Trident/4.0; .NET CLR 1.1.4322; .NET CLR 2.0.50727; .NET CLR 3.0.4506.2152; .NET CLR 3.5.30729)"
205.178.190.234 - - [18/Aug/2013:14:01:28 -0400] "GET /378/images/bg.jpg HTTP/1.1" 200 342 "http://libertytransnational.com/contactus.html" "Mozilla/4.0 (compatible; MSIE 7.0; Windows NT 5.2; Trident/4.0; .NET CLR 1.1.4322; .NET CLR 2.0.50727; .NET CLR 3.0.4506.2152; .NET CLR 3.5.30729)"
205.178.190.234 - - [18/Aug/2013:14:01:28 -0400] "GET /378/images/content_04.jpg HTTP/1.1" 200 4415 "http://libertytransnational.com/home.html" "Mozilla/4.0 (compatible; MSIE 7.0; Windows NT 5.2; Trident/4.0; .NET CLR 1.1.4322; .NET CLR 2.0.50727; .NET CLR 3.0.4506.2152; .NET CLR 3.5.30729)"
205.178.190.234 - - [18/Aug/2013:14:01:28 -0400] "GET /378/images/spacer.gif HTTP/1.1" 200 43 "http://libertytransnational.com/home.html" "Mozilla/4.0 (compatible; MSIE 7.0; Windows NT 5.2; Trident/4.0; .NET CLR 1.1.4322; .NET CLR 2.0.50727; .NET CLR 3.0.4506.2152; .NET CLR 3.5.30729)"
205.178.190.234 - - [18/Aug/2013:14:01:28 -0400] "GET /378/images/02b.jpg HTTP/1.1" 200 3197 "http://libertytransnational.com/aboutus.html" "Mozilla/4.0 (compatible; MSIE 7.0; Windows NT 5.2; Trident/4.0; .NET CLR 1.1.4322; .NET CLR 2.0.50727; .NET CLR 3.0.4506.2152; .NET CLR 3.5.30729)"
205.178.190.234 - - [18/Aug/2013:14:01:28 -0400] "GET /378/images/05b.jpg HTTP/1.1" 200 4130 "http://libertytransnational.com/aboutus.html" "Mozilla/4.0 (compatible; MSIE 7.0; Windows NT 5.2; Trident/4.0; .NET CLR 1.1.4322; .NET CLR 2.0.50727; .NET CLR 3.0.4506.2152; .NET CLR 3.5.30729)"
205.178.190.234 - - [18/Aug/2013:14:01:29 -0400] "GET /378/images/07b.jpg HTTP/1.1" 200 3987 "http://libertytransnational.com/aboutus.html" "Mozilla/4.0 (compatible; MSIE 7.0; Windows NT 5.2; Trident/4.0; .NET CLR 1.1.4322; .NET CLR 2.0.50727; .NET CLR 3.0.4506.2152; .NET CLR 3.5.30729)"
205.178.190.234 - - [18/Aug/2013:14:01:29 -0400] "GET /378/images/09b.jpg HTTP/1.1" 200 834 "http://libertytransnational.com/aboutus.html" "Mozilla/4.0 (compatible; MSIE 7.0; Windows NT 5.2; Trident/4.0; .NET CLR 1.1.4322; .NET CLR 2.0.50727; .NET CLR 3.0.4506.2152; .NET CLR 3.5.30729)"
205.178.190.234 - - [18/Aug/2013:14:01:29 -0400] "GET /378/images/05a.jpg HTTP/1.1" 200 4058 "http://libertytransnational.com/home.html" "Mozilla/4.0 (compatible; MSIE 7.0; Windows NT 5.2; Trident/4.0; .NET CLR 1.1.4322; .NET CLR 2.0.50727; .NET CLR 3.0.4506.2152; .NET CLR 3.5.30729)"
205.178.190.234 - - [18/Aug/2013:14:01:29 -0400] "GET /378/images/02b.jpg HTTP/1.1" 200 3197 "http://libertytransnational.com/contactus.html" "Mozilla/4.0 (compatible; MSIE 7.0; Windows NT 5.2; Trident/4.0; .NET CLR 1.1.4322; .NET CLR 2.0.50727; .NET CLR 3.0.4506.2152; .NET CLR 3.5.30729)"
205.178.190.234 - - [18/Aug/2013:14:01:29 -0400] "GET /378/images/05b.jpg HTTP/1.1" 200 4130 "http://libertytransnational.com/contactus.html" "Mozilla/4.0 (compatible; MSIE 7.0; Windows NT 5.2; Trident/4.0; .NET CLR 1.1.4322; .NET CLR 2.0.50727; .NET CLR 3.0.4506.2152; .NET CLR 3.5.30729)"
205.178.190.234 - - [18/Aug/2013:14:01:29 -0400] "GET /378/images/07b.jpg HTTP/1.1" 200 3987 "http://libertytransnational.com/contactus.html" "Mozilla/4.0 (compatible; MSIE 7.0; Windows NT 5.2; Trident/4.0; .NET CLR 1.1.4322; .NET CLR 2.0.50727; .NET CLR 3.0.4506.2152; .NET CLR 3.5.30729)"
205.178.190.234 - - [18/Aug/2013:14:01:29 -0400] "GET /378/images/09b.jpg HTTP/1.1" 200 834 "http://libertytransnational.com/contactus.html" "Mozilla/4.0 (compatible; MSIE 7.0; Windows NT 5.2; Trident/4.0; .NET CLR 1.1.4322; .NET CLR 2.0.50727; .NET CLR 3.0.4506.2152; .NET CLR 3.5.30729)"
205.178.190.234 - - [18/Aug/2013:14:01:29 -0400] "GET /378/images/04b.jpg HTTP/1.1" 200 4260 "http://libertytransnational.com/aboutus.html" "Mozilla/4.0 (compatible; MSIE 7.0; Windows NT 5.2; Trident/4.0; .NET CLR 1.1.4322; .NET CLR 2.0.50727; .NET CLR 3.0.4506.2152; .NET CLR 3.5.30729)"
205.178.190.234 - - [18/Aug/2013:14:01:29 -0400] "GET /378/images/04b.jpg HTTP/1.1" 200 4260 "http://libertytransnational.com/contactus.html" "Mozilla/4.0 (compatible; MSIE 7.0; Windows NT 5.2; Trident/4.0; .NET CLR 1.1.4322; .NET CLR 2.0.50727; .NET CLR 3.0.4506.2152; .NET CLR 3.5.30729)"
205.178.190.234 - - [18/Aug/2013:14:01:29 -0400] "GET /378/images/01a.jpg HTTP/1.1" 200 2591 "http://libertytransnational.com/aboutus.html" "Mozilla/4.0 (compatible; MSIE 7.0; Windows NT 5.2; Trident/4.0; .NET CLR 1.1.4322; .NET CLR 2.0.50727; .NET CLR 3.0.4506.2152; .NET CLR 3.5.30729)"
205.178.190.234 - - [18/Aug/2013:14:01:29 -0400] "GET /378/images/02a.jpg HTTP/1.1" 200 3042 "http://libertytransnational.com/aboutus.html" "Mozilla/4.0 (compatible; MSIE 7.0; Windows NT 5.2; Trident/4.0; .NET CLR 1.1.4322; .NET CLR 2.0.50727; .NET CLR 3.0.4506.2152; .NET CLR 3.5.30729)"
205.178.190.234 - - [18/Aug/2013:14:01:29 -0400] "GET /378/images/04a.jpg HTTP/1.1" 200 4187 "http://libertytransnational.com/aboutus.html" "Mozilla/4.0 (compatible; MSIE 7.0; Windows NT 5.2; Trident/4.0; .NET CLR 1.1.4322; .NET CLR 2.0.50727; .NET CLR 3.0.4506.2152; .NET CLR 3.5.30729)"
205.178.190.234 - - [18/Aug/2013:14:01:29 -0400] "GET /378/images/company.jpg HTTP/1.1" 200 10264 "http://libertytransnational.com/aboutus.html" "Mozilla/4.0 (compatible; MSIE 7.0; Windows NT 5.2; Trident/4.0; .NET CLR 1.1.4322; .NET CLR 2.0.50727; .NET CLR 3.0.4506.2152; .NET CLR 3.5.30729)"
205.178.190.234 - - [18/Aug/2013:14:01:29 -0400] "GET /378/images/07a.jpg HTTP/1.1" 200 3898 "http://libertytransnational.com/aboutus.html" "Mozilla/4.0 (compatible; MSIE 7.0; Windows NT 5.2; Trident/4.0; .NET CLR 1.1.4322; .NET CLR 2.0.50727; .NET CLR 3.0.4506.2152; .NET CLR 3.5.30729)"
205.178.190.234 - - [18/Aug/2013:14:01:29 -0400] "GET /378/images/spacer.gif HTTP/1.1" 200 43 "http://libertytransnational.com/aboutus.html" "Mozilla/4.0 (compatible; MSIE 7.0; Windows NT 5.2; Trident/4.0; .NET CLR 1.1.4322; .NET CLR 2.0.50727; .NET CLR 3.0.4506.2152; .NET CLR 3.5.30729)"
205.178.190.234 - - [18/Aug/2013:14:01:29 -0400] "GET /378/images/motif01.jpg HTTP/1.1" 200 14966 "http://libertytransnational.com/contactus.html" "Mozilla/4.0 (compatible; MSIE 7.0; Windows NT 5.2; Trident/4.0; .NET CLR 1.1.4322; .NET CLR 2.0.50727; .NET CLR 3.0.4506.2152; .NET CLR 3.5.30729)"
205.178.190.234 - - [18/Aug/2013:14:01:29 -0400] "GET /378/images/02a.jpg HTTP/1.1" 200 3042 "http://libertytransnational.com/contactus.html" "Mozilla/4.0 (compatible; MSIE 7.0; Windows NT 5.2; Trident/4.0; .NET CLR 1.1.4322; .NET CLR 2.0.50727; .NET CLR 3.0.4506.2152; .NET CLR 3.5.30729)"
205.178.190.234 - - [18/Aug/2013:14:01:29 -0400] "GET /378/images/content_04.jpg HTTP/1.1" 200 4415 "http://libertytransnational.com/aboutus.html" "Mozilla/4.0 (compatible; MSIE 7.0; Windows NT 5.2; Trident/4.0; .NET CLR 1.1.4322; .NET CLR 2.0.50727; .NET CLR 3.0.4506.2152; .NET CLR 3.5.30729)"
205.178.190.234 - - [18/Aug/2013:14:01:29 -0400] "GET /378/images/content_bg.jpg HTTP/1.1" 200 471 "http://libertytransnational.com/aboutus.html" "Mozilla/4.0 (compatible; MSIE 7.0; Windows NT 5.2; Trident/4.0; .NET CLR 1.1.4322; .NET CLR 2.0.50727; .NET CLR 3.0.4506.2152; .NET CLR 3.5.30729)"
205.178.190.234 - - [18/Aug/2013:14:01:29 -0400] "GET /378/images/06a.jpg HTTP/1.1" 200 3709 "http://libertytransnational.com/contactus.html" "Mozilla/4.0 (compatible; MSIE 7.0; Windows NT 5.2; Trident/4.0; .NET CLR 1.1.4322; .NET CLR 2.0.50727; .NET CLR 3.0.4506.2152; .NET CLR 3.5.30729)"
205.178.190.234 - - [18/Aug/2013:14:01:29 -0400] "GET /378/images/07a.jpg HTTP/1.1" 200 3898 "http://libertytransnational.com/contactus.html" "Mozilla/4.0 (compatible; MSIE 7.0; Windows NT 5.2; Trident/4.0; .NET CLR 1.1.4322; .NET CLR 2.0.50727; .NET CLR 3.0.4506.2152; .NET CLR 3.5.30729)"
205.178.190.234 - - [18/Aug/2013:14:01:29 -0400] "GET /378/images/content_04.jpg HTTP/1.1" 200 4415 "http://libertytransnational.com/contactus.html" "Mozilla/4.0 (compatible; MSIE 7.0; Windows NT 5.2; Trident/4.0; .NET CLR 1.1.4322; .NET CLR 2.0.50727; .NET CLR 3.0.4506.2152; .NET CLR 3.5.30729)"
205.178.190.234 - - [18/Aug/2013:14:01:29 -0400] "GET /378/images/05a.jpg HTTP/1.1" 200 4058 "http://libertytransnational.com/contactus.html" "Mozilla/4.0 (compatible; MSIE 7.0; Windows NT 5.2; Trident/4.0; .NET CLR 1.1.4322; .NET CLR 2.0.50727; .NET CLR 3.0.4506.2152; .NET CLR 3.5.30729)"
205.178.190.234 - - [18/Aug/2013:14:01:29 -0400] "GET /378/images/content_08.jpg HTTP/1.1" 200 1236 "http://libertytransnational.com/capabilities.html" "Mozilla/4.0 (compatible; MSIE 7.0; Windows NT 5.2; Trident/4.0; .NET CLR 1.1.4322; .NET CLR 2.0.50727; .NET CLR 3.0.4506.2152; .NET CLR 3.5.30729)"
205.178.190.234 - - [18/Aug/2013:14:01:29 -0400] "GET /378/images/content_11.jpg HTTP/1.1" 200 468 "http://libertytransnational.com/capabilities.html" "Mozilla/4.0 (compatible; MSIE 7.0; Windows NT 5.2; Trident/4.0; .NET CLR 1.1.4322; .NET CLR 2.0.50727; .NET CLR 3.0.4506.2152; .NET CLR 3.5.30729)"
205.178.190.234 - - [18/Aug/2013:14:01:29 -0400] "GET /378/images/content_07.jpg HTTP/1.1" 200 553 "http://libertytransnational.com/sectorsofinterest.html" "Mozilla/4.0 (compatible; MSIE 7.0; Windows NT 5.2; Trident/4.0; .NET CLR 1.1.4322; .NET CLR 2.0.50727; .NET CLR 3.0.4506.2152; .NET CLR 3.5.30729)"
205.178.190.234 - - [18/Aug/2013:14:01:30 -0400] "GET /378/images/content_09.jpg HTTP/1.1" 200 1278 "http://libertytransnational.com/sectorsofinterest.html" "Mozilla/4.0 (compatible; MSIE 7.0; Windows NT 5.2; Trident/4.0; .NET CLR 1.1.4322; .NET CLR 2.0.50727; .NET CLR 3.0.4506.2152; .NET CLR 3.5.30729)"
205.178.190.234 - - [18/Aug/2013:14:01:30 -0400] "GET /378/images/9/slogan.jpg HTTP/1.1" 200 6370 "http://libertytransnational.com/capabilities.html" "Mozilla/4.0 (compatible; MSIE 7.0; Windows NT 5.2; Trident/4.0; .NET CLR 1.1.4322; .NET CLR 2.0.50727; .NET CLR 3.0.4506.2152; .NET CLR 3.5.30729)"
205.178.190.234 - - [18/Aug/2013:14:01:30 -0400] "GET /images/190_pic_compass02a.jpg HTTP/1.1" 200 4482 "http://libertytransnational.com/home.html" "Mozilla/4.0 (compatible; MSIE 7.0; Windows NT 5.2; Trident/4.0; .NET CLR 1.1.4322; .NET CLR 2.0.50727; .NET CLR 3.0.4506.2152; .NET CLR 3.5.30729)"
205.178.190.234 - - [18/Aug/2013:14:01:30 -0400] "GET /378/images/content_08.jpg HTTP/1.1" 200 1236 "http://libertytransnational.com/contactus.html" "Mozilla/4.0 (compatible; MSIE 7.0; Windows NT 5.2; Trident/4.0; .NET CLR 1.1.4322; .NET CLR 2.0.50727; .NET CLR 3.0.4506.2152; .NET CLR 3.5.30729)"
205.178.190.234 - - [18/Aug/2013:14:01:30 -0400] "GET /378/images/content_09.jpg HTTP/1.1" 200 1278 "http://libertytransnational.com/contactus.html" "Mozilla/4.0 (compatible; MSIE 7.0; Windows NT 5.2; Trident/4.0; .NET CLR 1.1.4322; .NET CLR 2.0.50727; .NET CLR 3.0.4506.2152; .NET CLR 3.5.30729)"
205.178.190.234 - - [18/Aug/2013:14:01:30 -0400] "GET /378/images/6/slogan.jpg HTTP/1.1" 200 5536 "http://libertytransnational.com/contactus.html" "Mozilla/4.0 (compatible; MSIE 7.0; Windows NT 5.2; Trident/4.0; .NET CLR 1.1.4322; .NET CLR 2.0.50727; .NET CLR 3.0.4506.2152; .NET CLR 3.5.30729)"
205.178.190.234 - - [18/Aug/2013:14:01:30 -0400] "GET /378/images/content_07.jpg HTTP/1.1" 200 553 "http://libertytransnational.com/home.html" "Mozilla/4.0 (compatible; MSIE 7.0; Windows NT 5.2; Trident/4.0; .NET CLR 1.1.4322; .NET CLR 2.0.50727; .NET CLR 3.0.4506.2152; .NET CLR 3.5.30729)"
205.178.190.234 - - [18/Aug/2013:14:01:30 -0400] "GET /378/images/content_09.jpg HTTP/1.1" 200 1278 "http://libertytransnational.com/home.html" "Mozilla/4.0 (compatible; MSIE 7.0; Windows NT 5.2; Trident/4.0; .NET CLR 1.1.4322; .NET CLR 2.0.50727; .NET CLR 3.0.4506.2152; .NET CLR 3.5.30729)"
205.178.190.234 - - [18/Aug/2013:14:01:30 -0400] "GET /378/images/content_11.jpg HTTP/1.1" 200 468 "http://libertytransnational.com/home.html" "Mozilla/4.0 (compatible; MSIE 7.0; Windows NT 5.2; Trident/4.0; .NET CLR 1.1.4322; .NET CLR 2.0.50727; .NET CLR 3.0.4506.2152; .NET CLR 3.5.30729)"
205.178.190.234 - - [18/Aug/2013:14:01:30 -0400] "GET /images/205_newest_pic_satellite.jpg HTTP/1.1" 200 2970 "http://libertytransnational.com/aboutus.html" "Mozilla/4.0 (compatible; MSIE 7.0; Windows NT 5.2; Trident/4.0; .NET CLR 1.1.4322; .NET CLR 2.0.50727; .NET CLR 3.0.4506.2152; .NET CLR 3.5.30729)"
205.178.190.234 - - [18/Aug/2013:14:01:30 -0400] "GET /images/1_clearpixel.gif HTTP/1.1" 200 43 "http://libertytransnational.com/aboutus.html" "Mozilla/4.0 (compatible; MSIE 7.0; Windows NT 5.2; Trident/4.0; .NET CLR 1.1.4322; .NET CLR 2.0.50727; .NET CLR 3.0.4506.2152; .NET CLR 3.5.30729)"
205.178.190.234 - - [18/Aug/2013:14:01:31 -0400] "GET /images/180_pic_statue01a.jpg HTTP/1.1" 200 4289 "http://libertytransnational.com/aboutus.html" "Mozilla/4.0 (compatible; MSIE 7.0; Windows NT 5.2; Trident/4.0; .NET CLR 1.1.4322; .NET CLR 2.0.50727; .NET CLR 3.0.4506.2152; .NET CLR 3.5.30729)"
205.178.190.234 - - [18/Aug/2013:14:01:31 -0400] "GET /378/images/content_08.jpg HTTP/1.1" 200 1236 "http://libertytransnational.com/aboutus.html" "Mozilla/4.0 (compatible; MSIE 7.0; Windows NT 5.2; Trident/4.0; .NET CLR 1.1.4322; .NET CLR 2.0.50727; .NET CLR 3.0.4506.2152; .NET CLR 3.5.30729)"
205.178.190.234 - - [18/Aug/2013:14:01:31 -0400] "GET /378/images/content_06.jpg HTTP/1.1" 200 1195 "http://libertytransnational.com/aboutus.html" "Mozilla/4.0 (compatible; MSIE 7.0; Windows NT 5.2; Trident/4.0; .NET CLR 1.1.4322; .NET CLR 2.0.50727; .NET CLR 3.0.4506.2152; .NET CLR 3.5.30729)"
205.178.190.234 - - [18/Aug/2013:14:01:31 -0400] "GET /378/images/3/slogan.jpg HTTP/1.1" 200 5393 "http://libertytransnational.com/aboutus.html" "Mozilla/4.0 (compatible; MSIE 7.0; Windows NT 5.2; Trident/4.0; .NET CLR 1.1.4322; .NET CLR 2.0.50727; .NET CLR 3.0.4506.2152; .NET CLR 3.5.30729)"
184.82.179.167 - - [18/Aug/2013:14:36:38 -0400] "GET /wp-login.php HTTP/1.0" 404 575 "-" "Opera/9.80 (Windows NT 6.1; U; ru) Presto/2.8.131 Version/11.10"
91.207.9.226 - - [18/Aug/2013:03:28:27 -0400] "GET / HTTP/1.1" 200 16327 "http://stroitalk.ru/" "Mozilla/3.0 (compatible; WebCapture 2.0; Auto; Windows)"
157.56.93.150 - - [18/Aug/2013:20:31:19 -0400] "GET /robots.txt HTTP/1.1" 200 25 "-" "Mozilla/5.0 (compatible; bingbot/2.0; +http://www.bing.com/bingbot.htm)"
50.9.205.96 - - [18/Aug/2013:16:57:42 -0400] "GET /378/images/content_03.jpg HTTP/1.1" 200 2072 "http://www.libertytransnational.com/pages/4/index.htm" "Mozilla/5.0 (Windows NT 6.1; WOW64) AppleWebKit/537.36 (KHTML, like Gecko) Chrome/28.0.1500.95 Safari/537.36"
50.9.205.96 - - [18/Aug/2013:16:57:42 -0400] "GET /378/images/05a.jpg HTTP/1.1" 200 4058 "http://www.libertytransnational.com/pages/4/index.htm" "Mozilla/5.0 (Windows NT 6.1; WOW64) AppleWebKit/537.36 (KHTML, like Gecko) Chrome/28.0.1500.95 Safari/537.36"
50.9.205.96 - - [18/Aug/2013:16:57:42 -0400] "GET /378/images/08a.jpg HTTP/1.1" 200 3325 "http://www.libertytransnational.com/pages/4/index.htm" "Mozilla/5.0 (Windows NT 6.1; WOW64) AppleWebKit/537.36 (KHTML, like Gecko) Chrome/28.0.1500.95 Safari/537.36"
50.9.205.96 - - [18/Aug/2013:16:57:43 -0400] "GET /378/images/05b.jpg HTTP/1.1" 200 4130 "http://www.libertytransnational.com/pages/4/index.htm" "Mozilla/5.0 (Windows NT 6.1; WOW64) AppleWebKit/537.36 (KHTML, like Gecko) Chrome/28.0.1500.95 Safari/537.36"
50.9.205.96 - - [18/Aug/2013:16:57:43 -0400] "GET /378/images/content_bg.jpg HTTP/1.1" 200 471 "http://www.libertytransnational.com/pages/4/index.htm" "Mozilla/5.0 (Windows NT 6.1; WOW64) AppleWebKit/537.36 (KHTML, like Gecko) Chrome/28.0.1500.95 Safari/537.36"
50.9.205.96 - - [18/Aug/2013:16:57:43 -0400] "GET /378/images/content_08.jpg HTTP/1.1" 200 1236 "http://www.libertytransnational.com/pages/4/index.htm" "Mozilla/5.0 (Windows NT 6.1; WOW64) AppleWebKit/537.36 (KHTML, like Gecko) Chrome/28.0.1500.95 Safari/537.36"
50.9.205.96 - - [18/Aug/2013:16:57:43 -0400] "GET /378/images/content_11.jpg HTTP/1.1" 200 468 "http://www.libertytransnational.com/pages/4/index.htm" "Mozilla/5.0 (Windows NT 6.1; WOW64) AppleWebKit/537.36 (KHTML, like Gecko) Chrome/28.0.1500.95 Safari/537.36"
93.159.230.90 - - [18/Aug/2013:22:33:41 -0400] "GET /378/scripts/master.css HTTP/1.1" 200 1951 "http://www.libertytransnational.com/" "Mozilla/4.0 (compatible; MSIE 7.0; Windows NT 6.0; Trident/4.0; SLCC1; .NET CLR 2.0.50727; Media Center PC 5.0; .NET CLR 3.5.30729; .NET CLR 3.0.30618; .NET CLR 1.1.4322)"
93.159.230.90 - - [18/Aug/2013:22:33:41 -0400] "GET /scripts/user.js HTTP/1.1" 200 23762 "http://www.libertytransnational.com/" "Mozilla/4.0 (compatible; MSIE 7.0; Windows NT 6.0; Trident/4.0; SLCC1; .NET CLR 2.0.50727; Media Center PC 5.0; .NET CLR 3.5.30729; .NET CLR 3.0.30618; .NET CLR 1.1.4322)"
195.242.218.133 - - [18/Aug/2013:18:53:23 -0400] "GET / HTTP/1.1" 200 16327 "http://valdaidom.ru/" "Mozilla/2.0 (compatible; MSIE 3.02; Windows CE; 240x320)"
199.21.99.96 - - [18/Aug/2013:20:56:24 -0400] "GET /378/images/content_03.jpg HTTP/1.1" 304 - "-" "Mozilla/5.0 (compatible; YandexImages/3.0; +http://yandex.com/bots)"
205.178.190.234 - - [18/Aug/2013:14:01:23 -0400] "GET /scripts/ic_globals_published.js HTTP/1.1" 200 566 "http://libertytransnational.com/capabilities.html" "Mozilla/4.0 (compatible; MSIE 7.0; Windows NT 5.2; Trident/4.0; .NET CLR 1.1.4322; .NET CLR 2.0.50727; .NET CLR 3.0.4506.2152; .NET CLR 3.5.30729)"
