0byt3m1n1
Path:
/
data
/
0
/
0
/
72
/
1
/
72816
/
meta
/
74078
/
logs
/
[
Home
]
File: x-access_log.2013-08-18
46.119.118.152 - - [18/Aug/2013:09:52:11 -0400] "GET / HTTP/1.1" 200 16327 "http://www.bravica.tv/ru/" "Opera/9.00 (Windows NT 4.0; U; en)"
199.21.99.96 - - [18/Aug/2013:17:59:02 -0400] "GET /378/images/02a.jpg HTTP/1.1" 304 - "-" "Mozilla/5.0 (compatible; YandexImages/3.0; +http://yandex.com/bots)"
92.249.127.111 - - [18/Aug/2013:19:23:57 -0400] "GET / HTTP/1.1" 200 16327 "http://www.bravica.co/ru/" "Mozilla/5.0 (compatible; news bot /2.1)"
93.159.230.90 - - [18/Aug/2013:22:33:41 -0400] "GET /378/scripts/icwebsiteelement.css HTTP/1.1" 200 8132 "http://www.libertytransnational.com/" "Mozilla/4.0 (compatible; MSIE 7.0; Windows NT 6.0; Trident/4.0; SLCC1; .NET CLR 2.0.50727; Media Center PC 5.0; .NET CLR 3.5.30729; .NET CLR 3.0.30618; .NET CLR 1.1.4322)"
178.137.128.12 - - [18/Aug/2013:04:26:49 -0400] "GET / HTTP/1.1" 200 16327 "http://vrnelectro.ru/" "Mozilla/4.0 (compatible; MSIE 6.0; Windows NT 5.1; .NET CLR 1.1.4322; Alexa Toolbar; (R1 1.5))"
205.178.190.234 - - [18/Aug/2013:13:46:42 -0400] "HEAD /contactus.html HTTP/1.1" 200 - "-" "Mozilla/5.0 (Windows; U; Windows NT 5.1; en-US; rv:1.8.1.12) Gecko/20080201 Firefox/2.0.0.12"
66.87.74.146 - - [18/Aug/2013:10:50:19 -0400] "GET /378/images/bg.jpg HTTP/1.1" 200 342 "http://www.libertytransnational.com/pages/4/index.htm" "Mozilla/5.0 (iPhone; CPU iPhone OS 6_1_3 like Mac OS X) AppleWebKit/536.26 (KHTML, like Gecko) Version/6.0 Mobile/10B329 Safari/8536.25"
66.87.74.146 - - [18/Aug/2013:10:50:19 -0400] "GET /378/images/05b.jpg HTTP/1.1" 200 4130 "http://www.libertytransnational.com/pages/4/index.htm" "Mozilla/5.0 (iPhone; CPU iPhone OS 6_1_3 like Mac OS X) AppleWebKit/536.26 (KHTML, like Gecko) Version/6.0 Mobile/10B329 Safari/8536.25"
66.87.74.146 - - [18/Aug/2013:10:50:19 -0400] "GET /378/images/06b.jpg HTTP/1.1" 200 3838 "http://www.libertytransnational.com/pages/4/index.htm" "Mozilla/5.0 (iPhone; CPU iPhone OS 6_1_3 like Mac OS X) AppleWebKit/536.26 (KHTML, like Gecko) Version/6.0 Mobile/10B329 Safari/8536.25"
66.87.74.146 - - [18/Aug/2013:10:50:19 -0400] "GET /378/images/07b.jpg HTTP/1.1" 200 3987 "http://www.libertytransnational.com/pages/4/index.htm" "Mozilla/5.0 (iPhone; CPU iPhone OS 6_1_3 like Mac OS X) AppleWebKit/536.26 (KHTML, like Gecko) Version/6.0 Mobile/10B329 Safari/8536.25"
66.87.74.146 - - [18/Aug/2013:10:50:19 -0400] "GET /378/images/content_06.jpg HTTP/1.1" 200 1195 "http://www.libertytransnational.com/pages/4/index.htm" "Mozilla/5.0 (iPhone; CPU iPhone OS 6_1_3 like Mac OS X) AppleWebKit/536.26 (KHTML, like Gecko) Version/6.0 Mobile/10B329 Safari/8536.25"
195.242.218.133 - - [18/Aug/2013:18:53:24 -0400] "GET / HTTP/1.1" 200 16327 "http://valdaidom.ru/" "Mozilla/2.0 (compatible; MSIE 3.02; Windows CE; 240x320)"
180.76.5.25 - - [18/Aug/2013:19:51:18 -0400] "GET / HTTP/1.1" 200 16327 "-" "Mozilla/5.0 (compatible; Baiduspider/2.0; +http://www.baidu.com/search/spider.html)"
198.50.183.233 - - [18/Aug/2013:15:54:45 -0400] "GET /pages/4/index.htm HTTP/1.1" 200 20031 "-" "Mozilla/5.0 (X11; Linux i686; rv:6.0) Gecko/20100101 Firefox/6.0"
50.9.205.96 - - [18/Aug/2013:17:00:18 -0400] "GET /favicon.ico HTTP/1.1" 404 575 "-" "Mozilla/5.0 (Windows NT 6.1; WOW64) AppleWebKit/537.36 (KHTML, like Gecko) Chrome/28.0.1500.95 Safari/537.36"
198.199.66.231 - - [18/Aug/2013:01:36:23 -0400] "GET /../scripts/ic_globals_published.js HTTP/1.1" 400 226 "-" "Mozilla/5.0 (Windows NT 6.1; WOW64; rv:21.0) Gecko/20100101 Firefox/21.0"
198.199.66.231 - - [18/Aug/2013:01:36:25 -0400] "GET /aboutus.html HTTP/1.1" 200 17977 "-" "Mozilla/5.0 (Windows NT 6.1; WOW64; rv:21.0) Gecko/20100101 Firefox/21.0"
66.87.74.146 - - [18/Aug/2013:11:12:41 -0400] "GET /378/images/12/slogan.jpg HTTP/1.1" 200 7191 "http://www.libertytransnational.com/pages/12/index.htm" "Mozilla/5.0 (iPhone; CPU iPhone OS 6_1_3 like Mac OS X) AppleWebKit/536.26 (KHTML, like Gecko) Version/6.0 Mobile/10B329 Safari/8536.25"
50.9.205.96 - - [18/Aug/2013:18:14:50 -0400] "GET /378/images/07a.jpg HTTP/1.1" 200 3898 "http://www.libertytransnational.com/pages/9/index.htm" "Mozilla/5.0 (Windows NT 6.1; WOW64) AppleWebKit/537.36 (KHTML, like Gecko) Chrome/28.0.1500.95 Safari/537.36"
50.9.205.96 - - [18/Aug/2013:18:14:50 -0400] "GET /images/208_pic_gears01a.jpg HTTP/1.1" 200 5202 "http://www.libertytransnational.com/pages/9/index.htm" "Mozilla/5.0 (Windows NT 6.1; WOW64) AppleWebKit/537.36 (KHTML, like Gecko) Chrome/28.0.1500.95 Safari/537.36"
50.9.205.96 - - [18/Aug/2013:18:14:50 -0400] "GET /378/images/9/slogan.jpg HTTP/1.1" 200 6370 "http://www.libertytransnational.com/pages/9/index.htm" "Mozilla/5.0 (Windows NT 6.1; WOW64) AppleWebKit/537.36 (KHTML, like Gecko) Chrome/28.0.1500.95 Safari/537.36"
205.178.190.236 - - [18/Aug/2013:13:26:54 -0400] "GET / HTTP/1.1" 200 16327 "-" "Mozilla/4.0 (compatible; MSIE 7.0; Windows NT 5.2; Trident/4.0; .NET CLR 1.1.4322; .NET CLR 2.0.50727; .NET CLR 3.0.4506.2152; .NET CLR 3.5.30729; .NET4.0C; .NET4.0E)"
205.178.190.236 - - [18/Aug/2013:13:26:54 -0400] "GET /378/scripts/icwebsiteelement.css HTTP/1.1" 200 8132 "http://libertytransnational.com/" "Mozilla/4.0 (compatible; MSIE 7.0; Windows NT 5.2; Trident/4.0; .NET CLR 1.1.4322; .NET CLR 2.0.50727; .NET CLR 3.0.4506.2152; .NET CLR 3.5.30729; .NET4.0C; .NET4.0E)"
205.178.190.236 - - [18/Aug/2013:13:26:55 -0400] "GET /378/scripts/master.css HTTP/1.1" 200 1951 "http://libertytransnational.com/" "Mozilla/4.0 (compatible; MSIE 7.0; Windows NT 5.2; Trident/4.0; .NET CLR 1.1.4322; .NET CLR 2.0.50727; .NET CLR 3.0.4506.2152; .NET CLR 3.5.30729; .NET4.0C; .NET4.0E)"
205.178.190.236 - - [18/Aug/2013:13:26:55 -0400] "GET /scripts/photoalbum.js HTTP/1.1" 200 62295 "http://libertytransnational.com/" "Mozilla/4.0 (compatible; MSIE 7.0; Windows NT 5.2; Trident/4.0; .NET CLR 1.1.4322; .NET CLR 2.0.50727; .NET CLR 3.0.4506.2152; .NET CLR 3.5.30729; .NET4.0C; .NET4.0E)"
205.178.190.236 - - [18/Aug/2013:13:26:55 -0400] "GET /378/images/02b.jpg HTTP/1.1" 200 3197 "http://libertytransnational.com/" "Mozilla/4.0 (compatible; MSIE 7.0; Windows NT 5.2; Trident/4.0; .NET CLR 1.1.4322; .NET CLR 2.0.50727; .NET CLR 3.0.4506.2152; .NET CLR 3.5.30729; .NET4.0C; .NET4.0E)"
205.178.190.236 - - [18/Aug/2013:13:26:55 -0400] "GET /378/images/03b.jpg HTTP/1.1" 200 3499 "http://libertytransnational.com/" "Mozilla/4.0 (compatible; MSIE 7.0; Windows NT 5.2; Trident/4.0; .NET CLR 1.1.4322; .NET CLR 2.0.50727; .NET CLR 3.0.4506.2152; .NET CLR 3.5.30729; .NET4.0C; .NET4.0E)"
205.178.190.236 - - [18/Aug/2013:13:26:55 -0400] "GET /378/images/06b.jpg HTTP/1.1" 200 3838 "http://libertytransnational.com/" "Mozilla/4.0 (compatible; MSIE 7.0; Windows NT 5.2; Trident/4.0; .NET CLR 1.1.4322; .NET CLR 2.0.50727; .NET CLR 3.0.4506.2152; .NET CLR 3.5.30729; .NET4.0C; .NET4.0E)"
205.178.190.236 - - [18/Aug/2013:13:26:55 -0400] "GET /378/images/08b.jpg HTTP/1.1" 200 3464 "http://libertytransnational.com/" "Mozilla/4.0 (compatible; MSIE 7.0; Windows NT 5.2; Trident/4.0; .NET CLR 1.1.4322; .NET CLR 2.0.50727; .NET CLR 3.0.4506.2152; .NET CLR 3.5.30729; .NET4.0C; .NET4.0E)"
205.178.190.236 - - [18/Aug/2013:13:26:55 -0400] "GET /378/images/10b.jpg HTTP/1.1" 200 834 "http://libertytransnational.com/" "Mozilla/4.0 (compatible; MSIE 7.0; Windows NT 5.2; Trident/4.0; .NET CLR 1.1.4322; .NET CLR 2.0.50727; .NET CLR 3.0.4506.2152; .NET CLR 3.5.30729; .NET4.0C; .NET4.0E)"
205.178.190.236 - - [18/Aug/2013:13:26:55 -0400] "GET /378/images/02a.jpg HTTP/1.1" 200 3042 "http://libertytransnational.com/" "Mozilla/4.0 (compatible; MSIE 7.0; Windows NT 5.2; Trident/4.0; .NET CLR 1.1.4322; .NET CLR 2.0.50727; .NET CLR 3.0.4506.2152; .NET CLR 3.5.30729; .NET4.0C; .NET4.0E)"
205.178.190.236 - - [18/Aug/2013:13:26:55 -0400] "GET /378/images/03a.jpg HTTP/1.1" 200 3361 "http://libertytransnational.com/" "Mozilla/4.0 (compatible; MSIE 7.0; Windows NT 5.2; Trident/4.0; .NET CLR 1.1.4322; .NET CLR 2.0.50727; .NET CLR 3.0.4506.2152; .NET CLR 3.5.30729; .NET4.0C; .NET4.0E)"
205.178.190.236 - - [18/Aug/2013:13:26:55 -0400] "GET /378/images/05a.jpg HTTP/1.1" 200 4058 "http://libertytransnational.com/" "Mozilla/4.0 (compatible; MSIE 7.0; Windows NT 5.2; Trident/4.0; .NET CLR 1.1.4322; .NET CLR 2.0.50727; .NET CLR 3.0.4506.2152; .NET CLR 3.5.30729; .NET4.0C; .NET4.0E)"
205.178.190.236 - - [18/Aug/2013:13:26:55 -0400] "GET /378/images/07a.jpg HTTP/1.1" 200 3898 "http://libertytransnational.com/" "Mozilla/4.0 (compatible; MSIE 7.0; Windows NT 5.2; Trident/4.0; .NET CLR 1.1.4322; .NET CLR 2.0.50727; .NET CLR 3.0.4506.2152; .NET CLR 3.5.30729; .NET4.0C; .NET4.0E)"
205.178.190.236 - - [18/Aug/2013:13:26:55 -0400] "GET /378/images/08a.jpg HTTP/1.1" 200 3325 "http://libertytransnational.com/" "Mozilla/4.0 (compatible; MSIE 7.0; Windows NT 5.2; Trident/4.0; .NET CLR 1.1.4322; .NET CLR 2.0.50727; .NET CLR 3.0.4506.2152; .NET CLR 3.5.30729; .NET4.0C; .NET4.0E)"
205.178.190.236 - - [18/Aug/2013:13:26:55 -0400] "GET /378/images/content_08.jpg HTTP/1.1" 200 1236 "http://libertytransnational.com/" "Mozilla/4.0 (compatible; MSIE 7.0; Windows NT 5.2; Trident/4.0; .NET CLR 1.1.4322; .NET CLR 2.0.50727; .NET CLR 3.0.4506.2152; .NET CLR 3.5.30729; .NET4.0C; .NET4.0E)"
205.178.190.236 - - [18/Aug/2013:13:26:56 -0400] "GET /378/images/1/slogan.jpg HTTP/1.1" 200 4605 "http://libertytransnational.com/" "Mozilla/4.0 (compatible; MSIE 7.0; Windows NT 5.2; Trident/4.0; .NET CLR 1.1.4322; .NET CLR 2.0.50727; .NET CLR 3.0.4506.2152; .NET CLR 3.5.30729; .NET4.0C; .NET4.0E)"
205.178.190.234 - - [18/Aug/2013:13:46:41 -0400] "HEAD /sectorsofinterest.html HTTP/1.1" 200 - "-" "Mozilla/5.0 (Windows; U; Windows NT 5.1; en-US; rv:1.8.1.12) Gecko/20080201 Firefox/2.0.0.12"
202.46.50.137 - - [18/Aug/2013:19:31:25 -0400] "GET /scripts/'+src+' HTTP/1.1" 404 575 "-" "Mozilla/5.0 (Windows; U; Windows NT 5.1; zh-CN; rv:1.9.1.2) Firefox/3.5.2"
199.21.99.96 - - [18/Aug/2013:23:17:29 -0400] "GET /378/images/07a.jpg HTTP/1.1" 304 - "-" "Mozilla/5.0 (compatible; YandexImages/3.0; +http://yandex.com/bots)"
178.137.128.12 - - [18/Aug/2013:07:23:18 -0400] "GET / HTTP/1.1" 200 16327 "http://www.medius-spb.ru/" "Mozilla/4.0 (compatible; MSIE 6.0; Windows NT 5.1; en) Opera 8.00"
66.87.74.146 - - [18/Aug/2013:10:50:18 -0400] "GET /378/images/01b.jpg HTTP/1.1" 200 2756 "http://www.libertytransnational.com/pages/4/index.htm" "Mozilla/5.0 (iPhone; CPU iPhone OS 6_1_3 like Mac OS X) AppleWebKit/536.26 (KHTML, like Gecko) Version/6.0 Mobile/10B329 Safari/8536.25"
66.87.74.146 - - [18/Aug/2013:10:50:19 -0400] "GET /378/images/08b.jpg HTTP/1.1" 200 3464 "http://www.libertytransnational.com/pages/4/index.htm" "Mozilla/5.0 (iPhone; CPU iPhone OS 6_1_3 like Mac OS X) AppleWebKit/536.26 (KHTML, like Gecko) Version/6.0 Mobile/10B329 Safari/8536.25"
66.87.74.146 - - [18/Aug/2013:10:50:19 -0400] "GET /378/images/09b.jpg HTTP/1.1" 200 834 "http://www.libertytransnational.com/pages/4/index.htm" "Mozilla/5.0 (iPhone; CPU iPhone OS 6_1_3 like Mac OS X) AppleWebKit/536.26 (KHTML, like Gecko) Version/6.0 Mobile/10B329 Safari/8536.25"
66.87.74.146 - - [18/Aug/2013:10:50:19 -0400] "GET /378/images/04a.jpg HTTP/1.1" 200 4187 "http://www.libertytransnational.com/pages/4/index.htm" "Mozilla/5.0 (iPhone; CPU iPhone OS 6_1_3 like Mac OS X) AppleWebKit/536.26 (KHTML, like Gecko) Version/6.0 Mobile/10B329 Safari/8536.25"
66.87.74.146 - - [18/Aug/2013:10:50:19 -0400] "GET /378/images/05a.jpg HTTP/1.1" 200 4058 "http://www.libertytransnational.com/pages/4/index.htm" "Mozilla/5.0 (iPhone; CPU iPhone OS 6_1_3 like Mac OS X) AppleWebKit/536.26 (KHTML, like Gecko) Version/6.0 Mobile/10B329 Safari/8536.25"
66.87.74.146 - - [18/Aug/2013:10:50:19 -0400] "GET /378/images/content_08.jpg HTTP/1.1" 200 1236 "http://www.libertytransnational.com/pages/4/index.htm" "Mozilla/5.0 (iPhone; CPU iPhone OS 6_1_3 like Mac OS X) AppleWebKit/536.26 (KHTML, like Gecko) Version/6.0 Mobile/10B329 Safari/8536.25"
198.199.66.231 - - [18/Aug/2013:01:36:25 -0400] "GET /contactus.html HTTP/1.1" 200 22721 "-" "Mozilla/5.0 (Windows NT 6.1; WOW64; rv:21.0) Gecko/20100101 Firefox/21.0"
91.207.9.226 - - [18/Aug/2013:03:28:25 -0400] "GET / HTTP/1.1" 200 16327 "http://stroitalk.ru/" "Mozilla/3.0 (compatible; WebCapture 2.0; Auto; Windows)"
157.56.93.150 - - [18/Aug/2013:20:32:15 -0400] "GET / HTTP/1.1" 200 16327 "-" "Mozilla/5.0 (compatible; bingbot/2.0; +http://www.bing.com/bingbot.htm)"
193.106.136.50 - - [18/Aug/2013:23:34:31 -0400] "GET / HTTP/1.1" 200 16327 "http://dagitalgaz.ru/" "Mozilla/4.0 (compatible; MSIE 6.0; AOL 9.0; Windows NT 5.1)"
50.9.205.96 - - [18/Aug/2013:16:57:42 -0400] "GET /pages/4/index.htm HTTP/1.1" 200 20031 "https://www.google.com/" "Mozilla/5.0 (Windows NT 6.1; WOW64) AppleWebKit/537.36 (KHTML, like Gecko) Chrome/28.0.1500.95 Safari/537.36"
50.9.205.96 - - [18/Aug/2013:16:57:42 -0400] "GET /378/images/01a.jpg HTTP/1.1" 200 2591 "http://www.libertytransnational.com/pages/4/index.htm" "Mozilla/5.0 (Windows NT 6.1; WOW64) AppleWebKit/537.36 (KHTML, like Gecko) Chrome/28.0.1500.95 Safari/537.36"
50.9.205.96 - - [18/Aug/2013:16:57:42 -0400] "GET /378/images/03a.jpg HTTP/1.1" 200 3361 "http://www.libertytransnational.com/pages/4/index.htm" "Mozilla/5.0 (Windows NT 6.1; WOW64) AppleWebKit/537.36 (KHTML, like Gecko) Chrome/28.0.1500.95 Safari/537.36"
50.9.205.96 - - [18/Aug/2013:16:57:42 -0400] "GET /378/images/07b.jpg HTTP/1.1" 200 3987 "http://www.libertytransnational.com/pages/4/index.htm" "Mozilla/5.0 (Windows NT 6.1; WOW64) AppleWebKit/537.36 (KHTML, like Gecko) Chrome/28.0.1500.95 Safari/537.36"
50.9.205.96 - - [18/Aug/2013:16:57:43 -0400] "GET /378/images/03b.jpg HTTP/1.1" 200 3499 "http://www.libertytransnational.com/pages/4/index.htm" "Mozilla/5.0 (Windows NT 6.1; WOW64) AppleWebKit/537.36 (KHTML, like Gecko) Chrome/28.0.1500.95 Safari/537.36"
50.9.205.96 - - [18/Aug/2013:16:57:43 -0400] "GET /378/images/09b.jpg HTTP/1.1" 200 834 "http://www.libertytransnational.com/pages/4/index.htm" "Mozilla/5.0 (Windows NT 6.1; WOW64) AppleWebKit/537.36 (KHTML, like Gecko) Chrome/28.0.1500.95 Safari/537.36"
50.9.205.96 - - [18/Aug/2013:16:57:43 -0400] "GET /images/175_newest_pic_chuck02.jpg HTTP/1.1" 200 3690 "http://www.libertytransnational.com/pages/4/index.htm" "Mozilla/5.0 (Windows NT 6.1; WOW64) AppleWebKit/537.36 (KHTML, like Gecko) Chrome/28.0.1500.95 Safari/537.36"
198.199.66.231 - - [18/Aug/2013:01:36:25 -0400] "GET /capabilities.html HTTP/1.1" 200 31267 "-" "Mozilla/5.0 (Windows NT 6.1; WOW64; rv:21.0) Gecko/20100101 Firefox/21.0"
50.9.205.96 - - [18/Aug/2013:18:14:50 -0400] "GET /images/1_clearpixel.gif HTTP/1.1" 200 43 "http://www.libertytransnational.com/pages/9/index.htm" "Mozilla/5.0 (Windows NT 6.1; WOW64) AppleWebKit/537.36 (KHTML, like Gecko) Chrome/28.0.1500.95 Safari/537.36"
66.87.74.146 - - [18/Aug/2013:10:50:18 -0400] "GET /scripts/user.js HTTP/1.1" 200 23762 "http://www.libertytransnational.com/pages/4/index.htm" "Mozilla/5.0 (iPhone; CPU iPhone OS 6_1_3 like Mac OS X) AppleWebKit/536.26 (KHTML, like Gecko) Version/6.0 Mobile/10B329 Safari/8536.25"
66.87.74.146 - - [18/Aug/2013:10:50:39 -0400] "GET /378/images/07a.jpg HTTP/1.1" 200 3898 "http://www.libertytransnational.com/pages/7/index.htm" "Mozilla/5.0 (iPhone; CPU iPhone OS 6_1_3 like Mac OS X) AppleWebKit/536.26 (KHTML, like Gecko) Version/6.0 Mobile/10B329 Safari/8536.25"
91.207.9.226 - - [18/Aug/2013:03:28:26 -0400] "GET / HTTP/1.1" 200 16327 "http://stroitalk.ru/" "Mozilla/3.0 (compatible; WebCapture 2.0; Auto; Windows)"
198.199.66.231 - - [18/Aug/2013:01:36:25 -0400] "GET /executivesbios.html HTTP/1.1" 200 19773 "-" "Mozilla/5.0 (Windows NT 6.1; WOW64; rv:21.0) Gecko/20100101 Firefox/21.0"
220.181.89.178 - - [18/Aug/2013:17:34:37 -0400] "GET /contactus.html HTTP/1.1" 200 22721 "-" "Sogou web spider/4.0(+http://www.sogou.com/docs/help/webmasters.htm#07)"
96.227.124.37 - - [18/Aug/2013:11:22:21 -0400] "GET / HTTP/1.1" 200 16327 "-" "Mozilla/4.0 (compatible; MSIE 6.0; Windows NT 5.1; SV1; .NET CLR 1.1.4322)"
199.21.99.96 - - [18/Aug/2013:11:41:57 -0400] "GET /378/images/02a.jpg HTTP/1.1" 304 - "-" "Mozilla/5.0 (compatible; YandexImages/3.0; +http://yandex.com/bots)"
199.21.99.96 - - [18/Aug/2013:14:09:29 -0400] "GET /robots.txt HTTP/1.1" 200 25 "-" "Mozilla/5.0 (compatible; YandexBot/3.0; +http://yandex.com/bots)"
199.21.99.96 - - [18/Aug/2013:14:09:31 -0400] "GET /378/images/08a.jpg HTTP/1.1" 304 - "-" "Mozilla/5.0 (compatible; YandexImages/3.0; +http://yandex.com/bots)"
78.158.11.226 - - [18/Aug/2013:01:13:26 -0400] "GET / HTTP/1.1" 200 16327 "http://evuln.com/tools/malware-scanner/www.freedomdevgrp.com/" "Lynx/2.8.5rel.1 libwww-FM/2.15FC SSL-MM/1.4.1c OpenSSL/0.9.7e-dev"
206.183.1.74 - - [18/Aug/2013:04:29:46 -0400] "GET / HTTP/1.1" 200 16327 "-" "Mozilla/4.0 (compatible; http://search.thunderstone.com/texis/websearch/about.html)"
206.183.1.74 - - [18/Aug/2013:04:29:46 -0400] "GET /scripts/ic_globals_published.js HTTP/1.1" 200 566 "-" "Mozilla/4.0 (compatible; http://search.thunderstone.com/texis/websearch/about.html)"
206.183.1.74 - - [18/Aug/2013:04:29:46 -0400] "GET /scripts/user.js HTTP/1.1" 200 23762 "-" "Mozilla/4.0 (compatible; http://search.thunderstone.com/texis/websearch/about.html)"
206.183.1.74 - - [18/Aug/2013:04:29:46 -0400] "GET /scripts/photoalbum.js HTTP/1.1" 200 62295 "-" "Mozilla/4.0 (compatible; http://search.thunderstone.com/texis/websearch/about.html)"
199.21.99.96 - - [18/Aug/2013:00:16:18 -0400] "GET /robots.txt HTTP/1.1" 200 25 "-" "Mozilla/5.0 (compatible; YandexBot/3.0; +http://yandex.com/bots)"
199.21.99.96 - - [18/Aug/2013:00:16:20 -0400] "GET /378/images/08a.jpg HTTP/1.1" 304 - "-" "Mozilla/5.0 (compatible; YandexImages/3.0; +http://yandex.com/bots)"
66.87.74.146 - - [18/Aug/2013:10:50:18 -0400] "GET /pages/4/index.htm HTTP/1.1" 200 20031 "https://www.google.com/" "Mozilla/5.0 (iPhone; CPU iPhone OS 6_1_3 like Mac OS X) AppleWebKit/536.26 (KHTML, like Gecko) Version/6.0 Mobile/10B329 Safari/8536.25"
193.106.136.50 - - [18/Aug/2013:23:34:32 -0400] "GET / HTTP/1.1" 200 16327 "http://dagitalgaz.ru/" "Mozilla/4.0 (compatible; MSIE 6.0; AOL 9.0; Windows NT 5.1)"
208.115.111.71 - - [18/Aug/2013:16:07:07 -0400] "GET /robots.txt HTTP/1.1" 200 25 "-" "Mozilla/5.0 (compatible; Ezooms/1.0; ezooms.bot@gmail.com)"
66.87.74.146 - - [18/Aug/2013:10:50:39 -0400] "GET /pages/7/index.htm HTTP/1.1" 200 24287 "http://www.libertytransnational.com/pages/4/index.htm" "Mozilla/5.0 (iPhone; CPU iPhone OS 6_1_3 like Mac OS X) AppleWebKit/536.26 (KHTML, like Gecko) Version/6.0 Mobile/10B329 Safari/8536.25"
66.87.74.146 - - [18/Aug/2013:10:53:44 -0400] "GET /pages/8/index.htm HTTP/1.1" 200 25800 "http://www.libertytransnational.com/pages/4/index.htm" "Mozilla/5.0 (iPhone; CPU iPhone OS 6_1_3 like Mac OS X) AppleWebKit/536.26 (KHTML, like Gecko) Version/6.0 Mobile/10B329 Safari/8536.25"
66.87.74.146 - - [18/Aug/2013:10:53:45 -0400] "GET /378/images/8/slogan.jpg HTTP/1.1" 200 7733 "http://www.libertytransnational.com/pages/8/index.htm" "Mozilla/5.0 (iPhone; CPU iPhone OS 6_1_3 like Mac OS X) AppleWebKit/536.26 (KHTML, like Gecko) Version/6.0 Mobile/10B329 Safari/8536.25"
220.181.89.178 - - [18/Aug/2013:17:34:35 -0400] "GET /robots.txt HTTP/1.1" 200 25 "-" "Sogou web spider/4.0"
50.9.205.96 - - [18/Aug/2013:18:14:50 -0400] "GET /images/199_pic_globe01a.jpg HTTP/1.1" 200 4286 "http://www.libertytransnational.com/pages/9/index.htm" "Mozilla/5.0 (Windows NT 6.1; WOW64) AppleWebKit/537.36 (KHTML, like Gecko) Chrome/28.0.1500.95 Safari/537.36"
50.9.205.96 - - [18/Aug/2013:18:14:50 -0400] "GET /favicon.ico HTTP/1.1" 404 575 "-" "Mozilla/5.0 (Windows NT 6.1; WOW64) AppleWebKit/537.36 (KHTML, like Gecko) Chrome/28.0.1500.95 Safari/537.36"
205.178.190.234 - - [18/Aug/2013:13:46:42 -0400] "HEAD /home.html HTTP/1.1" 200 - "-" "Mozilla/4.0 (compatible; MSIE 7.0; Windows NT 5.1; .NET CLR 1.1.4322; .NET CLR 2.0.50727)"
92.249.127.111 - - [18/Aug/2013:19:23:56 -0400] "GET / HTTP/1.1" 200 16327 "http://www.bravica.co/ru/" "Mozilla/5.0 (compatible; news bot /2.1)"
206.183.1.74 - - [18/Aug/2013:04:29:47 -0400] "GET /robots.txt HTTP/1.1" 200 25 "-" "Mozilla/4.0 (compatible; http://search.thunderstone.com/texis/websearch/about.html)"
206.183.1.74 - - [18/Aug/2013:04:29:47 -0400] "GET / HTTP/1.1" 200 16327 "-" "Mozilla/4.0 (compatible; http://search.thunderstone.com/texis/websearch/about.html)"
206.183.1.74 - - [18/Aug/2013:04:29:47 -0400] "GET /scripts/ic_globals_published.js HTTP/1.1" 200 566 "-" "Mozilla/4.0 (compatible; http://search.thunderstone.com/texis/websearch/about.html)"
206.183.1.74 - - [18/Aug/2013:04:29:47 -0400] "GET /scripts/user.js HTTP/1.1" 200 23762 "-" "Mozilla/4.0 (compatible; http://search.thunderstone.com/texis/websearch/about.html)"
206.183.1.74 - - [18/Aug/2013:04:29:48 -0400] "GET /scripts/photoalbum.js HTTP/1.1" 200 62295 "-" "Mozilla/4.0 (compatible; http://search.thunderstone.com/texis/websearch/about.html)"
206.183.1.74 - - [18/Aug/2013:04:29:48 -0400] "GET /aboutus.html HTTP/1.1" 200 17977 "-" "Mozilla/4.0 (compatible; http://search.thunderstone.com/texis/websearch/about.html)"
206.183.1.74 - - [18/Aug/2013:04:29:48 -0400] "GET /capabilities.html HTTP/1.1" 200 31267 "-" "Mozilla/4.0 (compatible; http://search.thunderstone.com/texis/websearch/about.html)"
206.183.1.74 - - [18/Aug/2013:04:29:48 -0400] "GET /compensation.html HTTP/1.1" 200 12313 "-" "Mozilla/4.0 (compatible; http://search.thunderstone.com/texis/websearch/about.html)"
206.183.1.74 - - [18/Aug/2013:04:29:48 -0400] "GET /contactus.html HTTP/1.1" 200 22721 "-" "Mozilla/4.0 (compatible; http://search.thunderstone.com/texis/websearch/about.html)"
93.159.230.90 - - [18/Aug/2013:22:33:41 -0400] "GET /scripts/ic_globals_published.js HTTP/1.1" 200 566 "http://www.libertytransnational.com/" "Mozilla/4.0 (compatible; MSIE 7.0; Windows NT 6.0; Trident/4.0; SLCC1; .NET CLR 2.0.50727; Media Center PC 5.0; .NET CLR 3.5.30729; .NET CLR 3.0.30618; .NET CLR 1.1.4322)"
193.106.136.50 - - [18/Aug/2013:23:34:33 -0400] "GET / HTTP/1.1" 200 16327 "http://dagitalgaz.ru/" "Mozilla/4.0 (compatible; MSIE 6.0; AOL 9.0; Windows NT 5.1)"
78.158.11.226 - - [18/Aug/2013:01:13:28 -0400] "GET /contactus.html HTTP/1.1" 200 22721 "-" "Lynx/2.8.5rel.1 libwww-FM/2.15FC SSL-MM/1.4.1c OpenSSL/0.9.7e-dev"
46.119.118.152 - - [18/Aug/2013:09:52:12 -0400] "GET / HTTP/1.1" 200 16327 "http://zena-na-chas-moscow.ru/" "Opera/9.00 (Windows NT 4.0; U; en)"
199.21.99.96 - - [18/Aug/2013:07:44:39 -0400] "GET /378/images/05a.jpg HTTP/1.1" 304 - "-" "Mozilla/5.0 (compatible; YandexImages/3.0; +http://yandex.com/bots)"
199.21.99.96 - - [18/Aug/2013:04:45:54 -0400] "GET /378/images/07a.jpg HTTP/1.1" 304 - "-" "Mozilla/5.0 (compatible; YandexImages/3.0; +http://yandex.com/bots)"
198.199.66.231 - - [18/Aug/2013:01:36:09 -0400] "GET / HTTP/1.1" 200 16327 "-" "Mozilla/5.0 (Windows NT 6.1; WOW64; rv:21.0) Gecko/20100101 Firefox/21.0"
198.199.66.231 - - [18/Aug/2013:01:36:25 -0400] "GET /howyoubenefit.html HTTP/1.1" 200 24162 "-" "Mozilla/5.0 (Windows NT 6.1; WOW64; rv:21.0) Gecko/20100101 Firefox/21.0"
123.125.71.51 - - [18/Aug/2013:07:33:55 -0400] "GET /378/images/content_08.jpg HTTP/1.1" 200 1236 "-" "Baiduspider-image+(+http://www.baidu.com/search/spider.htm)"
46.119.118.152 - - [18/Aug/2013:09:52:12 -0400] "GET / HTTP/1.1" 200 16327 "http://www.bravica.tv/ru/" "Opera/9.00 (Windows NT 4.0; U; en)"
199.21.99.96 - - [18/Aug/2013:16:32:07 -0400] "GET /378/images/05a.jpg HTTP/1.1" 304 - "-" "Mozilla/5.0 (compatible; YandexImages/3.0; +http://yandex.com/bots)"
205.178.190.236 - - [18/Aug/2013:13:26:54 -0400] "GET /scripts/ic_globals_published.js HTTP/1.1" 200 566 "http://libertytransnational.com/" "Mozilla/4.0 (compatible; MSIE 7.0; Windows NT 5.2; Trident/4.0; .NET CLR 1.1.4322; .NET CLR 2.0.50727; .NET CLR 3.0.4506.2152; .NET CLR 3.5.30729; .NET4.0C; .NET4.0E)"
205.178.190.236 - - [18/Aug/2013:13:26:55 -0400] "GET /scripts/user.js HTTP/1.1" 200 23762 "http://libertytransnational.com/" "Mozilla/4.0 (compatible; MSIE 7.0; Windows NT 5.2; Trident/4.0; .NET CLR 1.1.4322; .NET CLR 2.0.50727; .NET CLR 3.0.4506.2152; .NET CLR 3.5.30729; .NET4.0C; .NET4.0E)"
205.178.190.236 - - [18/Aug/2013:13:26:55 -0400] "GET /378/images/bg.jpg HTTP/1.1" 200 342 "http://libertytransnational.com/" "Mozilla/4.0 (compatible; MSIE 7.0; Windows NT 5.2; Trident/4.0; .NET CLR 1.1.4322; .NET CLR 2.0.50727; .NET CLR 3.0.4506.2152; .NET CLR 3.5.30729; .NET4.0C; .NET4.0E)"
205.178.190.236 - - [18/Aug/2013:13:26:55 -0400] "GET /378/images/01b.jpg HTTP/1.1" 200 2756 "http://libertytransnational.com/" "Mozilla/4.0 (compatible; MSIE 7.0; Windows NT 5.2; Trident/4.0; .NET CLR 1.1.4322; .NET CLR 2.0.50727; .NET CLR 3.0.4506.2152; .NET CLR 3.5.30729; .NET4.0C; .NET4.0E)"
205.178.190.236 - - [18/Aug/2013:13:26:55 -0400] "GET /378/images/04b.jpg HTTP/1.1" 200 4260 "http://libertytransnational.com/" "Mozilla/4.0 (compatible; MSIE 7.0; Windows NT 5.2; Trident/4.0; .NET CLR 1.1.4322; .NET CLR 2.0.50727; .NET CLR 3.0.4506.2152; .NET CLR 3.5.30729; .NET4.0C; .NET4.0E)"
205.178.190.236 - - [18/Aug/2013:13:26:55 -0400] "GET /378/images/05b.jpg HTTP/1.1" 200 4130 "http://libertytransnational.com/" "Mozilla/4.0 (compatible; MSIE 7.0; Windows NT 5.2; Trident/4.0; .NET CLR 1.1.4322; .NET CLR 2.0.50727; .NET CLR 3.0.4506.2152; .NET CLR 3.5.30729; .NET4.0C; .NET4.0E)"
205.178.190.236 - - [18/Aug/2013:13:26:55 -0400] "GET /378/images/company.jpg HTTP/1.1" 200 10264 "http://libertytransnational.com/" "Mozilla/4.0 (compatible; MSIE 7.0; Windows NT 5.2; Trident/4.0; .NET CLR 1.1.4322; .NET CLR 2.0.50727; .NET CLR 3.0.4506.2152; .NET CLR 3.5.30729; .NET4.0C; .NET4.0E)"
205.178.190.236 - - [18/Aug/2013:13:26:55 -0400] "GET /378/images/motif01.jpg HTTP/1.1" 200 14966 "http://libertytransnational.com/" "Mozilla/4.0 (compatible; MSIE 7.0; Windows NT 5.2; Trident/4.0; .NET CLR 1.1.4322; .NET CLR 2.0.50727; .NET CLR 3.0.4506.2152; .NET CLR 3.5.30729; .NET4.0C; .NET4.0E)"
205.178.190.236 - - [18/Aug/2013:13:26:55 -0400] "GET /378/images/01a.jpg HTTP/1.1" 200 2591 "http://libertytransnational.com/" "Mozilla/4.0 (compatible; MSIE 7.0; Windows NT 5.2; Trident/4.0; .NET CLR 1.1.4322; .NET CLR 2.0.50727; .NET CLR 3.0.4506.2152; .NET CLR 3.5.30729; .NET4.0C; .NET4.0E)"
205.178.190.236 - - [18/Aug/2013:13:26:55 -0400] "GET /378/images/04a.jpg HTTP/1.1" 200 4187 "http://libertytransnational.com/" "Mozilla/4.0 (compatible; MSIE 7.0; Windows NT 5.2; Trident/4.0; .NET CLR 1.1.4322; .NET CLR 2.0.50727; .NET CLR 3.0.4506.2152; .NET CLR 3.5.30729; .NET4.0C; .NET4.0E)"
205.178.190.236 - - [18/Aug/2013:13:26:55 -0400] "GET /378/images/06a.jpg HTTP/1.1" 200 3709 "http://libertytransnational.com/" "Mozilla/4.0 (compatible; MSIE 7.0; Windows NT 5.2; Trident/4.0; .NET CLR 1.1.4322; .NET CLR 2.0.50727; .NET CLR 3.0.4506.2152; .NET CLR 3.5.30729; .NET4.0C; .NET4.0E)"
205.178.190.236 - - [18/Aug/2013:13:26:55 -0400] "GET /378/images/spacer.gif HTTP/1.1" 200 43 "http://libertytransnational.com/" "Mozilla/4.0 (compatible; MSIE 7.0; Windows NT 5.2; Trident/4.0; .NET CLR 1.1.4322; .NET CLR 2.0.50727; .NET CLR 3.0.4506.2152; .NET CLR 3.5.30729; .NET4.0C; .NET4.0E)"
205.178.190.236 - - [18/Aug/2013:13:26:55 -0400] "GET /378/images/07b.jpg HTTP/1.1" 200 3987 "http://libertytransnational.com/" "Mozilla/4.0 (compatible; MSIE 7.0; Windows NT 5.2; Trident/4.0; .NET CLR 1.1.4322; .NET CLR 2.0.50727; .NET CLR 3.0.4506.2152; .NET CLR 3.5.30729; .NET4.0C; .NET4.0E)"
205.178.190.236 - - [18/Aug/2013:13:26:55 -0400] "GET /378/images/09b.jpg HTTP/1.1" 200 834 "http://libertytransnational.com/" "Mozilla/4.0 (compatible; MSIE 7.0; Windows NT 5.2; Trident/4.0; .NET CLR 1.1.4322; .NET CLR 2.0.50727; .NET CLR 3.0.4506.2152; .NET CLR 3.5.30729; .NET4.0C; .NET4.0E)"
205.178.190.236 - - [18/Aug/2013:13:26:55 -0400] "GET /378/images/content_03.jpg HTTP/1.1" 200 2072 "http://libertytransnational.com/" "Mozilla/4.0 (compatible; MSIE 7.0; Windows NT 5.2; Trident/4.0; .NET CLR 1.1.4322; .NET CLR 2.0.50727; .NET CLR 3.0.4506.2152; .NET CLR 3.5.30729; .NET4.0C; .NET4.0E)"
205.178.190.236 - - [18/Aug/2013:13:26:55 -0400] "GET /378/images/content_04.jpg HTTP/1.1" 200 4415 "http://libertytransnational.com/" "Mozilla/4.0 (compatible; MSIE 7.0; Windows NT 5.2; Trident/4.0; .NET CLR 1.1.4322; .NET CLR 2.0.50727; .NET CLR 3.0.4506.2152; .NET CLR 3.5.30729; .NET4.0C; .NET4.0E)"
205.178.190.236 - - [18/Aug/2013:13:26:55 -0400] "GET /378/images/content_bg.jpg HTTP/1.1" 200 471 "http://libertytransnational.com/" "Mozilla/4.0 (compatible; MSIE 7.0; Windows NT 5.2; Trident/4.0; .NET CLR 1.1.4322; .NET CLR 2.0.50727; .NET CLR 3.0.4506.2152; .NET CLR 3.5.30729; .NET4.0C; .NET4.0E)"
205.178.190.236 - - [18/Aug/2013:13:26:55 -0400] "GET /images/190_pic_report01a.jpg HTTP/1.1" 200 4628 "http://libertytransnational.com/" "Mozilla/4.0 (compatible; MSIE 7.0; Windows NT 5.2; Trident/4.0; .NET CLR 1.1.4322; .NET CLR 2.0.50727; .NET CLR 3.0.4506.2152; .NET CLR 3.5.30729; .NET4.0C; .NET4.0E)"
205.178.190.236 - - [18/Aug/2013:13:26:55 -0400] "GET /images/190_pic_compass02a.jpg HTTP/1.1" 200 4482 "http://libertytransnational.com/" "Mozilla/4.0 (compatible; MSIE 7.0; Windows NT 5.2; Trident/4.0; .NET CLR 1.1.4322; .NET CLR 2.0.50727; .NET CLR 3.0.4506.2152; .NET CLR 3.5.30729; .NET4.0C; .NET4.0E)"
205.178.190.236 - - [18/Aug/2013:13:26:55 -0400] "GET /378/images/content_06.jpg HTTP/1.1" 200 1195 "http://libertytransnational.com/" "Mozilla/4.0 (compatible; MSIE 7.0; Windows NT 5.2; Trident/4.0; .NET CLR 1.1.4322; .NET CLR 2.0.50727; .NET CLR 3.0.4506.2152; .NET CLR 3.5.30729; .NET4.0C; .NET4.0E)"
205.178.190.236 - - [18/Aug/2013:13:26:55 -0400] "GET /378/images/content_07.jpg HTTP/1.1" 200 553 "http://libertytransnational.com/" "Mozilla/4.0 (compatible; MSIE 7.0; Windows NT 5.2; Trident/4.0; .NET CLR 1.1.4322; .NET CLR 2.0.50727; .NET CLR 3.0.4506.2152; .NET CLR 3.5.30729; .NET4.0C; .NET4.0E)"
205.178.190.236 - - [18/Aug/2013:13:26:56 -0400] "GET /378/images/content_09.jpg HTTP/1.1" 200 1278 "http://libertytransnational.com/" "Mozilla/4.0 (compatible; MSIE 7.0; Windows NT 5.2; Trident/4.0; .NET CLR 1.1.4322; .NET CLR 2.0.50727; .NET CLR 3.0.4506.2152; .NET CLR 3.5.30729; .NET4.0C; .NET4.0E)"
205.178.190.236 - - [18/Aug/2013:13:26:56 -0400] "GET /378/images/content_11.jpg HTTP/1.1" 200 468 "http://libertytransnational.com/" "Mozilla/4.0 (compatible; MSIE 7.0; Windows NT 5.2; Trident/4.0; .NET CLR 1.1.4322; .NET CLR 2.0.50727; .NET CLR 3.0.4506.2152; .NET CLR 3.5.30729; .NET4.0C; .NET4.0E)"
198.199.66.231 - - [18/Aug/2013:01:36:25 -0400] "GET /home.html HTTP/1.1" 200 16327 "-" "Mozilla/5.0 (Windows NT 6.1; WOW64; rv:21.0) Gecko/20100101 Firefox/21.0"
92.249.127.111 - - [18/Aug/2013:19:23:57 -0400] "GET / HTTP/1.1" 200 16327 "http://www.bravica.co/ru/" "Mozilla/5.0 (compatible; news bot /2.1)"
199.21.99.96 - - [18/Aug/2013:21:52:25 -0400] "GET /378/images/05a.jpg HTTP/1.1" 304 - "-" "Mozilla/5.0 (compatible; YandexImages/3.0; +http://yandex.com/bots)"
46.119.118.152 - - [18/Aug/2013:09:52:12 -0400] "GET / HTTP/1.1" 200 16327 "http://www.bravica.tv/ru/" "Opera/9.00 (Windows NT 4.0; U; en)"
178.137.128.12 - - [18/Aug/2013:07:23:19 -0400] "GET / HTTP/1.1" 200 16327 "http://www.medius-spb.ru/" "Mozilla/4.0 (compatible; MSIE 6.0; Windows NT 5.1; en) Opera 8.00"
66.249.75.114 - - [18/Aug/2013:10:46:49 -0400] "GET /jeffreycsanders.html HTTP/1.1" 200 23020 "-" "Mozilla/5.0 (compatible; Googlebot/2.1; +http://www.google.com/bot.html)"
184.22.23.132 - - [18/Aug/2013:15:54:38 -0400] "GET /executivesbios.html HTTP/1.1" 200 19773 "-" "Mozilla/5.0 (X11; Linux i686; rv:6.0) Gecko/20100101 Firefox/6.0"
205.178.190.236 - - [18/Aug/2013:13:18:25 -0400] "HEAD / HTTP/1.1" 200 - "-" "Mozilla/5.0 (Windows; U; Windows NT 5.1; en-US; rv:1.8.1.12) Gecko/20080201 Firefox/2.0.0.12"
66.87.74.146 - - [18/Aug/2013:11:12:40 -0400] "GET /scripts/user.js HTTP/1.1" 200 23762 "http://www.libertytransnational.com/pages/12/index.htm" "Mozilla/5.0 (iPhone; CPU iPhone OS 6_1_3 like Mac OS X) AppleWebKit/536.26 (KHTML, like Gecko) Version/6.0 Mobile/10B329 Safari/8536.25"
66.87.74.146 - - [18/Aug/2013:10:50:39 -0400] "GET /378/images/7/slogan.jpg HTTP/1.1" 200 8047 "http://www.libertytransnational.com/pages/7/index.htm" "Mozilla/5.0 (iPhone; CPU iPhone OS 6_1_3 like Mac OS X) AppleWebKit/536.26 (KHTML, like Gecko) Version/6.0 Mobile/10B329 Safari/8536.25"
66.87.74.146 - - [18/Aug/2013:10:56:36 -0400] "GET /pages/13/index.htm HTTP/1.1" 200 24402 "http://www.libertytransnational.com/pages/14/index.htm" "Mozilla/5.0 (iPhone; CPU iPhone OS 6_1_3 like Mac OS X) AppleWebKit/536.26 (KHTML, like Gecko) Version/6.0 Mobile/10B329 Safari/8536.25"
66.87.74.146 - - [18/Aug/2013:10:56:36 -0400] "GET /378/images/13/slogan.jpg HTTP/1.1" 200 7031 "http://www.libertytransnational.com/pages/13/index.htm" "Mozilla/5.0 (iPhone; CPU iPhone OS 6_1_3 like Mac OS X) AppleWebKit/536.26 (KHTML, like Gecko) Version/6.0 Mobile/10B329 Safari/8536.25"
66.87.74.214 - - [18/Aug/2013:21:46:07 -0400] "GET /378/scripts/master.css HTTP/1.1" 200 1951 "-" "Mozilla/5.0 (iPhone; CPU iPhone OS 6_1_3 like Mac OS X) AppleWebKit/536.26 (KHTML, like Gecko) Version/6.0 Mobile/10B329 Safari/8536.25"
93.159.230.90 - - [18/Aug/2013:22:33:41 -0400] "GET / HTTP/1.1" 200 16327 "-" "Mozilla/4.0 (compatible; MSIE 7.0; Windows NT 6.0; Trident/4.0; SLCC1; .NET CLR 2.0.50727; Media Center PC 5.0; .NET CLR 3.5.30729; .NET CLR 3.0.30618; .NET CLR 1.1.4322)"
93.159.230.90 - - [18/Aug/2013:22:33:41 -0400] "GET /scripts/user.js HTTP/1.1" 200 23762 "http://www.libertytransnational.com/" "Mozilla/4.0 (compatible; MSIE 7.0; Windows NT 6.0; Trident/4.0; SLCC1; .NET CLR 2.0.50727; Media Center PC 5.0; .NET CLR 3.5.30729; .NET CLR 3.0.30618; .NET CLR 1.1.4322)"
93.159.230.90 - - [18/Aug/2013:22:33:42 -0400] "GET /scripts/photoalbum.js HTTP/1.1" 200 62295 "http://www.libertytransnational.com/" "Mozilla/4.0 (compatible; MSIE 7.0; Windows NT 6.0; Trident/4.0; SLCC1; .NET CLR 2.0.50727; Media Center PC 5.0; .NET CLR 3.5.30729; .NET CLR 3.0.30618; .NET CLR 1.1.4322)"
205.178.190.236 - - [18/Aug/2013:13:42:59 -0400] "GET /scripts/photoalbum.js HTTP/1.1" 200 62295 "http://libertytransnational.com/" "Mozilla/4.0 (compatible; MSIE 7.0; Windows NT 5.2; Trident/4.0; .NET CLR 1.1.4322; .NET CLR 2.0.50727; .NET CLR 3.0.4506.2152; .NET CLR 3.5.30729; .NET4.0C; .NET4.0E)"
205.178.190.236 - - [18/Aug/2013:13:43:00 -0400] "GET /378/scripts/icwebsiteelement.css HTTP/1.1" 200 8132 "http://libertytransnational.com/" "Mozilla/4.0 (compatible; MSIE 7.0; Windows NT 5.2; Trident/4.0; .NET CLR 1.1.4322; .NET CLR 2.0.50727; .NET CLR 3.0.4506.2152; .NET CLR 3.5.30729; .NET4.0C; .NET4.0E)"
205.178.190.236 - - [18/Aug/2013:13:43:02 -0400] "GET /378/images/01b.jpg HTTP/1.1" 200 2756 "http://libertytransnational.com/" "Mozilla/4.0 (compatible; MSIE 7.0; Windows NT 5.2; Trident/4.0; .NET CLR 1.1.4322; .NET CLR 2.0.50727; .NET CLR 3.0.4506.2152; .NET CLR 3.5.30729; .NET4.0C; .NET4.0E)"
205.178.190.236 - - [18/Aug/2013:13:43:02 -0400] "GET /378/images/05b.jpg HTTP/1.1" 200 4130 "http://libertytransnational.com/" "Mozilla/4.0 (compatible; MSIE 7.0; Windows NT 5.2; Trident/4.0; .NET CLR 1.1.4322; .NET CLR 2.0.50727; .NET CLR 3.0.4506.2152; .NET CLR 3.5.30729; .NET4.0C; .NET4.0E)"
205.178.190.236 - - [18/Aug/2013:13:43:02 -0400] "GET /378/images/07b.jpg HTTP/1.1" 200 3987 "http://libertytransnational.com/" "Mozilla/4.0 (compatible; MSIE 7.0; Windows NT 5.2; Trident/4.0; .NET CLR 1.1.4322; .NET CLR 2.0.50727; .NET CLR 3.0.4506.2152; .NET CLR 3.5.30729; .NET4.0C; .NET4.0E)"
205.178.190.236 - - [18/Aug/2013:13:43:02 -0400] "GET /378/images/02b.jpg HTTP/1.1" 200 3197 "http://libertytransnational.com/" "Mozilla/4.0 (compatible; MSIE 7.0; Windows NT 5.2; Trident/4.0; .NET CLR 1.1.4322; .NET CLR 2.0.50727; .NET CLR 3.0.4506.2152; .NET CLR 3.5.30729; .NET4.0C; .NET4.0E)"
205.178.190.236 - - [18/Aug/2013:13:43:02 -0400] "GET /378/images/company.jpg HTTP/1.1" 200 10264 "http://libertytransnational.com/" "Mozilla/4.0 (compatible; MSIE 7.0; Windows NT 5.2; Trident/4.0; .NET CLR 1.1.4322; .NET CLR 2.0.50727; .NET CLR 3.0.4506.2152; .NET CLR 3.5.30729; .NET4.0C; .NET4.0E)"
205.178.190.236 - - [18/Aug/2013:13:43:02 -0400] "GET /378/images/01a.jpg HTTP/1.1" 200 2591 "http://libertytransnational.com/" "Mozilla/4.0 (compatible; MSIE 7.0; Windows NT 5.2; Trident/4.0; .NET CLR 1.1.4322; .NET CLR 2.0.50727; .NET CLR 3.0.4506.2152; .NET CLR 3.5.30729; .NET4.0C; .NET4.0E)"
205.178.190.236 - - [18/Aug/2013:13:43:02 -0400] "GET /378/images/03a.jpg HTTP/1.1" 200 3361 "http://libertytransnational.com/" "Mozilla/4.0 (compatible; MSIE 7.0; Windows NT 5.2; Trident/4.0; .NET CLR 1.1.4322; .NET CLR 2.0.50727; .NET CLR 3.0.4506.2152; .NET CLR 3.5.30729; .NET4.0C; .NET4.0E)"
205.178.190.236 - - [18/Aug/2013:13:43:02 -0400] "GET /378/images/05a.jpg HTTP/1.1" 200 4058 "http://libertytransnational.com/" "Mozilla/4.0 (compatible; MSIE 7.0; Windows NT 5.2; Trident/4.0; .NET CLR 1.1.4322; .NET CLR 2.0.50727; .NET CLR 3.0.4506.2152; .NET CLR 3.5.30729; .NET4.0C; .NET4.0E)"
205.178.190.236 - - [18/Aug/2013:13:43:02 -0400] "GET /378/images/content_03.jpg HTTP/1.1" 200 2072 "http://libertytransnational.com/" "Mozilla/4.0 (compatible; MSIE 7.0; Windows NT 5.2; Trident/4.0; .NET CLR 1.1.4322; .NET CLR 2.0.50727; .NET CLR 3.0.4506.2152; .NET CLR 3.5.30729; .NET4.0C; .NET4.0E)"
205.178.190.236 - - [18/Aug/2013:13:43:02 -0400] "GET /378/images/08a.jpg HTTP/1.1" 200 3325 "http://libertytransnational.com/" "Mozilla/4.0 (compatible; MSIE 7.0; Windows NT 5.2; Trident/4.0; .NET CLR 1.1.4322; .NET CLR 2.0.50727; .NET CLR 3.0.4506.2152; .NET CLR 3.5.30729; .NET4.0C; .NET4.0E)"
205.178.190.236 - - [18/Aug/2013:13:43:02 -0400] "GET /378/images/09b.jpg HTTP/1.1" 200 834 "http://libertytransnational.com/" "Mozilla/4.0 (compatible; MSIE 7.0; Windows NT 5.2; Trident/4.0; .NET CLR 1.1.4322; .NET CLR 2.0.50727; .NET CLR 3.0.4506.2152; .NET CLR 3.5.30729; .NET4.0C; .NET4.0E)"
205.178.190.236 - - [18/Aug/2013:13:43:02 -0400] "GET /378/images/content_04.jpg HTTP/1.1" 200 4415 "http://libertytransnational.com/" "Mozilla/4.0 (compatible; MSIE 7.0; Windows NT 5.2; Trident/4.0; .NET CLR 1.1.4322; .NET CLR 2.0.50727; .NET CLR 3.0.4506.2152; .NET CLR 3.5.30729; .NET4.0C; .NET4.0E)"
205.178.190.236 - - [18/Aug/2013:13:43:03 -0400] "GET /images/190_pic_compass02a.jpg HTTP/1.1" 200 4482 "http://libertytransnational.com/" "Mozilla/4.0 (compatible; MSIE 7.0; Windows NT 5.2; Trident/4.0; .NET CLR 1.1.4322; .NET CLR 2.0.50727; .NET CLR 3.0.4506.2152; .NET CLR 3.5.30729; .NET4.0C; .NET4.0E)"
205.178.190.236 - - [18/Aug/2013:13:43:03 -0400] "GET /378/images/content_07.jpg HTTP/1.1" 200 553 "http://libertytransnational.com/" "Mozilla/4.0 (compatible; MSIE 7.0; Windows NT 5.2; Trident/4.0; .NET CLR 1.1.4322; .NET CLR 2.0.50727; .NET CLR 3.0.4506.2152; .NET CLR 3.5.30729; .NET4.0C; .NET4.0E)"
205.178.190.236 - - [18/Aug/2013:13:43:03 -0400] "GET /378/images/content_08.jpg HTTP/1.1" 200 1236 "http://libertytransnational.com/" "Mozilla/4.0 (compatible; MSIE 7.0; Windows NT 5.2; Trident/4.0; .NET CLR 1.1.4322; .NET CLR 2.0.50727; .NET CLR 3.0.4506.2152; .NET CLR 3.5.30729; .NET4.0C; .NET4.0E)"
205.178.190.236 - - [18/Aug/2013:13:43:03 -0400] "GET /378/images/content_11.jpg HTTP/1.1" 200 468 "http://libertytransnational.com/" "Mozilla/4.0 (compatible; MSIE 7.0; Windows NT 5.2; Trident/4.0; .NET CLR 1.1.4322; .NET CLR 2.0.50727; .NET CLR 3.0.4506.2152; .NET CLR 3.5.30729; .NET4.0C; .NET4.0E)"
184.22.183.114 - - [18/Aug/2013:00:18:23 -0400] "GET /pages/4/index.htm HTTP/1.1" 200 20031 "-" "Mozilla/5.0 (X11; Linux i686; rv:6.0) Gecko/20100101 Firefox/6.0"
198.199.66.231 - - [18/Aug/2013:01:36:23 -0400] "GET /scripts/photoalbum.js HTTP/1.1" 200 62295 "-" "Mozilla/5.0 (Windows NT 6.1; WOW64; rv:21.0) Gecko/20100101 Firefox/21.0"
199.21.99.96 - - [18/Aug/2013:15:54:06 -0400] "GET /378/images/07a.jpg HTTP/1.1" 304 - "-" "Mozilla/5.0 (compatible; YandexImages/3.0; +http://yandex.com/bots)"
50.9.205.96 - - [18/Aug/2013:16:57:42 -0400] "GET /378/images/motif01.jpg HTTP/1.1" 200 14966 "http://www.libertytransnational.com/pages/4/index.htm" "Mozilla/5.0 (Windows NT 6.1; WOW64) AppleWebKit/537.36 (KHTML, like Gecko) Chrome/28.0.1500.95 Safari/537.36"
50.9.205.96 - - [18/Aug/2013:16:57:42 -0400] "GET /378/images/01b.jpg HTTP/1.1" 200 2756 "http://www.libertytransnational.com/pages/4/index.htm" "Mozilla/5.0 (Windows NT 6.1; WOW64) AppleWebKit/537.36 (KHTML, like Gecko) Chrome/28.0.1500.95 Safari/537.36"
50.9.205.96 - - [18/Aug/2013:16:57:43 -0400] "GET /378/images/08b.jpg HTTP/1.1" 200 3464 "http://www.libertytransnational.com/pages/4/index.htm" "Mozilla/5.0 (Windows NT 6.1; WOW64) AppleWebKit/537.36 (KHTML, like Gecko) Chrome/28.0.1500.95 Safari/537.36"
50.9.205.96 - - [18/Aug/2013:16:57:43 -0400] "GET /378/images/content_09.jpg HTTP/1.1" 200 1278 "http://www.libertytransnational.com/pages/4/index.htm" "Mozilla/5.0 (Windows NT 6.1; WOW64) AppleWebKit/537.36 (KHTML, like Gecko) Chrome/28.0.1500.95 Safari/537.36"
50.9.205.96 - - [18/Aug/2013:16:58:39 -0400] "GET /favicon.ico HTTP/1.1" 404 575 "-" "Mozilla/5.0 (Windows NT 6.1; WOW64) AppleWebKit/537.36 (KHTML, like Gecko) Chrome/28.0.1500.95 Safari/537.36"
66.87.74.146 - - [18/Aug/2013:10:50:18 -0400] "GET /378/images/03b.jpg HTTP/1.1" 200 3499 "http://www.libertytransnational.com/pages/4/index.htm" "Mozilla/5.0 (iPhone; CPU iPhone OS 6_1_3 like Mac OS X) AppleWebKit/536.26 (KHTML, like Gecko) Version/6.0 Mobile/10B329 Safari/8536.25"
66.87.74.146 - - [18/Aug/2013:10:50:19 -0400] "GET /378/images/content_04.jpg HTTP/1.1" 200 4415 "http://www.libertytransnational.com/pages/4/index.htm" "Mozilla/5.0 (iPhone; CPU iPhone OS 6_1_3 like Mac OS X) AppleWebKit/536.26 (KHTML, like Gecko) Version/6.0 Mobile/10B329 Safari/8536.25"
66.87.74.146 - - [18/Aug/2013:10:50:19 -0400] "GET /378/images/content_03.jpg HTTP/1.1" 200 2072 "http://www.libertytransnational.com/pages/4/index.htm" "Mozilla/5.0 (iPhone; CPU iPhone OS 6_1_3 like Mac OS X) AppleWebKit/536.26 (KHTML, like Gecko) Version/6.0 Mobile/10B329 Safari/8536.25"
66.87.74.146 - - [18/Aug/2013:10:50:19 -0400] "GET /378/images/06a.jpg HTTP/1.1" 200 3709 "http://www.libertytransnational.com/pages/4/index.htm" "Mozilla/5.0 (iPhone; CPU iPhone OS 6_1_3 like Mac OS X) AppleWebKit/536.26 (KHTML, like Gecko) Version/6.0 Mobile/10B329 Safari/8536.25"
66.87.74.146 - - [18/Aug/2013:10:50:19 -0400] "GET /378/images/08a.jpg HTTP/1.1" 200 3325 "http://www.libertytransnational.com/pages/4/index.htm" "Mozilla/5.0 (iPhone; CPU iPhone OS 6_1_3 like Mac OS X) AppleWebKit/536.26 (KHTML, like Gecko) Version/6.0 Mobile/10B329 Safari/8536.25"
66.87.74.146 - - [18/Aug/2013:10:50:19 -0400] "GET /378/images/content_07.jpg HTTP/1.1" 200 553 "http://www.libertytransnational.com/pages/4/index.htm" "Mozilla/5.0 (iPhone; CPU iPhone OS 6_1_3 like Mac OS X) AppleWebKit/536.26 (KHTML, like Gecko) Version/6.0 Mobile/10B329 Safari/8536.25"
66.87.74.146 - - [18/Aug/2013:10:50:19 -0400] "GET /378/images/content_09.jpg HTTP/1.1" 200 1278 "http://www.libertytransnational.com/pages/4/index.htm" "Mozilla/5.0 (iPhone; CPU iPhone OS 6_1_3 like Mac OS X) AppleWebKit/536.26 (KHTML, like Gecko) Version/6.0 Mobile/10B329 Safari/8536.25"
66.87.74.146 - - [18/Aug/2013:10:56:30 -0400] "GET /378/images/14/slogan.jpg HTTP/1.1" 200 6613 "http://www.libertytransnational.com/pages/14/index.htm" "Mozilla/5.0 (iPhone; CPU iPhone OS 6_1_3 like Mac OS X) AppleWebKit/536.26 (KHTML, like Gecko) Version/6.0 Mobile/10B329 Safari/8536.25"
178.137.128.12 - - [18/Aug/2013:04:26:51 -0400] "GET / HTTP/1.1" 200 16327 "http://vrnelectro.ru/" "Mozilla/4.0 (compatible; MSIE 6.0; Windows NT 5.1; .NET CLR 1.1.4322; Alexa Toolbar; (R1 1.5))"
92.249.127.111 - - [18/Aug/2013:11:15:59 -0400] "GET / HTTP/1.1" 200 16327 "http://remontdoma.mybb.ru/" "Mozilla/5.0 (compatible; news bot /2.1)"
93.159.230.90 - - [18/Aug/2013:22:33:41 -0400] "GET /scripts/photoalbum.js HTTP/1.1" 200 62295 "http://www.libertytransnational.com/" "Mozilla/4.0 (compatible; MSIE 7.0; Windows NT 6.0; Trident/4.0; SLCC1; .NET CLR 2.0.50727; Media Center PC 5.0; .NET CLR 3.5.30729; .NET CLR 3.0.30618; .NET CLR 1.1.4322)"
66.87.74.146 - - [18/Aug/2013:10:50:39 -0400] "GET /images/1_clearpixel.gif HTTP/1.1" 200 43 "http://www.libertytransnational.com/pages/7/index.htm" "Mozilla/5.0 (iPhone; CPU iPhone OS 6_1_3 like Mac OS X) AppleWebKit/536.26 (KHTML, like Gecko) Version/6.0 Mobile/10B329 Safari/8536.25"
178.137.128.12 - - [18/Aug/2013:07:23:20 -0400] "GET / HTTP/1.1" 200 16327 "http://www.medius-spb.ru/" "Mozilla/4.0 (compatible; MSIE 6.0; Windows NT 5.1; en) Opera 8.00"
91.207.9.226 - - [18/Aug/2013:18:03:46 -0400] "GET / HTTP/1.1" 200 16327 "http://www.artparquet.ru/" "Mozilla/4.0 (compatible- MSIE 6.0- Windows NT 5.1- SV1- .NET CLR 1.1.4322"
66.249.75.114 - - [18/Aug/2013:09:56:43 -0400] "GET /robots.txt HTTP/1.1" 200 25 "-" "Mozilla/5.0 (compatible; Googlebot/2.1; +http://www.google.com/bot.html)"
66.249.75.114 - - [18/Aug/2013:09:56:43 -0400] "GET /sectorsofinterest.html HTTP/1.1" 304 - "-" "Mozilla/5.0 (iPhone; U; CPU iPhone OS 4_1 like Mac OS X; en-us) AppleWebKit/532.9 (KHTML, like Gecko) Version/4.0.5 Mobile/8B117 Safari/6531.22.7 (compatible; Googlebot-Mobile/2.1; +http://www.google.com/bot.html)"
46.119.118.152 - - [18/Aug/2013:09:52:11 -0400] "GET / HTTP/1.1" 200 16327 "http://zena-na-chas-moscow.ru/" "Opera/9.00 (Windows NT 4.0; U; en)"
66.87.74.146 - - [18/Aug/2013:10:50:18 -0400] "GET /378/images/02b.jpg HTTP/1.1" 200 3197 "http://www.libertytransnational.com/pages/4/index.htm" "Mozilla/5.0 (iPhone; CPU iPhone OS 6_1_3 like Mac OS X) AppleWebKit/536.26 (KHTML, like Gecko) Version/6.0 Mobile/10B329 Safari/8536.25"
66.87.74.146 - - [18/Aug/2013:10:50:18 -0400] "GET /378/images/04b.jpg HTTP/1.1" 200 4260 "http://www.libertytransnational.com/pages/4/index.htm" "Mozilla/5.0 (iPhone; CPU iPhone OS 6_1_3 like Mac OS X) AppleWebKit/536.26 (KHTML, like Gecko) Version/6.0 Mobile/10B329 Safari/8536.25"
66.87.74.146 - - [18/Aug/2013:10:50:19 -0400] "GET /378/images/10b.jpg HTTP/1.1" 200 834 "http://www.libertytransnational.com/pages/4/index.htm" "Mozilla/5.0 (iPhone; CPU iPhone OS 6_1_3 like Mac OS X) AppleWebKit/536.26 (KHTML, like Gecko) Version/6.0 Mobile/10B329 Safari/8536.25"
66.87.74.146 - - [18/Aug/2013:10:50:19 -0400] "GET /378/images/motif01.jpg HTTP/1.1" 200 14966 "http://www.libertytransnational.com/pages/4/index.htm" "Mozilla/5.0 (iPhone; CPU iPhone OS 6_1_3 like Mac OS X) AppleWebKit/536.26 (KHTML, like Gecko) Version/6.0 Mobile/10B329 Safari/8536.25"
66.87.74.146 - - [18/Aug/2013:10:50:19 -0400] "GET /378/images/company.jpg HTTP/1.1" 200 10264 "http://www.libertytransnational.com/pages/4/index.htm" "Mozilla/5.0 (iPhone; CPU iPhone OS 6_1_3 like Mac OS X) AppleWebKit/536.26 (KHTML, like Gecko) Version/6.0 Mobile/10B329 Safari/8536.25"
66.87.74.146 - - [18/Aug/2013:10:50:19 -0400] "GET /378/images/01a.jpg HTTP/1.1" 200 2591 "http://www.libertytransnational.com/pages/4/index.htm" "Mozilla/5.0 (iPhone; CPU iPhone OS 6_1_3 like Mac OS X) AppleWebKit/536.26 (KHTML, like Gecko) Version/6.0 Mobile/10B329 Safari/8536.25"
66.87.74.146 - - [18/Aug/2013:10:50:19 -0400] "GET /378/images/02a.jpg HTTP/1.1" 200 3042 "http://www.libertytransnational.com/pages/4/index.htm" "Mozilla/5.0 (iPhone; CPU iPhone OS 6_1_3 like Mac OS X) AppleWebKit/536.26 (KHTML, like Gecko) Version/6.0 Mobile/10B329 Safari/8536.25"
66.87.74.146 - - [18/Aug/2013:10:50:19 -0400] "GET /378/images/spacer.gif HTTP/1.1" 200 43 "http://www.libertytransnational.com/pages/4/index.htm" "Mozilla/5.0 (iPhone; CPU iPhone OS 6_1_3 like Mac OS X) AppleWebKit/536.26 (KHTML, like Gecko) Version/6.0 Mobile/10B329 Safari/8536.25"
66.87.74.146 - - [18/Aug/2013:10:50:19 -0400] "GET /378/images/03a.jpg HTTP/1.1" 200 3361 "http://www.libertytransnational.com/pages/4/index.htm" "Mozilla/5.0 (iPhone; CPU iPhone OS 6_1_3 like Mac OS X) AppleWebKit/536.26 (KHTML, like Gecko) Version/6.0 Mobile/10B329 Safari/8536.25"
66.87.74.146 - - [18/Aug/2013:10:50:19 -0400] "GET /378/images/content_bg.jpg HTTP/1.1" 200 471 "http://www.libertytransnational.com/pages/4/index.htm" "Mozilla/5.0 (iPhone; CPU iPhone OS 6_1_3 like Mac OS X) AppleWebKit/536.26 (KHTML, like Gecko) Version/6.0 Mobile/10B329 Safari/8536.25"
66.87.74.146 - - [18/Aug/2013:10:50:19 -0400] "GET /images/175_newest_pic_chuck02.jpg HTTP/1.1" 200 3690 "http://www.libertytransnational.com/pages/4/index.htm" "Mozilla/5.0 (iPhone; CPU iPhone OS 6_1_3 like Mac OS X) AppleWebKit/536.26 (KHTML, like Gecko) Version/6.0 Mobile/10B329 Safari/8536.25"
66.87.74.146 - - [18/Aug/2013:10:50:19 -0400] "GET /378/images/4/slogan.jpg HTTP/1.1" 200 6400 "http://www.libertytransnational.com/pages/4/index.htm" "Mozilla/5.0 (iPhone; CPU iPhone OS 6_1_3 like Mac OS X) AppleWebKit/536.26 (KHTML, like Gecko) Version/6.0 Mobile/10B329 Safari/8536.25"
66.87.74.146 - - [18/Aug/2013:10:50:19 -0400] "GET /images/175_newest_pic_jeff02.jpg HTTP/1.1" 200 3694 "http://www.libertytransnational.com/pages/4/index.htm" "Mozilla/5.0 (iPhone; CPU iPhone OS 6_1_3 like Mac OS X) AppleWebKit/536.26 (KHTML, like Gecko) Version/6.0 Mobile/10B329 Safari/8536.25"
66.87.74.146 - - [18/Aug/2013:10:50:19 -0400] "GET /378/images/content_11.jpg HTTP/1.1" 200 468 "http://www.libertytransnational.com/pages/4/index.htm" "Mozilla/5.0 (iPhone; CPU iPhone OS 6_1_3 like Mac OS X) AppleWebKit/536.26 (KHTML, like Gecko) Version/6.0 Mobile/10B329 Safari/8536.25"
208.115.111.71 - - [18/Aug/2013:17:57:23 -0400] "GET /contactus.html HTTP/1.1" 200 22721 "-" "Mozilla/5.0 (compatible; Ezooms/1.0; ezooms.bot@gmail.com)"
66.87.74.214 - - [18/Aug/2013:21:46:07 -0400] "GET /pages/6/index.htm HTTP/1.1" 200 26559 "-" "Mozilla/5.0 (iPhone; CPU iPhone OS 6_1_3 like Mac OS X) AppleWebKit/536.26 (KHTML, like Gecko) Version/6.0 Mobile/10B329 Safari/8536.25"
66.87.74.146 - - [18/Aug/2013:10:53:39 -0400] "GET /pages/6/index.htm HTTP/1.1" 200 26559 "http://www.libertytransnational.com/pages/4/index.htm" "Mozilla/5.0 (iPhone; CPU iPhone OS 6_1_3 like Mac OS X) AppleWebKit/536.26 (KHTML, like Gecko) Version/6.0 Mobile/10B329 Safari/8536.25"
