0byt3m1n1
Path:
/
data
/
0
/
0
/
72
/
1
/
72816
/
meta
/
74078
/
logs
/
[
Home
]
File: x-access_log.2013-08-19
1.202.218.100 - - [19/Aug/2013:00:36:43 -0400] "HEAD / HTTP/1.1" 200 - "-" "Mozilla/5.0 (compatible; JikeSpider; +http://shoulu.jike.com/spider.html)"
91.207.9.226 - - [19/Aug/2013:13:53:15 -0400] "GET / HTTP/1.1" 200 16327 "http://eroto4ka.ru/" "Mozilla/4.0 (compatible- MSIE 6.0- Windows NT 5.1- SV1- .NET CLR 1.1.4322"
91.207.9.226 - - [19/Aug/2013:13:53:50 -0400] "GET / HTTP/1.1" 200 16327 "http://s808.ru/" "Mozilla/4.0 (compatible; MSIE 6.0; Windows NT 5.1; .NET CLR 1.1.4322; FDM)"
157.55.32.145 - - [19/Aug/2013:18:19:44 -0400] "GET /sectorsofinterest.html HTTP/1.1" 200 27586 "-" "Mozilla/5.0 (compatible; bingbot/2.0; +http://www.bing.com/bingbot.htm)"
46.118.126.194 - - [19/Aug/2013:18:40:58 -0400] "GET / HTTP/1.1" 200 16327 "http://www.wood-expert.ru/" "Opera/9.00 (Windows NT 4.0; U; en)"
157.55.32.80 - - [19/Aug/2013:20:52:16 -0400] "GET /378/images/10b.jpg HTTP/1.1" 200 834 "-" "Mozilla/5.0 (compatible; bingbot/2.0; +http://www.bing.com/bingbot.htm)"
199.21.99.96 - - [19/Aug/2013:16:46:39 -0400] "GET /378/images/08a.jpg HTTP/1.1" 304 - "-" "Mozilla/5.0 (compatible; YandexImages/3.0; +http://yandex.com/bots)"
157.55.32.145 - - [19/Aug/2013:18:19:35 -0400] "GET /capabilities.html HTTP/1.1" 200 31267 "-" "Mozilla/5.0 (compatible; bingbot/2.0; +http://www.bing.com/bingbot.htm)"
157.55.32.99 - - [19/Aug/2013:20:54:12 -0400] "GET /378/images/05b.jpg HTTP/1.1" 200 4130 "-" "Mozilla/5.0 (compatible; bingbot/2.0; +http://www.bing.com/bingbot.htm)"
198.199.66.173 - - [19/Aug/2013:08:01:37 -0400] "GET /scripts/user.js HTTP/1.1" 200 23762 "-" "Mozilla/5.0 (Windows NT 6.1; WOW64; rv:21.0) Gecko/20100101 Firefox/21.0"
198.199.66.173 - - [19/Aug/2013:08:01:53 -0400] "GET /contactus.html HTTP/1.1" 200 22721 "-" "Mozilla/5.0 (Windows NT 6.1; WOW64; rv:21.0) Gecko/20100101 Firefox/21.0"
205.178.190.76 - - [19/Aug/2013:00:26:23 -0400] "GET / HTTP/1.0" 200 16327 "-" "Mozilla/4.0 (compatible; MSIE 6.0; Windows NT 5.1; SV1; .NET CLR 1.1.4322; .NET CLR 2.0.50727; InfoPath.1)"
66.249.75.114 - - [19/Aug/2013:16:03:46 -0400] "GET /jeffreycsanders.html HTTP/1.1" 304 - "-" "Mozilla/5.0 (compatible; Googlebot/2.1; +http://www.google.com/bot.html)"
66.249.75.114 - - [19/Aug/2013:17:06:21 -0400] "GET /charlesjpayerjr.html HTTP/1.1" 304 - "-" "Mozilla/5.0 (compatible; Googlebot/2.1; +http://www.google.com/bot.html)"
198.199.66.173 - - [19/Aug/2013:08:01:57 -0400] "GET /howyoubenefit.html HTTP/1.1" 200 24162 "-" "Mozilla/5.0 (Windows NT 6.1; WOW64; rv:21.0) Gecko/20100101 Firefox/21.0"
220.181.108.78 - - [19/Aug/2013:21:08:17 -0400] "GET /executivesbios.html HTTP/1.1" 200 19773 "-" "Mozilla/5.0 (X11; U; Linux x86_64; en-US; rv:1.9) Gecko Minefield/3.0"
182.118.48.183 - - [19/Aug/2013:10:03:19 -0400] "GET /scripts/ic_globals_published.js HTTP/1.1" 200 566 "http://www.libertytransnational.com/" "Mozilla/4.0 (compatible; MSIE 8.0; Windows NT 5.1; Trident/4.0)"
217.69.133.186 - - [19/Aug/2013:22:23:32 -0400] "GET / HTTP/1.1" 200 16327 "-" "Mozilla/5.0 (X11; Linux x86_64; rv:18.0) Gecko/20100101 Firefox/18.0"
217.69.133.186 - - [19/Aug/2013:22:23:33 -0400] "GET /favicon.ico HTTP/1.1" 404 575 "-" "Mozilla/5.0 (X11; Linux x86_64; rv:18.0) Gecko/20100101 Firefox/18.0"
199.21.99.96 - - [19/Aug/2013:10:53:20 -0400] "GET /378/images/08a.jpg HTTP/1.1" 304 - "-" "Mozilla/5.0 (compatible; YandexImages/3.0; +http://yandex.com/bots)"
199.21.99.96 - - [19/Aug/2013:01:20:19 -0400] "GET /378/images/08a.jpg HTTP/1.1" 304 - "-" "Mozilla/5.0 (compatible; YandexImages/3.0; +http://yandex.com/bots)"
217.212.224.183 - - [19/Aug/2013:05:55:51 -0400] "GET /robots.txt HTTP/1.0" 200 25 "-" "psbot/0.1 (+http://www.picsearch.com/bot.html)"
81.144.138.34 - - [19/Aug/2013:03:18:44 -0400] "GET /corporatesellers.html HTTP/1.1" 200 31896 "-" "Wotbox/2.01 (+http://www.wotbox.com/bot/)"
93.159.230.88 - - [19/Aug/2013:20:48:28 -0400] "GET /scripts/user.js HTTP/1.1" 200 23762 "http://libertytransnational.com/" "Mozilla/4.0 (compatible; MSIE 7.0; Windows NT 6.1; Trident/4.0; SLCC2; .NET CLR 2.0.50727; .NET CLR 3.5.30729; .NET CLR 3.0.30729; Media Center PC 6.0; .NET CLR 1.0.3705; .NET CLR 1.1.4322; .NET4.0C; .NET4.0E; InfoPath.2; MS-RTC LM 8)"
119.63.193.131 - - [19/Aug/2013:20:39:36 -0400] "GET / HTTP/1.1" 200 16327 "-" "Mozilla/4.0 (compatible; MSIE 7.0; Windows NT 6.0)"
199.30.20.41 - - [19/Aug/2013:13:59:58 -0400] "GET /robots.txt HTTP/1.1" 200 25 "-" "msnbot-media/1.1 (+http://search.msn.com/msnbot.htm)"
199.21.99.96 - - [19/Aug/2013:07:26:16 -0400] "GET /378/images/content_03.jpg HTTP/1.1" 304 - "-" "Mozilla/5.0 (compatible; YandexImages/3.0; +http://yandex.com/bots)"
199.30.20.41 - - [19/Aug/2013:13:59:59 -0400] "GET /378/images/content_08.jpg HTTP/1.1" 200 1236 "-" "msnbot-media/1.1 (+http://search.msn.com/msnbot.htm)"
199.30.24.42 - - [19/Aug/2013:21:39:23 -0400] "GET /378/images/content_03.jpg HTTP/1.1" 200 2072 "http://www.libertytransnational.com/pages/7/index.htm" "Mozilla/5.0 (Windows NT 6.1; WOW64) AppleWebKit/534+ (KHTML, like Gecko) BingPreview/1.0b"
199.30.24.42 - - [19/Aug/2013:21:39:23 -0400] "GET /378/images/06a.jpg HTTP/1.1" 200 3709 "http://www.libertytransnational.com/pages/7/index.htm" "Mozilla/5.0 (Windows NT 6.1; WOW64) AppleWebKit/534+ (KHTML, like Gecko) BingPreview/1.0b"
199.30.24.42 - - [19/Aug/2013:21:39:24 -0400] "GET /378/images/03b.jpg HTTP/1.1" 200 3499 "http://www.libertytransnational.com/pages/7/index.htm" "Mozilla/5.0 (Windows NT 6.1; WOW64) AppleWebKit/534+ (KHTML, like Gecko) BingPreview/1.0b"
199.30.24.42 - - [19/Aug/2013:21:39:25 -0400] "GET /378/images/08b.jpg HTTP/1.1" 200 3464 "http://www.libertytransnational.com/pages/7/index.htm" "Mozilla/5.0 (Windows NT 6.1; WOW64) AppleWebKit/534+ (KHTML, like Gecko) BingPreview/1.0b"
192.34.58.199 - - [19/Aug/2013:23:31:05 -0400] "GET /home.html HTTP/1.1" 200 16327 "-" "Mozilla/5.0 (Windows NT 6.1; WOW64; rv:21.0) Gecko/20100101 Firefox/21.0"
199.21.99.96 - - [19/Aug/2013:21:37:28 -0400] "GET /378/images/05a.jpg HTTP/1.1" 304 - "-" "Mozilla/5.0 (compatible; YandexImages/3.0; +http://yandex.com/bots)"
208.115.113.82 - - [19/Aug/2013:14:39:20 -0400] "GET /howyoubenefit.html HTTP/1.1" 200 24162 "-" "Mozilla/5.0 (compatible; Ezooms/1.0; ezooms.bot@gmail.com)"
157.55.32.114 - - [19/Aug/2013:20:38:50 -0400] "GET /378/images/07a.jpg HTTP/1.1" 200 3898 "-" "Mozilla/5.0 (compatible; bingbot/2.0; +http://www.bing.com/bingbot.htm)"
81.144.138.34 - - [19/Aug/2013:03:18:27 -0400] "GET /executivesbios.html HTTP/1.1" 200 19773 "-" "Wotbox/2.01 (+http://www.wotbox.com/bot/)"
81.144.138.34 - - [19/Aug/2013:03:18:38 -0400] "GET /corporatebuyers.html HTTP/1.1" 200 28232 "-" "Wotbox/2.01 (+http://www.wotbox.com/bot/)"
66.249.75.114 - - [19/Aug/2013:16:25:47 -0400] "GET /pages/5/index.htm HTTP/1.1" 200 31581 "-" "Mozilla/5.0 (compatible; Googlebot/2.1; +http://www.google.com/bot.html)"
46.118.126.194 - - [19/Aug/2013:18:40:59 -0400] "GET / HTTP/1.1" 200 16327 "http://remdizain.ru/" "Opera/9.00 (Windows NT 4.0; U; en)"
199.21.99.96 - - [19/Aug/2013:19:13:47 -0400] "GET /378/images/07a.jpg HTTP/1.1" 304 - "-" "Mozilla/5.0 (compatible; YandexImages/3.0; +http://yandex.com/bots)"
66.249.75.62 - - [19/Aug/2013:01:11:35 -0400] "GET /robots.txt HTTP/1.1" 200 25 "-" "Mozilla/5.0 (compatible; Googlebot/2.1; +http://www.google.com/bot.html)"
220.181.108.81 - - [19/Aug/2013:21:08:17 -0400] "GET /scripts/ic_globals_published.js HTTP/1.1" 200 566 "http://libertytransnational.com/executivesbios.html" "Mozilla/5.0 (X11; U; Linux x86_64; en-US; rv:1.9) Gecko Minefield/3.0"
66.249.75.114 - - [19/Aug/2013:17:32:13 -0400] "GET /pages/6/index.htm HTTP/1.1" 200 26559 "-" "Mozilla/5.0 (compatible; Googlebot/2.1; +http://www.google.com/bot.html)"
46.119.118.152 - - [19/Aug/2013:18:25:30 -0400] "GET / HTTP/1.1" 200 16327 "http://www.koskam.ru/" "Opera/9.0 (Windows NT 5.1; U; en)"
182.118.48.183 - - [19/Aug/2013:10:03:18 -0400] "GET / HTTP/1.1" 200 16327 "-" "Mozilla/4.0 (compatible; MSIE 8.0; Windows NT 5.1; Trident/4.0)"
198.199.66.173 - - [19/Aug/2013:08:01:37 -0400] "GET /../scripts/ic_globals_published.js HTTP/1.1" 400 226 "-" "Mozilla/5.0 (Windows NT 6.1; WOW64; rv:21.0) Gecko/20100101 Firefox/21.0"
208.115.113.82 - - [19/Aug/2013:13:39:15 -0400] "GET /robots.txt HTTP/1.1" 200 25 "-" "Mozilla/5.0 (compatible; Ezooms/1.0; ezooms.bot@gmail.com)"
198.199.66.173 - - [19/Aug/2013:08:01:53 -0400] "GET /compensation.html HTTP/1.1" 200 12313 "-" "Mozilla/5.0 (Windows NT 6.1; WOW64; rv:21.0) Gecko/20100101 Firefox/21.0"
46.119.118.152 - - [19/Aug/2013:18:25:30 -0400] "GET / HTTP/1.1" 200 16327 "http://www.koskam.ru/" "Opera/9.0 (Windows NT 5.1; U; en)"
157.55.32.145 - - [19/Aug/2013:20:39:30 -0400] "GET /378/images/03a.jpg HTTP/1.1" 200 3361 "-" "Mozilla/5.0 (compatible; bingbot/2.0; +http://www.bing.com/bingbot.htm)"
157.55.32.145 - - [19/Aug/2013:20:39:32 -0400] "GET /378/images/content_06.jpg HTTP/1.1" 200 1195 "-" "Mozilla/5.0 (compatible; bingbot/2.0; +http://www.bing.com/bingbot.htm)"
199.21.99.96 - - [19/Aug/2013:05:56:32 -0400] "GET /378/images/02a.jpg HTTP/1.1" 304 - "-" "Mozilla/5.0 (compatible; YandexImages/3.0; +http://yandex.com/bots)"
157.55.32.145 - - [19/Aug/2013:18:18:04 -0400] "GET /robots.txt HTTP/1.1" 200 25 "-" "Mozilla/5.0 (compatible; bingbot/2.0; +http://www.bing.com/bingbot.htm)"
182.118.48.183 - - [19/Aug/2013:10:03:19 -0400] "GET /378/scripts/master.css HTTP/1.1" 200 1951 "http://www.libertytransnational.com/" "Mozilla/4.0 (compatible; MSIE 8.0; Windows NT 5.1; Trident/4.0)"
5.10.83.73 - - [19/Aug/2013:13:32:49 -0400] "GET /robots.txt HTTP/1.1" 200 25 "-" "Mozilla/5.0 (compatible; AhrefsBot/5.0; +http://ahrefs.com/robot/)"
1.202.218.101 - - [19/Aug/2013:00:36:41 -0400] "GET /robots.txt HTTP/1.1" 200 25 "-" "Mozilla/5.0 ()"
66.249.75.114 - - [19/Aug/2013:15:38:02 -0400] "GET /robots.txt HTTP/1.1" 200 25 "-" "Mozilla/5.0 (compatible; Googlebot/2.1; +http://www.google.com/bot.html)"
1.202.218.107 - - [19/Aug/2013:00:36:43 -0400] "GET / HTTP/1.1" 200 16327 "-" "Mozilla/5.0 (compatible; JikeSpider; +http://shoulu.jike.com/spider.html)"
125.209.208.13 - - [19/Aug/2013:05:24:08 -0400] "GET /robots.txt HTTP/1.1" 200 25 "-" "Yeti/1.0 (NHN Corp.; http://help.naver.com/robots/)"
192.34.58.199 - - [19/Aug/2013:23:31:05 -0400] "GET /executivesbios.html HTTP/1.1" 200 19773 "-" "Mozilla/5.0 (Windows NT 6.1; WOW64; rv:21.0) Gecko/20100101 Firefox/21.0"
180.153.236.190 - - [19/Aug/2013:10:01:38 -0400] "GET / HTTP/1.1" 200 16327 "http://www.libertytransnational.com/" "Mozilla/5.0 (Windows; U; Windows NT 5.1; zh-CN; rv:1.8.0.11) Firefox/1.5.0.11; 360Spider"
66.249.75.114 - - [19/Aug/2013:14:55:29 -0400] "GET /378/scripts/master.css HTTP/1.1" 200 1951 "-" "Mozilla/5.0 (compatible; Googlebot/2.1; +http://www.google.com/bot.html)"
157.55.32.80 - - [19/Aug/2013:20:52:09 -0400] "GET /378/images/04b.jpg HTTP/1.1" 200 4260 "-" "Mozilla/5.0 (compatible; bingbot/2.0; +http://www.bing.com/bingbot.htm)"
192.34.58.199 - - [19/Aug/2013:23:31:05 -0400] "GET /aboutus.html HTTP/1.1" 200 17977 "-" "Mozilla/5.0 (Windows NT 6.1; WOW64; rv:21.0) Gecko/20100101 Firefox/21.0"
198.199.66.173 - - [19/Aug/2013:08:01:53 -0400] "GET /capabilities.html HTTP/1.1" 200 31267 "-" "Mozilla/5.0 (Windows NT 6.1; WOW64; rv:21.0) Gecko/20100101 Firefox/21.0"
157.55.32.114 - - [19/Aug/2013:20:38:53 -0400] "GET /images/1_clearpixel.gif HTTP/1.1" 200 43 "-" "Mozilla/5.0 (compatible; bingbot/2.0; +http://www.bing.com/bingbot.htm)"
157.55.32.80 - - [19/Aug/2013:20:52:17 -0400] "GET /378/images/08a.jpg HTTP/1.1" 200 3325 "-" "Mozilla/5.0 (compatible; bingbot/2.0; +http://www.bing.com/bingbot.htm)"
198.199.66.173 - - [19/Aug/2013:08:01:53 -0400] "GET /executivesbios.html HTTP/1.1" 200 19773 "-" "Mozilla/5.0 (Windows NT 6.1; WOW64; rv:21.0) Gecko/20100101 Firefox/21.0"
199.21.99.96 - - [19/Aug/2013:15:47:41 -0400] "GET /robots.txt HTTP/1.1" 200 25 "-" "Mozilla/5.0 (compatible; YandexBot/3.0; +http://yandex.com/bots)"
81.144.138.34 - - [19/Aug/2013:03:17:59 -0400] "GET /aboutus.html HTTP/1.1" 200 17977 "-" "Wotbox/2.01 (+http://www.wotbox.com/bot/)"
199.21.99.96 - - [19/Aug/2013:03:45:36 -0400] "GET /robots.txt HTTP/1.1" 200 25 "-" "Mozilla/5.0 (compatible; YandexBot/3.0; +http://yandex.com/bots)"
66.143.156.40 - - [19/Aug/2013:09:22:36 -0400] "GET /favicon.ico HTTP/1.1" 404 575 "-" "Mozilla/5.0 (Windows NT 6.1; WOW64) AppleWebKit/537.36 (KHTML, like Gecko) Chrome/28.0.1500.95 Safari/537.36"
91.207.9.226 - - [19/Aug/2013:13:53:16 -0400] "GET / HTTP/1.1" 200 16327 "http://eroto4ka.ru/" "Mozilla/4.0 (compatible- MSIE 6.0- Windows NT 5.1- SV1- .NET CLR 1.1.4322"
199.21.99.96 - - [19/Aug/2013:16:25:25 -0400] "GET /378/images/content_03.jpg HTTP/1.1" 304 - "-" "Mozilla/5.0 (compatible; YandexImages/3.0; +http://yandex.com/bots)"
66.249.75.114 - - [19/Aug/2013:14:42:55 -0400] "GET /managementteams.html HTTP/1.1" 200 26197 "-" "Mozilla/5.0 (compatible; Googlebot/2.1; +http://www.google.com/bot.html)"
157.55.32.99 - - [19/Aug/2013:20:54:12 -0400] "GET /378/images/content_08.jpg HTTP/1.1" 200 1236 "-" "Mozilla/5.0 (compatible; bingbot/2.0; +http://www.bing.com/bingbot.htm)"
192.34.58.199 - - [19/Aug/2013:23:31:05 -0400] "GET /howyoubenefit.html HTTP/1.1" 200 24162 "-" "Mozilla/5.0 (Windows NT 6.1; WOW64; rv:21.0) Gecko/20100101 Firefox/21.0"
184.154.48.82 - - [19/Aug/2013:14:36:36 -0400] "GET / HTTP/1.0" 200 16327 "-" "Mozilla/5.0 (compatible; MJ12bot/v1.4.3; http://www.majestic12.co.uk/bot.php?+)"
93.159.230.88 - - [19/Aug/2013:20:48:24 -0400] "GET /scripts/ic_globals_published.js HTTP/1.1" 200 566 "http://libertytransnational.com/" "Mozilla/4.0 (compatible; MSIE 7.0; Windows NT 6.1; Trident/4.0; SLCC2; .NET CLR 2.0.50727; .NET CLR 3.5.30729; .NET CLR 3.0.30729; Media Center PC 6.0; .NET CLR 1.0.3705; .NET CLR 1.1.4322; .NET4.0C; .NET4.0E; InfoPath.2; MS-RTC LM 8)"
81.144.138.34 - - [19/Aug/2013:03:18:16 -0400] "GET /howyoubenefit.html HTTP/1.1" 200 24162 "-" "Wotbox/2.01 (+http://www.wotbox.com/bot/)"
217.212.224.181 - - [19/Aug/2013:05:55:51 -0400] "GET /pages/1/index.htm HTTP/1.0" 304 - "-" "psbot/0.1 (+http://www.picsearch.com/bot.html)"
173.199.116.83 - - [19/Aug/2013:10:03:28 -0400] "GET / HTTP/1.1" 200 16327 "-" "Mozilla/5.0 (compatible; AhrefsBot/4.0; +http://ahrefs.com/robot/)"
46.119.118.152 - - [19/Aug/2013:18:25:29 -0400] "GET / HTTP/1.1" 200 16327 "http://www.koskam.ru/" "Opera/9.0 (Windows NT 5.1; U; en)"
157.55.32.114 - - [19/Aug/2013:20:38:51 -0400] "GET /378/images/content_03.jpg HTTP/1.1" 200 2072 "-" "Mozilla/5.0 (compatible; bingbot/2.0; +http://www.bing.com/bingbot.htm)"
81.144.138.34 - - [19/Aug/2013:03:18:21 -0400] "GET /compensation.html HTTP/1.1" 200 12313 "-" "Wotbox/2.01 (+http://www.wotbox.com/bot/)"
182.118.48.183 - - [19/Aug/2013:10:03:19 -0400] "GET /378/scripts/icwebsiteelement.css HTTP/1.1" 200 8132 "http://www.libertytransnational.com/" "Mozilla/4.0 (compatible; MSIE 8.0; Windows NT 5.1; Trident/4.0)"
182.118.48.183 - - [19/Aug/2013:10:03:19 -0400] "GET /scripts/photoalbum.js HTTP/1.1" 200 62295 "http://www.libertytransnational.com/" "Mozilla/4.0 (compatible; MSIE 8.0; Windows NT 5.1; Trident/4.0)"
66.249.75.114 - - [19/Aug/2013:02:54:18 -0400] "GET / HTTP/1.1" 200 16327 "-" "Mozilla/5.0 (iPhone; U; CPU iPhone OS 4_1 like Mac OS X; en-us) AppleWebKit/532.9 (KHTML, like Gecko) Version/4.0.5 Mobile/8B117 Safari/6531.22.7 (compatible; Googlebot-Mobile/2.1; +http://www.google.com/bot.html)"
81.144.138.34 - - [19/Aug/2013:03:17:37 -0400] "GET /robots.txt HTTP/1.1" 200 25 "-" "Wotbox/2.01 (+http://www.wotbox.com/bot/)"
157.55.32.145 - - [19/Aug/2013:20:39:31 -0400] "GET /378/images/7/slogan.jpg HTTP/1.1" 200 8047 "-" "Mozilla/5.0 (compatible; bingbot/2.0; +http://www.bing.com/bingbot.htm)"
66.249.75.62 - - [19/Aug/2013:01:11:35 -0400] "GET / HTTP/1.1" 200 16327 "-" "Mozilla/5.0 (iPhone; U; CPU iPhone OS 4_1 like Mac OS X; en-us) AppleWebKit/532.9 (KHTML, like Gecko) Version/4.0.5 Mobile/8B117 Safari/6531.22.7 (compatible; Googlebot-Mobile/2.1; +http://www.google.com/bot.html)"
157.55.32.114 - - [19/Aug/2013:20:38:52 -0400] "GET /378/scripts/master.css HTTP/1.1" 200 1951 "-" "Mozilla/5.0 (compatible; bingbot/2.0; +http://www.bing.com/bingbot.htm)"
91.207.9.226 - - [19/Aug/2013:13:53:49 -0400] "GET / HTTP/1.1" 200 16327 "http://s808.ru/" "Mozilla/4.0 (compatible; MSIE 6.0; Windows NT 5.1; .NET CLR 1.1.4322; FDM)"
66.249.75.114 - - [19/Aug/2013:14:55:31 -0400] "GET /378/scripts/icwebsiteelement.css HTTP/1.1" 200 8132 "-" "Mozilla/5.0 (compatible; Googlebot/2.1; +http://www.google.com/bot.html)"
202.46.48.37 - - [19/Aug/2013:11:52:41 -0400] "GET /pages/14/ HTTP/1.1" 200 12271 "-" "Mozilla/5.0 (Windows NT 5.1; rv:6.0.2) Gecko/20100101 Firefox/6.0.2"
91.207.9.226 - - [19/Aug/2013:13:53:49 -0400] "GET / HTTP/1.1" 200 16327 "http://s808.ru/" "Mozilla/4.0 (compatible; MSIE 6.0; Windows NT 5.1; .NET CLR 1.1.4322; FDM)"
173.236.21.106 - - [19/Aug/2013:13:55:36 -0400] "GET /robots.txt HTTP/1.0" 200 25 "-" "Mozilla/5.0 (compatible; MJ12bot/v1.4.3; http://www.majestic12.co.uk/bot.php?+)"
81.144.138.34 - - [19/Aug/2013:03:19:06 -0400] "GET /jeffreycsanders.html HTTP/1.1" 200 23020 "-" "Wotbox/2.01 (+http://www.wotbox.com/bot/)"
54.226.216.161 - - [19/Aug/2013:04:22:25 -0400] "GET / HTTP/1.1" 200 16327 "-" "Mozilla/5.0 (Windows NT 6.1; rv:20.0) Gecko/20100101 Firefox/20.0"
205.178.190.76 - - [19/Aug/2013:05:18:12 -0400] "GET / HTTP/1.0" 200 16327 "-" "Mozilla/4.0 (compatible; MSIE 6.0; Windows NT 5.1; SV1; .NET CLR 1.1.4322; .NET CLR 2.0.50727; InfoPath.1)"
81.144.138.34 - - [19/Aug/2013:03:17:47 -0400] "GET / HTTP/1.1" 200 16327 "-" "Wotbox/2.01 (+http://www.wotbox.com/bot/)"
81.144.138.34 - - [19/Aug/2013:03:17:53 -0400] "GET /home.html HTTP/1.1" 200 16327 "-" "Wotbox/2.01 (+http://www.wotbox.com/bot/)"
208.115.111.71 - - [19/Aug/2013:05:57:52 -0400] "GET /corporatesellers.html HTTP/1.1" 200 31896 "-" "Mozilla/5.0 (compatible; Ezooms/1.0; ezooms.bot@gmail.com)"
157.55.32.114 - - [19/Aug/2013:20:37:59 -0400] "GET /pages/7/index.htm HTTP/1.1" 200 24287 "-" "Mozilla/5.0 (compatible; bingbot/2.0; +http://www.bing.com/bingbot.htm)"
157.56.93.150 - - [19/Aug/2013:20:53:10 -0400] "GET /378/images/09b.jpg HTTP/1.1" 200 834 "-" "Mozilla/5.0 (compatible; bingbot/2.0; +http://www.bing.com/bingbot.htm)"
66.249.75.114 - - [19/Aug/2013:14:42:55 -0400] "GET /robots.txt HTTP/1.1" 200 25 "-" "Mozilla/5.0 (compatible; Googlebot/2.1; +http://www.google.com/bot.html)"
81.144.138.34 - - [19/Aug/2013:03:18:10 -0400] "GET /sectorsofinterest.html HTTP/1.1" 200 27586 "-" "Wotbox/2.01 (+http://www.wotbox.com/bot/)"
173.236.21.106 - - [19/Aug/2013:13:55:37 -0400] "GET / HTTP/1.0" 200 16327 "-" "Mozilla/5.0 (compatible; MJ12bot/v1.4.3; http://www.majestic12.co.uk/bot.php?+)"
46.118.126.194 - - [19/Aug/2013:18:40:57 -0400] "GET / HTTP/1.1" 200 16327 "http://www.wood-expert.ru/" "Opera/9.00 (Windows NT 4.0; U; en)"
81.144.138.34 - - [19/Aug/2013:03:18:04 -0400] "GET /capabilities.html HTTP/1.1" 200 31267 "-" "Wotbox/2.01 (+http://www.wotbox.com/bot/)"
198.199.66.173 - - [19/Aug/2013:08:01:53 -0400] "GET /aboutus.html HTTP/1.1" 200 17977 "-" "Mozilla/5.0 (Windows NT 6.1; WOW64; rv:21.0) Gecko/20100101 Firefox/21.0"
220.181.108.82 - - [19/Aug/2013:21:08:18 -0400] "GET /scripts/user.js HTTP/1.1" 200 23762 "http://libertytransnational.com/executivesbios.html" "Mozilla/5.0 (X11; U; Linux x86_64; en-US; rv:1.9) Gecko Minefield/3.0"
157.55.32.145 - - [19/Aug/2013:20:39:31 -0400] "GET /378/images/07b.jpg HTTP/1.1" 200 3987 "-" "Mozilla/5.0 (compatible; bingbot/2.0; +http://www.bing.com/bingbot.htm)"
46.118.126.194 - - [19/Aug/2013:18:40:57 -0400] "GET / HTTP/1.1" 200 16327 "http://remdizain.ru/" "Opera/9.00 (Windows NT 4.0; U; en)"
46.118.126.194 - - [19/Aug/2013:18:40:58 -0400] "GET / HTTP/1.1" 200 16327 "http://www.wood-expert.ru/" "Opera/9.00 (Windows NT 4.0; U; en)"
54.226.23.243 - - [19/Aug/2013:00:21:51 -0400] "GET / HTTP/1.1" 200 16327 "-" "Mozilla/5.0 (Windows; U; Windows NT 6.0; en-US; rv:1.9.2.3) Gecko/20100401 Firefox/3.6.3 GTB6 (.NET CLR 3.5.30729)"
81.144.138.34 - - [19/Aug/2013:03:18:50 -0400] "GET /managementteams.html HTTP/1.1" 200 26197 "-" "Wotbox/2.01 (+http://www.wotbox.com/bot/)"
208.115.111.71 - - [19/Aug/2013:04:38:47 -0400] "GET /robots.txt HTTP/1.1" 200 25 "-" "Mozilla/5.0 (compatible; Ezooms/1.0; ezooms.bot@gmail.com)"
199.21.99.96 - - [19/Aug/2013:03:45:38 -0400] "GET /378/images/05a.jpg HTTP/1.1" 304 - "-" "Mozilla/5.0 (compatible; YandexImages/3.0; +http://yandex.com/bots)"
157.56.93.150 - - [19/Aug/2013:20:53:09 -0400] "GET /378/images/bg.jpg HTTP/1.1" 200 342 "-" "Mozilla/5.0 (compatible; bingbot/2.0; +http://www.bing.com/bingbot.htm)"
107.21.146.90 - - [19/Aug/2013:03:25:00 -0400] "GET / HTTP/1.1" 200 16327 "-" "Mozilla/5.0 (Windows; U; Windows NT 6.0; en-US; rv:1.9.2.3) Gecko/20100401 Firefox/3.6.3 GTB6 (.NET CLR 3.5.30729)"
157.55.32.99 - - [19/Aug/2013:20:40:10 -0400] "GET /378/images/02b.jpg HTTP/1.1" 200 3197 "-" "Mozilla/5.0 (compatible; bingbot/2.0; +http://www.bing.com/bingbot.htm)"
157.55.32.145 - - [19/Aug/2013:20:52:50 -0400] "GET /378/images/motif01.jpg HTTP/1.1" 200 14966 "-" "Mozilla/5.0 (compatible; bingbot/2.0; +http://www.bing.com/bingbot.htm)"
198.199.66.173 - - [19/Aug/2013:08:01:09 -0400] "GET / HTTP/1.1" 200 16327 "-" "Mozilla/5.0 (Windows NT 6.1; WOW64; rv:21.0) Gecko/20100101 Firefox/21.0"
198.199.66.173 - - [19/Aug/2013:08:01:53 -0400] "GET /home.html HTTP/1.1" 200 16327 "-" "Mozilla/5.0 (Windows NT 6.1; WOW64; rv:21.0) Gecko/20100101 Firefox/21.0"
46.119.118.152 - - [19/Aug/2013:13:00:35 -0400] "GET / HTTP/1.1" 200 16327 "http://master-muznachas.ru/" "Opera/9.00 (Windows NT 4.0; U; en)"
198.199.66.173 - - [19/Aug/2013:08:01:53 -0400] "GET /sectorsofinterest.html HTTP/1.1" 200 27586 "-" "Mozilla/5.0 (Windows NT 6.1; WOW64; rv:21.0) Gecko/20100101 Firefox/21.0"
199.21.99.96 - - [19/Aug/2013:15:47:43 -0400] "GET /378/images/05a.jpg HTTP/1.1" 304 - "-" "Mozilla/5.0 (compatible; YandexImages/3.0; +http://yandex.com/bots)"
157.55.32.145 - - [19/Aug/2013:18:19:41 -0400] "GET /howyoubenefit.html HTTP/1.1" 200 24162 "-" "Mozilla/5.0 (compatible; bingbot/2.0; +http://www.bing.com/bingbot.htm)"
192.34.58.199 - - [19/Aug/2013:23:31:00 -0400] "GET /scripts/photoalbum.js HTTP/1.1" 200 62295 "-" "Mozilla/5.0 (Windows NT 6.1; WOW64; rv:21.0) Gecko/20100101 Firefox/21.0"
192.34.58.199 - - [19/Aug/2013:23:31:05 -0400] "GET /capabilities.html HTTP/1.1" 200 31267 "-" "Mozilla/5.0 (Windows NT 6.1; WOW64; rv:21.0) Gecko/20100101 Firefox/21.0"
157.55.32.99 - - [19/Aug/2013:20:40:11 -0400] "GET /378/images/content_04.jpg HTTP/1.1" 200 4415 "-" "Mozilla/5.0 (compatible; bingbot/2.0; +http://www.bing.com/bingbot.htm)"
93.159.230.88 - - [19/Aug/2013:20:48:24 -0400] "GET /378/scripts/icwebsiteelement.css HTTP/1.1" 200 8132 "http://libertytransnational.com/" "Mozilla/4.0 (compatible; MSIE 7.0; Windows NT 6.1; Trident/4.0; SLCC2; .NET CLR 2.0.50727; .NET CLR 3.5.30729; .NET CLR 3.0.30729; Media Center PC 6.0; .NET CLR 1.0.3705; .NET CLR 1.1.4322; .NET4.0C; .NET4.0E; InfoPath.2; MS-RTC LM 8)"
192.34.58.199 - - [19/Aug/2013:23:31:00 -0400] "GET /scripts/user.js HTTP/1.1" 200 23762 "-" "Mozilla/5.0 (Windows NT 6.1; WOW64; rv:21.0) Gecko/20100101 Firefox/21.0"
192.34.58.199 - - [19/Aug/2013:23:31:05 -0400] "GET /contactus.html HTTP/1.1" 200 22721 "-" "Mozilla/5.0 (Windows NT 6.1; WOW64; rv:21.0) Gecko/20100101 Firefox/21.0"
220.181.108.116 - - [19/Aug/2013:21:08:11 -0400] "GET /executivesbios.html HTTP/1.1" 200 19773 "-" "Mozilla/5.0 (compatible; Baiduspider/2.0; +http://www.baidu.com/search/spider.html)"
199.30.24.42 - - [19/Aug/2013:21:39:22 -0400] "GET /scripts/user.js HTTP/1.1" 200 23762 "http://www.libertytransnational.com/pages/7/index.htm" "Mozilla/5.0 (Windows NT 6.1; WOW64) AppleWebKit/534+ (KHTML, like Gecko) BingPreview/1.0b"
199.30.24.42 - - [19/Aug/2013:21:39:23 -0400] "GET /378/images/company.jpg HTTP/1.1" 200 10264 "http://www.libertytransnational.com/pages/7/index.htm" "Mozilla/5.0 (Windows NT 6.1; WOW64) AppleWebKit/534+ (KHTML, like Gecko) BingPreview/1.0b"
199.30.24.42 - - [19/Aug/2013:21:39:23 -0400] "GET /378/images/02a.jpg HTTP/1.1" 200 3042 "http://www.libertytransnational.com/pages/7/index.htm" "Mozilla/5.0 (Windows NT 6.1; WOW64) AppleWebKit/534+ (KHTML, like Gecko) BingPreview/1.0b"
199.30.24.42 - - [19/Aug/2013:21:39:23 -0400] "GET /378/images/05a.jpg HTTP/1.1" 200 4058 "http://www.libertytransnational.com/pages/7/index.htm" "Mozilla/5.0 (Windows NT 6.1; WOW64) AppleWebKit/534+ (KHTML, like Gecko) BingPreview/1.0b"
199.30.24.42 - - [19/Aug/2013:21:39:24 -0400] "GET /378/images/02b.jpg HTTP/1.1" 200 3197 "http://www.libertytransnational.com/pages/7/index.htm" "Mozilla/5.0 (Windows NT 6.1; WOW64) AppleWebKit/534+ (KHTML, like Gecko) BingPreview/1.0b"
192.34.58.199 - - [19/Aug/2013:23:31:00 -0400] "GET /../scripts/ic_globals_published.js HTTP/1.1" 400 226 "-" "Mozilla/5.0 (Windows NT 6.1; WOW64; rv:21.0) Gecko/20100101 Firefox/21.0"
192.34.58.199 - - [19/Aug/2013:23:31:05 -0400] "GET /compensation.html HTTP/1.1" 200 12313 "-" "Mozilla/5.0 (Windows NT 6.1; WOW64; rv:21.0) Gecko/20100101 Firefox/21.0"
157.55.32.114 - - [19/Aug/2013:20:36:43 -0400] "GET /robots.txt HTTP/1.1" 200 25 "-" "Mozilla/5.0 (compatible; bingbot/2.0; +http://www.bing.com/bingbot.htm)"
157.55.32.145 - - [19/Aug/2013:20:52:48 -0400] "GET /378/images/04a.jpg HTTP/1.1" 200 4187 "-" "Mozilla/5.0 (compatible; bingbot/2.0; +http://www.bing.com/bingbot.htm)"
198.199.66.173 - - [19/Aug/2013:08:01:41 -0400] "GET /scripts/photoalbum.js HTTP/1.1" 200 62295 "-" "Mozilla/5.0 (Windows NT 6.1; WOW64; rv:21.0) Gecko/20100101 Firefox/21.0"
81.144.138.34 - - [19/Aug/2013:03:18:32 -0400] "GET /contactus.html HTTP/1.1" 200 22721 "-" "Wotbox/2.01 (+http://www.wotbox.com/bot/)"
199.21.99.96 - - [19/Aug/2013:22:02:41 -0400] "GET /378/images/08a.jpg HTTP/1.1" 304 - "-" "Mozilla/5.0 (compatible; YandexImages/3.0; +http://yandex.com/bots)"
192.34.58.199 - - [19/Aug/2013:23:30:43 -0400] "GET / HTTP/1.1" 200 16327 "-" "Mozilla/5.0 (Windows NT 6.1; WOW64; rv:21.0) Gecko/20100101 Firefox/21.0"
192.34.58.199 - - [19/Aug/2013:23:31:05 -0400] "GET /sectorsofinterest.html HTTP/1.1" 200 27586 "-" "Mozilla/5.0 (Windows NT 6.1; WOW64; rv:21.0) Gecko/20100101 Firefox/21.0"
46.118.126.194 - - [19/Aug/2013:18:40:59 -0400] "GET / HTTP/1.1" 200 16327 "http://remdizain.ru/" "Opera/9.00 (Windows NT 4.0; U; en)"
157.56.93.150 - - [19/Aug/2013:20:53:12 -0400] "GET /378/images/spacer.gif HTTP/1.1" 200 43 "-" "Mozilla/5.0 (compatible; bingbot/2.0; +http://www.bing.com/bingbot.htm)"
157.55.32.99 - - [19/Aug/2013:20:54:13 -0400] "GET /images/175_newest_pic_chuck02.jpg HTTP/1.1" 200 3690 "-" "Mozilla/5.0 (compatible; bingbot/2.0; +http://www.bing.com/bingbot.htm)"
46.119.118.152 - - [19/Aug/2013:13:00:35 -0400] "GET / HTTP/1.1" 200 16327 "http://master-muznachas.ru/" "Opera/9.00 (Windows NT 4.0; U; en)"
180.76.6.231 - - [19/Aug/2013:13:16:49 -0400] "GET /jeffreycsanders.html HTTP/1.1" 200 23020 "-" "Mozilla/5.0 (compatible; Baiduspider/2.0; +http://www.baidu.com/search/spider.html)"
91.207.9.226 - - [19/Aug/2013:13:53:17 -0400] "GET / HTTP/1.1" 200 16327 "http://eroto4ka.ru/" "Mozilla/4.0 (compatible- MSIE 6.0- Windows NT 5.1- SV1- .NET CLR 1.1.4322"
199.21.99.96 - - [19/Aug/2013:09:58:25 -0400] "GET /378/images/07a.jpg HTTP/1.1" 304 - "-" "Mozilla/5.0 (compatible; YandexImages/3.0; +http://yandex.com/bots)"
182.118.48.183 - - [19/Aug/2013:10:03:19 -0400] "GET /scripts/user.js HTTP/1.1" 200 23762 "http://www.libertytransnational.com/" "Mozilla/4.0 (compatible; MSIE 8.0; Windows NT 5.1; Trident/4.0)"
81.144.138.34 - - [19/Aug/2013:03:18:55 -0400] "GET /groupsseekingcapital.html HTTP/1.1" 200 30017 "-" "Wotbox/2.01 (+http://www.wotbox.com/bot/)"
125.209.208.3 - - [19/Aug/2013:05:24:08 -0400] "GET / HTTP/1.1" 200 16327 "-" "Yeti/1.0 (NHN Corp.; http://help.naver.com/robots/)"
157.55.32.99 - - [19/Aug/2013:18:18:52 -0400] "GET /executivesbios.html HTTP/1.1" 200 19773 "-" "Mozilla/5.0 (compatible; bingbot/2.0; +http://www.bing.com/bingbot.htm)"
184.154.48.82 - - [19/Aug/2013:14:36:35 -0400] "GET /robots.txt HTTP/1.0" 200 25 "-" "Mozilla/5.0 (compatible; MJ12bot/v1.4.3; http://www.majestic12.co.uk/bot.php?+)"
220.181.108.90 - - [19/Aug/2013:21:08:19 -0400] "GET /scripts/photoalbum.js HTTP/1.1" 200 62295 "http://libertytransnational.com/executivesbios.html" "Mozilla/5.0 (X11; U; Linux x86_64; en-US; rv:1.9) Gecko Minefield/3.0"
199.30.24.42 - - [19/Aug/2013:21:39:23 -0400] "GET /378/images/01a.jpg HTTP/1.1" 200 2591 "http://www.libertytransnational.com/pages/7/index.htm" "Mozilla/5.0 (Windows NT 6.1; WOW64) AppleWebKit/534+ (KHTML, like Gecko) BingPreview/1.0b"
199.30.24.42 - - [19/Aug/2013:21:39:23 -0400] "GET /378/images/07a.jpg HTTP/1.1" 200 3898 "http://www.libertytransnational.com/pages/7/index.htm" "Mozilla/5.0 (Windows NT 6.1; WOW64) AppleWebKit/534+ (KHTML, like Gecko) BingPreview/1.0b"
199.30.24.42 - - [19/Aug/2013:21:39:24 -0400] "GET /378/images/06b.jpg HTTP/1.1" 200 3838 "http://www.libertytransnational.com/pages/7/index.htm" "Mozilla/5.0 (Windows NT 6.1; WOW64) AppleWebKit/534+ (KHTML, like Gecko) BingPreview/1.0b"
199.30.24.42 - - [19/Aug/2013:21:39:25 -0400] "GET /378/images/content_bg.jpg HTTP/1.1" 200 471 "http://www.libertytransnational.com/pages/7/index.htm" "Mozilla/5.0 (Windows NT 6.1; WOW64) AppleWebKit/534+ (KHTML, like Gecko) BingPreview/1.0b"
81.144.138.34 - - [19/Aug/2013:03:19:01 -0400] "GET /charlesjpayerjr.html HTTP/1.1" 200 22020 "-" "Wotbox/2.01 (+http://www.wotbox.com/bot/)"
199.21.99.96 - - [19/Aug/2013:16:22:35 -0400] "GET /378/images/02a.jpg HTTP/1.1" 304 - "-" "Mozilla/5.0 (compatible; YandexImages/3.0; +http://yandex.com/bots)"
46.119.118.152 - - [19/Aug/2013:13:00:36 -0400] "GET / HTTP/1.1" 200 16327 "http://master-muznachas.ru/" "Opera/9.00 (Windows NT 4.0; U; en)"
93.159.230.88 - - [19/Aug/2013:20:48:22 -0400] "GET / HTTP/1.1" 200 16327 "-" "Mozilla/4.0 (compatible; MSIE 7.0; Windows NT 6.1; Trident/4.0; SLCC2; .NET CLR 2.0.50727; .NET CLR 3.5.30729; .NET CLR 3.0.30729; Media Center PC 6.0; .NET CLR 1.0.3705; .NET CLR 1.1.4322; .NET4.0C; .NET4.0E; InfoPath.2; MS-RTC LM 8)"
93.159.230.88 - - [19/Aug/2013:20:48:24 -0400] "GET /378/scripts/master.css HTTP/1.1" 200 1951 "http://libertytransnational.com/" "Mozilla/4.0 (compatible; MSIE 7.0; Windows NT 6.1; Trident/4.0; SLCC2; .NET CLR 2.0.50727; .NET CLR 3.5.30729; .NET CLR 3.0.30729; Media Center PC 6.0; .NET CLR 1.0.3705; .NET CLR 1.1.4322; .NET4.0C; .NET4.0E; InfoPath.2; MS-RTC LM 8)"
93.159.230.88 - - [19/Aug/2013:20:48:24 -0400] "GET /scripts/photoalbum.js HTTP/1.1" 200 62295 "http://libertytransnational.com/" "Mozilla/4.0 (compatible; MSIE 7.0; Windows NT 6.1; Trident/4.0; SLCC2; .NET CLR 2.0.50727; .NET CLR 3.5.30729; .NET CLR 3.0.30729; Media Center PC 6.0; .NET CLR 1.0.3705; .NET CLR 1.1.4322; .NET4.0C; .NET4.0E; InfoPath.2; MS-RTC LM 8)"
93.159.230.88 - - [19/Aug/2013:20:48:24 -0400] "GET /scripts/user.js HTTP/1.1" 200 23762 "http://libertytransnational.com/" "Mozilla/4.0 (compatible; MSIE 7.0; Windows NT 6.1; Trident/4.0; SLCC2; .NET CLR 2.0.50727; .NET CLR 3.5.30729; .NET CLR 3.0.30729; Media Center PC 6.0; .NET CLR 1.0.3705; .NET CLR 1.1.4322; .NET4.0C; .NET4.0E; InfoPath.2; MS-RTC LM 8)"
157.56.93.150 - - [19/Aug/2013:20:53:11 -0400] "GET /378/images/01b.jpg HTTP/1.1" 200 2756 "-" "Mozilla/5.0 (compatible; bingbot/2.0; +http://www.bing.com/bingbot.htm)"