0byt3m1n1
Path:
/
data
/
0
/
0
/
72
/
1
/
72816
/
meta
/
74078
/
logs
/
[
Home
]
File: x-access_log.2014-06-20
66.249.67.179 - - [20/Jun/2014:09:09:01 -0400] "GET /contactus.html HTTP/1.1" 200 22721 "-" "Mozilla/5.0 (iPhone; CPU iPhone OS 6_0 like Mac OS X) AppleWebKit/536.26 (KHTML, like Gecko) Version/6.0 Mobile/10A5376e Safari/8536.25 (compatible; Googlebot/2.1; +http://www.google.com/bot.html)"
46.118.155.40 - - [20/Jun/2014:12:42:47 -0400] "GET /charlesjpayerjr.html HTTP/1.1" 200 22020 "http://hifidesign.ru/" "Mozilla/4.0 (compatible; MSIE 6.0; Windows NT 5.1; SV1; MRA 4.6 (build 01425); MRSPUTNIK 1, 5, 0, 19 SW)"
187.198.81.146 - - [20/Jun/2014:21:14:00 -0400] "GET / HTTP/1.1" 200 16327 "http://semalt.semalt.com/crawler.php?u=http://libertytransnational.com" "Mozilla/5.0 (Windows NT 6.1; WOW64) AppleWebKit/537.36 (KHTML, like Gecko) Chrome/32.0.1700.107 Safari/537.36"
50.100.84.64 - - [20/Jun/2014:10:07:31 -0400] "GET /contactus.html HTTP/1.1" 200 22721 "http://libertytransnational.com/" "Mozilla/5.0 (Windows NT 6.3; WOW64; Trident/7.0; Touch; MDDCJS; rv:11.0) like Gecko"
50.100.84.64 - - [20/Jun/2014:10:07:32 -0400] "GET /378/images/6/slogan.jpg HTTP/1.1" 200 5536 "http://libertytransnational.com/contactus.html" "Mozilla/5.0 (Windows NT 6.3; WOW64; Trident/7.0; Touch; MDDCJS; rv:11.0) like Gecko"
193.150.120.14 - - [20/Jun/2014:04:21:46 -0400] "GET /charlesjpayerjr.html HTTP/1.1" 200 22020 "http://www.vniitest.ru/" "Mozilla/4.0 (compatible; MSIE 6.0; Windows NT 5.0; KTXN)"
199.30.20.7 - - [20/Jun/2014:04:55:17 -0400] "GET /378/images/02a.jpg HTTP/1.1" 200 3042 "-" "msnbot-media/1.1 (+http://search.msn.com/msnbot.htm)"
182.64.41.253 - - [20/Jun/2014:06:20:36 -0400] "GET /favicon.ico HTTP/1.1" 404 575 "-" "Mozilla/5.0 (Windows; U; Windows NT 5.1; en-US; rv:1.9.2.19) Gecko/20110707 Firefox/3.6.19 GTB7.1"
187.198.81.146 - - [20/Jun/2014:21:14:01 -0400] "GET /scripts/user.js HTTP/1.1" 200 23762 "http://libertytransnational.com/" "Mozilla/5.0 (Windows NT 6.1; WOW64) AppleWebKit/537.36 (KHTML, like Gecko) Chrome/32.0.1700.107 Safari/537.36"
50.100.84.64 - - [20/Jun/2014:10:07:18 -0400] "GET /378/scripts/master.css HTTP/1.1" 200 1951 "http://libertytransnational.com/" "Mozilla/5.0 (Windows NT 6.3; WOW64; Trident/7.0; Touch; MDDCJS; rv:11.0) like Gecko"
50.100.84.64 - - [20/Jun/2014:10:07:18 -0400] "GET /378/images/bg.jpg HTTP/1.1" 200 342 "http://libertytransnational.com/" "Mozilla/5.0 (Windows NT 6.3; WOW64; Trident/7.0; Touch; MDDCJS; rv:11.0) like Gecko"
50.100.84.64 - - [20/Jun/2014:10:07:18 -0400] "GET /378/images/motif01.jpg HTTP/1.1" 200 14966 "http://libertytransnational.com/" "Mozilla/5.0 (Windows NT 6.3; WOW64; Trident/7.0; Touch; MDDCJS; rv:11.0) like Gecko"
50.100.84.64 - - [20/Jun/2014:10:07:19 -0400] "GET /images/190_pic_compass02a.jpg HTTP/1.1" 200 4482 "http://libertytransnational.com/" "Mozilla/5.0 (Windows NT 6.3; WOW64; Trident/7.0; Touch; MDDCJS; rv:11.0) like Gecko"
50.100.84.64 - - [20/Jun/2014:10:07:19 -0400] "GET /378/images/06a.jpg HTTP/1.1" 200 3709 "http://libertytransnational.com/" "Mozilla/5.0 (Windows NT 6.3; WOW64; Trident/7.0; Touch; MDDCJS; rv:11.0) like Gecko"
50.100.84.64 - - [20/Jun/2014:10:07:19 -0400] "GET /378/images/04b.jpg HTTP/1.1" 200 4260 "http://libertytransnational.com/" "Mozilla/5.0 (Windows NT 6.3; WOW64; Trident/7.0; Touch; MDDCJS; rv:11.0) like Gecko"
50.100.84.64 - - [20/Jun/2014:10:07:19 -0400] "GET /378/images/content_bg.jpg HTTP/1.1" 200 471 "http://libertytransnational.com/" "Mozilla/5.0 (Windows NT 6.3; WOW64; Trident/7.0; Touch; MDDCJS; rv:11.0) like Gecko"
182.64.41.253 - - [20/Jun/2014:06:36:56 -0400] "GET /378/images/company.jpg HTTP/1.1" 200 10264 "http://www.libertytransnational.com/contactus.html" "Mozilla/5.0 (Windows; U; Windows NT 5.1; en-US; rv:1.9.2.19) Gecko/20110707 Firefox/3.6.19 GTB7.1"
46.119.120.207 - - [20/Jun/2014:17:40:42 -0400] "GET /charlesjpayerjr.html HTTP/1.1" 200 22020 "http://narutonaruto.ru/" "Mozilla/4.0 (compatible; MSIE 6.0; Windows NT 5.1; Maxthon; .NET CLR 1.1.4322)"
83.149.126.98 - - [20/Jun/2014:10:18:14 -0400] "GET / HTTP/1.0" 200 16327 "-" "Mozilla/5.0 (compatible; MJ12bot/v1.4.5; http://www.majestic12.co.uk/bot.php?+)"
220.181.108.152 - - [20/Jun/2014:04:32:59 -0400] "GET /378/scripts/master.css HTTP/1.1" 200 1951 "-" "Mozilla/5.0 (compatible; Baiduspider/2.0; +http://www.baidu.com/search/spider.html)"
193.150.120.14 - - [20/Jun/2014:04:44:40 -0400] "GET /charlesjpayerjr.html HTTP/1.1" 200 22020 "http://best-poppers.com/" "Mozilla/3.0 (compatible; WebCapture 2.0; Auto; Windows)"
182.64.41.253 - - [20/Jun/2014:06:17:17 -0400] "GET /378/scripts/icwebsiteelement.css HTTP/1.1" 200 8132 "http://www.libertytransnational.com/contactus.html" "Mozilla/5.0 (Windows; U; Windows NT 5.1; en-US; rv:1.9.2.19) Gecko/20110707 Firefox/3.6.19 GTB7.1"
182.64.41.253 - - [20/Jun/2014:06:17:18 -0400] "GET /378/images/02a.jpg HTTP/1.1" 200 3042 "http://www.libertytransnational.com/contactus.html" "Mozilla/5.0 (Windows; U; Windows NT 5.1; en-US; rv:1.9.2.19) Gecko/20110707 Firefox/3.6.19 GTB7.1"
187.198.81.146 - - [20/Jun/2014:21:14:07 -0400] "GET /378/images/spacer.gif HTTP/1.1" 200 43 "http://libertytransnational.com/" "Mozilla/5.0 (Windows NT 6.1; WOW64) AppleWebKit/537.36 (KHTML, like Gecko) Chrome/32.0.1700.107 Safari/537.36"
187.198.81.146 - - [20/Jun/2014:21:14:08 -0400] "GET /378/images/04b.jpg HTTP/1.1" 200 4260 "http://libertytransnational.com/" "Mozilla/5.0 (Windows NT 6.1; WOW64) AppleWebKit/537.36 (KHTML, like Gecko) Chrome/32.0.1700.107 Safari/537.36"
187.198.81.146 - - [20/Jun/2014:21:14:09 -0400] "GET /378/images/10b.jpg HTTP/1.1" 200 834 "http://libertytransnational.com/" "Mozilla/5.0 (Windows NT 6.1; WOW64) AppleWebKit/537.36 (KHTML, like Gecko) Chrome/32.0.1700.107 Safari/537.36"
66.249.67.179 - - [20/Jun/2014:09:16:18 -0400] "GET /378/scripts/master.css HTTP/1.1" 200 1951 "-" "Mozilla/5.0 (compatible; Googlebot/2.1; +http://www.google.com/bot.html)"
50.100.84.64 - - [20/Jun/2014:10:08:41 -0400] "GET /images/1_clearpixel.gif HTTP/1.1" 200 43 "http://libertytransnational.com/aboutus.html" "Mozilla/5.0 (Windows NT 6.3; WOW64; Trident/7.0; Touch; MDDCJS; rv:11.0) like Gecko"
180.76.5.73 - - [20/Jun/2014:00:28:00 -0400] "GET / HTTP/1.1" 304 - "-" "Mozilla/5.0 (compatible; Baiduspider/2.0; +http://www.baidu.com/search/spider.html)"
46.119.120.207 - - [20/Jun/2014:18:14:34 -0400] "GET /charlesjpayerjr.html HTTP/1.1" 200 22020 "http://schellenberg.center/" "Mozilla/6.0 (compatible; MSIE 7.0a1; Windows NT 5.2; SV1)"
157.55.39.34 - - [20/Jun/2014:08:14:47 -0400] "GET /robots.txt HTTP/1.1" 200 25 "-" "Mozilla/5.0 (compatible; bingbot/2.0; +http://www.bing.com/bingbot.htm)"
109.120.157.179 - - [20/Jun/2014:12:43:33 -0400] "GET / HTTP/1.1" 200 16327 "http://russ-tractor.ru/" "Mozilla/5.0 (compatible; Add Catalog/2.1;)"
92.249.127.111 - - [20/Jun/2014:17:02:03 -0400] "GET /charlesjpayerjr.html HTTP/1.1" 200 22020 "http://chimiver.info/" "Mozilla/4.0 (compatible; MSIE 6.0; Windows NT 5.1; SV1)"
117.78.13.18 - - [20/Jun/2014:03:30:27 -0400] "GET / HTTP/1.0" 200 16327 "-" "nutch-1.4/Nutch-1.4"
193.150.120.14 - - [20/Jun/2014:04:22:07 -0400] "GET /charlesjpayerjr.html HTTP/1.1" 200 22020 "http://boonex.ru/" "Mozilla/4.0 (compatible; MSIE 6.0; Windows NT 5.1; FREE; .NET CLR 1.1.4322)"
182.64.41.253 - - [20/Jun/2014:06:36:47 -0400] "GET /378/scripts/icwebsiteelement.css HTTP/1.1" 200 8132 "http://www.libertytransnational.com/contactus.html" "Mozilla/5.0 (Windows; U; Windows NT 5.1; en-US; rv:1.9.2.19) Gecko/20110707 Firefox/3.6.19 GTB7.1"
180.76.5.95 - - [20/Jun/2014:15:07:16 -0400] "GET /capabilities.html HTTP/1.1" 200 31267 "-" "Mozilla/5.0 (compatible; Baiduspider/2.0; +http://www.baidu.com/search/spider.html)"
208.115.113.82 - - [20/Jun/2014:17:51:22 -0400] "GET /robots.txt HTTP/1.1" 200 25 "-" "Mozilla/5.0 (compatible; DotBot/1.1; http://www.opensiteexplorer.org/dotbot, help@moz.com)"
46.119.115.144 - - [20/Jun/2014:20:27:35 -0400] "GET /charlesjpayerjr.html HTTP/1.1" 200 22020 "http://www.edunok.ru/" "Mozilla/4.0 (compatible; MSIE 6.0; Windows NT 5.1; SV1; FunWebProducts; MRA 4.6 (build 01425); .NET CLR 1.1.4322; .NET CLR 2.0.50727)"
146.148.78.19 - - [20/Jun/2014:10:21:18 -0400] "GET / HTTP/1.0" 200 16327 "-" "NerdyBot"
157.55.39.179 - - [20/Jun/2014:04:28:24 -0400] "GET /robots.txt HTTP/1.1" 200 25 "-" "Mozilla/5.0 (compatible; bingbot/2.0; +http://www.bing.com/bingbot.htm)"
208.115.113.87 - - [20/Jun/2014:14:40:29 -0400] "GET /robots.txt HTTP/1.1" 200 25 "-" "Mozilla/5.0 (compatible; DotBot/1.1; http://www.opensiteexplorer.org/dotbot, help@moz.com)"
208.115.113.92 - - [20/Jun/2014:19:48:46 -0400] "GET /robots.txt HTTP/1.1" 200 25 "-" "Mozilla/5.0 (compatible; DotBot/1.1; http://www.opensiteexplorer.org/dotbot, help@moz.com)"
220.181.108.182 - - [20/Jun/2014:20:10:46 -0400] "GET / HTTP/1.1" 200 16327 "-" "Mozilla/5.0 (compatible; Baiduspider/2.0; +http://www.baidu.com/search/spider.html)"
187.198.81.146 - - [20/Jun/2014:21:14:01 -0400] "GET /378/scripts/icwebsiteelement.css HTTP/1.1" 200 8132 "http://libertytransnational.com/" "Mozilla/5.0 (Windows NT 6.1; WOW64) AppleWebKit/537.36 (KHTML, like Gecko) Chrome/32.0.1700.107 Safari/537.36"
216.172.56.37 - - [20/Jun/2014:21:51:56 -0400] "GET / HTTP/1.1" 200 16327 "http://privhosting.com/" "Mozilla/5.0 (compatible; MSIE 10.0; Windows NT 6.1; WOW64; Trident/6.0)"
192.99.15.56 - - [20/Jun/2014:10:52:33 -0400] "GET /robots.txt HTTP/1.1" 200 25 "-" "Mozilla/5.0 (compatible; meanpathbot/1.0; +http://www.meanpath.com/meanpathbot.html)"
192.99.15.56 - - [20/Jun/2014:10:52:35 -0400] "GET / HTTP/1.1" 200 16327 "-" "Mozilla/5.0 (compatible; meanpathbot/1.0; +http://www.meanpath.com/meanpathbot.html)"
182.64.41.253 - - [20/Jun/2014:06:20:20 -0400] "GET /378/images/content_06.jpg HTTP/1.1" 200 1195 "http://www.libertytransnational.com/contactus.html" "Mozilla/5.0 (Windows; U; Windows NT 5.1; en-US; rv:1.9.2.19) Gecko/20110707 Firefox/3.6.19 GTB7.1"
182.64.41.253 - - [20/Jun/2014:06:20:20 -0400] "GET /378/images/content_11.jpg HTTP/1.1" 200 468 "http://www.libertytransnational.com/contactus.html" "Mozilla/5.0 (Windows; U; Windows NT 5.1; en-US; rv:1.9.2.19) Gecko/20110707 Firefox/3.6.19 GTB7.1"
182.64.41.253 - - [20/Jun/2014:06:20:20 -0400] "GET /378/images/6/slogan.jpg HTTP/1.1" 200 5536 "http://www.libertytransnational.com/contactus.html" "Mozilla/5.0 (Windows; U; Windows NT 5.1; en-US; rv:1.9.2.19) Gecko/20110707 Firefox/3.6.19 GTB7.1"
182.64.41.253 - - [20/Jun/2014:06:36:38 -0400] "GET /favicon.ico HTTP/1.1" 404 575 "-" "Mozilla/5.0 (Windows; U; Windows NT 5.1; en-US; rv:1.9.2.19) Gecko/20110707 Firefox/3.6.19 GTB7.1"
208.115.113.87 - - [20/Jun/2014:06:43:41 -0400] "GET /robots.txt HTTP/1.1" 200 25 "-" "Mozilla/5.0 (compatible; DotBot/1.1; http://www.opensiteexplorer.org/dotbot, help@moz.com)"
187.198.81.146 - - [20/Jun/2014:21:14:02 -0400] "GET /scripts/photoalbum.js HTTP/1.1" 200 62295 "http://libertytransnational.com/" "Mozilla/5.0 (Windows NT 6.1; WOW64) AppleWebKit/537.36 (KHTML, like Gecko) Chrome/32.0.1700.107 Safari/537.36"
187.198.81.146 - - [20/Jun/2014:21:14:05 -0400] "GET /378/images/02a.jpg HTTP/1.1" 200 3042 "http://libertytransnational.com/" "Mozilla/5.0 (Windows NT 6.1; WOW64) AppleWebKit/537.36 (KHTML, like Gecko) Chrome/32.0.1700.107 Safari/537.36"
187.198.81.146 - - [20/Jun/2014:21:14:05 -0400] "GET /378/images/03a.jpg HTTP/1.1" 200 3361 "http://libertytransnational.com/" "Mozilla/5.0 (Windows NT 6.1; WOW64) AppleWebKit/537.36 (KHTML, like Gecko) Chrome/32.0.1700.107 Safari/537.36"
187.198.81.146 - - [20/Jun/2014:21:14:06 -0400] "GET /378/images/05a.jpg HTTP/1.1" 200 4058 "http://libertytransnational.com/" "Mozilla/5.0 (Windows NT 6.1; WOW64) AppleWebKit/537.36 (KHTML, like Gecko) Chrome/32.0.1700.107 Safari/537.36"
46.118.155.40 - - [20/Jun/2014:22:13:51 -0400] "GET /charlesjpayerjr.html HTTP/1.1" 200 22020 "http://strongholdsb.ru/" "Mozilla/4.0 (compatible; MSIE 6.0; Windows NT 5.1; MyIE2; Deepnet Explorer)"
50.100.84.64 - - [20/Jun/2014:10:07:18 -0400] "GET /scripts/photoalbum.js HTTP/1.1" 200 62295 "http://libertytransnational.com/" "Mozilla/5.0 (Windows NT 6.3; WOW64; Trident/7.0; Touch; MDDCJS; rv:11.0) like Gecko"
50.100.84.64 - - [20/Jun/2014:10:07:19 -0400] "GET /378/images/content_11.jpg HTTP/1.1" 200 468 "http://libertytransnational.com/" "Mozilla/5.0 (Windows NT 6.3; WOW64; Trident/7.0; Touch; MDDCJS; rv:11.0) like Gecko"
50.100.84.64 - - [20/Jun/2014:10:07:19 -0400] "GET /378/images/06b.jpg HTTP/1.1" 200 3838 "http://libertytransnational.com/" "Mozilla/5.0 (Windows NT 6.3; WOW64; Trident/7.0; Touch; MDDCJS; rv:11.0) like Gecko"
50.100.84.64 - - [20/Jun/2014:10:07:19 -0400] "GET /378/images/content_04.jpg HTTP/1.1" 200 4415 "http://libertytransnational.com/" "Mozilla/5.0 (Windows NT 6.3; WOW64; Trident/7.0; Touch; MDDCJS; rv:11.0) like Gecko"
208.115.113.92 - - [20/Jun/2014:12:58:55 -0400] "GET /groupsseekingcapital.html HTTP/1.1" 200 30017 "-" "Mozilla/5.0 (compatible; DotBot/1.1; http://www.opensiteexplorer.org/dotbot, help@moz.com)"
92.249.127.111 - - [20/Jun/2014:17:02:02 -0400] "GET /charlesjpayerjr.html HTTP/1.1" 200 22020 "http://chimiver.info/" "Mozilla/4.0 (compatible; MSIE 6.0; Windows NT 5.1; SV1)"
208.115.113.82 - - [20/Jun/2014:18:56:06 -0400] "GET /compensation.html HTTP/1.1" 200 12313 "-" "Mozilla/5.0 (compatible; DotBot/1.1; http://www.opensiteexplorer.org/dotbot, help@moz.com)"
50.100.84.64 - - [20/Jun/2014:10:07:18 -0400] "GET / HTTP/1.1" 200 16327 "http://www.bing.com/search?q=www.libertytransational.com&pc=cosp&ptag=AD1AD60C705EF45AF85F&form=CONBDF&conlogo=CT3210127" "Mozilla/5.0 (Windows NT 6.3; WOW64; Trident/7.0; Touch; MDDCJS; rv:11.0) like Gecko"
50.100.84.64 - - [20/Jun/2014:10:07:19 -0400] "GET /378/images/content_08.jpg HTTP/1.1" 200 1236 "http://libertytransnational.com/" "Mozilla/5.0 (Windows NT 6.3; WOW64; Trident/7.0; Touch; MDDCJS; rv:11.0) like Gecko"
50.100.84.64 - - [20/Jun/2014:10:07:19 -0400] "GET /378/images/05a.jpg HTTP/1.1" 200 4058 "http://libertytransnational.com/" "Mozilla/5.0 (Windows NT 6.3; WOW64; Trident/7.0; Touch; MDDCJS; rv:11.0) like Gecko"
50.100.84.64 - - [20/Jun/2014:10:07:19 -0400] "GET /378/images/05b.jpg HTTP/1.1" 200 4130 "http://libertytransnational.com/" "Mozilla/5.0 (Windows NT 6.3; WOW64; Trident/7.0; Touch; MDDCJS; rv:11.0) like Gecko"
50.100.84.64 - - [20/Jun/2014:10:07:19 -0400] "GET /378/images/10b.jpg HTTP/1.1" 200 834 "http://libertytransnational.com/" "Mozilla/5.0 (Windows NT 6.3; WOW64; Trident/7.0; Touch; MDDCJS; rv:11.0) like Gecko"
50.100.84.64 - - [20/Jun/2014:10:07:19 -0400] "GET /378/images/spacer.gif HTTP/1.1" 200 43 "http://libertytransnational.com/" "Mozilla/5.0 (Windows NT 6.3; WOW64; Trident/7.0; Touch; MDDCJS; rv:11.0) like Gecko"
50.100.84.64 - - [20/Jun/2014:10:08:40 -0400] "GET /aboutus.html HTTP/1.1" 200 17977 "http://libertytransnational.com/home.html" "Mozilla/5.0 (Windows NT 6.3; WOW64; Trident/7.0; Touch; MDDCJS; rv:11.0) like Gecko"
46.118.155.40 - - [20/Jun/2014:12:42:45 -0400] "GET /charlesjpayerjr.html HTTP/1.1" 200 22020 "http://hifidesign.ru/" "Mozilla/4.0 (compatible; MSIE 6.0; Windows NT 5.1; SV1; MRA 4.6 (build 01425); MRSPUTNIK 1, 5, 0, 19 SW)"
37.58.100.233 - - [20/Jun/2014:00:59:52 -0400] "GET /compensation.html HTTP/1.1" 200 12313 "-" "Mozilla/5.0 (compatible; AhrefsBot/5.0; +http://ahrefs.com/robot/)"
46.118.155.40 - - [20/Jun/2014:05:09:32 -0400] "GET /charlesjpayerjr.html HTTP/1.1" 200 22020 "http://soft-program.com/" "Mozilla/4.0 (compatible; MSIE 6.0; Windows NT 5.1; SV1; .NET CLR 1.1.4322; XMPP Tiscali Communicator v.10.0.2; .NET CLR 2.0.50727)"
66.249.67.153 - - [20/Jun/2014:13:42:05 -0400] "GET /robots.txt HTTP/1.1" 200 25 "-" "Mozilla/5.0 (compatible; Googlebot/2.1; +http://www.google.com/bot.html)"
66.249.67.205 - - [20/Jun/2014:23:09:28 -0400] "GET /robots.txt HTTP/1.1" 200 25 "-" "Mozilla/5.0 (compatible; Googlebot/2.1; +http://www.google.com/bot.html)"
208.115.113.87 - - [20/Jun/2014:08:09:17 -0400] "GET /compensation.html HTTP/1.1" 200 12313 "-" "Mozilla/5.0 (compatible; DotBot/1.1; http://www.opensiteexplorer.org/dotbot, help@moz.com)"
193.150.120.14 - - [20/Jun/2014:04:21:47 -0400] "GET /charlesjpayerjr.html HTTP/1.1" 200 22020 "http://www.vniitest.ru/" "Mozilla/4.0 (compatible; MSIE 6.0; Windows NT 5.0; KTXN)"
92.249.127.111 - - [20/Jun/2014:17:02:02 -0400] "GET /charlesjpayerjr.html HTTP/1.1" 200 22020 "http://chimiver.info/" "Mozilla/4.0 (compatible; MSIE 6.0; Windows NT 5.1; SV1)"
46.118.155.40 - - [20/Jun/2014:05:09:31 -0400] "GET /charlesjpayerjr.html HTTP/1.1" 200 22020 "http://soft-program.com/" "Mozilla/4.0 (compatible; MSIE 6.0; Windows NT 5.1; SV1; .NET CLR 1.1.4322; XMPP Tiscali Communicator v.10.0.2; .NET CLR 2.0.50727)"
182.64.41.253 - - [20/Jun/2014:06:17:46 -0400] "GET /378/images/03b.jpg HTTP/1.1" 200 3499 "http://www.libertytransnational.com/contactus.html" "Mozilla/5.0 (Windows; U; Windows NT 5.1; en-US; rv:1.9.2.19) Gecko/20110707 Firefox/3.6.19 GTB7.1"
182.64.41.253 - - [20/Jun/2014:06:17:46 -0400] "GET /378/images/content_bg.jpg HTTP/1.1" 200 471 "http://www.libertytransnational.com/contactus.html" "Mozilla/5.0 (Windows; U; Windows NT 5.1; en-US; rv:1.9.2.19) Gecko/20110707 Firefox/3.6.19 GTB7.1"
208.93.104.8 - - [20/Jun/2014:08:29:03 -0400] "HEAD / HTTP/1.1" 200 - "-" "http://www.yellowpages.com/about/legal/crawl"
50.100.84.64 - - [20/Jun/2014:10:07:18 -0400] "GET /scripts/user.js HTTP/1.1" 200 23762 "http://libertytransnational.com/" "Mozilla/5.0 (Windows NT 6.3; WOW64; Trident/7.0; Touch; MDDCJS; rv:11.0) like Gecko"
50.100.84.64 - - [20/Jun/2014:10:07:18 -0400] "GET /378/images/content_06.jpg HTTP/1.1" 200 1195 "http://libertytransnational.com/" "Mozilla/5.0 (Windows NT 6.3; WOW64; Trident/7.0; Touch; MDDCJS; rv:11.0) like Gecko"
50.100.84.64 - - [20/Jun/2014:10:07:18 -0400] "GET /378/images/02a.jpg HTTP/1.1" 200 3042 "http://libertytransnational.com/" "Mozilla/5.0 (Windows NT 6.3; WOW64; Trident/7.0; Touch; MDDCJS; rv:11.0) like Gecko"
50.100.84.64 - - [20/Jun/2014:10:07:18 -0400] "GET /378/images/01b.jpg HTTP/1.1" 200 2756 "http://libertytransnational.com/" "Mozilla/5.0 (Windows NT 6.3; WOW64; Trident/7.0; Touch; MDDCJS; rv:11.0) like Gecko"
50.100.84.64 - - [20/Jun/2014:10:07:18 -0400] "GET /378/images/07b.jpg HTTP/1.1" 200 3987 "http://libertytransnational.com/" "Mozilla/5.0 (Windows NT 6.3; WOW64; Trident/7.0; Touch; MDDCJS; rv:11.0) like Gecko"
50.100.84.64 - - [20/Jun/2014:10:07:18 -0400] "GET /378/images/1/slogan.jpg HTTP/1.1" 200 4605 "http://libertytransnational.com/" "Mozilla/5.0 (Windows NT 6.3; WOW64; Trident/7.0; Touch; MDDCJS; rv:11.0) like Gecko"
109.120.157.179 - - [20/Jun/2014:12:43:32 -0400] "GET / HTTP/1.1" 200 16327 "http://russ-tractor.ru/" "Mozilla/5.0 (compatible; Add Catalog/2.1;)"
193.150.120.14 - - [20/Jun/2014:04:44:41 -0400] "GET /charlesjpayerjr.html HTTP/1.1" 200 22020 "http://best-poppers.com/" "Mozilla/3.0 (compatible; WebCapture 2.0; Auto; Windows)"
182.64.41.253 - - [20/Jun/2014:06:20:29 -0400] "GET /378/images/content_09.jpg HTTP/1.1" 200 1278 "http://www.libertytransnational.com/contactus.html" "Mozilla/5.0 (Windows; U; Windows NT 5.1; en-US; rv:1.9.2.19) Gecko/20110707 Firefox/3.6.19 GTB7.1"
46.119.120.207 - - [20/Jun/2014:18:14:33 -0400] "GET /charlesjpayerjr.html HTTP/1.1" 200 22020 "http://schellenberg.center/" "Mozilla/6.0 (compatible; MSIE 7.0a1; Windows NT 5.2; SV1)"
187.198.81.146 - - [20/Jun/2014:21:14:05 -0400] "GET /378/images/company.jpg HTTP/1.1" 200 10264 "http://libertytransnational.com/" "Mozilla/5.0 (Windows NT 6.1; WOW64) AppleWebKit/537.36 (KHTML, like Gecko) Chrome/32.0.1700.107 Safari/537.36"
187.198.81.146 - - [20/Jun/2014:21:14:06 -0400] "GET /images/190_pic_report01a.jpg HTTP/1.1" 200 4628 "http://libertytransnational.com/" "Mozilla/5.0 (Windows NT 6.1; WOW64) AppleWebKit/537.36 (KHTML, like Gecko) Chrome/32.0.1700.107 Safari/537.36"
187.198.81.146 - - [20/Jun/2014:21:14:07 -0400] "GET /378/images/content_09.jpg HTTP/1.1" 200 1278 "http://libertytransnational.com/" "Mozilla/5.0 (Windows NT 6.1; WOW64) AppleWebKit/537.36 (KHTML, like Gecko) Chrome/32.0.1700.107 Safari/537.36"
187.198.81.146 - - [20/Jun/2014:21:14:08 -0400] "GET /378/images/05b.jpg HTTP/1.1" 200 4130 "http://libertytransnational.com/" "Mozilla/5.0 (Windows NT 6.1; WOW64) AppleWebKit/537.36 (KHTML, like Gecko) Chrome/32.0.1700.107 Safari/537.36"
187.198.81.146 - - [20/Jun/2014:21:14:09 -0400] "GET /378/images/content_04.jpg HTTP/1.1" 200 4415 "http://libertytransnational.com/" "Mozilla/5.0 (Windows NT 6.1; WOW64) AppleWebKit/537.36 (KHTML, like Gecko) Chrome/32.0.1700.107 Safari/537.36"
50.100.84.64 - - [20/Jun/2014:10:07:31 -0400] "GET /favicon.ico HTTP/1.1" 404 575 "-" "Mozilla/5.0 (Windows NT 6.3; Win64; x64; Trident/7.0; Touch; MDDCJS; rv:11.0) like Gecko"
193.150.120.14 - - [20/Jun/2014:10:10:07 -0400] "GET /charlesjpayerjr.html HTTP/1.1" 200 22020 "http://ruslan-motul.ru/" "Mozilla/4.0 (compatible; Powermarks/3.5; Windows 95/98/2000/NT)"
66.249.67.179 - - [20/Jun/2014:01:19:56 -0400] "GET /images/320_newest_building_detail_small.jpg HTTP/1.1" 200 24185 "-" "Googlebot-Image/1.0"
193.150.120.14 - - [20/Jun/2014:04:21:48 -0400] "GET /charlesjpayerjr.html HTTP/1.1" 200 22020 "http://www.vniitest.ru/" "Mozilla/4.0 (compatible; MSIE 6.0; Windows NT 5.0; KTXN)"
193.150.120.14 - - [20/Jun/2014:04:22:05 -0400] "GET /charlesjpayerjr.html HTTP/1.1" 200 22020 "http://boonex.ru/" "Mozilla/4.0 (compatible; MSIE 6.0; Windows NT 5.1; FREE; .NET CLR 1.1.4322)"
82.193.99.33 - - [20/Jun/2014:14:22:28 -0400] "GET / HTTP/1.1" 200 16327 "http://bigcities.org/" "Mozilla/4.0 (compatible; MSIE 6.0; Windows NT 5.1; TheFreeDictionary.com; .NET CLR 1.1.4322; .NET CLR 1.0.3705; .NET CLR 2.0.50727)"
65.55.215.236 - - [20/Jun/2014:23:05:17 -0400] "GET /scripts/ic_globals_published.js HTTP/1.1" 200 566 "http://libertytransnational.com/corporatesellers.html" "Mozilla/5.0 (compatible; MSIE 9.0; Windows NT 6.0; Trident/5.0; Trident/5.0)"
46.39.88.176 - - [20/Jun/2014:03:30:37 -0400] "GET / HTTP/1.1" 200 16327 "-" "Mozilla/4.0 (compatible; Synapse)"
182.64.41.253 - - [20/Jun/2014:06:17:38 -0400] "GET /378/images/bg.jpg HTTP/1.1" 200 342 "http://www.libertytransnational.com/contactus.html" "Mozilla/5.0 (Windows; U; Windows NT 5.1; en-US; rv:1.9.2.19) Gecko/20110707 Firefox/3.6.19 GTB7.1"
182.64.41.253 - - [20/Jun/2014:06:17:38 -0400] "GET /378/images/02b.jpg HTTP/1.1" 200 3197 "http://www.libertytransnational.com/contactus.html" "Mozilla/5.0 (Windows; U; Windows NT 5.1; en-US; rv:1.9.2.19) Gecko/20110707 Firefox/3.6.19 GTB7.1"
182.64.41.253 - - [20/Jun/2014:06:17:40 -0400] "GET /378/images/07b.jpg HTTP/1.1" 200 3987 "http://www.libertytransnational.com/contactus.html" "Mozilla/5.0 (Windows; U; Windows NT 5.1; en-US; rv:1.9.2.19) Gecko/20110707 Firefox/3.6.19 GTB7.1"
182.64.41.253 - - [20/Jun/2014:06:17:41 -0400] "GET /378/images/09b.jpg HTTP/1.1" 200 834 "http://www.libertytransnational.com/contactus.html" "Mozilla/5.0 (Windows; U; Windows NT 5.1; en-US; rv:1.9.2.19) Gecko/20110707 Firefox/3.6.19 GTB7.1"
182.64.41.253 - - [20/Jun/2014:06:17:41 -0400] "GET /378/images/10b.jpg HTTP/1.1" 200 834 "http://www.libertytransnational.com/contactus.html" "Mozilla/5.0 (Windows; U; Windows NT 5.1; en-US; rv:1.9.2.19) Gecko/20110707 Firefox/3.6.19 GTB7.1"
180.76.6.59 - - [20/Jun/2014:00:57:59 -0400] "GET /378/scripts/master.css HTTP/1.1" 200 1951 "-" "Mozilla/5.0 (compatible; Baiduspider/2.0; +http://www.baidu.com/search/spider.html)"
107.170.221.86 - - [20/Jun/2014:06:12:06 -0400] "GET / HTTP/1.1" 200 16327 "-" "Comodo-Webinspector-Crawler 2.2.1, http://www.comodorobot.com"
182.64.41.253 - - [20/Jun/2014:06:17:17 -0400] "GET /378/images/01a.jpg HTTP/1.1" 200 2591 "http://www.libertytransnational.com/contactus.html" "Mozilla/5.0 (Windows; U; Windows NT 5.1; en-US; rv:1.9.2.19) Gecko/20110707 Firefox/3.6.19 GTB7.1"
182.64.41.253 - - [20/Jun/2014:06:17:18 -0400] "GET /378/images/03a.jpg HTTP/1.1" 200 3361 "http://www.libertytransnational.com/contactus.html" "Mozilla/5.0 (Windows; U; Windows NT 5.1; en-US; rv:1.9.2.19) Gecko/20110707 Firefox/3.6.19 GTB7.1"
182.64.41.253 - - [20/Jun/2014:06:17:18 -0400] "GET /378/images/04a.jpg HTTP/1.1" 200 4187 "http://www.libertytransnational.com/contactus.html" "Mozilla/5.0 (Windows; U; Windows NT 5.1; en-US; rv:1.9.2.19) Gecko/20110707 Firefox/3.6.19 GTB7.1"
182.64.41.253 - - [20/Jun/2014:06:17:20 -0400] "GET /378/images/06a.jpg HTTP/1.1" 200 3709 "http://www.libertytransnational.com/contactus.html" "Mozilla/5.0 (Windows; U; Windows NT 5.1; en-US; rv:1.9.2.19) Gecko/20110707 Firefox/3.6.19 GTB7.1"
182.64.41.253 - - [20/Jun/2014:06:17:21 -0400] "GET /378/images/07a.jpg HTTP/1.1" 200 3898 "http://www.libertytransnational.com/contactus.html" "Mozilla/5.0 (Windows; U; Windows NT 5.1; en-US; rv:1.9.2.19) Gecko/20110707 Firefox/3.6.19 GTB7.1"
50.100.84.64 - - [20/Jun/2014:10:07:18 -0400] "GET /378/scripts/icwebsiteelement.css HTTP/1.1" 200 8132 "http://libertytransnational.com/" "Mozilla/5.0 (Windows NT 6.3; WOW64; Trident/7.0; Touch; MDDCJS; rv:11.0) like Gecko"
50.100.84.64 - - [20/Jun/2014:10:07:18 -0400] "GET /images/190_pic_report01a.jpg HTTP/1.1" 200 4628 "http://libertytransnational.com/" "Mozilla/5.0 (Windows NT 6.3; WOW64; Trident/7.0; Touch; MDDCJS; rv:11.0) like Gecko"
50.100.84.64 - - [20/Jun/2014:10:07:18 -0400] "GET /378/images/01a.jpg HTTP/1.1" 200 2591 "http://libertytransnational.com/" "Mozilla/5.0 (Windows NT 6.3; WOW64; Trident/7.0; Touch; MDDCJS; rv:11.0) like Gecko"
50.100.84.64 - - [20/Jun/2014:10:07:19 -0400] "GET /378/images/content_09.jpg HTTP/1.1" 200 1278 "http://libertytransnational.com/" "Mozilla/5.0 (Windows NT 6.3; WOW64; Trident/7.0; Touch; MDDCJS; rv:11.0) like Gecko"
50.100.84.64 - - [20/Jun/2014:10:07:19 -0400] "GET /378/images/04a.jpg HTTP/1.1" 200 4187 "http://libertytransnational.com/" "Mozilla/5.0 (Windows NT 6.3; WOW64; Trident/7.0; Touch; MDDCJS; rv:11.0) like Gecko"
50.100.84.64 - - [20/Jun/2014:10:07:19 -0400] "GET /378/images/03b.jpg HTTP/1.1" 200 3499 "http://libertytransnational.com/" "Mozilla/5.0 (Windows NT 6.3; WOW64; Trident/7.0; Touch; MDDCJS; rv:11.0) like Gecko"
50.100.84.64 - - [20/Jun/2014:10:07:19 -0400] "GET /378/images/09b.jpg HTTP/1.1" 200 834 "http://libertytransnational.com/" "Mozilla/5.0 (Windows NT 6.3; WOW64; Trident/7.0; Touch; MDDCJS; rv:11.0) like Gecko"
50.100.84.64 - - [20/Jun/2014:10:07:19 -0400] "GET /378/images/08a.jpg HTTP/1.1" 200 3325 "http://libertytransnational.com/" "Mozilla/5.0 (Windows NT 6.3; WOW64; Trident/7.0; Touch; MDDCJS; rv:11.0) like Gecko"
220.181.108.154 - - [20/Jun/2014:03:46:35 -0400] "GET /scripts/user.js HTTP/1.1" 200 23762 "-" "Mozilla/5.0 (compatible; Baiduspider/2.0; +http://www.baidu.com/search/spider.html)"
37.1.208.48 - - [20/Jun/2014:03:58:36 -0400] "GET / HTTP/1.0" 200 16327 "http://webtemplateocean.com/" "Mozilla/5.0 (Windows; U; Windows NT 5.1; ru; rv:1.9.2.3) Gecko Firefox/3.6.3 (.NET CLR 3.5.30729)"
182.64.41.253 - - [20/Jun/2014:06:17:20 -0400] "GET /378/scripts/master.css HTTP/1.1" 200 1951 "http://www.libertytransnational.com/contactus.html" "Mozilla/5.0 (Windows; U; Windows NT 5.1; en-US; rv:1.9.2.19) Gecko/20110707 Firefox/3.6.19 GTB7.1"
182.64.41.253 - - [20/Jun/2014:06:17:20 -0400] "GET /378/images/05a.jpg HTTP/1.1" 200 4058 "http://www.libertytransnational.com/contactus.html" "Mozilla/5.0 (Windows; U; Windows NT 5.1; en-US; rv:1.9.2.19) Gecko/20110707 Firefox/3.6.19 GTB7.1"
182.64.41.253 - - [20/Jun/2014:06:17:22 -0400] "GET /378/images/08a.jpg HTTP/1.1" 200 3325 "http://www.libertytransnational.com/contactus.html" "Mozilla/5.0 (Windows; U; Windows NT 5.1; en-US; rv:1.9.2.19) Gecko/20110707 Firefox/3.6.19 GTB7.1"
182.64.41.253 - - [20/Jun/2014:06:17:23 -0400] "GET /378/images/spacer.gif HTTP/1.1" 200 43 "http://www.libertytransnational.com/contactus.html" "Mozilla/5.0 (Windows; U; Windows NT 5.1; en-US; rv:1.9.2.19) Gecko/20110707 Firefox/3.6.19 GTB7.1"
66.249.67.179 - - [20/Jun/2014:13:42:05 -0400] "GET / HTTP/1.1" 200 16327 "-" "Mozilla/5.0 (compatible; Googlebot/2.1; +http://www.google.com/bot.html)"
187.198.81.146 - - [20/Jun/2014:21:14:05 -0400] "GET /378/images/motif01.jpg HTTP/1.1" 200 14966 "http://libertytransnational.com/" "Mozilla/5.0 (Windows NT 6.1; WOW64) AppleWebKit/537.36 (KHTML, like Gecko) Chrome/32.0.1700.107 Safari/537.36"
187.198.81.146 - - [20/Jun/2014:21:14:07 -0400] "GET /images/190_pic_compass02a.jpg HTTP/1.1" 200 4482 "http://libertytransnational.com/" "Mozilla/5.0 (Windows NT 6.1; WOW64) AppleWebKit/537.36 (KHTML, like Gecko) Chrome/32.0.1700.107 Safari/537.36"
187.198.81.146 - - [20/Jun/2014:21:14:08 -0400] "GET /378/images/content_11.jpg HTTP/1.1" 200 468 "http://libertytransnational.com/" "Mozilla/5.0 (Windows NT 6.1; WOW64) AppleWebKit/537.36 (KHTML, like Gecko) Chrome/32.0.1700.107 Safari/537.36"
187.198.81.146 - - [20/Jun/2014:21:14:08 -0400] "GET /378/images/06b.jpg HTTP/1.1" 200 3838 "http://libertytransnational.com/" "Mozilla/5.0 (Windows NT 6.1; WOW64) AppleWebKit/537.36 (KHTML, like Gecko) Chrome/32.0.1700.107 Safari/537.36"
187.198.81.146 - - [20/Jun/2014:21:14:09 -0400] "GET /378/images/content_bg.jpg HTTP/1.1" 200 471 "http://libertytransnational.com/" "Mozilla/5.0 (Windows NT 6.1; WOW64) AppleWebKit/537.36 (KHTML, like Gecko) Chrome/32.0.1700.107 Safari/537.36"
220.181.108.90 - - [20/Jun/2014:10:46:12 -0400] "GET /howyoubenefit.html HTTP/1.1" 200 24162 "-" "Mozilla/5.0 (compatible; Baiduspider/2.0; +http://www.baidu.com/search/spider.html)"
182.64.41.253 - - [20/Jun/2014:06:36:48 -0400] "GET /scripts/photoalbum.js HTTP/1.1" 200 62295 "http://www.libertytransnational.com/contactus.html" "Mozilla/5.0 (Windows; U; Windows NT 5.1; en-US; rv:1.9.2.19) Gecko/20110707 Firefox/3.6.19 GTB7.1"
46.119.120.207 - - [20/Jun/2014:17:41:52 -0400] "GET /charlesjpayerjr.html HTTP/1.1" 200 22020 "http://replica-watch.ru/" "Mozilla/4.0 (compatible; MSIE 6.0; Windows NT 5.0; T312461)"
94.242.222.44 - - [20/Jun/2014:01:20:58 -0400] "GET /executivesbios.html HTTP/1.1" 200 19773 "-" "Mozilla/4.0 (compatible; MSIE 8.0; Windows NT 6.1; Trident/4.0)"
117.78.13.18 - - [20/Jun/2014:03:30:26 -0400] "GET /robots.txt HTTP/1.0" 200 25 "-" "nutch-1.4/Nutch-1.4"
157.55.39.178 - - [20/Jun/2014:04:28:27 -0400] "GET / HTTP/1.1" 200 16327 "-" "Mozilla/5.0 (compatible; bingbot/2.0; +http://www.bing.com/bingbot.htm)"
46.119.120.207 - - [20/Jun/2014:18:14:34 -0400] "GET /charlesjpayerjr.html HTTP/1.1" 200 22020 "http://schellenberg.center/" "Mozilla/6.0 (compatible; MSIE 7.0a1; Windows NT 5.2; SV1)"
41.203.11.42 - - [20/Jun/2014:22:31:24 -0400] "GET /manager/ht.access HTTP/1.1" 404 575 "-" "-"
50.100.84.64 - - [20/Jun/2014:10:08:35 -0400] "GET /home.html HTTP/1.1" 200 16327 "http://libertytransnational.com/" "Mozilla/5.0 (Windows NT 6.3; WOW64; Trident/7.0; Touch; MDDCJS; rv:11.0) like Gecko"
50.100.84.64 - - [20/Jun/2014:10:08:41 -0400] "GET /images/128_pic_column02.jpg HTTP/1.1" 200 4788 "http://libertytransnational.com/aboutus.html" "Mozilla/5.0 (Windows NT 6.3; WOW64; Trident/7.0; Touch; MDDCJS; rv:11.0) like Gecko"
50.100.84.64 - - [20/Jun/2014:10:08:41 -0400] "GET /378/images/3/slogan.jpg HTTP/1.1" 200 5393 "http://libertytransnational.com/aboutus.html" "Mozilla/5.0 (Windows NT 6.3; WOW64; Trident/7.0; Touch; MDDCJS; rv:11.0) like Gecko"
187.198.81.146 - - [20/Jun/2014:21:14:06 -0400] "GET /378/images/01a.jpg HTTP/1.1" 200 2591 "http://libertytransnational.com/" "Mozilla/5.0 (Windows NT 6.1; WOW64) AppleWebKit/537.36 (KHTML, like Gecko) Chrome/32.0.1700.107 Safari/537.36"
187.198.81.146 - - [20/Jun/2014:21:14:06 -0400] "GET /378/images/08a.jpg HTTP/1.1" 200 3325 "http://libertytransnational.com/" "Mozilla/5.0 (Windows NT 6.1; WOW64) AppleWebKit/537.36 (KHTML, like Gecko) Chrome/32.0.1700.107 Safari/537.36"
187.198.81.146 - - [20/Jun/2014:21:14:07 -0400] "GET /378/images/content_08.jpg HTTP/1.1" 200 1236 "http://libertytransnational.com/" "Mozilla/5.0 (Windows NT 6.1; WOW64) AppleWebKit/537.36 (KHTML, like Gecko) Chrome/32.0.1700.107 Safari/537.36"
187.198.81.146 - - [20/Jun/2014:21:14:08 -0400] "GET /378/images/03b.jpg HTTP/1.1" 200 3499 "http://libertytransnational.com/" "Mozilla/5.0 (Windows NT 6.1; WOW64) AppleWebKit/537.36 (KHTML, like Gecko) Chrome/32.0.1700.107 Safari/537.36"
187.198.81.146 - - [20/Jun/2014:21:14:09 -0400] "GET /378/images/09b.jpg HTTP/1.1" 200 834 "http://libertytransnational.com/" "Mozilla/5.0 (Windows NT 6.1; WOW64) AppleWebKit/537.36 (KHTML, like Gecko) Chrome/32.0.1700.107 Safari/537.36"
50.100.84.64 - - [20/Jun/2014:10:07:19 -0400] "GET /favicon.ico HTTP/1.1" 404 575 "-" "Mozilla/5.0 (Windows NT 6.3; Win64; x64; Trident/7.0; Touch; MDDCJS; rv:11.0) like Gecko"
46.118.155.40 - - [20/Jun/2014:12:42:46 -0400] "GET /charlesjpayerjr.html HTTP/1.1" 200 22020 "http://hifidesign.ru/" "Mozilla/4.0 (compatible; MSIE 6.0; Windows NT 5.1; SV1; MRA 4.6 (build 01425); MRSPUTNIK 1, 5, 0, 19 SW)"
182.64.41.253 - - [20/Jun/2014:06:17:21 -0400] "GET /scripts/user.js HTTP/1.1" 200 23762 "http://www.libertytransnational.com/contactus.html" "Mozilla/5.0 (Windows; U; Windows NT 5.1; en-US; rv:1.9.2.19) Gecko/20110707 Firefox/3.6.19 GTB7.1"
182.64.41.253 - - [20/Jun/2014:06:36:48 -0400] "GET /scripts/user.js HTTP/1.1" 200 23762 "http://www.libertytransnational.com/contactus.html" "Mozilla/5.0 (Windows; U; Windows NT 5.1; en-US; rv:1.9.2.19) Gecko/20110707 Firefox/3.6.19 GTB7.1"
187.198.81.146 - - [20/Jun/2014:21:14:01 -0400] "GET /378/scripts/master.css HTTP/1.1" 200 1951 "http://libertytransnational.com/" "Mozilla/5.0 (Windows NT 6.1; WOW64) AppleWebKit/537.36 (KHTML, like Gecko) Chrome/32.0.1700.107 Safari/537.36"
187.198.81.146 - - [20/Jun/2014:21:14:01 -0400] "GET /scripts/ic_globals_published.js HTTP/1.1" 200 566 "http://libertytransnational.com/" "Mozilla/5.0 (Windows NT 6.1; WOW64) AppleWebKit/537.36 (KHTML, like Gecko) Chrome/32.0.1700.107 Safari/537.36"
187.198.81.146 - - [20/Jun/2014:21:14:06 -0400] "GET /378/images/content_03.jpg HTTP/1.1" 200 2072 "http://libertytransnational.com/" "Mozilla/5.0 (Windows NT 6.1; WOW64) AppleWebKit/537.36 (KHTML, like Gecko) Chrome/32.0.1700.107 Safari/537.36"
187.198.81.146 - - [20/Jun/2014:21:14:06 -0400] "GET /378/images/07a.jpg HTTP/1.1" 200 3898 "http://libertytransnational.com/" "Mozilla/5.0 (Windows NT 6.1; WOW64) AppleWebKit/537.36 (KHTML, like Gecko) Chrome/32.0.1700.107 Safari/537.36"
187.198.81.146 - - [20/Jun/2014:21:14:07 -0400] "GET /378/images/content_07.jpg HTTP/1.1" 200 553 "http://libertytransnational.com/" "Mozilla/5.0 (Windows NT 6.1; WOW64) AppleWebKit/537.36 (KHTML, like Gecko) Chrome/32.0.1700.107 Safari/537.36"
187.198.81.146 - - [20/Jun/2014:21:14:08 -0400] "GET /378/images/02b.jpg HTTP/1.1" 200 3197 "http://libertytransnational.com/" "Mozilla/5.0 (Windows NT 6.1; WOW64) AppleWebKit/537.36 (KHTML, like Gecko) Chrome/32.0.1700.107 Safari/537.36"
187.198.81.146 - - [20/Jun/2014:21:14:09 -0400] "GET /378/images/08b.jpg HTTP/1.1" 200 3464 "http://libertytransnational.com/" "Mozilla/5.0 (Windows NT 6.1; WOW64) AppleWebKit/537.36 (KHTML, like Gecko) Chrome/32.0.1700.107 Safari/537.36"
65.55.215.236 - - [20/Jun/2014:23:05:16 -0400] "GET /corporatesellers.html HTTP/1.1" 200 31896 "-" "Mozilla/5.0 (compatible; MSIE 9.0; Windows NT 6.0; Trident/5.0; Trident/5.0)"
65.55.215.236 - - [20/Jun/2014:23:05:18 -0400] "GET /378/scripts/master.css HTTP/1.1" 200 1951 "http://libertytransnational.com/corporatesellers.html" "Mozilla/5.0 (compatible; MSIE 9.0; Windows NT 6.0; Trident/5.0; Trident/5.0)"
65.55.215.236 - - [20/Jun/2014:23:05:18 -0400] "GET /scripts/photoalbum.js HTTP/1.1" 200 62295 "http://libertytransnational.com/corporatesellers.html" "Mozilla/5.0 (compatible; MSIE 9.0; Windows NT 6.0; Trident/5.0; Trident/5.0)"
66.249.67.192 - - [20/Jun/2014:23:12:26 -0400] "GET /378/scripts/icwebsiteelement.css HTTP/1.1" 200 8132 "-" "Mozilla/5.0 (compatible; Googlebot/2.1; +http://www.google.com/bot.html)"
83.149.126.98 - - [20/Jun/2014:10:18:13 -0400] "GET /robots.txt HTTP/1.0" 200 25 "-" "Mozilla/5.0 (compatible; MJ12bot/v1.4.5; http://www.majestic12.co.uk/bot.php?+)"
182.64.41.253 - - [20/Jun/2014:06:17:18 -0400] "GET /scripts/photoalbum.js HTTP/1.1" 200 62295 "http://www.libertytransnational.com/contactus.html" "Mozilla/5.0 (Windows; U; Windows NT 5.1; en-US; rv:1.9.2.19) Gecko/20110707 Firefox/3.6.19 GTB7.1"
182.64.41.253 - - [20/Jun/2014:06:17:42 -0400] "GET /378/images/01b.jpg HTTP/1.1" 200 2756 "http://www.libertytransnational.com/contactus.html" "Mozilla/5.0 (Windows; U; Windows NT 5.1; en-US; rv:1.9.2.19) Gecko/20110707 Firefox/3.6.19 GTB7.1"
182.64.41.253 - - [20/Jun/2014:06:17:44 -0400] "GET /378/images/06b.jpg HTTP/1.1" 200 3838 "http://www.libertytransnational.com/contactus.html" "Mozilla/5.0 (Windows; U; Windows NT 5.1; en-US; rv:1.9.2.19) Gecko/20110707 Firefox/3.6.19 GTB7.1"
182.64.41.253 - - [20/Jun/2014:06:17:45 -0400] "GET /378/images/08b.jpg HTTP/1.1" 200 3464 "http://www.libertytransnational.com/contactus.html" "Mozilla/5.0 (Windows; U; Windows NT 5.1; en-US; rv:1.9.2.19) Gecko/20110707 Firefox/3.6.19 GTB7.1"
46.119.115.144 - - [20/Jun/2014:20:27:35 -0400] "GET /charlesjpayerjr.html HTTP/1.1" 200 22020 "http://www.edunok.ru/" "Mozilla/4.0 (compatible; MSIE 6.0; Windows NT 5.1; SV1; FunWebProducts; MRA 4.6 (build 01425); .NET CLR 1.1.4322; .NET CLR 2.0.50727)"
66.249.67.179 - - [20/Jun/2014:09:16:17 -0400] "GET /378/scripts/icwebsiteelement.css HTTP/1.1" 200 8132 "-" "Mozilla/5.0 (compatible; Googlebot/2.1; +http://www.google.com/bot.html)"
193.150.120.14 - - [20/Jun/2014:10:10:06 -0400] "GET /charlesjpayerjr.html HTTP/1.1" 200 22020 "http://ruslan-motul.ru/" "Mozilla/4.0 (compatible; Powermarks/3.5; Windows 95/98/2000/NT)"
82.193.99.33 - - [20/Jun/2014:14:22:28 -0400] "GET / HTTP/1.1" 200 16327 "http://bigcities.org/" "Mozilla/4.0 (compatible; MSIE 6.0; Windows NT 5.1; TheFreeDictionary.com; .NET CLR 1.1.4322; .NET CLR 1.0.3705; .NET CLR 2.0.50727)"
66.249.67.166 - - [20/Jun/2014:10:50:58 -0400] "GET /howyoubenefit.html HTTP/1.1" 200 24162 "-" "Mozilla/5.0 (iPhone; CPU iPhone OS 6_0 like Mac OS X) AppleWebKit/536.26 (KHTML, like Gecko) Version/6.0 Mobile/10A5376e Safari/8536.25 (compatible; Googlebot/2.1; +http://www.google.com/bot.html)"
182.64.41.253 - - [20/Jun/2014:06:17:44 -0400] "GET /378/images/motif01.jpg HTTP/1.1" 200 14966 "http://www.libertytransnational.com/contactus.html" "Mozilla/5.0 (Windows; U; Windows NT 5.1; en-US; rv:1.9.2.19) Gecko/20110707 Firefox/3.6.19 GTB7.1"
182.64.41.253 - - [20/Jun/2014:06:17:46 -0400] "GET /378/images/04b.jpg HTTP/1.1" 200 4260 "http://www.libertytransnational.com/contactus.html" "Mozilla/5.0 (Windows; U; Windows NT 5.1; en-US; rv:1.9.2.19) Gecko/20110707 Firefox/3.6.19 GTB7.1"
182.64.41.253 - - [20/Jun/2014:06:17:46 -0400] "GET /378/images/05b.jpg HTTP/1.1" 200 4130 "http://www.libertytransnational.com/contactus.html" "Mozilla/5.0 (Windows; U; Windows NT 5.1; en-US; rv:1.9.2.19) Gecko/20110707 Firefox/3.6.19 GTB7.1"
182.64.41.253 - - [20/Jun/2014:06:17:48 -0400] "GET /378/images/content_04.jpg HTTP/1.1" 200 4415 "http://www.libertytransnational.com/contactus.html" "Mozilla/5.0 (Windows; U; Windows NT 5.1; en-US; rv:1.9.2.19) Gecko/20110707 Firefox/3.6.19 GTB7.1"
182.64.41.253 - - [20/Jun/2014:06:20:22 -0400] "GET /378/images/content_07.jpg HTTP/1.1" 200 553 "http://www.libertytransnational.com/contactus.html" "Mozilla/5.0 (Windows; U; Windows NT 5.1; en-US; rv:1.9.2.19) Gecko/20110707 Firefox/3.6.19 GTB7.1"
182.64.41.253 - - [20/Jun/2014:06:20:23 -0400] "GET /378/images/content_08.jpg HTTP/1.1" 200 1236 "http://www.libertytransnational.com/contactus.html" "Mozilla/5.0 (Windows; U; Windows NT 5.1; en-US; rv:1.9.2.19) Gecko/20110707 Firefox/3.6.19 GTB7.1"
217.69.133.169 - - [20/Jun/2014:15:53:21 -0400] "GET / HTTP/1.1" 200 16327 "-" "Mozilla/5.0 (X11; Linux x86_64; rv:18.0) Gecko/20100101 Firefox/18.0"
217.69.133.169 - - [20/Jun/2014:15:53:22 -0400] "GET /favicon.ico HTTP/1.1" 404 575 "-" "Mozilla/5.0 (X11; Linux x86_64; rv:18.0) Gecko/20100101 Firefox/18.0"
61.135.190.104 - - [20/Jun/2014:23:31:07 -0400] "GET / HTTP/1.1" 200 16327 "http://www.baidu.com/s?wd=LibertyTransnational%3AIdeasandActionsforSuccess" "Mozilla/5.0 (Windows; U; Windows NT 5.1; zh-CN; rv:1.9.2.15) Gecko/20110303 Firefox/3.6.15"
61.135.190.104 - - [20/Jun/2014:23:31:08 -0400] "GET /scripts/user.js HTTP/1.1" 200 23762 "http://www.freedomdevgrp.com/" "Mozilla/5.0 (Windows; U; Windows NT 5.1; zh-CN; rv:1.9.2.15) Gecko/20110303 Firefox/3.6.15"
61.135.190.104 - - [20/Jun/2014:23:31:09 -0400] "GET /scripts/photoalbum.js HTTP/1.1" 200 62295 "http://www.freedomdevgrp.com/" "Mozilla/5.0 (Windows; U; Windows NT 5.1; zh-CN; rv:1.9.2.15) Gecko/20110303 Firefox/3.6.15"
50.100.84.64 - - [20/Jun/2014:10:07:18 -0400] "GET /scripts/ic_globals_published.js HTTP/1.1" 200 566 "http://libertytransnational.com/" "Mozilla/5.0 (Windows NT 6.3; WOW64; Trident/7.0; Touch; MDDCJS; rv:11.0) like Gecko"
50.100.84.64 - - [20/Jun/2014:10:07:18 -0400] "GET /378/images/company.jpg HTTP/1.1" 200 10264 "http://libertytransnational.com/" "Mozilla/5.0 (Windows NT 6.3; WOW64; Trident/7.0; Touch; MDDCJS; rv:11.0) like Gecko"
50.100.84.64 - - [20/Jun/2014:10:07:18 -0400] "GET /378/images/content_03.jpg HTTP/1.1" 200 2072 "http://libertytransnational.com/" "Mozilla/5.0 (Windows NT 6.3; WOW64; Trident/7.0; Touch; MDDCJS; rv:11.0) like Gecko"
50.100.84.64 - - [20/Jun/2014:10:07:19 -0400] "GET /378/images/content_07.jpg HTTP/1.1" 200 553 "http://libertytransnational.com/" "Mozilla/5.0 (Windows NT 6.3; WOW64; Trident/7.0; Touch; MDDCJS; rv:11.0) like Gecko"
50.100.84.64 - - [20/Jun/2014:10:07:19 -0400] "GET /378/images/03a.jpg HTTP/1.1" 200 3361 "http://libertytransnational.com/" "Mozilla/5.0 (Windows NT 6.3; WOW64; Trident/7.0; Touch; MDDCJS; rv:11.0) like Gecko"
50.100.84.64 - - [20/Jun/2014:10:07:19 -0400] "GET /378/images/02b.jpg HTTP/1.1" 200 3197 "http://libertytransnational.com/" "Mozilla/5.0 (Windows NT 6.3; WOW64; Trident/7.0; Touch; MDDCJS; rv:11.0) like Gecko"
50.100.84.64 - - [20/Jun/2014:10:07:19 -0400] "GET /378/images/08b.jpg HTTP/1.1" 200 3464 "http://libertytransnational.com/" "Mozilla/5.0 (Windows NT 6.3; WOW64; Trident/7.0; Touch; MDDCJS; rv:11.0) like Gecko"
50.100.84.64 - - [20/Jun/2014:10:07:19 -0400] "GET /378/images/07a.jpg HTTP/1.1" 200 3898 "http://libertytransnational.com/" "Mozilla/5.0 (Windows NT 6.3; WOW64; Trident/7.0; Touch; MDDCJS; rv:11.0) like Gecko"
130.211.189.81 - - [20/Jun/2014:11:02:33 -0400] "GET / HTTP/1.0" 200 16327 "-" "NerdyBot"
46.119.115.144 - - [20/Jun/2014:20:27:39 -0400] "GET /charlesjpayerjr.html HTTP/1.1" 200 22020 "http://www.edunok.ru/" "Mozilla/4.0 (compatible; MSIE 6.0; Windows NT 5.1; SV1; FunWebProducts; MRA 4.6 (build 01425); .NET CLR 1.1.4322; .NET CLR 2.0.50727)"
62.210.129.169 - - [20/Jun/2014:10:02:44 -0400] "GET / HTTP/1.1" 200 16327 "-" "Mozilla/5.0 (Windows NT 6.1) AppleWebKit/534.24 (KHTML, like Gecko) Chrome/11.0.694.0 Safari/534.24"
182.64.41.253 - - [20/Jun/2014:04:18:26 -0400] "GET / HTTP/1.1" 200 16327 "-" "-"
46.119.120.207 - - [20/Jun/2014:17:42:01 -0400] "GET /charlesjpayerjr.html HTTP/1.1" 200 22020 "http://replica-watch.ru/" "Mozilla/4.0 (compatible; MSIE 6.0; Windows NT 5.0; T312461)"
65.55.215.236 - - [20/Jun/2014:23:05:18 -0400] "GET /scripts/user.js HTTP/1.1" 200 23762 "http://libertytransnational.com/corporatesellers.html" "Mozilla/5.0 (compatible; MSIE 9.0; Windows NT 6.0; Trident/5.0; Trident/5.0)"
62.210.129.169 - - [20/Jun/2014:23:34:44 -0400] "GET / HTTP/1.1" 200 16327 "-" "Mozilla/5.0 (Windows; U; Windows NT 6.1; en-US) AppleWebKit/534.16 (KHTML, like Gecko) Chrome/10.0.648.11 Safari/534.16"
220.181.108.96 - - [20/Jun/2014:19:22:29 -0400] "GET /compensation.html HTTP/1.1" 200 12313 "-" "Mozilla/5.0 (compatible; Baiduspider/2.0; +http://www.baidu.com/search/spider.html)"
66.249.67.205 - - [20/Jun/2014:23:11:34 -0400] "GET /378/scripts/master.css HTTP/1.1" 200 1951 "-" "Mozilla/5.0 (compatible; Googlebot/2.1; +http://www.google.com/bot.html)"
123.125.71.116 - - [20/Jun/2014:08:55:02 -0400] "GET /scripts/photoalbum.js HTTP/1.1" 200 62295 "-" "Mozilla/5.0 (compatible; Baiduspider/2.0; +http://www.baidu.com/search/spider.html)"
109.120.157.179 - - [20/Jun/2014:12:43:43 -0400] "GET / HTTP/1.1" 200 16327 "http://russ-tractor.ru/" "Mozilla/5.0 (compatible; Add Catalog/2.1;)"
205.237.88.145 - - [20/Jun/2014:02:37:29 -0400] "GET / HTTP/1.0" 200 16327 "-" "=Mozilla/5.0 (Windows; U; Windows NT 6.1; en-US) AppleWebKit/534.16 (KHTML, like Gecko) Chrome/10.0.648.204 Safari/534.16"
193.150.120.14 - - [20/Jun/2014:04:44:54 -0400] "GET /charlesjpayerjr.html HTTP/1.1" 200 22020 "http://best-poppers.com/" "Mozilla/3.0 (compatible; WebCapture 2.0; Auto; Windows)"
208.115.113.87 - - [20/Jun/2014:16:01:59 -0400] "GET /sectorsofinterest.html HTTP/1.1" 200 27586 "-" "Mozilla/5.0 (compatible; DotBot/1.1; http://www.opensiteexplorer.org/dotbot, help@moz.com)"
46.119.120.207 - - [20/Jun/2014:17:40:53 -0400] "GET /charlesjpayerjr.html HTTP/1.1" 200 22020 "http://narutonaruto.ru/" "Mozilla/4.0 (compatible; MSIE 6.0; Windows NT 5.1; Maxthon; .NET CLR 1.1.4322)"
187.198.81.146 - - [20/Jun/2014:21:14:16 -0400] "GET /378/images/bg.jpg HTTP/1.1" 200 342 "http://libertytransnational.com/" "Mozilla/5.0 (Windows NT 6.1; WOW64) AppleWebKit/537.36 (KHTML, like Gecko) Chrome/32.0.1700.107 Safari/537.36"
187.198.81.146 - - [20/Jun/2014:21:14:17 -0400] "GET /378/images/04a.jpg HTTP/1.1" 200 4187 "http://libertytransnational.com/" "Mozilla/5.0 (Windows NT 6.1; WOW64) AppleWebKit/537.36 (KHTML, like Gecko) Chrome/32.0.1700.107 Safari/537.36"
187.198.81.146 - - [20/Jun/2014:21:14:18 -0400] "GET /378/images/06a.jpg HTTP/1.1" 200 3709 "http://libertytransnational.com/" "Mozilla/5.0 (Windows NT 6.1; WOW64) AppleWebKit/537.36 (KHTML, like Gecko) Chrome/32.0.1700.107 Safari/537.36"
187.198.81.146 - - [20/Jun/2014:21:14:19 -0400] "GET /378/images/content_06.jpg HTTP/1.1" 200 1195 "http://libertytransnational.com/" "Mozilla/5.0 (Windows NT 6.1; WOW64) AppleWebKit/537.36 (KHTML, like Gecko) Chrome/32.0.1700.107 Safari/537.36"
187.198.81.146 - - [20/Jun/2014:21:14:20 -0400] "GET /378/images/01b.jpg HTTP/1.1" 200 2756 "http://libertytransnational.com/" "Mozilla/5.0 (Windows NT 6.1; WOW64) AppleWebKit/537.36 (KHTML, like Gecko) Chrome/32.0.1700.107 Safari/537.36"
187.198.81.146 - - [20/Jun/2014:21:14:21 -0400] "GET /378/images/07b.jpg HTTP/1.1" 200 3987 "http://libertytransnational.com/" "Mozilla/5.0 (Windows NT 6.1; WOW64) AppleWebKit/537.36 (KHTML, like Gecko) Chrome/32.0.1700.107 Safari/537.36"
187.198.81.146 - - [20/Jun/2014:21:14:22 -0400] "GET /378/images/1/slogan.jpg HTTP/1.1" 200 4605 "http://libertytransnational.com/" "Mozilla/5.0 (Windows NT 6.1; WOW64) AppleWebKit/537.36 (KHTML, like Gecko) Chrome/32.0.1700.107 Safari/537.36"
46.118.155.40 - - [20/Jun/2014:22:14:03 -0400] "GET /charlesjpayerjr.html HTTP/1.1" 200 22020 "http://strongholdsb.ru/" "Mozilla/4.0 (compatible; MSIE 6.0; Windows NT 5.1; MyIE2; Deepnet Explorer)"
61.135.190.102 - - [20/Jun/2014:23:31:17 -0400] "GET /scripts/ic_globals_published.js HTTP/1.1" 200 566 "http://www.freedomdevgrp.com/" "Mozilla/5.0 (Windows; U; Windows NT 5.1; zh-CN; rv:1.9.2.15) Gecko/20110303 Firefox/3.6.15"
61.135.190.102 - - [20/Jun/2014:23:31:17 -0400] "GET /scripts/user.js HTTP/1.1" 200 23762 "http://www.freedomdevgrp.com/" "Mozilla/5.0 (Windows; U; Windows NT 5.1; zh-CN; rv:1.9.2.15) Gecko/20110303 Firefox/3.6.15"
65.55.215.35 - - [20/Jun/2014:09:44:33 -0400] "GET /378/images/05a.jpg HTTP/1.1" 200 4058 "-" "msnbot-media/1.1 (+http://search.msn.com/msnbot.htm)"
50.100.84.64 - - [20/Jun/2014:10:08:41 -0400] "GET /images/205_newest_pic_satellite.jpg HTTP/1.1" 200 2970 "http://libertytransnational.com/aboutus.html" "Mozilla/5.0 (Windows NT 6.3; WOW64; Trident/7.0; Touch; MDDCJS; rv:11.0) like Gecko"
213.239.218.19 - - [20/Jun/2014:19:00:17 -0400] "GET / HTTP/1.0" 200 16327 "-" "Opera/9.53 (Windows NT 5.1; U; ru)"
208.115.113.92 - - [20/Jun/2014:20:53:31 -0400] "GET /executivesbios.html HTTP/1.1" 200 19773 "-" "Mozilla/5.0 (compatible; DotBot/1.1; http://www.opensiteexplorer.org/dotbot, help@moz.com)"
151.138.13.244 - - [20/Jun/2014:02:40:32 -0400] "GET / HTTP/1.1" 206 16327 "-" "SuperPagesUrlVerifyBot/1.0"
66.249.67.192 - - [20/Jun/2014:23:09:28 -0400] "GET / HTTP/1.1" 200 16327 "-" "Mozilla/5.0 (compatible; Googlebot/2.1; +http://www.google.com/bot.html)"
144.76.34.109 - - [20/Jun/2014:23:55:11 -0400] "GET /home.html HTTP/1.1" 200 16327 "-" "Mozilla/4.0 (compatible; MSIE 6.0; Windows 98; Win 9x4.90)"
193.150.120.14 - - [20/Jun/2014:10:10:07 -0400] "GET /charlesjpayerjr.html HTTP/1.1" 200 22020 "http://ruslan-motul.ru/" "Mozilla/4.0 (compatible; Powermarks/3.5; Windows 95/98/2000/NT)"
46.118.155.40 - - [20/Jun/2014:05:09:31 -0400] "GET /charlesjpayerjr.html HTTP/1.1" 200 22020 "http://soft-program.com/" "Mozilla/4.0 (compatible; MSIE 6.0; Windows NT 5.1; SV1; .NET CLR 1.1.4322; XMPP Tiscali Communicator v.10.0.2; .NET CLR 2.0.50727)"
62.212.73.211 - - [20/Jun/2014:18:23:58 -0400] "GET /robots.txt HTTP/1.0" 200 25 "-" "Mozilla/5.0 (compatible; MJ12bot/v1.4.5; http://www.majestic12.co.uk/bot.php?+)"
65.55.215.35 - - [20/Jun/2014:09:44:32 -0400] "GET /robots.txt HTTP/1.1" 200 25 "-" "msnbot-media/1.1 (+http://search.msn.com/msnbot.htm)"
130.211.169.96 - - [20/Jun/2014:10:03:58 -0400] "GET / HTTP/1.0" 200 16327 "-" "NerdyBot"
208.93.104.10 - - [20/Jun/2014:02:29:14 -0400] "HEAD / HTTP/1.1" 200 - "-" "http://www.yellowpages.com/about/legal/crawl"
193.150.120.14 - - [20/Jun/2014:04:22:07 -0400] "GET /charlesjpayerjr.html HTTP/1.1" 200 22020 "http://boonex.ru/" "Mozilla/4.0 (compatible; MSIE 6.0; Windows NT 5.1; FREE; .NET CLR 1.1.4322)"
182.64.41.253 - - [20/Jun/2014:06:17:26 -0400] "GET /scripts/ic_globals_published.js HTTP/1.1" 200 566 "http://www.libertytransnational.com/contactus.html" "Mozilla/5.0 (Windows; U; Windows NT 5.1; en-US; rv:1.9.2.19) Gecko/20110707 Firefox/3.6.19 GTB7.1"
