0byt3m1n1
Path:
/
data
/
0
/
0
/
72
/
1
/
72816
/
meta
/
74078
/
logs
/
[
Home
]
File: x-access_log.2020-09-09
35.225.231.181 - - [09/Sep/2020:00:07:10 -0400] "GET / HTTP/1.0" 403 660 "-" "Mozilla/5.0 (X11; Linux x86_64) AppleWebKit/537.36 (KHTML, like Gecko) Chrome/61.0.3163.79 Safari/537.36"
66.246.224.12 - - [09/Sep/2020:00:29:40 -0400] "GET / HTTP/1.0" 200 16327 "-" "Mozilla/5.0 (Windows NT 10.0; Win64; x64) AppleWebKit/537.36 (KHTML, like Gecko) Chrome/79.0.3945.79 Safari/537.36"
181.214.211.223 - - [09/Sep/2020:03:45:11 -0400] "GET /378/images/03a.jpg HTTP/1.0" 200 3361 "http://libertytransnational.com/contactus.html" "Mozilla/5.0 (compatible; MSIE 9.0; Windows NT 6.1; Trident/5.0)"
181.214.211.223 - - [09/Sep/2020:03:45:11 -0400] "GET /378/images/content_08.jpg HTTP/1.0" 200 1236 "http://libertytransnational.com/contactus.html" "Mozilla/5.0 (compatible; MSIE 9.0; Windows NT 6.1; Trident/5.0)"
181.214.211.223 - - [09/Sep/2020:03:45:11 -0400] "GET /378/images/08a.jpg HTTP/1.0" 200 3325 "http://libertytransnational.com/contactus.html" "Mozilla/5.0 (compatible; MSIE 9.0; Windows NT 6.1; Trident/5.0)"
181.214.211.223 - - [09/Sep/2020:03:45:11 -0400] "GET /378/images/05b.jpg HTTP/1.0" 200 4130 "http://libertytransnational.com/contactus.html" "Mozilla/5.0 (compatible; MSIE 9.0; Windows NT 6.1; Trident/5.0)"
181.214.211.223 - - [09/Sep/2020:03:45:14 -0400] "GET /378/images/6/slogan.jpg HTTP/1.0" 200 5536 "http://libertytransnational.com/contactus.html" "Mozilla/5.0 (compatible; MSIE 9.0; Windows NT 6.1; Trident/5.0)"
181.214.211.223 - - [09/Sep/2020:03:45:14 -0400] "GET /favicon.ico HTTP/1.0" 404 575 "-" "Mozilla/5.0 (compatible; MSIE 9.0; Windows NT 6.1; Trident/5.0)"
181.214.211.223 - - [09/Sep/2020:03:45:14 -0400] "GET /378/images/content_09.jpg HTTP/1.0" 200 1278 "http://libertytransnational.com/contactus.html" "Mozilla/5.0 (compatible; MSIE 9.0; Windows NT 6.1; Trident/5.0)"
181.214.211.223 - - [09/Sep/2020:03:45:27 -0400] "GET /378/scripts/master.css HTTP/1.0" 200 1951 "http://libertytransnational.com/contactus.html" "Mozilla/5.0 (compatible; MSIE 9.0; Windows NT 6.1; Trident/5.0)"
37.252.14.7 - - [09/Sep/2020:07:25:36 -0400] "GET /adminer.php HTTP/1.0" 404 575 "-" "Mozilla/5.0 (Windows NT 10.0; Win64; x64) AppleWebKit/537.36 (KHTML, like Gecko) Chrome/84.0.4147.89 Safari/537.36"
216.21.165.134 - - [09/Sep/2020:13:19:55 -0400] "GET /378/scripts/master.css HTTP/1.0" 200 1951 "http://www.libertytransnational.com/executivesbios.html" "Mozilla/5.0 (Windows NT 10.0; Win64; x64) AppleWebKit/537.36 (KHTML, like Gecko) Chrome/85.0.4183.83 Safari/537.36"
216.21.165.134 - - [09/Sep/2020:13:19:55 -0400] "GET /378/images/03a.jpg HTTP/1.0" 200 3361 "http://www.libertytransnational.com/executivesbios.html" "Mozilla/5.0 (Windows NT 10.0; Win64; x64) AppleWebKit/537.36 (KHTML, like Gecko) Chrome/85.0.4183.83 Safari/537.36"
216.21.165.134 - - [09/Sep/2020:13:19:56 -0400] "GET /378/images/content_06.jpg HTTP/1.0" 200 1195 "http://www.libertytransnational.com/executivesbios.html" "Mozilla/5.0 (Windows NT 10.0; Win64; x64) AppleWebKit/537.36 (KHTML, like Gecko) Chrome/85.0.4183.83 Safari/537.36"
216.21.165.134 - - [09/Sep/2020:13:19:56 -0400] "GET /378/images/06b.jpg HTTP/1.0" 200 3838 "http://www.libertytransnational.com/executivesbios.html" "Mozilla/5.0 (Windows NT 10.0; Win64; x64) AppleWebKit/537.36 (KHTML, like Gecko) Chrome/85.0.4183.83 Safari/537.36"
157.55.39.24 - - [09/Sep/2020:15:28:57 -0400] "GET /robots.txt HTTP/1.0" 404 575 "-" "Mozilla/5.0 (compatible; bingbot/2.0; +http://www.bing.com/bingbot.htm)"
195.121.70.231 - - [09/Sep/2020:16:08:04 -0400] "GET /378/scripts/icwebsiteelement.css HTTP/1.0" 200 8132 "http://libertytransnational.com/aboutus.html" "Mozilla/5.0 (Windows NT 10.0; WOW64; Trident/7.0; rv:11.0) like Gecko"
195.121.70.231 - - [09/Sep/2020:16:08:06 -0400] "GET /378/images/02a.jpg HTTP/1.0" 200 3042 "http://libertytransnational.com/aboutus.html" "Mozilla/5.0 (Windows NT 10.0; WOW64; Trident/7.0; rv:11.0) like Gecko"
195.121.70.231 - - [09/Sep/2020:16:08:07 -0400] "GET /378/images/06b.jpg HTTP/1.0" 200 3838 "http://libertytransnational.com/aboutus.html" "Mozilla/5.0 (Windows NT 10.0; WOW64; Trident/7.0; rv:11.0) like Gecko"
195.121.70.231 - - [09/Sep/2020:16:08:07 -0400] "GET /378/images/content_03.jpg HTTP/1.0" 200 2072 "http://libertytransnational.com/aboutus.html" "Mozilla/5.0 (Windows NT 10.0; WOW64; Trident/7.0; rv:11.0) like Gecko"
195.121.70.231 - - [09/Sep/2020:16:08:10 -0400] "GET /378/images/08b.jpg HTTP/1.0" 200 3464 "http://libertytransnational.com/aboutus.html" "Mozilla/5.0 (Windows NT 10.0; WOW64; Trident/7.0; rv:11.0) like Gecko"
35.225.231.181 - - [09/Sep/2020:16:55:14 -0400] "GET / HTTP/1.0" 403 660 "-" "Mozilla/5.0 (X11; Ubuntu; Linux x86_64; rv:55.0) Gecko/20100101 Firefox/55.0"
35.196.59.112 - - [09/Sep/2020:19:03:49 -0400] "GET / HTTP/1.0" 200 16327 "-" "ZoominfoBot (zoominfobot at zoominfo dot com)"
54.215.229.22 - - [09/Sep/2020:20:35:07 -0400] "GET / HTTP/1.0" 403 660 "-" "Mozilla/5.0 (Macintosh; Intel Mac OS X 10_10_1) AppleWebKit/537.36 (KHTML, like Gecko) Chrome/40.0.2214.93 Safari/537.36"
54.215.229.22 - - [09/Sep/2020:20:35:07 -0400] "GET / HTTP/1.0" 403 660 "-" "Mozilla/5.0 (Macintosh; Intel Mac OS X 10_10_1) AppleWebKit/537.36 (KHTML, like Gecko) Chrome/40.0.2214.93 Safari/537.36"
77.88.5.28 - - [09/Sep/2020:22:56:27 -0400] "GET /robots.txt HTTP/1.0" 200 25 "-" "Mozilla/5.0 (compatible; YandexBot/3.0; +http://yandex.com/bots)"
77.88.5.57 - - [09/Sep/2020:22:56:31 -0400] "GET / HTTP/1.0" 200 16327 "-" "Mozilla/5.0 (compatible; YandexBot/3.0; +http://yandex.com/bots)"
35.185.42.70 - - [09/Sep/2020:23:40:27 -0400] "GET / HTTP/1.0" 403 660 "-" "ZoominfoBot (zoominfobot at zoominfo dot com)"
35.243.176.192 - - [09/Sep/2020:00:12:09 -0400] "GET /home.html HTTP/1.0" 200 16327 "-" "ZoominfoBot (zoominfobot at zoominfo dot com)"
35.243.176.192 - - [09/Sep/2020:00:17:52 -0400] "GET /capabilities.html HTTP/1.0" 200 31267 "-" "ZoominfoBot (zoominfobot at zoominfo dot com)"
35.243.176.192 - - [09/Sep/2020:00:25:23 -0400] "GET /contactus.html HTTP/1.0" 200 22721 "-" "ZoominfoBot (zoominfobot at zoominfo dot com)"
181.214.211.223 - - [09/Sep/2020:03:45:10 -0400] "GET /378/scripts/master.css HTTP/1.0" 200 1951 "http://libertytransnational.com/contactus.html" "Mozilla/5.0 (compatible; MSIE 9.0; Windows NT 6.1; Trident/5.0)"
54.36.148.39 - - [09/Sep/2020:03:45:13 -0400] "GET /robots.txt HTTP/1.0" 200 25 "-" "Mozilla/5.0 (compatible; AhrefsBot/6.1; +http://ahrefs.com/robot/)"
181.214.211.223 - - [09/Sep/2020:03:45:27 -0400] "GET /scripts/user.js HTTP/1.0" 200 23762 "http://libertytransnational.com/contactus.html" "Mozilla/5.0 (compatible; MSIE 9.0; Windows NT 6.1; Trident/5.0)"
216.21.165.134 - - [09/Sep/2020:13:19:54 -0400] "GET /executivesbios.html HTTP/1.0" 200 19773 "https://www.google.com/" "Mozilla/5.0 (Windows NT 10.0; Win64; x64) AppleWebKit/537.36 (KHTML, like Gecko) Chrome/85.0.4183.83 Safari/537.36"
216.21.165.134 - - [09/Sep/2020:13:19:55 -0400] "GET /378/images/06a.jpg HTTP/1.0" 200 3709 "http://www.libertytransnational.com/executivesbios.html" "Mozilla/5.0 (Windows NT 10.0; Win64; x64) AppleWebKit/537.36 (KHTML, like Gecko) Chrome/85.0.4183.83 Safari/537.36"
216.21.165.134 - - [09/Sep/2020:13:19:56 -0400] "GET /378/images/content_09.jpg HTTP/1.0" 200 1278 "http://www.libertytransnational.com/executivesbios.html" "Mozilla/5.0 (Windows NT 10.0; Win64; x64) AppleWebKit/537.36 (KHTML, like Gecko) Chrome/85.0.4183.83 Safari/537.36"
216.21.165.134 - - [09/Sep/2020:13:19:56 -0400] "GET /378/images/02b.jpg HTTP/1.0" 200 3197 "http://www.libertytransnational.com/executivesbios.html" "Mozilla/5.0 (Windows NT 10.0; Win64; x64) AppleWebKit/537.36 (KHTML, like Gecko) Chrome/85.0.4183.83 Safari/537.36"
216.21.165.134 - - [09/Sep/2020:13:19:56 -0400] "GET /378/images/05b.jpg HTTP/1.0" 200 4130 "http://www.libertytransnational.com/executivesbios.html" "Mozilla/5.0 (Windows NT 10.0; Win64; x64) AppleWebKit/537.36 (KHTML, like Gecko) Chrome/85.0.4183.83 Safari/537.36"
216.21.165.134 - - [09/Sep/2020:13:19:56 -0400] "GET /favicon.ico HTTP/1.0" 404 575 "http://www.libertytransnational.com/executivesbios.html" "Mozilla/5.0 (Windows NT 10.0; Win64; x64) AppleWebKit/537.36 (KHTML, like Gecko) Chrome/85.0.4183.83 Safari/537.36"
216.21.165.134 - - [09/Sep/2020:13:20:14 -0400] "GET /jeffreycsanders.html HTTP/1.0" 200 23020 "http://www.libertytransnational.com/executivesbios.html" "Mozilla/5.0 (Windows NT 10.0; Win64; x64) AppleWebKit/537.36 (KHTML, like Gecko) Chrome/85.0.4183.83 Safari/537.36"
195.121.70.231 - - [09/Sep/2020:16:08:03 -0400] "GET /aboutus.html HTTP/1.0" 200 17977 "http://www.google.com/url?sa=t&rct=j&q=&esrc=s&source=web&cd=1&ved=0CCEQFjAD&url=http%3A%2F%2Flibertytransnational.com%2Faboutus.html&ei=ITZZX9P4IeiCkAKJLQ&usg=AFQjCNFHA30z_C6n48Za0L-jYoOV6YgOpA" "Mozilla/5.0 (Windows NT 10.0; WOW64; Trident/7.0; rv:11.0) like Gecko"
195.121.70.231 - - [09/Sep/2020:16:08:04 -0400] "GET /scripts/user.js HTTP/1.0" 200 23762 "http://libertytransnational.com/aboutus.html" "Mozilla/5.0 (Windows NT 10.0; WOW64; Trident/7.0; rv:11.0) like Gecko"
195.121.70.231 - - [09/Sep/2020:16:08:06 -0400] "GET /378/images/01b.jpg HTTP/1.0" 200 2756 "http://libertytransnational.com/aboutus.html" "Mozilla/5.0 (Windows NT 10.0; WOW64; Trident/7.0; rv:11.0) like Gecko"
195.121.70.231 - - [09/Sep/2020:16:08:09 -0400] "GET /images/180_pic_statue01a.jpg HTTP/1.0" 200 4289 "http://libertytransnational.com/aboutus.html" "Mozilla/5.0 (Windows NT 10.0; WOW64; Trident/7.0; rv:11.0) like Gecko"
195.121.70.231 - - [09/Sep/2020:16:08:09 -0400] "GET /images/205_newest_pic_satellite.jpg HTTP/1.0" 200 2970 "http://libertytransnational.com/aboutus.html" "Mozilla/5.0 (Windows NT 10.0; WOW64; Trident/7.0; rv:11.0) like Gecko"
195.121.70.231 - - [09/Sep/2020:16:08:09 -0400] "GET /378/images/content_08.jpg HTTP/1.0" 200 1236 "http://libertytransnational.com/aboutus.html" "Mozilla/5.0 (Windows NT 10.0; WOW64; Trident/7.0; rv:11.0) like Gecko"
195.121.70.231 - - [09/Sep/2020:16:08:11 -0400] "GET /favicon.ico HTTP/1.0" 404 575 "-" "Mozilla/5.0 (Windows NT 10.0; WOW64; Trident/7.0; rv:11.0) like Gecko"
35.196.59.112 - - [09/Sep/2020:18:53:04 -0400] "GET / HTTP/1.0" 200 16327 "-" "ZoominfoBot (zoominfobot at zoominfo dot com)"
192.71.44.44 - - [09/Sep/2020:20:55:18 -0400] "GET /robots.txt HTTP/1.0" 200 25 "-" "Go-http-client/1.1"
35.243.176.192 - - [09/Sep/2020:00:04:14 -0400] "GET /robots.txt HTTP/1.0" 200 25 "-" "ZoominfoBot (zoominfobot at zoominfo dot com)"
35.243.176.192 - - [09/Sep/2020:00:06:35 -0400] "GET /capabilities.html HTTP/1.0" 200 31267 "-" "ZoominfoBot (zoominfobot at zoominfo dot com)"
35.243.176.192 - - [09/Sep/2020:00:09:34 -0400] "GET /aboutus.html HTTP/1.0" 200 17977 "-" "ZoominfoBot (zoominfobot at zoominfo dot com)"
35.243.176.192 - - [09/Sep/2020:00:09:37 -0400] "GET /aboutus.html HTTP/1.0" 200 17977 "-" "ZoominfoBot (zoominfobot at zoominfo dot com)"
35.243.176.192 - - [09/Sep/2020:00:18:51 -0400] "GET /howyoubenefit.html HTTP/1.0" 200 24162 "-" "ZoominfoBot (zoominfobot at zoominfo dot com)"
181.214.211.223 - - [09/Sep/2020:03:45:11 -0400] "GET /scripts/ic_globals_published.js HTTP/1.0" 200 566 "http://libertytransnational.com/contactus.html" "Mozilla/5.0 (compatible; MSIE 9.0; Windows NT 6.1; Trident/5.0)"
181.214.211.223 - - [09/Sep/2020:03:45:27 -0400] "GET /scripts/ic_globals_published.js HTTP/1.0" 200 566 "http://libertytransnational.com/contactus.html" "Mozilla/5.0 (compatible; MSIE 9.0; Windows NT 6.1; Trident/5.0)"
181.214.211.223 - - [09/Sep/2020:03:45:28 -0400] "GET /favicon.ico HTTP/1.0" 404 575 "-" "Mozilla/5.0 (compatible; MSIE 9.0; Windows NT 6.1; Trident/5.0)"
77.88.5.247 - - [09/Sep/2020:09:26:09 -0400] "GET /robots.txt HTTP/1.0" 200 25 "-" "Mozilla/5.0 (compatible; YandexBot/3.0; +http://yandex.com/bots)"
216.21.165.134 - - [09/Sep/2020:13:19:55 -0400] "GET /378/images/02a.jpg HTTP/1.0" 200 3042 "http://www.libertytransnational.com/executivesbios.html" "Mozilla/5.0 (Windows NT 10.0; Win64; x64) AppleWebKit/537.36 (KHTML, like Gecko) Chrome/85.0.4183.83 Safari/537.36"
216.21.165.134 - - [09/Sep/2020:13:19:55 -0400] "GET /378/images/08a.jpg HTTP/1.0" 200 3325 "http://www.libertytransnational.com/executivesbios.html" "Mozilla/5.0 (Windows NT 10.0; Win64; x64) AppleWebKit/537.36 (KHTML, like Gecko) Chrome/85.0.4183.83 Safari/537.36"
216.21.165.134 - - [09/Sep/2020:13:19:55 -0400] "GET /378/images/spacer.gif HTTP/1.0" 200 43 "http://www.libertytransnational.com/executivesbios.html" "Mozilla/5.0 (Windows NT 10.0; Win64; x64) AppleWebKit/537.36 (KHTML, like Gecko) Chrome/85.0.4183.83 Safari/537.36"
216.21.165.134 - - [09/Sep/2020:13:19:55 -0400] "GET /378/images/05a.jpg HTTP/1.0" 200 4058 "http://www.libertytransnational.com/executivesbios.html" "Mozilla/5.0 (Windows NT 10.0; Win64; x64) AppleWebKit/537.36 (KHTML, like Gecko) Chrome/85.0.4183.83 Safari/537.36"
216.21.165.134 - - [09/Sep/2020:13:19:55 -0400] "GET /images/175_newest_pic_chuck02.jpg HTTP/1.0" 200 3690 "http://www.libertytransnational.com/executivesbios.html" "Mozilla/5.0 (Windows NT 10.0; Win64; x64) AppleWebKit/537.36 (KHTML, like Gecko) Chrome/85.0.4183.83 Safari/537.36"
216.21.165.134 - - [09/Sep/2020:13:19:56 -0400] "GET /378/images/07b.jpg HTTP/1.0" 200 3987 "http://www.libertytransnational.com/executivesbios.html" "Mozilla/5.0 (Windows NT 10.0; Win64; x64) AppleWebKit/537.36 (KHTML, like Gecko) Chrome/85.0.4183.83 Safari/537.36"
216.21.165.134 - - [09/Sep/2020:13:19:56 -0400] "GET /378/images/08b.jpg HTTP/1.0" 200 3464 "http://www.libertytransnational.com/executivesbios.html" "Mozilla/5.0 (Windows NT 10.0; Win64; x64) AppleWebKit/537.36 (KHTML, like Gecko) Chrome/85.0.4183.83 Safari/537.36"
216.21.165.134 - - [09/Sep/2020:13:19:56 -0400] "GET /378/images/4/slogan.jpg HTTP/1.0" 200 6400 "http://www.libertytransnational.com/executivesbios.html" "Mozilla/5.0 (Windows NT 10.0; Win64; x64) AppleWebKit/537.36 (KHTML, like Gecko) Chrome/85.0.4183.83 Safari/537.36"
195.121.70.231 - - [09/Sep/2020:16:08:04 -0400] "GET /378/images/bg.jpg HTTP/1.0" 200 342 "http://libertytransnational.com/aboutus.html" "Mozilla/5.0 (Windows NT 10.0; WOW64; Trident/7.0; rv:11.0) like Gecko"
195.121.70.231 - - [09/Sep/2020:16:08:04 -0400] "GET /scripts/ic_globals_published.js HTTP/1.0" 200 566 "http://libertytransnational.com/aboutus.html" "Mozilla/5.0 (Windows NT 10.0; WOW64; Trident/7.0; rv:11.0) like Gecko"
195.121.70.231 - - [09/Sep/2020:16:08:09 -0400] "GET /378/images/spacer.gif HTTP/1.0" 200 43 "http://libertytransnational.com/aboutus.html" "Mozilla/5.0 (Windows NT 10.0; WOW64; Trident/7.0; rv:11.0) like Gecko"
195.121.70.231 - - [09/Sep/2020:16:08:10 -0400] "GET /378/images/content_09.jpg HTTP/1.0" 200 1278 "http://libertytransnational.com/aboutus.html" "Mozilla/5.0 (Windows NT 10.0; WOW64; Trident/7.0; rv:11.0) like Gecko"
77.88.5.234 - - [09/Sep/2020:17:09:16 -0400] "GET /robots.txt HTTP/1.0" 200 25 "-" "Mozilla/5.0 (compatible; YandexBot/3.0; +http://yandex.com/bots)"
35.196.59.112 - - [09/Sep/2020:18:53:04 -0400] "GET /robots.txt HTTP/1.0" 200 25 "-" "ZoominfoBot (zoominfobot at zoominfo dot com)"
114.119.133.116 - - [09/Sep/2020:20:32:49 -0400] "GET /sectorsofinterest.html HTTP/1.0" 200 27586 "-" "Mozilla/5.0 (Linux; Android 7.0;) AppleWebKit/537.36 (KHTML, like Gecko) Mobile Safari/537.36 (compatible; PetalBot;+http://aspiegel.com/petalbot)"
192.71.2.171 - - [09/Sep/2020:20:55:18 -0400] "GET /humans.txt HTTP/1.0" 404 575 "-" "Go-http-client/1.1"
44.226.207.35 - - [09/Sep/2020:21:46:39 -0400] "GET / HTTP/1.0" 403 660 "-" "Mozilla/5.0 (X11; Linux x86_64) AppleWebKit/537.36 (KHTML, like Gecko) HeadlessChrome/68.0.3440.106 Safari/537.36"
54.36.149.20 - - [09/Sep/2020:22:58:40 -0400] "GET /corporatesellers.html HTTP/1.0" 200 31896 "-" "Mozilla/5.0 (compatible; AhrefsBot/7.0; +http://ahrefs.com/robot/)"
35.243.176.192 - - [09/Sep/2020:00:04:14 -0400] "GET /contactus.html HTTP/1.0" 200 22721 "-" "ZoominfoBot (zoominfobot at zoominfo dot com)"
114.119.128.158 - - [09/Sep/2020:00:20:53 -0400] "GET /charlesjpayerjr.html HTTP/1.0" 200 22020 "-" "Mozilla/5.0 (Linux; Android 7.0;) AppleWebKit/537.36 (KHTML, like Gecko) Mobile Safari/537.36 (compatible; PetalBot;+http://aspiegel.com/petalbot)"
35.243.176.192 - - [09/Sep/2020:00:22:45 -0400] "GET /home.html HTTP/1.0" 200 16327 "-" "ZoominfoBot (zoominfobot at zoominfo dot com)"
35.243.176.192 - - [09/Sep/2020:00:37:10 -0400] "GET /howyoubenefit.html HTTP/1.0" 200 24162 "-" "ZoominfoBot (zoominfobot at zoominfo dot com)"
34.220.168.133 - - [09/Sep/2020:03:19:02 -0400] "GET / HTTP/1.0" 403 660 "-" "Mozilla/5.0 (X11; Linux x86_64) AppleWebKit/537.36 (KHTML, like Gecko) HeadlessChrome/68.0.3440.106 Safari/537.36"
181.214.211.223 - - [09/Sep/2020:03:45:10 -0400] "GET /378/images/01a.jpg HTTP/1.0" 200 2591 "http://libertytransnational.com/contactus.html" "Mozilla/5.0 (compatible; MSIE 9.0; Windows NT 6.1; Trident/5.0)"
181.214.211.223 - - [09/Sep/2020:03:45:10 -0400] "GET /378/images/04a.jpg HTTP/1.0" 200 4187 "http://libertytransnational.com/contactus.html" "Mozilla/5.0 (compatible; MSIE 9.0; Windows NT 6.1; Trident/5.0)"
181.214.211.223 - - [09/Sep/2020:03:45:10 -0400] "GET /378/images/company.jpg HTTP/1.0" 200 10264 "http://libertytransnational.com/contactus.html" "Mozilla/5.0 (compatible; MSIE 9.0; Windows NT 6.1; Trident/5.0)"
181.214.211.223 - - [09/Sep/2020:03:45:11 -0400] "GET /378/images/01b.jpg HTTP/1.0" 200 2756 "http://libertytransnational.com/contactus.html" "Mozilla/5.0 (compatible; MSIE 9.0; Windows NT 6.1; Trident/5.0)"
181.214.211.223 - - [09/Sep/2020:03:45:11 -0400] "GET /378/images/06a.jpg HTTP/1.0" 200 3709 "http://libertytransnational.com/contactus.html" "Mozilla/5.0 (compatible; MSIE 9.0; Windows NT 6.1; Trident/5.0)"
181.214.211.223 - - [09/Sep/2020:03:45:11 -0400] "GET /378/images/motif01.jpg HTTP/1.0" 200 14966 "http://libertytransnational.com/contactus.html" "Mozilla/5.0 (compatible; MSIE 9.0; Windows NT 6.1; Trident/5.0)"
181.214.211.223 - - [09/Sep/2020:03:45:14 -0400] "GET /378/images/bg.jpg HTTP/1.0" 200 342 "http://libertytransnational.com/contactus.html" "Mozilla/5.0 (compatible; MSIE 9.0; Windows NT 6.1; Trident/5.0)"
181.214.211.223 - - [09/Sep/2020:03:45:26 -0400] "GET /contactus.html HTTP/1.0" 200 22721 "http://libertytransnational.com/contactus.html" "Mozilla/5.0 (compatible; MSIE 9.0; Windows NT 6.1; Trident/5.0)"
181.214.211.223 - - [09/Sep/2020:03:45:27 -0400] "GET /378/scripts/icwebsiteelement.css HTTP/1.0" 200 8132 "http://libertytransnational.com/contactus.html" "Mozilla/5.0 (compatible; MSIE 9.0; Windows NT 6.1; Trident/5.0)"
114.119.159.232 - - [09/Sep/2020:07:39:45 -0400] "GET /howyoubenefit.html HTTP/1.0" 200 24162 "-" "Mozilla/5.0 (Linux; Android 7.0;) AppleWebKit/537.36 (KHTML, like Gecko) Mobile Safari/537.36 (compatible; PetalBot;+http://aspiegel.com/petalbot)"
185.191.171.33 - - [09/Sep/2020:09:48:01 -0400] "GET /sitemap.xml HTTP/1.0" 404 575 "-" "Mozilla/5.0 (compatible; SemrushBot/6~bl; +http://www.semrush.com/bot.html)"
207.46.13.249 - - [09/Sep/2020:13:14:37 -0400] "GET / HTTP/1.0" 403 660 "-" "Mozilla/5.0 (compatible; bingbot/2.0; +http://www.bing.com/bingbot.htm)"
216.21.165.134 - - [09/Sep/2020:13:19:54 -0400] "GET /scripts/user.js HTTP/1.0" 200 23762 "http://www.libertytransnational.com/executivesbios.html" "Mozilla/5.0 (Windows NT 10.0; Win64; x64) AppleWebKit/537.36 (KHTML, like Gecko) Chrome/85.0.4183.83 Safari/537.36"
216.21.165.134 - - [09/Sep/2020:13:19:54 -0400] "GET /378/images/content_08.jpg HTTP/1.0" 200 1236 "http://www.libertytransnational.com/executivesbios.html" "Mozilla/5.0 (Windows NT 10.0; Win64; x64) AppleWebKit/537.36 (KHTML, like Gecko) Chrome/85.0.4183.83 Safari/537.36"
216.21.165.134 - - [09/Sep/2020:13:19:55 -0400] "GET /378/images/10b.jpg HTTP/1.0" 200 834 "http://www.libertytransnational.com/executivesbios.html" "Mozilla/5.0 (Windows NT 10.0; Win64; x64) AppleWebKit/537.36 (KHTML, like Gecko) Chrome/85.0.4183.83 Safari/537.36"
216.21.165.134 - - [09/Sep/2020:13:20:14 -0400] "GET /images/1_clearpixel.gif HTTP/1.0" 200 43 "http://www.libertytransnational.com/jeffreycsanders.html" "Mozilla/5.0 (Windows NT 10.0; Win64; x64) AppleWebKit/537.36 (KHTML, like Gecko) Chrome/85.0.4183.83 Safari/537.36"
54.229.226.227 - - [09/Sep/2020:15:07:23 -0400] "GET /robots.txt HTTP/1.0" 404 575 "-" "Pandalytics/1.0 (https://domainsbot.com/pandalytics/)"
195.121.70.231 - - [09/Sep/2020:16:08:06 -0400] "GET /378/images/04a.jpg HTTP/1.0" 200 4187 "http://libertytransnational.com/aboutus.html" "Mozilla/5.0 (Windows NT 10.0; WOW64; Trident/7.0; rv:11.0) like Gecko"
195.121.70.231 - - [09/Sep/2020:16:08:06 -0400] "GET /378/images/05b.jpg HTTP/1.0" 200 4130 "http://libertytransnational.com/aboutus.html" "Mozilla/5.0 (Windows NT 10.0; WOW64; Trident/7.0; rv:11.0) like Gecko"
195.121.70.231 - - [09/Sep/2020:16:08:07 -0400] "GET /378/images/02b.jpg HTTP/1.0" 200 3197 "http://libertytransnational.com/aboutus.html" "Mozilla/5.0 (Windows NT 10.0; WOW64; Trident/7.0; rv:11.0) like Gecko"
195.121.70.231 - - [09/Sep/2020:16:08:08 -0400] "GET /378/images/content_04.jpg HTTP/1.0" 200 4415 "http://libertytransnational.com/aboutus.html" "Mozilla/5.0 (Windows NT 10.0; WOW64; Trident/7.0; rv:11.0) like Gecko"
195.121.70.231 - - [09/Sep/2020:16:08:09 -0400] "GET /images/128_pic_column02.jpg HTTP/1.0" 200 4788 "http://libertytransnational.com/aboutus.html" "Mozilla/5.0 (Windows NT 10.0; WOW64; Trident/7.0; rv:11.0) like Gecko"
34.75.199.111 - - [09/Sep/2020:18:47:04 -0400] "GET /robots.txt HTTP/1.0" 404 575 "-" "ZoominfoBot (zoominfobot at zoominfo dot com)"
54.36.148.137 - - [09/Sep/2020:22:44:57 -0400] "GET /capabilities.html HTTP/1.0" 200 31267 "-" "Mozilla/5.0 (compatible; AhrefsBot/7.0; +http://ahrefs.com/robot/)"
54.36.148.186 - - [09/Sep/2020:22:56:38 -0400] "GET /compensation.html HTTP/1.0" 200 12313 "-" "Mozilla/5.0 (compatible; AhrefsBot/7.0; +http://ahrefs.com/robot/)"
35.185.42.70 - - [09/Sep/2020:23:31:54 -0400] "GET /robots.txt HTTP/1.0" 404 575 "-" "ZoominfoBot (zoominfobot at zoominfo dot com)"
35.185.42.70 - - [09/Sep/2020:23:31:54 -0400] "GET / HTTP/1.0" 403 660 "-" "ZoominfoBot (zoominfobot at zoominfo dot com)"
18.236.244.141 - - [09/Sep/2020:23:44:19 -0400] "GET / HTTP/1.0" 403 660 "-" "Mozilla/5.0 (X11; Linux x86_64) AppleWebKit/537.36 (KHTML, like Gecko) HeadlessChrome/68.0.3440.106 Safari/537.36"
34.72.241.74 - - [09/Sep/2020:00:03:27 -0400] "GET / HTTP/1.0" 403 660 "-" "Mozilla/5.0 (X11; Ubuntu; Linux x86_64; rv:55.0) Gecko/20100101 Firefox/55.0"
35.243.176.192 - - [09/Sep/2020:00:20:25 -0400] "GET /executivesbios.html HTTP/1.0" 200 19773 "-" "ZoominfoBot (zoominfobot at zoominfo dot com)"
35.243.176.192 - - [09/Sep/2020:00:21:19 -0400] "GET /sectorsofinterest.html HTTP/1.0" 200 27586 "-" "ZoominfoBot (zoominfobot at zoominfo dot com)"
66.249.72.9 - - [09/Sep/2020:00:45:24 -0400] "GET / HTTP/1.0" 403 660 "-" "Mozilla/5.0 (compatible; Googlebot/2.1; +http://www.google.com/bot.html)"
52.41.187.186 - - [09/Sep/2020:01:23:55 -0400] "GET / HTTP/1.0" 403 660 "-" "Mozilla/5.0 (Macintosh; Intel Mac OS X 10_10_3) AppleWebKit/537.36 (KHTML, like Gecko) Chrome/42.0.2311.135 Safari/537.36"
54.215.225.159 - - [09/Sep/2020:02:24:12 -0400] "GET / HTTP/1.0" 403 660 "-" "Mozilla/5.0 (Macintosh; Intel Mac OS X 10_10_1) AppleWebKit/537.36 (KHTML, like Gecko) Chrome/40.0.2214.93 Safari/537.36"
181.214.211.223 - - [09/Sep/2020:03:45:27 -0400] "GET /scripts/photoalbum.js HTTP/1.0" 200 62295 "http://libertytransnational.com/contactus.html" "Mozilla/5.0 (compatible; MSIE 9.0; Windows NT 6.1; Trident/5.0)"
185.191.171.26 - - [09/Sep/2020:09:47:54 -0400] "GET / HTTP/1.0" 200 16327 "-" "Mozilla/5.0 (compatible; SemrushBot/6~bl; +http://www.semrush.com/bot.html)"
216.21.165.134 - - [09/Sep/2020:13:19:53 -0400] "GET /378/scripts/icwebsiteelement.css HTTP/1.0" 200 8132 "http://www.libertytransnational.com/executivesbios.html" "Mozilla/5.0 (Windows NT 10.0; Win64; x64) AppleWebKit/537.36 (KHTML, like Gecko) Chrome/85.0.4183.83 Safari/537.36"
216.21.165.134 - - [09/Sep/2020:13:19:55 -0400] "GET /378/images/03b.jpg HTTP/1.0" 200 3499 "http://www.libertytransnational.com/executivesbios.html" "Mozilla/5.0 (Windows NT 10.0; Win64; x64) AppleWebKit/537.36 (KHTML, like Gecko) Chrome/85.0.4183.83 Safari/537.36"
124.206.180.133 - - [09/Sep/2020:15:27:44 -0400] "GET / HTTP/1.0" 200 16327 "-" "Mozilla/5.0 Firefox/35.0"
195.121.70.231 - - [09/Sep/2020:16:08:07 -0400] "GET /378/images/company.jpg HTTP/1.0" 200 10264 "http://libertytransnational.com/aboutus.html" "Mozilla/5.0 (Windows NT 10.0; WOW64; Trident/7.0; rv:11.0) like Gecko"
195.121.70.231 - - [09/Sep/2020:16:08:09 -0400] "GET /378/images/05a.jpg HTTP/1.0" 200 4058 "http://libertytransnational.com/aboutus.html" "Mozilla/5.0 (Windows NT 10.0; WOW64; Trident/7.0; rv:11.0) like Gecko"
195.121.70.231 - - [09/Sep/2020:16:08:09 -0400] "GET /378/images/10b.jpg HTTP/1.0" 200 834 "http://libertytransnational.com/aboutus.html" "Mozilla/5.0 (Windows NT 10.0; WOW64; Trident/7.0; rv:11.0) like Gecko"
195.121.70.231 - - [09/Sep/2020:16:08:09 -0400] "GET /378/images/03b.jpg HTTP/1.0" 200 3499 "http://libertytransnational.com/aboutus.html" "Mozilla/5.0 (Windows NT 10.0; WOW64; Trident/7.0; rv:11.0) like Gecko"
195.121.70.231 - - [09/Sep/2020:16:08:09 -0400] "GET /378/images/09b.jpg HTTP/1.0" 200 834 "http://libertytransnational.com/aboutus.html" "Mozilla/5.0 (Windows NT 10.0; WOW64; Trident/7.0; rv:11.0) like Gecko"
195.121.70.231 - - [09/Sep/2020:16:08:10 -0400] "GET /images/1_clearpixel.gif HTTP/1.0" 200 43 "http://libertytransnational.com/aboutus.html" "Mozilla/5.0 (Windows NT 10.0; WOW64; Trident/7.0; rv:11.0) like Gecko"
104.197.22.134 - - [09/Sep/2020:16:54:09 -0400] "GET / HTTP/1.0" 200 16327 "-" "Mozilla/5.0 (X11; Linux x86_64) AppleWebKit/537.36 (KHTML, like Gecko) Chrome/57.0.2987.110 Safari/537.36"
40.77.167.220 - - [09/Sep/2020:18:11:16 -0400] "GET /sectorsofinterest.html HTTP/1.0" 404 575 "-" "Mozilla/5.0 (compatible; bingbot/2.0; +http://www.bing.com/bingbot.htm)"
157.55.39.38 - - [09/Sep/2020:20:21:57 -0400] "GET /robots.txt HTTP/1.0" 200 25 "-" "Mozilla/5.0 (compatible; bingbot/2.0; +http://www.bing.com/bingbot.htm)"
192.36.53.165 - - [09/Sep/2020:20:55:18 -0400] "GET / HTTP/1.0" 200 16327 "-" "Go-http-client/1.1"
54.36.149.27 - - [09/Sep/2020:22:52:35 -0400] "GET /contactus.html HTTP/1.0" 200 22721 "-" "Mozilla/5.0 (compatible; AhrefsBot/7.0; +http://ahrefs.com/robot/)"
18.236.70.148 - - [09/Sep/2020:23:44:11 -0400] "GET / HTTP/1.0" 403 660 "-" "Mozilla/5.0 (Windows NT 10.0; Win64; x64)AppleWebKit/537.36 (KHTML, like Gecko) Chrome/66.0.3359.181 Safari/537.36"
35.243.176.192 - - [09/Sep/2020:00:08:58 -0400] "GET /compensation.html HTTP/1.0" 200 12313 "-" "ZoominfoBot (zoominfobot at zoominfo dot com)"
35.243.176.192 - - [09/Sep/2020:00:21:13 -0400] "GET /executivesbios.html HTTP/1.0" 200 19773 "-" "ZoominfoBot (zoominfobot at zoominfo dot com)"
54.215.225.159 - - [09/Sep/2020:02:24:13 -0400] "GET / HTTP/1.0" 403 660 "-" "Mozilla/5.0 (Macintosh; Intel Mac OS X 10_10_1) AppleWebKit/537.36 (KHTML, like Gecko) Chrome/40.0.2214.93 Safari/537.36"
181.214.211.223 - - [09/Sep/2020:03:45:11 -0400] "GET /378/images/02a.jpg HTTP/1.0" 200 3042 "http://libertytransnational.com/contactus.html" "Mozilla/5.0 (compatible; MSIE 9.0; Windows NT 6.1; Trident/5.0)"
181.214.211.223 - - [09/Sep/2020:03:45:11 -0400] "GET /378/images/03b.jpg HTTP/1.0" 200 3499 "http://libertytransnational.com/contactus.html" "Mozilla/5.0 (compatible; MSIE 9.0; Windows NT 6.1; Trident/5.0)"
181.214.211.223 - - [09/Sep/2020:03:45:14 -0400] "GET /378/images/content_11.jpg HTTP/1.0" 200 468 "http://libertytransnational.com/contactus.html" "Mozilla/5.0 (compatible; MSIE 9.0; Windows NT 6.1; Trident/5.0)"
216.21.165.134 - - [09/Sep/2020:13:19:54 -0400] "GET /378/images/content_03.jpg HTTP/1.0" 200 2072 "http://www.libertytransnational.com/executivesbios.html" "Mozilla/5.0 (Windows NT 10.0; Win64; x64) AppleWebKit/537.36 (KHTML, like Gecko) Chrome/85.0.4183.83 Safari/537.36"
216.21.165.134 - - [09/Sep/2020:13:20:14 -0400] "GET /378/images/8/slogan.jpg HTTP/1.0" 200 7733 "http://www.libertytransnational.com/jeffreycsanders.html" "Mozilla/5.0 (Windows NT 10.0; Win64; x64) AppleWebKit/537.36 (KHTML, like Gecko) Chrome/85.0.4183.83 Safari/537.36"
54.37.160.145 - - [09/Sep/2020:15:30:08 -0400] "GET / HTTP/1.0" 200 16327 "-" "python-requests/2.24.0"
77.88.5.234 - - [09/Sep/2020:15:47:33 -0400] "GET /robots.txt HTTP/1.0" 404 575 "-" "Mozilla/5.0 (compatible; YandexBot/3.0; +http://yandex.com/bots)"
195.121.70.231 - - [09/Sep/2020:16:08:06 -0400] "GET /378/images/03a.jpg HTTP/1.0" 200 3361 "http://libertytransnational.com/aboutus.html" "Mozilla/5.0 (Windows NT 10.0; WOW64; Trident/7.0; rv:11.0) like Gecko"
195.121.70.231 - - [09/Sep/2020:16:08:06 -0400] "GET /378/images/motif01.jpg HTTP/1.0" 200 14966 "http://libertytransnational.com/aboutus.html" "Mozilla/5.0 (Windows NT 10.0; WOW64; Trident/7.0; rv:11.0) like Gecko"
195.121.70.231 - - [09/Sep/2020:16:08:10 -0400] "GET /378/images/07a.jpg HTTP/1.0" 200 3898 "http://libertytransnational.com/aboutus.html" "Mozilla/5.0 (Windows NT 10.0; WOW64; Trident/7.0; rv:11.0) like Gecko"
161.35.100.215 - - [09/Sep/2020:17:15:41 -0400] "GET / HTTP/1.0" 200 16327 "-" "python-requests/2.24.0"
34.75.199.111 - - [09/Sep/2020:18:47:05 -0400] "GET / HTTP/1.0" 403 660 "-" "ZoominfoBot (zoominfobot at zoominfo dot com)"
34.75.199.111 - - [09/Sep/2020:18:55:27 -0400] "GET /robots.txt HTTP/1.0" 404 575 "-" "ZoominfoBot (zoominfobot at zoominfo dot com)"
34.75.199.111 - - [09/Sep/2020:18:55:27 -0400] "GET / HTTP/1.0" 403 660 "-" "ZoominfoBot (zoominfobot at zoominfo dot com)"
44.229.14.4 - - [09/Sep/2020:22:05:23 -0400] "GET / HTTP/1.0" 403 660 "-" "Mozilla/5.0 (X11; Linux x86_64) AppleWebKit/537.36 (KHTML, like Gecko) HeadlessChrome/68.0.3440.106 Safari/537.36"
35.185.42.70 - - [09/Sep/2020:23:40:25 -0400] "GET /robots.txt HTTP/1.0" 404 575 "-" "ZoominfoBot (zoominfobot at zoominfo dot com)"
181.214.211.223 - - [09/Sep/2020:03:45:10 -0400] "GET /contactus.html HTTP/1.0" 200 22721 "-" "Mozilla/5.0 (compatible; MSIE 9.0; Windows NT 6.1; Trident/5.0)"
181.214.211.223 - - [09/Sep/2020:03:45:11 -0400] "GET /378/images/02b.jpg HTTP/1.0" 200 3197 "http://libertytransnational.com/contactus.html" "Mozilla/5.0 (compatible; MSIE 9.0; Windows NT 6.1; Trident/5.0)"
181.214.211.223 - - [09/Sep/2020:03:45:11 -0400] "GET /378/images/04b.jpg HTTP/1.0" 200 4260 "http://libertytransnational.com/contactus.html" "Mozilla/5.0 (compatible; MSIE 9.0; Windows NT 6.1; Trident/5.0)"
181.214.211.223 - - [09/Sep/2020:03:45:14 -0400] "GET /378/images/content_bg.jpg HTTP/1.0" 200 471 "http://libertytransnational.com/contactus.html" "Mozilla/5.0 (compatible; MSIE 9.0; Windows NT 6.1; Trident/5.0)"
181.214.211.223 - - [09/Sep/2020:03:45:14 -0400] "GET /378/images/05a.jpg HTTP/1.0" 200 4058 "http://libertytransnational.com/contactus.html" "Mozilla/5.0 (compatible; MSIE 9.0; Windows NT 6.1; Trident/5.0)"
181.214.211.223 - - [09/Sep/2020:03:45:14 -0400] "GET /378/images/content_07.jpg HTTP/1.0" 200 553 "http://libertytransnational.com/contactus.html" "Mozilla/5.0 (compatible; MSIE 9.0; Windows NT 6.1; Trident/5.0)"
114.119.156.110 - - [09/Sep/2020:05:15:55 -0400] "GET /robots.txt HTTP/1.0" 200 25 "-" "(compatible;PetalBot;+http://aspiegel.com/petalbot)"
195.121.70.231 - - [09/Sep/2020:16:08:09 -0400] "GET /378/images/08a.jpg HTTP/1.0" 200 3325 "http://libertytransnational.com/aboutus.html" "Mozilla/5.0 (Windows NT 10.0; WOW64; Trident/7.0; rv:11.0) like Gecko"
195.121.70.231 - - [09/Sep/2020:16:08:11 -0400] "GET /378/images/06a.jpg HTTP/1.0" 200 3709 "http://libertytransnational.com/aboutus.html" "Mozilla/5.0 (Windows NT 10.0; WOW64; Trident/7.0; rv:11.0) like Gecko"
195.121.70.231 - - [09/Sep/2020:16:08:11 -0400] "GET /378/images/content_07.jpg HTTP/1.0" 200 553 "http://libertytransnational.com/aboutus.html" "Mozilla/5.0 (Windows NT 10.0; WOW64; Trident/7.0; rv:11.0) like Gecko"
54.36.148.112 - - [09/Sep/2020:22:31:58 -0400] "GET /sectorsofinterest.html HTTP/1.0" 200 27586 "-" "Mozilla/5.0 (compatible; AhrefsBot/7.0; +http://ahrefs.com/robot/)"
77.88.5.47 - - [09/Sep/2020:22:56:28 -0400] "GET /robots.txt HTTP/1.0" 200 25 "-" "Mozilla/5.0 (compatible; YandexBot/3.0; +http://yandex.com/bots)"
54.36.149.102 - - [09/Sep/2020:22:57:51 -0400] "GET /howyoubenefit.html HTTP/1.0" 200 24162 "-" "Mozilla/5.0 (compatible; AhrefsBot/7.0; +http://ahrefs.com/robot/)"
181.214.211.223 - - [09/Sep/2020:03:45:10 -0400] "GET /scripts/photoalbum.js HTTP/1.0" 200 62295 "http://libertytransnational.com/contactus.html" "Mozilla/5.0 (compatible; MSIE 9.0; Windows NT 6.1; Trident/5.0)"
181.214.211.223 - - [09/Sep/2020:03:45:14 -0400] "GET /378/images/09b.jpg HTTP/1.0" 200 834 "http://libertytransnational.com/contactus.html" "Mozilla/5.0 (compatible; MSIE 9.0; Windows NT 6.1; Trident/5.0)"
181.214.211.223 - - [09/Sep/2020:03:45:14 -0400] "GET /378/images/07a.jpg HTTP/1.0" 200 3898 "http://libertytransnational.com/contactus.html" "Mozilla/5.0 (compatible; MSIE 9.0; Windows NT 6.1; Trident/5.0)"
147.135.170.162 - - [09/Sep/2020:04:13:21 -0400] "GET /wp-login.php HTTP/1.0" 404 575 "-" "Mozilla/5.0 (Macintosh; Intel Mac OS X 10_12_5) AppleWeb Kit/537.36 (KHTML, like Gecko) Chrome/58.0.3029.110 Safari/537.36"
114.119.154.118 - - [09/Sep/2020:05:21:36 -0400] "GET /sectorsofinterest.html HTTP/1.0" 200 27586 "-" "Mozilla/5.0 (Linux; Android 7.0;) AppleWebKit/537.36 (KHTML, like Gecko) Mobile Safari/537.36 (compatible; PetalBot;+http://aspiegel.com/petalbot)"
42.236.10.120 - - [09/Sep/2020:05:59:47 -0400] "GET / HTTP/1.0" 200 16327 "http://www.libertytransnational.com/" "Mozilla/5.0 (Windows NT 6.1; WOW64) AppleWebKit/537.36 (KHTML, like Gecko) Chrome/50.4.2661.102 Safari/537.36; 360Spider"
34.249.120.137 - - [09/Sep/2020:10:19:09 -0400] "GET /sectorsofinterest.html HTTP/1.0" 200 27586 "-" "Mozilla/5.0 (Windows NT 6.2; WOW64)"
216.21.165.134 - - [09/Sep/2020:13:19:54 -0400] "GET /scripts/ic_globals_published.js HTTP/1.0" 200 566 "http://www.libertytransnational.com/executivesbios.html" "Mozilla/5.0 (Windows NT 10.0; Win64; x64) AppleWebKit/537.36 (KHTML, like Gecko) Chrome/85.0.4183.83 Safari/537.36"
216.21.165.134 - - [09/Sep/2020:13:19:54 -0400] "GET /378/images/01a.jpg HTTP/1.0" 200 2591 "http://www.libertytransnational.com/executivesbios.html" "Mozilla/5.0 (Windows NT 10.0; Win64; x64) AppleWebKit/537.36 (KHTML, like Gecko) Chrome/85.0.4183.83 Safari/537.36"
216.21.165.134 - - [09/Sep/2020:13:19:54 -0400] "GET /378/images/07a.jpg HTTP/1.0" 200 3898 "http://www.libertytransnational.com/executivesbios.html" "Mozilla/5.0 (Windows NT 10.0; Win64; x64) AppleWebKit/537.36 (KHTML, like Gecko) Chrome/85.0.4183.83 Safari/537.36"
216.21.165.134 - - [09/Sep/2020:13:19:54 -0400] "GET /378/images/content_bg.jpg HTTP/1.0" 200 471 "http://www.libertytransnational.com/executivesbios.html" "Mozilla/5.0 (Windows NT 10.0; Win64; x64) AppleWebKit/537.36 (KHTML, like Gecko) Chrome/85.0.4183.83 Safari/537.36"
216.21.165.134 - - [09/Sep/2020:13:19:54 -0400] "GET /378/images/content_04.jpg HTTP/1.0" 200 4415 "http://www.libertytransnational.com/executivesbios.html" "Mozilla/5.0 (Windows NT 10.0; Win64; x64) AppleWebKit/537.36 (KHTML, like Gecko) Chrome/85.0.4183.83 Safari/537.36"
216.21.165.134 - - [09/Sep/2020:13:19:54 -0400] "GET /378/images/bg.jpg HTTP/1.0" 200 342 "http://www.libertytransnational.com/executivesbios.html" "Mozilla/5.0 (Windows NT 10.0; Win64; x64) AppleWebKit/537.36 (KHTML, like Gecko) Chrome/85.0.4183.83 Safari/537.36"
216.21.165.134 - - [09/Sep/2020:13:19:54 -0400] "GET /378/images/04a.jpg HTTP/1.0" 200 4187 "http://www.libertytransnational.com/executivesbios.html" "Mozilla/5.0 (Windows NT 10.0; Win64; x64) AppleWebKit/537.36 (KHTML, like Gecko) Chrome/85.0.4183.83 Safari/537.36"
216.21.165.134 - - [09/Sep/2020:13:19:55 -0400] "GET /378/images/content_11.jpg HTTP/1.0" 200 468 "http://www.libertytransnational.com/executivesbios.html" "Mozilla/5.0 (Windows NT 10.0; Win64; x64) AppleWebKit/537.36 (KHTML, like Gecko) Chrome/85.0.4183.83 Safari/537.36"
216.21.165.134 - - [09/Sep/2020:13:19:55 -0400] "GET /378/images/04b.jpg HTTP/1.0" 200 4260 "http://www.libertytransnational.com/executivesbios.html" "Mozilla/5.0 (Windows NT 10.0; Win64; x64) AppleWebKit/537.36 (KHTML, like Gecko) Chrome/85.0.4183.83 Safari/537.36"
216.21.165.134 - - [09/Sep/2020:13:19:55 -0400] "GET /378/images/09b.jpg HTTP/1.0" 200 834 "http://www.libertytransnational.com/executivesbios.html" "Mozilla/5.0 (Windows NT 10.0; Win64; x64) AppleWebKit/537.36 (KHTML, like Gecko) Chrome/85.0.4183.83 Safari/537.36"
195.121.70.231 - - [09/Sep/2020:16:08:10 -0400] "GET /378/images/content_bg.jpg HTTP/1.0" 200 471 "http://libertytransnational.com/aboutus.html" "Mozilla/5.0 (Windows NT 10.0; WOW64; Trident/7.0; rv:11.0) like Gecko"
195.121.70.231 - - [09/Sep/2020:16:08:11 -0400] "GET /378/images/3/slogan.jpg HTTP/1.0" 200 5393 "http://libertytransnational.com/aboutus.html" "Mozilla/5.0 (Windows NT 10.0; WOW64; Trident/7.0; rv:11.0) like Gecko"
195.121.70.231 - - [09/Sep/2020:16:08:11 -0400] "GET /378/images/content_11.jpg HTTP/1.0" 200 468 "http://libertytransnational.com/aboutus.html" "Mozilla/5.0 (Windows NT 10.0; WOW64; Trident/7.0; rv:11.0) like Gecko"
77.88.5.234 - - [09/Sep/2020:17:09:20 -0400] "GET / HTTP/1.0" 200 16327 "-" "Mozilla/5.0 (compatible; YandexBot/3.0; +http://yandex.com/bots)"
35.196.59.112 - - [09/Sep/2020:19:03:49 -0400] "GET /robots.txt HTTP/1.0" 200 25 "-" "ZoominfoBot (zoominfobot at zoominfo dot com)"
54.190.0.9 - - [09/Sep/2020:21:46:31 -0400] "GET / HTTP/1.0" 403 660 "-" "Mozilla/5.0 (Windows NT 10.0; Win64; x64)AppleWebKit/537.36 (KHTML, like Gecko) Chrome/66.0.3359.181 Safari/537.36"
35.243.176.192 - - [09/Sep/2020:00:32:52 -0400] "GET /sectorsofinterest.html HTTP/1.0" 200 27586 "-" "ZoominfoBot (zoominfobot at zoominfo dot com)"
66.249.72.9 - - [09/Sep/2020:00:45:24 -0400] "GET /robots.txt HTTP/1.0" 404 575 "-" "Mozilla/5.0 (compatible; Googlebot/2.1; +http://www.google.com/bot.html)"
66.249.72.7 - - [09/Sep/2020:01:25:47 -0400] "GET / HTTP/1.0" 403 660 "-" "Mozilla/5.0 (Linux; Android 6.0.1; Nexus 5X Build/MMB29P) AppleWebKit/537.36 (KHTML, like Gecko) Chrome/80.0.3987.92 Mobile Safari/537.36 (compatible; Googlebot/2.1; +http://www.google.com/bot.html)"
114.119.133.116 - - [09/Sep/2020:03:28:31 -0400] "GET /aboutus.html HTTP/1.0" 200 17977 "-" "Mozilla/5.0 (Linux; Android 7.0;) AppleWebKit/537.36 (KHTML, like Gecko) Mobile Safari/537.36 (compatible; PetalBot;+http://aspiegel.com/petalbot)"
181.214.211.223 - - [09/Sep/2020:03:45:10 -0400] "GET /scripts/user.js HTTP/1.0" 200 23762 "http://libertytransnational.com/contactus.html" "Mozilla/5.0 (compatible; MSIE 9.0; Windows NT 6.1; Trident/5.0)"
181.214.211.223 - - [09/Sep/2020:03:45:10 -0400] "GET /378/scripts/icwebsiteelement.css HTTP/1.0" 200 8132 "http://libertytransnational.com/contactus.html" "Mozilla/5.0 (compatible; MSIE 9.0; Windows NT 6.1; Trident/5.0)"
181.214.211.223 - - [09/Sep/2020:03:45:11 -0400] "GET /378/images/content_03.jpg HTTP/1.0" 200 2072 "http://libertytransnational.com/contactus.html" "Mozilla/5.0 (compatible; MSIE 9.0; Windows NT 6.1; Trident/5.0)"
181.214.211.223 - - [09/Sep/2020:03:45:14 -0400] "GET /378/images/content_04.jpg HTTP/1.0" 200 4415 "http://libertytransnational.com/contactus.html" "Mozilla/5.0 (compatible; MSIE 9.0; Windows NT 6.1; Trident/5.0)"
181.214.211.223 - - [09/Sep/2020:03:45:14 -0400] "GET /378/images/spacer.gif HTTP/1.0" 200 43 "http://libertytransnational.com/contactus.html" "Mozilla/5.0 (compatible; MSIE 9.0; Windows NT 6.1; Trident/5.0)"
181.214.211.223 - - [09/Sep/2020:03:45:14 -0400] "GET /378/images/06b.jpg HTTP/1.0" 200 3838 "http://libertytransnational.com/contactus.html" "Mozilla/5.0 (compatible; MSIE 9.0; Windows NT 6.1; Trident/5.0)"
181.214.211.223 - - [09/Sep/2020:03:45:14 -0400] "GET /378/images/08b.jpg HTTP/1.0" 200 3464 "http://libertytransnational.com/contactus.html" "Mozilla/5.0 (compatible; MSIE 9.0; Windows NT 6.1; Trident/5.0)"
181.214.211.223 - - [09/Sep/2020:03:45:14 -0400] "GET /378/images/10b.jpg HTTP/1.0" 200 834 "http://libertytransnational.com/contactus.html" "Mozilla/5.0 (compatible; MSIE 9.0; Windows NT 6.1; Trident/5.0)"
181.214.211.223 - - [09/Sep/2020:03:45:14 -0400] "GET /378/images/content_06.jpg HTTP/1.0" 200 1195 "http://libertytransnational.com/contactus.html" "Mozilla/5.0 (compatible; MSIE 9.0; Windows NT 6.1; Trident/5.0)"
181.214.211.223 - - [09/Sep/2020:03:45:14 -0400] "GET /378/images/07b.jpg HTTP/1.0" 200 3987 "http://libertytransnational.com/contactus.html" "Mozilla/5.0 (compatible; MSIE 9.0; Windows NT 6.1; Trident/5.0)"
162.243.13.129 - - [09/Sep/2020:07:46:36 -0400] "GET / HTTP/1.0" 403 660 "https://libertytransnational.net" "Mozilla/5.0 (X11; Linux x86_64; rv:78.0) Gecko/20100101 Firefox/78.0"
77.88.5.98 - - [09/Sep/2020:09:26:13 -0400] "GET /images/map.pdf HTTP/1.0" 200 60563 "-" "Mozilla/5.0 (compatible; YandexBot/3.0; +http://yandex.com/bots)"
185.191.171.15 - - [09/Sep/2020:09:47:54 -0400] "GET /robots.txt HTTP/1.0" 200 25 "-" "Mozilla/5.0 (compatible; SemrushBot/6~bl; +http://www.semrush.com/bot.html)"
114.119.133.116 - - [09/Sep/2020:12:07:24 -0400] "GET /corporatesellers.html HTTP/1.0" 200 31896 "-" "Mozilla/5.0 (Linux; Android 7.0;) AppleWebKit/537.36 (KHTML, like Gecko) Mobile Safari/537.36 (compatible; PetalBot;+http://aspiegel.com/petalbot)"
216.21.165.134 - - [09/Sep/2020:13:19:54 -0400] "GET /scripts/photoalbum.js HTTP/1.0" 200 62295 "http://www.libertytransnational.com/executivesbios.html" "Mozilla/5.0 (Windows NT 10.0; Win64; x64) AppleWebKit/537.36 (KHTML, like Gecko) Chrome/85.0.4183.83 Safari/537.36"
216.21.165.134 - - [09/Sep/2020:13:19:54 -0400] "GET /378/images/motif01.jpg HTTP/1.0" 200 14966 "http://www.libertytransnational.com/executivesbios.html" "Mozilla/5.0 (Windows NT 10.0; Win64; x64) AppleWebKit/537.36 (KHTML, like Gecko) Chrome/85.0.4183.83 Safari/537.36"
216.21.165.134 - - [09/Sep/2020:13:19:54 -0400] "GET /378/images/company.jpg HTTP/1.0" 200 10264 "http://www.libertytransnational.com/executivesbios.html" "Mozilla/5.0 (Windows NT 10.0; Win64; x64) AppleWebKit/537.36 (KHTML, like Gecko) Chrome/85.0.4183.83 Safari/537.36"
216.21.165.134 - - [09/Sep/2020:13:19:55 -0400] "GET /378/images/content_07.jpg HTTP/1.0" 200 553 "http://www.libertytransnational.com/executivesbios.html" "Mozilla/5.0 (Windows NT 10.0; Win64; x64) AppleWebKit/537.36 (KHTML, like Gecko) Chrome/85.0.4183.83 Safari/537.36"
216.21.165.134 - - [09/Sep/2020:13:19:55 -0400] "GET /images/175_newest_pic_jeff02.jpg HTTP/1.0" 200 3694 "http://www.libertytransnational.com/executivesbios.html" "Mozilla/5.0 (Windows NT 10.0; Win64; x64) AppleWebKit/537.36 (KHTML, like Gecko) Chrome/85.0.4183.83 Safari/537.36"
216.21.165.134 - - [09/Sep/2020:13:19:55 -0400] "GET /378/images/01b.jpg HTTP/1.0" 200 2756 "http://www.libertytransnational.com/executivesbios.html" "Mozilla/5.0 (Windows NT 10.0; Win64; x64) AppleWebKit/537.36 (KHTML, like Gecko) Chrome/85.0.4183.83 Safari/537.36"
54.229.226.227 - - [09/Sep/2020:15:07:24 -0400] "GET / HTTP/1.0" 403 660 "-" "Pandalytics/1.0 (https://domainsbot.com/pandalytics/)"
77.88.5.234 - - [09/Sep/2020:15:47:37 -0400] "GET / HTTP/1.0" 403 660 "-" "Mozilla/5.0 (compatible; YandexBot/3.0; +http://yandex.com/bots)"
195.121.70.231 - - [09/Sep/2020:16:08:04 -0400] "GET /scripts/photoalbum.js HTTP/1.0" 200 62295 "http://libertytransnational.com/aboutus.html" "Mozilla/5.0 (Windows NT 10.0; WOW64; Trident/7.0; rv:11.0) like Gecko"
195.121.70.231 - - [09/Sep/2020:16:08:04 -0400] "GET /378/scripts/master.css HTTP/1.0" 200 1951 "http://libertytransnational.com/aboutus.html" "Mozilla/5.0 (Windows NT 10.0; WOW64; Trident/7.0; rv:11.0) like Gecko"
195.121.70.231 - - [09/Sep/2020:16:08:07 -0400] "GET /378/images/01a.jpg HTTP/1.0" 200 2591 "http://libertytransnational.com/aboutus.html" "Mozilla/5.0 (Windows NT 10.0; WOW64; Trident/7.0; rv:11.0) like Gecko"
195.121.70.231 - - [09/Sep/2020:16:08:07 -0400] "GET /378/images/07b.jpg HTTP/1.0" 200 3987 "http://libertytransnational.com/aboutus.html" "Mozilla/5.0 (Windows NT 10.0; WOW64; Trident/7.0; rv:11.0) like Gecko"
195.121.70.231 - - [09/Sep/2020:16:08:09 -0400] "GET /378/images/04b.jpg HTTP/1.0" 200 4260 "http://libertytransnational.com/aboutus.html" "Mozilla/5.0 (Windows NT 10.0; WOW64; Trident/7.0; rv:11.0) like Gecko"
195.121.70.231 - - [09/Sep/2020:16:08:11 -0400] "GET /378/images/content_06.jpg HTTP/1.0" 200 1195 "http://libertytransnational.com/aboutus.html" "Mozilla/5.0 (Windows NT 10.0; WOW64; Trident/7.0; rv:11.0) like Gecko"
192.71.36.158 - - [09/Sep/2020:20:55:19 -0400] "GET /ads.txt HTTP/1.0" 404 575 "-" "Go-http-client/1.1"
54.36.148.176 - - [09/Sep/2020:22:09:12 -0400] "GET /robots.txt HTTP/1.0" 200 25 "-" "Mozilla/5.0 (compatible; AhrefsBot/6.1; +http://ahrefs.com/robot/)"
77.88.5.247 - - [09/Sep/2020:22:56:31 -0400] "GET / HTTP/1.0" 200 16327 "-" "Mozilla/5.0 (compatible; YandexBot/3.0; +http://yandex.com/bots)"
54.36.149.8 - - [09/Sep/2020:22:58:26 -0400] "GET /managementteams.html HTTP/1.0" 200 26197 "-" "Mozilla/5.0 (compatible; AhrefsBot/7.0; +http://ahrefs.com/robot/)"