0byt3m1n1
Path:
/
data
/
0
/
0
/
72
/
1
/
72816
/
meta
/
74078
/
logs
/
[
Home
]
File: x-access_log.2020-09-12
103.125.71.53 - - [12/Sep/2020:06:42:23 -0400] "GET /378/scripts/master.css HTTP/1.0" 200 1951 "http://libertytransnational.com/" "Mozilla/5.0 (X11; Linux x86_64) AppleWebKit/537.36 (KHTML, like Gecko) Chrome/80.0.3987.122 Safari/537.36"
103.125.71.53 - - [12/Sep/2020:06:42:24 -0400] "GET /378/images/01a.jpg HTTP/1.0" 200 2591 "http://libertytransnational.com/" "Mozilla/5.0 (X11; Linux x86_64) AppleWebKit/537.36 (KHTML, like Gecko) Chrome/80.0.3987.122 Safari/537.36"
103.125.71.53 - - [12/Sep/2020:06:42:24 -0400] "GET /378/images/08a.jpg HTTP/1.0" 200 3325 "http://libertytransnational.com/" "Mozilla/5.0 (X11; Linux x86_64) AppleWebKit/537.36 (KHTML, like Gecko) Chrome/80.0.3987.122 Safari/537.36"
103.125.71.53 - - [12/Sep/2020:06:42:24 -0400] "GET /378/images/05a.jpg HTTP/1.0" 200 4058 "http://libertytransnational.com/" "Mozilla/5.0 (X11; Linux x86_64) AppleWebKit/537.36 (KHTML, like Gecko) Chrome/80.0.3987.122 Safari/537.36"
103.125.71.53 - - [12/Sep/2020:06:42:25 -0400] "GET /378/images/07a.jpg HTTP/1.0" 200 3898 "http://libertytransnational.com/" "Mozilla/5.0 (X11; Linux x86_64) AppleWebKit/537.36 (KHTML, like Gecko) Chrome/80.0.3987.122 Safari/537.36"
103.125.71.53 - - [12/Sep/2020:06:42:25 -0400] "GET /378/images/content_06.jpg HTTP/1.0" 200 1195 "http://libertytransnational.com/" "Mozilla/5.0 (X11; Linux x86_64) AppleWebKit/537.36 (KHTML, like Gecko) Chrome/80.0.3987.122 Safari/537.36"
103.125.71.53 - - [12/Sep/2020:06:42:25 -0400] "GET /378/images/content_11.jpg HTTP/1.0" 200 468 "http://libertytransnational.com/" "Mozilla/5.0 (X11; Linux x86_64) AppleWebKit/537.36 (KHTML, like Gecko) Chrome/80.0.3987.122 Safari/537.36"
103.125.71.53 - - [12/Sep/2020:06:42:26 -0400] "GET /378/images/09b.jpg HTTP/1.0" 200 834 "http://libertytransnational.com/" "Mozilla/5.0 (X11; Linux x86_64) AppleWebKit/537.36 (KHTML, like Gecko) Chrome/80.0.3987.122 Safari/537.36"
192.29.97.49 - - [12/Sep/2020:13:04:05 -0400] "GET / HTTP/1.0" 403 660 "-" "DF Bot 1.0"
134.122.8.24 - - [12/Sep/2020:14:54:20 -0400] "GET / HTTP/1.0" 200 16327 "-" "Mozilla/5.0 (Macintosh; Intel Mac OS X 10_13_6) AppleWebKit/537.36 (KHTML, like Gecko) Chrome/68.0.3440.106 Safari/537.36"
20.43.59.219 - - [12/Sep/2020:17:29:33 -0400] "GET /pma/index.php HTTP/1.0" 404 575 "-" "Mozilla/5.0 (X11; Linux x86_64) AppleWebKit/537.36 (KHTML, like Gecko) Chrome/33.0.1750.517 Safari/537.36"
165.227.180.237 - - [12/Sep/2020:19:20:01 -0400] "GET / HTTP/1.0" 200 16327 "-" "Mozilla/5.0 (X11; Datanyze; Linux x86_64) AppleWebKit/537.36 (KHTML, like Gecko) Chrome/65.0.3325.181 Safari/537.36"
34.74.165.144 - - [12/Sep/2020:23:23:44 -0400] "GET /compensation.html HTTP/1.0" 200 12313 "-" "ZoominfoBot (zoominfobot at zoominfo dot com)"
34.74.165.144 - - [12/Sep/2020:23:43:02 -0400] "GET /capabilities.html HTTP/1.0" 200 31267 "-" "ZoominfoBot (zoominfobot at zoominfo dot com)"
103.125.71.53 - - [12/Sep/2020:06:42:25 -0400] "GET /378/images/spacer.gif HTTP/1.0" 200 43 "http://libertytransnational.com/" "Mozilla/5.0 (X11; Linux x86_64) AppleWebKit/537.36 (KHTML, like Gecko) Chrome/80.0.3987.122 Safari/537.36"
103.125.71.53 - - [12/Sep/2020:06:42:25 -0400] "GET /378/images/content_04.jpg HTTP/1.0" 200 4415 "http://libertytransnational.com/" "Mozilla/5.0 (X11; Linux x86_64) AppleWebKit/537.36 (KHTML, like Gecko) Chrome/80.0.3987.122 Safari/537.36"
103.125.71.53 - - [12/Sep/2020:06:42:25 -0400] "GET /images/190_pic_report01a.jpg HTTP/1.0" 200 4628 "http://libertytransnational.com/" "Mozilla/5.0 (X11; Linux x86_64) AppleWebKit/537.36 (KHTML, like Gecko) Chrome/80.0.3987.122 Safari/537.36"
103.125.71.53 - - [12/Sep/2020:06:42:25 -0400] "GET /378/images/content_09.jpg HTTP/1.0" 200 1278 "http://libertytransnational.com/" "Mozilla/5.0 (X11; Linux x86_64) AppleWebKit/537.36 (KHTML, like Gecko) Chrome/80.0.3987.122 Safari/537.36"
103.125.71.53 - - [12/Sep/2020:06:42:26 -0400] "GET /378/images/07b.jpg HTTP/1.0" 200 3987 "http://libertytransnational.com/" "Mozilla/5.0 (X11; Linux x86_64) AppleWebKit/537.36 (KHTML, like Gecko) Chrome/80.0.3987.122 Safari/537.36"
103.125.71.53 - - [12/Sep/2020:06:42:26 -0400] "GET /378/images/08b.jpg HTTP/1.0" 200 3464 "http://libertytransnational.com/" "Mozilla/5.0 (X11; Linux x86_64) AppleWebKit/537.36 (KHTML, like Gecko) Chrome/80.0.3987.122 Safari/537.36"
216.18.204.197 - - [12/Sep/2020:15:27:29 -0400] "GET /home.html HTTP/1.0" 200 16327 "http://www.libertytransnational.com/" "Mozilla/5.0 (compatible; Adsbot/3.1)"
216.18.204.197 - - [12/Sep/2020:15:27:45 -0400] "GET /capabilities.html HTTP/1.0" 200 31267 "http://www.libertytransnational.com/" "Mozilla/5.0 (compatible; Adsbot/3.1)"
216.18.204.197 - - [12/Sep/2020:15:28:05 -0400] "GET /sectorsofinterest.html HTTP/1.0" 200 27586 "http://www.libertytransnational.com/" "Mozilla/5.0 (compatible; Adsbot/3.1)"
216.18.204.197 - - [12/Sep/2020:15:33:33 -0400] "GET /corporatebuyers.html HTTP/1.0" 200 28232 "http://www.libertytransnational.com/" "Mozilla/5.0 (compatible; Adsbot/3.1)"
216.18.204.197 - - [12/Sep/2020:15:33:53 -0400] "GET /groupsseekingcapital.html HTTP/1.0" 200 30017 "http://www.libertytransnational.com/" "Mozilla/5.0 (compatible; Adsbot/3.1)"
35.231.77.30 - - [12/Sep/2020:15:34:52 -0400] "GET / HTTP/1.0" 200 16327 "-" "ZoominfoBot (zoominfobot at zoominfo dot com)"
89.36.76.117 - - [12/Sep/2020:16:25:09 -0400] "GET / HTTP/1.0" 403 660 "http://freedomdevgrp.net/" "Mozilla/5.0 (Windows NT 10.0; Win64; x64) AppleWebKit/537.36 (KHTML, like Gecko) Chrome/67.0.3396.87 Safari/537.36 OPR/54.0.2952.51"
35.231.77.30 - - [12/Sep/2020:16:46:40 -0400] "GET /robots.txt HTTP/1.0" 404 575 "-" "ZoominfoBot (zoominfobot at zoominfo dot com)"
35.231.77.30 - - [12/Sep/2020:16:55:07 -0400] "GET /robots.txt HTTP/1.0" 404 575 "-" "ZoominfoBot (zoominfobot at zoominfo dot com)"
45.79.249.135 - - [12/Sep/2020:17:11:10 -0400] "GET / HTTP/1.0" 200 16327 "-" "python-requests/2.24.0"
20.43.59.219 - - [12/Sep/2020:17:29:30 -0400] "POST /blog/xmlrpc.php HTTP/1.0" 404 575 "-" "Mozilla/5.0 (X11; Linux x86_64) AppleWebKit/537.36 (KHTML, like Gecko) Chrome/33.0.1750.517 Safari/537.36"
144.168.162.250 - - [12/Sep/2020:19:45:58 -0400] "GET / HTTP/1.0" 403 660 "-" "Mozilla/5.0 (Windows NT 6.1; WOW64) AppleWebKit/537.36 (KHTML, like Gecko) Chrome/34.0.1847.131 Safari/537.36"
209.242.202.199 - - [12/Sep/2020:21:25:21 -0400] "GET / HTTP/1.0" 403 660 "-" "Mozilla/5.0 (Macintosh; Intel Mac OS X 10_12_5) AppleWebKit/537.36 (KHTML, like Gecko) Chrome/58.0.3029.110 Safari/537.36"
54.188.252.211 - - [12/Sep/2020:22:04:29 -0400] "GET / HTTP/1.0" 403 660 "-" "Mozilla/5.0 (Windows NT 10.0; Win64; x64)AppleWebKit/537.36 (KHTML, like Gecko) Chrome/66.0.3359.181 Safari/537.36"
114.119.159.24 - - [12/Sep/2020:22:46:07 -0400] "GET /howyoubenefit.html HTTP/1.0" 200 24162 "-" "Mozilla/5.0 (Linux; Android 7.0;) AppleWebKit/537.36 (KHTML, like Gecko) Mobile Safari/537.36 (compatible; PetalBot;+http://aspiegel.com/petalbot)"
34.74.165.144 - - [12/Sep/2020:23:28:58 -0400] "GET /robots.txt HTTP/1.0" 200 25 "-" "ZoominfoBot (zoominfobot at zoominfo dot com)"
34.74.165.144 - - [12/Sep/2020:23:28:58 -0400] "GET /contactus.html HTTP/1.0" 200 22721 "-" "ZoominfoBot (zoominfobot at zoominfo dot com)"
35.229.103.96 - - [12/Sep/2020:23:36:15 -0400] "GET /robots.txt HTTP/1.0" 404 575 "-" "ZoominfoBot (zoominfobot at zoominfo dot com)"
103.125.71.53 - - [12/Sep/2020:06:42:24 -0400] "GET /378/images/motif01.jpg HTTP/1.0" 200 14966 "http://libertytransnational.com/" "Mozilla/5.0 (X11; Linux x86_64) AppleWebKit/537.36 (KHTML, like Gecko) Chrome/80.0.3987.122 Safari/537.36"
213.168.249.115 - - [12/Sep/2020:11:19:29 -0400] "GET / HTTP/1.0" 403 660 "-" "PageThing.com"
173.245.203.91 - - [12/Sep/2020:12:55:54 -0400] "GET / HTTP/1.0" 200 16327 "-" "Mozilla/5.0 (X11; Ubuntu; Linux x86_64; rv:15.0) Gecko/20100101 Firefox/15.0.1"
216.18.204.197 - - [12/Sep/2020:15:28:02 -0400] "GET /executivesbios.html HTTP/1.0" 200 19773 "http://www.libertytransnational.com/" "Mozilla/5.0 (compatible; Adsbot/3.1)"
216.18.204.197 - - [12/Sep/2020:15:33:50 -0400] "GET /corporatesellers.html HTTP/1.0" 200 31896 "http://www.libertytransnational.com/" "Mozilla/5.0 (compatible; Adsbot/3.1)"
35.231.77.30 - - [12/Sep/2020:16:55:08 -0400] "GET / HTTP/1.0" 403 660 "-" "ZoominfoBot (zoominfobot at zoominfo dot com)"
114.119.136.146 - - [12/Sep/2020:20:21:53 -0400] "GET /robots.txt HTTP/1.0" 200 25 "-" "(compatible;PetalBot;+http://aspiegel.com/petalbot)"
157.55.39.224 - - [12/Sep/2020:21:05:50 -0400] "GET /pages/13/index.htm HTTP/1.0" 200 24402 "-" "Mozilla/5.0 (compatible; bingbot/2.0; +http://www.bing.com/bingbot.htm)"
34.74.165.144 - - [12/Sep/2020:23:37:14 -0400] "GET /home.html HTTP/1.0" 200 16327 "-" "ZoominfoBot (zoominfobot at zoominfo dot com)"
34.74.165.144 - - [12/Sep/2020:23:47:50 -0400] "GET /home.html HTTP/1.0" 200 16327 "-" "ZoominfoBot (zoominfobot at zoominfo dot com)"
35.229.103.96 - - [12/Sep/2020:23:52:45 -0400] "GET / HTTP/1.0" 403 660 "-" "ZoominfoBot (zoominfobot at zoominfo dot com)"
114.119.162.80 - - [12/Sep/2020:01:48:04 -0400] "GET /robots.txt HTTP/1.0" 200 25 "-" "(compatible;PetalBot;+http://aspiegel.com/petalbot)"
114.119.159.24 - - [12/Sep/2020:06:35:06 -0400] "GET /corporatesellers.html HTTP/1.0" 200 31896 "-" "Mozilla/5.0 (Linux; Android 7.0;) AppleWebKit/537.36 (KHTML, like Gecko) Mobile Safari/537.36 (compatible; PetalBot;+http://aspiegel.com/petalbot)"
103.125.71.53 - - [12/Sep/2020:06:42:23 -0400] "GET /378/scripts/icwebsiteelement.css HTTP/1.0" 200 8132 "http://libertytransnational.com/" "Mozilla/5.0 (X11; Linux x86_64) AppleWebKit/537.36 (KHTML, like Gecko) Chrome/80.0.3987.122 Safari/537.36"
103.125.71.53 - - [12/Sep/2020:06:42:23 -0400] "GET /378/images/company.jpg HTTP/1.0" 200 10264 "http://libertytransnational.com/" "Mozilla/5.0 (X11; Linux x86_64) AppleWebKit/537.36 (KHTML, like Gecko) Chrome/80.0.3987.122 Safari/537.36"
114.119.154.118 - - [12/Sep/2020:13:45:52 -0400] "GET /capabilities.html HTTP/1.0" 200 31267 "-" "Mozilla/5.0 (Linux; Android 7.0;) AppleWebKit/537.36 (KHTML, like Gecko) Mobile Safari/537.36 (compatible; PetalBot;+http://aspiegel.com/petalbot)"
114.119.133.250 - - [12/Sep/2020:14:37:01 -0400] "GET /groupsseekingcapital.html HTTP/1.0" 200 30017 "-" "Mozilla/5.0 (Linux; Android 7.0;) AppleWebKit/537.36 (KHTML, like Gecko) Mobile Safari/537.36 (compatible; PetalBot;+http://aspiegel.com/petalbot)"
216.18.204.197 - - [12/Sep/2020:15:33:28 -0400] "GET /charlesjpayerjr.html HTTP/1.0" 200 22020 "http://www.libertytransnational.com/" "Mozilla/5.0 (compatible; Adsbot/3.1)"
216.18.204.197 - - [12/Sep/2020:15:33:43 -0400] "GET /managementteams.html HTTP/1.0" 200 26197 "http://www.libertytransnational.com/" "Mozilla/5.0 (compatible; Adsbot/3.1)"
66.249.65.232 - - [12/Sep/2020:16:48:29 -0400] "GET / HTTP/1.0" 200 16327 "-" "Mozilla/5.0 (Linux; Android 6.0.1; Nexus 5X Build/MMB29P) AppleWebKit/537.36 (KHTML, like Gecko) Chrome/80.0.3987.92 Mobile Safari/537.36 (compatible; Googlebot/2.1; +http://www.google.com/bot.html)"
165.227.180.237 - - [12/Sep/2020:19:20:01 -0400] "GET /scripts/ic_globals_published.js HTTP/1.0" 200 566 "http://www.libertytransnational.com/" "Mozilla/5.0 (X11; Datanyze; Linux x86_64) AppleWebKit/537.36 (KHTML, like Gecko) Chrome/65.0.3325.181 Safari/537.36"
54.200.23.33 - - [12/Sep/2020:22:04:31 -0400] "GET / HTTP/1.0" 403 660 "-" "Mozilla/5.0 (X11; Linux x86_64) AppleWebKit/537.36 (KHTML, like Gecko) HeadlessChrome/68.0.3440.106 Safari/537.36"
34.74.165.144 - - [12/Sep/2020:23:31:19 -0400] "GET /capabilities.html HTTP/1.0" 200 31267 "-" "ZoominfoBot (zoominfobot at zoominfo dot com)"
103.125.71.53 - - [12/Sep/2020:06:42:23 -0400] "GET /scripts/user.js HTTP/1.0" 200 23762 "http://libertytransnational.com/" "Mozilla/5.0 (X11; Linux x86_64) AppleWebKit/537.36 (KHTML, like Gecko) Chrome/80.0.3987.122 Safari/537.36"
103.125.71.53 - - [12/Sep/2020:06:42:24 -0400] "GET /378/images/bg.jpg HTTP/1.0" 200 342 "http://libertytransnational.com/" "Mozilla/5.0 (X11; Linux x86_64) AppleWebKit/537.36 (KHTML, like Gecko) Chrome/80.0.3987.122 Safari/537.36"
103.125.71.53 - - [12/Sep/2020:06:42:25 -0400] "GET /378/images/01b.jpg HTTP/1.0" 200 2756 "http://libertytransnational.com/" "Mozilla/5.0 (X11; Linux x86_64) AppleWebKit/537.36 (KHTML, like Gecko) Chrome/80.0.3987.122 Safari/537.36"
103.125.71.53 - - [12/Sep/2020:06:42:25 -0400] "GET /378/images/06b.jpg HTTP/1.0" 200 3838 "http://libertytransnational.com/" "Mozilla/5.0 (X11; Linux x86_64) AppleWebKit/537.36 (KHTML, like Gecko) Chrome/80.0.3987.122 Safari/537.36"
103.125.71.53 - - [12/Sep/2020:06:42:25 -0400] "GET /378/images/1/slogan.jpg HTTP/1.0" 200 4605 "http://libertytransnational.com/" "Mozilla/5.0 (X11; Linux x86_64) AppleWebKit/537.36 (KHTML, like Gecko) Chrome/80.0.3987.122 Safari/537.36"
35.231.77.30 - - [12/Sep/2020:16:46:40 -0400] "GET / HTTP/1.0" 403 660 "-" "ZoominfoBot (zoominfobot at zoominfo dot com)"
185.191.171.18 - - [12/Sep/2020:17:22:14 -0400] "GET /robots.txt HTTP/1.0" 404 575 "-" "Mozilla/5.0 (compatible; SemrushBot/6~bl; +http://www.semrush.com/bot.html)"
20.43.59.219 - - [12/Sep/2020:17:29:28 -0400] "POST /wordpress/xmlrpc.php HTTP/1.0" 404 575 "-" "Mozilla/5.0 (X11; Linux x86_64) AppleWebKit/537.36 (KHTML, like Gecko) Chrome/33.0.1750.517 Safari/537.36"
165.227.180.237 - - [12/Sep/2020:19:20:02 -0400] "GET /scripts/user.js HTTP/1.0" 200 23762 "http://www.libertytransnational.com/" "Mozilla/5.0 (X11; Datanyze; Linux x86_64) AppleWebKit/537.36 (KHTML, like Gecko) Chrome/65.0.3325.181 Safari/537.36"
144.168.162.250 - - [12/Sep/2020:19:45:58 -0400] "GET / HTTP/1.0" 403 660 "-" "Mozilla/5.0 (Windows NT 6.1; WOW64) AppleWebKit/537.36 (KHTML, like Gecko) Chrome/34.0.1847.131 Safari/537.36"
54.212.65.8 - - [12/Sep/2020:03:25:12 -0400] "GET / HTTP/1.0" 403 660 "-" "Mozilla/5.0 (Windows NT 10.0; Win64; x64)AppleWebKit/537.36 (KHTML, like Gecko) Chrome/66.0.3359.181 Safari/537.36"
207.32.218.16 - - [12/Sep/2020:03:41:23 -0400] "GET / HTTP/1.0" 200 16327 "-" "Mozilla/5.0 (X11; Linux x86_64) AppleWebKit/535.11 (KHTML, like Gecko) Ubuntu/11.10 Chromium/17.0.963.65 Chrome/17.0.963.65 Safari/535.11"
103.125.71.53 - - [12/Sep/2020:06:42:24 -0400] "GET /378/images/03a.jpg HTTP/1.0" 200 3361 "http://libertytransnational.com/" "Mozilla/5.0 (X11; Linux x86_64) AppleWebKit/537.36 (KHTML, like Gecko) Chrome/80.0.3987.122 Safari/537.36"
103.125.71.53 - - [12/Sep/2020:06:42:25 -0400] "GET /378/images/content_08.jpg HTTP/1.0" 200 1236 "http://libertytransnational.com/" "Mozilla/5.0 (X11; Linux x86_64) AppleWebKit/537.36 (KHTML, like Gecko) Chrome/80.0.3987.122 Safari/537.36"
103.125.71.53 - - [12/Sep/2020:06:42:25 -0400] "GET /378/images/02b.jpg HTTP/1.0" 200 3197 "http://libertytransnational.com/" "Mozilla/5.0 (X11; Linux x86_64) AppleWebKit/537.36 (KHTML, like Gecko) Chrome/80.0.3987.122 Safari/537.36"
209.17.96.250 - - [12/Sep/2020:08:11:13 -0400] "GET / HTTP/1.0" 403 660 "-" "Mozilla/5.0 (compatible; Nimbostratus-Bot/v1.3.2; http://cloudsystemnetworks.com)"
173.245.203.91 - - [12/Sep/2020:12:55:53 -0400] "GET /contactus.html HTTP/1.0" 200 22721 "-" "Mozilla/5.0 (X11; Ubuntu; Linux x86_64; rv:15.0) Gecko/20100101 Firefox/15.0.1"
216.18.204.197 - - [12/Sep/2020:15:21:31 -0400] "GET / HTTP/1.0" 200 16327 "-" "Mozilla/5.0 (compatible; Adsbot/3.1)"
216.18.204.197 - - [12/Sep/2020:15:27:50 -0400] "GET /compensation.html HTTP/1.0" 200 12313 "http://www.libertytransnational.com/" "Mozilla/5.0 (compatible; Adsbot/3.1)"
35.231.77.30 - - [12/Sep/2020:15:34:52 -0400] "GET /robots.txt HTTP/1.0" 200 25 "-" "ZoominfoBot (zoominfobot at zoominfo dot com)"
89.36.76.117 - - [12/Sep/2020:16:25:10 -0400] "GET / HTTP/1.0" 403 660 "http://freedomdevgrp.net/" "Mozilla/5.0 (Windows NT 10.0; Win64; x64) AppleWebKit/537.36 (KHTML, like Gecko) Chrome/67.0.3396.87 Safari/537.36 OPR/54.0.2952.51"
66.249.65.232 - - [12/Sep/2020:16:48:30 -0400] "GET /robots.txt HTTP/1.0" 200 25 "-" "Mozilla/5.0 (compatible; Googlebot/2.1; +http://www.google.com/bot.html)"
185.191.171.9 - - [12/Sep/2020:17:22:15 -0400] "GET / HTTP/1.0" 403 660 "-" "Mozilla/5.0 (compatible; SemrushBot/6~bl; +http://www.semrush.com/bot.html)"
20.43.59.219 - - [12/Sep/2020:17:29:32 -0400] "GET /phpMyAdmin/index.php HTTP/1.0" 404 575 "-" "Mozilla/5.0 (X11; Linux x86_64) AppleWebKit/537.36 (KHTML, like Gecko) Chrome/33.0.1750.517 Safari/537.36"
114.119.133.116 - - [12/Sep/2020:18:05:39 -0400] "GET /sectorsofinterest.html HTTP/1.0" 200 27586 "-" "Mozilla/5.0 (Linux; Android 7.0;) AppleWebKit/537.36 (KHTML, like Gecko) Mobile Safari/537.36 (compatible; PetalBot;+http://aspiegel.com/petalbot)"
165.227.180.237 - - [12/Sep/2020:19:20:02 -0400] "GET /scripts/photoalbum.js HTTP/1.0" 200 62295 "http://www.libertytransnational.com/" "Mozilla/5.0 (X11; Datanyze; Linux x86_64) AppleWebKit/537.36 (KHTML, like Gecko) Chrome/65.0.3325.181 Safari/537.36"
34.74.165.144 - - [12/Sep/2020:23:23:44 -0400] "GET /robots.txt HTTP/1.0" 200 25 "-" "ZoominfoBot (zoominfobot at zoominfo dot com)"
35.229.103.96 - - [12/Sep/2020:23:36:15 -0400] "GET / HTTP/1.0" 403 660 "-" "ZoominfoBot (zoominfobot at zoominfo dot com)"
34.74.165.144 - - [12/Sep/2020:23:43:59 -0400] "GET /howyoubenefit.html HTTP/1.0" 200 24162 "-" "ZoominfoBot (zoominfobot at zoominfo dot com)"
34.74.165.144 - - [12/Sep/2020:23:50:46 -0400] "GET /contactus.html HTTP/1.0" 200 22721 "-" "ZoominfoBot (zoominfobot at zoominfo dot com)"
35.229.103.96 - - [12/Sep/2020:23:52:45 -0400] "GET /robots.txt HTTP/1.0" 404 575 "-" "ZoominfoBot (zoominfobot at zoominfo dot com)"
34.74.165.144 - - [12/Sep/2020:23:58:39 -0400] "GET /sectorsofinterest.html HTTP/1.0" 200 27586 "-" "ZoominfoBot (zoominfobot at zoominfo dot com)"
103.125.71.53 - - [12/Sep/2020:06:42:24 -0400] "GET /scripts/photoalbum.js HTTP/1.0" 200 62295 "http://libertytransnational.com/" "Mozilla/5.0 (X11; Linux x86_64) AppleWebKit/537.36 (KHTML, like Gecko) Chrome/80.0.3987.122 Safari/537.36"
103.125.71.53 - - [12/Sep/2020:06:42:26 -0400] "GET /378/images/content_07.jpg HTTP/1.0" 200 553 "http://libertytransnational.com/" "Mozilla/5.0 (X11; Linux x86_64) AppleWebKit/537.36 (KHTML, like Gecko) Chrome/80.0.3987.122 Safari/537.36"
103.125.71.53 - - [12/Sep/2020:06:42:26 -0400] "GET /378/images/04b.jpg HTTP/1.0" 200 4260 "http://libertytransnational.com/" "Mozilla/5.0 (X11; Linux x86_64) AppleWebKit/537.36 (KHTML, like Gecko) Chrome/80.0.3987.122 Safari/537.36"
114.119.154.118 - - [12/Sep/2020:14:10:45 -0400] "GET /managementteams.html HTTP/1.0" 200 26197 "-" "Mozilla/5.0 (Linux; Android 7.0;) AppleWebKit/537.36 (KHTML, like Gecko) Mobile Safari/537.36 (compatible; PetalBot;+http://aspiegel.com/petalbot)"
20.43.59.219 - - [12/Sep/2020:17:29:25 -0400] "POST /xmlrpc.php HTTP/1.0" 404 575 "-" "Mozilla/5.0 (X11; Linux x86_64) AppleWebKit/537.36 (KHTML, like Gecko) Chrome/33.0.1750.517 Safari/537.36"
34.74.165.144 - - [12/Sep/2020:23:34:37 -0400] "GET /aboutus.html HTTP/1.0" 200 17977 "-" "ZoominfoBot (zoominfobot at zoominfo dot com)"
34.74.165.144 - - [12/Sep/2020:23:46:21 -0400] "GET /executivesbios.html HTTP/1.0" 200 19773 "-" "ZoominfoBot (zoominfobot at zoominfo dot com)"
54.71.75.106 - - [12/Sep/2020:03:25:14 -0400] "GET / HTTP/1.0" 403 660 "-" "Mozilla/5.0 (X11; Linux x86_64) AppleWebKit/537.36 (KHTML, like Gecko) HeadlessChrome/68.0.3440.106 Safari/537.36"
45.79.249.135 - - [12/Sep/2020:06:28:51 -0400] "GET / HTTP/1.0" 200 16327 "-" "python-requests/2.24.0"
103.125.71.53 - - [12/Sep/2020:06:42:23 -0400] "GET /scripts/ic_globals_published.js HTTP/1.0" 200 566 "http://libertytransnational.com/" "Mozilla/5.0 (X11; Linux x86_64) AppleWebKit/537.36 (KHTML, like Gecko) Chrome/80.0.3987.122 Safari/537.36"
103.125.71.53 - - [12/Sep/2020:06:42:24 -0400] "GET /378/images/02a.jpg HTTP/1.0" 200 3042 "http://libertytransnational.com/" "Mozilla/5.0 (X11; Linux x86_64) AppleWebKit/537.36 (KHTML, like Gecko) Chrome/80.0.3987.122 Safari/537.36"
103.125.71.53 - - [12/Sep/2020:06:42:24 -0400] "GET /378/images/06a.jpg HTTP/1.0" 200 3709 "http://libertytransnational.com/" "Mozilla/5.0 (X11; Linux x86_64) AppleWebKit/537.36 (KHTML, like Gecko) Chrome/80.0.3987.122 Safari/537.36"
103.125.71.53 - - [12/Sep/2020:06:42:25 -0400] "GET /images/190_pic_compass02a.jpg HTTP/1.0" 200 4482 "http://libertytransnational.com/" "Mozilla/5.0 (X11; Linux x86_64) AppleWebKit/537.36 (KHTML, like Gecko) Chrome/80.0.3987.122 Safari/537.36"
103.125.71.53 - - [12/Sep/2020:06:42:26 -0400] "GET /378/images/05b.jpg HTTP/1.0" 200 4130 "http://libertytransnational.com/" "Mozilla/5.0 (X11; Linux x86_64) AppleWebKit/537.36 (KHTML, like Gecko) Chrome/80.0.3987.122 Safari/537.36"
213.168.249.115 - - [12/Sep/2020:11:19:27 -0400] "GET /robots.txt HTTP/1.0" 404 575 "-" "PageThing.com"
173.245.203.91 - - [12/Sep/2020:12:55:54 -0400] "GET /aboutus.html HTTP/1.0" 200 17977 "-" "Mozilla/5.0 (X11; Ubuntu; Linux x86_64; rv:15.0) Gecko/20100101 Firefox/15.0.1"
35.231.77.30 - - [12/Sep/2020:15:23:44 -0400] "GET / HTTP/1.0" 200 16327 "-" "ZoominfoBot (zoominfobot at zoominfo dot com)"
216.18.204.197 - - [12/Sep/2020:15:27:39 -0400] "GET /contactus.html HTTP/1.0" 200 22721 "http://www.libertytransnational.com/" "Mozilla/5.0 (compatible; Adsbot/3.1)"
216.18.204.197 - - [12/Sep/2020:15:33:38 -0400] "GET /jeffreycsanders.html HTTP/1.0" 200 23020 "http://www.libertytransnational.com/" "Mozilla/5.0 (compatible; Adsbot/3.1)"
185.191.171.1 - - [12/Sep/2020:17:22:18 -0400] "GET /sitemap.xml HTTP/1.0" 404 575 "-" "Mozilla/5.0 (compatible; SemrushBot/6~bl; +http://www.semrush.com/bot.html)"
157.55.39.11 - - [12/Sep/2020:21:05:37 -0400] "GET /robots.txt HTTP/1.0" 200 25 "-" "Mozilla/5.0 (compatible; bingbot/2.0; +http://www.bing.com/bingbot.htm)"
34.74.165.144 - - [12/Sep/2020:23:33:57 -0400] "GET /compensation.html HTTP/1.0" 200 12313 "-" "ZoominfoBot (zoominfobot at zoominfo dot com)"
34.74.165.144 - - [12/Sep/2020:23:34:41 -0400] "GET /aboutus.html HTTP/1.0" 200 17977 "-" "ZoominfoBot (zoominfobot at zoominfo dot com)"
34.74.165.144 - - [12/Sep/2020:23:46:29 -0400] "GET /sectorsofinterest.html HTTP/1.0" 200 27586 "-" "ZoominfoBot (zoominfobot at zoominfo dot com)"
103.125.71.53 - - [12/Sep/2020:06:42:23 -0400] "GET / HTTP/1.0" 200 16327 "-" "Mozilla/5.0 (X11; Linux x86_64) AppleWebKit/537.36 (KHTML, like Gecko) Chrome/80.0.3987.122 Safari/537.36"
103.125.71.53 - - [12/Sep/2020:06:42:24 -0400] "GET /378/images/content_03.jpg HTTP/1.0" 200 2072 "http://libertytransnational.com/" "Mozilla/5.0 (X11; Linux x86_64) AppleWebKit/537.36 (KHTML, like Gecko) Chrome/80.0.3987.122 Safari/537.36"
103.125.71.53 - - [12/Sep/2020:06:42:24 -0400] "GET /378/images/04a.jpg HTTP/1.0" 200 4187 "http://libertytransnational.com/" "Mozilla/5.0 (X11; Linux x86_64) AppleWebKit/537.36 (KHTML, like Gecko) Chrome/80.0.3987.122 Safari/537.36"
103.125.71.53 - - [12/Sep/2020:06:42:24 -0400] "GET /378/images/content_bg.jpg HTTP/1.0" 200 471 "http://libertytransnational.com/" "Mozilla/5.0 (X11; Linux x86_64) AppleWebKit/537.36 (KHTML, like Gecko) Chrome/80.0.3987.122 Safari/537.36"
103.125.71.53 - - [12/Sep/2020:06:42:25 -0400] "GET /378/images/03b.jpg HTTP/1.0" 200 3499 "http://libertytransnational.com/" "Mozilla/5.0 (X11; Linux x86_64) AppleWebKit/537.36 (KHTML, like Gecko) Chrome/80.0.3987.122 Safari/537.36"
103.125.71.53 - - [12/Sep/2020:06:42:26 -0400] "GET /378/images/10b.jpg HTTP/1.0" 200 834 "http://libertytransnational.com/" "Mozilla/5.0 (X11; Linux x86_64) AppleWebKit/537.36 (KHTML, like Gecko) Chrome/80.0.3987.122 Safari/537.36"
103.125.71.53 - - [12/Sep/2020:06:42:27 -0400] "GET /favicon.ico HTTP/1.0" 404 575 "http://libertytransnational.com/" "Mozilla/5.0 (X11; Linux x86_64) AppleWebKit/537.36 (KHTML, like Gecko) Chrome/80.0.3987.122 Safari/537.36"
216.18.204.197 - - [12/Sep/2020:15:21:26 -0400] "GET /robots.txt HTTP/1.0" 200 25 "-" "Mozilla/5.0 (compatible; Adsbot/3.1)"
35.231.77.30 - - [12/Sep/2020:15:23:44 -0400] "GET /robots.txt HTTP/1.0" 200 25 "-" "ZoominfoBot (zoominfobot at zoominfo dot com)"
216.18.204.197 - - [12/Sep/2020:15:27:34 -0400] "GET /aboutus.html HTTP/1.0" 200 17977 "http://www.libertytransnational.com/" "Mozilla/5.0 (compatible; Adsbot/3.1)"
216.18.204.197 - - [12/Sep/2020:15:27:55 -0400] "GET /howyoubenefit.html HTTP/1.0" 200 24162 "http://www.libertytransnational.com/" "Mozilla/5.0 (compatible; Adsbot/3.1)"
20.43.59.219 - - [12/Sep/2020:17:29:34 -0400] "GET /phpmyadmin/index.php HTTP/1.0" 404 575 "-" "Mozilla/5.0 (X11; Linux x86_64) AppleWebKit/537.36 (KHTML, like Gecko) Chrome/33.0.1750.517 Safari/537.36"
34.74.165.144 - - [12/Sep/2020:23:45:32 -0400] "GET /executivesbios.html HTTP/1.0" 200 19773 "-" "ZoominfoBot (zoominfobot at zoominfo dot com)"