0byt3m1n1
Path:
/
data
/
0
/
0
/
73
/
140
/
73792
/
meta
/
75058
/
logs
/
[
Home
]
File: x-access_log.2013-08-18
50.200.152.189 - - [18/Aug/2013:22:04:40 -0400] "GET /scripts/ic_globals_published.js HTTP/1.1" 200 566 "http://www.winchestermodel21.com/" "Mozilla/4.0 (compatible; MSIE 8.0; Windows NT 5.2; Trident/4.0; .NET CLR 1.1.4322; .NET CLR 2.0.50727; .NET CLR 3.0.04506.30; .NET CLR 3.0.04506.648; .NET CLR 3.0.4506.2152; .NET CLR 3.5.30729)"
50.200.152.189 - - [18/Aug/2013:22:04:40 -0400] "GET /scripts/print.css HTTP/1.1" 200 11304 "http://www.winchestermodel21.com/" "Mozilla/4.0 (compatible; MSIE 8.0; Windows NT 5.2; Trident/4.0; .NET CLR 1.1.4322; .NET CLR 2.0.50727; .NET CLR 3.0.04506.30; .NET CLR 3.0.04506.648; .NET CLR 3.0.4506.2152; .NET CLR 3.5.30729)"
50.200.152.189 - - [18/Aug/2013:22:04:42 -0400] "GET /favicon.ico HTTP/1.1" 404 575 "-" "Mozilla/4.0 (compatible; MSIE 8.0; Windows NT 5.2; Trident/4.0; .NET CLR 1.1.4322; .NET CLR 2.0.50727; .NET CLR 3.0.04506.30; .NET CLR 3.0.04506.648; .NET CLR 3.0.4506.2152; .NET CLR 3.5.30729)"
178.154.243.96 - - [18/Aug/2013:09:35:04 -0400] "GET /images/171_W34001_GA_28.jpg HTTP/1.1" 304 - "-" "Mozilla/5.0 (compatible; YandexImages/3.0; +http://yandex.com/bots)"
71.187.151.21 - - [18/Aug/2013:20:06:41 -0400] "GET /scripts/website.css HTTP/1.1" 200 1917 "http://www.winchestermodel21.com/" "Mozilla/5.0 (iPhone; CPU iPhone OS 6_1_3 like Mac OS X) AppleWebKit/536.26 (KHTML, like Gecko) Version/6.0 Mobile/10B329 Safari/8536.25"
174.44.17.240 - - [18/Aug/2013:02:44:18 -0400] "GET /scripts/icwebsiteelement.css HTTP/1.1" 200 8132 "http://www.winchestermodel21.com/" "Mozilla/5.0 (Windows NT 6.1; WOW64) AppleWebKit/537.36 (KHTML, like Gecko) Chrome/28.0.1500.95 Safari/537.36"
174.44.17.240 - - [18/Aug/2013:02:44:18 -0400] "GET /images/0.jpg HTTP/1.1" 200 302 "http://www.winchestermodel21.com/" "Mozilla/5.0 (Windows NT 6.1; WOW64) AppleWebKit/537.36 (KHTML, like Gecko) Chrome/28.0.1500.95 Safari/537.36"
174.44.17.240 - - [18/Aug/2013:02:44:18 -0400] "GET /favicon.ico HTTP/1.1" 404 575 "-" "Mozilla/5.0 (Windows NT 6.1; WOW64) AppleWebKit/537.36 (KHTML, like Gecko) Chrome/28.0.1500.95 Safari/537.36"
157.55.32.103 - - [18/Aug/2013:03:48:22 -0400] "GET /message.html HTTP/1.1" 200 10615 "-" "Mozilla/5.0 (compatible; bingbot/2.0; +http://www.bing.com/bingbot.htm)"
70.60.62.142 - - [18/Aug/2013:15:19:01 -0400] "GET /scripts/website.css HTTP/1.1" 200 1917 "http://www.winchestermodel21.com/" "Mozilla/5.0 (compatible; MSIE 9.0; Windows NT 6.1; WOW64; Trident/5.0)"
150.70.173.42 - - [18/Aug/2013:15:20:18 -0400] "GET / HTTP/1.1" 200 16143 "-" "Mozilla/4.0 (compatible; MSIE 8.0; Windows NT 5.1; Trident/4.0)"
199.30.25.139 - - [18/Aug/2013:08:11:07 -0400] "GET /scripts/user.js HTTP/1.1" 200 23762 "http://www.winchestermodel21.com/" "Mozilla/5.0 (Windows NT 6.1; WOW64) AppleWebKit/534+ (KHTML, like Gecko) BingPreview/1.0b"
199.30.25.139 - - [18/Aug/2013:08:11:08 -0400] "GET /images/0.jpg HTTP/1.1" 200 302 "http://www.winchestermodel21.com/" "Mozilla/5.0 (Windows NT 6.1; WOW64) AppleWebKit/534+ (KHTML, like Gecko) BingPreview/1.0b"
98.15.185.156 - - [18/Aug/2013:18:00:17 -0400] "GET /scripts/photoalbum.js HTTP/1.1" 200 62481 "http://www.winchestermodel21.com/" "Mozilla/5.0 (iPad; CPU OS 6_1_3 like Mac OS X) AppleWebKit/536.26 (KHTML, like Gecko) Version/6.0 Mobile/10B329 Safari/8536.25"
98.15.185.156 - - [18/Aug/2013:18:00:17 -0400] "GET /images/446_DSC_1422_1524COVER052306.jpg HTTP/1.1" 200 26539 "http://www.winchestermodel21.com/" "Mozilla/5.0 (iPad; CPU OS 6_1_3 like Mac OS X) AppleWebKit/536.26 (KHTML, like Gecko) Version/6.0 Mobile/10B329 Safari/8536.25"
77.88.24.27 - - [18/Aug/2013:13:44:02 -0400] "GET /images/510_M21CoverPage111206PS72Enhance.jpg HTTP/1.1" 200 60991 "-" "Mozilla/5.0 (compatible; YandexImages/3.0; +http://yandex.com/bots)"
93.158.145.27 - - [18/Aug/2013:03:24:26 -0400] "GET /images/171_W34000P2GA410.jpg HTTP/1.1" 304 - "-" "Mozilla/5.0 (compatible; YandexImages/3.0; +http://yandex.com/bots)"
157.55.32.103 - - [18/Aug/2013:16:22:44 -0400] "GET /robots.txt HTTP/1.1" 200 25 "-" "Mozilla/5.0 (compatible; bingbot/2.0; +http://www.bing.com/bingbot.htm)"
174.44.17.240 - - [18/Aug/2013:02:44:18 -0400] "GET /scripts/website.css HTTP/1.1" 200 1917 "http://www.winchestermodel21.com/" "Mozilla/5.0 (Windows NT 6.1; WOW64) AppleWebKit/537.36 (KHTML, like Gecko) Chrome/28.0.1500.95 Safari/537.36"
157.55.35.115 - - [18/Aug/2013:07:08:53 -0400] "GET /robots.txt HTTP/1.1" 200 25 "-" "Mozilla/5.0 (compatible; bingbot/2.0; +http://www.bing.com/bingbot.htm)"
50.200.152.189 - - [18/Aug/2013:22:04:40 -0400] "GET /scripts/website.css HTTP/1.1" 200 1917 "http://www.winchestermodel21.com/" "Mozilla/4.0 (compatible; MSIE 8.0; Windows NT 5.2; Trident/4.0; .NET CLR 1.1.4322; .NET CLR 2.0.50727; .NET CLR 3.0.04506.30; .NET CLR 3.0.04506.648; .NET CLR 3.0.4506.2152; .NET CLR 3.5.30729)"
50.200.152.189 - - [18/Aug/2013:22:04:40 -0400] "GET /scripts/6custom.css HTTP/1.1" 200 2825 "http://www.winchestermodel21.com/" "Mozilla/4.0 (compatible; MSIE 8.0; Windows NT 5.2; Trident/4.0; .NET CLR 1.1.4322; .NET CLR 2.0.50727; .NET CLR 3.0.04506.30; .NET CLR 3.0.04506.648; .NET CLR 3.0.4506.2152; .NET CLR 3.5.30729)"
50.200.152.189 - - [18/Aug/2013:22:04:40 -0400] "GET /scripts/icwebsiteelement.css HTTP/1.1" 200 8132 "http://www.winchestermodel21.com/" "Mozilla/4.0 (compatible; MSIE 8.0; Windows NT 5.2; Trident/4.0; .NET CLR 1.1.4322; .NET CLR 2.0.50727; .NET CLR 3.0.04506.30; .NET CLR 3.0.04506.648; .NET CLR 3.0.4506.2152; .NET CLR 3.5.30729)"
50.200.152.189 - - [18/Aug/2013:22:04:42 -0400] "GET /images/446_DSC_1422_1524COVER052306.jpg HTTP/1.1" 200 26539 "http://www.winchestermodel21.com/" "Mozilla/4.0 (compatible; MSIE 8.0; Windows NT 5.2; Trident/4.0; .NET CLR 1.1.4322; .NET CLR 2.0.50727; .NET CLR 3.0.04506.30; .NET CLR 3.0.04506.648; .NET CLR 3.0.4506.2152; .NET CLR 3.5.30729)"
178.154.203.250 - - [18/Aug/2013:22:42:44 -0400] "GET /available.html HTTP/1.1" 404 575 "-" "Mozilla/5.0 (compatible; YandexBot/3.0; +http://yandex.com/bots)"
72.250.151.98 - - [18/Aug/2013:22:52:20 -0400] "GET /scripts/ic_globals_published.js HTTP/1.1" 200 566 "http://www.winchestermodel21.com/acquire.html" "Mozilla/5.0 (Windows NT 6.1; WOW64; rv:23.0) Gecko/20100101 Firefox/23.0"
72.250.151.98 - - [18/Aug/2013:22:52:20 -0400] "GET /scripts/8custom.css HTTP/1.1" 200 4524 "http://www.winchestermodel21.com/acquire.html" "Mozilla/5.0 (Windows NT 6.1; WOW64; rv:23.0) Gecko/20100101 Firefox/23.0"
37.140.141.4 - - [18/Aug/2013:05:13:02 -0400] "GET /images/171_SmallboreSetGold.jpg HTTP/1.1" 304 - "-" "Mozilla/5.0 (compatible; YandexImages/3.0; +http://yandex.com/bots)"
157.56.229.211 - - [18/Aug/2013:01:17:15 -0400] "GET /robots.txt HTTP/1.1" 200 25 "-" "Mozilla/5.0 (compatible; bingbot/2.0; +http://www.bing.com/bingbot.htm)"
76.30.184.61 - - [18/Aug/2013:19:35:56 -0400] "GET /scripts/user.js HTTP/1.1" 200 23762 "http://www.winchestermodel21.com/" "Mozilla/5.0 (iPad; CPU OS 5_1 like Mac OS X) AppleWebKit/534.46 (KHTML, like Gecko) Version/5.1 Mobile/9B176 Safari/7534.48.3"
68.108.150.100 - - [18/Aug/2013:13:29:50 -0400] "GET /awstats/icon/other/vh.png HTTP/1.1" 200 239 "http://0013f8b.netsolhost.com/awstats/1308/awstats.75058.1308.html" "Mozilla/5.0 (compatible; MSIE 10.0; Windows NT 6.1; WOW64; Trident/6.0)"
68.108.150.100 - - [18/Aug/2013:13:29:50 -0400] "GET /awstats/icon/clock/hr2.png HTTP/1.1" 200 320 "http://0013f8b.netsolhost.com/awstats/1308/awstats.75058.1308.html" "Mozilla/5.0 (compatible; MSIE 10.0; Windows NT 6.1; WOW64; Trident/6.0)"
68.108.150.100 - - [18/Aug/2013:13:29:50 -0400] "GET /awstats/icon/clock/hr7.png HTTP/1.1" 200 316 "http://0013f8b.netsolhost.com/awstats/1308/awstats.75058.1308.html" "Mozilla/5.0 (compatible; MSIE 10.0; Windows NT 6.1; WOW64; Trident/6.0)"
68.108.150.100 - - [18/Aug/2013:13:29:50 -0400] "GET /awstats/icon/flags/ip.png HTTP/1.1" 200 218 "http://0013f8b.netsolhost.com/awstats/1308/awstats.75058.1308.html" "Mozilla/5.0 (compatible; MSIE 10.0; Windows NT 6.1; WOW64; Trident/6.0)"
68.108.150.100 - - [18/Aug/2013:13:29:50 -0400] "GET /awstats/icon/mime/jscript.png HTTP/1.1" 200 668 "http://0013f8b.netsolhost.com/awstats/1308/awstats.75058.1308.html" "Mozilla/5.0 (compatible; MSIE 10.0; Windows NT 6.1; WOW64; Trident/6.0)"
68.108.150.100 - - [18/Aug/2013:13:29:50 -0400] "GET /awstats/icon/os/mac.png HTTP/1.1" 200 282 "http://0013f8b.netsolhost.com/awstats/1308/awstats.75058.1308.html" "Mozilla/5.0 (compatible; MSIE 10.0; Windows NT 6.1; WOW64; Trident/6.0)"
68.108.150.100 - - [18/Aug/2013:13:29:50 -0400] "GET /awstats/icon/browser/mozilla.png HTTP/1.1" 200 289 "http://0013f8b.netsolhost.com/awstats/1308/awstats.75058.1308.html" "Mozilla/5.0 (compatible; MSIE 10.0; Windows NT 6.1; WOW64; Trident/6.0)"
178.154.202.251 - - [18/Aug/2013:14:08:46 -0400] "GET /images/171_TwoGaugeBorder.jpg HTTP/1.1" 304 - "-" "Mozilla/5.0 (compatible; YandexImages/3.0; +http://yandex.com/bots)"
71.187.151.21 - - [18/Aug/2013:20:06:41 -0400] "GET / HTTP/1.1" 200 16143 "http://www.google.com/search?site=&source=hp&ei=dWERUp62LoP94AP72IHQCw&q=winchester+m21+shotgun&oq=m21+shot&gs_l=mobile-gws-hp.1.1.0i22i30l5.1608.9535.0.14543.9.8.0.1.1.0.511.2127.1j0j6j5-1.8.0....0...1c.1.25.mobile-gws-hp..1.8.1656.zoxNPrRoLIc" "Mozilla/5.0 (iPhone; CPU iPhone OS 6_1_3 like Mac OS X) AppleWebKit/536.26 (KHTML, like Gecko) Version/6.0 Mobile/10B329 Safari/8536.25"
71.187.151.21 - - [18/Aug/2013:20:06:41 -0400] "GET /scripts/template.css HTTP/1.1" 200 10951 "http://www.winchestermodel21.com/" "Mozilla/5.0 (iPhone; CPU iPhone OS 6_1_3 like Mac OS X) AppleWebKit/536.26 (KHTML, like Gecko) Version/6.0 Mobile/10B329 Safari/8536.25"
71.187.151.21 - - [18/Aug/2013:20:06:41 -0400] "GET /scripts/icwebsiteelement.css HTTP/1.1" 200 8132 "http://www.winchestermodel21.com/" "Mozilla/5.0 (iPhone; CPU iPhone OS 6_1_3 like Mac OS X) AppleWebKit/536.26 (KHTML, like Gecko) Version/6.0 Mobile/10B329 Safari/8536.25"
71.187.151.21 - - [18/Aug/2013:20:06:42 -0400] "GET /scripts/print.css HTTP/1.1" 200 11304 "http://www.winchestermodel21.com/" "Mozilla/5.0 (iPhone; CPU iPhone OS 6_1_3 like Mac OS X) AppleWebKit/536.26 (KHTML, like Gecko) Version/6.0 Mobile/10B329 Safari/8536.25"
71.187.151.21 - - [18/Aug/2013:20:06:42 -0400] "GET /images/0.jpg HTTP/1.1" 200 302 "http://www.winchestermodel21.com/" "Mozilla/5.0 (iPhone; CPU iPhone OS 6_1_3 like Mac OS X) AppleWebKit/536.26 (KHTML, like Gecko) Version/6.0 Mobile/10B329 Safari/8536.25"
157.55.35.115 - - [18/Aug/2013:03:29:03 -0400] "GET /aboutthecollection/grades.html HTTP/1.1" 200 29503 "-" "Mozilla/5.0 (compatible; bingbot/2.0; +http://www.bing.com/bingbot.htm)"
157.55.35.115 - - [18/Aug/2013:07:09:46 -0400] "GET / HTTP/1.1" 200 16143 "-" "Mozilla/5.0 (compatible; bingbot/2.0; +http://www.bing.com/bingbot.htm)"
178.154.243.112 - - [18/Aug/2013:13:39:08 -0400] "GET /images/171_M21W34007Grade1P1.jpg HTTP/1.1" 304 - "-" "Mozilla/5.0 (compatible; YandexImages/3.0; +http://yandex.com/bots)"
157.55.32.103 - - [18/Aug/2013:16:23:28 -0400] "GET /images/GrandRoyalHistory_WM.pdf HTTP/1.1" 200 8391860 "-" "Mozilla/5.0 (compatible; bingbot/2.0; +http://www.bing.com/bingbot.htm)"
178.154.243.95 - - [18/Aug/2013:20:16:21 -0400] "GET / HTTP/1.1" 200 16143 "-" "Mozilla/5.0 (compatible; YandexBot/3.0; +http://yandex.com/bots)"
68.108.150.100 - - [18/Aug/2013:13:29:49 -0400] "GET /awstats/ HTTP/1.1" 200 1142 "-" "Mozilla/5.0 (compatible; MSIE 10.0; Windows NT 6.1; WOW64; Trident/6.0)"
68.108.150.100 - - [18/Aug/2013:13:29:49 -0400] "GET /awstats/1210/awstats.75058.1210.html HTTP/1.1" 404 575 "http://0013f8b.netsolhost.com/awstats/" "Mozilla/5.0 (compatible; MSIE 10.0; Windows NT 6.1; WOW64; Trident/6.0)"
68.108.150.100 - - [18/Aug/2013:13:29:50 -0400] "GET /awstats/1308/awstats.75058.1308.html HTTP/1.1" 200 84520 "http://0013f8b.netsolhost.com/awstats/" "Mozilla/5.0 (compatible; MSIE 10.0; Windows NT 6.1; WOW64; Trident/6.0)"
68.108.150.100 - - [18/Aug/2013:13:29:50 -0400] "GET /awstats/icon/clock/hr9.png HTTP/1.1" 200 304 "http://0013f8b.netsolhost.com/awstats/1308/awstats.75058.1308.html" "Mozilla/5.0 (compatible; MSIE 10.0; Windows NT 6.1; WOW64; Trident/6.0)"
68.108.150.100 - - [18/Aug/2013:13:29:50 -0400] "GET /awstats/icon/other/hh.png HTTP/1.1" 200 266 "http://0013f8b.netsolhost.com/awstats/1308/awstats.75058.1308.html" "Mozilla/5.0 (compatible; MSIE 10.0; Windows NT 6.1; WOW64; Trident/6.0)"
68.108.150.100 - - [18/Aug/2013:13:29:50 -0400] "GET /awstats/icon/mime/pdf.png HTTP/1.1" 200 346 "http://0013f8b.netsolhost.com/awstats/1308/awstats.75058.1308.html" "Mozilla/5.0 (compatible; MSIE 10.0; Windows NT 6.1; WOW64; Trident/6.0)"
68.108.150.100 - - [18/Aug/2013:13:29:50 -0400] "GET /awstats/icon/os/unknown.png HTTP/1.1" 200 218 "http://0013f8b.netsolhost.com/awstats/1308/awstats.75058.1308.html" "Mozilla/5.0 (compatible; MSIE 10.0; Windows NT 6.1; WOW64; Trident/6.0)"
68.108.150.100 - - [18/Aug/2013:13:29:50 -0400] "GET /awstats/icon/browser/lynx.png HTTP/1.1" 200 288 "http://0013f8b.netsolhost.com/awstats/1308/awstats.75058.1308.html" "Mozilla/5.0 (compatible; MSIE 10.0; Windows NT 6.1; WOW64; Trident/6.0)"
188.40.133.218 - - [18/Aug/2013:09:33:37 -0400] "GET / HTTP/1.1" 200 16143 "-" "Mozilla/5.0 (compatible; SearchmetricsBot; http://www.searchmetrics.com/en/searchmetrics-bot/)"
188.40.133.218 - - [18/Aug/2013:09:33:37 -0400] "GET /../scripts/ic_globals_published.js HTTP/1.1" 400 226 "-" "Mozilla/5.0 (compatible; SearchmetricsBot; http://www.searchmetrics.com/en/searchmetrics-bot/)"
220.181.108.91 - - [18/Aug/2013:22:22:26 -0400] "GET / HTTP/1.1" 304 - "-" "Mozilla/5.0 (compatible; Baiduspider/2.0; +http://www.baidu.com/search/spider.html)"
72.250.151.98 - - [18/Aug/2013:22:52:20 -0400] "GET /scripts/photoalbum.js HTTP/1.1" 200 62481 "http://www.winchestermodel21.com/acquire.html" "Mozilla/5.0 (Windows NT 6.1; WOW64; rv:23.0) Gecko/20100101 Firefox/23.0"
72.250.151.98 - - [18/Aug/2013:22:52:21 -0400] "GET /images/0.jpg HTTP/1.1" 200 302 "http://www.winchestermodel21.com/scripts/website.css" "Mozilla/5.0 (Windows NT 6.1; WOW64; rv:23.0) Gecko/20100101 Firefox/23.0"
72.250.151.98 - - [18/Aug/2013:22:52:21 -0400] "GET /favicon.ico HTTP/1.1" 404 575 "-" "Mozilla/5.0 (Windows NT 6.1; WOW64; rv:23.0) Gecko/20100101 Firefox/23.0"
68.108.150.100 - - [18/Aug/2013:13:30:05 -0400] "GET /awstats/1308/awstats.75058.1308.lasthosts.html HTTP/1.1" 304 - "http://0013f8b.netsolhost.com/awstats/1308/awstats.75058.1308.html" "Mozilla/5.0 (compatible; MSIE 10.0; Windows NT 6.1; WOW64; Trident/6.0)"
68.108.150.100 - - [18/Aug/2013:13:30:05 -0400] "GET /awstats/icon/other/awstats_logo6.png HTTP/1.1" 304 - "http://0013f8b.netsolhost.com/awstats/1308/awstats.75058.1308.lasthosts.html" "Mozilla/5.0 (compatible; MSIE 10.0; Windows NT 6.1; WOW64; Trident/6.0)"
37.140.141.6 - - [18/Aug/2013:09:17:07 -0400] "GET /images/171_W34005P1Pigeon28.jpg HTTP/1.1" 304 - "-" "Mozilla/5.0 (compatible; YandexImages/3.0; +http://yandex.com/bots)"
176.31.14.31 - - [18/Aug/2013:16:49:06 -0400] "GET / HTTP/1.1" 200 16143 "-" "Mozilla/5.0 (compatible; Konqueror/4.3; Linux) KHTML/4.3.5 (like Gecko)"
72.250.151.98 - - [18/Aug/2013:22:52:20 -0400] "GET /scripts/template.css HTTP/1.1" 200 10951 "http://www.winchestermodel21.com/acquire.html" "Mozilla/5.0 (Windows NT 6.1; WOW64; rv:23.0) Gecko/20100101 Firefox/23.0"
95.108.249.29 - - [18/Aug/2013:12:55:39 -0400] "GET /images/171_Pigeon20FourBblSet.jpg HTTP/1.1" 304 - "-" "Mozilla/5.0 (compatible; YandexImages/3.0; +http://yandex.com/bots)"
68.108.150.100 - - [18/Aug/2013:13:29:50 -0400] "GET /awstats/icon/other/vp.png HTTP/1.1" 200 248 "http://0013f8b.netsolhost.com/awstats/1308/awstats.75058.1308.html" "Mozilla/5.0 (compatible; MSIE 10.0; Windows NT 6.1; WOW64; Trident/6.0)"
68.108.150.100 - - [18/Aug/2013:13:29:50 -0400] "GET /awstats/icon/clock/hr3.png HTTP/1.1" 200 302 "http://0013f8b.netsolhost.com/awstats/1308/awstats.75058.1308.html" "Mozilla/5.0 (compatible; MSIE 10.0; Windows NT 6.1; WOW64; Trident/6.0)"
68.108.150.100 - - [18/Aug/2013:13:29:50 -0400] "GET /awstats/icon/clock/hr6.png HTTP/1.1" 200 314 "http://0013f8b.netsolhost.com/awstats/1308/awstats.75058.1308.html" "Mozilla/5.0 (compatible; MSIE 10.0; Windows NT 6.1; WOW64; Trident/6.0)"
68.108.150.100 - - [18/Aug/2013:13:29:50 -0400] "GET /awstats/icon/clock/hr12.png HTTP/1.1" 200 320 "http://0013f8b.netsolhost.com/awstats/1308/awstats.75058.1308.html" "Mozilla/5.0 (compatible; MSIE 10.0; Windows NT 6.1; WOW64; Trident/6.0)"
68.108.150.100 - - [18/Aug/2013:13:29:50 -0400] "GET /awstats/icon/mime/other.png HTTP/1.1" 200 311 "http://0013f8b.netsolhost.com/awstats/1308/awstats.75058.1308.html" "Mozilla/5.0 (compatible; MSIE 10.0; Windows NT 6.1; WOW64; Trident/6.0)"
68.108.150.100 - - [18/Aug/2013:13:29:50 -0400] "GET /awstats/icon/os/win.png HTTP/1.1" 200 334 "http://0013f8b.netsolhost.com/awstats/1308/awstats.75058.1308.html" "Mozilla/5.0 (compatible; MSIE 10.0; Windows NT 6.1; WOW64; Trident/6.0)"
68.108.150.100 - - [18/Aug/2013:13:29:50 -0400] "GET /awstats/icon/browser/firefox.png HTTP/1.1" 200 368 "http://0013f8b.netsolhost.com/awstats/1308/awstats.75058.1308.html" "Mozilla/5.0 (compatible; MSIE 10.0; Windows NT 6.1; WOW64; Trident/6.0)"
98.15.185.156 - - [18/Aug/2013:18:00:16 -0400] "GET /scripts/user.js HTTP/1.1" 200 23762 "http://www.winchestermodel21.com/" "Mozilla/5.0 (iPad; CPU OS 6_1_3 like Mac OS X) AppleWebKit/536.26 (KHTML, like Gecko) Version/6.0 Mobile/10B329 Safari/8536.25"
72.250.151.98 - - [18/Aug/2013:22:52:20 -0400] "GET /acquire.html HTTP/1.1" 200 14146 "http://search.yahoo.com/search?p=winchester+model+21+for+sale&ei=UTF-8&fr=chrf-yff19" "Mozilla/5.0 (Windows NT 6.1; WOW64; rv:23.0) Gecko/20100101 Firefox/23.0"
72.250.151.98 - - [18/Aug/2013:22:52:20 -0400] "GET /scripts/print.css HTTP/1.1" 200 11304 "http://www.winchestermodel21.com/acquire.html" "Mozilla/5.0 (Windows NT 6.1; WOW64; rv:23.0) Gecko/20100101 Firefox/23.0"
72.250.151.98 - - [18/Aug/2013:22:52:20 -0400] "GET /scripts/icwebsiteelement.css HTTP/1.1" 200 8132 "http://www.winchestermodel21.com/acquire.html" "Mozilla/5.0 (Windows NT 6.1; WOW64; rv:23.0) Gecko/20100101 Firefox/23.0"
72.250.151.98 - - [18/Aug/2013:22:52:21 -0400] "GET /images/325_John_Olin_KingBuck_cover_Winchester_cat_1970_H6.jpg HTTP/1.1" 200 35909 "http://www.winchestermodel21.com/acquire.html" "Mozilla/5.0 (Windows NT 6.1; WOW64; rv:23.0) Gecko/20100101 Firefox/23.0"
157.56.229.211 - - [18/Aug/2013:01:17:40 -0400] "GET /grades.html HTTP/1.1" 304 - "-" "Mozilla/5.0 (compatible; bingbot/2.0; +http://www.bing.com/bingbot.htm)"
71.89.33.124 - - [18/Aug/2013:21:07:01 -0400] "GET /scripts/photoalbum.js HTTP/1.1" 200 62481 "http://www.winchestermodel21.com/" "Mozilla/5.0 (iPad; CPU OS 6_1_3 like Mac OS X) AppleWebKit/536.26 (KHTML, like Gecko) Version/6.0 Mobile/10B329 Safari/8536.25"
71.89.33.124 - - [18/Aug/2013:21:07:01 -0400] "GET /images/446_DSC_1422_1524COVER052306.jpg HTTP/1.1" 200 26539 "http://www.winchestermodel21.com/" "Mozilla/5.0 (iPad; CPU OS 6_1_3 like Mac OS X) AppleWebKit/536.26 (KHTML, like Gecko) Version/6.0 Mobile/10B329 Safari/8536.25"
178.154.164.251 - - [18/Aug/2013:00:28:15 -0400] "GET /images/171_Pigeon20FourBblSet.jpg HTTP/1.1" 304 - "-" "Mozilla/5.0 (compatible; YandexImages/3.0; +http://yandex.com/bots)"
199.21.99.103 - - [18/Aug/2013:08:10:31 -0400] "GET /robots.txt HTTP/1.1" 200 25 "-" "Mozilla/5.0 (compatible; YandexBot/3.0; +http://yandex.com/bots)"
98.15.185.156 - - [18/Aug/2013:18:00:17 -0400] "GET /scripts/website.css HTTP/1.1" 200 1917 "http://www.winchestermodel21.com/" "Mozilla/5.0 (iPad; CPU OS 6_1_3 like Mac OS X) AppleWebKit/536.26 (KHTML, like Gecko) Version/6.0 Mobile/10B329 Safari/8536.25"
76.30.184.61 - - [18/Aug/2013:19:35:56 -0400] "GET /scripts/ic_globals_published.js HTTP/1.1" 200 566 "http://www.winchestermodel21.com/" "Mozilla/5.0 (iPad; CPU OS 5_1 like Mac OS X) AppleWebKit/534.46 (KHTML, like Gecko) Version/5.1 Mobile/9B176 Safari/7534.48.3"
76.30.184.61 - - [18/Aug/2013:19:35:56 -0400] "GET /scripts/6custom.css HTTP/1.1" 200 2825 "http://www.winchestermodel21.com/" "Mozilla/5.0 (iPad; CPU OS 5_1 like Mac OS X) AppleWebKit/534.46 (KHTML, like Gecko) Version/5.1 Mobile/9B176 Safari/7534.48.3"
76.30.184.61 - - [18/Aug/2013:19:35:56 -0400] "GET /scripts/icwebsiteelement.css HTTP/1.1" 200 8132 "http://www.winchestermodel21.com/" "Mozilla/5.0 (iPad; CPU OS 5_1 like Mac OS X) AppleWebKit/534.46 (KHTML, like Gecko) Version/5.1 Mobile/9B176 Safari/7534.48.3"
50.44.86.86 - - [18/Aug/2013:05:20:23 -0400] "GET /scripts/user.js HTTP/1.1" 200 23762 "http://www.winchestermodel21.com/gauges.html" "Mozilla/5.0 (iPad; CPU OS 6_1 like Mac OS X) AppleWebKit/536.26 (KHTML, like Gecko) Version/6.0 Mobile/10B141 Safari/8536.25"
50.44.86.86 - - [18/Aug/2013:05:20:24 -0400] "GET /images/171_Grand_American_12_W28514.jpg HTTP/1.1" 200 15664 "http://www.winchestermodel21.com/gauges.html" "Mozilla/5.0 (iPad; CPU OS 6_1 like Mac OS X) AppleWebKit/536.26 (KHTML, like Gecko) Version/6.0 Mobile/10B141 Safari/8536.25"
70.60.62.142 - - [18/Aug/2013:15:19:01 -0400] "GET /scripts/user.js HTTP/1.1" 200 23762 "http://www.winchestermodel21.com/" "Mozilla/5.0 (compatible; MSIE 9.0; Windows NT 6.1; WOW64; Trident/5.0)"
70.60.62.142 - - [18/Aug/2013:15:20:50 -0400] "GET /scripts/8custom.css HTTP/1.1" 200 4524 "http://www.winchestermodel21.com/acquire.html" "Mozilla/5.0 (compatible; MSIE 9.0; Windows NT 6.1; WOW64; Trident/5.0)"
70.60.62.142 - - [18/Aug/2013:15:19:01 -0400] "GET /scripts/6custom.css HTTP/1.1" 200 2825 "http://www.winchestermodel21.com/" "Mozilla/5.0 (compatible; MSIE 9.0; Windows NT 6.1; WOW64; Trident/5.0)"
70.60.62.142 - - [18/Aug/2013:15:19:02 -0400] "GET /favicon.ico HTTP/1.1" 404 575 "-" "Mozilla/5.0 (compatible; MSIE 9.0; Windows NT 6.1; WOW64; Trident/5.0)"
150.70.172.202 - - [18/Aug/2013:15:24:13 -0400] "GET / HTTP/1.0" 200 16143 "-" "Mozilla/4.0 (compatible; MSIE 6.0; Windows NT 5.1)"
157.55.35.115 - - [18/Aug/2013:07:11:05 -0400] "GET /scripts/6custom.css HTTP/1.1" 200 2825 "-" "Mozilla/5.0 (compatible; bingbot/2.0; +http://www.bing.com/bingbot.htm)"
76.30.184.61 - - [18/Aug/2013:19:35:56 -0400] "GET /scripts/photoalbum.js HTTP/1.1" 200 62481 "http://www.winchestermodel21.com/" "Mozilla/5.0 (iPad; CPU OS 5_1 like Mac OS X) AppleWebKit/534.46 (KHTML, like Gecko) Version/5.1 Mobile/9B176 Safari/7534.48.3"
76.30.184.61 - - [18/Aug/2013:19:35:57 -0400] "GET /images/446_DSC_1422_1524COVER052306.jpg HTTP/1.1" 200 26539 "http://www.winchestermodel21.com/" "Mozilla/5.0 (iPad; CPU OS 5_1 like Mac OS X) AppleWebKit/534.46 (KHTML, like Gecko) Version/5.1 Mobile/9B176 Safari/7534.48.3"
174.44.17.240 - - [18/Aug/2013:02:44:18 -0400] "GET /scripts/6custom.css HTTP/1.1" 200 2825 "http://www.winchestermodel21.com/" "Mozilla/5.0 (Windows NT 6.1; WOW64) AppleWebKit/537.36 (KHTML, like Gecko) Chrome/28.0.1500.95 Safari/537.36"
157.55.35.115 - - [18/Aug/2013:07:11:06 -0400] "GET /scripts/ic_globals_published.js HTTP/1.1" 200 566 "-" "Mozilla/5.0 (compatible; bingbot/2.0; +http://www.bing.com/bingbot.htm)"
66.249.75.64 - - [18/Aug/2013:09:54:20 -0400] "GET /acquire.html HTTP/1.1" 304 - "-" "Mozilla/5.0 (iPhone; U; CPU iPhone OS 4_1 like Mac OS X; en-us) AppleWebKit/532.9 (KHTML, like Gecko) Version/4.0.5 Mobile/8B117 Safari/6531.22.7 (compatible; Googlebot-Mobile/2.1; +http://www.google.com/bot.html)"
95.108.247.251 - - [18/Aug/2013:03:25:19 -0400] "GET /images/171_W34005P2Pigeon28.jpg HTTP/1.1" 304 - "-" "Mozilla/5.0 (compatible; YandexImages/3.0; +http://yandex.com/bots)"
70.60.62.142 - - [18/Aug/2013:15:20:50 -0400] "GET /images/510_M21CoverPage111206PS72Enhance.jpg HTTP/1.1" 200 60991 "http://www.winchestermodel21.com/acquire.html" "Mozilla/5.0 (compatible; MSIE 9.0; Windows NT 6.1; WOW64; Trident/5.0)"
77.88.28.246 - - [18/Aug/2013:00:11:50 -0400] "GET /images/171_TwoGaugeBorder.jpg HTTP/1.1" 304 - "-" "Mozilla/5.0 (compatible; YandexImages/3.0; +http://yandex.com/bots)"
66.249.75.64 - - [18/Aug/2013:01:16:35 -0400] "GET /grades.html HTTP/1.1" 304 - "-" "Mozilla/5.0 (iPhone; U; CPU iPhone OS 4_1 like Mac OS X; en-us) AppleWebKit/532.9 (KHTML, like Gecko) Version/4.0.5 Mobile/8B117 Safari/6531.22.7 (compatible; Googlebot-Mobile/2.1; +http://www.google.com/bot.html)"
174.44.17.240 - - [18/Aug/2013:02:44:18 -0400] "GET /scripts/user.js HTTP/1.1" 200 23762 "http://www.winchestermodel21.com/" "Mozilla/5.0 (Windows NT 6.1; WOW64) AppleWebKit/537.36 (KHTML, like Gecko) Chrome/28.0.1500.95 Safari/537.36"
174.44.17.240 - - [18/Aug/2013:02:44:18 -0400] "GET /images/446_DSC_1422_1524COVER052306.jpg HTTP/1.1" 200 26539 "http://www.winchestermodel21.com/" "Mozilla/5.0 (Windows NT 6.1; WOW64) AppleWebKit/537.36 (KHTML, like Gecko) Chrome/28.0.1500.95 Safari/537.36"
199.30.25.139 - - [18/Aug/2013:08:11:07 -0400] "GET /scripts/icwebsiteelement.css HTTP/1.1" 200 8132 "http://www.winchestermodel21.com/" "Mozilla/5.0 (Windows NT 6.1; WOW64) AppleWebKit/534+ (KHTML, like Gecko) BingPreview/1.0b"
208.115.111.71 - - [18/Aug/2013:20:50:38 -0400] "GET /robots.txt HTTP/1.1" 200 25 "-" "Mozilla/5.0 (compatible; Ezooms/1.0; ezooms.bot@gmail.com)"
50.200.152.189 - - [18/Aug/2013:22:04:07 -0400] "GET / HTTP/1.1" 200 16143 "http://www.bing.com/search?q=winchester+21&qs=AS&form=QBRE&pq=winchester+21&sc=8-13&sp=1&sk=" "Mozilla/4.0 (compatible; MSIE 8.0; Windows NT 5.2; Trident/4.0; .NET CLR 1.1.4322; .NET CLR 2.0.50727; .NET CLR 3.0.04506.30; .NET CLR 3.0.04506.648; .NET CLR 3.0.4506.2152; .NET CLR 3.5.30729)"
50.200.152.189 - - [18/Aug/2013:22:04:40 -0400] "GET /scripts/user.js HTTP/1.1" 200 23762 "http://www.winchestermodel21.com/" "Mozilla/4.0 (compatible; MSIE 8.0; Windows NT 5.2; Trident/4.0; .NET CLR 1.1.4322; .NET CLR 2.0.50727; .NET CLR 3.0.04506.30; .NET CLR 3.0.04506.648; .NET CLR 3.0.4506.2152; .NET CLR 3.5.30729)"
72.250.151.98 - - [18/Aug/2013:22:52:20 -0400] "GET /scripts/user.js HTTP/1.1" 200 23762 "http://www.winchestermodel21.com/acquire.html" "Mozilla/5.0 (Windows NT 6.1; WOW64; rv:23.0) Gecko/20100101 Firefox/23.0"
72.250.151.98 - - [18/Aug/2013:22:52:21 -0400] "GET /images/510_M21CoverPage111206PS72Enhance.jpg HTTP/1.1" 200 60991 "http://www.winchestermodel21.com/acquire.html" "Mozilla/5.0 (Windows NT 6.1; WOW64; rv:23.0) Gecko/20100101 Firefox/23.0"
68.108.150.100 - - [18/Aug/2013:13:29:57 -0400] "GET /favicon.ico HTTP/1.1" 404 575 "-" "Mozilla/5.0 (compatible; MSIE 10.0; Windows NT 6.1; Win64; x64; Trident/6.0)"
76.30.184.61 - - [18/Aug/2013:19:35:56 -0400] "GET /scripts/template.css HTTP/1.1" 200 10951 "http://www.winchestermodel21.com/" "Mozilla/5.0 (iPad; CPU OS 5_1 like Mac OS X) AppleWebKit/534.46 (KHTML, like Gecko) Version/5.1 Mobile/9B176 Safari/7534.48.3"
95.108.248.30 - - [18/Aug/2013:13:21:20 -0400] "GET /images/171_Pigeon410P1.jpg HTTP/1.1" 304 - "-" "Mozilla/5.0 (compatible; YandexImages/3.0; +http://yandex.com/bots)"
199.30.25.126 - - [18/Aug/2013:17:25:24 -0400] "GET /images/GrandRoyalHistory_WM.pdf HTTP/1.1" 200 8391860 "-" "Mozilla/5.0 (Windows NT 6.1; WOW64) AppleWebKit/534+ (KHTML, like Gecko) BingPreview/1.0b"
71.187.151.21 - - [18/Aug/2013:20:06:41 -0400] "GET /scripts/photoalbum.js HTTP/1.1" 200 62481 "http://www.winchestermodel21.com/" "Mozilla/5.0 (iPhone; CPU iPhone OS 6_1_3 like Mac OS X) AppleWebKit/536.26 (KHTML, like Gecko) Version/6.0 Mobile/10B329 Safari/8536.25"
71.187.151.21 - - [18/Aug/2013:20:06:42 -0400] "GET /images/446_DSC_1422_1524COVER052306.jpg HTTP/1.1" 200 26539 "http://www.winchestermodel21.com/" "Mozilla/5.0 (iPhone; CPU iPhone OS 6_1_3 like Mac OS X) AppleWebKit/536.26 (KHTML, like Gecko) Version/6.0 Mobile/10B329 Safari/8536.25"
66.249.75.117 - - [18/Aug/2013:22:49:57 -0400] "GET /robots.txt HTTP/1.1" 200 25 "-" "Mozilla/5.0 (compatible; Googlebot/2.1; +http://www.google.com/bot.html)"
176.31.14.31 - - [18/Aug/2013:16:49:07 -0400] "GET /grades.html HTTP/1.1" 200 29320 "-" "Lynx/2.8.6rel.4 libwww-FM/2.14 SSL-MM/1.4.1 OpenSSL/0.9.8g"
98.15.185.156 - - [18/Aug/2013:18:00:16 -0400] "GET / HTTP/1.1" 200 16143 "-" "Mozilla/5.0 (iPad; CPU OS 6_1_3 like Mac OS X) AppleWebKit/536.26 (KHTML, like Gecko) Version/6.0 Mobile/10B329 Safari/8536.25"
98.15.185.156 - - [18/Aug/2013:18:00:17 -0400] "GET /scripts/6custom.css HTTP/1.1" 200 2825 "http://www.winchestermodel21.com/" "Mozilla/5.0 (iPad; CPU OS 6_1_3 like Mac OS X) AppleWebKit/536.26 (KHTML, like Gecko) Version/6.0 Mobile/10B329 Safari/8536.25"
98.15.185.156 - - [18/Aug/2013:18:00:17 -0400] "GET /scripts/icwebsiteelement.css HTTP/1.1" 200 8132 "http://www.winchestermodel21.com/" "Mozilla/5.0 (iPad; CPU OS 6_1_3 like Mac OS X) AppleWebKit/536.26 (KHTML, like Gecko) Version/6.0 Mobile/10B329 Safari/8536.25"
98.15.185.156 - - [18/Aug/2013:18:00:17 -0400] "GET /images/0.jpg HTTP/1.1" 200 302 "http://www.winchestermodel21.com/" "Mozilla/5.0 (iPad; CPU OS 6_1_3 like Mac OS X) AppleWebKit/536.26 (KHTML, like Gecko) Version/6.0 Mobile/10B329 Safari/8536.25"
98.15.185.156 - - [18/Aug/2013:18:00:17 -0400] "GET /scripts/print.css HTTP/1.1" 200 11304 "http://www.winchestermodel21.com/" "Mozilla/5.0 (iPad; CPU OS 6_1_3 like Mac OS X) AppleWebKit/536.26 (KHTML, like Gecko) Version/6.0 Mobile/10B329 Safari/8536.25"
50.44.86.86 - - [18/Aug/2013:05:20:24 -0400] "GET /scripts/template.css HTTP/1.1" 200 10951 "http://www.winchestermodel21.com/gauges.html" "Mozilla/5.0 (iPad; CPU OS 6_1 like Mac OS X) AppleWebKit/536.26 (KHTML, like Gecko) Version/6.0 Mobile/10B141 Safari/8536.25"
50.44.86.86 - - [18/Aug/2013:05:20:25 -0400] "GET /images/171_Pigeon410P1.jpg HTTP/1.1" 200 7850 "http://www.winchestermodel21.com/gauges.html" "Mozilla/5.0 (iPad; CPU OS 6_1 like Mac OS X) AppleWebKit/536.26 (KHTML, like Gecko) Version/6.0 Mobile/10B141 Safari/8536.25"
50.44.86.86 - - [18/Aug/2013:05:20:25 -0400] "GET /images/171_Pigeon410P2.jpg HTTP/1.1" 200 7578 "http://www.winchestermodel21.com/gauges.html" "Mozilla/5.0 (iPad; CPU OS 6_1 like Mac OS X) AppleWebKit/536.26 (KHTML, like Gecko) Version/6.0 Mobile/10B141 Safari/8536.25"
50.44.86.86 - - [18/Aug/2013:05:20:25 -0400] "GET /images/171_W34005P1Pigeon28.jpg HTTP/1.1" 200 6943 "http://www.winchestermodel21.com/gauges.html" "Mozilla/5.0 (iPad; CPU OS 6_1 like Mac OS X) AppleWebKit/536.26 (KHTML, like Gecko) Version/6.0 Mobile/10B141 Safari/8536.25"
50.44.86.86 - - [18/Aug/2013:05:20:25 -0400] "GET /images/171_W34005P2Pigeon28.jpg HTTP/1.1" 200 7086 "http://www.winchestermodel21.com/gauges.html" "Mozilla/5.0 (iPad; CPU OS 6_1 like Mac OS X) AppleWebKit/536.26 (KHTML, like Gecko) Version/6.0 Mobile/10B141 Safari/8536.25"
70.60.62.142 - - [18/Aug/2013:15:20:50 -0400] "GET /images/325_John_Olin_KingBuck_cover_Winchester_cat_1970_H6.jpg HTTP/1.1" 200 35909 "http://www.winchestermodel21.com/acquire.html" "Mozilla/5.0 (compatible; MSIE 9.0; Windows NT 6.1; WOW64; Trident/5.0)"
166.147.120.35 - - [18/Aug/2013:14:41:51 -0400] "GET /images/446_DSC_1422_1524COVER052306.jpg HTTP/1.1" 200 26539 "http://www.google.com/search?hl=en&site=webhp&tbm=isch&sa=1&ei=YhARUsH4Heqe2QX49YH4CQ&q=shotgun+collection&oq=shotgun+collection&gs_l=mobile-gws-serp.3...234810.840667.0.840798.26.19.0.5.5.0.0.0..0.0....0...1c.1.25.mobile-gws-serp..21.5.195.LG0aHqkb-Mg&biw=320&bih=508&sei=yRMRUszVKsS-2AW38IC4CQ" "Mozilla/5.0 (Linux; U; Android 2.3.6; en-us; SAMSUNG-SGH-I777 Build/GINGERBREAD) AppleWebKit/533.1 (KHTML, like Gecko) Version/4.0 Mobile Safari/533.1"
68.108.150.100 - - [18/Aug/2013:13:29:50 -0400] "GET /awstats/icon/other/vv.png HTTP/1.1" 200 239 "http://0013f8b.netsolhost.com/awstats/1308/awstats.75058.1308.html" "Mozilla/5.0 (compatible; MSIE 10.0; Windows NT 6.1; WOW64; Trident/6.0)"
68.108.150.100 - - [18/Aug/2013:13:29:50 -0400] "GET /awstats/icon/other/vk.png HTTP/1.1" 200 236 "http://0013f8b.netsolhost.com/awstats/1308/awstats.75058.1308.html" "Mozilla/5.0 (compatible; MSIE 10.0; Windows NT 6.1; WOW64; Trident/6.0)"
68.108.150.100 - - [18/Aug/2013:13:29:50 -0400] "GET /awstats/icon/clock/hr1.png HTTP/1.1" 200 318 "http://0013f8b.netsolhost.com/awstats/1308/awstats.75058.1308.html" "Mozilla/5.0 (compatible; MSIE 10.0; Windows NT 6.1; WOW64; Trident/6.0)"
68.108.150.100 - - [18/Aug/2013:13:29:50 -0400] "GET /awstats/icon/clock/hr5.png HTTP/1.1" 200 311 "http://0013f8b.netsolhost.com/awstats/1308/awstats.75058.1308.html" "Mozilla/5.0 (compatible; MSIE 10.0; Windows NT 6.1; WOW64; Trident/6.0)"
68.108.150.100 - - [18/Aug/2013:13:29:50 -0400] "GET /awstats/icon/clock/hr8.png HTTP/1.1" 200 312 "http://0013f8b.netsolhost.com/awstats/1308/awstats.75058.1308.html" "Mozilla/5.0 (compatible; MSIE 10.0; Windows NT 6.1; WOW64; Trident/6.0)"
68.108.150.100 - - [18/Aug/2013:13:29:50 -0400] "GET /awstats/icon/clock/hr11.png HTTP/1.1" 200 318 "http://0013f8b.netsolhost.com/awstats/1308/awstats.75058.1308.html" "Mozilla/5.0 (compatible; MSIE 10.0; Windows NT 6.1; WOW64; Trident/6.0)"
68.108.150.100 - - [18/Aug/2013:13:29:50 -0400] "GET /awstats/icon/other/hp.png HTTP/1.1" 200 269 "http://0013f8b.netsolhost.com/awstats/1308/awstats.75058.1308.html" "Mozilla/5.0 (compatible; MSIE 10.0; Windows NT 6.1; WOW64; Trident/6.0)"
68.108.150.100 - - [18/Aug/2013:13:29:50 -0400] "GET /awstats/icon/mime/image.png HTTP/1.1" 200 370 "http://0013f8b.netsolhost.com/awstats/1308/awstats.75058.1308.html" "Mozilla/5.0 (compatible; MSIE 10.0; Windows NT 6.1; WOW64; Trident/6.0)"
68.108.150.100 - - [18/Aug/2013:13:29:50 -0400] "GET /awstats/icon/mime/html.png HTTP/1.1" 200 393 "http://0013f8b.netsolhost.com/awstats/1308/awstats.75058.1308.html" "Mozilla/5.0 (compatible; MSIE 10.0; Windows NT 6.1; WOW64; Trident/6.0)"
68.108.150.100 - - [18/Aug/2013:13:29:50 -0400] "GET /awstats/icon/other/hx.png HTTP/1.1" 200 269 "http://0013f8b.netsolhost.com/awstats/1308/awstats.75058.1308.html" "Mozilla/5.0 (compatible; MSIE 10.0; Windows NT 6.1; WOW64; Trident/6.0)"
68.108.150.100 - - [18/Aug/2013:13:29:50 -0400] "GET /awstats/icon/os/linux.png HTTP/1.1" 200 320 "http://0013f8b.netsolhost.com/awstats/1308/awstats.75058.1308.html" "Mozilla/5.0 (compatible; MSIE 10.0; Windows NT 6.1; WOW64; Trident/6.0)"
68.108.150.100 - - [18/Aug/2013:13:29:50 -0400] "GET /awstats/icon/browser/msie.png HTTP/1.1" 200 314 "http://0013f8b.netsolhost.com/awstats/1308/awstats.75058.1308.html" "Mozilla/5.0 (compatible; MSIE 10.0; Windows NT 6.1; WOW64; Trident/6.0)"
68.108.150.100 - - [18/Aug/2013:13:29:50 -0400] "GET /awstats/icon/browser/unknown.png HTTP/1.1" 200 218 "http://0013f8b.netsolhost.com/awstats/1308/awstats.75058.1308.html" "Mozilla/5.0 (compatible; MSIE 10.0; Windows NT 6.1; WOW64; Trident/6.0)"
68.108.150.100 - - [18/Aug/2013:13:29:50 -0400] "GET /awstats/icon/browser/netscape.png HTTP/1.1" 200 208 "http://0013f8b.netsolhost.com/awstats/1308/awstats.75058.1308.html" "Mozilla/5.0 (compatible; MSIE 10.0; Windows NT 6.1; WOW64; Trident/6.0)"
70.60.62.142 - - [18/Aug/2013:15:19:01 -0400] "GET / HTTP/1.1" 200 16143 "http://www.google.com/url?sa=t&rct=j&q=winchester%20model%2021&source=web&cd=13&sqi=2&ved=0CGgQFjAM&url=http%3A%2F%2Fwww.winchestermodel21.com%2F&ei=zx0RUrjiN67iyAHgo4BA&usg=AFQjCNGbjZGHyLh8DxQxjYEwbnmeNygIGw" "Mozilla/5.0 (compatible; MSIE 9.0; Windows NT 6.1; WOW64; Trident/5.0)"
76.30.184.61 - - [18/Aug/2013:19:35:56 -0400] "GET / HTTP/1.1" 200 16143 "http://www.google.com/url?sa=t&rct=j&q=winchester%20model%2021&source=web&cd=12&ved=0CEwQFjAL&url=http%3A%2F%2Fwww.winchestermodel21.com%2F&ei=OVoRUs_yGorQyAGFuYBI&usg=AFQjCNGbjZGHyLh8DxQxjYEwbnmeNygIGw&bvm=bv.50768961,d.aWc" "Mozilla/5.0 (iPad; CPU OS 5_1 like Mac OS X) AppleWebKit/534.46 (KHTML, like Gecko) Version/5.1 Mobile/9B176 Safari/7534.48.3"
76.30.184.61 - - [18/Aug/2013:19:35:57 -0400] "GET /images/0.jpg HTTP/1.1" 200 302 "http://www.winchestermodel21.com/" "Mozilla/5.0 (iPad; CPU OS 5_1 like Mac OS X) AppleWebKit/534.46 (KHTML, like Gecko) Version/5.1 Mobile/9B176 Safari/7534.48.3"
76.30.184.61 - - [18/Aug/2013:19:35:57 -0400] "GET /scripts/print.css HTTP/1.1" 200 11304 "http://www.winchestermodel21.com/" "Mozilla/5.0 (iPad; CPU OS 5_1 like Mac OS X) AppleWebKit/534.46 (KHTML, like Gecko) Version/5.1 Mobile/9B176 Safari/7534.48.3"
180.76.5.113 - - [18/Aug/2013:06:37:16 -0400] "GET /scripts/9custom.css HTTP/1.1" 200 5523 "-" "Mozilla/5.0 (compatible; Baiduspider/2.0; +http://www.baidu.com/search/spider.html)"
199.30.25.139 - - [18/Aug/2013:08:11:07 -0400] "GET /scripts/template.css HTTP/1.1" 200 10951 "http://www.winchestermodel21.com/" "Mozilla/5.0 (Windows NT 6.1; WOW64) AppleWebKit/534+ (KHTML, like Gecko) BingPreview/1.0b"
174.44.17.240 - - [18/Aug/2013:02:44:18 -0400] "GET /scripts/ic_globals_published.js HTTP/1.1" 200 566 "http://www.winchestermodel21.com/" "Mozilla/5.0 (Windows NT 6.1; WOW64) AppleWebKit/537.36 (KHTML, like Gecko) Chrome/28.0.1500.95 Safari/537.36"
119.157.170.123 - - [18/Aug/2013:15:15:33 -0400] "GET /images/446_DSC_1422_1524COVER052306.jpg HTTP/1.1" 200 26539 "http://www.google.com.pk/search?hl=en&site=webhp&tbm=isch&q=winchester+shotgun&spell=1&sa=X&ei=9BsRUrCWJonTtAaq2oGABw&ved=0CDUQvwUoAA&biw=480&bih=256&sei=-BsRUt-lIMeItAbRu4HADQ" "Mozilla/5.0 (iPhone; CPU iPhone OS 6_1_2 like Mac OS X) AppleWebKit/536.26 (KHTML, like Gecko) CriOS/28.0.1500.16 Mobile/10B146 Safari/8536.25"
70.60.62.142 - - [18/Aug/2013:15:19:01 -0400] "GET / HTTP/1.1" 200 16143 "http://www.google.com/url?sa=t&rct=j&q=winchester%20model%2021&source=web&cd=13&sqi=2&ved=0CGgQFjAM&url=http%3A%2F%2Fwww.winchestermodel21.com%2F&ei=zx0RUrjiN67iyAHgo4BA&usg=AFQjCNGbjZGHyLh8DxQxjYEwbnmeNygIGw" "Mozilla/5.0 (compatible; MSIE 9.0; Windows NT 6.1; WOW64; Trident/5.0)"
70.60.62.142 - - [18/Aug/2013:15:19:01 -0400] "GET /images/0.jpg HTTP/1.1" 200 302 "http://www.winchestermodel21.com/" "Mozilla/5.0 (compatible; MSIE 9.0; Windows NT 6.1; WOW64; Trident/5.0)"
50.200.152.189 - - [18/Aug/2013:22:04:40 -0400] "GET /scripts/photoalbum.js HTTP/1.1" 200 62481 "http://www.winchestermodel21.com/" "Mozilla/4.0 (compatible; MSIE 8.0; Windows NT 5.2; Trident/4.0; .NET CLR 1.1.4322; .NET CLR 2.0.50727; .NET CLR 3.0.04506.30; .NET CLR 3.0.04506.648; .NET CLR 3.0.4506.2152; .NET CLR 3.5.30729)"
50.200.152.189 - - [18/Aug/2013:22:04:42 -0400] "GET /images/0.jpg HTTP/1.1" 200 302 "http://www.winchestermodel21.com/" "Mozilla/4.0 (compatible; MSIE 8.0; Windows NT 5.2; Trident/4.0; .NET CLR 1.1.4322; .NET CLR 2.0.50727; .NET CLR 3.0.04506.30; .NET CLR 3.0.04506.648; .NET CLR 3.0.4506.2152; .NET CLR 3.5.30729)"
66.249.75.64 - - [18/Aug/2013:05:26:20 -0400] "GET /images/AAWhite_M-21_9Shotguns.pdf HTTP/1.1" 200 7491181 "-" "DoCoMo/2.0 N905i(c100;TB;W24H16) (compatible; Googlebot-Mobile/2.1; +http://www.google.com/bot.html)"
208.115.111.71 - - [18/Aug/2013:22:32:52 -0400] "GET /restricted3/restricted4.html HTTP/1.1" 404 575 "-" "Mozilla/5.0 (compatible; Ezooms/1.0; ezooms.bot@gmail.com)"
178.154.243.94 - - [18/Aug/2013:04:00:20 -0400] "GET /images/171_W34010P1Grade4.jpg HTTP/1.1" 304 - "-" "Mozilla/5.0 (compatible; YandexImages/3.0; +http://yandex.com/bots)"
66.249.75.64 - - [18/Aug/2013:00:34:41 -0400] "GET /robots.txt HTTP/1.1" 200 25 "-" "Mozilla/5.0 (compatible; Googlebot/2.1; +http://www.google.com/bot.html)"
66.249.75.64 - - [18/Aug/2013:00:34:41 -0400] "GET /grades.html HTTP/1.1" 304 - "-" "Mozilla/5.0 (compatible; Googlebot/2.1; +http://www.google.com/bot.html)"
77.88.25.26 - - [18/Aug/2013:02:42:52 -0400] "GET /images/171_W34001_GA_28.jpg HTTP/1.1" 304 - "-" "Mozilla/5.0 (compatible; YandexImages/3.0; +http://yandex.com/bots)"
50.44.86.86 - - [18/Aug/2013:05:20:24 -0400] "GET /scripts/ic_globals_published.js HTTP/1.1" 200 566 "http://www.winchestermodel21.com/gauges.html" "Mozilla/5.0 (iPad; CPU OS 6_1 like Mac OS X) AppleWebKit/536.26 (KHTML, like Gecko) Version/6.0 Mobile/10B141 Safari/8536.25"
50.44.86.86 - - [18/Aug/2013:05:20:24 -0400] "GET /scripts/photoalbum.js HTTP/1.1" 200 62481 "http://www.winchestermodel21.com/gauges.html" "Mozilla/5.0 (iPad; CPU OS 6_1 like Mac OS X) AppleWebKit/536.26 (KHTML, like Gecko) Version/6.0 Mobile/10B141 Safari/8536.25"
50.44.86.86 - - [18/Aug/2013:05:20:24 -0400] "GET /scripts/1custom.css HTTP/1.1" 200 5537 "http://www.winchestermodel21.com/gauges.html" "Mozilla/5.0 (iPad; CPU OS 6_1 like Mac OS X) AppleWebKit/536.26 (KHTML, like Gecko) Version/6.0 Mobile/10B141 Safari/8536.25"
50.44.86.86 - - [18/Aug/2013:05:20:24 -0400] "GET /scripts/icwebsiteelement.css HTTP/1.1" 200 8132 "http://www.winchestermodel21.com/gauges.html" "Mozilla/5.0 (iPad; CPU OS 6_1 like Mac OS X) AppleWebKit/536.26 (KHTML, like Gecko) Version/6.0 Mobile/10B141 Safari/8536.25"
50.44.86.86 - - [18/Aug/2013:05:20:25 -0400] "GET /images/171_W34001_GA_28.jpg HTTP/1.1" 200 14017 "http://www.winchestermodel21.com/gauges.html" "Mozilla/5.0 (iPad; CPU OS 6_1 like Mac OS X) AppleWebKit/536.26 (KHTML, like Gecko) Version/6.0 Mobile/10B141 Safari/8536.25"
50.44.86.86 - - [18/Aug/2013:05:20:25 -0400] "GET /images/171_Grand_American_16.jpg HTTP/1.1" 200 11047 "http://www.winchestermodel21.com/gauges.html" "Mozilla/5.0 (iPad; CPU OS 6_1 like Mac OS X) AppleWebKit/536.26 (KHTML, like Gecko) Version/6.0 Mobile/10B141 Safari/8536.25"
50.44.86.86 - - [18/Aug/2013:05:20:25 -0400] "GET /images/0.jpg HTTP/1.1" 200 302 "http://www.winchestermodel21.com/gauges.html" "Mozilla/5.0 (iPad; CPU OS 6_1 like Mac OS X) AppleWebKit/536.26 (KHTML, like Gecko) Version/6.0 Mobile/10B141 Safari/8536.25"
70.60.62.142 - - [18/Aug/2013:15:19:01 -0400] "GET /scripts/template.css HTTP/1.1" 200 10951 "http://www.winchestermodel21.com/" "Mozilla/5.0 (compatible; MSIE 9.0; Windows NT 6.1; WOW64; Trident/5.0)"
70.60.62.142 - - [18/Aug/2013:15:19:01 -0400] "GET /images/446_DSC_1422_1524COVER052306.jpg HTTP/1.1" 200 26539 "http://www.winchestermodel21.com/" "Mozilla/5.0 (compatible; MSIE 9.0; Windows NT 6.1; WOW64; Trident/5.0)"
78.61.154.205 - - [18/Aug/2013:15:34:47 -0400] "GET /images/446_DSC_1422_1524COVER052306.jpg HTTP/1.1" 200 26539 "http://www.google.lt/blank.html" "Mozilla/5.0 (Windows NT 5.1) AppleWebKit/537.36 (KHTML, like Gecko) Chrome/28.0.1500.95 Safari/537.36"
50.200.152.189 - - [18/Aug/2013:22:04:40 -0400] "GET /scripts/template.css HTTP/1.1" 200 10951 "http://www.winchestermodel21.com/" "Mozilla/4.0 (compatible; MSIE 8.0; Windows NT 5.2; Trident/4.0; .NET CLR 1.1.4322; .NET CLR 2.0.50727; .NET CLR 3.0.04506.30; .NET CLR 3.0.04506.648; .NET CLR 3.0.4506.2152; .NET CLR 3.5.30729)"
208.115.111.71 - - [18/Aug/2013:22:31:42 -0400] "GET /email.html HTTP/1.1" 200 13700 "-" "Mozilla/5.0 (compatible; Ezooms/1.0; ezooms.bot@gmail.com)"
66.249.75.64 - - [18/Aug/2013:22:50:34 -0400] "GET / HTTP/1.1" 200 16143 "-" "Mozilla/5.0 (iPhone; U; CPU iPhone OS 4_1 like Mac OS X; en-us) AppleWebKit/532.9 (KHTML, like Gecko) Version/4.0.5 Mobile/8B117 Safari/6531.22.7 (compatible; Googlebot-Mobile/2.1; +http://www.google.com/bot.html)"
37.140.141.11 - - [18/Aug/2013:02:32:28 -0400] "GET /images/171_Pigeon410P1.jpg HTTP/1.1" 304 - "-" "Mozilla/5.0 (compatible; YandexImages/3.0; +http://yandex.com/bots)"
98.15.185.156 - - [18/Aug/2013:18:00:17 -0400] "GET /scripts/template.css HTTP/1.1" 200 10951 "http://www.winchestermodel21.com/" "Mozilla/5.0 (iPad; CPU OS 6_1_3 like Mac OS X) AppleWebKit/536.26 (KHTML, like Gecko) Version/6.0 Mobile/10B329 Safari/8536.25"
68.108.150.100 - - [18/Aug/2013:13:29:56 -0400] "GET /awstats/1308/awstats.75058.1308.lasthosts.html HTTP/1.1" 200 26392 "http://0013f8b.netsolhost.com/awstats/1308/awstats.75058.1308.html" "Mozilla/5.0 (compatible; MSIE 10.0; Windows NT 6.1; WOW64; Trident/6.0)"
174.44.17.240 - - [18/Aug/2013:02:44:18 -0400] "GET / HTTP/1.1" 200 16143 "https://www.google.com/" "Mozilla/5.0 (Windows NT 6.1; WOW64) AppleWebKit/537.36 (KHTML, like Gecko) Chrome/28.0.1500.95 Safari/537.36"
174.44.17.240 - - [18/Aug/2013:02:44:18 -0400] "GET /scripts/template.css HTTP/1.1" 200 10951 "http://www.winchestermodel21.com/" "Mozilla/5.0 (Windows NT 6.1; WOW64) AppleWebKit/537.36 (KHTML, like Gecko) Chrome/28.0.1500.95 Safari/537.36"
174.44.17.240 - - [18/Aug/2013:02:44:18 -0400] "GET /scripts/photoalbum.js HTTP/1.1" 200 62481 "http://www.winchestermodel21.com/" "Mozilla/5.0 (Windows NT 6.1; WOW64) AppleWebKit/537.36 (KHTML, like Gecko) Chrome/28.0.1500.95 Safari/537.36"
174.44.17.240 - - [18/Aug/2013:02:44:18 -0400] "GET /scripts/print.css HTTP/1.1" 200 11304 "http://www.winchestermodel21.com/" "Mozilla/5.0 (Windows NT 6.1; WOW64) AppleWebKit/537.36 (KHTML, like Gecko) Chrome/28.0.1500.95 Safari/537.36"
157.55.32.103 - - [18/Aug/2013:07:11:44 -0400] "GET /images/446_DSC_1422_1524COVER052306.jpg HTTP/1.1" 200 26539 "-" "Mozilla/5.0 (compatible; bingbot/2.0; +http://www.bing.com/bingbot.htm)"
188.40.133.218 - - [18/Aug/2013:09:33:37 -0400] "GET /scripts/user.js HTTP/1.1" 200 23762 "-" "Mozilla/5.0 (compatible; SearchmetricsBot; http://www.searchmetrics.com/en/searchmetrics-bot/)"
188.40.133.218 - - [18/Aug/2013:09:33:38 -0400] "GET /scripts/photoalbum.js HTTP/1.1" 200 62481 "-" "Mozilla/5.0 (compatible; SearchmetricsBot; http://www.searchmetrics.com/en/searchmetrics-bot/)"
71.187.151.21 - - [18/Aug/2013:20:06:41 -0400] "GET /scripts/ic_globals_published.js HTTP/1.1" 200 566 "http://www.winchestermodel21.com/" "Mozilla/5.0 (iPhone; CPU iPhone OS 6_1_3 like Mac OS X) AppleWebKit/536.26 (KHTML, like Gecko) Version/6.0 Mobile/10B329 Safari/8536.25"
50.44.86.86 - - [18/Aug/2013:05:20:24 -0400] "GET /scripts/website.css HTTP/1.1" 200 1917 "http://www.winchestermodel21.com/gauges.html" "Mozilla/5.0 (iPad; CPU OS 6_1 like Mac OS X) AppleWebKit/536.26 (KHTML, like Gecko) Version/6.0 Mobile/10B141 Safari/8536.25"
70.60.62.142 - - [18/Aug/2013:15:19:01 -0400] "GET /scripts/photoalbum.js HTTP/1.1" 200 62481 "http://www.winchestermodel21.com/" "Mozilla/5.0 (compatible; MSIE 9.0; Windows NT 6.1; WOW64; Trident/5.0)"
176.31.14.31 - - [18/Aug/2013:16:49:08 -0400] "GET /acquire.html HTTP/1.1" 200 14146 "-" "Mozilla/5.0 (Windows; U; MSIE 9.0; Windows NT 9.0; en-US)"
66.249.75.117 - - [18/Aug/2013:08:45:13 -0400] "GET /aboutthecollection/acquire.html HTTP/1.1" 200 14290 "-" "Mozilla/5.0 (compatible; Googlebot/2.1; +http://www.google.com/bot.html)"
66.87.114.214 - - [18/Aug/2013:19:22:04 -0400] "GET /images/446_DSC_1422_1524COVER052306.jpg HTTP/1.1" 200 26539 "http://www.google.com/search?client=safari&hl=en&ei=xVYRUtnHCqLm2AXN0oHIBw&q=21+winchester+model+image&oq=21+winchester+model+image&gs_l=mobile-gws-serp.3...43829.48346.0.48822.12.11.0.0.0.0.705.2641.2-2j1j1j1j1.6.0....0...1c.1.25.mobile-gws-serp..9.3.1599.GaRhMOVL8mg" "Mozilla/5.0 (iPhone; CPU iPhone OS 5_1_1 like Mac OS X) AppleWebKit/534.46 (KHTML, like Gecko) Version/5.1 Mobile/9B206 Safari/7534.48.3"
173.55.155.64 - - [18/Aug/2013:11:41:05 -0400] "GET /images/446_DSC_1422_1524COVER052306.jpg HTTP/1.1" 200 26539 "http://www.google.com/blank.html" "Mozilla/5.0 (Windows NT 6.1; rv:23.0) Gecko/20100101 Firefox/23.0"
70.60.62.142 - - [18/Aug/2013:15:19:01 -0400] "GET /scripts/print.css HTTP/1.1" 200 11304 "http://www.winchestermodel21.com/" "Mozilla/5.0 (compatible; MSIE 9.0; Windows NT 6.1; WOW64; Trident/5.0)"
66.249.75.64 - - [18/Aug/2013:08:45:04 -0400] "GET /page5/forsale.html HTTP/1.1" 404 575 "-" "Mozilla/5.0 (compatible; Googlebot/2.1; +http://www.google.com/bot.html)"
157.56.229.211 - - [18/Aug/2013:13:29:12 -0400] "GET /pw2/pw2.html HTTP/1.1" 401 603 "-" "Mozilla/5.0 (compatible; bingbot/2.0; +http://www.bing.com/bingbot.htm)"
178.154.175.251 - - [18/Aug/2013:04:41:58 -0400] "GET /images/171_Pigeon410P2.jpg HTTP/1.1" 304 - "-" "Mozilla/5.0 (compatible; YandexImages/3.0; +http://yandex.com/bots)"
178.154.211.252 - - [18/Aug/2013:08:10:41 -0400] "GET /images/171_Pigeon410P2.jpg HTTP/1.1" 304 - "-" "Mozilla/5.0 (compatible; YandexImages/3.0; +http://yandex.com/bots)"
37.140.141.4 - - [18/Aug/2013:20:16:28 -0400] "GET /images/171_TwoGaugeBarrels5.jpg HTTP/1.1" 304 - "-" "Mozilla/5.0 (compatible; YandexImages/3.0; +http://yandex.com/bots)"
71.89.33.124 - - [18/Aug/2013:21:07:01 -0400] "GET /scripts/template.css HTTP/1.1" 200 10951 "http://www.winchestermodel21.com/" "Mozilla/5.0 (iPad; CPU OS 6_1_3 like Mac OS X) AppleWebKit/536.26 (KHTML, like Gecko) Version/6.0 Mobile/10B329 Safari/8536.25"
77.88.24.28 - - [18/Aug/2013:21:47:03 -0400] "GET /images/171_StandardBuiltCustom.jpg HTTP/1.1" 304 - "-" "Mozilla/5.0 (compatible; YandexImages/3.0; +http://yandex.com/bots)"
66.249.75.117 - - [18/Aug/2013:22:49:58 -0400] "GET / HTTP/1.1" 200 16143 "-" "Mozilla/5.0 (iPhone; U; CPU iPhone OS 4_1 like Mac OS X; en-us) AppleWebKit/532.9 (KHTML, like Gecko) Version/4.0.5 Mobile/8B117 Safari/6531.22.7 (compatible; Googlebot-Mobile/2.1; +http://www.google.com/bot.html)"
72.250.151.98 - - [18/Aug/2013:22:52:20 -0400] "GET /scripts/website.css HTTP/1.1" 200 1917 "http://www.winchestermodel21.com/acquire.html" "Mozilla/5.0 (Windows NT 6.1; WOW64; rv:23.0) Gecko/20100101 Firefox/23.0"
188.40.133.218 - - [18/Aug/2013:09:33:33 -0400] "GET /robots.txt HTTP/1.1" 200 25 "-" "Mozilla/5.0 (compatible; SearchmetricsBot; http://www.searchmetrics.com/en/searchmetrics-bot/)"
71.187.151.21 - - [18/Aug/2013:20:06:41 -0400] "GET /scripts/6custom.css HTTP/1.1" 200 2825 "http://www.winchestermodel21.com/" "Mozilla/5.0 (iPhone; CPU iPhone OS 6_1_3 like Mac OS X) AppleWebKit/536.26 (KHTML, like Gecko) Version/6.0 Mobile/10B329 Safari/8536.25"
176.31.14.29 - - [18/Aug/2013:17:10:17 -0400] "GET /acquire.html HTTP/1.1" 200 14146 "-" "Opera/9.80 (X11; Linux x86_64; U; Ubuntu/10.10 (maverick); en) Presto/2.7.62 Version/11.01"
176.31.14.31 - - [18/Aug/2013:16:49:07 -0400] "GET /aboutthecollection.html HTTP/1.1" 200 16143 "-" "Opera/9.80 (X11; Linux i686; U; en) Presto/2.7.62 Version/11.00Mozilla/5.0 (Macintosh; U; Intel Mac OS X 10_6_7; en-US) AppleWebKit/534.16 (KHTML, like Gecko) Chrome/10.0.648.205 Safari/534.16"
101.226.168.210 - - [18/Aug/2013:12:46:42 -0400] "GET /robots.txt HTTP/1.1" 200 25 "http://www.winchestermodel21.com/robots.txt" "Mozilla/4.0 (compatible; MSIE 8.0; Windows NT 6.1; Trident/4.0; SLCC2; .NET CLR 2.0.50727; .NET CLR 3.5.30729; .NET CLR 3.0.30729; Media Center PC 6.0; MDDR; .NET4.0C; .NET4.0E; .NET CLR 1.1.4322; Tablet PC 2.0); 360Spider"
