0byt3m1n1
Path:
/
data
/
0
/
0
/
73
/
140
/
73792
/
meta
/
75058
/
logs
/
[
Home
]
File: x-access_log.2013-08-19
184.91.71.180 - - [19/Aug/2013:22:48:26 -0400] "GET /images/446_DSC_1422_1524COVER052306.jpg HTTP/1.1" 200 26539 "https://www.google.com/" "Mozilla/5.0 (iPhone; CPU iPhone OS 6_1_4 like Mac OS X) AppleWebKit/536.26 (KHTML, like Gecko) Version/6.0 Mobile/10B350 Safari/8536.25"
38.112.162.55 - - [19/Aug/2013:02:25:38 -0400] "GET /images/171_Pigeon20FourBblSet.jpg HTTP/1.1" 200 7213 "http://www.winchestermodel21.com/gauges.html" "Mozilla/5.0 (compatible; MSIE 9.0; Windows NT 6.1; WOW64; Trident/5.0)"
64.47.54.5 - - [19/Aug/2013:15:05:52 -0400] "GET /scripts/photoalbum.js HTTP/1.1" 200 62481 "http://www.winchestermodel21.com/special.html" "Mozilla/4.0 (compatible; MSIE 7.0; Windows NT 6.1; WOW64; Trident/4.0; SLCC2; .NET CLR 2.0.50727; .NET CLR 3.5.30729; .NET CLR 3.0.30729; Media Center PC 6.0; InfoPath.3; .NET4.0C; .NET4.0E)"
208.115.113.87 - - [19/Aug/2013:06:49:04 -0400] "GET /robots.txt HTTP/1.1" 200 25 "-" "Mozilla/5.0 (compatible; Ezooms/1.0; ezooms.bot@gmail.com)"
64.47.54.5 - - [19/Aug/2013:15:10:00 -0400] "GET /special.html HTTP/1.1" 200 39329 "http://www.winchestermodel21.com/special.html" "Mozilla/4.0 (compatible; MSIE 7.0; Windows NT 6.1; WOW64; Trident/4.0; SLCC2; .NET CLR 2.0.50727; .NET CLR 3.5.30729; .NET CLR 3.0.30729; Media Center PC 6.0; InfoPath.3; .NET4.0C; .NET4.0E)"
64.47.54.5 - - [19/Aug/2013:15:10:01 -0400] "GET /favicon.ico HTTP/1.1" 404 575 "-" "Mozilla/4.0 (compatible; MSIE 8.0; Windows NT 6.1; WOW64; Trident/4.0; SLCC2; .NET CLR 2.0.50727; .NET CLR 3.5.30729; .NET CLR 3.0.30729; Media Center PC 6.0; InfoPath.3; .NET4.0C; .NET4.0E)"
220.181.108.81 - - [19/Aug/2013:15:50:57 -0400] "GET / HTTP/1.1" 304 - "-" "Mozilla/5.0 (compatible; Baiduspider/2.0; +http://www.baidu.com/search/spider.html)"
220.181.89.190 - - [19/Aug/2013:09:39:03 -0400] "GET / HTTP/1.1" 200 16143 "-" "Sogou web spider/4.0(+http://www.sogou.com/docs/help/webmasters.htm#07)"
72.30.198.45 - - [19/Aug/2013:10:35:21 -0400] "GET /scripts/user.js HTTP/1.1" 200 23762 "http://www.winchestermodel21.com/acquire.html" "Mozilla/5.0 (compatible; Yahoo! Slurp/3.0; http://help.yahoo.com/help/us/ysearch/slurp) NOT Firefox/3.5"
174.240.98.7 - - [19/Aug/2013:12:23:07 -0400] "GET /images/446_DSC_1422_1524COVER052306.jpg HTTP/1.1" 200 26539 "https://www.google.com/" "Mozilla/5.0 (iPhone; CPU iPhone OS 6_1_3 like Mac OS X) AppleWebKit/536.26 (KHTML, like Gecko) Version/6.0 Mobile/10B329 Safari/8536.25"
174.255.36.214 - - [19/Aug/2013:19:49:27 -0400] "GET /scripts/photoalbum.js HTTP/1.1" 200 62481 "http://www.winchestermodel21.com/acquire.html" "Mozilla/5.0 (iPhone; CPU iPhone OS 6_1_3 like Mac OS X) AppleWebKit/536.26 (KHTML, like Gecko) Version/6.0 Mobile/10B329 Safari/8536.25"
174.255.36.214 - - [19/Aug/2013:19:49:29 -0400] "GET /images/510_M21CoverPage111206PS72Enhance.jpg HTTP/1.1" 200 60991 "http://www.winchestermodel21.com/acquire.html" "Mozilla/5.0 (iPhone; CPU iPhone OS 6_1_3 like Mac OS X) AppleWebKit/536.26 (KHTML, like Gecko) Version/6.0 Mobile/10B329 Safari/8536.25"
65.55.215.74 - - [19/Aug/2013:20:37:43 -0400] "GET /images/171_TwoGaugeReceiver.jpg HTTP/1.1" 200 7101 "-" "msnbot-media/1.1 (+http://search.msn.com/msnbot.htm)"
70.193.64.215 - - [19/Aug/2013:20:08:04 -0400] "GET /images/171_M21W34008P1Grade2.jpg HTTP/1.1" 200 10780 "http://www.shotgunworld.com/bbs/viewtopic.php?f=3&t=28144&sid=baab7f2ac1f34b98876dd513ee8b350c&start=20" "Mozilla/5.0 (compatible; MSIE 10.0; Windows NT 6.1; WOW64; Trident/6.0)"
68.108.150.100 - - [19/Aug/2013:13:31:45 -0400] "GET /awstats/icon/other/vh.png HTTP/1.1" 200 239 "http://0013f8b.netsolhost.com/awstats/1308/awstats.75058.1308.html" "Mozilla/5.0 (compatible; MSIE 10.0; Windows NT 6.1; WOW64; Trident/6.0)"
68.108.150.100 - - [19/Aug/2013:13:31:45 -0400] "GET /awstats/icon/clock/hr3.png HTTP/1.1" 200 302 "http://0013f8b.netsolhost.com/awstats/1308/awstats.75058.1308.html" "Mozilla/5.0 (compatible; MSIE 10.0; Windows NT 6.1; WOW64; Trident/6.0)"
68.108.150.100 - - [19/Aug/2013:13:31:45 -0400] "GET /awstats/icon/clock/hr9.png HTTP/1.1" 200 304 "http://0013f8b.netsolhost.com/awstats/1308/awstats.75058.1308.html" "Mozilla/5.0 (compatible; MSIE 10.0; Windows NT 6.1; WOW64; Trident/6.0)"
68.108.150.100 - - [19/Aug/2013:13:31:45 -0400] "GET /awstats/icon/other/hp.png HTTP/1.1" 200 269 "http://0013f8b.netsolhost.com/awstats/1308/awstats.75058.1308.html" "Mozilla/5.0 (compatible; MSIE 10.0; Windows NT 6.1; WOW64; Trident/6.0)"
68.108.150.100 - - [19/Aug/2013:13:31:45 -0400] "GET /awstats/icon/mime/html.png HTTP/1.1" 200 393 "http://0013f8b.netsolhost.com/awstats/1308/awstats.75058.1308.html" "Mozilla/5.0 (compatible; MSIE 10.0; Windows NT 6.1; WOW64; Trident/6.0)"
68.108.150.100 - - [19/Aug/2013:13:31:45 -0400] "GET /awstats/icon/os/linux.png HTTP/1.1" 200 320 "http://0013f8b.netsolhost.com/awstats/1308/awstats.75058.1308.html" "Mozilla/5.0 (compatible; MSIE 10.0; Windows NT 6.1; WOW64; Trident/6.0)"
68.108.150.100 - - [19/Aug/2013:13:31:45 -0400] "GET /awstats/icon/browser/unknown.png HTTP/1.1" 200 218 "http://0013f8b.netsolhost.com/awstats/1308/awstats.75058.1308.html" "Mozilla/5.0 (compatible; MSIE 10.0; Windows NT 6.1; WOW64; Trident/6.0)"
157.55.35.115 - - [19/Aug/2013:09:05:13 -0400] "GET / HTTP/1.1" 200 16143 "-" "Mozilla/5.0 (compatible; bingbot/2.0; +http://www.bing.com/bingbot.htm)"
157.55.35.115 - - [19/Aug/2013:09:05:16 -0400] "GET /page7.html HTTP/1.1" 404 575 "-" "Mozilla/5.0 (compatible; bingbot/2.0; +http://www.bing.com/bingbot.htm)"
199.30.20.158 - - [19/Aug/2013:13:12:12 -0400] "GET /images/446_DSC_1422_1524COVER052306.jpg HTTP/1.1" 200 26539 "-" "msnbot-media/1.1 (+http://search.msn.com/msnbot.htm)"
64.79.56.175 - - [19/Aug/2013:16:25:32 -0400] "GET /images/Pigeon410P2.jpg HTTP/1.1" 200 120697 "http://www.winchestermodel21.com/gauges.html" "Mozilla/5.0 (Windows NT 6.0; rv:21.0) Gecko/20100101 Firefox/21.0"
174.255.36.214 - - [19/Aug/2013:19:49:27 -0400] "GET /scripts/ic_globals_published.js HTTP/1.1" 200 566 "http://www.winchestermodel21.com/acquire.html" "Mozilla/5.0 (iPhone; CPU iPhone OS 6_1_3 like Mac OS X) AppleWebKit/536.26 (KHTML, like Gecko) Version/6.0 Mobile/10B329 Safari/8536.25"
174.255.36.214 - - [19/Aug/2013:19:49:29 -0400] "GET /images/0.jpg HTTP/1.1" 200 302 "http://www.winchestermodel21.com/acquire.html" "Mozilla/5.0 (iPhone; CPU iPhone OS 6_1_3 like Mac OS X) AppleWebKit/536.26 (KHTML, like Gecko) Version/6.0 Mobile/10B329 Safari/8536.25"
66.249.75.64 - - [19/Aug/2013:08:55:20 -0400] "GET /robots.txt HTTP/1.1" 200 25 "-" "Mozilla/5.0 (compatible; Googlebot/2.1; +http://www.google.com/bot.html)"
64.47.54.5 - - [19/Aug/2013:15:05:52 -0400] "GET /scripts/print.css HTTP/1.1" 200 11304 "http://www.winchestermodel21.com/special.html" "Mozilla/4.0 (compatible; MSIE 7.0; Windows NT 6.1; WOW64; Trident/4.0; SLCC2; .NET CLR 2.0.50727; .NET CLR 3.5.30729; .NET CLR 3.0.30729; Media Center PC 6.0; InfoPath.3; .NET4.0C; .NET4.0E)"
66.249.75.117 - - [19/Aug/2013:08:43:46 -0400] "GET /scripts/print.css HTTP/1.1" 200 11304 "-" "Mozilla/5.0 (compatible; Googlebot/2.1; +http://www.google.com/bot.html)"
64.79.56.175 - - [19/Aug/2013:16:24:56 -0400] "GET /images/W34001_GA_28.jpg HTTP/1.1" 200 200886 "http://www.winchestermodel21.com/gauges.html" "Mozilla/5.0 (Windows NT 6.0; rv:21.0) Gecko/20100101 Firefox/21.0"
174.255.36.214 - - [19/Aug/2013:19:49:27 -0400] "GET /scripts/website.css HTTP/1.1" 200 1917 "http://www.winchestermodel21.com/acquire.html" "Mozilla/5.0 (iPhone; CPU iPhone OS 6_1_3 like Mac OS X) AppleWebKit/536.26 (KHTML, like Gecko) Version/6.0 Mobile/10B329 Safari/8536.25"
68.108.150.100 - - [19/Aug/2013:13:31:54 -0400] "GET /favicon.ico HTTP/1.1" 404 575 "-" "Mozilla/5.0 (compatible; MSIE 10.0; Windows NT 6.1; Win64; x64; Trident/6.0)"
173.216.49.101 - - [19/Aug/2013:10:54:36 -0400] "GET /images/171_M21W34008P1Grade2.jpg HTTP/1.1" 200 10780 "http://www.shotgunworld.com/bbs/viewtopic.php?f=3&t=28144&sid=59a110fed5c72d576f2c754354713a01&start=20" "Mozilla/5.0 (compatible; MSIE 10.0; Windows NT 6.1; WOW64; Trident/6.0; msn OptimizedIE8;ENUS)"
66.249.75.64 - - [19/Aug/2013:23:38:37 -0400] "GET /special.html HTTP/1.1" 304 - "-" "Mozilla/5.0 (iPhone; U; CPU iPhone OS 4_1 like Mac OS X; en-us) AppleWebKit/532.9 (KHTML, like Gecko) Version/4.0.5 Mobile/8B117 Safari/6531.22.7 (compatible; Googlebot-Mobile/2.1; +http://www.google.com/bot.html)"
38.112.162.55 - - [19/Aug/2013:02:25:33 -0400] "GET /scripts/icwebsiteelement.css HTTP/1.1" 200 8132 "http://www.winchestermodel21.com/" "Mozilla/5.0 (compatible; MSIE 9.0; Windows NT 6.1; WOW64; Trident/5.0)"
66.249.75.64 - - [19/Aug/2013:09:06:53 -0400] "GET /scripts/icwebsiteelement.css HTTP/1.1" 200 8132 "-" "Mozilla/5.0 (compatible; Googlebot/2.1; +http://www.google.com/bot.html)"
72.30.198.45 - - [19/Aug/2013:10:35:21 -0400] "GET /scripts/photoalbum.js HTTP/1.1" 200 62481 "http://www.winchestermodel21.com/acquire.html" "Mozilla/5.0 (compatible; Yahoo! Slurp/3.0; http://help.yahoo.com/help/us/ysearch/slurp) NOT Firefox/3.5"
72.30.198.45 - - [19/Aug/2013:10:35:21 -0400] "GET /images/0.jpg HTTP/1.1" 200 302 "http://www.winchestermodel21.com/scripts/website.css" "Mozilla/5.0 (compatible; Yahoo! Slurp/3.0; http://help.yahoo.com/help/us/ysearch/slurp) NOT Firefox/3.5"
68.108.150.100 - - [19/Aug/2013:13:31:54 -0400] "GET /awstats/1308/awstats.75058.1308.lasthosts.html HTTP/1.1" 200 26392 "http://0013f8b.netsolhost.com/awstats/1308/awstats.75058.1308.html" "Mozilla/5.0 (compatible; MSIE 10.0; Windows NT 6.1; WOW64; Trident/6.0)"
208.115.113.87 - - [19/Aug/2013:15:13:06 -0400] "GET / HTTP/1.1" 200 16143 "-" "Mozilla/5.0 (compatible; Ezooms/1.0; ezooms.bot@gmail.com)"
38.112.162.55 - - [19/Aug/2013:02:25:38 -0400] "GET /images/171_W34001_GA_28.jpg HTTP/1.1" 200 14017 "http://www.winchestermodel21.com/gauges.html" "Mozilla/5.0 (compatible; MSIE 9.0; Windows NT 6.1; WOW64; Trident/5.0)"
64.47.54.5 - - [19/Aug/2013:15:05:53 -0400] "GET /images/171_Pigeon12GaP2.jpg HTTP/1.1" 200 6932 "http://www.winchestermodel21.com/special.html" "Mozilla/4.0 (compatible; MSIE 7.0; Windows NT 6.1; WOW64; Trident/4.0; SLCC2; .NET CLR 2.0.50727; .NET CLR 3.5.30729; .NET CLR 3.0.30729; Media Center PC 6.0; InfoPath.3; .NET4.0C; .NET4.0E)"
157.55.35.109 - - [19/Aug/2013:09:29:54 -0400] "GET /aboutthecollection.html HTTP/1.1" 200 16143 "-" "Mozilla/5.0 (compatible; bingbot/2.0; +http://www.bing.com/bingbot.htm)"
38.112.162.55 - - [19/Aug/2013:02:26:14 -0400] "GET /images/W33053_Combined_WM.pdf HTTP/1.1" 200 2760350 "http://www.winchestermodel21.com/gauges.html" "Mozilla/5.0 (compatible; MSIE 9.0; Windows NT 6.1; WOW64; Trident/5.0)"
38.112.162.55 - - [19/Aug/2013:02:25:33 -0400] "GET /scripts/ic_globals_published.js HTTP/1.1" 200 566 "http://www.winchestermodel21.com/" "Mozilla/5.0 (compatible; MSIE 9.0; Windows NT 6.1; WOW64; Trident/5.0)"
95.108.244.253 - - [19/Aug/2013:02:44:16 -0400] "GET /images/171_Grand_American_12_W28514.jpg HTTP/1.1" 304 - "-" "Mozilla/5.0 (compatible; YandexImages/3.0; +http://yandex.com/bots)"
66.249.75.64 - - [19/Aug/2013:09:06:32 -0400] "GET /scripts/6custom.css HTTP/1.1" 200 2825 "-" "Mozilla/5.0 (compatible; Googlebot/2.1; +http://www.google.com/bot.html)"
64.47.54.5 - - [19/Aug/2013:15:05:52 -0400] "GET /scripts/user.js HTTP/1.1" 200 23762 "http://www.winchestermodel21.com/special.html" "Mozilla/4.0 (compatible; MSIE 7.0; Windows NT 6.1; WOW64; Trident/4.0; SLCC2; .NET CLR 2.0.50727; .NET CLR 3.5.30729; .NET CLR 3.0.30729; Media Center PC 6.0; InfoPath.3; .NET4.0C; .NET4.0E)"
64.47.54.5 - - [19/Aug/2013:15:05:53 -0400] "GET /images/171_Pigeon12GaP1.jpg HTTP/1.1" 200 7463 "http://www.winchestermodel21.com/special.html" "Mozilla/4.0 (compatible; MSIE 7.0; Windows NT 6.1; WOW64; Trident/4.0; SLCC2; .NET CLR 2.0.50727; .NET CLR 3.5.30729; .NET CLR 3.0.30729; Media Center PC 6.0; InfoPath.3; .NET4.0C; .NET4.0E)"
70.173.19.172 - - [19/Aug/2013:20:02:38 -0400] "GET /scripts/user.js HTTP/1.1" 200 23762 "http://www.winchestermodel21.com/" "Mozilla/5.0 (iPad; CPU OS 6_1_2 like Mac OS X) AppleWebKit/536.26 (KHTML, like Gecko) Version/6.0 Mobile/10B146 Safari/8536.25"
76.177.247.100 - - [19/Aug/2013:20:53:11 -0400] "GET /images/510_M21CoverPage111206PS72Enhance.jpg HTTP/1.1" 200 60991 "http://www.google.com/search?hl=en&site=webhp&tbm=isch&sa=1&ei=nLsSUrjvNY-FqQHIloCoDQ&q=shotgun+collection&oq=s&gs_l=mobile-gws-serp.1.1.41l3j0l2.462670.464784.0.468551.2.1.0.1.1.0.220.220.2-1.1.0....0...1c.1.25.mobile-gws-serp..0.2.273.dElkrT9qjdU&biw=320&bih=508&sei=c70SUo2WGMf6qwG4ooCACA" "Mozilla/5.0 (Linux; U; Android 2.3.6; en-us; SAMSUNG-SGH-I777 Build/GINGERBREAD) AppleWebKit/533.1 (KHTML, like Gecko) Version/4.0 Mobile Safari/533.1"
217.69.133.203 - - [19/Aug/2013:22:43:32 -0400] "GET /robots.txt HTTP/1.0" 200 25 "-" "Mozilla/5.0 (compatible; Linux x86_64; Mail.RU_Bot/2.0; +http://go.mail.ru/help/robots)"
66.249.75.117 - - [19/Aug/2013:08:43:48 -0400] "GET /scripts/template.css HTTP/1.1" 200 10951 "-" "Mozilla/5.0 (compatible; Googlebot/2.1; +http://www.google.com/bot.html)"
85.75.146.43 - - [19/Aug/2013:05:20:54 -0400] "GET /images/510_M21CoverPage111206PS72Enhance.jpg HTTP/1.1" 200 60991 "-" "Mozilla/5.0 (Windows NT 6.1; WOW64) AppleWebKit/537.36 (KHTML, like Gecko) Chrome/28.0.1500.95 Safari/537.36"
66.249.75.117 - - [19/Aug/2013:08:43:41 -0400] "GET /scripts/photoalbum.js HTTP/1.1" 200 62481 "-" "Mozilla/5.0 (compatible; Googlebot/2.1; +http://www.google.com/bot.html)"
66.249.75.64 - - [19/Aug/2013:10:27:42 -0400] "GET /scripts/print.css HTTP/1.1" 200 11304 "-" "Mozilla/5.0 (compatible; Googlebot/2.1; +http://www.google.com/bot.html)"
220.181.89.190 - - [19/Aug/2013:09:07:35 -0400] "GET / HTTP/1.1" 200 16143 "-" "Sogou web spider/4.0(+http://www.sogou.com/docs/help/webmasters.htm#07)"
68.108.150.100 - - [19/Aug/2013:13:32:00 -0400] "GET /favicon.ico HTTP/1.1" 404 575 "-" "Mozilla/5.0 (compatible; MSIE 10.0; Windows NT 6.1; Win64; x64; Trident/6.0)"
208.43.225.85 - - [19/Aug/2013:03:22:39 -0400] "GET /robots.txt HTTP/1.1" 200 25 "-" "Mozilla/5.0 (compatible; SiteExplorer/1.0b; +http://siteexplorer.info/)"
38.112.162.55 - - [19/Aug/2013:02:25:38 -0400] "GET /images/171_Pigeon410P2.jpg HTTP/1.1" 200 7578 "http://www.winchestermodel21.com/gauges.html" "Mozilla/5.0 (compatible; MSIE 9.0; Windows NT 6.1; WOW64; Trident/5.0)"
64.47.54.5 - - [19/Aug/2013:15:05:52 -0400] "GET /scripts/icwebsiteelement.css HTTP/1.1" 200 8132 "http://www.winchestermodel21.com/special.html" "Mozilla/4.0 (compatible; MSIE 7.0; Windows NT 6.1; WOW64; Trident/4.0; SLCC2; .NET CLR 2.0.50727; .NET CLR 3.5.30729; .NET CLR 3.0.30729; Media Center PC 6.0; InfoPath.3; .NET4.0C; .NET4.0E)"
64.79.56.175 - - [19/Aug/2013:16:24:49 -0400] "GET /images/171_Grand_American_16.jpg HTTP/1.1" 200 11047 "http://www.winchestermodel21.com/gauges.html" "Mozilla/5.0 (Windows NT 6.0; rv:21.0) Gecko/20100101 Firefox/21.0"
180.76.5.16 - - [19/Aug/2013:21:41:49 -0400] "GET / HTTP/1.1" 304 - "-" "Mozilla/5.0 (compatible; Baiduspider/2.0; +http://www.baidu.com/search/spider.html)"
64.47.54.5 - - [19/Aug/2013:15:05:53 -0400] "GET /images/171_TwoGaugeBorder.jpg HTTP/1.1" 200 9745 "http://www.winchestermodel21.com/special.html" "Mozilla/4.0 (compatible; MSIE 7.0; Windows NT 6.1; WOW64; Trident/4.0; SLCC2; .NET CLR 2.0.50727; .NET CLR 3.5.30729; .NET CLR 3.0.30729; Media Center PC 6.0; InfoPath.3; .NET4.0C; .NET4.0E)"
64.47.54.5 - - [19/Aug/2013:15:06:14 -0400] "GET /images/SmallBoreSet_WM.pdf HTTP/1.1" 200 5412881 "http://www.winchestermodel21.com/special.html" "Mozilla/4.0 (compatible; MSIE 7.0; Windows NT 6.1; WOW64; Trident/4.0; SLCC2; .NET CLR 2.0.50727; .NET CLR 3.5.30729; .NET CLR 3.0.30729; Media Center PC 6.0; InfoPath.3; .NET4.0C; .NET4.0E)"
157.55.35.115 - - [19/Aug/2013:09:05:15 -0400] "GET /acquire.html HTTP/1.1" 200 14146 "-" "Mozilla/5.0 (compatible; bingbot/2.0; +http://www.bing.com/bingbot.htm)"
199.21.99.103 - - [19/Aug/2013:10:25:41 -0400] "GET /robots.txt HTTP/1.1" 200 25 "-" "Mozilla/5.0 (compatible; YandexBot/3.0; +http://yandex.com/bots)"
68.108.150.100 - - [19/Aug/2013:13:31:45 -0400] "GET /awstats/icon/other/vk.png HTTP/1.1" 200 236 "http://0013f8b.netsolhost.com/awstats/1308/awstats.75058.1308.html" "Mozilla/5.0 (compatible; MSIE 10.0; Windows NT 6.1; WOW64; Trident/6.0)"
68.108.150.100 - - [19/Aug/2013:13:31:45 -0400] "GET /awstats/icon/clock/hr5.png HTTP/1.1" 200 311 "http://0013f8b.netsolhost.com/awstats/1308/awstats.75058.1308.html" "Mozilla/5.0 (compatible; MSIE 10.0; Windows NT 6.1; WOW64; Trident/6.0)"
68.108.150.100 - - [19/Aug/2013:13:31:45 -0400] "GET /awstats/icon/clock/hr11.png HTTP/1.1" 200 318 "http://0013f8b.netsolhost.com/awstats/1308/awstats.75058.1308.html" "Mozilla/5.0 (compatible; MSIE 10.0; Windows NT 6.1; WOW64; Trident/6.0)"
68.108.150.100 - - [19/Aug/2013:13:31:45 -0400] "GET /awstats/icon/mime/image.png HTTP/1.1" 200 370 "http://0013f8b.netsolhost.com/awstats/1308/awstats.75058.1308.html" "Mozilla/5.0 (compatible; MSIE 10.0; Windows NT 6.1; WOW64; Trident/6.0)"
68.108.150.100 - - [19/Aug/2013:13:31:45 -0400] "GET /awstats/icon/other/hx.png HTTP/1.1" 200 269 "http://0013f8b.netsolhost.com/awstats/1308/awstats.75058.1308.html" "Mozilla/5.0 (compatible; MSIE 10.0; Windows NT 6.1; WOW64; Trident/6.0)"
68.108.150.100 - - [19/Aug/2013:13:31:45 -0400] "GET /awstats/icon/browser/safari.png HTTP/1.1" 200 324 "http://0013f8b.netsolhost.com/awstats/1308/awstats.75058.1308.html" "Mozilla/5.0 (compatible; MSIE 10.0; Windows NT 6.1; WOW64; Trident/6.0)"
68.108.150.100 - - [19/Aug/2013:13:31:45 -0400] "GET /awstats/icon/browser/netscape.png HTTP/1.1" 200 208 "http://0013f8b.netsolhost.com/awstats/1308/awstats.75058.1308.html" "Mozilla/5.0 (compatible; MSIE 10.0; Windows NT 6.1; WOW64; Trident/6.0)"
64.47.54.5 - - [19/Aug/2013:15:10:53 -0400] "GET /images/W32251_Combined_M-21_WM.pdf HTTP/1.1" 200 5718184 "http://www.winchestermodel21.com/special.html" "Mozilla/4.0 (compatible; MSIE 7.0; Windows NT 6.1; WOW64; Trident/4.0; SLCC2; .NET CLR 2.0.50727; .NET CLR 3.5.30729; .NET CLR 3.0.30729; Media Center PC 6.0; InfoPath.3; .NET4.0C; .NET4.0E)"
64.79.56.175 - - [19/Aug/2013:16:24:45 -0400] "GET /scripts/ic_globals_published.js HTTP/1.1" 200 566 "http://www.winchestermodel21.com/" "Mozilla/5.0 (Windows NT 6.0; rv:21.0) Gecko/20100101 Firefox/21.0"
64.79.56.175 - - [19/Aug/2013:16:24:45 -0400] "GET /scripts/print.css HTTP/1.1" 200 11304 "http://www.winchestermodel21.com/" "Mozilla/5.0 (Windows NT 6.0; rv:21.0) Gecko/20100101 Firefox/21.0"
174.255.36.214 - - [19/Aug/2013:19:49:27 -0400] "GET /scripts/template.css HTTP/1.1" 200 10951 "http://www.winchestermodel21.com/acquire.html" "Mozilla/5.0 (iPhone; CPU iPhone OS 6_1_3 like Mac OS X) AppleWebKit/536.26 (KHTML, like Gecko) Version/6.0 Mobile/10B329 Safari/8536.25"
70.173.19.172 - - [19/Aug/2013:20:02:38 -0400] "GET /scripts/template.css HTTP/1.1" 200 10951 "http://www.winchestermodel21.com/" "Mozilla/5.0 (iPad; CPU OS 6_1_2 like Mac OS X) AppleWebKit/536.26 (KHTML, like Gecko) Version/6.0 Mobile/10B146 Safari/8536.25"
66.249.75.64 - - [19/Aug/2013:09:06:17 -0400] "GET /scripts/template.css HTTP/1.1" 200 10951 "-" "Mozilla/5.0 (compatible; Googlebot/2.1; +http://www.google.com/bot.html)"
68.108.150.100 - - [19/Aug/2013:13:32:04 -0400] "GET /awstats/1308/awstats.75058.1308.lasthosts.html HTTP/1.1" 304 - "http://0013f8b.netsolhost.com/awstats/1308/awstats.75058.1308.html" "Mozilla/5.0 (compatible; MSIE 10.0; Windows NT 6.1; WOW64; Trident/6.0)"
68.108.150.100 - - [19/Aug/2013:13:32:04 -0400] "GET /awstats/icon/other/awstats_logo6.png HTTP/1.1" 304 - "http://0013f8b.netsolhost.com/awstats/1308/awstats.75058.1308.lasthosts.html" "Mozilla/5.0 (compatible; MSIE 10.0; Windows NT 6.1; WOW64; Trident/6.0)"
64.47.54.5 - - [19/Aug/2013:15:05:53 -0400] "GET /images/171_TwoGaugeReceiver.jpg HTTP/1.1" 200 7101 "http://www.winchestermodel21.com/special.html" "Mozilla/4.0 (compatible; MSIE 7.0; Windows NT 6.1; WOW64; Trident/4.0; SLCC2; .NET CLR 2.0.50727; .NET CLR 3.5.30729; .NET CLR 3.0.30729; Media Center PC 6.0; InfoPath.3; .NET4.0C; .NET4.0E)"
72.30.198.45 - - [19/Aug/2013:10:35:21 -0400] "GET /acquire.html HTTP/1.1" 200 14146 "-" "Mozilla/5.0 (compatible; Yahoo! Slurp/3.0; http://help.yahoo.com/help/us/ysearch/slurp) NOT Firefox/3.5"
72.30.198.45 - - [19/Aug/2013:10:35:21 -0400] "GET /scripts/ic_globals_published.js HTTP/1.1" 200 566 "http://www.winchestermodel21.com/acquire.html" "Mozilla/5.0 (compatible; Yahoo! Slurp/3.0; http://help.yahoo.com/help/us/ysearch/slurp) NOT Firefox/3.5"
72.30.198.45 - - [19/Aug/2013:10:35:21 -0400] "GET /scripts/website.css HTTP/1.1" 200 1917 "http://www.winchestermodel21.com/acquire.html" "Mozilla/5.0 (compatible; Yahoo! Slurp/3.0; http://help.yahoo.com/help/us/ysearch/slurp) NOT Firefox/3.5"
72.30.198.45 - - [19/Aug/2013:10:35:21 -0400] "GET /scripts/8custom.css HTTP/1.1" 200 4524 "http://www.winchestermodel21.com/acquire.html" "Mozilla/5.0 (compatible; Yahoo! Slurp/3.0; http://help.yahoo.com/help/us/ysearch/slurp) NOT Firefox/3.5"
72.30.198.45 - - [19/Aug/2013:10:35:21 -0400] "GET /scripts/icwebsiteelement.css HTTP/1.1" 200 8132 "http://www.winchestermodel21.com/acquire.html" "Mozilla/5.0 (compatible; Yahoo! Slurp/3.0; http://help.yahoo.com/help/us/ysearch/slurp) NOT Firefox/3.5"
72.30.198.45 - - [19/Aug/2013:10:35:21 -0400] "GET /images/510_M21CoverPage111206PS72Enhance.jpg HTTP/1.1" 200 60991 "http://www.winchestermodel21.com/acquire.html" "Mozilla/5.0 (compatible; Yahoo! Slurp/3.0; http://help.yahoo.com/help/us/ysearch/slurp) NOT Firefox/3.5"
72.30.198.45 - - [19/Aug/2013:10:35:21 -0400] "GET /images/325_John_Olin_KingBuck_cover_Winchester_cat_1970_H6.jpg HTTP/1.1" 200 35909 "http://www.winchestermodel21.com/acquire.html" "Mozilla/5.0 (compatible; Yahoo! Slurp/3.0; http://help.yahoo.com/help/us/ysearch/slurp) NOT Firefox/3.5"
174.255.36.214 - - [19/Aug/2013:19:49:26 -0400] "GET /acquire.html HTTP/1.1" 200 14146 "http://search.yahoo.com/mobile/s;_ylt=A0oG7mSdrhJSwBEA_ehx.9w4?ei=UTF-8&fr=onesearch&first=1&_tsrc=apple&nocache=1&p=winchester+model+21+for+sale&rs=1&fr2=rs-top" "Mozilla/5.0 (iPhone; CPU iPhone OS 6_1_3 like Mac OS X) AppleWebKit/536.26 (KHTML, like Gecko) Version/6.0 Mobile/10B329 Safari/8536.25"
174.255.36.214 - - [19/Aug/2013:19:49:27 -0400] "GET /scripts/8custom.css HTTP/1.1" 200 4524 "http://www.winchestermodel21.com/acquire.html" "Mozilla/5.0 (iPhone; CPU iPhone OS 6_1_3 like Mac OS X) AppleWebKit/536.26 (KHTML, like Gecko) Version/6.0 Mobile/10B329 Safari/8536.25"
174.255.36.214 - - [19/Aug/2013:19:49:27 -0400] "GET /scripts/icwebsiteelement.css HTTP/1.1" 200 8132 "http://www.winchestermodel21.com/acquire.html" "Mozilla/5.0 (iPhone; CPU iPhone OS 6_1_3 like Mac OS X) AppleWebKit/536.26 (KHTML, like Gecko) Version/6.0 Mobile/10B329 Safari/8536.25"
174.255.36.214 - - [19/Aug/2013:19:49:29 -0400] "GET /images/325_John_Olin_KingBuck_cover_Winchester_cat_1970_H6.jpg HTTP/1.1" 200 35909 "http://www.winchestermodel21.com/acquire.html" "Mozilla/5.0 (iPhone; CPU iPhone OS 6_1_3 like Mac OS X) AppleWebKit/536.26 (KHTML, like Gecko) Version/6.0 Mobile/10B329 Safari/8536.25"
174.255.36.214 - - [19/Aug/2013:19:49:30 -0400] "GET /scripts/print.css HTTP/1.1" 200 11304 "http://www.winchestermodel21.com/acquire.html" "Mozilla/5.0 (iPhone; CPU iPhone OS 6_1_3 like Mac OS X) AppleWebKit/536.26 (KHTML, like Gecko) Version/6.0 Mobile/10B329 Safari/8536.25"
61.55.185.123 - - [19/Aug/2013:21:19:45 -0400] "GET / HTTP/1.1" 200 16143 "http://www.winchestermodel21.com/" "Mozilla/5.0 (Windows; U; Windows NT 5.1; zh-CN; rv:1.8.0.11) Firefox/1.5.0.11; 360Spider"
38.112.162.55 - - [19/Aug/2013:02:25:33 -0400] "GET /scripts/6custom.css HTTP/1.1" 200 2825 "http://www.winchestermodel21.com/" "Mozilla/5.0 (compatible; MSIE 9.0; Windows NT 6.1; WOW64; Trident/5.0)"
38.112.162.55 - - [19/Aug/2013:02:25:38 -0400] "GET /scripts/1custom.css HTTP/1.1" 200 5537 "http://www.winchestermodel21.com/gauges.html" "Mozilla/5.0 (compatible; MSIE 9.0; Windows NT 6.1; WOW64; Trident/5.0)"
68.108.150.100 - - [19/Aug/2013:13:31:44 -0400] "GET /awstats/ HTTP/1.1" 200 1142 "-" "Mozilla/5.0 (compatible; MSIE 10.0; Windows NT 6.1; WOW64; Trident/6.0)"
68.108.150.100 - - [19/Aug/2013:13:31:44 -0400] "GET /awstats/1210/awstats.75058.1210.html HTTP/1.1" 404 575 "http://0013f8b.netsolhost.com/awstats/" "Mozilla/5.0 (compatible; MSIE 10.0; Windows NT 6.1; WOW64; Trident/6.0)"
68.108.150.100 - - [19/Aug/2013:13:31:44 -0400] "GET /awstats/1308/awstats.75058.1308.html HTTP/1.1" 200 84520 "http://0013f8b.netsolhost.com/awstats/" "Mozilla/5.0 (compatible; MSIE 10.0; Windows NT 6.1; WOW64; Trident/6.0)"
68.108.150.100 - - [19/Aug/2013:13:31:45 -0400] "GET /awstats/icon/other/awstats_logo6.png HTTP/1.1" 200 2715 "http://0013f8b.netsolhost.com/awstats/1308/awstats.75058.1308.html" "Mozilla/5.0 (compatible; MSIE 10.0; Windows NT 6.1; WOW64; Trident/6.0)"
68.108.150.100 - - [19/Aug/2013:13:31:45 -0400] "GET /awstats/icon/other/vu.png HTTP/1.1" 200 239 "http://0013f8b.netsolhost.com/awstats/1308/awstats.75058.1308.html" "Mozilla/5.0 (compatible; MSIE 10.0; Windows NT 6.1; WOW64; Trident/6.0)"
68.108.150.100 - - [19/Aug/2013:13:31:45 -0400] "GET /awstats/icon/clock/hr1.png HTTP/1.1" 200 318 "http://0013f8b.netsolhost.com/awstats/1308/awstats.75058.1308.html" "Mozilla/5.0 (compatible; MSIE 10.0; Windows NT 6.1; WOW64; Trident/6.0)"
68.108.150.100 - - [19/Aug/2013:13:31:45 -0400] "GET /awstats/icon/clock/hr6.png HTTP/1.1" 200 314 "http://0013f8b.netsolhost.com/awstats/1308/awstats.75058.1308.html" "Mozilla/5.0 (compatible; MSIE 10.0; Windows NT 6.1; WOW64; Trident/6.0)"
68.108.150.100 - - [19/Aug/2013:13:31:45 -0400] "GET /awstats/icon/clock/hr7.png HTTP/1.1" 200 316 "http://0013f8b.netsolhost.com/awstats/1308/awstats.75058.1308.html" "Mozilla/5.0 (compatible; MSIE 10.0; Windows NT 6.1; WOW64; Trident/6.0)"
68.108.150.100 - - [19/Aug/2013:13:31:45 -0400] "GET /awstats/icon/clock/hr12.png HTTP/1.1" 200 320 "http://0013f8b.netsolhost.com/awstats/1308/awstats.75058.1308.html" "Mozilla/5.0 (compatible; MSIE 10.0; Windows NT 6.1; WOW64; Trident/6.0)"
68.108.150.100 - - [19/Aug/2013:13:31:45 -0400] "GET /awstats/icon/other/hh.png HTTP/1.1" 200 266 "http://0013f8b.netsolhost.com/awstats/1308/awstats.75058.1308.html" "Mozilla/5.0 (compatible; MSIE 10.0; Windows NT 6.1; WOW64; Trident/6.0)"
68.108.150.100 - - [19/Aug/2013:13:31:45 -0400] "GET /awstats/icon/mime/other.png HTTP/1.1" 200 311 "http://0013f8b.netsolhost.com/awstats/1308/awstats.75058.1308.html" "Mozilla/5.0 (compatible; MSIE 10.0; Windows NT 6.1; WOW64; Trident/6.0)"
68.108.150.100 - - [19/Aug/2013:13:31:45 -0400] "GET /awstats/icon/mime/pdf.png HTTP/1.1" 200 346 "http://0013f8b.netsolhost.com/awstats/1308/awstats.75058.1308.html" "Mozilla/5.0 (compatible; MSIE 10.0; Windows NT 6.1; WOW64; Trident/6.0)"
68.108.150.100 - - [19/Aug/2013:13:31:45 -0400] "GET /awstats/icon/os/win.png HTTP/1.1" 200 334 "http://0013f8b.netsolhost.com/awstats/1308/awstats.75058.1308.html" "Mozilla/5.0 (compatible; MSIE 10.0; Windows NT 6.1; WOW64; Trident/6.0)"
68.108.150.100 - - [19/Aug/2013:13:31:45 -0400] "GET /awstats/icon/os/unknown.png HTTP/1.1" 200 218 "http://0013f8b.netsolhost.com/awstats/1308/awstats.75058.1308.html" "Mozilla/5.0 (compatible; MSIE 10.0; Windows NT 6.1; WOW64; Trident/6.0)"
68.108.150.100 - - [19/Aug/2013:13:31:45 -0400] "GET /awstats/icon/browser/firefox.png HTTP/1.1" 200 368 "http://0013f8b.netsolhost.com/awstats/1308/awstats.75058.1308.html" "Mozilla/5.0 (compatible; MSIE 10.0; Windows NT 6.1; WOW64; Trident/6.0)"
68.108.150.100 - - [19/Aug/2013:13:31:45 -0400] "GET /awstats/icon/browser/lynx.png HTTP/1.1" 200 288 "http://0013f8b.netsolhost.com/awstats/1308/awstats.75058.1308.html" "Mozilla/5.0 (compatible; MSIE 10.0; Windows NT 6.1; WOW64; Trident/6.0)"
66.249.75.117 - - [19/Aug/2013:08:43:51 -0400] "GET /scripts/6custom.css HTTP/1.1" 200 2825 "-" "Mozilla/5.0 (compatible; Googlebot/2.1; +http://www.google.com/bot.html)"
66.249.75.64 - - [19/Aug/2013:08:55:20 -0400] "GET / HTTP/1.1" 200 16143 "-" "Mozilla/5.0 (compatible; Googlebot/2.1; +http://www.google.com/bot.html)"
66.249.75.64 - - [19/Aug/2013:10:22:52 -0400] "GET /gauges.html HTTP/1.1" 304 - "-" "Mozilla/5.0 (iPhone; U; CPU iPhone OS 4_1 like Mac OS X; en-us) AppleWebKit/532.9 (KHTML, like Gecko) Version/4.0.5 Mobile/8B117 Safari/6531.22.7 (compatible; Googlebot-Mobile/2.1; +http://www.google.com/bot.html)"
64.47.54.5 - - [19/Aug/2013:15:05:53 -0400] "GET /images/171_TwoGaugeBarrels5.jpg HTTP/1.1" 200 5544 "http://www.winchestermodel21.com/special.html" "Mozilla/4.0 (compatible; MSIE 7.0; Windows NT 6.1; WOW64; Trident/4.0; SLCC2; .NET CLR 2.0.50727; .NET CLR 3.5.30729; .NET CLR 3.0.30729; Media Center PC 6.0; InfoPath.3; .NET4.0C; .NET4.0E)"
76.177.247.100 - - [19/Aug/2013:20:52:39 -0400] "GET /images/446_DSC_1422_1524COVER052306.jpg HTTP/1.1" 200 26539 "http://www.google.com/search?hl=en&site=webhp&tbm=isch&sa=1&ei=nLsSUrjvNY-FqQHIloCoDQ&q=shotgun+collection&oq=s&gs_l=mobile-gws-serp.1.1.41l3j0l2.462670.464784.0.468551.2.1.0.1.1.0.220.220.2-1.1.0....0...1c.1.25.mobile-gws-serp..0.2.273.dElkrT9qjdU&biw=320&bih=508&sei=c70SUo2WGMf6qwG4ooCACA" "Mozilla/5.0 (Linux; U; Android 2.3.6; en-us; SAMSUNG-SGH-I777 Build/GINGERBREAD) AppleWebKit/533.1 (KHTML, like Gecko) Version/4.0 Mobile Safari/533.1"
38.112.162.55 - - [19/Aug/2013:02:25:33 -0400] "GET /images/446_DSC_1422_1524COVER052306.jpg HTTP/1.1" 200 26539 "http://www.winchestermodel21.com/" "Mozilla/5.0 (compatible; MSIE 9.0; Windows NT 6.1; WOW64; Trident/5.0)"
178.154.160.30 - - [19/Aug/2013:06:33:25 -0400] "GET /images/171_TwoGaugeBarrels5.jpg HTTP/1.1" 304 - "-" "Mozilla/5.0 (compatible; YandexImages/3.0; +http://yandex.com/bots)"
38.112.162.55 - - [19/Aug/2013:02:25:33 -0400] "GET /scripts/user.js HTTP/1.1" 200 23762 "http://www.winchestermodel21.com/" "Mozilla/5.0 (compatible; MSIE 9.0; Windows NT 6.1; WOW64; Trident/5.0)"
38.112.162.55 - - [19/Aug/2013:02:25:38 -0400] "GET /images/171_W34005P2Pigeon28.jpg HTTP/1.1" 200 7086 "http://www.winchestermodel21.com/gauges.html" "Mozilla/5.0 (compatible; MSIE 9.0; Windows NT 6.1; WOW64; Trident/5.0)"
70.173.19.172 - - [19/Aug/2013:20:02:38 -0400] "GET /scripts/ic_globals_published.js HTTP/1.1" 200 566 "http://www.winchestermodel21.com/" "Mozilla/5.0 (iPad; CPU OS 6_1_2 like Mac OS X) AppleWebKit/536.26 (KHTML, like Gecko) Version/6.0 Mobile/10B146 Safari/8536.25"
173.192.235.226 - - [19/Aug/2013:04:45:25 -0400] "GET /robots.txt HTTP/1.1" 200 25 "-" "Mozilla/5.0 (compatible; SiteExplorer/1.0b; +http://siteexplorer.info/)"
157.55.32.103 - - [19/Aug/2013:09:06:37 -0400] "GET /highprice.html HTTP/1.1" 200 11889 "-" "Mozilla/5.0 (compatible; bingbot/2.0; +http://www.bing.com/bingbot.htm)"
66.249.75.117 - - [19/Aug/2013:08:35:04 -0400] "GET / HTTP/1.1" 200 16143 "-" "Mozilla/5.0 (compatible; Googlebot/2.1; +http://www.google.com/bot.html)"
68.108.150.100 - - [19/Aug/2013:13:31:45 -0400] "GET /awstats/icon/other/vv.png HTTP/1.1" 200 239 "http://0013f8b.netsolhost.com/awstats/1308/awstats.75058.1308.html" "Mozilla/5.0 (compatible; MSIE 10.0; Windows NT 6.1; WOW64; Trident/6.0)"
68.108.150.100 - - [19/Aug/2013:13:31:45 -0400] "GET /awstats/icon/clock/hr2.png HTTP/1.1" 200 320 "http://0013f8b.netsolhost.com/awstats/1308/awstats.75058.1308.html" "Mozilla/5.0 (compatible; MSIE 10.0; Windows NT 6.1; WOW64; Trident/6.0)"
68.108.150.100 - - [19/Aug/2013:13:31:45 -0400] "GET /awstats/icon/clock/hr8.png HTTP/1.1" 200 312 "http://0013f8b.netsolhost.com/awstats/1308/awstats.75058.1308.html" "Mozilla/5.0 (compatible; MSIE 10.0; Windows NT 6.1; WOW64; Trident/6.0)"
68.108.150.100 - - [19/Aug/2013:13:31:45 -0400] "GET /awstats/icon/flags/ip.png HTTP/1.1" 200 218 "http://0013f8b.netsolhost.com/awstats/1308/awstats.75058.1308.html" "Mozilla/5.0 (compatible; MSIE 10.0; Windows NT 6.1; WOW64; Trident/6.0)"
68.108.150.100 - - [19/Aug/2013:13:31:45 -0400] "GET /awstats/icon/mime/jscript.png HTTP/1.1" 200 668 "http://0013f8b.netsolhost.com/awstats/1308/awstats.75058.1308.html" "Mozilla/5.0 (compatible; MSIE 10.0; Windows NT 6.1; WOW64; Trident/6.0)"
68.108.150.100 - - [19/Aug/2013:13:31:45 -0400] "GET /awstats/icon/os/mac.png HTTP/1.1" 200 282 "http://0013f8b.netsolhost.com/awstats/1308/awstats.75058.1308.html" "Mozilla/5.0 (compatible; MSIE 10.0; Windows NT 6.1; WOW64; Trident/6.0)"
68.108.150.100 - - [19/Aug/2013:13:31:45 -0400] "GET /awstats/icon/browser/mozilla.png HTTP/1.1" 200 289 "http://0013f8b.netsolhost.com/awstats/1308/awstats.75058.1308.html" "Mozilla/5.0 (compatible; MSIE 10.0; Windows NT 6.1; WOW64; Trident/6.0)"
64.79.56.175 - - [19/Aug/2013:16:24:45 -0400] "GET /scripts/user.js HTTP/1.1" 200 23762 "http://www.winchestermodel21.com/" "Mozilla/5.0 (Windows NT 6.0; rv:21.0) Gecko/20100101 Firefox/21.0"
64.79.56.175 - - [19/Aug/2013:16:24:45 -0400] "GET /images/446_DSC_1422_1524COVER052306.jpg HTTP/1.1" 200 26539 "http://www.winchestermodel21.com/" "Mozilla/5.0 (Windows NT 6.0; rv:21.0) Gecko/20100101 Firefox/21.0"
65.55.215.74 - - [19/Aug/2013:20:37:42 -0400] "GET /robots.txt HTTP/1.1" 200 25 "-" "msnbot-media/1.1 (+http://search.msn.com/msnbot.htm)"
157.55.35.115 - - [19/Aug/2013:09:05:19 -0400] "GET / HTTP/1.1" 200 16143 "-" "Mozilla/5.0 (compatible; bingbot/2.0; +http://www.bing.com/bingbot.htm)"
220.181.89.190 - - [19/Aug/2013:09:07:39 -0400] "GET /robots.txt HTTP/1.1" 200 25 "-" "Sogou web spider/4.0"
157.55.35.115 - - [19/Aug/2013:09:05:20 -0400] "GET /special.html HTTP/1.1" 200 39329 "-" "Mozilla/5.0 (compatible; bingbot/2.0; +http://www.bing.com/bingbot.htm)"
66.249.75.117 - - [19/Aug/2013:08:43:42 -0400] "GET /scripts/ic_globals_published.js HTTP/1.1" 200 566 "-" "Mozilla/5.0 (compatible; Googlebot/2.1; +http://www.google.com/bot.html)"
93.158.149.32 - - [19/Aug/2013:02:10:43 -0400] "GET /images/171_StandardBuiltCustom.jpg HTTP/1.1" 304 - "-" "Mozilla/5.0 (compatible; YandexImages/3.0; +http://yandex.com/bots)"
38.112.162.55 - - [19/Aug/2013:02:25:33 -0400] "GET /scripts/print.css HTTP/1.1" 200 11304 "http://www.winchestermodel21.com/" "Mozilla/5.0 (compatible; MSIE 9.0; Windows NT 6.1; WOW64; Trident/5.0)"
37.140.141.3 - - [19/Aug/2013:10:25:44 -0400] "GET /images/171_Grand_American_12_W28514.jpg HTTP/1.1" 304 - "-" "Mozilla/5.0 (compatible; YandexImages/3.0; +http://yandex.com/bots)"
72.30.198.45 - - [19/Aug/2013:10:35:21 -0400] "GET /scripts/print.css HTTP/1.1" 200 11304 "http://www.winchestermodel21.com/acquire.html" "Mozilla/5.0 (compatible; Yahoo! Slurp/3.0; http://help.yahoo.com/help/us/ysearch/slurp) NOT Firefox/3.5"
64.47.54.5 - - [19/Aug/2013:15:06:58 -0400] "GET /images/SmallboreSetPressReleaseMAR2013_WM.pdf HTTP/1.1" 200 1305035 "http://www.winchestermodel21.com/special.html" "Mozilla/4.0 (compatible; MSIE 7.0; Windows NT 6.1; WOW64; Trident/4.0; SLCC2; .NET CLR 2.0.50727; .NET CLR 3.5.30729; .NET CLR 3.0.30729; Media Center PC 6.0; InfoPath.3; .NET4.0C; .NET4.0E)"
64.79.56.175 - - [19/Aug/2013:16:24:49 -0400] "GET /images/171_Grand_American_12_W28514.jpg HTTP/1.1" 200 15664 "http://www.winchestermodel21.com/gauges.html" "Mozilla/5.0 (Windows NT 6.0; rv:21.0) Gecko/20100101 Firefox/21.0"
208.115.113.87 - - [19/Aug/2013:20:36:31 -0400] "GET /collectionforsale.html HTTP/1.1" 404 575 "-" "Mozilla/5.0 (compatible; Ezooms/1.0; ezooms.bot@gmail.com)"
38.112.162.55 - - [19/Aug/2013:02:25:09 -0400] "GET / HTTP/1.1" 200 16143 "http://search.yahoo.com/search;_ylt=AjvygKqtg_NvKp4KW1w3vkKbvZx4?p=winchester+model+21&toggle=1&cop=mss&ei=UTF-8&fr=yfp-t-900" "Mozilla/5.0 (compatible; MSIE 9.0; Windows NT 6.1; WOW64; Trident/5.0)"
38.112.162.55 - - [19/Aug/2013:02:25:33 -0400] "GET /scripts/website.css HTTP/1.1" 200 1917 "http://www.winchestermodel21.com/" "Mozilla/5.0 (compatible; MSIE 9.0; Windows NT 6.1; WOW64; Trident/5.0)"
38.112.162.55 - - [19/Aug/2013:02:25:35 -0400] "GET /images/0.jpg HTTP/1.1" 200 302 "http://www.winchestermodel21.com/" "Mozilla/5.0 (compatible; MSIE 9.0; Windows NT 6.1; WOW64; Trident/5.0)"
38.112.162.55 - - [19/Aug/2013:02:25:36 -0400] "GET /favicon.ico HTTP/1.1" 404 575 "-" "Mozilla/5.0 (compatible; MSIE 9.0; Windows NT 6.1; WOW64; Trident/5.0)"
38.112.162.55 - - [19/Aug/2013:02:25:38 -0400] "GET /gauges.html HTTP/1.1" 200 31730 "http://search.yahoo.com/search;_ylt=AjvygKqtg_NvKp4KW1w3vkKbvZx4?p=winchester+model+21&toggle=1&cop=mss&ei=UTF-8&fr=yfp-t-900" "Mozilla/5.0 (compatible; MSIE 9.0; Windows NT 6.1; WOW64; Trident/5.0)"
38.112.162.55 - - [19/Aug/2013:02:25:38 -0400] "GET /images/171_Pigeon410P1.jpg HTTP/1.1" 200 7850 "http://www.winchestermodel21.com/gauges.html" "Mozilla/5.0 (compatible; MSIE 9.0; Windows NT 6.1; WOW64; Trident/5.0)"
38.112.162.55 - - [19/Aug/2013:02:25:40 -0400] "GET /favicon.ico HTTP/1.1" 404 575 "-" "Mozilla/5.0 (compatible; MSIE 9.0; Windows NT 6.1; WOW64; Trident/5.0)"
157.55.35.115 - - [19/Aug/2013:09:05:18 -0400] "GET /highlights.html HTTP/1.1" 200 13043 "-" "Mozilla/5.0 (compatible; bingbot/2.0; +http://www.bing.com/bingbot.htm)"
64.47.54.5 - - [19/Aug/2013:15:05:52 -0400] "GET /scripts/ic_globals_published.js HTTP/1.1" 200 566 "http://www.winchestermodel21.com/special.html" "Mozilla/4.0 (compatible; MSIE 7.0; Windows NT 6.1; WOW64; Trident/4.0; SLCC2; .NET CLR 2.0.50727; .NET CLR 3.5.30729; .NET CLR 3.0.30729; Media Center PC 6.0; InfoPath.3; .NET4.0C; .NET4.0E)"
64.79.56.175 - - [19/Aug/2013:16:24:44 -0400] "GET / HTTP/1.1" 200 16143 "http://www.winchester21.com/" "Mozilla/5.0 (Windows NT 6.0; rv:21.0) Gecko/20100101 Firefox/21.0"
64.79.56.175 - - [19/Aug/2013:16:24:45 -0400] "GET /scripts/photoalbum.js HTTP/1.1" 200 62481 "http://www.winchestermodel21.com/" "Mozilla/5.0 (Windows NT 6.0; rv:21.0) Gecko/20100101 Firefox/21.0"
64.79.56.175 - - [19/Aug/2013:16:24:45 -0400] "GET /images/0.jpg HTTP/1.1" 200 302 "http://www.winchestermodel21.com/scripts/website.css" "Mozilla/5.0 (Windows NT 6.0; rv:21.0) Gecko/20100101 Firefox/21.0"
64.79.56.175 - - [19/Aug/2013:16:24:45 -0400] "GET /favicon.ico HTTP/1.1" 404 575 "-" "Mozilla/5.0 (Windows NT 6.0; rv:21.0) Gecko/20100101 Firefox/21.0"
64.79.56.175 - - [19/Aug/2013:16:24:45 -0400] "GET /favicon.ico HTTP/1.1" 404 575 "-" "Mozilla/5.0 (Windows NT 6.0; rv:21.0) Gecko/20100101 Firefox/21.0"
70.173.19.172 - - [19/Aug/2013:20:02:38 -0400] "GET /scripts/photoalbum.js HTTP/1.1" 200 62481 "http://www.winchestermodel21.com/" "Mozilla/5.0 (iPad; CPU OS 6_1_2 like Mac OS X) AppleWebKit/536.26 (KHTML, like Gecko) Version/6.0 Mobile/10B146 Safari/8536.25"
70.173.19.172 - - [19/Aug/2013:20:02:39 -0400] "GET /images/446_DSC_1422_1524COVER052306.jpg HTTP/1.1" 200 26539 "http://www.winchestermodel21.com/" "Mozilla/5.0 (iPad; CPU OS 6_1_2 like Mac OS X) AppleWebKit/536.26 (KHTML, like Gecko) Version/6.0 Mobile/10B146 Safari/8536.25"
38.112.162.55 - - [19/Aug/2013:02:25:38 -0400] "GET /images/171_Grand_American_12_W28514.jpg HTTP/1.1" 200 15664 "http://www.winchestermodel21.com/gauges.html" "Mozilla/5.0 (compatible; MSIE 9.0; Windows NT 6.1; WOW64; Trident/5.0)"
66.249.75.64 - - [19/Aug/2013:09:06:39 -0400] "GET /scripts/website.css HTTP/1.1" 200 1917 "-" "Mozilla/5.0 (compatible; Googlebot/2.1; +http://www.google.com/bot.html)"
70.173.19.172 - - [19/Aug/2013:20:02:38 -0400] "GET /scripts/website.css HTTP/1.1" 200 1917 "http://www.winchestermodel21.com/" "Mozilla/5.0 (iPad; CPU OS 6_1_2 like Mac OS X) AppleWebKit/536.26 (KHTML, like Gecko) Version/6.0 Mobile/10B146 Safari/8536.25"
124.115.2.199 - - [19/Aug/2013:02:00:16 -0400] "GET /robots.txt HTTP/1.1" 200 25 "http://www.winchestermodel21.com/" "Mozilla/5.0 (compatible; MSIE 8.0; Windows NT 6.1)"
5.9.149.166 - - [19/Aug/2013:04:00:20 -0400] "GET / HTTP/1.1" 200 16143 "-" "Mozilla/4.0 (compatible; MSIE 5.5; Windows NT)"
64.47.54.5 - - [19/Aug/2013:15:05:52 -0400] "GET /scripts/4custom.css HTTP/1.1" 200 6209 "http://www.winchestermodel21.com/special.html" "Mozilla/4.0 (compatible; MSIE 7.0; Windows NT 6.1; WOW64; Trident/4.0; SLCC2; .NET CLR 2.0.50727; .NET CLR 3.5.30729; .NET CLR 3.0.30729; Media Center PC 6.0; InfoPath.3; .NET4.0C; .NET4.0E)"
64.79.56.175 - - [19/Aug/2013:16:24:45 -0400] "GET /scripts/website.css HTTP/1.1" 200 1917 "http://www.winchestermodel21.com/" "Mozilla/5.0 (Windows NT 6.0; rv:21.0) Gecko/20100101 Firefox/21.0"
64.79.56.175 - - [19/Aug/2013:16:24:45 -0400] "GET /scripts/6custom.css HTTP/1.1" 200 2825 "http://www.winchestermodel21.com/" "Mozilla/5.0 (Windows NT 6.0; rv:21.0) Gecko/20100101 Firefox/21.0"
157.55.35.115 - - [19/Aug/2013:09:04:44 -0400] "GET /robots.txt HTTP/1.1" 200 25 "-" "Mozilla/5.0 (compatible; bingbot/2.0; +http://www.bing.com/bingbot.htm)"
174.255.36.214 - - [19/Aug/2013:19:49:27 -0400] "GET /scripts/user.js HTTP/1.1" 200 23762 "http://www.winchestermodel21.com/acquire.html" "Mozilla/5.0 (iPhone; CPU iPhone OS 6_1_3 like Mac OS X) AppleWebKit/536.26 (KHTML, like Gecko) Version/6.0 Mobile/10B329 Safari/8536.25"
208.115.113.87 - - [19/Aug/2013:08:35:25 -0400] "GET /special/message.html HTTP/1.1" 404 575 "-" "Mozilla/5.0 (compatible; Ezooms/1.0; ezooms.bot@gmail.com)"
50.17.4.254 - - [19/Aug/2013:00:00:55 -0400] "GET / HTTP/1.1" 200 16143 "-" "Mozilla/5.0 (Windows; U; Windows NT 6.0; en-US; rv:1.9.2.3) Gecko/20100401 Firefox/3.6.3 GTB6 (.NET CLR 3.5.30729)"
38.112.162.55 - - [19/Aug/2013:02:25:33 -0400] "GET /scripts/template.css HTTP/1.1" 200 10951 "http://www.winchestermodel21.com/" "Mozilla/5.0 (compatible; MSIE 9.0; Windows NT 6.1; WOW64; Trident/5.0)"
38.112.162.55 - - [19/Aug/2013:02:25:38 -0400] "GET /images/171_Grand_American20.jpg HTTP/1.1" 200 10575 "http://www.winchestermodel21.com/gauges.html" "Mozilla/5.0 (compatible; MSIE 9.0; Windows NT 6.1; WOW64; Trident/5.0)"
72.30.198.45 - - [19/Aug/2013:10:35:21 -0400] "GET /scripts/template.css HTTP/1.1" 200 10951 "http://www.winchestermodel21.com/acquire.html" "Mozilla/5.0 (compatible; Yahoo! Slurp/3.0; http://help.yahoo.com/help/us/ysearch/slurp) NOT Firefox/3.5"
64.79.56.175 - - [19/Aug/2013:16:24:49 -0400] "GET /images/171_Pigeon410P2.jpg HTTP/1.1" 200 7578 "http://www.winchestermodel21.com/gauges.html" "Mozilla/5.0 (Windows NT 6.0; rv:21.0) Gecko/20100101 Firefox/21.0"
64.47.54.5 - - [19/Aug/2013:15:05:52 -0400] "GET /scripts/template.css HTTP/1.1" 200 10951 "http://www.winchestermodel21.com/special.html" "Mozilla/4.0 (compatible; MSIE 7.0; Windows NT 6.1; WOW64; Trident/4.0; SLCC2; .NET CLR 2.0.50727; .NET CLR 3.5.30729; .NET CLR 3.0.30729; Media Center PC 6.0; InfoPath.3; .NET4.0C; .NET4.0E)"
208.115.113.87 - - [19/Aug/2013:20:36:32 -0400] "GET /gaugesbores.html HTTP/1.1" 404 575 "-" "Mozilla/5.0 (compatible; Ezooms/1.0; ezooms.bot@gmail.com)"
68.108.150.100 - - [19/Aug/2013:13:32:00 -0400] "GET /awstats/1308/awstats.75058.1308.lasthosts.html HTTP/1.1" 304 - "http://0013f8b.netsolhost.com/awstats/1308/awstats.75058.1308.html" "Mozilla/5.0 (compatible; MSIE 10.0; Windows NT 6.1; WOW64; Trident/6.0)"
68.108.150.100 - - [19/Aug/2013:13:32:00 -0400] "GET /awstats/icon/other/awstats_logo6.png HTTP/1.1" 304 - "http://0013f8b.netsolhost.com/awstats/1308/awstats.75058.1308.lasthosts.html" "Mozilla/5.0 (compatible; MSIE 10.0; Windows NT 6.1; WOW64; Trident/6.0)"
208.115.113.87 - - [19/Aug/2013:18:46:56 -0400] "GET /robots.txt HTTP/1.1" 200 25 "-" "Mozilla/5.0 (compatible; Ezooms/1.0; ezooms.bot@gmail.com)"
64.47.54.5 - - [19/Aug/2013:15:05:52 -0400] "GET /scripts/website.css HTTP/1.1" 200 1917 "http://www.winchestermodel21.com/special.html" "Mozilla/4.0 (compatible; MSIE 7.0; Windows NT 6.1; WOW64; Trident/4.0; SLCC2; .NET CLR 2.0.50727; .NET CLR 3.5.30729; .NET CLR 3.0.30729; Media Center PC 6.0; InfoPath.3; .NET4.0C; .NET4.0E)"
64.47.54.5 - - [19/Aug/2013:15:05:53 -0400] "GET /images/171_GrandAmericanOne_Bbl2x.jpg HTTP/1.1" 200 7699 "http://www.winchestermodel21.com/special.html" "Mozilla/4.0 (compatible; MSIE 7.0; Windows NT 6.1; WOW64; Trident/4.0; SLCC2; .NET CLR 2.0.50727; .NET CLR 3.5.30729; .NET CLR 3.0.30729; Media Center PC 6.0; InfoPath.3; .NET4.0C; .NET4.0E)"
66.249.75.117 - - [19/Aug/2013:08:43:40 -0400] "GET /scripts/user.js HTTP/1.1" 200 23762 "-" "Mozilla/5.0 (compatible; Googlebot/2.1; +http://www.google.com/bot.html)"
38.112.162.55 - - [19/Aug/2013:02:25:38 -0400] "GET /images/171_W34005P1Pigeon28.jpg HTTP/1.1" 200 6943 "http://www.winchestermodel21.com/gauges.html" "Mozilla/5.0 (compatible; MSIE 9.0; Windows NT 6.1; WOW64; Trident/5.0)"
64.47.54.5 - - [19/Aug/2013:15:05:53 -0400] "GET /images/171_StandardBuiltCustom.jpg HTTP/1.1" 200 6701 "http://www.winchestermodel21.com/special.html" "Mozilla/4.0 (compatible; MSIE 7.0; Windows NT 6.1; WOW64; Trident/4.0; SLCC2; .NET CLR 2.0.50727; .NET CLR 3.5.30729; .NET CLR 3.0.30729; Media Center PC 6.0; InfoPath.3; .NET4.0C; .NET4.0E)"
64.47.54.5 - - [19/Aug/2013:15:05:53 -0400] "GET /images/171_Pigeon16.jpg HTTP/1.1" 200 7350 "http://www.winchestermodel21.com/special.html" "Mozilla/4.0 (compatible; MSIE 7.0; Windows NT 6.1; WOW64; Trident/4.0; SLCC2; .NET CLR 2.0.50727; .NET CLR 3.5.30729; .NET CLR 3.0.30729; Media Center PC 6.0; InfoPath.3; .NET4.0C; .NET4.0E)"
70.173.19.172 - - [19/Aug/2013:20:02:38 -0400] "GET / HTTP/1.1" 200 16143 "-" "Mozilla/5.0 (iPad; CPU OS 6_1_2 like Mac OS X) AppleWebKit/536.26 (KHTML, like Gecko) Version/6.0 Mobile/10B146 Safari/8536.25"
70.173.19.172 - - [19/Aug/2013:20:02:38 -0400] "GET /scripts/6custom.css HTTP/1.1" 200 2825 "http://www.winchestermodel21.com/" "Mozilla/5.0 (iPad; CPU OS 6_1_2 like Mac OS X) AppleWebKit/536.26 (KHTML, like Gecko) Version/6.0 Mobile/10B146 Safari/8536.25"
70.173.19.172 - - [19/Aug/2013:20:02:38 -0400] "GET /scripts/icwebsiteelement.css HTTP/1.1" 200 8132 "http://www.winchestermodel21.com/" "Mozilla/5.0 (iPad; CPU OS 6_1_2 like Mac OS X) AppleWebKit/536.26 (KHTML, like Gecko) Version/6.0 Mobile/10B146 Safari/8536.25"
70.173.19.172 - - [19/Aug/2013:20:02:40 -0400] "GET /images/0.jpg HTTP/1.1" 200 302 "http://www.winchestermodel21.com/" "Mozilla/5.0 (iPad; CPU OS 6_1_2 like Mac OS X) AppleWebKit/536.26 (KHTML, like Gecko) Version/6.0 Mobile/10B146 Safari/8536.25"
70.173.19.172 - - [19/Aug/2013:20:02:40 -0400] "GET /scripts/print.css HTTP/1.1" 200 11304 "http://www.winchestermodel21.com/" "Mozilla/5.0 (iPad; CPU OS 6_1_2 like Mac OS X) AppleWebKit/536.26 (KHTML, like Gecko) Version/6.0 Mobile/10B146 Safari/8536.25"
208.115.113.87 - - [19/Aug/2013:14:47:57 -0400] "GET /robots.txt HTTP/1.1" 200 25 "-" "Mozilla/5.0 (compatible; Ezooms/1.0; ezooms.bot@gmail.com)"
64.47.54.5 - - [19/Aug/2013:15:05:53 -0400] "GET /images/171_CutAwayx2x052706.jpg HTTP/1.1" 200 10137 "http://www.winchestermodel21.com/special.html" "Mozilla/4.0 (compatible; MSIE 7.0; Windows NT 6.1; WOW64; Trident/4.0; SLCC2; .NET CLR 2.0.50727; .NET CLR 3.5.30729; .NET CLR 3.0.30729; Media Center PC 6.0; InfoPath.3; .NET4.0C; .NET4.0E)"
64.79.56.175 - - [19/Aug/2013:16:25:24 -0400] "GET /images/Pigeon410P1.jpg HTTP/1.1" 200 127799 "http://www.winchestermodel21.com/gauges.html" "Mozilla/5.0 (Windows NT 6.0; rv:21.0) Gecko/20100101 Firefox/21.0"
66.249.75.117 - - [19/Aug/2013:08:43:44 -0400] "GET /scripts/icwebsiteelement.css HTTP/1.1" 200 8132 "-" "Mozilla/5.0 (compatible; Googlebot/2.1; +http://www.google.com/bot.html)"
64.47.54.5 - - [19/Aug/2013:15:05:52 -0400] "GET /special.html HTTP/1.1" 200 39329 "http://www.bing.com/search?q=Winchester+Model+21+three+barrel+set&src=IE-SearchBox&FORM=IE8SRC" "Mozilla/4.0 (compatible; MSIE 7.0; Windows NT 6.1; WOW64; Trident/4.0; SLCC2; .NET CLR 2.0.50727; .NET CLR 3.5.30729; .NET CLR 3.0.30729; Media Center PC 6.0; InfoPath.3; .NET4.0C; .NET4.0E)"
64.47.54.5 - - [19/Aug/2013:15:05:54 -0400] "GET /images/0.jpg HTTP/1.1" 200 302 "http://www.winchestermodel21.com/special.html" "Mozilla/4.0 (compatible; MSIE 7.0; Windows NT 6.1; WOW64; Trident/4.0; SLCC2; .NET CLR 2.0.50727; .NET CLR 3.5.30729; .NET CLR 3.0.30729; Media Center PC 6.0; InfoPath.3; .NET4.0C; .NET4.0E)"
64.47.54.5 - - [19/Aug/2013:15:05:54 -0400] "GET /favicon.ico HTTP/1.1" 404 575 "-" "Mozilla/4.0 (compatible; MSIE 8.0; Windows NT 6.1; WOW64; Trident/4.0; SLCC2; .NET CLR 2.0.50727; .NET CLR 3.5.30729; .NET CLR 3.0.30729; Media Center PC 6.0; InfoPath.3; .NET4.0C; .NET4.0E)"
64.79.56.175 - - [19/Aug/2013:16:24:49 -0400] "GET /gauges.html HTTP/1.1" 200 31730 "http://www.winchestermodel21.com/" "Mozilla/5.0 (Windows NT 6.0; rv:21.0) Gecko/20100101 Firefox/21.0"
64.79.56.175 - - [19/Aug/2013:16:24:49 -0400] "GET /images/171_W34001_GA_28.jpg HTTP/1.1" 200 14017 "http://www.winchestermodel21.com/gauges.html" "Mozilla/5.0 (Windows NT 6.0; rv:21.0) Gecko/20100101 Firefox/21.0"
64.79.56.175 - - [19/Aug/2013:16:24:49 -0400] "GET /images/171_Grand_American20.jpg HTTP/1.1" 200 10575 "http://www.winchestermodel21.com/gauges.html" "Mozilla/5.0 (Windows NT 6.0; rv:21.0) Gecko/20100101 Firefox/21.0"
64.79.56.175 - - [19/Aug/2013:16:24:49 -0400] "GET /images/171_W34005P1Pigeon28.jpg HTTP/1.1" 200 6943 "http://www.winchestermodel21.com/gauges.html" "Mozilla/5.0 (Windows NT 6.0; rv:21.0) Gecko/20100101 Firefox/21.0"
38.112.162.55 - - [19/Aug/2013:02:25:33 -0400] "GET /scripts/photoalbum.js HTTP/1.1" 200 62481 "http://www.winchestermodel21.com/" "Mozilla/5.0 (compatible; MSIE 9.0; Windows NT 6.1; WOW64; Trident/5.0)"
199.30.20.158 - - [19/Aug/2013:13:12:12 -0400] "GET /robots.txt HTTP/1.1" 200 25 "-" "msnbot-media/1.1 (+http://search.msn.com/msnbot.htm)"
68.108.150.100 - - [19/Aug/2013:13:31:45 -0400] "GET /awstats/icon/other/vp.png HTTP/1.1" 200 248 "http://0013f8b.netsolhost.com/awstats/1308/awstats.75058.1308.html" "Mozilla/5.0 (compatible; MSIE 10.0; Windows NT 6.1; WOW64; Trident/6.0)"
68.108.150.100 - - [19/Aug/2013:13:31:45 -0400] "GET /awstats/icon/clock/hr4.png HTTP/1.1" 200 302 "http://0013f8b.netsolhost.com/awstats/1308/awstats.75058.1308.html" "Mozilla/5.0 (compatible; MSIE 10.0; Windows NT 6.1; WOW64; Trident/6.0)"
68.108.150.100 - - [19/Aug/2013:13:31:45 -0400] "GET /awstats/icon/clock/hr10.png HTTP/1.1" 200 306 "http://0013f8b.netsolhost.com/awstats/1308/awstats.75058.1308.html" "Mozilla/5.0 (compatible; MSIE 10.0; Windows NT 6.1; WOW64; Trident/6.0)"
