205.204.248.72 - - [12/Aug/2013:08:59:56 -0400] "GET /images/doc_pdf.gif HTTP/1.1" 200 1002 "http://farragutputtputt.com/attractionsprices.html" "Mozilla/5.0 (Windows NT 5.1; rv:22.0) Gecko/20100101 Firefox/22.0"
205.204.248.72 - - [12/Aug/2013:08:59:56 -0400] "GET /images/253_BusterBatZone.jpg HTTP/1.1" 200 15829 "http://farragutputtputt.com/attractionsprices.html" "Mozilla/5.0 (Windows NT 5.1; rv:22.0) Gecko/20100101 Firefox/22.0"
205.204.248.72 - - [12/Aug/2013:08:59:56 -0400] "GET /images/240_IttiBitz_Neapolitan_20Image.jpg HTTP/1.1" 200 11511 "http://farragutputtputt.com/attractionsprices.html" "Mozilla/5.0 (Windows NT 5.1; rv:22.0) Gecko/20100101 Firefox/22.0"
205.204.248.72 - - [12/Aug/2013:08:59:56 -0400] "GET /images/ic_046_nav_inner_bg.gif HTTP/1.1" 200 158 "http://farragutputtputt.com/scripts/template.css" "Mozilla/5.0 (Windows NT 5.1; rv:22.0) Gecko/20100101 Firefox/22.0"
205.204.248.72 - - [12/Aug/2013:08:59:57 -0400] "GET /favicon.ico HTTP/1.1" 404 575 "-" "Mozilla/5.0 (Windows NT 5.1; rv:22.0) Gecko/20100101 Firefox/22.0"
66.87.107.13 - - [12/Aug/2013:13:00:01 -0400] "GET /images/ic_046_accent_bg.png HTTP/1.1" 200 9871 "http://farragutputtputt.com/attractionsprices.html" "Mozilla/5.0 (Linux; U; Android 2.3.7; en-us; LG-VM696 Build/ZV5.GWK74) AppleWebKit/533.1 (KHTML, like Gecko) Version/4.0 Mobile Safari/533.1"
50.147.41.205 - - [12/Aug/2013:13:20:30 -0400] "GET /images/212_PartyZone.jpg HTTP/1.1" 200 13500 "http://www.farragutputtputt.com/attractionsprices.html" "Mozilla/5.0 (compatible; MSIE 9.0; Windows NT 6.1; WOW64; Trident/5.0)"
50.147.41.205 - - [12/Aug/2013:13:20:30 -0400] "GET /images/150_487054.gif HTTP/1.1" 200 10214 "http://www.farragutputtputt.com/attractionsprices.html" "Mozilla/5.0 (compatible; MSIE 9.0; Windows NT 6.1; WOW64; Trident/5.0)"
207.198.113.238 - - [12/Aug/2013:13:51:27 -0400] "GET /scripts/user.js HTTP/1.1" 304 - "http://farragutputtputt.com/" "Mozilla/5.0 (Macintosh; Intel Mac OS X 10_8_4) AppleWebKit/537.36 (KHTML, like Gecko) Chrome/28.0.1500.95 Safari/537.36"
207.198.113.238 - - [12/Aug/2013:13:51:31 -0400] "GET /images/385_im_party.gif HTTP/1.1" 200 20294 "http://farragutputtputt.com/" "Mozilla/5.0 (Macintosh; Intel Mac OS X 10_8_4) AppleWebKit/537.36 (KHTML, like Gecko) Chrome/28.0.1500.95 Safari/537.36"
207.198.113.238 - - [12/Aug/2013:13:51:32 -0400] "GET /images/174_buster-with-mail-box.JPG HTTP/1.1" 200 7132 "http://farragutputtputt.com/" "Mozilla/5.0 (Macintosh; Intel Mac OS X 10_8_4) AppleWebKit/537.36 (KHTML, like Gecko) Chrome/28.0.1500.95 Safari/537.36"
207.198.113.238 - - [12/Aug/2013:13:51:33 -0400] "GET /favicon.ico HTTP/1.1" 404 575 "-" "Mozilla/5.0 (Macintosh; Intel Mac OS X 10_8_4) AppleWebKit/537.36 (KHTML, like Gecko) Chrome/28.0.1500.95 Safari/537.36"
66.87.96.229 - - [12/Aug/2013:02:51:50 -0400] "GET /scripts/website.css HTTP/1.1" 200 1642 "-" "Mozilla/5.0 (Linux; Android 4.2.2; en-us; SAMSUNG SPH-L720 Build/JDQ39) AppleWebKit/535.19 (KHTML, like Gecko) Version/1.0 Chrome/18.0.1025.308 Mobile Safari/535.19"
66.87.96.229 - - [12/Aug/2013:02:51:51 -0400] "GET /scripts/template.css HTTP/1.1" 200 9762 "http://www.farragutputtputt.com/" "Mozilla/5.0 (Linux; Android 4.2.2; en-us; SAMSUNG SPH-L720 Build/JDQ39) AppleWebKit/535.19 (KHTML, like Gecko) Version/1.0 Chrome/18.0.1025.308 Mobile Safari/535.19"
66.87.96.229 - - [12/Aug/2013:02:51:51 -0400] "GET /images/190_PPFC_ltfb.jpg HTTP/1.1" 200 7684 "http://www.farragutputtputt.com/" "Mozilla/5.0 (Linux; Android 4.2.2; en-us; SAMSUNG SPH-L720 Build/JDQ39) AppleWebKit/535.19 (KHTML, like Gecko) Version/1.0 Chrome/18.0.1025.308 Mobile Safari/535.19"
66.87.96.229 - - [12/Aug/2013:02:51:51 -0400] "GET /images/media_snd.gif HTTP/1.1" 200 1379 "http://www.farragutputtputt.com/" "Mozilla/5.0 (Linux; Android 4.2.2; en-us; SAMSUNG SPH-L720 Build/JDQ39) AppleWebKit/535.19 (KHTML, like Gecko) Version/1.0 Chrome/18.0.1025.308 Mobile Safari/535.19"
66.87.96.229 - - [12/Aug/2013:02:51:51 -0400] "GET /images/174_buster-with-mail-box.JPG HTTP/1.1" 200 7132 "http://www.farragutputtputt.com/" "Mozilla/5.0 (Linux; Android 4.2.2; en-us; SAMSUNG SPH-L720 Build/JDQ39) AppleWebKit/535.19 (KHTML, like Gecko) Version/1.0 Chrome/18.0.1025.308 Mobile Safari/535.19"
24.154.83.89 - - [12/Aug/2013:15:16:06 -0400] "GET /scripts/ic_globals_published.js HTTP/1.1" 200 566 "http://farragutputtputt.com/" "Mozilla/5.0 (compatible; MSIE 10.0; Windows NT 6.2; WOW64; Trident/6.0)"
24.154.83.89 - - [12/Aug/2013:15:16:06 -0400] "GET /scripts/1custom.css HTTP/1.1" 200 5022 "http://farragutputtputt.com/" "Mozilla/5.0 (compatible; MSIE 10.0; Windows NT 6.2; WOW64; Trident/6.0)"
24.154.83.89 - - [12/Aug/2013:15:16:06 -0400] "GET /scripts/icwebsiteelement.css HTTP/1.1" 200 8132 "http://farragutputtputt.com/" "Mozilla/5.0 (compatible; MSIE 10.0; Windows NT 6.2; WOW64; Trident/6.0)"
24.154.83.89 - - [12/Aug/2013:15:16:06 -0400] "GET /images/385_im_party.gif HTTP/1.1" 200 20294 "http://farragutputtputt.com/" "Mozilla/5.0 (compatible; MSIE 10.0; Windows NT 6.2; WOW64; Trident/6.0)"
24.154.83.89 - - [12/Aug/2013:15:16:06 -0400] "GET /images/88_tennessee_fl_md_wht.gif HTTP/1.1" 200 7701 "http://farragutputtputt.com/" "Mozilla/5.0 (compatible; MSIE 10.0; Windows NT 6.2; WOW64; Trident/6.0)"
24.154.83.89 - - [12/Aug/2013:15:16:06 -0400] "GET /images/174_buster-with-mail-box.JPG HTTP/1.1" 200 7132 "http://farragutputtputt.com/" "Mozilla/5.0 (compatible; MSIE 10.0; Windows NT 6.2; WOW64; Trident/6.0)"
160.36.49.175 - - [12/Aug/2013:15:47:15 -0400] "GET /images/212_PartyZone.jpg HTTP/1.1" 200 13500 "http://farragutputtputt.com/attractionsprices.html" "Mozilla/5.0 (Windows NT 6.1; WOW64; rv:22.0) Gecko/20100101 Firefox/22.0"
160.36.49.175 - - [12/Aug/2013:15:47:15 -0400] "GET /images/150_730111.gif HTTP/1.1" 200 10756 "http://farragutputtputt.com/attractionsprices.html" "Mozilla/5.0 (Windows NT 6.1; WOW64; rv:22.0) Gecko/20100101 Firefox/22.0"
69.1.50.163 - - [12/Aug/2013:16:01:21 -0400] "GET /images/212_BatZone.jpg HTTP/1.1" 200 11220 "http://www.farragutputtputt.com/attractionsprices.html" "Mozilla/5.0 (Windows NT 6.2; WOW64) AppleWebKit/537.36 (KHTML, like Gecko) Chrome/28.0.1500.95 Safari/537.36"
160.36.14.142 - - [12/Aug/2013:16:16:14 -0400] "GET /images/88_tennessee_fl_md_wht.gif HTTP/1.1" 200 7701 "http://www.farragutputtputt.com/welcome.html" "Mozilla/5.0 (compatible; MSIE 10.0; Windows NT 6.1; WOW64; Trident/6.0)"
160.36.14.142 - - [12/Aug/2013:16:16:14 -0400] "GET /images/504_PP_jpeg_map_2013.JPG HTTP/1.1" 200 21190 "http://www.farragutputtputt.com/welcome.html" "Mozilla/5.0 (compatible; MSIE 10.0; Windows NT 6.1; WOW64; Trident/6.0)"
208.54.70.172 - - [12/Aug/2013:16:25:33 -0400] "GET /images/504_PP_jpeg_map_2013.JPG HTTP/1.1" 200 21190 "http://www.farragutputtputt.com/" "Mozilla/5.0 (Linux; U; Android 4.1.2; en-us; SGH-T999 Build/JZO54K) AppleWebKit/534.30 (KHTML, like Gecko) Version/4.0 Mobile Safari/534.30"
208.54.70.172 - - [12/Aug/2013:16:25:33 -0400] "GET /scripts/print.css HTTP/1.1" 200 - "http://www.farragutputtputt.com/" "Mozilla/5.0 (Linux; U; Android 4.1.2; en-us; SGH-T999 Build/JZO54K) AppleWebKit/534.30 (KHTML, like Gecko) Version/4.0 Mobile Safari/534.30"
71.80.76.145 - - [12/Aug/2013:16:39:13 -0400] "GET /images/212_BatZone.jpg HTTP/1.1" 200 11220 "http://farragutputtputt.com/attractionsprices.html" "Mozilla/5.0 (Windows NT 6.1; WOW64) AppleWebKit/537.36 (KHTML, like Gecko) Chrome/28.0.1500.95 Safari/537.36"
71.80.76.145 - - [12/Aug/2013:16:39:13 -0400] "GET /images/220_SnackShack.jpg HTTP/1.1" 200 14543 "http://farragutputtputt.com/attractionsprices.html" "Mozilla/5.0 (Windows NT 6.1; WOW64) AppleWebKit/537.36 (KHTML, like Gecko) Chrome/28.0.1500.95 Safari/537.36"
174.237.5.65 - - [12/Aug/2013:16:43:08 -0400] "GET /scripts/print.css HTTP/1.1" 200 - "http://farragutputtputt.com/" "Mozilla/5.0 (iPhone; CPU iPhone OS 6_1_3 like Mac OS X) AppleWebKit/536.26 (KHTML, like Gecko) Version/6.0 Mobile/10B329 Safari/8536.25"
198.105.219.58 - - [12/Aug/2013:17:24:16 -0400] "HEAD / HTTP/1.1" 200 - "-" "checks.panopta.com"
50.147.3.159 - - [12/Aug/2013:09:51:03 -0400] "GET /images/ic_046_navcontainer_bg.png HTTP/1.1" 200 5832 "http://farragutputtputt.com/attractionsprices.html" "Mozilla/5.0 (Macintosh; U; Intel Mac OS X 10_6_8; en-us) AppleWebKit/533.21.1 (KHTML, like Gecko) Version/5.0.5 Safari/533.21.1"
50.147.3.159 - - [12/Aug/2013:09:51:03 -0400] "GET /images/212_PartyZone.jpg HTTP/1.1" 200 13500 "http://farragutputtputt.com/attractionsprices.html" "Mozilla/5.0 (Macintosh; U; Intel Mac OS X 10_6_8; en-us) AppleWebKit/533.21.1 (KHTML, like Gecko) Version/5.0.5 Safari/533.21.1"
50.147.3.159 - - [12/Aug/2013:09:51:04 -0400] "GET /favicon.ico HTTP/1.1" 404 575 "http://farragutputtputt.com/attractionsprices.html" "Mozilla/5.0 (Macintosh; U; Intel Mac OS X 10_6_8; en-us) AppleWebKit/533.21.1 (KHTML, like Gecko) Version/5.0.5 Safari/533.21.1"
50.147.3.159 - - [12/Aug/2013:09:51:23 -0400] "GET /specialsgroups.html HTTP/1.1" 200 42909 "http://farragutputtputt.com/attractionsprices.html" "Mozilla/5.0 (Macintosh; U; Intel Mac OS X 10_6_8; en-us) AppleWebKit/533.21.1 (KHTML, like Gecko) Version/5.0.5 Safari/533.21.1"
50.147.3.159 - - [12/Aug/2013:09:51:24 -0400] "GET /images/356_groupheader.jpg HTTP/1.1" 200 21309 "http://farragutputtputt.com/specialsgroups.html" "Mozilla/5.0 (Macintosh; U; Intel Mac OS X 10_6_8; en-us) AppleWebKit/533.21.1 (KHTML, like Gecko) Version/5.0.5 Safari/533.21.1"
198.105.219.58 - - [12/Aug/2013:10:19:30 -0400] "HEAD / HTTP/1.1" 200 - "-" "checks.panopta.com"
70.210.2.86 - - [12/Aug/2013:11:00:12 -0400] "GET /scripts/user.js HTTP/1.1" 200 23762 "http://www.farragutputtputt.com/" "Mozilla/5.0 (Linux; U; Android 2.3.6; en-us; VS840 4G Build/GRK39F) AppleWebKit/533.1 (KHTML, like Gecko) Version/4.0 Mobile Safari/533.1"
70.210.2.86 - - [12/Aug/2013:11:00:13 -0400] "GET /images/ic_046_content_top_bg_wide.png HTTP/1.1" 200 780 "http://www.farragutputtputt.com/" "Mozilla/5.0 (Linux; U; Android 2.3.6; en-us; VS840 4G Build/GRK39F) AppleWebKit/533.1 (KHTML, like Gecko) Version/4.0 Mobile Safari/533.1"
70.210.2.86 - - [12/Aug/2013:11:00:13 -0400] "GET /images/ic_046_content_bottom_bg.png HTTP/1.1" 200 1334 "http://www.farragutputtputt.com/" "Mozilla/5.0 (Linux; U; Android 2.3.6; en-us; VS840 4G Build/GRK39F) AppleWebKit/533.1 (KHTML, like Gecko) Version/4.0 Mobile Safari/533.1"
70.210.2.86 - - [12/Aug/2013:11:00:13 -0400] "GET /images/ic_046_content_bottom_bg_wide.png HTTP/1.1" 200 1373 "http://www.farragutputtputt.com/" "Mozilla/5.0 (Linux; U; Android 2.3.6; en-us; VS840 4G Build/GRK39F) AppleWebKit/533.1 (KHTML, like Gecko) Version/4.0 Mobile Safari/533.1"
71.100.59.123 - - [12/Aug/2013:11:33:47 -0400] "GET /images/200_batter.jpg HTTP/1.1" 200 8643 "http://find.mapmuse.com/map/batting-cages/near/33897" "Mozilla/5.0 (iPad; CPU OS 5_1_1 like Mac OS X) AppleWebKit/534.46 (KHTML, like Gecko) Version/5.1 Mobile/9B206 Safari/7534.48.3"
208.62.121.66 - - [12/Aug/2013:11:55:06 -0400] "GET /images/575_IMG_0025.jpg HTTP/1.1" 200 72266 "http://farragutputtputt.com/letthefunbegin.html" "Mozilla/5.0 (compatible; MSIE 10.0; Windows NT 6.1; WOW64; Trident/6.0)"
208.62.121.66 - - [12/Aug/2013:11:55:06 -0400] "GET /images/480_IMG_0047.jpg HTTP/1.1" 200 30321 "http://farragutputtputt.com/letthefunbegin.html" "Mozilla/5.0 (compatible; MSIE 10.0; Windows NT 6.1; WOW64; Trident/6.0)"
208.62.121.66 - - [12/Aug/2013:11:55:06 -0400] "GET /images/480_march_2009_putt-putt_004.jpg HTTP/1.1" 200 50903 "http://farragutputtputt.com/letthefunbegin.html" "Mozilla/5.0 (compatible; MSIE 10.0; Windows NT 6.1; WOW64; Trident/6.0)"
208.62.121.66 - - [12/Aug/2013:11:55:06 -0400] "GET /images/480_march_2009_putt-putt_003.jpg HTTP/1.1" 200 39222 "http://farragutputtputt.com/letthefunbegin.html" "Mozilla/5.0 (compatible; MSIE 10.0; Windows NT 6.1; WOW64; Trident/6.0)"
208.62.121.66 - - [12/Aug/2013:11:55:06 -0400] "GET /images/480_march_2009_putt-putt_005.jpg HTTP/1.1" 200 53888 "http://farragutputtputt.com/letthefunbegin.html" "Mozilla/5.0 (compatible; MSIE 10.0; Windows NT 6.1; WOW64; Trident/6.0)"
208.62.121.66 - - [12/Aug/2013:11:55:06 -0400] "GET /images/480_IMG_0046.jpg HTTP/1.1" 200 41042 "http://farragutputtputt.com/letthefunbegin.html" "Mozilla/5.0 (compatible; MSIE 10.0; Windows NT 6.1; WOW64; Trident/6.0)"
208.62.121.66 - - [12/Aug/2013:11:55:06 -0400] "GET /images/480_IMG_0043.jpg HTTP/1.1" 200 35885 "http://farragutputtputt.com/letthefunbegin.html" "Mozilla/5.0 (compatible; MSIE 10.0; Windows NT 6.1; WOW64; Trident/6.0)"
208.62.121.66 - - [12/Aug/2013:11:55:06 -0400] "GET /images/480_IMG_0041.jpg HTTP/1.1" 200 39439 "http://farragutputtputt.com/letthefunbegin.html" "Mozilla/5.0 (compatible; MSIE 10.0; Windows NT 6.1; WOW64; Trident/6.0)"
208.62.121.66 - - [12/Aug/2013:11:55:06 -0400] "GET /images/480_IMG_0044.jpg HTTP/1.1" 200 31605 "http://farragutputtputt.com/letthefunbegin.html" "Mozilla/5.0 (compatible; MSIE 10.0; Windows NT 6.1; WOW64; Trident/6.0)"
208.62.121.66 - - [12/Aug/2013:11:55:06 -0400] "GET /images/480_march_2009_putt-putt_008.jpg HTTP/1.1" 200 43148 "http://farragutputtputt.com/letthefunbegin.html" "Mozilla/5.0 (compatible; MSIE 10.0; Windows NT 6.1; WOW64; Trident/6.0)"
208.62.121.66 - - [12/Aug/2013:11:55:06 -0400] "GET /images/480_march_2009_putt-putt_013.jpg HTTP/1.1" 200 45935 "http://farragutputtputt.com/letthefunbegin.html" "Mozilla/5.0 (compatible; MSIE 10.0; Windows NT 6.1; WOW64; Trident/6.0)"
208.62.121.66 - - [12/Aug/2013:11:55:06 -0400] "GET /images/480_march_2009_putt-putt_016.jpg HTTP/1.1" 200 46728 "http://farragutputtputt.com/letthefunbegin.html" "Mozilla/5.0 (compatible; MSIE 10.0; Windows NT 6.1; WOW64; Trident/6.0)"
208.62.121.66 - - [12/Aug/2013:11:55:06 -0400] "GET /images/480_march_2009_putt-putt_017.jpg HTTP/1.1" 200 43024 "http://farragutputtputt.com/letthefunbegin.html" "Mozilla/5.0 (compatible; MSIE 10.0; Windows NT 6.1; WOW64; Trident/6.0)"
208.62.121.66 - - [12/Aug/2013:11:55:07 -0400] "GET /images/480_tags_puttputt_2012.JPG HTTP/1.1" 200 35545 "http://farragutputtputt.com/letthefunbegin.html" "Mozilla/5.0 (compatible; MSIE 10.0; Windows NT 6.1; WOW64; Trident/6.0)"
208.62.121.66 - - [12/Aug/2013:11:55:07 -0400] "GET /images/288_George_Washington_Abbott_-_1875.jpg HTTP/1.1" 200 14836 "http://farragutputtputt.com/letthefunbegin.html" "Mozilla/5.0 (compatible; MSIE 10.0; Windows NT 6.1; WOW64; Trident/6.0)"
208.62.121.66 - - [12/Aug/2013:11:55:07 -0400] "GET /images/164_IMG_0018.jpg HTTP/1.1" 200 4306 "http://farragutputtputt.com/letthefunbegin.html" "Mozilla/5.0 (compatible; MSIE 10.0; Windows NT 6.1; WOW64; Trident/6.0)"
208.62.121.66 - - [12/Aug/2013:11:55:07 -0400] "GET /images/164_IMG_0048.jpg HTTP/1.1" 200 7088 "http://farragutputtputt.com/letthefunbegin.html" "Mozilla/5.0 (compatible; MSIE 10.0; Windows NT 6.1; WOW64; Trident/6.0)"
208.62.121.66 - - [12/Aug/2013:11:55:07 -0400] "GET /images/164_march_2009_putt-putt_001.jpg HTTP/1.1" 200 9297 "http://farragutputtputt.com/letthefunbegin.html" "Mozilla/5.0 (compatible; MSIE 10.0; Windows NT 6.1; WOW64; Trident/6.0)"
208.62.121.66 - - [12/Aug/2013:11:55:07 -0400] "GET /images/164_IMG_0047.jpg HTTP/1.1" 200 6427 "http://farragutputtputt.com/letthefunbegin.html" "Mozilla/5.0 (compatible; MSIE 10.0; Windows NT 6.1; WOW64; Trident/6.0)"
208.62.121.66 - - [12/Aug/2013:11:55:07 -0400] "GET /images/164_march_2009_putt-putt_004.jpg HTTP/1.1" 200 8268 "http://farragutputtputt.com/letthefunbegin.html" "Mozilla/5.0 (compatible; MSIE 10.0; Windows NT 6.1; WOW64; Trident/6.0)"
208.62.121.66 - - [12/Aug/2013:11:55:07 -0400] "GET /images/164_march_2009_putt-putt_003.jpg HTTP/1.1" 200 6836 "http://farragutputtputt.com/letthefunbegin.html" "Mozilla/5.0 (compatible; MSIE 10.0; Windows NT 6.1; WOW64; Trident/6.0)"
208.62.121.66 - - [12/Aug/2013:11:55:07 -0400] "GET /images/164_march_2009_putt-putt_005.jpg HTTP/1.1" 200 8359 "http://farragutputtputt.com/letthefunbegin.html" "Mozilla/5.0 (compatible; MSIE 10.0; Windows NT 6.1; WOW64; Trident/6.0)"
208.62.121.66 - - [12/Aug/2013:11:55:07 -0400] "GET /images/164_IMG_0046.jpg HTTP/1.1" 200 7973 "http://farragutputtputt.com/letthefunbegin.html" "Mozilla/5.0 (compatible; MSIE 10.0; Windows NT 6.1; WOW64; Trident/6.0)"
208.62.121.66 - - [12/Aug/2013:11:55:07 -0400] "GET /images/164_IMG_0041.jpg HTTP/1.1" 200 7557 "http://farragutputtputt.com/letthefunbegin.html" "Mozilla/5.0 (compatible; MSIE 10.0; Windows NT 6.1; WOW64; Trident/6.0)"
208.62.121.66 - - [12/Aug/2013:11:55:07 -0400] "GET /images/164_IMG_0052.jpg HTTP/1.1" 200 7821 "http://farragutputtputt.com/letthefunbegin.html" "Mozilla/5.0 (compatible; MSIE 10.0; Windows NT 6.1; WOW64; Trident/6.0)"
208.62.121.66 - - [12/Aug/2013:11:55:07 -0400] "GET /images/164_march_2009_putt-putt_015.jpg HTTP/1.1" 200 7329 "http://farragutputtputt.com/letthefunbegin.html" "Mozilla/5.0 (compatible; MSIE 10.0; Windows NT 6.1; WOW64; Trident/6.0)"
208.62.121.66 - - [12/Aug/2013:11:55:07 -0400] "GET /images/164_march_2009_putt-putt_010.jpg HTTP/1.1" 200 7670 "http://farragutputtputt.com/letthefunbegin.html" "Mozilla/5.0 (compatible; MSIE 10.0; Windows NT 6.1; WOW64; Trident/6.0)"
208.62.121.66 - - [12/Aug/2013:11:55:07 -0400] "GET /images/164_march_2009_putt-putt_017.jpg HTTP/1.1" 200 7975 "http://farragutputtputt.com/letthefunbegin.html" "Mozilla/5.0 (compatible; MSIE 10.0; Windows NT 6.1; WOW64; Trident/6.0)"
208.62.121.66 - - [12/Aug/2013:11:55:07 -0400] "GET /images/164_tags_puttputt_2012.JPG HTTP/1.1" 200 6247 "http://farragutputtputt.com/letthefunbegin.html" "Mozilla/5.0 (compatible; MSIE 10.0; Windows NT 6.1; WOW64; Trident/6.0)"
208.62.121.66 - - [12/Aug/2013:11:55:07 -0400] "GET /images/164_George_Washington_Abbott_-_1875.jpg HTTP/1.1" 200 6888 "http://farragutputtputt.com/letthefunbegin.html" "Mozilla/5.0 (compatible; MSIE 10.0; Windows NT 6.1; WOW64; Trident/6.0)"
208.62.121.66 - - [12/Aug/2013:11:55:07 -0400] "GET /images/767_IMG_0018.jpg HTTP/1.1" 200 45608 "http://farragutputtputt.com/letthefunbegin.html" "Mozilla/5.0 (compatible; MSIE 10.0; Windows NT 6.1; WOW64; Trident/6.0)"
208.62.121.66 - - [12/Aug/2013:11:55:07 -0400] "GET /images/photoalbum/photo_controlBG.jpg HTTP/1.1" 200 336 "http://farragutputtputt.com/letthefunbegin.html" "Mozilla/5.0 (compatible; MSIE 10.0; Windows NT 6.1; WOW64; Trident/6.0)"
23.31.172.82 - - [12/Aug/2013:21:54:22 -0400] "GET /scripts/ic_globals_published.js HTTP/1.1" 200 566 "http://www.farragutputtputt.com/attractionsprices.html" "Mozilla/5.0 (compatible; MSIE 9.0; Windows NT 6.1; WOW64; Trident/5.0)"
23.31.172.82 - - [12/Aug/2013:21:54:22 -0400] "GET /scripts/website.css HTTP/1.1" 200 1642 "http://www.farragutputtputt.com/attractionsprices.html" "Mozilla/5.0 (compatible; MSIE 9.0; Windows NT 6.1; WOW64; Trident/5.0)"
23.31.172.82 - - [12/Aug/2013:21:54:22 -0400] "GET /scripts/icwebsiteelement.css HTTP/1.1" 200 8132 "http://www.farragutputtputt.com/attractionsprices.html" "Mozilla/5.0 (compatible; MSIE 9.0; Windows NT 6.1; WOW64; Trident/5.0)"
23.31.172.82 - - [12/Aug/2013:21:54:22 -0400] "GET /images/253_BusterClub3.jpg HTTP/1.1" 200 10383 "http://www.farragutputtputt.com/attractionsprices.html" "Mozilla/5.0 (compatible; MSIE 9.0; Windows NT 6.1; WOW64; Trident/5.0)"
23.31.172.82 - - [12/Aug/2013:21:54:22 -0400] "GET /images/ic_046_header_bg_wide.png HTTP/1.1" 200 3558 "http://www.farragutputtputt.com/attractionsprices.html" "Mozilla/5.0 (compatible; MSIE 9.0; Windows NT 6.1; WOW64; Trident/5.0)"
23.31.172.82 - - [12/Aug/2013:21:54:23 -0400] "GET /images/150_730111.gif HTTP/1.1" 200 10756 "http://www.farragutputtputt.com/attractionsprices.html" "Mozilla/5.0 (compatible; MSIE 9.0; Windows NT 6.1; WOW64; Trident/5.0)"
174.237.39.17 - - [12/Aug/2013:22:27:05 -0400] "GET /images/212_BatZone.jpg HTTP/1.1" 200 11220 "http://farragutputtputt.com/attractionsprices.html" "Mozilla/5.0 (iPhone; CPU iPhone OS 6_1_3 like Mac OS X) AppleWebKit/536.26 (KHTML, like Gecko) Version/6.0 Mobile/10B329 Safari/8536.25"
69.245.31.217 - - [12/Aug/2013:22:32:46 -0400] "GET /images/190_PPFC_ltfb.jpg HTTP/1.1" 200 7684 "http://farragutputtputt.com/" "Mozilla/4.0 (compatible; MSIE 8.0; Windows NT 5.1; Trident/4.0; Comcast Install 1.0; GTB7.5; .NET CLR 1.1.4322; .NET CLR 2.0.50727; .NET CLR 3.0.4506.2152; .NET CLR 3.5.30729)"
74.183.86.51 - - [12/Aug/2013:00:34:25 -0400] "GET /scripts/ic_globals_published.js HTTP/1.1" 200 566 "http://www.farragutputtputt.com/" "Mozilla/5.0 (iPhone; CPU iPhone OS 6_1_3 like Mac OS X) AppleWebKit/536.26 (KHTML, like Gecko) Version/6.0 Mobile/10B329 Safari/8536.25"
74.183.86.51 - - [12/Aug/2013:00:34:27 -0400] "GET /images/174_PPCG.jpg HTTP/1.1" 200 8468 "http://www.farragutputtputt.com/" "Mozilla/5.0 (iPhone; CPU iPhone OS 6_1_3 like Mac OS X) AppleWebKit/536.26 (KHTML, like Gecko) Version/6.0 Mobile/10B329 Safari/8536.25"
74.183.86.51 - - [12/Aug/2013:00:34:27 -0400] "GET /images/88_tennessee_fl_md_wht.gif HTTP/1.1" 200 7701 "http://www.farragutputtputt.com/" "Mozilla/5.0 (iPhone; CPU iPhone OS 6_1_3 like Mac OS X) AppleWebKit/536.26 (KHTML, like Gecko) Version/6.0 Mobile/10B329 Safari/8536.25"
74.183.86.51 - - [12/Aug/2013:00:34:27 -0400] "GET /images/media_snd.gif HTTP/1.1" 200 1379 "http://www.farragutputtputt.com/" "Mozilla/5.0 (iPhone; CPU iPhone OS 6_1_3 like Mac OS X) AppleWebKit/536.26 (KHTML, like Gecko) Version/6.0 Mobile/10B329 Safari/8536.25"
74.183.86.51 - - [12/Aug/2013:00:34:27 -0400] "GET /images/174_buster-with-mail-box.JPG HTTP/1.1" 200 7132 "http://www.farragutputtputt.com/" "Mozilla/5.0 (iPhone; CPU iPhone OS 6_1_3 like Mac OS X) AppleWebKit/536.26 (KHTML, like Gecko) Version/6.0 Mobile/10B329 Safari/8536.25"
192.132.228.1 - - [12/Aug/2013:01:52:58 -0400] "GET /attractionsprices.html HTTP/1.1" 200 38520 "http://www.google.com/url?sa=t&rct=j&q=farragut%20golf%20games&source=web&cd=1&ved=0CDIQ0gIoADAA&url=http%3A%2F%2Ffarragutputtputt.com%2Fattractionsprices.html&ei=MHgIUtCDAsq8yAHH8YGwAQ&usg=AFQjCNERY9_caEUvzkw9pq9stdf5SzQ_jw&bvm=bv.50500085,d.aWc" "Mozilla/5.0 (compatible; MSIE 9.0; Windows NT 6.1; WOW64; Trident/5.0)"
192.132.228.1 - - [12/Aug/2013:01:52:58 -0400] "GET /attractionsprices.html HTTP/1.1" 200 38520 "http://www.google.com/url?sa=t&rct=j&q=farragut%20golf%20games&source=web&cd=1&ved=0CDIQ0gIoADAA&url=http%3A%2F%2Ffarragutputtputt.com%2Fattractionsprices.html&ei=MHgIUtCDAsq8yAHH8YGwAQ&usg=AFQjCNERY9_caEUvzkw9pq9stdf5SzQ_jw&bvm=bv.50500085,d.aWc" "Mozilla/5.0 (compatible; MSIE 9.0; Windows NT 6.1; WOW64; Trident/5.0)"
192.132.228.1 - - [12/Aug/2013:01:52:58 -0400] "GET /scripts/user.js HTTP/1.1" 200 23762 "http://farragutputtputt.com/attractionsprices.html" "Mozilla/5.0 (compatible; MSIE 9.0; Windows NT 6.1; WOW64; Trident/5.0)"
192.132.228.1 - - [12/Aug/2013:01:52:59 -0400] "GET /scripts/icwebsiteelement.css HTTP/1.1" 200 8132 "http://farragutputtputt.com/attractionsprices.html" "Mozilla/5.0 (compatible; MSIE 9.0; Windows NT 6.1; WOW64; Trident/5.0)"
184.60.167.231 - - [12/Aug/2013:19:23:07 -0400] "GET /images/88_tennessee_fl_md_wht.gif HTTP/1.1" 200 7701 "http://www.farragutputtputt.com/" "Mozilla/5.0 (Linux; U; Android 4.1.2; en-us; SCH-I535 Build/JZO54K) AppleWebKit/534.30 (KHTML, like Gecko) Version/4.0 Mobile Safari/534.30"
68.108.33.124 - - [12/Aug/2013:20:07:05 -0400] "GET /images/200_batter.jpg HTTP/1.1" 200 8643 "http://find.mapmuse.com/map/batting-cages/near/Las+Vegas,%20NV" "Mozilla/5.0 (Linux; U; Android 4.0.4; en-us; SAMSUNG-SGH-I727 Build/IMM76D) AppleWebKit/534.30 (KHTML, like Gecko) Version/4.0 Mobile Safari/534.30"
69.245.42.102 - - [12/Aug/2013:20:17:18 -0400] "GET /images/212_BatZone.jpg HTTP/1.1" 200 11220 "http://www.farragutputtputt.com/attractionsprices.html" "Mozilla/5.0 (Macintosh; Intel Mac OS X 10_7_5) AppleWebKit/536.30.1 (KHTML, like Gecko) Version/6.0.5 Safari/536.30.1"
69.245.42.102 - - [12/Aug/2013:20:17:18 -0400] "GET /images/130_spot_join.jpg HTTP/1.1" 200 7882 "http://www.farragutputtputt.com/attractionsprices.html" "Mozilla/5.0 (Macintosh; Intel Mac OS X 10_7_5) AppleWebKit/536.30.1 (KHTML, like Gecko) Version/6.0.5 Safari/536.30.1"
69.245.42.102 - - [12/Aug/2013:20:17:18 -0400] "GET /images/150_487054.gif HTTP/1.1" 200 10214 "http://www.farragutputtputt.com/attractionsprices.html" "Mozilla/5.0 (Macintosh; Intel Mac OS X 10_7_5) AppleWebKit/536.30.1 (KHTML, like Gecko) Version/6.0.5 Safari/536.30.1"
69.245.42.102 - - [12/Aug/2013:20:17:18 -0400] "GET /images/240_IttiBitz_Neapolitan_20Image.jpg HTTP/1.1" 200 11511 "http://www.farragutputtputt.com/attractionsprices.html" "Mozilla/5.0 (Macintosh; Intel Mac OS X 10_7_5) AppleWebKit/536.30.1 (KHTML, like Gecko) Version/6.0.5 Safari/536.30.1"
205.204.248.68 - - [12/Aug/2013:08:54:49 -0400] "GET /scripts/ic_globals_published.js HTTP/1.1" 200 566 "http://farragutputtputt.com/attractionsprices.html" "Mozilla/5.0 (Windows NT 5.1) AppleWebKit/537.36 (KHTML, like Gecko) Chrome/28.0.1500.95 Safari/537.36"
205.204.248.68 - - [12/Aug/2013:08:54:49 -0400] "GET /scripts/2custom.css HTTP/1.1" 200 5279 "http://farragutputtputt.com/attractionsprices.html" "Mozilla/5.0 (Windows NT 5.1) AppleWebKit/537.36 (KHTML, like Gecko) Chrome/28.0.1500.95 Safari/537.36"
178.137.128.238 - - [12/Aug/2013:13:28:48 -0400] "GET / HTTP/1.1" 200 26568 "http://www.rospromtest.ru/" "Mozilla/4.0 (compatible; MSIE 6.0; Windows NT 5.1; SV1; FunWebProducts)"
70.210.2.86 - - [12/Aug/2013:13:51:55 -0400] "GET /images/253_BusterBatZone.jpg HTTP/1.1" 200 15829 "http://www.farragutputtputt.com/attractionsprices.html" "Mozilla/5.0 (Linux; U; Android 2.3.6; en-us; VS840 4G Build/GRK39F) AppleWebKit/533.1 (KHTML, like Gecko) Version/4.0 Mobile Safari/533.1"
205.204.248.72 - - [12/Aug/2013:09:01:55 -0400] "GET /scripts/5custom.css HTTP/1.1" 200 2956 "http://farragutputtputt.com/letthefunbegin.html" "Mozilla/5.0 (Windows NT 5.1; rv:22.0) Gecko/20100101 Firefox/22.0"
205.204.248.72 - - [12/Aug/2013:09:01:55 -0400] "GET /images/photoalbum/button_photoNext.jpg HTTP/1.1" 200 662 "http://farragutputtputt.com/letthefunbegin.html" "Mozilla/5.0 (Windows NT 5.1; rv:22.0) Gecko/20100101 Firefox/22.0"
205.204.248.72 - - [12/Aug/2013:09:01:55 -0400] "GET /images/photoalbum/detail_close.jpg HTTP/1.1" 200 1095 "http://farragutputtputt.com/letthefunbegin.html" "Mozilla/5.0 (Windows NT 5.1; rv:22.0) Gecko/20100101 Firefox/22.0"
205.204.248.72 - - [12/Aug/2013:09:01:56 -0400] "GET /images/photoalbum/button_photoSpeed2_ON.jpg HTTP/1.1" 200 492 "http://farragutputtputt.com/letthefunbegin.html" "Mozilla/5.0 (Windows NT 5.1; rv:22.0) Gecko/20100101 Firefox/22.0"
205.204.248.72 - - [12/Aug/2013:09:01:56 -0400] "GET /images/205_IMG_0026.jpg HTTP/1.1" 200 13622 "http://farragutputtputt.com/letthefunbegin.html" "Mozilla/5.0 (Windows NT 5.1; rv:22.0) Gecko/20100101 Firefox/22.0"
205.204.248.72 - - [12/Aug/2013:09:01:56 -0400] "GET /images/480_IMG_0018.jpg HTTP/1.1" 200 22773 "http://farragutputtputt.com/letthefunbegin.html" "Mozilla/5.0 (Windows NT 5.1; rv:22.0) Gecko/20100101 Firefox/22.0"
205.204.248.72 - - [12/Aug/2013:09:01:58 -0400] "GET /images/164_march_2009_putt-putt_017.jpg HTTP/1.1" 200 7975 "http://farragutputtputt.com/letthefunbegin.html" "Mozilla/5.0 (Windows NT 5.1; rv:22.0) Gecko/20100101 Firefox/22.0"
198.105.219.58 - - [12/Aug/2013:09:02:53 -0400] "HEAD / HTTP/1.1" 200 - "-" "checks.panopta.com"
166.182.80.129 - - [12/Aug/2013:10:32:58 -0400] "GET /images/88_tennessee_fl_md_wht.gif HTTP/1.1" 200 7701 "http://farragutputtputt.com/" "Mozilla/5.0 (Linux; U; Android 4.1.2; en-us; SCH-R950 Build/JZO54K) AppleWebKit/534.30 (KHTML, like Gecko) Version/4.0 Mobile Safari/534.30 USCC-R950"
166.182.80.129 - - [12/Aug/2013:10:32:58 -0400] "GET /images/174_buster-with-mail-box.JPG HTTP/1.1" 200 7132 "http://farragutputtputt.com/" "Mozilla/5.0 (Linux; U; Android 4.1.2; en-us; SCH-R950 Build/JZO54K) AppleWebKit/534.30 (KHTML, like Gecko) Version/4.0 Mobile Safari/534.30 USCC-R950"
70.210.0.92 - - [12/Aug/2013:10:35:12 -0400] "GET /scripts/template.css HTTP/1.1" 200 9762 "http://farragutputtputt.com/" "Mozilla/5.0 (iPhone; CPU iPhone OS 6_1_4 like Mac OS X) AppleWebKit/536.26 (KHTML, like Gecko) CriOS/28.0.1500.16 Mobile/10B350 Safari/8536.25"
70.210.0.92 - - [12/Aug/2013:10:35:12 -0400] "GET /images/385_im_party.gif HTTP/1.1" 200 20294 "http://farragutputtputt.com/" "Mozilla/5.0 (iPhone; CPU iPhone OS 6_1_4 like Mac OS X) AppleWebKit/536.26 (KHTML, like Gecko) CriOS/28.0.1500.16 Mobile/10B350 Safari/8536.25"
70.210.0.92 - - [12/Aug/2013:10:35:12 -0400] "GET /images/ic_046_accent_bg.png HTTP/1.1" 200 9871 "http://farragutputtputt.com/" "Mozilla/5.0 (iPhone; CPU iPhone OS 6_1_4 like Mac OS X) AppleWebKit/536.26 (KHTML, like Gecko) CriOS/28.0.1500.16 Mobile/10B350 Safari/8536.25"
70.210.0.92 - - [12/Aug/2013:10:35:14 -0400] "GET /scripts/print.css HTTP/1.1" 200 - "http://farragutputtputt.com/" "Mozilla/5.0 (iPhone; CPU iPhone OS 6_1_4 like Mac OS X) AppleWebKit/536.26 (KHTML, like Gecko) CriOS/28.0.1500.16 Mobile/10B350 Safari/8536.25"
70.210.0.92 - - [12/Aug/2013:10:35:14 -0400] "GET /favicon.ico HTTP/1.1" 404 575 "-" "Mozilla/5.0 (iPhone; CPU iPhone OS 6_1_4 like Mac OS X) AppleWebKit/536.26 (KHTML, like Gecko) CriOS/28.0.1500.16 Mobile/10B350 Safari/8536.25"
208.62.121.66 - - [12/Aug/2013:11:54:09 -0400] "GET /images/0_busterhappy.JPG HTTP/1.1" 200 19119 "http://farragutputtputt.com/specialsgroups.html" "Mozilla/5.0 (compatible; MSIE 10.0; Windows NT 6.1; WOW64; Trident/6.0)"
209.190.1.132 - - [12/Aug/2013:03:16:19 -0400] "GET / HTTP/1.1" 200 26568 "-" "Mozilla/5.0 (compatible; MSIE 8.0; Windows NT 5.1) KomodiaBot/1.0"
198.105.219.58 - - [12/Aug/2013:04:50:31 -0400] "GET / HTTP/1.1" 200 26568 "-" "checks.panopta.com"
134.167.1.1 - - [12/Aug/2013:09:55:55 -0400] "GET /images/385_im_party.gif HTTP/1.1" 200 20294 "http://www.farragutputtputt.com/" "Mozilla/5.0 (compatible; MSIE 9.0; Windows NT 6.1; WOW64; Trident/5.0)"
70.210.8.152 - - [12/Aug/2013:10:23:26 -0400] "GET / HTTP/1.1" 304 - "https://www.google.com/" "Mozilla/5.0 (iPhone; CPU iPhone OS 6_1_4 like Mac OS X) AppleWebKit/536.26 (KHTML, like Gecko) CriOS/28.0.1500.16 Mobile/10B350 Safari/8536.25"
70.210.8.152 - - [12/Aug/2013:10:23:26 -0400] "GET /scripts/ic_globals_published.js HTTP/1.1" 304 - "http://farragutputtputt.com/" "Mozilla/5.0 (iPhone; CPU iPhone OS 6_1_4 like Mac OS X) AppleWebKit/536.26 (KHTML, like Gecko) CriOS/28.0.1500.16 Mobile/10B350 Safari/8536.25"
70.210.8.152 - - [12/Aug/2013:10:23:26 -0400] "GET /scripts/icwebsiteelement.css HTTP/1.1" 304 - "http://farragutputtputt.com/" "Mozilla/5.0 (iPhone; CPU iPhone OS 6_1_4 like Mac OS X) AppleWebKit/536.26 (KHTML, like Gecko) CriOS/28.0.1500.16 Mobile/10B350 Safari/8536.25"
70.210.8.152 - - [12/Aug/2013:10:23:26 -0400] "GET /images/ic_046_content_top_bg_wide.png HTTP/1.1" 304 - "http://farragutputtputt.com/" "Mozilla/5.0 (iPhone; CPU iPhone OS 6_1_4 like Mac OS X) AppleWebKit/536.26 (KHTML, like Gecko) CriOS/28.0.1500.16 Mobile/10B350 Safari/8536.25"
24.93.97.29 - - [12/Aug/2013:10:59:57 -0400] "GET /scripts/2custom.css HTTP/1.1" 200 5279 "http://farragutputtputt.com/attractionsprices.html" "Mozilla/5.0 (iPod; CPU iPhone OS 6_1_3 like Mac OS X) AppleWebKit/536.26 (KHTML, like Gecko) Version/6.0 Mobile/10B329 Safari/8536.25"
24.93.97.29 - - [12/Aug/2013:10:59:57 -0400] "GET /images/356_golfheader.jpg HTTP/1.1" 200 11752 "http://farragutputtputt.com/attractionsprices.html" "Mozilla/5.0 (iPod; CPU iPhone OS 6_1_3 like Mac OS X) AppleWebKit/536.26 (KHTML, like Gecko) Version/6.0 Mobile/10B329 Safari/8536.25"
24.93.97.29 - - [12/Aug/2013:10:59:57 -0400] "GET /images/130_spot_join.jpg HTTP/1.1" 200 7882 "http://farragutputtputt.com/attractionsprices.html" "Mozilla/5.0 (iPod; CPU iPhone OS 6_1_3 like Mac OS X) AppleWebKit/536.26 (KHTML, like Gecko) Version/6.0 Mobile/10B329 Safari/8536.25"
24.93.97.29 - - [12/Aug/2013:10:59:57 -0400] "GET /images/150_487054.gif HTTP/1.1" 200 10214 "http://farragutputtputt.com/attractionsprices.html" "Mozilla/5.0 (iPod; CPU iPhone OS 6_1_3 like Mac OS X) AppleWebKit/536.26 (KHTML, like Gecko) Version/6.0 Mobile/10B329 Safari/8536.25"
70.210.2.86 - - [12/Aug/2013:11:00:48 -0400] "GET /images/212_BatZone.jpg HTTP/1.1" 200 11220 "http://www.farragutputtputt.com/attractionsprices.html" "Mozilla/5.0 (Linux; U; Android 2.3.6; en-us; VS840 4G Build/GRK39F) AppleWebKit/533.1 (KHTML, like Gecko) Version/4.0 Mobile Safari/533.1"
24.60.138.211 - - [12/Aug/2013:11:11:37 -0400] "GET /images/200_batter.jpg HTTP/1.1" 200 8643 "http://find.mapmuse.com/map/batting-cages/near/03103" "Mozilla/5.0 (Windows NT 6.2; WOW64; rv:23.0) Gecko/20100101 Firefox/23.0"
208.62.121.66 - - [12/Aug/2013:11:55:05 -0400] "GET /images/photoalbum/button_photoPause.jpg HTTP/1.1" 200 605 "http://farragutputtputt.com/letthefunbegin.html" "Mozilla/5.0 (compatible; MSIE 10.0; Windows NT 6.1; WOW64; Trident/6.0)"
208.62.121.66 - - [12/Aug/2013:11:55:05 -0400] "GET /images/photoalbum/button_photoFirst.jpg HTTP/1.1" 200 637 "http://farragutputtputt.com/letthefunbegin.html" "Mozilla/5.0 (compatible; MSIE 10.0; Windows NT 6.1; WOW64; Trident/6.0)"
208.62.121.66 - - [12/Aug/2013:11:55:05 -0400] "GET /images/photoalbum/button_photoSpeed3_ON.jpg HTTP/1.1" 200 587 "http://farragutputtputt.com/letthefunbegin.html" "Mozilla/5.0 (compatible; MSIE 10.0; Windows NT 6.1; WOW64; Trident/6.0)"
208.62.121.66 - - [12/Aug/2013:11:55:06 -0400] "GET /images/205_IMG_0026.jpg HTTP/1.1" 200 13622 "http://farragutputtputt.com/letthefunbegin.html" "Mozilla/5.0 (compatible; MSIE 10.0; Windows NT 6.1; WOW64; Trident/6.0)"
66.87.119.127 - - [12/Aug/2013:22:19:54 -0400] "GET /images/200_batter.jpg HTTP/1.1" 200 8643 "http://find.mapmuse.com/map/batting-cages/near/Walnut+creek" "Mozilla/5.0 (iPhone; CPU iPhone OS 6_1_4 like Mac OS X) AppleWebKit/536.26 (KHTML, like Gecko) Version/6.0 Mobile/10B350 Safari/8536.25"
37.59.50.71 - - [12/Aug/2013:23:27:32 -0400] "GET / HTTP/1.1" 200 26610 "-" "Mozilla/5.0 (Windows NT 6.1; WOW64; en-US;) AppleWebKit/537.36 (KHTML, like Gecko) Chrome/28.0.1500.95 Safari/537.36"
66.87.96.229 - - [12/Aug/2013:02:52:19 -0400] "GET /images/doc_pdf.gif HTTP/1.1" 200 1002 "http://www.farragutputtputt.com/attractionsprices.html" "Mozilla/5.0 (Linux; Android 4.2.2; en-us; SAMSUNG SPH-L720 Build/JDQ39) AppleWebKit/535.19 (KHTML, like Gecko) Version/1.0 Chrome/18.0.1025.308 Mobile Safari/535.19"
66.87.96.229 - - [12/Aug/2013:02:52:19 -0400] "GET /images/150_bunn_frozen_drinks.jpg HTTP/1.1" 200 3756 "http://www.farragutputtputt.com/attractionsprices.html" "Mozilla/5.0 (Linux; Android 4.2.2; en-us; SAMSUNG SPH-L720 Build/JDQ39) AppleWebKit/535.19 (KHTML, like Gecko) Version/1.0 Chrome/18.0.1025.308 Mobile Safari/535.19"
66.87.96.229 - - [12/Aug/2013:02:52:19 -0400] "GET /images/150_730111.gif HTTP/1.1" 200 10756 "http://www.farragutputtputt.com/attractionsprices.html" "Mozilla/5.0 (Linux; Android 4.2.2; en-us; SAMSUNG SPH-L720 Build/JDQ39) AppleWebKit/535.19 (KHTML, like Gecko) Version/1.0 Chrome/18.0.1025.308 Mobile Safari/535.19"
205.204.248.72 - - [12/Aug/2013:08:59:55 -0400] "GET /scripts/template.css HTTP/1.1" 200 9762 "http://farragutputtputt.com/attractionsprices.html" "Mozilla/5.0 (Windows NT 5.1; rv:22.0) Gecko/20100101 Firefox/22.0"
205.204.248.72 - - [12/Aug/2013:08:59:56 -0400] "GET /images/212_BatZone.jpg HTTP/1.1" 200 11220 "http://farragutputtputt.com/attractionsprices.html" "Mozilla/5.0 (Windows NT 5.1; rv:22.0) Gecko/20100101 Firefox/22.0"
205.204.248.72 - - [12/Aug/2013:08:59:56 -0400] "GET /images/144_Big_Bass_Wheel_parts.jpg HTTP/1.1" 200 10460 "http://farragutputtputt.com/attractionsprices.html" "Mozilla/5.0 (Windows NT 5.1; rv:22.0) Gecko/20100101 Firefox/22.0"
205.204.248.72 - - [12/Aug/2013:08:59:56 -0400] "GET /images/150_bunn_frozen_drinks.jpg HTTP/1.1" 200 3756 "http://farragutputtputt.com/attractionsprices.html" "Mozilla/5.0 (Windows NT 5.1; rv:22.0) Gecko/20100101 Firefox/22.0"
205.204.248.72 - - [12/Aug/2013:08:59:56 -0400] "GET /images/150_730111.gif HTTP/1.1" 200 10756 "http://farragutputtputt.com/attractionsprices.html" "Mozilla/5.0 (Windows NT 5.1; rv:22.0) Gecko/20100101 Firefox/22.0"
205.204.248.72 - - [12/Aug/2013:08:59:56 -0400] "GET /images/ic_046_header_bg_wide.png HTTP/1.1" 200 3558 "http://farragutputtputt.com/scripts/template.css" "Mozilla/5.0 (Windows NT 5.1; rv:22.0) Gecko/20100101 Firefox/22.0"
205.204.248.72 - - [12/Aug/2013:08:59:56 -0400] "GET /images/ic_046_content_bottom_bg_wide.png HTTP/1.1" 200 1373 "http://farragutputtputt.com/scripts/template.css" "Mozilla/5.0 (Windows NT 5.1; rv:22.0) Gecko/20100101 Firefox/22.0"
66.87.107.13 - - [12/Aug/2013:12:59:46 -0400] "GET /scripts/website.css HTTP/1.1" 200 1642 "http://farragutputtputt.com/attractionsprices.html" "Mozilla/5.0 (Linux; U; Android 2.3.7; en-us; LG-VM696 Build/ZV5.GWK74) AppleWebKit/533.1 (KHTML, like Gecko) Version/4.0 Mobile Safari/533.1"
66.87.107.13 - - [12/Aug/2013:12:59:48 -0400] "GET /scripts/template.css HTTP/1.1" 200 9762 "http://farragutputtputt.com/attractionsprices.html" "Mozilla/5.0 (Linux; U; Android 2.3.7; en-us; LG-VM696 Build/ZV5.GWK74) AppleWebKit/533.1 (KHTML, like Gecko) Version/4.0 Mobile Safari/533.1"
50.147.41.205 - - [12/Aug/2013:13:19:08 -0400] "GET /images/88_tennessee_fl_md_wht.gif HTTP/1.1" 200 7701 "http://www.farragutputtputt.com/" "Mozilla/5.0 (compatible; MSIE 9.0; Windows NT 6.1; WOW64; Trident/5.0)"
157.55.32.221 - - [12/Aug/2013:13:34:29 -0400] "GET / HTTP/1.1" 304 - "-" "Mozilla/5.0 (compatible; bingbot/2.0; +http://www.bing.com/bingbot.htm)"
70.210.2.86 - - [12/Aug/2013:13:51:29 -0400] "GET /images/174_PPCG.jpg HTTP/1.1" 200 8468 "http://www.farragutputtputt.com/" "Mozilla/5.0 (Linux; U; Android 2.3.6; en-us; VS840 4G Build/GRK39F) AppleWebKit/533.1 (KHTML, like Gecko) Version/4.0 Mobile Safari/533.1"
68.61.4.251 - - [12/Aug/2013:15:16:06 -0400] "GET /images/200_batter.jpg HTTP/1.1" 200 8643 "http://find.mapmuse.com/map/batting-cages" "Mozilla/5.0 (Windows NT 6.1; WOW64; rv:22.0) Gecko/20100101 Firefox/22.0"
76.18.184.253 - - [12/Aug/2013:15:53:00 -0400] "GET /scripts/template.css HTTP/1.1" 200 9762 "http://farragutputtputt.com/" "Mozilla/5.0 (compatible; MSIE 10.0; Windows NT 6.1; WOW64; Trident/6.0)"
76.18.184.253 - - [12/Aug/2013:15:53:00 -0400] "GET /images/385_im_party.gif HTTP/1.1" 200 20294 "http://farragutputtputt.com/" "Mozilla/5.0 (compatible; MSIE 10.0; Windows NT 6.1; WOW64; Trident/6.0)"
76.18.184.253 - - [12/Aug/2013:15:53:00 -0400] "GET /images/ic_046_navcontainer_bg.png HTTP/1.1" 200 5832 "http://farragutputtputt.com/" "Mozilla/5.0 (compatible; MSIE 10.0; Windows NT 6.1; WOW64; Trident/6.0)"
71.80.76.145 - - [12/Aug/2013:16:37:57 -0400] "GET /scripts/template.css HTTP/1.1" 200 9762 "http://farragutputtputt.com/" "Mozilla/5.0 (Windows NT 6.1; WOW64) AppleWebKit/537.36 (KHTML, like Gecko) Chrome/28.0.1500.95 Safari/537.36"
71.80.76.145 - - [12/Aug/2013:16:37:57 -0400] "GET /images/385_im_party.gif HTTP/1.1" 200 20294 "http://farragutputtputt.com/" "Mozilla/5.0 (Windows NT 6.1; WOW64) AppleWebKit/537.36 (KHTML, like Gecko) Chrome/28.0.1500.95 Safari/537.36"
71.80.76.145 - - [12/Aug/2013:16:37:57 -0400] "GET /images/media_snd.gif HTTP/1.1" 200 1379 "http://farragutputtputt.com/" "Mozilla/5.0 (Windows NT 6.1; WOW64) AppleWebKit/537.36 (KHTML, like Gecko) Chrome/28.0.1500.95 Safari/537.36"
71.80.76.145 - - [12/Aug/2013:16:37:59 -0400] "GET /images/ic_046_navcontainer_bg.png HTTP/1.1" 200 5832 "http://farragutputtputt.com/" "Mozilla/5.0 (Windows NT 6.1; WOW64) AppleWebKit/537.36 (KHTML, like Gecko) Chrome/28.0.1500.95 Safari/537.36"
71.80.76.145 - - [12/Aug/2013:16:37:59 -0400] "GET /images/ic_046_content_bottom_bg_wide.png HTTP/1.1" 200 1373 "http://farragutputtputt.com/" "Mozilla/5.0 (Windows NT 6.1; WOW64) AppleWebKit/537.36 (KHTML, like Gecko) Chrome/28.0.1500.95 Safari/537.36"
71.80.76.145 - - [12/Aug/2013:16:38:01 -0400] "GET /scripts/3custom.css HTTP/1.1" 200 4671 "http://farragutputtputt.com/specialsgroups.html" "Mozilla/5.0 (Windows NT 6.1; WOW64) AppleWebKit/537.36 (KHTML, like Gecko) Chrome/28.0.1500.95 Safari/537.36"
71.80.76.145 - - [12/Aug/2013:16:38:01 -0400] "GET /images/doc_pdf.gif HTTP/1.1" 200 1002 "http://farragutputtputt.com/specialsgroups.html" "Mozilla/5.0 (Windows NT 6.1; WOW64) AppleWebKit/537.36 (KHTML, like Gecko) Chrome/28.0.1500.95 Safari/537.36"
107.197.65.2 - - [12/Aug/2013:16:50:08 -0400] "GET /images/200_batter.jpg HTTP/1.1" 200 8643 "http://find.mapmuse.com/map/batting-cages/near/Encinitas,+CA" "Mozilla/5.0 (iPhone; CPU iPhone OS 6_1_3 like Mac OS X) AppleWebKit/536.26 (KHTML, like Gecko) Version/6.0 Mobile/10B329 Safari/8536.25"
107.7.182.146 - - [12/Aug/2013:18:52:25 -0400] "GET /scripts/website.css HTTP/1.1" 200 1642 "http://farragutputtputt.com/" "Mozilla/5.0 (Windows NT 5.1; rv:23.0) Gecko/20100101 Firefox/23.0"
107.7.182.146 - - [12/Aug/2013:18:52:26 -0400] "GET /images/84_USA-05.gif HTTP/1.1" 200 9755 "http://farragutputtputt.com/" "Mozilla/5.0 (Windows NT 5.1; rv:23.0) Gecko/20100101 Firefox/23.0"
107.7.182.146 - - [12/Aug/2013:18:52:26 -0400] "GET /images/ic_046_accent_bg.png HTTP/1.1" 200 9871 "http://farragutputtputt.com/scripts/template.css" "Mozilla/5.0 (Windows NT 5.1; rv:23.0) Gecko/20100101 Firefox/23.0"
107.7.182.146 - - [12/Aug/2013:18:52:26 -0400] "GET /images/ic_046_content_top_bg_wide.png HTTP/1.1" 200 780 "http://farragutputtputt.com/scripts/template.css" "Mozilla/5.0 (Windows NT 5.1; rv:23.0) Gecko/20100101 Firefox/23.0"
166.137.100.34 - - [12/Aug/2013:19:29:58 -0400] "GET /scripts/website.css HTTP/1.1" 200 1642 "http://www.farragutputtputt.com/" "Mozilla/5.0 (iPhone; CPU iPhone OS 6_1_4 like Mac OS X) AppleWebKit/536.26 (KHTML, like Gecko) Mobile/10B350"
166.137.100.34 - - [12/Aug/2013:19:29:58 -0400] "GET /images/84_USA-05.gif HTTP/1.1" 200 9755 "http://www.farragutputtputt.com/" "Mozilla/5.0 (iPhone; CPU iPhone OS 6_1_4 like Mac OS X) AppleWebKit/536.26 (KHTML, like Gecko) Mobile/10B350"
166.137.100.34 - - [12/Aug/2013:19:29:59 -0400] "GET /images/ic_046_content_top_bg_wide.png HTTP/1.1" 200 780 "http://www.farragutputtputt.com/" "Mozilla/5.0 (iPhone; CPU iPhone OS 6_1_4 like Mac OS X) AppleWebKit/536.26 (KHTML, like Gecko) Mobile/10B350"
77.88.28.246 - - [12/Aug/2013:20:13:27 -0400] "GET / HTTP/1.1" 200 26568 "-" "Mozilla/5.0 (compatible; YandexBot/3.0; +http://yandex.com/bots)"
69.245.42.102 - - [12/Aug/2013:20:17:18 -0400] "GET /images/220_PPCG.jpg HTTP/1.1" 200 11316 "http://www.farragutputtputt.com/attractionsprices.html" "Mozilla/5.0 (Macintosh; Intel Mac OS X 10_7_5) AppleWebKit/536.30.1 (KHTML, like Gecko) Version/6.0.5 Safari/536.30.1"
69.245.42.102 - - [12/Aug/2013:20:17:18 -0400] "GET /images/220_SnackShack.jpg HTTP/1.1" 200 14543 "http://www.farragutputtputt.com/attractionsprices.html" "Mozilla/5.0 (Macintosh; Intel Mac OS X 10_7_5) AppleWebKit/536.30.1 (KHTML, like Gecko) Version/6.0.5 Safari/536.30.1"
69.245.42.102 - - [12/Aug/2013:20:17:18 -0400] "GET /images/150_730111.gif HTTP/1.1" 200 10756 "http://www.farragutputtputt.com/attractionsprices.html" "Mozilla/5.0 (Macintosh; Intel Mac OS X 10_7_5) AppleWebKit/536.30.1 (KHTML, like Gecko) Version/6.0.5 Safari/536.30.1"
74.76.122.92 - - [12/Aug/2013:18:44:11 -0400] "GET /images/200_batter.jpg HTTP/1.1" 200 8643 "http://find.mapmuse.com/map/batting-cages/near/Saratoga+Springs,%20NY" "Mozilla/5.0 (Windows NT 6.1; WOW64; rv:23.0) Gecko/20100101 Firefox/23.0"
75.131.34.199 - - [12/Aug/2013:19:48:31 -0400] "GET /scripts/4custom.css HTTP/1.1" 200 4945 "http://farragutputtputt.com/birthdaypartyinfo.html" "Mozilla/5.0 (Macintosh; Intel Mac OS X 10_8_4) AppleWebKit/537.36 (KHTML, like Gecko) Chrome/28.0.1500.95 Safari/537.36"
75.131.34.199 - - [12/Aug/2013:19:49:53 -0400] "GET /images/photoalbum/button_photoNext.jpg HTTP/1.1" 200 662 "http://farragutputtputt.com/letthefunbegin.html" "Mozilla/5.0 (Macintosh; Intel Mac OS X 10_8_4) AppleWebKit/537.36 (KHTML, like Gecko) Chrome/28.0.1500.95 Safari/537.36"
75.131.34.199 - - [12/Aug/2013:19:49:53 -0400] "GET /images/photoalbum/button_photoSpeed1_ON.jpg HTTP/1.1" 200 476 "http://farragutputtputt.com/letthefunbegin.html" "Mozilla/5.0 (Macintosh; Intel Mac OS X 10_8_4) AppleWebKit/537.36 (KHTML, like Gecko) Chrome/28.0.1500.95 Safari/537.36"
75.131.34.199 - - [12/Aug/2013:19:49:53 -0400] "GET /images/photoalbum/button_photoSpeed5.jpg HTTP/1.1" 200 502 "http://farragutputtputt.com/letthefunbegin.html" "Mozilla/5.0 (Macintosh; Intel Mac OS X 10_8_4) AppleWebKit/537.36 (KHTML, like Gecko) Chrome/28.0.1500.95 Safari/537.36"
75.131.34.199 - - [12/Aug/2013:19:49:54 -0400] "GET /images/360_IMG_0025.jpg HTTP/1.1" 200 35576 "http://farragutputtputt.com/letthefunbegin.html" "Mozilla/5.0 (Macintosh; Intel Mac OS X 10_8_4) AppleWebKit/537.36 (KHTML, like Gecko) Chrome/28.0.1500.95 Safari/537.36"
75.131.34.199 - - [12/Aug/2013:19:49:55 -0400] "GET /images/767_IMG_0048.jpg HTTP/1.1" 200 62541 "http://farragutputtputt.com/letthefunbegin.html" "Mozilla/5.0 (Macintosh; Intel Mac OS X 10_8_4) AppleWebKit/537.36 (KHTML, like Gecko) Chrome/28.0.1500.95 Safari/537.36"
64.134.178.90 - - [12/Aug/2013:21:15:31 -0400] "GET /scripts/template.css HTTP/1.1" 200 9762 "http://www.farragutputtputt.com/" "Mozilla/5.0 (iPad; CPU OS 6_1_3 like Mac OS X) AppleWebKit/536.26 (KHTML, like Gecko) Version/6.0 Mobile/10B329 Safari/8536.25"
64.134.178.90 - - [12/Aug/2013:21:15:36 -0400] "GET /scripts/user.js HTTP/1.1" 200 23762 "http://www.farragutputtputt.com/" "Mozilla/5.0 (iPad; CPU OS 6_1_3 like Mac OS X) AppleWebKit/536.26 (KHTML, like Gecko) Version/6.0 Mobile/10B329 Safari/8536.25"
66.249.75.44 - - [12/Aug/2013:21:38:21 -0400] "GET /images/Putt-Putt_Employment_Application_2011.pdf HTTP/1.1" 304 - "-" "Mozilla/5.0 (iPhone; U; CPU iPhone OS 4_1 like Mac OS X; en-us) AppleWebKit/532.9 (KHTML, like Gecko) Version/4.0.5 Mobile/8B117 Safari/6531.22.7 (compatible; Googlebot-Mobile/2.1; +http://www.google.com/bot.html)"
76.177.66.28 - - [12/Aug/2013:21:55:23 -0400] "GET /scripts/website.css HTTP/1.1" 200 1642 "http://www.farragutputtputt.com/" "Mozilla/5.0 (iPhone; CPU iPhone OS 6_1_2 like Mac OS X) AppleWebKit/536.26 (KHTML, like Gecko) Version/6.0 Mobile/10B146 Safari/8536.25"
174.237.39.17 - - [12/Aug/2013:22:27:05 -0400] "GET /images/doc_pdf.gif HTTP/1.1" 200 1002 "http://farragutputtputt.com/attractionsprices.html" "Mozilla/5.0 (iPhone; CPU iPhone OS 6_1_3 like Mac OS X) AppleWebKit/536.26 (KHTML, like Gecko) Version/6.0 Mobile/10B329 Safari/8536.25"
198.105.219.58 - - [12/Aug/2013:23:27:10 -0400] "HEAD / HTTP/1.1" 200 - "-" "checks.panopta.com"
66.87.96.229 - - [12/Aug/2013:02:51:51 -0400] "GET /images/88_tennessee_fl_md_wht.gif HTTP/1.1" 200 7701 "http://www.farragutputtputt.com/" "Mozilla/5.0 (Linux; Android 4.2.2; en-us; SAMSUNG SPH-L720 Build/JDQ39) AppleWebKit/535.19 (KHTML, like Gecko) Version/1.0 Chrome/18.0.1025.308 Mobile Safari/535.19"
66.87.96.229 - - [12/Aug/2013:02:51:53 -0400] "GET /favicon.ico HTTP/1.1" 404 575 "-" "Mozilla/5.0 (Linux; Android 4.2.2; en-us; SAMSUNG SPH-L720 Build/JDQ39) AppleWebKit/535.19 (KHTML, like Gecko) Version/1.0 Chrome/18.0.1025.308 Mobile Safari/535.19"
198.105.219.58 - - [12/Aug/2013:12:50:58 -0400] "HEAD / HTTP/1.1" 200 - "-" "checks.panopta.com"
157.55.32.221 - - [12/Aug/2013:13:12:55 -0400] "GET / HTTP/1.1" 200 26568 "-" "Mozilla/5.0 (compatible; bingbot/2.0; +http://www.bing.com/bingbot.htm)"
50.147.41.205 - - [12/Aug/2013:13:20:30 -0400] "GET /images/212_BatZone.jpg HTTP/1.1" 200 11220 "http://www.farragutputtputt.com/attractionsprices.html" "Mozilla/5.0 (compatible; MSIE 9.0; Windows NT 6.1; WOW64; Trident/5.0)"
74.93.246.21 - - [12/Aug/2013:13:46:52 -0400] "GET /scripts/photoalbum.js HTTP/1.1" 200 62481 "http://www.farragutputtputt.com/" "Mozilla/5.0 (Windows NT 5.1; rv:23.0) Gecko/20100101 Firefox/23.0"
74.93.246.21 - - [12/Aug/2013:13:46:52 -0400] "GET /images/88_tennessee_fl_md_wht.gif HTTP/1.1" 200 7701 "http://www.farragutputtputt.com/" "Mozilla/5.0 (Windows NT 5.1; rv:23.0) Gecko/20100101 Firefox/23.0"
74.93.246.21 - - [12/Aug/2013:13:46:52 -0400] "GET /images/2004buster1.JPG HTTP/1.1" 200 5573 "http://www.farragutputtputt.com/scripts/website.css" "Mozilla/5.0 (Windows NT 5.1; rv:23.0) Gecko/20100101 Firefox/23.0"
74.93.246.21 - - [12/Aug/2013:13:46:52 -0400] "GET /images/ic_046_content_bottom_bg_wide.png HTTP/1.1" 200 1373 "http://www.farragutputtputt.com/scripts/template.css" "Mozilla/5.0 (Windows NT 5.1; rv:23.0) Gecko/20100101 Firefox/23.0"
207.198.113.238 - - [12/Aug/2013:13:52:07 -0400] "GET /images/356_golfheader.jpg HTTP/1.1" 200 11752 "http://farragutputtputt.com/attractionsprices.html" "Mozilla/5.0 (Macintosh; Intel Mac OS X 10_8_4) AppleWebKit/537.36 (KHTML, like Gecko) Chrome/28.0.1500.95 Safari/537.36"
207.198.113.238 - - [12/Aug/2013:13:52:07 -0400] "GET /images/253_BusterBatZone.jpg HTTP/1.1" 200 15829 "http://farragutputtputt.com/attractionsprices.html" "Mozilla/5.0 (Macintosh; Intel Mac OS X 10_8_4) AppleWebKit/537.36 (KHTML, like Gecko) Chrome/28.0.1500.95 Safari/537.36"
207.198.113.238 - - [12/Aug/2013:13:52:07 -0400] "GET /images/150_730111.gif HTTP/1.1" 200 10756 "http://farragutputtputt.com/attractionsprices.html" "Mozilla/5.0 (Macintosh; Intel Mac OS X 10_8_4) AppleWebKit/537.36 (KHTML, like Gecko) Chrome/28.0.1500.95 Safari/537.36"
174.252.145.182 - - [12/Aug/2013:14:08:17 -0400] "GET /images/164_IMG_0043.jpg HTTP/1.1" 200 6998 "http://farragutputtputt.com/letthefunbegin.html" "Mozilla/5.0 (iPhone; CPU iPhone OS 6_1_3 like Mac OS X) AppleWebKit/536.26 (KHTML, like Gecko) Version/6.0 Mobile/10B329 Safari/8536.25"
174.252.145.182 - - [12/Aug/2013:14:08:18 -0400] "GET /images/480_IMG_0052.jpg HTTP/1.1" 200 39299 "http://farragutputtputt.com/letthefunbegin.html" "Mozilla/5.0 (iPhone; CPU iPhone OS 6_1_3 like Mac OS X) AppleWebKit/536.26 (KHTML, like Gecko) Version/6.0 Mobile/10B329 Safari/8536.25"
174.252.145.182 - - [12/Aug/2013:14:08:21 -0400] "GET /images/767_march_2009_putt-putt_008.jpg HTTP/1.1" 200 79565 "http://farragutputtputt.com/letthefunbegin.html" "Mozilla/5.0 (iPhone; CPU iPhone OS 6_1_3 like Mac OS X) AppleWebKit/536.26 (KHTML, like Gecko) Version/6.0 Mobile/10B329 Safari/8536.25"
