50.240.97.161 - - [13/Aug/2013:17:44:31 -0400] "GET /images/385_im_party.gif HTTP/1.1" 200 20294 "http://www.farragutputtputt.com/" "Mozilla/5.0 (compatible; MSIE 10.0; Windows NT 6.1; Trident/6.0)"
99.50.37.223 - - [13/Aug/2013:18:12:37 -0400] "GET /images/200_batter.jpg HTTP/1.1" 200 8643 "http://find.mapmuse.com/map/batting-cages/near/Cypress,+TX" "Mozilla/5.0 (iPod; CPU iPhone OS 6_1_2 like Mac OS X) AppleWebKit/536.26 (KHTML, like Gecko) Mobile/10B146"
67.186.146.71 - - [13/Aug/2013:18:33:46 -0400] "GET /images/212_BatZone.jpg HTTP/1.1" 200 11220 "http://www.farragutputtputt.com/attractionsprices.html" "Mozilla/5.0 (iPad; CPU OS 6_0_1 like Mac OS X) AppleWebKit/536.26 (KHTML, like Gecko) Version/6.0 Mobile/10A523 Safari/8536.25"
67.186.146.71 - - [13/Aug/2013:18:33:46 -0400] "GET /images/253_BusterBatZone.jpg HTTP/1.1" 200 15829 "http://www.farragutputtputt.com/attractionsprices.html" "Mozilla/5.0 (iPad; CPU OS 6_0_1 like Mac OS X) AppleWebKit/536.26 (KHTML, like Gecko) Version/6.0 Mobile/10A523 Safari/8536.25"
67.186.146.71 - - [13/Aug/2013:18:33:46 -0400] "GET /images/150_487054.gif HTTP/1.1" 200 10214 "http://www.farragutputtputt.com/attractionsprices.html" "Mozilla/5.0 (iPad; CPU OS 6_0_1 like Mac OS X) AppleWebKit/536.26 (KHTML, like Gecko) Version/6.0 Mobile/10A523 Safari/8536.25"
99.127.193.31 - - [13/Aug/2013:18:39:30 -0400] "GET /scripts/icwebsiteelement.css HTTP/1.1" 200 8132 "http://www.farragutputtputt.com/" "Mozilla/5.0 (iPhone; CPU iPhone OS 6_1_3 like Mac OS X) AppleWebKit/536.26 (KHTML, like Gecko) Mobile/10B329"
70.210.7.235 - - [13/Aug/2013:19:28:04 -0400] "GET /scripts/photoalbum.js HTTP/1.1" 200 62481 "http://www.farragutputtputt.com/" "Mozilla/5.0 (iPhone; CPU iPhone OS 6_1_4 like Mac OS X) AppleWebKit/536.26 (KHTML, like Gecko) Version/6.0 Mobile/10B350 Safari/8536.25"
70.210.7.235 - - [13/Aug/2013:19:28:05 -0400] "GET /images/190_PPFC_ltfb.jpg HTTP/1.1" 200 7684 "http://www.farragutputtputt.com/" "Mozilla/5.0 (iPhone; CPU iPhone OS 6_1_4 like Mac OS X) AppleWebKit/536.26 (KHTML, like Gecko) Version/6.0 Mobile/10B350 Safari/8536.25"
70.210.7.235 - - [13/Aug/2013:19:28:05 -0400] "GET /images/ic_046_navcontainer_bg.png HTTP/1.1" 200 5832 "http://www.farragutputtputt.com/" "Mozilla/5.0 (iPhone; CPU iPhone OS 6_1_4 like Mac OS X) AppleWebKit/536.26 (KHTML, like Gecko) Version/6.0 Mobile/10B350 Safari/8536.25"
184.174.164.132 - - [13/Aug/2013:20:17:31 -0400] "GET / HTTP/1.1" 200 26610 "-" "Mozilla/5.0 (compatible; MSIE 10.0; Windows NT 6.2; WOW64; Trident/6.0)"
184.174.164.132 - - [13/Aug/2013:20:17:31 -0400] "GET /scripts/ic_globals_published.js HTTP/1.1" 200 566 "http://www.farragutputtputt.com/" "Mozilla/5.0 (compatible; MSIE 10.0; Windows NT 6.2; WOW64; Trident/6.0)"
184.174.164.132 - - [13/Aug/2013:20:17:31 -0400] "GET /scripts/template.css HTTP/1.1" 200 9762 "http://www.farragutputtputt.com/" "Mozilla/5.0 (compatible; MSIE 10.0; Windows NT 6.2; WOW64; Trident/6.0)"
184.174.164.132 - - [13/Aug/2013:20:17:31 -0400] "GET /scripts/website.css HTTP/1.1" 200 1642 "http://www.farragutputtputt.com/" "Mozilla/5.0 (compatible; MSIE 10.0; Windows NT 6.2; WOW64; Trident/6.0)"
184.174.164.132 - - [13/Aug/2013:20:17:31 -0400] "GET /scripts/icwebsiteelement.css HTTP/1.1" 200 8132 "http://www.farragutputtputt.com/" "Mozilla/5.0 (compatible; MSIE 10.0; Windows NT 6.2; WOW64; Trident/6.0)"
184.174.164.132 - - [13/Aug/2013:20:17:31 -0400] "GET /images/190_PPFC_ltfb.jpg HTTP/1.1" 200 7684 "http://www.farragutputtputt.com/" "Mozilla/5.0 (compatible; MSIE 10.0; Windows NT 6.2; WOW64; Trident/6.0)"
184.174.164.132 - - [13/Aug/2013:20:17:31 -0400] "GET /images/88_tennessee_fl_md_wht.gif HTTP/1.1" 200 7701 "http://www.farragutputtputt.com/" "Mozilla/5.0 (compatible; MSIE 10.0; Windows NT 6.2; WOW64; Trident/6.0)"
184.174.164.132 - - [13/Aug/2013:20:17:31 -0400] "GET /images/media_snd.gif HTTP/1.1" 200 1379 "http://www.farragutputtputt.com/" "Mozilla/5.0 (compatible; MSIE 10.0; Windows NT 6.2; WOW64; Trident/6.0)"
184.174.164.132 - - [13/Aug/2013:20:17:31 -0400] "GET /images/ic_046_nav_inner_bg.gif HTTP/1.1" 200 158 "http://www.farragutputtputt.com/" "Mozilla/5.0 (compatible; MSIE 10.0; Windows NT 6.2; WOW64; Trident/6.0)"
208.54.64.200 - - [13/Aug/2013:18:35:10 -0400] "GET /images/ic_046_content_bottom_bg.png HTTP/1.1" 200 1334 "http://farragutputtputt.com/attractionsprices.html" "Mozilla/5.0 (Linux; U; Android 2.3.6; en-us; SGH-T679 Build/GINGERBREAD) AppleWebKit/533.1 (KHTML, like Gecko) Version/4.0 Mobile Safari/533.1"
70.210.7.235 - - [13/Aug/2013:19:28:04 -0400] "GET /scripts/website.css HTTP/1.1" 200 1642 "http://www.farragutputtputt.com/" "Mozilla/5.0 (iPhone; CPU iPhone OS 6_1_4 like Mac OS X) AppleWebKit/536.26 (KHTML, like Gecko) Version/6.0 Mobile/10B350 Safari/8536.25"
70.210.7.235 - - [13/Aug/2013:19:28:53 -0400] "GET /scripts/2custom.css HTTP/1.1" 200 5279 "http://www.farragutputtputt.com/attractionsprices.html" "Mozilla/5.0 (iPhone; CPU iPhone OS 6_1_4 like Mac OS X) AppleWebKit/536.26 (KHTML, like Gecko) Version/6.0 Mobile/10B350 Safari/8536.25"
70.210.7.235 - - [13/Aug/2013:19:28:53 -0400] "GET /images/356_golfheader.jpg HTTP/1.1" 200 11752 "http://www.farragutputtputt.com/attractionsprices.html" "Mozilla/5.0 (iPhone; CPU iPhone OS 6_1_4 like Mac OS X) AppleWebKit/536.26 (KHTML, like Gecko) Version/6.0 Mobile/10B350 Safari/8536.25"
70.210.7.235 - - [13/Aug/2013:19:28:54 -0400] "GET /images/150_bunn_frozen_drinks.jpg HTTP/1.1" 200 3756 "http://www.farragutputtputt.com/attractionsprices.html" "Mozilla/5.0 (iPhone; CPU iPhone OS 6_1_4 like Mac OS X) AppleWebKit/536.26 (KHTML, like Gecko) Version/6.0 Mobile/10B350 Safari/8536.25"
198.105.219.58 - - [13/Aug/2013:09:32:31 -0400] "HEAD / HTTP/1.1" 200 - "-" "checks.panopta.com"
134.167.1.1 - - [13/Aug/2013:10:34:19 -0400] "GET /scripts/1custom.css HTTP/1.1" 200 5022 "http://farragutputtputt.com/" "Mozilla/5.0 (compatible; MSIE 9.0; Windows NT 6.1; WOW64; Trident/5.0)"
134.167.1.1 - - [13/Aug/2013:10:34:19 -0400] "GET /images/2004buster1.JPG HTTP/1.1" 200 5573 "http://farragutputtputt.com/" "Mozilla/5.0 (compatible; MSIE 9.0; Windows NT 6.1; WOW64; Trident/5.0)"
134.167.1.1 - - [13/Aug/2013:10:44:54 -0400] "GET /images/174_PPCG.jpg HTTP/1.1" 304 - "http://farragutputtputt.com/welcome.html" "Mozilla/5.0 (compatible; MSIE 9.0; Windows NT 6.1; WOW64; Trident/5.0)"
134.167.1.1 - - [13/Aug/2013:10:44:55 -0400] "GET /images/ic_046_navcontainer_bg.png HTTP/1.1" 304 - "http://farragutputtputt.com/welcome.html" "Mozilla/5.0 (compatible; MSIE 9.0; Windows NT 6.1; WOW64; Trident/5.0)"
71.236.59.137 - - [13/Aug/2013:10:48:36 -0400] "GET /scripts/user.js HTTP/1.1" 200 23762 "http://farragutputtputt.com/" "Mozilla/5.0 (iPhone; CPU iPhone OS 6_1_3 like Mac OS X) AppleWebKit/536.26 (KHTML, like Gecko) Version/6.0 Mobile/10B329 Safari/8536.25"
71.236.59.137 - - [13/Aug/2013:10:48:37 -0400] "GET /images/504_PP_jpeg_map_2013.JPG HTTP/1.1" 200 21190 "http://farragutputtputt.com/" "Mozilla/5.0 (iPhone; CPU iPhone OS 6_1_3 like Mac OS X) AppleWebKit/536.26 (KHTML, like Gecko) Version/6.0 Mobile/10B329 Safari/8536.25"
71.236.59.137 - - [13/Aug/2013:10:48:37 -0400] "GET /images/ic_046_content_top_bg_wide.png HTTP/1.1" 200 780 "http://farragutputtputt.com/" "Mozilla/5.0 (iPhone; CPU iPhone OS 6_1_3 like Mac OS X) AppleWebKit/536.26 (KHTML, like Gecko) Version/6.0 Mobile/10B329 Safari/8536.25"
134.167.1.1 - - [13/Aug/2013:10:58:43 -0400] "GET /scripts/user.js HTTP/1.1" 304 - "http://farragutputtputt.com/attractionsprices.html" "Mozilla/5.0 (compatible; MSIE 9.0; Windows NT 6.1; WOW64; Trident/5.0)"
134.167.1.1 - - [13/Aug/2013:10:58:44 -0400] "GET /images/212_BatZone.jpg HTTP/1.1" 304 - "http://farragutputtputt.com/attractionsprices.html" "Mozilla/5.0 (compatible; MSIE 9.0; Windows NT 6.1; WOW64; Trident/5.0)"
134.167.1.1 - - [13/Aug/2013:10:58:44 -0400] "GET /images/150_bunn_frozen_drinks.jpg HTTP/1.1" 304 - "http://farragutputtputt.com/attractionsprices.html" "Mozilla/5.0 (compatible; MSIE 9.0; Windows NT 6.1; WOW64; Trident/5.0)"
68.84.92.115 - - [13/Aug/2013:10:59:14 -0400] "GET /scripts/website.css HTTP/1.1" 200 1642 "http://www.farragutputtputt.com/" "Mozilla/5.0 (Linux; Android 4.1.2; XT901 Build/9.8.2Q-50_SLS-13) AppleWebKit/537.36 (KHTML, like Gecko) Chrome/28.0.1500.94 Mobile Safari/537.36"
68.84.92.115 - - [13/Aug/2013:10:59:14 -0400] "GET /scripts/icwebsiteelement.css HTTP/1.1" 200 8132 "http://www.farragutputtputt.com/" "Mozilla/5.0 (Linux; Android 4.1.2; XT901 Build/9.8.2Q-50_SLS-13) AppleWebKit/537.36 (KHTML, like Gecko) Chrome/28.0.1500.94 Mobile Safari/537.36"
68.84.92.115 - - [13/Aug/2013:10:59:16 -0400] "GET /images/504_PP_jpeg_map_2013.JPG HTTP/1.1" 200 21190 "http://www.farragutputtputt.com/" "Mozilla/5.0 (Linux; Android 4.1.2; XT901 Build/9.8.2Q-50_SLS-13) AppleWebKit/537.36 (KHTML, like Gecko) Chrome/28.0.1500.94 Mobile Safari/537.36"
68.84.92.115 - - [13/Aug/2013:10:59:16 -0400] "GET /images/84_USA-05.gif HTTP/1.1" 200 9755 "http://www.farragutputtputt.com/" "Mozilla/5.0 (Linux; Android 4.1.2; XT901 Build/9.8.2Q-50_SLS-13) AppleWebKit/537.36 (KHTML, like Gecko) Chrome/28.0.1500.94 Mobile Safari/537.36"
68.84.92.115 - - [13/Aug/2013:10:59:16 -0400] "GET /images/media_snd.gif HTTP/1.1" 200 1379 "http://www.farragutputtputt.com/" "Mozilla/5.0 (Linux; Android 4.1.2; XT901 Build/9.8.2Q-50_SLS-13) AppleWebKit/537.36 (KHTML, like Gecko) Chrome/28.0.1500.94 Mobile Safari/537.36"
68.84.92.115 - - [13/Aug/2013:10:59:16 -0400] "GET /images/ic_046_navcontainer_bg.png HTTP/1.1" 200 5832 "http://www.farragutputtputt.com/" "Mozilla/5.0 (Linux; Android 4.1.2; XT901 Build/9.8.2Q-50_SLS-13) AppleWebKit/537.36 (KHTML, like Gecko) Chrome/28.0.1500.94 Mobile Safari/537.36"
68.84.92.115 - - [13/Aug/2013:10:59:16 -0400] "GET /images/ic_046_header_bg_wide.png HTTP/1.1" 200 3558 "http://www.farragutputtputt.com/" "Mozilla/5.0 (Linux; Android 4.1.2; XT901 Build/9.8.2Q-50_SLS-13) AppleWebKit/537.36 (KHTML, like Gecko) Chrome/28.0.1500.94 Mobile Safari/537.36"
68.84.92.115 - - [13/Aug/2013:10:59:17 -0400] "GET /favicon.ico HTTP/1.1" 404 575 "-" "Mozilla/5.0 (Linux; Android 4.1.2; XT901 Build/9.8.2Q-50_SLS-13) AppleWebKit/537.36 (KHTML, like Gecko) Chrome/28.0.1500.94 Mobile Safari/537.36"
71.88.198.245 - - [13/Aug/2013:10:59:46 -0400] "GET /scripts/icwebsiteelement.css HTTP/1.1" 200 8132 "http://farragutputtputt.com/" "Mozilla/5.0 (Macintosh; Intel Mac OS X 10_7_5) AppleWebKit/536.30.1 (KHTML, like Gecko) Version/6.0.5 Safari/536.30.1"
71.88.198.245 - - [13/Aug/2013:10:59:46 -0400] "GET /images/ic_046_header_bg_wide.png HTTP/1.1" 200 3558 "http://farragutputtputt.com/" "Mozilla/5.0 (Macintosh; Intel Mac OS X 10_7_5) AppleWebKit/536.30.1 (KHTML, like Gecko) Version/6.0.5 Safari/536.30.1"
71.88.198.245 - - [13/Aug/2013:10:59:46 -0400] "GET /images/84_USA-05.gif HTTP/1.1" 200 9755 "http://farragutputtputt.com/" "Mozilla/5.0 (Macintosh; Intel Mac OS X 10_7_5) AppleWebKit/536.30.1 (KHTML, like Gecko) Version/6.0.5 Safari/536.30.1"
71.88.198.245 - - [13/Aug/2013:10:59:46 -0400] "GET /images/174_buster-with-mail-box.JPG HTTP/1.1" 200 7132 "http://farragutputtputt.com/" "Mozilla/5.0 (Macintosh; Intel Mac OS X 10_7_5) AppleWebKit/536.30.1 (KHTML, like Gecko) Version/6.0.5 Safari/536.30.1"
166.181.3.204 - - [13/Aug/2013:11:07:34 -0400] "GET /favicon.ico HTTP/1.1" 404 575 "http://www.farragutputtputt.com/" "Mozilla/5.0 (Macintosh; Intel Mac OS X 10_8_3) AppleWebKit/536.28.10 (KHTML, like Gecko) Version/6.0.3 Safari/536.28.10"
166.181.3.156 - - [13/Aug/2013:11:09:55 -0400] "GET /attractionsprices.html HTTP/1.1" 200 38559 "http://www.farragutputtputt.com/birthdaypartyinfo.html" "Mozilla/5.0 (Macintosh; Intel Mac OS X 10_8_3) AppleWebKit/536.28.10 (KHTML, like Gecko) Version/6.0.3 Safari/536.28.10"
166.181.3.156 - - [13/Aug/2013:11:09:56 -0400] "GET /images/212_PartyZone.jpg HTTP/1.1" 200 13500 "http://www.farragutputtputt.com/attractionsprices.html" "Mozilla/5.0 (Macintosh; Intel Mac OS X 10_8_3) AppleWebKit/536.28.10 (KHTML, like Gecko) Version/6.0.3 Safari/536.28.10"
166.181.3.156 - - [13/Aug/2013:11:09:56 -0400] "GET /images/253_BusterBatZone.jpg HTTP/1.1" 200 15829 "http://www.farragutputtputt.com/attractionsprices.html" "Mozilla/5.0 (Macintosh; Intel Mac OS X 10_8_3) AppleWebKit/536.28.10 (KHTML, like Gecko) Version/6.0.3 Safari/536.28.10"
166.181.3.156 - - [13/Aug/2013:11:09:57 -0400] "GET /images/150_bunn_frozen_drinks.jpg HTTP/1.1" 200 3756 "http://www.farragutputtputt.com/attractionsprices.html" "Mozilla/5.0 (Macintosh; Intel Mac OS X 10_8_3) AppleWebKit/536.28.10 (KHTML, like Gecko) Version/6.0.3 Safari/536.28.10"
166.181.3.156 - - [13/Aug/2013:11:09:57 -0400] "GET /images/240_IttiBitz_Neapolitan_20Image.jpg HTTP/1.1" 200 11511 "http://www.farragutputtputt.com/attractionsprices.html" "Mozilla/5.0 (Macintosh; Intel Mac OS X 10_8_3) AppleWebKit/536.28.10 (KHTML, like Gecko) Version/6.0.3 Safari/536.28.10"
98.70.105.3 - - [13/Aug/2013:22:56:24 -0400] "GET /images/ic_046_nav_inner_bg.gif HTTP/1.1" 304 - "http://www.farragutputtputt.com/" "Mozilla/5.0 (iPhone; CPU iPhone OS 6_1_4 like Mac OS X) AppleWebKit/536.26 (KHTML, like Gecko) Version/6.0 Mobile/10B350 Safari/8536.25"
198.105.219.58 - - [13/Aug/2013:23:16:16 -0400] "HEAD / HTTP/1.1" 200 - "-" "checks.panopta.com"
198.45.152.10 - - [13/Aug/2013:13:22:15 -0400] "GET /\"images/photoalbum/button_photoPrev.jpg\" HTTP/1.1" 404 575 "http://www.farragutputtputt.com/letthefunbegin.html" "Mozilla/5.0 (iPad; U; CPU OS 4_3_3 like Mac OS X; en-us) AppleWebKit/533.17.9 (KHTML, like Gecko) Version/5.0.2 Mobile/8J2 Safari/6533.18.5"
198.45.152.10 - - [13/Aug/2013:13:22:15 -0400] "GET /images/photoalbum/button_photoSpeed2_ON.jpg HTTP/1.1" 200 492 "http://www.farragutputtputt.com/letthefunbegin.html" "Mozilla/5.0 (iPad; U; CPU OS 4_3_3 like Mac OS X; en-us) AppleWebKit/533.17.9 (KHTML, like Gecko) Version/5.0.2 Mobile/8J2 Safari/6533.18.5"
198.45.152.10 - - [13/Aug/2013:13:22:22 -0400] "GET /images/480_march_2009_putt-putt_004.jpg HTTP/1.1" 200 50903 "http://www.farragutputtputt.com/letthefunbegin.html" "Mozilla/5.0 (iPad; U; CPU OS 4_3_3 like Mac OS X; en-us) AppleWebKit/533.17.9 (KHTML, like Gecko) Version/5.0.2 Mobile/8J2 Safari/6533.18.5"
198.45.152.10 - - [13/Aug/2013:13:22:26 -0400] "GET /images/767_IMG_0052.jpg HTTP/1.1" 200 76570 "http://www.farragutputtputt.com/letthefunbegin.html" "Mozilla/5.0 (iPad; U; CPU OS 4_3_3 like Mac OS X; en-us) AppleWebKit/533.17.9 (KHTML, like Gecko) Version/5.0.2 Mobile/8J2 Safari/6533.18.5"
46.119.118.152 - - [13/Aug/2013:14:00:58 -0400] "GET / HTTP/1.1" 200 26610 "http://www.bravica.ch/ru/" "Mozilla/4.0 (compatible; MSIE 6.0; Windows NT 5.1; Deepnet Explorer 1.5.0; .NET CLR 1.0.3705)"
23.20.107.73 - - [13/Aug/2013:14:37:06 -0400] "GET /scripts/website.css HTTP/1.1" 200 1642 "http://www.farragutputtputt.com/" "Mozilla/5.0 (Unknown; Linux x86_64) AppleWebKit/534.34 (KHTML, like Gecko) CasperJS/1.0.2+Phantomjs/1.9.1 Safari/534.34"
157.55.32.221 - - [13/Aug/2013:05:27:38 -0400] "GET /robots.txt HTTP/1.1" 200 25 "-" "Mozilla/5.0 (compatible; bingbot/2.0; +http://www.bing.com/bingbot.htm)"
166.137.209.148 - - [13/Aug/2013:05:35:41 -0400] "GET /images/200_batter.jpg HTTP/1.1" 200 8643 "http://find.mapmuse.com/map/batting-cages" "Mozilla/5.0 (iPad; CPU OS 6_1_3 like Mac OS X) AppleWebKit/536.26 (KHTML, like Gecko) Version/6.0 Mobile/10B329 Safari/8536.25"
108.161.131.134 - - [13/Aug/2013:15:17:35 -0400] "HEAD / HTTP/1.1" 200 - "-" "checks.panopta.com"
74.228.249.64 - - [13/Aug/2013:15:18:03 -0400] "GET /images/174_buster-with-mail-box.JPG HTTP/1.1" 200 7132 "http://www.farragutputtputt.com/" "Mozilla/5.0 (Windows NT 5.1; rv:23.0) Gecko/20100101 Firefox/23.0"
74.228.249.64 - - [13/Aug/2013:15:18:03 -0400] "GET /images/504_PP_jpeg_map_2013.JPG HTTP/1.1" 200 21190 "http://www.farragutputtputt.com/" "Mozilla/5.0 (Windows NT 5.1; rv:23.0) Gecko/20100101 Firefox/23.0"
74.228.249.64 - - [13/Aug/2013:15:18:03 -0400] "GET /images/ic_046_accent_bg.png HTTP/1.1" 200 9871 "http://www.farragutputtputt.com/scripts/template.css" "Mozilla/5.0 (Windows NT 5.1; rv:23.0) Gecko/20100101 Firefox/23.0"
74.228.249.64 - - [13/Aug/2013:15:18:03 -0400] "GET /images/ic_046_nav_inner_bg.gif HTTP/1.1" 200 158 "http://www.farragutputtputt.com/scripts/template.css" "Mozilla/5.0 (Windows NT 5.1; rv:23.0) Gecko/20100101 Firefox/23.0"
74.228.249.64 - - [13/Aug/2013:15:20:15 -0400] "GET /images/doc_pdf.gif HTTP/1.1" 200 1002 "http://www.farragutputtputt.com/attractionsprices.html" "Mozilla/5.0 (Windows NT 5.1; rv:23.0) Gecko/20100101 Firefox/23.0"
74.228.249.64 - - [13/Aug/2013:15:20:15 -0400] "GET /images/253_BusterBatZone.jpg HTTP/1.1" 200 15829 "http://www.farragutputtputt.com/attractionsprices.html" "Mozilla/5.0 (Windows NT 5.1; rv:23.0) Gecko/20100101 Firefox/23.0"
99.57.206.188 - - [13/Aug/2013:15:41:06 -0400] "GET / HTTP/1.1" 304 - "-" "Mozilla/4.0 (compatible; MSIE 8.0; Windows NT 6.1; Trident/4.0; SLCC2; .NET CLR 2.0.50727; .NET CLR 3.5.30729; .NET CLR 3.0.30729; Media Center PC 6.0; .NET4.0C; Tablet PC 2.0)"
99.57.206.188 - - [13/Aug/2013:15:41:06 -0400] "GET /scripts/ic_globals_published.js HTTP/1.1" 304 - "http://www.farragutputtputt.com/" "Mozilla/4.0 (compatible; MSIE 8.0; Windows NT 6.1; Trident/4.0; SLCC2; .NET CLR 2.0.50727; .NET CLR 3.5.30729; .NET CLR 3.0.30729; Media Center PC 6.0; .NET4.0C; Tablet PC 2.0)"
99.57.206.188 - - [13/Aug/2013:15:41:06 -0400] "GET /scripts/1custom.css HTTP/1.1" 304 - "http://www.farragutputtputt.com/" "Mozilla/4.0 (compatible; MSIE 8.0; Windows NT 6.1; Trident/4.0; SLCC2; .NET CLR 2.0.50727; .NET CLR 3.5.30729; .NET CLR 3.0.30729; Media Center PC 6.0; .NET4.0C; Tablet PC 2.0)"
99.57.206.188 - - [13/Aug/2013:15:41:06 -0400] "GET /scripts/icwebsiteelement.css HTTP/1.1" 304 - "http://www.farragutputtputt.com/" "Mozilla/4.0 (compatible; MSIE 8.0; Windows NT 6.1; Trident/4.0; SLCC2; .NET CLR 2.0.50727; .NET CLR 3.5.30729; .NET CLR 3.0.30729; Media Center PC 6.0; .NET4.0C; Tablet PC 2.0)"
166.147.120.29 - - [13/Aug/2013:15:58:58 -0400] "GET /scripts/website.css HTTP/1.1" 200 1642 "http://farragutputtputt.com/attractionsprices.html" "Mozilla/5.0 (iPhone; CPU iPhone OS 6_1_3 like Mac OS X) AppleWebKit/536.26 (KHTML, like Gecko) Version/6.0 Mobile/10B329 Safari/8536.25"
24.236.69.218 - - [13/Aug/2013:17:34:25 -0400] "GET /scripts/website.css HTTP/1.1" 200 1642 "http://www.farragutputtputt.com/" "Mozilla/5.0 (Windows NT 6.1; WOW64) AppleWebKit/537.36 (KHTML, like Gecko) Chrome/28.0.1500.95 Safari/537.36"
24.236.69.218 - - [13/Aug/2013:17:34:25 -0400] "GET /images/385_im_party.gif HTTP/1.1" 200 20294 "http://www.farragutputtputt.com/" "Mozilla/5.0 (Windows NT 6.1; WOW64) AppleWebKit/537.36 (KHTML, like Gecko) Chrome/28.0.1500.95 Safari/537.36"
24.236.69.218 - - [13/Aug/2013:17:34:26 -0400] "GET /images/174_buster-with-mail-box.JPG HTTP/1.1" 200 7132 "http://www.farragutputtputt.com/" "Mozilla/5.0 (Windows NT 6.1; WOW64) AppleWebKit/537.36 (KHTML, like Gecko) Chrome/28.0.1500.95 Safari/537.36"
24.236.69.218 - - [13/Aug/2013:17:34:26 -0400] "GET /images/ic_046_nav_inner_bg.gif HTTP/1.1" 200 158 "http://www.farragutputtputt.com/" "Mozilla/5.0 (Windows NT 6.1; WOW64) AppleWebKit/537.36 (KHTML, like Gecko) Chrome/28.0.1500.95 Safari/537.36"
96.38.96.201 - - [13/Aug/2013:17:53:25 -0400] "GET /scripts/ic_globals_published.js HTTP/1.1" 200 566 "http://www.farragutputtputt.com/" "Mozilla/5.0 (Macintosh; Intel Mac OS X 10_7_5) AppleWebKit/536.30.1 (KHTML, like Gecko) Version/6.0.5 Safari/536.30.1"
96.38.96.201 - - [13/Aug/2013:17:53:25 -0400] "GET /images/ic_046_content_top_bg_wide.png HTTP/1.1" 200 780 "http://www.farragutputtputt.com/" "Mozilla/5.0 (Macintosh; Intel Mac OS X 10_7_5) AppleWebKit/536.30.1 (KHTML, like Gecko) Version/6.0.5 Safari/536.30.1"
96.38.96.201 - - [13/Aug/2013:17:53:26 -0400] "GET /images/88_tennessee_fl_md_wht.gif HTTP/1.1" 200 7701 "http://www.farragutputtputt.com/" "Mozilla/5.0 (Macintosh; Intel Mac OS X 10_7_5) AppleWebKit/536.30.1 (KHTML, like Gecko) Version/6.0.5 Safari/536.30.1"
67.175.143.176 - - [13/Aug/2013:00:14:03 -0400] "GET /scripts/2custom.css HTTP/1.1" 200 5279 "http://www.farragutputtputt.com/attractionsprices.html" "Mozilla/5.0 (Macintosh; Intel Mac OS X 10_6_8) AppleWebKit/534.59.8 (KHTML, like Gecko) Version/5.1.9 Safari/534.59.8"
67.175.143.176 - - [13/Aug/2013:00:14:03 -0400] "GET /images/220_PPCG.jpg HTTP/1.1" 200 11316 "http://www.farragutputtputt.com/attractionsprices.html" "Mozilla/5.0 (Macintosh; Intel Mac OS X 10_6_8) AppleWebKit/534.59.8 (KHTML, like Gecko) Version/5.1.9 Safari/534.59.8"
67.175.143.176 - - [13/Aug/2013:00:14:03 -0400] "GET /images/144_Big_Bass_Wheel_parts.jpg HTTP/1.1" 200 10460 "http://www.farragutputtputt.com/attractionsprices.html" "Mozilla/5.0 (Macintosh; Intel Mac OS X 10_6_8) AppleWebKit/534.59.8 (KHTML, like Gecko) Version/5.1.9 Safari/534.59.8"
67.175.143.176 - - [13/Aug/2013:00:14:04 -0400] "GET /images/150_730111.gif HTTP/1.1" 200 10756 "http://www.farragutputtputt.com/attractionsprices.html" "Mozilla/5.0 (Macintosh; Intel Mac OS X 10_6_8) AppleWebKit/534.59.8 (KHTML, like Gecko) Version/5.1.9 Safari/534.59.8"
99.17.82.120 - - [13/Aug/2013:01:00:45 -0400] "GET /scripts/ic_globals_published.js HTTP/1.1" 200 566 "http://www.farragutputtputt.com/" "Mozilla/5.0 (Linux; Android 4.3; Nexus 7 Build/JWR66V) AppleWebKit/537.36 (KHTML, like Gecko) Chrome/28.0.1500.94 Safari/537.36"
99.17.82.120 - - [13/Aug/2013:01:00:45 -0400] "GET /scripts/photoalbum.js HTTP/1.1" 200 62481 "http://www.farragutputtputt.com/" "Mozilla/5.0 (Linux; Android 4.3; Nexus 7 Build/JWR66V) AppleWebKit/537.36 (KHTML, like Gecko) Chrome/28.0.1500.94 Safari/537.36"
99.17.82.120 - - [13/Aug/2013:01:00:45 -0400] "GET /images/ic_046_navcontainer_bg.png HTTP/1.1" 200 5832 "http://www.farragutputtputt.com/" "Mozilla/5.0 (Linux; Android 4.3; Nexus 7 Build/JWR66V) AppleWebKit/537.36 (KHTML, like Gecko) Chrome/28.0.1500.94 Safari/537.36"
198.105.219.58 - - [13/Aug/2013:02:43:16 -0400] "HEAD / HTTP/1.1" 200 - "-" "checks.panopta.com"
67.175.143.176 - - [13/Aug/2013:00:14:03 -0400] "GET /images/212_PartyZone.jpg HTTP/1.1" 200 13500 "http://www.farragutputtputt.com/attractionsprices.html" "Mozilla/5.0 (Macintosh; Intel Mac OS X 10_6_8) AppleWebKit/534.59.8 (KHTML, like Gecko) Version/5.1.9 Safari/534.59.8"
67.175.143.176 - - [13/Aug/2013:00:14:04 -0400] "GET /images/240_IttiBitz_Neapolitan_20Image.jpg HTTP/1.1" 200 11511 "http://www.farragutputtputt.com/attractionsprices.html" "Mozilla/5.0 (Macintosh; Intel Mac OS X 10_6_8) AppleWebKit/534.59.8 (KHTML, like Gecko) Version/5.1.9 Safari/534.59.8"
198.105.219.58 - - [13/Aug/2013:02:58:16 -0400] "HEAD / HTTP/1.1" 200 - "-" "checks.panopta.com"
75.131.37.210 - - [13/Aug/2013:03:48:08 -0400] "GET /images/150_487054.gif HTTP/1.1" 200 10214 "http://www.farragutputtputt.com/attractionsprices.html" "Mozilla/5.0 (Linux; U; Android 2.3.6; ko-kr; SHV-E120S Build/GINGERBREAD) AppleWebKit/533.1 (KHTML, like Gecko) Version/4.0 Mobile Safari/533.1"
24.151.190.70 - - [13/Aug/2013:05:57:48 -0400] "GET /attractionsprices.html HTTP/1.1" 200 38559 "-" "Mozilla/5.0 (Linux; U; Android 4.1.1; en-us; HTC6435LVW 4G Build/JRO03C) AppleWebKit/534.30 (KHTML, like Gecko) Version/4.0 Mobile Safari/534.30"
24.151.190.70 - - [13/Aug/2013:05:57:48 -0400] "GET /scripts/website.css HTTP/1.1" 200 1642 "http://www.farragutputtputt.com/attractionsprices.html" "Mozilla/5.0 (Linux; U; Android 4.1.1; en-us; HTC6435LVW 4G Build/JRO03C) AppleWebKit/534.30 (KHTML, like Gecko) Version/4.0 Mobile Safari/534.30"
24.151.190.70 - - [13/Aug/2013:05:57:48 -0400] "GET /images/ic_046_navcontainer_bg.png HTTP/1.1" 200 5832 "http://www.farragutputtputt.com/attractionsprices.html" "Mozilla/5.0 (Linux; U; Android 4.1.1; en-us; HTC6435LVW 4G Build/JRO03C) AppleWebKit/534.30 (KHTML, like Gecko) Version/4.0 Mobile Safari/534.30"
134.167.1.1 - - [13/Aug/2013:23:44:05 -0400] "GET /scripts/website.css HTTP/1.1" 304 - "-" "Mozilla/4.0 (compatible;)"
50.147.65.180 - - [13/Aug/2013:23:49:22 -0400] "GET /scripts/user.js HTTP/1.1" 200 23762 "http://farragutputtputt.com/" "Mozilla/5.0 (Macintosh; Intel Mac OS X 10.8; rv:23.0) Gecko/20100101 Firefox/23.0"
50.147.65.180 - - [13/Aug/2013:23:49:23 -0400] "GET /images/174_PPCG.jpg HTTP/1.1" 200 8468 "http://farragutputtputt.com/" "Mozilla/5.0 (Macintosh; Intel Mac OS X 10.8; rv:23.0) Gecko/20100101 Firefox/23.0"
50.147.65.180 - - [13/Aug/2013:23:49:23 -0400] "GET /images/174_buster-with-mail-box.JPG HTTP/1.1" 200 7132 "http://farragutputtputt.com/" "Mozilla/5.0 (Macintosh; Intel Mac OS X 10.8; rv:23.0) Gecko/20100101 Firefox/23.0"
64.197.113.89 - - [13/Aug/2013:16:26:26 -0400] "GET /images/200_batter.jpg HTTP/1.1" 200 8643 "http://find.mapmuse.com/map/batting-cages/near/montclair,+CA" "Mozilla/5.0 (compatible; MSIE 10.0; Windows NT 6.1; WOW64; Trident/6.0)"
74.34.111.187 - - [13/Aug/2013:16:42:55 -0400] "GET /attractionsprices.html HTTP/1.1" 200 38559 "http://farragutputtputt.com/" "Mozilla/5.0 (iPhone; CPU iPhone OS 6_1_3 like Mac OS X) AppleWebKit/536.26 (KHTML, like Gecko) Version/6.0 Mobile/10B329 Safari/8536.25"
74.34.111.187 - - [13/Aug/2013:16:42:57 -0400] "GET /images/212_PartyZone.jpg HTTP/1.1" 200 13500 "http://farragutputtputt.com/attractionsprices.html" "Mozilla/5.0 (iPhone; CPU iPhone OS 6_1_3 like Mac OS X) AppleWebKit/536.26 (KHTML, like Gecko) Version/6.0 Mobile/10B329 Safari/8536.25"
74.34.111.187 - - [13/Aug/2013:16:42:57 -0400] "GET /images/253_BusterClub3.jpg HTTP/1.1" 200 10383 "http://farragutputtputt.com/attractionsprices.html" "Mozilla/5.0 (iPhone; CPU iPhone OS 6_1_3 like Mac OS X) AppleWebKit/536.26 (KHTML, like Gecko) Version/6.0 Mobile/10B329 Safari/8536.25"
74.34.111.187 - - [13/Aug/2013:16:42:57 -0400] "GET /images/220_SnackShack.jpg HTTP/1.1" 200 14543 "http://farragutputtputt.com/attractionsprices.html" "Mozilla/5.0 (iPhone; CPU iPhone OS 6_1_3 like Mac OS X) AppleWebKit/536.26 (KHTML, like Gecko) Version/6.0 Mobile/10B329 Safari/8536.25"
74.34.111.187 - - [13/Aug/2013:16:42:58 -0400] "GET /images/240_IttiBitz_Neapolitan_20Image.jpg HTTP/1.1" 200 11511 "http://farragutputtputt.com/attractionsprices.html" "Mozilla/5.0 (iPhone; CPU iPhone OS 6_1_3 like Mac OS X) AppleWebKit/536.26 (KHTML, like Gecko) Version/6.0 Mobile/10B329 Safari/8536.25"
24.236.69.218 - - [13/Aug/2013:17:34:30 -0400] "GET /images/doc_pdf.gif HTTP/1.1" 200 1002 "http://www.farragutputtputt.com/attractionsprices.html" "Mozilla/5.0 (Windows NT 6.1; WOW64) AppleWebKit/537.36 (KHTML, like Gecko) Chrome/28.0.1500.95 Safari/537.36"
24.236.69.218 - - [13/Aug/2013:17:34:30 -0400] "GET /images/ic_046_header_bg_wide.png HTTP/1.1" 206 2098 "http://www.farragutputtputt.com/attractionsprices.html" "Mozilla/5.0 (Windows NT 6.1; WOW64) AppleWebKit/537.36 (KHTML, like Gecko) Chrome/28.0.1500.95 Safari/537.36"
24.236.69.218 - - [13/Aug/2013:17:34:30 -0400] "GET /images/150_bunn_frozen_drinks.jpg HTTP/1.1" 200 3756 "http://www.farragutputtputt.com/attractionsprices.html" "Mozilla/5.0 (Windows NT 6.1; WOW64) AppleWebKit/537.36 (KHTML, like Gecko) Chrome/28.0.1500.95 Safari/537.36"
24.236.69.218 - - [13/Aug/2013:17:34:30 -0400] "GET /images/240_IttiBitz_Neapolitan_20Image.jpg HTTP/1.1" 200 11511 "http://www.farragutputtputt.com/attractionsprices.html" "Mozilla/5.0 (Windows NT 6.1; WOW64) AppleWebKit/537.36 (KHTML, like Gecko) Chrome/28.0.1500.95 Safari/537.36"
69.73.115.112 - - [13/Aug/2013:09:48:14 -0400] "GET /attractionsprices.html HTTP/1.1" 200 38559 "-" "Mozilla/5.0 (iPhone; CPU iPhone OS 6_1_3 like Mac OS X) AppleWebKit/536.26 (KHTML, like Gecko) Version/6.0 Mobile/10B329 Safari/8536.25"
168.85.177.4 - - [13/Aug/2013:10:07:27 -0400] "GET /birthdaypartyinfo.html HTTP/1.1" 200 48049 "-" "Mozilla/4.0 (compatible; MSIE 8.0; Windows NT 5.1; Trident/4.0; .NET CLR 1.1.4322; .NET CLR 2.0.50727; .NET CLR 3.0.4506.2152; .NET CLR 3.5.30729; .NET4.0C; .NET4.0E)"
168.85.177.4 - - [13/Aug/2013:10:07:28 -0400] "GET /images/ic_046_header_bg_wide.png HTTP/1.1" 200 3558 "http://www.farragutputtputt.com/birthdaypartyinfo.html" "Mozilla/4.0 (compatible; MSIE 8.0; Windows NT 5.1; Trident/4.0; .NET CLR 1.1.4322; .NET CLR 2.0.50727; .NET CLR 3.0.4506.2152; .NET CLR 3.5.30729; .NET4.0C; .NET4.0E)"
168.85.177.4 - - [13/Aug/2013:10:07:28 -0400] "GET /images/111_Balloons.gif HTTP/1.1" 200 8307 "http://www.farragutputtputt.com/birthdaypartyinfo.html" "Mozilla/4.0 (compatible; MSIE 8.0; Windows NT 5.1; Trident/4.0; .NET CLR 1.1.4322; .NET CLR 2.0.50727; .NET CLR 3.0.4506.2152; .NET CLR 3.5.30729; .NET4.0C; .NET4.0E)"
168.85.177.4 - - [13/Aug/2013:10:07:29 -0400] "GET /favicon.ico HTTP/1.1" 404 575 "-" "Mozilla/4.0 (compatible; MSIE 8.0; Windows NT 5.1; Trident/4.0; .NET CLR 1.1.4322; .NET CLR 2.0.50727; .NET CLR 3.0.4506.2152; .NET CLR 3.5.30729; .NET4.0C; .NET4.0E)"
134.167.1.1 - - [13/Aug/2013:10:34:19 -0400] "GET /scripts/photoalbum.js HTTP/1.1" 200 62481 "http://farragutputtputt.com/" "Mozilla/5.0 (compatible; MSIE 9.0; Windows NT 6.1; WOW64; Trident/5.0)"
134.167.1.1 - - [13/Aug/2013:10:34:19 -0400] "GET /scripts/website.css HTTP/1.1" 200 1642 "http://farragutputtputt.com/" "Mozilla/5.0 (compatible; MSIE 9.0; Windows NT 6.1; WOW64; Trident/5.0)"
134.167.1.1 - - [13/Aug/2013:10:34:19 -0400] "GET /images/ic_046_content_top_bg_wide.png HTTP/1.1" 200 780 "http://farragutputtputt.com/" "Mozilla/5.0 (compatible; MSIE 9.0; Windows NT 6.1; WOW64; Trident/5.0)"
134.167.1.1 - - [13/Aug/2013:10:34:19 -0400] "GET /images/ic_046_accent_bg.png HTTP/1.1" 200 9871 "http://farragutputtputt.com/" "Mozilla/5.0 (compatible; MSIE 9.0; Windows NT 6.1; WOW64; Trident/5.0)"
166.181.3.242 - - [13/Aug/2013:11:08:49 -0400] "GET /birthdaypartyinfo.html HTTP/1.1" 200 48049 "http://www.farragutputtputt.com/" "Mozilla/5.0 (Macintosh; Intel Mac OS X 10_8_3) AppleWebKit/536.28.10 (KHTML, like Gecko) Version/6.0.3 Safari/536.28.10"
166.181.3.242 - - [13/Aug/2013:11:08:49 -0400] "GET /scripts/4custom.css HTTP/1.1" 200 4945 "http://www.farragutputtputt.com/birthdaypartyinfo.html" "Mozilla/5.0 (Macintosh; Intel Mac OS X 10_8_3) AppleWebKit/536.28.10 (KHTML, like Gecko) Version/6.0.3 Safari/536.28.10"
166.181.3.242 - - [13/Aug/2013:11:08:50 -0400] "GET /images/356_birthdayheader.jpg HTTP/1.1" 200 13204 "http://www.farragutputtputt.com/birthdaypartyinfo.html" "Mozilla/5.0 (Macintosh; Intel Mac OS X 10_8_3) AppleWebKit/536.28.10 (KHTML, like Gecko) Version/6.0.3 Safari/536.28.10"
166.181.3.242 - - [13/Aug/2013:11:08:50 -0400] "GET /images/148_BusterBday.jpg HTTP/1.1" 200 6502 "http://www.farragutputtputt.com/birthdaypartyinfo.html" "Mozilla/5.0 (Macintosh; Intel Mac OS X 10_8_3) AppleWebKit/536.28.10 (KHTML, like Gecko) Version/6.0.3 Safari/536.28.10"
50.147.36.143 - - [13/Aug/2013:12:01:58 -0400] "GET /scripts/ic_globals_published.js HTTP/1.1" 200 566 "http://farragutputtputt.com/" "Mozilla/5.0 (iPad; CPU OS 6_1_3 like Mac OS X) AppleWebKit/536.26 (KHTML, like Gecko) Version/6.0 Mobile/10B329 Safari/8536.25"
50.147.36.143 - - [13/Aug/2013:12:01:59 -0400] "GET /images/174_PPCG.jpg HTTP/1.1" 200 8468 "http://farragutputtputt.com/" "Mozilla/5.0 (iPad; CPU OS 6_1_3 like Mac OS X) AppleWebKit/536.26 (KHTML, like Gecko) Version/6.0 Mobile/10B329 Safari/8536.25"
50.147.36.143 - - [13/Aug/2013:12:01:59 -0400] "GET /images/ic_046_accent_bg.png HTTP/1.1" 200 9871 "http://farragutputtputt.com/" "Mozilla/5.0 (iPad; CPU OS 6_1_3 like Mac OS X) AppleWebKit/536.26 (KHTML, like Gecko) Version/6.0 Mobile/10B329 Safari/8536.25"
207.98.188.58 - - [13/Aug/2013:13:11:05 -0400] "GET /scripts/template.css HTTP/1.1" 200 9762 "http://farragutputtputt.com/" "Mozilla/5.0 (Windows NT 6.1; WOW64) AppleWebKit/537.36 (KHTML, like Gecko) Chrome/28.0.1500.95 Safari/537.36"
207.98.188.58 - - [13/Aug/2013:13:11:05 -0400] "GET /images/84_USA-05.gif HTTP/1.1" 200 9755 "http://farragutputtputt.com/" "Mozilla/5.0 (Windows NT 6.1; WOW64) AppleWebKit/537.36 (KHTML, like Gecko) Chrome/28.0.1500.95 Safari/537.36"
207.98.188.58 - - [13/Aug/2013:13:11:05 -0400] "GET /images/88_tennessee_fl_md_wht.gif HTTP/1.1" 200 7701 "http://farragutputtputt.com/" "Mozilla/5.0 (Windows NT 6.1; WOW64) AppleWebKit/537.36 (KHTML, like Gecko) Chrome/28.0.1500.95 Safari/537.36"
207.98.188.58 - - [13/Aug/2013:13:11:06 -0400] "GET /images/ic_046_nav_inner_bg.gif HTTP/1.1" 200 158 "http://farragutputtputt.com/" "Mozilla/5.0 (Windows NT 6.1; WOW64) AppleWebKit/537.36 (KHTML, like Gecko) Chrome/28.0.1500.95 Safari/537.36"
198.45.152.10 - - [13/Aug/2013:13:21:19 -0400] "GET /images/212_PartyZone.jpg HTTP/1.1" 200 13500 "http://www.farragutputtputt.com/attractionsprices.html" "Mozilla/5.0 (iPad; U; CPU OS 4_3_3 like Mac OS X; en-us) AppleWebKit/533.17.9 (KHTML, like Gecko) Version/5.0.2 Mobile/8J2 Safari/6533.18.5"
198.45.152.10 - - [13/Aug/2013:13:22:15 -0400] "GET /scripts/icwebsiteelement.css HTTP/1.1" 304 - "http://www.farragutputtputt.com/letthefunbegin.html" "Mozilla/5.0 (iPad; U; CPU OS 4_3_3 like Mac OS X; en-us) AppleWebKit/533.17.9 (KHTML, like Gecko) Version/5.0.2 Mobile/8J2 Safari/6533.18.5"
198.45.152.10 - - [13/Aug/2013:13:22:25 -0400] "GET /images/767_IMG_0043.jpg HTTP/1.1" 200 70957 "http://www.farragutputtputt.com/letthefunbegin.html" "Mozilla/5.0 (iPad; U; CPU OS 4_3_3 like Mac OS X; en-us) AppleWebKit/533.17.9 (KHTML, like Gecko) Version/5.0.2 Mobile/8J2 Safari/6533.18.5"
98.70.115.181 - - [13/Aug/2013:14:08:01 -0400] "GET /welcome.html HTTP/1.1" 200 26610 "http://farragutputtputt.com/attractionsprices.html" "Mozilla/5.0 (iPad; CPU OS 6_1_3 like Mac OS X) AppleWebKit/536.26 (KHTML, like Gecko) Version/6.0 Mobile/10B329 Safari/8536.25"
75.131.41.67 - - [13/Aug/2013:22:01:03 -0400] "GET /images/212_BatZone.jpg HTTP/1.1" 200 11220 "http://farragutputtputt.com/attractionsprices.html" "Mozilla/5.0 (Linux; Android 4.2.2; Galaxy Nexus Build/JDQ39) AppleWebKit/537.36 (KHTML, like Gecko) Chrome/28.0.1500.94 Mobile Safari/537.36"
75.131.41.67 - - [13/Aug/2013:22:01:03 -0400] "GET /images/150_bunn_frozen_drinks.jpg HTTP/1.1" 200 3756 "http://farragutputtputt.com/attractionsprices.html" "Mozilla/5.0 (Linux; Android 4.2.2; Galaxy Nexus Build/JDQ39) AppleWebKit/537.36 (KHTML, like Gecko) Chrome/28.0.1500.94 Mobile Safari/537.36"
50.147.24.7 - - [13/Aug/2013:22:01:32 -0400] "GET /scripts/ic_globals_published.js HTTP/1.1" 200 566 "http://farragutputtputt.com/birthdaypartyinfo.html" "Mozilla/5.0 (Windows NT 6.1; WOW64) AppleWebKit/537.22 (KHTML, like Gecko) Chrome/25.0.1364.97 Safari/537.22"
50.147.24.7 - - [13/Aug/2013:22:01:32 -0400] "GET /scripts/photoalbum.js HTTP/1.1" 200 62481 "http://farragutputtputt.com/birthdaypartyinfo.html" "Mozilla/5.0 (Windows NT 6.1; WOW64) AppleWebKit/537.22 (KHTML, like Gecko) Chrome/25.0.1364.97 Safari/537.22"
50.147.24.7 - - [13/Aug/2013:22:01:32 -0400] "GET /images/2004buster1.JPG HTTP/1.1" 200 5573 "http://farragutputtputt.com/birthdaypartyinfo.html" "Mozilla/5.0 (Windows NT 6.1; WOW64) AppleWebKit/537.22 (KHTML, like Gecko) Chrome/25.0.1364.97 Safari/537.22"
50.147.24.7 - - [13/Aug/2013:22:01:32 -0400] "GET /images/356_birthdayheader.jpg HTTP/1.1" 200 13204 "http://farragutputtputt.com/birthdaypartyinfo.html" "Mozilla/5.0 (Windows NT 6.1; WOW64) AppleWebKit/537.22 (KHTML, like Gecko) Chrome/25.0.1364.97 Safari/537.22"
50.147.24.7 - - [13/Aug/2013:22:01:32 -0400] "GET /images/194_buster-with-mail-box.JPG HTTP/1.1" 200 7334 "http://farragutputtputt.com/birthdaypartyinfo.html" "Mozilla/5.0 (Windows NT 6.1; WOW64) AppleWebKit/537.22 (KHTML, like Gecko) Chrome/25.0.1364.97 Safari/537.22"
198.105.219.58 - - [13/Aug/2013:07:30:32 -0400] "HEAD / HTTP/1.1" 200 - "-" "checks.panopta.com"
12.204.220.137 - - [13/Aug/2013:08:13:42 -0400] "GET /scripts/photoalbum.js HTTP/1.1" 200 62481 "http://farragutputtputt.com/" "Mozilla/4.0 (compatible; MSIE 8.0; Windows NT 5.1; Trident/4.0; .NET CLR 1.1.4322; .NET CLR 2.0.50727; .NET CLR 3.0.04506.30; .NET CLR 3.0.4506.2152; .NET CLR 3.5.30729; InfoPath.1)"
12.204.220.137 - - [13/Aug/2013:08:13:43 -0400] "GET /images/ic_046_header_bg_wide.png HTTP/1.1" 200 3558 "http://farragutputtputt.com/" "Mozilla/4.0 (compatible; MSIE 8.0; Windows NT 5.1; Trident/4.0; .NET CLR 1.1.4322; .NET CLR 2.0.50727; .NET CLR 3.0.04506.30; .NET CLR 3.0.4506.2152; .NET CLR 3.5.30729; InfoPath.1)"
12.204.220.137 - - [13/Aug/2013:08:13:43 -0400] "GET /images/385_im_party.gif HTTP/1.1" 200 20294 "http://farragutputtputt.com/" "Mozilla/4.0 (compatible; MSIE 8.0; Windows NT 5.1; Trident/4.0; .NET CLR 1.1.4322; .NET CLR 2.0.50727; .NET CLR 3.0.04506.30; .NET CLR 3.0.4506.2152; .NET CLR 3.5.30729; InfoPath.1)"
198.105.219.58 - - [13/Aug/2013:12:18:43 -0400] "HEAD / HTTP/1.1" 200 - "-" "checks.panopta.com"
198.45.152.10 - - [13/Aug/2013:13:20:35 -0400] "GET /scripts/user.js HTTP/1.1" 200 23762 "http://www.farragutputtputt.com/" "Mozilla/5.0 (iPad; U; CPU OS 4_3_3 like Mac OS X; en-us) AppleWebKit/533.17.9 (KHTML, like Gecko) Version/5.0.2 Mobile/8J2 Safari/6533.18.5"
198.45.152.10 - - [13/Aug/2013:13:21:19 -0400] "GET /scripts/icwebsiteelement.css HTTP/1.1" 304 - "http://www.farragutputtputt.com/attractionsprices.html" "Mozilla/5.0 (iPad; U; CPU OS 4_3_3 like Mac OS X; en-us) AppleWebKit/533.17.9 (KHTML, like Gecko) Version/5.0.2 Mobile/8J2 Safari/6533.18.5"
198.45.152.10 - - [13/Aug/2013:13:22:15 -0400] "GET /images/174_buster-with-mail-box.JPG HTTP/1.1" 304 - "http://www.farragutputtputt.com/letthefunbegin.html" "Mozilla/5.0 (iPad; U; CPU OS 4_3_3 like Mac OS X; en-us) AppleWebKit/533.17.9 (KHTML, like Gecko) Version/5.0.2 Mobile/8J2 Safari/6533.18.5"
198.45.152.10 - - [13/Aug/2013:13:22:15 -0400] "GET /images/photoalbum/button_photoSpeed5.jpg HTTP/1.1" 200 502 "http://www.farragutputtputt.com/letthefunbegin.html" "Mozilla/5.0 (iPad; U; CPU OS 4_3_3 like Mac OS X; en-us) AppleWebKit/533.17.9 (KHTML, like Gecko) Version/5.0.2 Mobile/8J2 Safari/6533.18.5"
198.45.152.10 - - [13/Aug/2013:13:22:26 -0400] "GET /images/480_IMG_0041.jpg HTTP/1.1" 200 39439 "http://www.farragutputtputt.com/letthefunbegin.html" "Mozilla/5.0 (iPad; U; CPU OS 4_3_3 like Mac OS X; en-us) AppleWebKit/533.17.9 (KHTML, like Gecko) Version/5.0.2 Mobile/8J2 Safari/6533.18.5"
198.45.152.10 - - [13/Aug/2013:13:22:36 -0400] "GET /images/480_march_2009_putt-putt_010.jpg HTTP/1.1" 200 41608 "http://www.farragutputtputt.com/letthefunbegin.html" "Mozilla/5.0 (iPad; U; CPU OS 4_3_3 like Mac OS X; en-us) AppleWebKit/533.17.9 (KHTML, like Gecko) Version/5.0.2 Mobile/8J2 Safari/6533.18.5"
71.226.178.48 - - [13/Aug/2013:13:32:37 -0400] "GET /scripts/website.css HTTP/1.1" 200 1642 "http://www.farragutputtputt.com/" "Mozilla/5.0 (Windows NT 6.0; rv:22.0) Gecko/20100101 Firefox/22.0"
71.226.178.48 - - [13/Aug/2013:13:32:38 -0400] "GET /images/84_USA-05.gif HTTP/1.1" 200 9755 "http://www.farragutputtputt.com/" "Mozilla/5.0 (Windows NT 6.0; rv:22.0) Gecko/20100101 Firefox/22.0"
66.249.75.44 - - [13/Aug/2013:14:28:09 -0400] "GET /images/Counter_Daily_Special_Card_2011_new.pdf HTTP/1.1" 304 - "-" "Mozilla/5.0 (iPhone; U; CPU iPhone OS 4_1 like Mac OS X; en-us) AppleWebKit/532.9 (KHTML, like Gecko) Version/4.0.5 Mobile/8B117 Safari/6531.22.7 (compatible; Googlebot-Mobile/2.1; +http://www.google.com/bot.html)"
23.20.107.73 - - [13/Aug/2013:14:37:06 -0400] "GET /scripts/photoalbum.js HTTP/1.1" 200 62481 "http://www.farragutputtputt.com/" "Mozilla/5.0 (Unknown; Linux x86_64) AppleWebKit/534.34 (KHTML, like Gecko) CasperJS/1.0.2+Phantomjs/1.9.1 Safari/534.34"
198.105.219.58 - - [13/Aug/2013:03:43:42 -0400] "HEAD / HTTP/1.1" 200 - "-" "checks.panopta.com"
69.171.178.7 - - [13/Aug/2013:00:27:33 -0400] "GET /attractionsprices.html HTTP/1.1" 200 38559 "-" "Mozilla/5.0 (Linux; U; Android 2.3.6; en-us; X501_USA_Cricket Build/GRK39F) AppleWebKit/533.1 (KHTML, like Gecko) Version/4.0 Mobile Safari/533.1"
66.249.75.44 - - [13/Aug/2013:09:11:31 -0400] "GET /scripts/5custom.css HTTP/1.1" 200 2956 "-" "Mozilla/5.0 (compatible; Googlebot/2.1; +http://www.google.com/bot.html)"
69.122.226.32 - - [13/Aug/2013:09:51:00 -0400] "GET /images/200_batter.jpg HTTP/1.1" 200 8643 "http://find.mapmuse.com/data" "Mozilla/5.0 (iPad; CPU OS 5_1_1 like Mac OS X) AppleWebKit/534.46 (KHTML, like Gecko) Version/5.1 Mobile/9B206 Safari/7534.48.3"
50.130.67.115 - - [13/Aug/2013:10:05:40 -0400] "GET /images/385_im_party.gif HTTP/1.1" 200 20294 "-" "Mozilla/5.0 (Macintosh; Intel Mac OS X 10.8; rv:23.0) Gecko/20100101 Firefox/23.0"
134.167.1.1 - - [13/Aug/2013:10:34:50 -0400] "GET /scripts/icwebsiteelement.css HTTP/1.1" 304 - "http://farragutputtputt.com/attractionsprices.html" "Mozilla/5.0 (compatible; MSIE 9.0; Windows NT 6.1; WOW64; Trident/5.0)"
134.167.1.1 - - [13/Aug/2013:10:34:50 -0400] "GET /images/ic_046_accent_bg.png HTTP/1.1" 304 - "http://farragutputtputt.com/attractionsprices.html" "Mozilla/5.0 (compatible; MSIE 9.0; Windows NT 6.1; WOW64; Trident/5.0)"
134.167.1.1 - - [13/Aug/2013:10:34:50 -0400] "GET /images/2004buster1.JPG HTTP/1.1" 304 - "http://farragutputtputt.com/attractionsprices.html" "Mozilla/5.0 (compatible; MSIE 9.0; Windows NT 6.1; WOW64; Trident/5.0)"
134.167.1.1 - - [13/Aug/2013:10:34:50 -0400] "GET /images/150_662429.gif HTTP/1.1" 200 11480 "http://farragutputtputt.com/attractionsprices.html" "Mozilla/5.0 (compatible; MSIE 9.0; Windows NT 6.1; WOW64; Trident/5.0)"
71.88.198.245 - - [13/Aug/2013:10:59:46 -0400] "GET /scripts/1custom.css HTTP/1.1" 200 5022 "http://farragutputtputt.com/" "Mozilla/5.0 (Macintosh; Intel Mac OS X 10_7_5) AppleWebKit/536.30.1 (KHTML, like Gecko) Version/6.0.5 Safari/536.30.1"
71.88.198.245 - - [13/Aug/2013:10:59:46 -0400] "GET /images/ic_046_nav_inner_bg.gif HTTP/1.1" 200 158 "http://farragutputtputt.com/" "Mozilla/5.0 (Macintosh; Intel Mac OS X 10_7_5) AppleWebKit/536.30.1 (KHTML, like Gecko) Version/6.0.5 Safari/536.30.1"
71.88.198.245 - - [13/Aug/2013:10:59:46 -0400] "GET /images/504_PP_jpeg_map_2013.JPG HTTP/1.1" 200 21190 "http://farragutputtputt.com/" "Mozilla/5.0 (Macintosh; Intel Mac OS X 10_7_5) AppleWebKit/536.30.1 (KHTML, like Gecko) Version/6.0.5 Safari/536.30.1"
74.82.64.144 - - [13/Aug/2013:11:52:36 -0400] "GET /scripts/print.css HTTP/1.1" 200 - "http://farragutputtputt.com/" "Mozilla/5.0 (BlackBerry; U; BlackBerry 9900; en-US) AppleWebKit/534.11+ (KHTML, like Gecko) Version/7.1.0.912 Mobile Safari/534.11+"
74.82.64.144 - - [13/Aug/2013:11:52:37 -0400] "GET /images/2004buster1.JPG HTTP/1.1" 200 5573 "http://farragutputtputt.com/" "Mozilla/5.0 (BlackBerry; U; BlackBerry 9900; en-US) AppleWebKit/534.11+ (KHTML, like Gecko) Version/7.1.0.912 Mobile Safari/534.11+"
74.82.64.144 - - [13/Aug/2013:11:52:39 -0400] "GET /images/174_PPCG.jpg HTTP/1.1" 200 8468 "http://farragutputtputt.com/" "Mozilla/5.0 (BlackBerry; U; BlackBerry 9900; en-US) AppleWebKit/534.11+ (KHTML, like Gecko) Version/7.1.0.912 Mobile Safari/534.11+"
74.82.64.144 - - [13/Aug/2013:11:52:39 -0400] "GET /images/88_tennessee_fl_md_wht.gif HTTP/1.1" 200 7701 "http://farragutputtputt.com/" "Mozilla/5.0 (BlackBerry; U; BlackBerry 9900; en-US) AppleWebKit/534.11+ (KHTML, like Gecko) Version/7.1.0.912 Mobile Safari/534.11+"
74.82.64.144 - - [13/Aug/2013:11:52:39 -0400] "GET /images/504_PP_jpeg_map_2013.JPG HTTP/1.1" 200 21190 "http://farragutputtputt.com/" "Mozilla/5.0 (BlackBerry; U; BlackBerry 9900; en-US) AppleWebKit/534.11+ (KHTML, like Gecko) Version/7.1.0.912 Mobile Safari/534.11+"
74.82.64.144 - - [13/Aug/2013:11:52:40 -0400] "GET /favicon.ico HTTP/1.1" 404 575 "-" "Mozilla/5.0 (BlackBerry; U; BlackBerry 9900; en-US) AppleWebKit/534.11+ (KHTML, like Gecko) Version/7.1.0.912 Mobile Safari/534.11+"
75.136.58.156 - - [13/Aug/2013:15:27:53 -0400] "GET /images/ic_046_nav_inner_bg.gif HTTP/1.1" 200 158 "http://farragutputtputt.com/" "Mozilla/5.0 (compatible; MSIE 10.0; Windows NT 6.1; WOW64; Trident/6.0)"
66.87.72.177 - - [13/Aug/2013:15:46:46 -0400] "GET /attractionsprices.html HTTP/1.1" 200 38559 "http://www.farragutputtputt.com/" "Mozilla/5.0 (Linux; U; Android 4.1.1; en-us; EVO Build/JRO03C) AppleWebKit/534.30 (KHTML, like Gecko) Version/4.0 Mobile Safari/534.30"
66.87.72.177 - - [13/Aug/2013:15:46:47 -0400] "GET /scripts/2custom.css HTTP/1.1" 200 5279 "http://www.farragutputtputt.com/attractionsprices.html" "Mozilla/5.0 (Linux; U; Android 4.1.1; en-us; EVO Build/JRO03C) AppleWebKit/534.30 (KHTML, like Gecko) Version/4.0 Mobile Safari/534.30"
50.147.16.133 - - [13/Aug/2013:16:04:47 -0400] "GET /scripts/user.js HTTP/1.1" 200 23762 "http://farragutputtputt.com/attractionsprices.html" "Mozilla/5.0 (Windows NT 6.1; WOW64) AppleWebKit/537.36 (KHTML, like Gecko) Chrome/28.0.1500.95 Safari/537.36"
50.147.16.133 - - [13/Aug/2013:16:04:47 -0400] "GET /images/212_PartyZone.jpg HTTP/1.1" 200 13500 "http://farragutputtputt.com/attractionsprices.html" "Mozilla/5.0 (Windows NT 6.1; WOW64) AppleWebKit/537.36 (KHTML, like Gecko) Chrome/28.0.1500.95 Safari/537.36"
50.147.16.133 - - [13/Aug/2013:16:04:47 -0400] "GET /images/ic_046_accent_bg.png HTTP/1.1" 200 9871 "http://farragutputtputt.com/attractionsprices.html" "Mozilla/5.0 (Windows NT 6.1; WOW64) AppleWebKit/537.36 (KHTML, like Gecko) Chrome/28.0.1500.95 Safari/537.36"
50.147.16.133 - - [13/Aug/2013:16:04:47 -0400] "GET /images/ic_046_content_top_bg_wide.png HTTP/1.1" 200 780 "http://farragutputtputt.com/attractionsprices.html" "Mozilla/5.0 (Windows NT 6.1; WOW64) AppleWebKit/537.36 (KHTML, like Gecko) Chrome/28.0.1500.95 Safari/537.36"
50.147.16.133 - - [13/Aug/2013:16:04:47 -0400] "GET /images/150_730111.gif HTTP/1.1" 200 10756 "http://farragutputtputt.com/attractionsprices.html" "Mozilla/5.0 (Windows NT 6.1; WOW64) AppleWebKit/537.36 (KHTML, like Gecko) Chrome/28.0.1500.95 Safari/537.36"
67.186.146.71 - - [13/Aug/2013:18:33:46 -0400] "GET /images/253_BusterClub3.jpg HTTP/1.1" 200 10383 "http://www.farragutputtputt.com/attractionsprices.html" "Mozilla/5.0 (iPad; CPU OS 6_0_1 like Mac OS X) AppleWebKit/536.26 (KHTML, like Gecko) Version/6.0 Mobile/10A523 Safari/8536.25"
67.186.146.71 - - [13/Aug/2013:18:33:46 -0400] "GET /images/130_spot_join.jpg HTTP/1.1" 200 7882 "http://www.farragutputtputt.com/attractionsprices.html" "Mozilla/5.0 (iPad; CPU OS 6_0_1 like Mac OS X) AppleWebKit/536.26 (KHTML, like Gecko) Version/6.0 Mobile/10A523 Safari/8536.25"
67.186.146.71 - - [13/Aug/2013:18:33:46 -0400] "GET /images/150_662429.gif HTTP/1.1" 200 11480 "http://www.farragutputtputt.com/attractionsprices.html" "Mozilla/5.0 (iPad; CPU OS 6_0_1 like Mac OS X) AppleWebKit/536.26 (KHTML, like Gecko) Version/6.0 Mobile/10A523 Safari/8536.25"
208.54.64.200 - - [13/Aug/2013:18:35:20 -0400] "GET /images/150_662429.gif HTTP/1.1" 206 7565 "http://farragutputtputt.com/attractionsprices.html" "Mozilla/5.0 (Linux; U; Android 2.3.6; en-us; SGH-T679 Build/GINGERBREAD) AppleWebKit/533.1 (KHTML, like Gecko) Version/4.0 Mobile Safari/533.1"
198.105.219.58 - - [13/Aug/2013:19:13:04 -0400] "HEAD / HTTP/1.1" 200 - "-" "checks.panopta.com"
70.210.7.235 - - [13/Aug/2013:19:28:04 -0400] "GET /scripts/user.js HTTP/1.1" 200 23762 "http://www.farragutputtputt.com/" "Mozilla/5.0 (iPhone; CPU iPhone OS 6_1_4 like Mac OS X) AppleWebKit/536.26 (KHTML, like Gecko) Version/6.0 Mobile/10B350 Safari/8536.25"
70.210.7.235 - - [13/Aug/2013:19:28:05 -0400] "GET /images/504_PP_jpeg_map_2013.JPG HTTP/1.1" 200 21190 "http://www.farragutputtputt.com/" "Mozilla/5.0 (iPhone; CPU iPhone OS 6_1_4 like Mac OS X) AppleWebKit/536.26 (KHTML, like Gecko) Version/6.0 Mobile/10B350 Safari/8536.25"
70.210.7.235 - - [13/Aug/2013:19:28:05 -0400] "GET /images/ic_046_accent_bg.png HTTP/1.1" 200 9871 "http://www.farragutputtputt.com/" "Mozilla/5.0 (iPhone; CPU iPhone OS 6_1_4 like Mac OS X) AppleWebKit/536.26 (KHTML, like Gecko) Version/6.0 Mobile/10B350 Safari/8536.25"
70.210.7.235 - - [13/Aug/2013:19:28:05 -0400] "GET /images/ic_046_content_top_bg_wide.png HTTP/1.1" 200 780 "http://www.farragutputtputt.com/" "Mozilla/5.0 (iPhone; CPU iPhone OS 6_1_4 like Mac OS X) AppleWebKit/536.26 (KHTML, like Gecko) Version/6.0 Mobile/10B350 Safari/8536.25"
98.68.176.126 - - [13/Aug/2013:19:41:54 -0400] "GET /scripts/ic_globals_published.js HTTP/1.1" 200 566 "http://farragutputtputt.com/attractionsprices.html" "Mozilla/5.0 (compatible; MSIE 10.0; Windows NT 6.1; WOW64; Trident/6.0)"
98.68.176.126 - - [13/Aug/2013:19:41:54 -0400] "GET /scripts/print.css HTTP/1.1" 200 - "http://farragutputtputt.com/attractionsprices.html" "Mozilla/5.0 (compatible; MSIE 10.0; Windows NT 6.1; WOW64; Trident/6.0)"
98.68.176.126 - - [13/Aug/2013:19:41:54 -0400] "GET /images/356_golfheader.jpg HTTP/1.1" 200 11752 "http://farragutputtputt.com/attractionsprices.html" "Mozilla/5.0 (compatible; MSIE 10.0; Windows NT 6.1; WOW64; Trident/6.0)"
98.68.176.126 - - [13/Aug/2013:19:41:55 -0400] "GET /images/220_SnackShack.jpg HTTP/1.1" 200 14543 "http://farragutputtputt.com/attractionsprices.html" "Mozilla/5.0 (compatible; MSIE 10.0; Windows NT 6.1; WOW64; Trident/6.0)"
98.68.176.126 - - [13/Aug/2013:19:41:55 -0400] "GET /images/150_487054.gif HTTP/1.1" 200 10214 "http://farragutputtputt.com/attractionsprices.html" "Mozilla/5.0 (compatible; MSIE 10.0; Windows NT 6.1; WOW64; Trident/6.0)"
98.68.176.126 - - [13/Aug/2013:19:41:55 -0400] "GET /images/240_IttiBitz_Neapolitan_20Image.jpg HTTP/1.1" 200 11511 "http://farragutputtputt.com/attractionsprices.html" "Mozilla/5.0 (compatible; MSIE 10.0; Windows NT 6.1; WOW64; Trident/6.0)"
98.68.176.126 - - [13/Aug/2013:19:41:57 -0400] "GET /images/ic_046_accent_bg.png HTTP/1.1" 200 9871 "http://farragutputtputt.com/attractionsprices.html" "Mozilla/5.0 (compatible; MSIE 10.0; Windows NT 6.1; WOW64; Trident/6.0)"
70.210.7.235 - - [13/Aug/2013:19:42:05 -0400] "GET /images/photoalbum/button_photoPrev.jpg HTTP/1.1" 200 656 "http://www.farragutputtputt.com/letthefunbegin.html" "Mozilla/5.0 (iPhone; CPU iPhone OS 6_1_4 like Mac OS X) AppleWebKit/536.26 (KHTML, like Gecko) Version/6.0 Mobile/10B350 Safari/8536.25"
70.210.7.235 - - [13/Aug/2013:19:42:05 -0400] "GET /images/photoalbum/button_photoFirst.jpg HTTP/1.1" 200 637 "http://www.farragutputtputt.com/letthefunbegin.html" "Mozilla/5.0 (iPhone; CPU iPhone OS 6_1_4 like Mac OS X) AppleWebKit/536.26 (KHTML, like Gecko) Version/6.0 Mobile/10B350 Safari/8536.25"
