66.87.75.156 - - [13/Aug/2013:18:39:17 -0400] "GET /images/ic_046_header_bg_wide.png HTTP/1.1" 200 3558 "http://farragutputtputt.com/" "Mozilla/5.0 (iPhone; CPU iPhone OS 6_1_3 like Mac OS X) AppleWebKit/536.26 (KHTML, like Gecko) Version/6.0 Mobile/10B329 Safari/8536.25"
66.87.75.156 - - [13/Aug/2013:18:39:20 -0400] "GET /scripts/print.css HTTP/1.1" 200 - "http://farragutputtputt.com/" "Mozilla/5.0 (iPhone; CPU iPhone OS 6_1_3 like Mac OS X) AppleWebKit/536.26 (KHTML, like Gecko) Version/6.0 Mobile/10B329 Safari/8536.25"
166.147.121.175 - - [13/Aug/2013:19:38:35 -0400] "GET /images/200_batter.jpg HTTP/1.1" 200 8643 "http://find.mapmuse.com/map/batting-cages" "Mozilla/5.0 (iPhone; CPU iPhone OS 6_1_4 like Mac OS X) AppleWebKit/536.26 (KHTML, like Gecko) Version/6.0 Mobile/10B350 Safari/8536.25"
69.131.146.185 - - [13/Aug/2013:20:26:06 -0400] "GET /birthdaypartyinfo.html HTTP/1.1" 200 48049 "http://search.aol.com/aol/search?query=farragut+putt+putt+parties&s_it=keyword_rollover" "Mozilla/5.0 (compatible; MSIE 9.0; AOL 9.7; AOLBuild 4343.30; Windows NT 6.1; WOW64; Trident/6.0)"
69.131.146.185 - - [13/Aug/2013:20:26:08 -0400] "GET /images/ic_046_accent_bg.png HTTP/1.1" 200 9871 "http://farragutputtputt.com/birthdaypartyinfo.html" "Mozilla/5.0 (compatible; MSIE 9.0; AOL 9.7; AOLBuild 4343.30; Windows NT 6.1; WOW64; Trident/6.0)"
195.242.218.133 - - [13/Aug/2013:07:19:45 -0400] "GET / HTTP/1.1" 200 26610 "http://valdaidom.ru/" "Mozilla/4.0 (compatible; MSIE 5.0; Windows NT; DigExt)"
68.62.189.9 - - [13/Aug/2013:09:07:08 -0400] "GET /scripts/2custom.css HTTP/1.1" 200 5279 "http://farragutputtputt.com/attractionsprices.html" "Mozilla/5.0 (Macintosh; Intel Mac OS X 10_8_4) AppleWebKit/537.36 (KHTML, like Gecko) Chrome/28.0.1500.95 Safari/537.36"
68.62.189.9 - - [13/Aug/2013:09:07:09 -0400] "GET /images/doc_pdf.gif HTTP/1.1" 200 1002 "http://farragutputtputt.com/attractionsprices.html" "Mozilla/5.0 (Macintosh; Intel Mac OS X 10_8_4) AppleWebKit/537.36 (KHTML, like Gecko) Chrome/28.0.1500.95 Safari/537.36"
68.62.189.9 - - [13/Aug/2013:09:07:09 -0400] "GET /images/253_BusterBatZone.jpg HTTP/1.1" 200 15829 "http://farragutputtputt.com/attractionsprices.html" "Mozilla/5.0 (Macintosh; Intel Mac OS X 10_8_4) AppleWebKit/537.36 (KHTML, like Gecko) Chrome/28.0.1500.95 Safari/537.36"
68.62.189.9 - - [13/Aug/2013:09:07:09 -0400] "GET /images/150_730111.gif HTTP/1.1" 200 10756 "http://farragutputtputt.com/attractionsprices.html" "Mozilla/5.0 (Macintosh; Intel Mac OS X 10_8_4) AppleWebKit/537.36 (KHTML, like Gecko) Chrome/28.0.1500.95 Safari/537.36"
68.62.189.9 - - [13/Aug/2013:09:07:09 -0400] "GET /images/240_IttiBitz_Neapolitan_20Image.jpg HTTP/1.1" 200 11511 "http://farragutputtputt.com/attractionsprices.html" "Mozilla/5.0 (Macintosh; Intel Mac OS X 10_8_4) AppleWebKit/537.36 (KHTML, like Gecko) Chrome/28.0.1500.95 Safari/537.36"
166.137.100.26 - - [13/Aug/2013:10:30:05 -0400] "GET /scripts/photoalbum.js HTTP/1.1" 200 62481 "https://www.google.com/" "Mozilla/5.0 (Linux; Android 4.2.2; SAMSUNG-SGH-I537 Build/JDQ39) AppleWebKit/537.36 (KHTML, like Gecko) Chrome/28.0.1500.94 Mobile Safari/537.36"
66.168.86.67 - - [13/Aug/2013:10:41:31 -0400] "GET /images/84_USA-05.gif HTTP/1.1" 200 9755 "http://farragutputtputt.com/" "Mozilla/5.0 (Macintosh; Intel Mac OS X 10.7; rv:22.0) Gecko/20100101 Firefox/22.0"
66.168.86.67 - - [13/Aug/2013:10:41:32 -0400] "GET /images/ic_046_accent_bg.png HTTP/1.1" 200 9871 "http://farragutputtputt.com/scripts/template.css" "Mozilla/5.0 (Macintosh; Intel Mac OS X 10.7; rv:22.0) Gecko/20100101 Firefox/22.0"
66.168.86.67 - - [13/Aug/2013:10:41:32 -0400] "GET /images/ic_046_content_top_bg_wide.png HTTP/1.1" 200 780 "http://farragutputtputt.com/scripts/template.css" "Mozilla/5.0 (Macintosh; Intel Mac OS X 10.7; rv:22.0) Gecko/20100101 Firefox/22.0"
134.167.1.1 - - [13/Aug/2013:10:58:44 -0400] "GET /images/253_BusterClub3.jpg HTTP/1.1" 304 - "http://farragutputtputt.com/attractionsprices.html" "Mozilla/5.0 (compatible; MSIE 9.0; Windows NT 6.1; WOW64; Trident/5.0)"
134.167.1.1 - - [13/Aug/2013:10:58:44 -0400] "GET /images/220_PPCG.jpg HTTP/1.1" 304 - "http://farragutputtputt.com/attractionsprices.html" "Mozilla/5.0 (compatible; MSIE 9.0; Windows NT 6.1; WOW64; Trident/5.0)"
134.167.1.1 - - [13/Aug/2013:10:58:44 -0400] "GET /images/240_IttiBitz_Neapolitan_20Image.jpg HTTP/1.1" 304 - "http://farragutputtputt.com/attractionsprices.html" "Mozilla/5.0 (compatible; MSIE 9.0; Windows NT 6.1; WOW64; Trident/5.0)"
134.167.1.1 - - [13/Aug/2013:10:58:44 -0400] "GET /images/ic_046_content_bottom_bg_wide.png HTTP/1.1" 304 - "http://farragutputtputt.com/attractionsprices.html" "Mozilla/5.0 (compatible; MSIE 9.0; Windows NT 6.1; WOW64; Trident/5.0)"
198.105.219.58 - - [13/Aug/2013:11:03:31 -0400] "HEAD / HTTP/1.1" 200 - "-" "checks.panopta.com"
95.108.245.253 - - [13/Aug/2013:11:28:19 -0400] "GET / HTTP/1.1" 200 26610 "-" "Mozilla/5.0 (compatible; YandexBot/3.0; +http://yandex.com/bots)"
74.82.64.144 - - [13/Aug/2013:11:52:36 -0400] "GET /scripts/template.css HTTP/1.1" 200 9762 "http://farragutputtputt.com/" "Mozilla/5.0 (BlackBerry; U; BlackBerry 9900; en-US) AppleWebKit/534.11+ (KHTML, like Gecko) Version/7.1.0.912 Mobile Safari/534.11+"
74.82.64.144 - - [13/Aug/2013:11:52:37 -0400] "GET /images/ic_046_accent_bg.png HTTP/1.1" 200 9871 "http://farragutputtputt.com/" "Mozilla/5.0 (BlackBerry; U; BlackBerry 9900; en-US) AppleWebKit/534.11+ (KHTML, like Gecko) Version/7.1.0.912 Mobile Safari/534.11+"
198.105.219.58 - - [13/Aug/2013:22:00:03 -0400] "HEAD / HTTP/1.1" 200 - "-" "checks.panopta.com"
50.147.24.7 - - [13/Aug/2013:22:01:32 -0400] "GET /scripts/user.js HTTP/1.1" 200 23762 "http://farragutputtputt.com/birthdaypartyinfo.html" "Mozilla/5.0 (Windows NT 6.1; WOW64) AppleWebKit/537.22 (KHTML, like Gecko) Chrome/25.0.1364.97 Safari/537.22"
50.147.24.7 - - [13/Aug/2013:22:01:32 -0400] "GET /images/ic_046_nav_inner_bg.gif HTTP/1.1" 200 158 "http://farragutputtputt.com/birthdaypartyinfo.html" "Mozilla/5.0 (Windows NT 6.1; WOW64) AppleWebKit/537.22 (KHTML, like Gecko) Chrome/25.0.1364.97 Safari/537.22"
50.147.24.7 - - [13/Aug/2013:22:01:32 -0400] "GET /images/385_im_party.gif HTTP/1.1" 200 20294 "http://farragutputtputt.com/birthdaypartyinfo.html" "Mozilla/5.0 (Windows NT 6.1; WOW64) AppleWebKit/537.22 (KHTML, like Gecko) Chrome/25.0.1364.97 Safari/537.22"
134.167.1.1 - - [13/Aug/2013:23:45:21 -0400] "GET /images/ic_046_header_bg_wide.png HTTP/1.1" 304 - "-" "Mozilla/4.0 (compatible;)"
198.105.219.58 - - [13/Aug/2013:03:13:29 -0400] "HEAD / HTTP/1.1" 200 - "-" "checks.panopta.com"
165.6.112.60 - - [13/Aug/2013:04:23:49 -0400] "GET /scripts/user.js HTTP/1.1" 200 23762 "http://www.farragutputtputt.com/" "Mozilla/4.0 (compatible; MSIE 8.0; Windows NT 5.1; Trident/4.0; .NET CLR 2.0.50727; .NET CLR 3.0.4506.2152; .NET CLR 3.5.30729; .NET4.0C; .NET4.0E)"
165.6.112.60 - - [13/Aug/2013:04:23:49 -0400] "GET /images/ic_046_accent_bg.png HTTP/1.1" 200 9871 "http://www.farragutputtputt.com/" "Mozilla/4.0 (compatible; MSIE 8.0; Windows NT 5.1; Trident/4.0; .NET CLR 2.0.50727; .NET CLR 3.0.4506.2152; .NET CLR 3.5.30729; .NET4.0C; .NET4.0E)"
165.6.112.60 - - [13/Aug/2013:04:23:49 -0400] "GET /images/504_PP_jpeg_map_2013.JPG HTTP/1.1" 200 21190 "http://www.farragutputtputt.com/" "Mozilla/4.0 (compatible; MSIE 8.0; Windows NT 5.1; Trident/4.0; .NET CLR 2.0.50727; .NET CLR 3.0.4506.2152; .NET CLR 3.5.30729; .NET4.0C; .NET4.0E)"
198.105.219.58 - - [13/Aug/2013:04:44:14 -0400] "HEAD / HTTP/1.1" 200 - "-" "checks.panopta.com"
50.147.36.143 - - [13/Aug/2013:12:03:24 -0400] "GET /images/84_USA-05.gif HTTP/1.1" 200 9755 "http://www.farragutputtputt.com/" "Mozilla/5.0 (iPad; CPU OS 6_1_3 like Mac OS X) AppleWebKit/536.26 (KHTML, like Gecko) Version/6.0 Mobile/10B329 Safari/8536.25"
198.105.219.58 - - [13/Aug/2013:13:04:07 -0400] "HEAD / HTTP/1.1" 200 - "-" "checks.panopta.com"
96.4.72.13 - - [13/Aug/2013:13:14:02 -0400] "GET /scripts/icwebsiteelement.css HTTP/1.1" 200 8132 "http://farragutputtputt.com/" "Mozilla/5.0 (Windows NT 6.1) AppleWebKit/537.36 (KHTML, like Gecko) Chrome/28.0.1500.95 Safari/537.36"
96.4.72.13 - - [13/Aug/2013:13:14:02 -0400] "GET /scripts/ic_globals_published.js HTTP/1.1" 200 566 "http://farragutputtputt.com/" "Mozilla/5.0 (Windows NT 6.1) AppleWebKit/537.36 (KHTML, like Gecko) Chrome/28.0.1500.95 Safari/537.36"
96.4.72.13 - - [13/Aug/2013:13:14:03 -0400] "GET /images/385_im_party.gif HTTP/1.1" 200 20294 "http://farragutputtputt.com/" "Mozilla/5.0 (Windows NT 6.1) AppleWebKit/537.36 (KHTML, like Gecko) Chrome/28.0.1500.95 Safari/537.36"
96.4.72.13 - - [13/Aug/2013:13:14:03 -0400] "GET /images/84_USA-05.gif HTTP/1.1" 200 9755 "http://farragutputtputt.com/" "Mozilla/5.0 (Windows NT 6.1) AppleWebKit/537.36 (KHTML, like Gecko) Chrome/28.0.1500.95 Safari/537.36"
96.4.72.13 - - [13/Aug/2013:13:14:03 -0400] "GET /images/ic_046_nav_inner_bg.gif HTTP/1.1" 200 158 "http://farragutputtputt.com/" "Mozilla/5.0 (Windows NT 6.1) AppleWebKit/537.36 (KHTML, like Gecko) Chrome/28.0.1500.95 Safari/537.36"
96.4.72.13 - - [13/Aug/2013:13:14:03 -0400] "GET /images/174_buster-with-mail-box.JPG HTTP/1.1" 200 7132 "http://farragutputtputt.com/" "Mozilla/5.0 (Windows NT 6.1) AppleWebKit/537.36 (KHTML, like Gecko) Chrome/28.0.1500.95 Safari/537.36"
198.45.152.10 - - [13/Aug/2013:13:20:35 -0400] "GET /images/ic_046_content_bottom_bg.png HTTP/1.1" 200 1334 "http://www.farragutputtputt.com/" "Mozilla/5.0 (iPad; U; CPU OS 4_3_3 like Mac OS X; en-us) AppleWebKit/533.17.9 (KHTML, like Gecko) Version/5.0.2 Mobile/8J2 Safari/6533.18.5"
198.45.152.10 - - [13/Aug/2013:13:22:15 -0400] "GET /favicon.ico HTTP/1.1" 404 575 "http://www.farragutputtputt.com/letthefunbegin.html" "Mozilla/5.0 (iPad; U; CPU OS 4_3_3 like Mac OS X; en-us) AppleWebKit/533.17.9 (KHTML, like Gecko) Version/5.0.2 Mobile/8J2 Safari/6533.18.5"
198.45.152.10 - - [13/Aug/2013:13:22:25 -0400] "GET /images/164_IMG_0043.jpg HTTP/1.1" 200 6998 "http://www.farragutputtputt.com/letthefunbegin.html" "Mozilla/5.0 (iPad; U; CPU OS 4_3_3 like Mac OS X; en-us) AppleWebKit/533.17.9 (KHTML, like Gecko) Version/5.0.2 Mobile/8J2 Safari/6533.18.5"
198.45.152.10 - - [13/Aug/2013:13:22:29 -0400] "GET /images/480_march_2009_putt-putt_015.jpg HTTP/1.1" 200 37155 "http://www.farragutputtputt.com/letthefunbegin.html" "Mozilla/5.0 (iPad; U; CPU OS 4_3_3 like Mac OS X; en-us) AppleWebKit/533.17.9 (KHTML, like Gecko) Version/5.0.2 Mobile/8J2 Safari/6533.18.5"
198.105.219.58 - - [13/Aug/2013:14:19:38 -0400] "HEAD / HTTP/1.1" 200 - "-" "checks.panopta.com"
66.249.75.44 - - [13/Aug/2013:14:28:09 -0400] "GET /robots.txt HTTP/1.1" 200 25 "-" "Mozilla/5.0 (compatible; Googlebot/2.1; +http://www.google.com/bot.html)"
23.20.107.73 - - [13/Aug/2013:14:37:06 -0400] "GET / HTTP/1.1" 200 26610 "http://www.tripadvisor.com/Attraction_Review-g55138-d624403-Reviews-Putt_Putt_Golf_Games-Knoxville_Tennessee.html" "Mozilla/5.0 (Unknown; Linux x86_64) AppleWebKit/534.34 (KHTML, like Gecko) CasperJS/1.0.2+Phantomjs/1.9.1 Safari/534.34"
23.20.107.73 - - [13/Aug/2013:14:37:06 -0400] "GET /scripts/1custom.css HTTP/1.1" 200 5022 "http://www.farragutputtputt.com/" "Mozilla/5.0 (Unknown; Linux x86_64) AppleWebKit/534.34 (KHTML, like Gecko) CasperJS/1.0.2+Phantomjs/1.9.1 Safari/534.34"
23.20.107.73 - - [13/Aug/2013:14:37:08 -0400] "GET /scripts/print.css HTTP/1.1" 200 - "http://www.farragutputtputt.com/" "Mozilla/5.0 (Unknown; Linux x86_64) AppleWebKit/534.34 (KHTML, like Gecko) CasperJS/1.0.2+Phantomjs/1.9.1 Safari/534.34"
166.147.120.29 - - [13/Aug/2013:15:59:26 -0400] "GET /welcome.html HTTP/1.1" 200 26610 "http://farragutputtputt.com/attractionsprices.html" "Mozilla/5.0 (iPhone; CPU iPhone OS 6_1_3 like Mac OS X) AppleWebKit/536.26 (KHTML, like Gecko) Version/6.0 Mobile/10B329 Safari/8536.25"
166.147.120.29 - - [13/Aug/2013:15:59:28 -0400] "GET /images/190_PPFC_ltfb.jpg HTTP/1.1" 200 7684 "http://farragutputtputt.com/welcome.html" "Mozilla/5.0 (iPhone; CPU iPhone OS 6_1_3 like Mac OS X) AppleWebKit/536.26 (KHTML, like Gecko) Version/6.0 Mobile/10B329 Safari/8536.25"
166.147.120.29 - - [13/Aug/2013:15:59:28 -0400] "GET /images/174_PPCG.jpg HTTP/1.1" 200 8468 "http://farragutputtputt.com/welcome.html" "Mozilla/5.0 (iPhone; CPU iPhone OS 6_1_3 like Mac OS X) AppleWebKit/536.26 (KHTML, like Gecko) Version/6.0 Mobile/10B329 Safari/8536.25"
166.147.120.29 - - [13/Aug/2013:15:59:28 -0400] "GET /images/88_tennessee_fl_md_wht.gif HTTP/1.1" 200 7701 "http://farragutputtputt.com/welcome.html" "Mozilla/5.0 (iPhone; CPU iPhone OS 6_1_3 like Mac OS X) AppleWebKit/536.26 (KHTML, like Gecko) Version/6.0 Mobile/10B329 Safari/8536.25"
166.147.120.29 - - [13/Aug/2013:15:59:28 -0400] "GET /images/385_im_party.gif HTTP/1.1" 200 20294 "http://farragutputtputt.com/welcome.html" "Mozilla/5.0 (iPhone; CPU iPhone OS 6_1_3 like Mac OS X) AppleWebKit/536.26 (KHTML, like Gecko) Version/6.0 Mobile/10B329 Safari/8536.25"
166.147.120.29 - - [13/Aug/2013:15:59:29 -0400] "GET /images/84_USA-05.gif HTTP/1.1" 200 9755 "http://farragutputtputt.com/welcome.html" "Mozilla/5.0 (iPhone; CPU iPhone OS 6_1_3 like Mac OS X) AppleWebKit/536.26 (KHTML, like Gecko) Version/6.0 Mobile/10B329 Safari/8536.25"
166.147.120.29 - - [13/Aug/2013:15:59:29 -0400] "GET /images/media_snd.gif HTTP/1.1" 200 1379 "http://farragutputtputt.com/welcome.html" "Mozilla/5.0 (iPhone; CPU iPhone OS 6_1_3 like Mac OS X) AppleWebKit/536.26 (KHTML, like Gecko) Version/6.0 Mobile/10B329 Safari/8536.25"
198.105.219.58 - - [13/Aug/2013:16:19:30 -0400] "HEAD / HTTP/1.1" 200 - "-" "checks.panopta.com"
198.105.219.58 - - [13/Aug/2013:05:14:33 -0400] "HEAD / HTTP/1.1" 200 - "-" "checks.panopta.com"
220.181.108.156 - - [13/Aug/2013:21:05:24 -0400] "GET / HTTP/1.1" 200 26610 "-" "Mozilla/5.0 (compatible; Baiduspider/2.0; +http://www.baidu.com/search/spider.html)"
75.131.41.67 - - [13/Aug/2013:22:00:25 -0400] "GET / HTTP/1.1" 200 26610 "https://www.google.com/" "Mozilla/5.0 (Linux; Android 4.2.2; Galaxy Nexus Build/JDQ39) AppleWebKit/537.36 (KHTML, like Gecko) Chrome/28.0.1500.94 Mobile Safari/537.36"
75.131.41.67 - - [13/Aug/2013:22:00:25 -0400] "GET /scripts/user.js HTTP/1.1" 200 23762 "http://farragutputtputt.com/" "Mozilla/5.0 (Linux; Android 4.2.2; Galaxy Nexus Build/JDQ39) AppleWebKit/537.36 (KHTML, like Gecko) Chrome/28.0.1500.94 Mobile Safari/537.36"
75.131.41.67 - - [13/Aug/2013:22:00:26 -0400] "GET /images/174_PPCG.jpg HTTP/1.1" 200 8468 "http://farragutputtputt.com/" "Mozilla/5.0 (Linux; Android 4.2.2; Galaxy Nexus Build/JDQ39) AppleWebKit/537.36 (KHTML, like Gecko) Chrome/28.0.1500.94 Mobile Safari/537.36"
75.131.41.67 - - [13/Aug/2013:22:00:26 -0400] "GET /scripts/print.css HTTP/1.1" 200 - "http://farragutputtputt.com/" "Mozilla/5.0 (Linux; Android 4.2.2; Galaxy Nexus Build/JDQ39) AppleWebKit/537.36 (KHTML, like Gecko) Chrome/28.0.1500.94 Mobile Safari/537.36"
157.55.32.96 - - [13/Aug/2013:22:48:37 -0400] "GET /robots.txt HTTP/1.1" 200 25 "-" "Mozilla/5.0 (compatible; bingbot/2.0; +http://www.bing.com/bingbot.htm)"
67.175.143.176 - - [13/Aug/2013:00:14:46 -0400] "GET /images/164_march_2009_putt-putt_017.jpg HTTP/1.1" 200 7975 "http://www.farragutputtputt.com/letthefunbegin.html" "Mozilla/5.0 (Macintosh; Intel Mac OS X 10_6_8) AppleWebKit/534.59.8 (KHTML, like Gecko) Version/5.1.9 Safari/534.59.8"
67.175.143.176 - - [13/Aug/2013:00:14:47 -0400] "GET /images/288_George_Washington_Abbott_-_1875.jpg HTTP/1.1" 200 14836 "http://www.farragutputtputt.com/letthefunbegin.html" "Mozilla/5.0 (Macintosh; Intel Mac OS X 10_6_8) AppleWebKit/534.59.8 (KHTML, like Gecko) Version/5.1.9 Safari/534.59.8"
208.54.64.200 - - [13/Aug/2013:18:33:24 -0400] "GET /scripts/ic_globals_published.js HTTP/1.1" 200 566 "http://farragutputtputt.com/attractionsprices.html" "Mozilla/5.0 (Linux; U; Android 2.3.6; en-us; SGH-T679 Build/GINGERBREAD) AppleWebKit/533.1 (KHTML, like Gecko) Version/4.0 Mobile Safari/533.1"
208.54.64.200 - - [13/Aug/2013:18:34:07 -0400] "GET /images/doc_pdf.gif HTTP/1.1" 200 1002 "http://farragutputtputt.com/attractionsprices.html" "Mozilla/5.0 (Linux; U; Android 2.3.6; en-us; SGH-T679 Build/GINGERBREAD) AppleWebKit/533.1 (KHTML, like Gecko) Version/4.0 Mobile Safari/533.1"
208.54.64.200 - - [13/Aug/2013:18:34:07 -0400] "GET /images/253_BusterBatZone.jpg HTTP/1.1" 200 15829 "http://farragutputtputt.com/attractionsprices.html" "Mozilla/5.0 (Linux; U; Android 2.3.6; en-us; SGH-T679 Build/GINGERBREAD) AppleWebKit/533.1 (KHTML, like Gecko) Version/4.0 Mobile Safari/533.1"
108.208.174.36 - - [13/Aug/2013:19:16:39 -0400] "GET /images/200_batter.jpg HTTP/1.1" 200 8643 "http://find.mapmuse.com/map/batting-cages/near/Mobile,+AL" "Mozilla/5.0 (Windows NT 6.1; rv:22.0) Gecko/20100101 Firefox/22.0"
70.210.7.235 - - [13/Aug/2013:19:42:05 -0400] "GET /scripts/5custom.css HTTP/1.1" 200 2956 "http://www.farragutputtputt.com/letthefunbegin.html" "Mozilla/5.0 (iPhone; CPU iPhone OS 6_1_4 like Mac OS X) AppleWebKit/536.26 (KHTML, like Gecko) Version/6.0 Mobile/10B350 Safari/8536.25"
70.210.7.235 - - [13/Aug/2013:19:42:05 -0400] "GET /images/450_LTFB.jpg HTTP/1.1" 200 44697 "http://www.farragutputtputt.com/letthefunbegin.html" "Mozilla/5.0 (iPhone; CPU iPhone OS 6_1_4 like Mac OS X) AppleWebKit/536.26 (KHTML, like Gecko) Version/6.0 Mobile/10B350 Safari/8536.25"
70.210.7.235 - - [13/Aug/2013:19:42:05 -0400] "GET /images/photoalbum/button_photoSpeed3_ON.jpg HTTP/1.1" 200 587 "http://www.farragutputtputt.com/letthefunbegin.html" "Mozilla/5.0 (iPhone; CPU iPhone OS 6_1_4 like Mac OS X) AppleWebKit/536.26 (KHTML, like Gecko) Version/6.0 Mobile/10B350 Safari/8536.25"
70.210.7.235 - - [13/Aug/2013:19:42:05 -0400] "GET /images/575_IMG_0026.jpg HTTP/1.1" 200 68483 "http://www.farragutputtputt.com/letthefunbegin.html" "Mozilla/5.0 (iPhone; CPU iPhone OS 6_1_4 like Mac OS X) AppleWebKit/536.26 (KHTML, like Gecko) Version/6.0 Mobile/10B350 Safari/8536.25"
70.210.7.235 - - [13/Aug/2013:19:42:05 -0400] "GET /images/767_IMG_0018.jpg HTTP/1.1" 200 45608 "http://www.farragutputtputt.com/letthefunbegin.html" "Mozilla/5.0 (iPhone; CPU iPhone OS 6_1_4 like Mac OS X) AppleWebKit/536.26 (KHTML, like Gecko) Version/6.0 Mobile/10B350 Safari/8536.25"
70.210.7.235 - - [13/Aug/2013:19:42:05 -0400] "GET /images/480_IMG_0018.jpg HTTP/1.1" 200 22773 "http://www.farragutputtputt.com/letthefunbegin.html" "Mozilla/5.0 (iPhone; CPU iPhone OS 6_1_4 like Mac OS X) AppleWebKit/536.26 (KHTML, like Gecko) Version/6.0 Mobile/10B350 Safari/8536.25"
70.210.7.235 - - [13/Aug/2013:19:42:05 -0400] "GET /images/164_march_2009_putt-putt_001.jpg HTTP/1.1" 200 9297 "http://www.farragutputtputt.com/letthefunbegin.html" "Mozilla/5.0 (iPhone; CPU iPhone OS 6_1_4 like Mac OS X) AppleWebKit/536.26 (KHTML, like Gecko) Version/6.0 Mobile/10B350 Safari/8536.25"
70.210.7.235 - - [13/Aug/2013:19:42:05 -0400] "GET /images/164_march_2009_putt-putt_004.jpg HTTP/1.1" 200 8268 "http://www.farragutputtputt.com/letthefunbegin.html" "Mozilla/5.0 (iPhone; CPU iPhone OS 6_1_4 like Mac OS X) AppleWebKit/536.26 (KHTML, like Gecko) Version/6.0 Mobile/10B350 Safari/8536.25"
70.210.7.235 - - [13/Aug/2013:19:42:05 -0400] "GET /images/480_march_2009_putt-putt_004.jpg HTTP/1.1" 200 50903 "http://www.farragutputtputt.com/letthefunbegin.html" "Mozilla/5.0 (iPhone; CPU iPhone OS 6_1_4 like Mac OS X) AppleWebKit/536.26 (KHTML, like Gecko) Version/6.0 Mobile/10B350 Safari/8536.25"
70.210.7.235 - - [13/Aug/2013:19:42:06 -0400] "GET /images/164_march_2009_putt-putt_003.jpg HTTP/1.1" 200 6836 "http://www.farragutputtputt.com/letthefunbegin.html" "Mozilla/5.0 (iPhone; CPU iPhone OS 6_1_4 like Mac OS X) AppleWebKit/536.26 (KHTML, like Gecko) Version/6.0 Mobile/10B350 Safari/8536.25"
70.210.7.235 - - [13/Aug/2013:19:42:06 -0400] "GET /images/480_march_2009_putt-putt_003.jpg HTTP/1.1" 200 39222 "http://www.farragutputtputt.com/letthefunbegin.html" "Mozilla/5.0 (iPhone; CPU iPhone OS 6_1_4 like Mac OS X) AppleWebKit/536.26 (KHTML, like Gecko) Version/6.0 Mobile/10B350 Safari/8536.25"
70.210.7.235 - - [13/Aug/2013:19:42:06 -0400] "GET /images/767_march_2009_putt-putt_005.jpg HTTP/1.1" 200 100118 "http://www.farragutputtputt.com/letthefunbegin.html" "Mozilla/5.0 (iPhone; CPU iPhone OS 6_1_4 like Mac OS X) AppleWebKit/536.26 (KHTML, like Gecko) Version/6.0 Mobile/10B350 Safari/8536.25"
70.210.7.235 - - [13/Aug/2013:19:42:07 -0400] "GET /images/164_march_2009_putt-putt_005.jpg HTTP/1.1" 200 8359 "http://www.farragutputtputt.com/letthefunbegin.html" "Mozilla/5.0 (iPhone; CPU iPhone OS 6_1_4 like Mac OS X) AppleWebKit/536.26 (KHTML, like Gecko) Version/6.0 Mobile/10B350 Safari/8536.25"
70.210.7.235 - - [13/Aug/2013:19:42:07 -0400] "GET /images/164_IMG_0041.jpg HTTP/1.1" 200 7557 "http://www.farragutputtputt.com/letthefunbegin.html" "Mozilla/5.0 (iPhone; CPU iPhone OS 6_1_4 like Mac OS X) AppleWebKit/536.26 (KHTML, like Gecko) Version/6.0 Mobile/10B350 Safari/8536.25"
70.210.7.235 - - [13/Aug/2013:19:42:07 -0400] "GET /images/480_IMG_0041.jpg HTTP/1.1" 200 39439 "http://www.farragutputtputt.com/letthefunbegin.html" "Mozilla/5.0 (iPhone; CPU iPhone OS 6_1_4 like Mac OS X) AppleWebKit/536.26 (KHTML, like Gecko) Version/6.0 Mobile/10B350 Safari/8536.25"
70.210.7.235 - - [13/Aug/2013:19:42:07 -0400] "GET /images/164_IMG_0052.jpg HTTP/1.1" 200 7821 "http://www.farragutputtputt.com/letthefunbegin.html" "Mozilla/5.0 (iPhone; CPU iPhone OS 6_1_4 like Mac OS X) AppleWebKit/536.26 (KHTML, like Gecko) Version/6.0 Mobile/10B350 Safari/8536.25"
70.210.7.235 - - [13/Aug/2013:19:42:07 -0400] "GET /images/480_IMG_0052.jpg HTTP/1.1" 200 39299 "http://www.farragutputtputt.com/letthefunbegin.html" "Mozilla/5.0 (iPhone; CPU iPhone OS 6_1_4 like Mac OS X) AppleWebKit/536.26 (KHTML, like Gecko) Version/6.0 Mobile/10B350 Safari/8536.25"
70.210.7.235 - - [13/Aug/2013:19:42:07 -0400] "GET /images/767_march_2009_putt-putt_008.jpg HTTP/1.1" 200 79565 "http://www.farragutputtputt.com/letthefunbegin.html" "Mozilla/5.0 (iPhone; CPU iPhone OS 6_1_4 like Mac OS X) AppleWebKit/536.26 (KHTML, like Gecko) Version/6.0 Mobile/10B350 Safari/8536.25"
70.210.7.235 - - [13/Aug/2013:19:42:08 -0400] "GET /images/164_march_2009_putt-putt_008.jpg HTTP/1.1" 200 8051 "http://www.farragutputtputt.com/letthefunbegin.html" "Mozilla/5.0 (iPhone; CPU iPhone OS 6_1_4 like Mac OS X) AppleWebKit/536.26 (KHTML, like Gecko) Version/6.0 Mobile/10B350 Safari/8536.25"
70.210.7.235 - - [13/Aug/2013:19:42:08 -0400] "GET /images/164_march_2009_putt-putt_015.jpg HTTP/1.1" 200 7329 "http://www.farragutputtputt.com/letthefunbegin.html" "Mozilla/5.0 (iPhone; CPU iPhone OS 6_1_4 like Mac OS X) AppleWebKit/536.26 (KHTML, like Gecko) Version/6.0 Mobile/10B350 Safari/8536.25"
70.210.7.235 - - [13/Aug/2013:19:42:08 -0400] "GET /images/480_march_2009_putt-putt_015.jpg HTTP/1.1" 200 37155 "http://www.farragutputtputt.com/letthefunbegin.html" "Mozilla/5.0 (iPhone; CPU iPhone OS 6_1_4 like Mac OS X) AppleWebKit/536.26 (KHTML, like Gecko) Version/6.0 Mobile/10B350 Safari/8536.25"
70.210.7.235 - - [13/Aug/2013:19:42:08 -0400] "GET /images/767_march_2009_putt-putt_016.jpg HTTP/1.1" 200 81743 "http://www.farragutputtputt.com/letthefunbegin.html" "Mozilla/5.0 (iPhone; CPU iPhone OS 6_1_4 like Mac OS X) AppleWebKit/536.26 (KHTML, like Gecko) Version/6.0 Mobile/10B350 Safari/8536.25"
70.210.7.235 - - [13/Aug/2013:19:42:09 -0400] "GET /images/164_march_2009_putt-putt_016.jpg HTTP/1.1" 200 8620 "http://www.farragutputtputt.com/letthefunbegin.html" "Mozilla/5.0 (iPhone; CPU iPhone OS 6_1_4 like Mac OS X) AppleWebKit/536.26 (KHTML, like Gecko) Version/6.0 Mobile/10B350 Safari/8536.25"
70.210.7.235 - - [13/Aug/2013:19:42:09 -0400] "GET /images/480_march_2009_putt-putt_016.jpg HTTP/1.1" 200 46728 "http://www.farragutputtputt.com/letthefunbegin.html" "Mozilla/5.0 (iPhone; CPU iPhone OS 6_1_4 like Mac OS X) AppleWebKit/536.26 (KHTML, like Gecko) Version/6.0 Mobile/10B350 Safari/8536.25"
70.210.7.235 - - [13/Aug/2013:19:42:09 -0400] "GET /images/767_march_2009_putt-putt_017.jpg HTTP/1.1" 200 78452 "http://www.farragutputtputt.com/letthefunbegin.html" "Mozilla/5.0 (iPhone; CPU iPhone OS 6_1_4 like Mac OS X) AppleWebKit/536.26 (KHTML, like Gecko) Version/6.0 Mobile/10B350 Safari/8536.25"
70.210.7.235 - - [13/Aug/2013:19:42:09 -0400] "GET /images/164_march_2009_putt-putt_017.jpg HTTP/1.1" 200 7975 "http://www.farragutputtputt.com/letthefunbegin.html" "Mozilla/5.0 (iPhone; CPU iPhone OS 6_1_4 like Mac OS X) AppleWebKit/536.26 (KHTML, like Gecko) Version/6.0 Mobile/10B350 Safari/8536.25"
70.210.7.235 - - [13/Aug/2013:19:42:09 -0400] "GET /images/480_march_2009_putt-putt_017.jpg HTTP/1.1" 200 43024 "http://www.farragutputtputt.com/letthefunbegin.html" "Mozilla/5.0 (iPhone; CPU iPhone OS 6_1_4 like Mac OS X) AppleWebKit/536.26 (KHTML, like Gecko) Version/6.0 Mobile/10B350 Safari/8536.25"
166.147.123.22 - - [13/Aug/2013:19:44:45 -0400] "GET /images/200_batter.jpg HTTP/1.1" 200 8643 "http://find.mapmuse.com/map/batting-cages/32.7149,-86.7158,7" "Mozilla/5.0 (Linux; U; Android 4.1.1; en-us; SAMSUNG-SGH-I747 Build/JRO03L) AppleWebKit/534.30 (KHTML, like Gecko) Version/4.0 Mobile Safari/534.30"
68.62.189.9 - - [13/Aug/2013:09:07:09 -0400] "GET /images/212_BatZone.jpg HTTP/1.1" 200 11220 "http://farragutputtputt.com/attractionsprices.html" "Mozilla/5.0 (Macintosh; Intel Mac OS X 10_8_4) AppleWebKit/537.36 (KHTML, like Gecko) Chrome/28.0.1500.95 Safari/537.36"
68.62.189.9 - - [13/Aug/2013:09:07:09 -0400] "GET /images/253_BusterClub3.jpg HTTP/1.1" 200 10383 "http://farragutputtputt.com/attractionsprices.html" "Mozilla/5.0 (Macintosh; Intel Mac OS X 10_8_4) AppleWebKit/537.36 (KHTML, like Gecko) Chrome/28.0.1500.95 Safari/537.36"
68.62.189.9 - - [13/Aug/2013:09:07:09 -0400] "GET /images/150_662429.gif HTTP/1.1" 200 11480 "http://farragutputtputt.com/attractionsprices.html" "Mozilla/5.0 (Macintosh; Intel Mac OS X 10_8_4) AppleWebKit/537.36 (KHTML, like Gecko) Chrome/28.0.1500.95 Safari/537.36"
71.236.59.137 - - [13/Aug/2013:10:48:36 -0400] "GET /scripts/template.css HTTP/1.1" 200 9762 "http://farragutputtputt.com/" "Mozilla/5.0 (iPhone; CPU iPhone OS 6_1_3 like Mac OS X) AppleWebKit/536.26 (KHTML, like Gecko) Version/6.0 Mobile/10B329 Safari/8536.25"
71.236.59.137 - - [13/Aug/2013:10:48:37 -0400] "GET /images/84_USA-05.gif HTTP/1.1" 200 9755 "http://farragutputtputt.com/" "Mozilla/5.0 (iPhone; CPU iPhone OS 6_1_3 like Mac OS X) AppleWebKit/536.26 (KHTML, like Gecko) Version/6.0 Mobile/10B329 Safari/8536.25"
71.236.59.137 - - [13/Aug/2013:10:48:37 -0400] "GET /images/ic_046_navcontainer_bg.png HTTP/1.1" 200 5832 "http://farragutputtputt.com/" "Mozilla/5.0 (iPhone; CPU iPhone OS 6_1_3 like Mac OS X) AppleWebKit/536.26 (KHTML, like Gecko) Version/6.0 Mobile/10B329 Safari/8536.25"
108.236.228.219 - - [13/Aug/2013:11:44:33 -0400] "GET /scripts/user.js HTTP/1.1" 200 23762 "http://farragutputtputt.com/" "Mozilla/5.0 (Windows NT 5.1) AppleWebKit/537.36 (KHTML, like Gecko) Chrome/28.0.1500.95 Safari/537.36"
108.236.228.219 - - [13/Aug/2013:11:44:33 -0400] "GET /images/504_PP_jpeg_map_2013.JPG HTTP/1.1" 200 21190 "http://farragutputtputt.com/" "Mozilla/5.0 (Windows NT 5.1) AppleWebKit/537.36 (KHTML, like Gecko) Chrome/28.0.1500.95 Safari/537.36"
108.236.228.219 - - [13/Aug/2013:11:44:34 -0400] "GET /images/ic_046_accent_bg.png HTTP/1.1" 200 9871 "http://farragutputtputt.com/" "Mozilla/5.0 (Windows NT 5.1) AppleWebKit/537.36 (KHTML, like Gecko) Chrome/28.0.1500.95 Safari/537.36"
184.57.72.225 - - [13/Aug/2013:13:06:58 -0400] "GET /images/200_batter.jpg HTTP/1.1" 200 8643 "http://find.mapmuse.com/map/batting-cages/near/Athens,+OH" "Mozilla/5.0 (Macintosh; Intel Mac OS X 10_6_8) AppleWebKit/534.57.2 (KHTML, like Gecko) Version/5.1.7 Safari/534.57.2"
198.45.152.10 - - [13/Aug/2013:13:22:32 -0400] "GET /images/767_march_2009_putt-putt_016.jpg HTTP/1.1" 200 81743 "http://www.farragutputtputt.com/letthefunbegin.html" "Mozilla/5.0 (iPad; U; CPU OS 4_3_3 like Mac OS X; en-us) AppleWebKit/533.17.9 (KHTML, like Gecko) Version/5.0.2 Mobile/8J2 Safari/6533.18.5"
198.45.152.10 - - [13/Aug/2013:13:22:39 -0400] "GET /images/164_tags_puttputt_2012.JPG HTTP/1.1" 200 6247 "http://www.farragutputtputt.com/letthefunbegin.html" "Mozilla/5.0 (iPad; U; CPU OS 4_3_3 like Mac OS X; en-us) AppleWebKit/533.17.9 (KHTML, like Gecko) Version/5.0.2 Mobile/8J2 Safari/6533.18.5"
71.226.178.48 - - [13/Aug/2013:13:32:36 -0400] "GET / HTTP/1.1" 200 26610 "http://search.yahoo.com/search?p=putt+putt+golf&ei=UTF-8&fr=moz35" "Mozilla/5.0 (Windows NT 6.0; rv:22.0) Gecko/20100101 Firefox/22.0"
71.226.178.48 - - [13/Aug/2013:13:32:37 -0400] "GET /scripts/print.css HTTP/1.1" 200 - "http://www.farragutputtputt.com/" "Mozilla/5.0 (Windows NT 6.0; rv:22.0) Gecko/20100101 Firefox/22.0"
71.226.178.48 - - [13/Aug/2013:13:32:37 -0400] "GET /scripts/icwebsiteelement.css HTTP/1.1" 200 8132 "http://www.farragutputtputt.com/" "Mozilla/5.0 (Windows NT 6.0; rv:22.0) Gecko/20100101 Firefox/22.0"
71.226.178.48 - - [13/Aug/2013:13:32:38 -0400] "GET /images/190_PPFC_ltfb.jpg HTTP/1.1" 200 7684 "http://www.farragutputtputt.com/" "Mozilla/5.0 (Windows NT 6.0; rv:22.0) Gecko/20100101 Firefox/22.0"
71.226.178.48 - - [13/Aug/2013:13:32:38 -0400] "GET /images/media_snd.gif HTTP/1.1" 200 1379 "http://www.farragutputtputt.com/" "Mozilla/5.0 (Windows NT 6.0; rv:22.0) Gecko/20100101 Firefox/22.0"
71.226.178.48 - - [13/Aug/2013:13:32:38 -0400] "GET /images/174_buster-with-mail-box.JPG HTTP/1.1" 200 7132 "http://www.farragutputtputt.com/" "Mozilla/5.0 (Windows NT 6.0; rv:22.0) Gecko/20100101 Firefox/22.0"
71.226.178.48 - - [13/Aug/2013:13:32:39 -0400] "GET /images/2004buster1.JPG HTTP/1.1" 200 5573 "http://www.farragutputtputt.com/scripts/website.css" "Mozilla/5.0 (Windows NT 6.0; rv:22.0) Gecko/20100101 Firefox/22.0"
71.226.178.48 - - [13/Aug/2013:13:32:40 -0400] "GET /images/ic_046_nav_inner_bg.gif HTTP/1.1" 200 158 "http://www.farragutputtputt.com/scripts/template.css" "Mozilla/5.0 (Windows NT 6.0; rv:22.0) Gecko/20100101 Firefox/22.0"
66.87.100.205 - - [13/Aug/2013:13:57:10 -0400] "GET /images/ic_046_nav_inner_bg.gif HTTP/1.1" 200 158 "http://www.farragutputtputt.com/" "Mozilla/5.0 (Linux; U; Android 4.1.2; en-us; SPH-L710 Build/JZO54K) AppleWebKit/534.30 (KHTML, like Gecko) Version/4.0 Mobile Safari/534.30"
99.57.206.188 - - [13/Aug/2013:15:41:01 -0400] "GET /scripts/ic_globals_published.js HTTP/1.1" 200 566 "http://www.farragutputtputt.com/" "Mozilla/4.0 (compatible; MSIE 8.0; Windows NT 6.1; Trident/4.0; SLCC2; .NET CLR 2.0.50727; .NET CLR 3.5.30729; .NET CLR 3.0.30729; Media Center PC 6.0; .NET4.0C; Tablet PC 2.0)"
99.57.206.188 - - [13/Aug/2013:15:41:01 -0400] "GET /scripts/print.css HTTP/1.1" 200 - "http://www.farragutputtputt.com/" "Mozilla/4.0 (compatible; MSIE 8.0; Windows NT 6.1; Trident/4.0; SLCC2; .NET CLR 2.0.50727; .NET CLR 3.5.30729; .NET CLR 3.0.30729; Media Center PC 6.0; .NET4.0C; Tablet PC 2.0)"
99.57.206.188 - - [13/Aug/2013:15:41:01 -0400] "GET /images/ic_046_accent_bg.png HTTP/1.1" 200 9871 "http://www.farragutputtputt.com/" "Mozilla/4.0 (compatible; MSIE 8.0; Windows NT 6.1; Trident/4.0; SLCC2; .NET CLR 2.0.50727; .NET CLR 3.5.30729; .NET CLR 3.0.30729; Media Center PC 6.0; .NET4.0C; Tablet PC 2.0)"
99.57.206.188 - - [13/Aug/2013:15:41:01 -0400] "GET /images/media_snd.gif HTTP/1.1" 200 1379 "http://www.farragutputtputt.com/" "Mozilla/4.0 (compatible; MSIE 8.0; Windows NT 6.1; Trident/4.0; SLCC2; .NET CLR 2.0.50727; .NET CLR 3.5.30729; .NET CLR 3.0.30729; Media Center PC 6.0; .NET4.0C; Tablet PC 2.0)"
99.57.206.188 - - [13/Aug/2013:15:41:11 -0400] "GET /favicon.ico HTTP/1.1" 404 575 "-" "Mozilla/4.0 (compatible; MSIE 8.0; Windows NT 6.1; Trident/4.0; SLCC2; .NET CLR 2.0.50727; .NET CLR 3.5.30729; .NET CLR 3.0.30729; Media Center PC 6.0; .NET4.0C; Tablet PC 2.0)"
209.237.94.216 - - [13/Aug/2013:15:55:49 -0400] "GET /images/200_batter.jpg HTTP/1.1" 200 8643 "http://find.mapmuse.com/map/batting-cages/near/97304" "Mozilla/5.0 (iPhone; CPU iPhone OS 6_1_3 like Mac OS X) AppleWebKit/536.26 (KHTML, like Gecko) CriOS/28.0.1500.16 Mobile/10B329 Safari/8536.25"
166.147.120.29 - - [13/Aug/2013:15:59:27 -0400] "GET /scripts/1custom.css HTTP/1.1" 200 5022 "http://farragutputtputt.com/welcome.html" "Mozilla/5.0 (iPhone; CPU iPhone OS 6_1_3 like Mac OS X) AppleWebKit/536.26 (KHTML, like Gecko) Version/6.0 Mobile/10B329 Safari/8536.25"
166.147.120.29 - - [13/Aug/2013:15:59:28 -0400] "GET /images/174_buster-with-mail-box.JPG HTTP/1.1" 200 7132 "http://farragutputtputt.com/welcome.html" "Mozilla/5.0 (iPhone; CPU iPhone OS 6_1_3 like Mac OS X) AppleWebKit/536.26 (KHTML, like Gecko) Version/6.0 Mobile/10B329 Safari/8536.25"
166.147.120.29 - - [13/Aug/2013:15:59:29 -0400] "GET /images/504_PP_jpeg_map_2013.JPG HTTP/1.1" 200 21190 "http://farragutputtputt.com/welcome.html" "Mozilla/5.0 (iPhone; CPU iPhone OS 6_1_3 like Mac OS X) AppleWebKit/536.26 (KHTML, like Gecko) Version/6.0 Mobile/10B329 Safari/8536.25"
198.105.219.58 - - [13/Aug/2013:16:04:09 -0400] "HEAD / HTTP/1.1" 200 - "-" "checks.panopta.com"
50.147.16.133 - - [13/Aug/2013:16:04:47 -0400] "GET /scripts/icwebsiteelement.css HTTP/1.1" 200 8132 "http://farragutputtputt.com/attractionsprices.html" "Mozilla/5.0 (Windows NT 6.1; WOW64) AppleWebKit/537.36 (KHTML, like Gecko) Chrome/28.0.1500.95 Safari/537.36"
50.147.16.133 - - [13/Aug/2013:16:04:47 -0400] "GET /images/212_BatZone.jpg HTTP/1.1" 200 11220 "http://farragutputtputt.com/attractionsprices.html" "Mozilla/5.0 (Windows NT 6.1; WOW64) AppleWebKit/537.36 (KHTML, like Gecko) Chrome/28.0.1500.95 Safari/537.36"
173.199.116.243 - - [13/Aug/2013:16:49:39 -0400] "GET /pages/1/index.htm HTTP/1.1" 404 575 "-" "Mozilla/5.0 (compatible; AhrefsBot/4.0; +http://ahrefs.com/robot/)"
67.175.143.176 - - [13/Aug/2013:00:14:38 -0400] "GET /scripts/4custom.css HTTP/1.1" 200 4945 "http://www.farragutputtputt.com/birthdaypartyinfo.html" "Mozilla/5.0 (Macintosh; Intel Mac OS X 10_6_8) AppleWebKit/534.59.8 (KHTML, like Gecko) Version/5.1.9 Safari/534.59.8"
67.175.143.176 - - [13/Aug/2013:00:14:38 -0400] "GET /images/103_Balloons.gif HTTP/1.1" 200 7385 "http://www.farragutputtputt.com/birthdaypartyinfo.html" "Mozilla/5.0 (Macintosh; Intel Mac OS X 10_6_8) AppleWebKit/534.59.8 (KHTML, like Gecko) Version/5.1.9 Safari/534.59.8"
199.30.16.22 - - [13/Aug/2013:00:32:34 -0400] "GET /images/0_cards.JPG HTTP/1.1" 200 3617 "-" "msnbot-media/1.1 (+http://search.msn.com/msnbot.htm)"
50.149.242.15 - - [13/Aug/2013:01:08:58 -0400] "GET /favicon.ico HTTP/1.1" 404 575 "-" "Mozilla/5.0 (compatible; MSIE 10.0; Windows NT 6.1; Win64; x64; Trident/6.0)"
199.58.86.206 - - [13/Aug/2013:02:21:37 -0400] "GET /letthefunbegin.html HTTP/1.0" 200 28067 "-" "Mozilla/5.0 (compatible; MJ12bot/v1.4.3; http://www.majestic12.co.uk/bot.php?+)"
66.87.105.52 - - [13/Aug/2013:18:01:37 -0400] "GET /scripts/photoalbum.js HTTP/1.1" 200 62481 "-" "Mozilla/5.0 (iPhone; CPU iPhone OS 6_1_3 like Mac OS X) AppleWebKit/536.26 (KHTML, like Gecko) Version/6.0 Mobile/10B329 Safari/8536.25"
208.54.64.200 - - [13/Aug/2013:18:34:07 -0400] "GET /images/220_PPCG.jpg HTTP/1.1" 200 11316 "http://farragutputtputt.com/attractionsprices.html" "Mozilla/5.0 (Linux; U; Android 2.3.6; en-us; SGH-T679 Build/GINGERBREAD) AppleWebKit/533.1 (KHTML, like Gecko) Version/4.0 Mobile Safari/533.1"
208.54.64.200 - - [13/Aug/2013:18:34:07 -0400] "GET /images/220_SnackShack.jpg HTTP/1.1" 200 14543 "http://farragutputtputt.com/attractionsprices.html" "Mozilla/5.0 (Linux; U; Android 2.3.6; en-us; SGH-T679 Build/GINGERBREAD) AppleWebKit/533.1 (KHTML, like Gecko) Version/4.0 Mobile Safari/533.1"
70.210.7.235 - - [13/Aug/2013:19:28:04 -0400] "GET /scripts/ic_globals_published.js HTTP/1.1" 200 566 "http://www.farragutputtputt.com/" "Mozilla/5.0 (iPhone; CPU iPhone OS 6_1_4 like Mac OS X) AppleWebKit/536.26 (KHTML, like Gecko) Version/6.0 Mobile/10B350 Safari/8536.25"
70.210.7.235 - - [13/Aug/2013:19:28:05 -0400] "GET /images/385_im_party.gif HTTP/1.1" 200 20294 "http://www.farragutputtputt.com/" "Mozilla/5.0 (iPhone; CPU iPhone OS 6_1_4 like Mac OS X) AppleWebKit/536.26 (KHTML, like Gecko) Version/6.0 Mobile/10B350 Safari/8536.25"
70.210.7.235 - - [13/Aug/2013:19:28:05 -0400] "GET /images/2004buster1.JPG HTTP/1.1" 200 5573 "http://www.farragutputtputt.com/" "Mozilla/5.0 (iPhone; CPU iPhone OS 6_1_4 like Mac OS X) AppleWebKit/536.26 (KHTML, like Gecko) Version/6.0 Mobile/10B350 Safari/8536.25"
70.210.7.235 - - [13/Aug/2013:19:28:05 -0400] "GET /images/ic_046_header_bg_wide.png HTTP/1.1" 200 3558 "http://www.farragutputtputt.com/" "Mozilla/5.0 (iPhone; CPU iPhone OS 6_1_4 like Mac OS X) AppleWebKit/536.26 (KHTML, like Gecko) Version/6.0 Mobile/10B350 Safari/8536.25"
69.130.106.184 - - [13/Aug/2013:19:32:30 -0400] "GET /images/212_BatZone.jpg HTTP/1.1" 200 11220 "http://www.farragutputtputt.com/attractionsprices.html" "Mozilla/5.0 (Windows NT 5.1) AppleWebKit/537.36 (KHTML, like Gecko) Chrome/28.0.1500.95 Safari/537.36"
69.130.106.184 - - [13/Aug/2013:19:32:30 -0400] "GET /images/253_BusterBatZone.jpg HTTP/1.1" 200 15829 "http://www.farragutputtputt.com/attractionsprices.html" "Mozilla/5.0 (Windows NT 5.1) AppleWebKit/537.36 (KHTML, like Gecko) Chrome/28.0.1500.95 Safari/537.36"
69.130.106.184 - - [13/Aug/2013:19:32:30 -0400] "GET /images/150_662429.gif HTTP/1.1" 200 11480 "http://www.farragutputtputt.com/attractionsprices.html" "Mozilla/5.0 (Windows NT 5.1) AppleWebKit/537.36 (KHTML, like Gecko) Chrome/28.0.1500.95 Safari/537.36"
130.185.109.210 - - [13/Aug/2013:08:36:25 -0400] "GET / HTTP/1.1" 200 26610 "-" "PagesInventory (robot +http://www.pagesinventory.com)"
168.85.177.4 - - [13/Aug/2013:10:07:27 -0400] "GET /scripts/print.css HTTP/1.1" 200 - "http://www.farragutputtputt.com/birthdaypartyinfo.html" "Mozilla/4.0 (compatible; MSIE 8.0; Windows NT 5.1; Trident/4.0; .NET CLR 1.1.4322; .NET CLR 2.0.50727; .NET CLR 3.0.4506.2152; .NET CLR 3.5.30729; .NET4.0C; .NET4.0E)"
168.85.177.4 - - [13/Aug/2013:10:07:27 -0400] "GET /scripts/4custom.css HTTP/1.1" 200 4945 "http://www.farragutputtputt.com/birthdaypartyinfo.html" "Mozilla/4.0 (compatible; MSIE 8.0; Windows NT 5.1; Trident/4.0; .NET CLR 1.1.4322; .NET CLR 2.0.50727; .NET CLR 3.0.4506.2152; .NET CLR 3.5.30729; .NET4.0C; .NET4.0E)"
168.85.177.4 - - [13/Aug/2013:10:07:28 -0400] "GET /images/2004buster1.JPG HTTP/1.1" 200 5573 "http://www.farragutputtputt.com/birthdaypartyinfo.html" "Mozilla/4.0 (compatible; MSIE 8.0; Windows NT 5.1; Trident/4.0; .NET CLR 1.1.4322; .NET CLR 2.0.50727; .NET CLR 3.0.4506.2152; .NET CLR 3.5.30729; .NET4.0C; .NET4.0E)"
168.85.177.4 - - [13/Aug/2013:10:07:28 -0400] "GET /images/103_Balloons.gif HTTP/1.1" 200 7385 "http://www.farragutputtputt.com/birthdaypartyinfo.html" "Mozilla/4.0 (compatible; MSIE 8.0; Windows NT 5.1; Trident/4.0; .NET CLR 1.1.4322; .NET CLR 2.0.50727; .NET CLR 3.0.4506.2152; .NET CLR 3.5.30729; .NET4.0C; .NET4.0E)"
168.85.177.4 - - [13/Aug/2013:10:07:29 -0400] "GET /images/ic_046_content_bottom_bg_wide.png HTTP/1.1" 200 1373 "http://www.farragutputtputt.com/birthdaypartyinfo.html" "Mozilla/4.0 (compatible; MSIE 8.0; Windows NT 5.1; Trident/4.0; .NET CLR 1.1.4322; .NET CLR 2.0.50727; .NET CLR 3.0.4506.2152; .NET CLR 3.5.30729; .NET4.0C; .NET4.0E)"
134.167.1.1 - - [13/Aug/2013:10:34:19 -0400] "GET /scripts/print.css HTTP/1.1" 200 - "http://farragutputtputt.com/" "Mozilla/5.0 (compatible; MSIE 9.0; Windows NT 6.1; WOW64; Trident/5.0)"
134.167.1.1 - - [13/Aug/2013:10:34:19 -0400] "GET /images/385_im_party.gif HTTP/1.1" 200 20294 "http://farragutputtputt.com/" "Mozilla/5.0 (compatible; MSIE 9.0; Windows NT 6.1; WOW64; Trident/5.0)"
134.167.1.1 - - [13/Aug/2013:10:34:19 -0400] "GET /images/174_buster-with-mail-box.JPG HTTP/1.1" 200 7132 "http://farragutputtputt.com/" "Mozilla/5.0 (compatible; MSIE 9.0; Windows NT 6.1; WOW64; Trident/5.0)"
134.167.1.1 - - [13/Aug/2013:10:34:20 -0400] "GET /favicon.ico HTTP/1.1" 404 575 "-" "Mozilla/5.0 (compatible; MSIE 9.0; Windows NT 6.1; WOW64; Trident/5.0)"
71.236.59.137 - - [13/Aug/2013:10:48:36 -0400] "GET /scripts/photoalbum.js HTTP/1.1" 200 62481 "http://farragutputtputt.com/" "Mozilla/5.0 (iPhone; CPU iPhone OS 6_1_3 like Mac OS X) AppleWebKit/536.26 (KHTML, like Gecko) Version/6.0 Mobile/10B329 Safari/8536.25"
71.236.59.137 - - [13/Aug/2013:10:48:37 -0400] "GET /images/190_PPFC_ltfb.jpg HTTP/1.1" 200 7684 "http://farragutputtputt.com/" "Mozilla/5.0 (iPhone; CPU iPhone OS 6_1_3 like Mac OS X) AppleWebKit/536.26 (KHTML, like Gecko) Version/6.0 Mobile/10B329 Safari/8536.25"
71.236.59.137 - - [13/Aug/2013:10:48:37 -0400] "GET /images/88_tennessee_fl_md_wht.gif HTTP/1.1" 200 7701 "http://farragutputtputt.com/" "Mozilla/5.0 (iPhone; CPU iPhone OS 6_1_3 like Mac OS X) AppleWebKit/536.26 (KHTML, like Gecko) Version/6.0 Mobile/10B329 Safari/8536.25"
71.236.59.137 - - [13/Aug/2013:10:48:37 -0400] "GET /images/media_snd.gif HTTP/1.1" 200 1379 "http://farragutputtputt.com/" "Mozilla/5.0 (iPhone; CPU iPhone OS 6_1_3 like Mac OS X) AppleWebKit/536.26 (KHTML, like Gecko) Version/6.0 Mobile/10B329 Safari/8536.25"
71.236.59.137 - - [13/Aug/2013:10:48:37 -0400] "GET /images/174_buster-with-mail-box.JPG HTTP/1.1" 200 7132 "http://farragutputtputt.com/" "Mozilla/5.0 (iPhone; CPU iPhone OS 6_1_3 like Mac OS X) AppleWebKit/536.26 (KHTML, like Gecko) Version/6.0 Mobile/10B329 Safari/8536.25"
71.236.59.137 - - [13/Aug/2013:10:48:37 -0400] "GET /images/ic_046_accent_bg.png HTTP/1.1" 200 9871 "http://farragutputtputt.com/" "Mozilla/5.0 (iPhone; CPU iPhone OS 6_1_3 like Mac OS X) AppleWebKit/536.26 (KHTML, like Gecko) Version/6.0 Mobile/10B329 Safari/8536.25"
50.142.182.167 - - [13/Aug/2013:10:53:05 -0400] "GET /scripts/user.js HTTP/1.1" 200 23762 "http://farragutputtputt.com/welcome.html" "Mozilla/5.0 (Windows NT 5.1) AppleWebKit/537.36 (KHTML, like Gecko) Chrome/28.0.1500.95 Safari/537.36"
50.142.182.167 - - [13/Aug/2013:10:53:05 -0400] "GET /images/174_PPCG.jpg HTTP/1.1" 304 - "http://farragutputtputt.com/welcome.html" "Mozilla/5.0 (Windows NT 5.1) AppleWebKit/537.36 (KHTML, like Gecko) Chrome/28.0.1500.95 Safari/537.36"
50.142.182.167 - - [13/Aug/2013:10:53:05 -0400] "GET /images/ic_046_nav_inner_bg.gif HTTP/1.1" 200 158 "http://farragutputtputt.com/welcome.html" "Mozilla/5.0 (Windows NT 5.1) AppleWebKit/537.36 (KHTML, like Gecko) Chrome/28.0.1500.95 Safari/537.36"
134.167.1.1 - - [13/Aug/2013:10:58:44 -0400] "GET /images/253_BusterBatZone.jpg HTTP/1.1" 304 - "http://farragutputtputt.com/attractionsprices.html" "Mozilla/5.0 (compatible; MSIE 9.0; Windows NT 6.1; WOW64; Trident/5.0)"
74.82.64.145 - - [13/Aug/2013:11:52:36 -0400] "GET /scripts/1custom.css HTTP/1.1" 200 5022 "http://farragutputtputt.com/" "Mozilla/5.0 (BlackBerry; U; BlackBerry 9900; en-US) AppleWebKit/534.11+ (KHTML, like Gecko) Version/7.1.0.912 Mobile Safari/534.11+"
74.82.64.145 - - [13/Aug/2013:11:52:37 -0400] "GET /images/ic_046_navcontainer_bg.png HTTP/1.1" 200 5832 "http://farragutputtputt.com/" "Mozilla/5.0 (BlackBerry; U; BlackBerry 9900; en-US) AppleWebKit/534.11+ (KHTML, like Gecko) Version/7.1.0.912 Mobile Safari/534.11+"
74.82.64.145 - - [13/Aug/2013:11:52:39 -0400] "GET /images/385_im_party.gif HTTP/1.1" 200 20294 "http://farragutputtputt.com/" "Mozilla/5.0 (BlackBerry; U; BlackBerry 9900; en-US) AppleWebKit/534.11+ (KHTML, like Gecko) Version/7.1.0.912 Mobile Safari/534.11+"
74.82.64.145 - - [13/Aug/2013:11:52:39 -0400] "GET /images/174_buster-with-mail-box.JPG HTTP/1.1" 200 7132 "http://farragutputtputt.com/" "Mozilla/5.0 (BlackBerry; U; BlackBerry 9900; en-US) AppleWebKit/534.11+ (KHTML, like Gecko) Version/7.1.0.912 Mobile Safari/534.11+"
74.82.64.145 - - [13/Aug/2013:11:52:39 -0400] "GET /images/84_USA-05.gif HTTP/1.1" 200 9755 "http://farragutputtputt.com/" "Mozilla/5.0 (BlackBerry; U; BlackBerry 9900; en-US) AppleWebKit/534.11+ (KHTML, like Gecko) Version/7.1.0.912 Mobile Safari/534.11+"
74.82.64.145 - - [13/Aug/2013:11:52:39 -0400] "GET /images/ic_046_content_bottom_bg_wide.png HTTP/1.1" 200 1373 "http://farragutputtputt.com/" "Mozilla/5.0 (BlackBerry; U; BlackBerry 9900; en-US) AppleWebKit/534.11+ (KHTML, like Gecko) Version/7.1.0.912 Mobile Safari/534.11+"
50.147.24.7 - - [13/Aug/2013:22:14:21 -0400] "GET /favicon.ico HTTP/1.1" 404 575 "-" "Mozilla/5.0 (Windows NT 6.1; WOW64) AppleWebKit/537.22 (KHTML, like Gecko) Chrome/25.0.1364.97 Safari/537.22"
157.56.92.176 - - [13/Aug/2013:04:02:10 -0400] "GET /scripts/user.js HTTP/1.1" 200 23762 "-" "Mozilla/5.0 (compatible; bingbot/2.0; +http://www.bing.com/bingbot.htm)"
198.45.152.10 - - [13/Aug/2013:13:20:35 -0400] "GET /scripts/photoalbum.js HTTP/1.1" 200 62481 "http://www.farragutputtputt.com/" "Mozilla/5.0 (iPad; U; CPU OS 4_3_3 like Mac OS X; en-us) AppleWebKit/533.17.9 (KHTML, like Gecko) Version/5.0.2 Mobile/8J2 Safari/6533.18.5"
198.45.152.10 - - [13/Aug/2013:13:22:15 -0400] "GET /\"images/photoalbum/button_photoLast.jpg\" HTTP/1.1" 404 575 "http://www.farragutputtputt.com/letthefunbegin.html" "Mozilla/5.0 (iPad; U; CPU OS 4_3_3 like Mac OS X; en-us) AppleWebKit/533.17.9 (KHTML, like Gecko) Version/5.0.2 Mobile/8J2 Safari/6533.18.5"
198.45.152.10 - - [13/Aug/2013:13:22:17 -0400] "GET /images/photoalbum/button_photoPlay.jpg HTTP/1.1" 200 613 "http://www.farragutputtputt.com/letthefunbegin.html" "Mozilla/5.0 (iPad; U; CPU OS 4_3_3 like Mac OS X; en-us) AppleWebKit/533.17.9 (KHTML, like Gecko) Version/5.0.2 Mobile/8J2 Safari/6533.18.5"
198.45.152.10 - - [13/Aug/2013:13:22:20 -0400] "GET /images/164_march_2009_putt-putt_001.jpg HTTP/1.1" 200 9297 "http://www.farragutputtputt.com/letthefunbegin.html" "Mozilla/5.0 (iPad; U; CPU OS 4_3_3 like Mac OS X; en-us) AppleWebKit/533.17.9 (KHTML, like Gecko) Version/5.0.2 Mobile/8J2 Safari/6533.18.5"
66.87.100.205 - - [13/Aug/2013:13:58:02 -0400] "GET /scripts/print.css HTTP/1.1" 200 - "http://www.farragutputtputt.com/" "Mozilla/5.0 (Linux; U; Android 4.1.2; en-us; SPH-L710 Build/JZO54K) AppleWebKit/534.30 (KHTML, like Gecko) Version/4.0 Mobile Safari/534.30"
66.87.102.156 - - [13/Aug/2013:15:14:50 -0400] "GET /favicon.ico HTTP/1.1" 404 575 "-" "Dolphin http client/10.0.1(230) (Android)"
99.57.206.188 - - [13/Aug/2013:15:41:01 -0400] "GET /scripts/website.css HTTP/1.1" 200 1642 "http://www.farragutputtputt.com/" "Mozilla/4.0 (compatible; MSIE 8.0; Windows NT 6.1; Trident/4.0; SLCC2; .NET CLR 2.0.50727; .NET CLR 3.5.30729; .NET CLR 3.0.30729; Media Center PC 6.0; .NET4.0C; Tablet PC 2.0)"
99.57.206.188 - - [13/Aug/2013:15:41:01 -0400] "GET /scripts/template.css HTTP/1.1" 200 9762 "http://www.farragutputtputt.com/" "Mozilla/4.0 (compatible; MSIE 8.0; Windows NT 6.1; Trident/4.0; SLCC2; .NET CLR 2.0.50727; .NET CLR 3.5.30729; .NET CLR 3.0.30729; Media Center PC 6.0; .NET4.0C; Tablet PC 2.0)"
99.57.206.188 - - [13/Aug/2013:15:41:01 -0400] "GET /images/2004buster1.JPG HTTP/1.1" 200 5573 "http://www.farragutputtputt.com/" "Mozilla/4.0 (compatible; MSIE 8.0; Windows NT 6.1; Trident/4.0; SLCC2; .NET CLR 2.0.50727; .NET CLR 3.5.30729; .NET CLR 3.0.30729; Media Center PC 6.0; .NET4.0C; Tablet PC 2.0)"
99.57.206.188 - - [13/Aug/2013:15:41:01 -0400] "GET /images/ic_046_nav_inner_bg.gif HTTP/1.1" 200 158 "http://www.farragutputtputt.com/" "Mozilla/4.0 (compatible; MSIE 8.0; Windows NT 6.1; Trident/4.0; SLCC2; .NET CLR 2.0.50727; .NET CLR 3.5.30729; .NET CLR 3.0.30729; Media Center PC 6.0; .NET4.0C; Tablet PC 2.0)"
99.57.206.188 - - [13/Aug/2013:15:41:01 -0400] "GET /images/174_PPCG.jpg HTTP/1.1" 200 8468 "http://www.farragutputtputt.com/" "Mozilla/4.0 (compatible; MSIE 8.0; Windows NT 6.1; Trident/4.0; SLCC2; .NET CLR 2.0.50727; .NET CLR 3.5.30729; .NET CLR 3.0.30729; Media Center PC 6.0; .NET4.0C; Tablet PC 2.0)"
99.57.206.188 - - [13/Aug/2013:15:41:01 -0400] "GET /images/385_im_party.gif HTTP/1.1" 200 20294 "http://www.farragutputtputt.com/" "Mozilla/4.0 (compatible; MSIE 8.0; Windows NT 6.1; Trident/4.0; SLCC2; .NET CLR 2.0.50727; .NET CLR 3.5.30729; .NET CLR 3.0.30729; Media Center PC 6.0; .NET4.0C; Tablet PC 2.0)"
99.57.206.188 - - [13/Aug/2013:15:41:01 -0400] "GET /images/174_buster-with-mail-box.JPG HTTP/1.1" 200 7132 "http://www.farragutputtputt.com/" "Mozilla/4.0 (compatible; MSIE 8.0; Windows NT 6.1; Trident/4.0; SLCC2; .NET CLR 2.0.50727; .NET CLR 3.5.30729; .NET CLR 3.0.30729; Media Center PC 6.0; .NET4.0C; Tablet PC 2.0)"
66.87.115.173 - - [13/Aug/2013:16:03:48 -0400] "GET /images/200_batter.jpg HTTP/1.1" 200 8643 "http://find.mapmuse.com/map/batting-cages/near/48215" "Mozilla/5.0 (X11; Linux x86_64; rv:23.0) Gecko/20100101 Firefox/23.0"
50.147.16.133 - - [13/Aug/2013:16:05:58 -0400] "GET /welcome.html HTTP/1.1" 200 26610 "http://farragutputtputt.com/attractionsprices.html" "Mozilla/5.0 (Windows NT 6.1; WOW64) AppleWebKit/537.36 (KHTML, like Gecko) Chrome/28.0.1500.95 Safari/537.36"
50.147.16.133 - - [13/Aug/2013:16:05:59 -0400] "GET /scripts/1custom.css HTTP/1.1" 200 5022 "http://farragutputtputt.com/welcome.html" "Mozilla/5.0 (Windows NT 6.1; WOW64) AppleWebKit/537.36 (KHTML, like Gecko) Chrome/28.0.1500.95 Safari/537.36"
50.147.16.133 - - [13/Aug/2013:16:05:59 -0400] "GET /images/88_tennessee_fl_md_wht.gif HTTP/1.1" 200 7701 "http://farragutputtputt.com/welcome.html" "Mozilla/5.0 (Windows NT 6.1; WOW64) AppleWebKit/537.36 (KHTML, like Gecko) Chrome/28.0.1500.95 Safari/537.36"
50.147.16.133 - - [13/Aug/2013:16:05:59 -0400] "GET /images/media_snd.gif HTTP/1.1" 200 1379 "http://farragutputtputt.com/welcome.html" "Mozilla/5.0 (Windows NT 6.1; WOW64) AppleWebKit/537.36 (KHTML, like Gecko) Chrome/28.0.1500.95 Safari/537.36"
50.147.16.133 - - [13/Aug/2013:16:05:59 -0400] "GET /images/174_buster-with-mail-box.JPG HTTP/1.1" 200 7132 "http://farragutputtputt.com/welcome.html" "Mozilla/5.0 (Windows NT 6.1; WOW64) AppleWebKit/537.36 (KHTML, like Gecko) Chrome/28.0.1500.95 Safari/537.36"
50.147.16.133 - - [13/Aug/2013:16:06:02 -0400] "GET /favicon.ico HTTP/1.1" 404 575 "-" "Mozilla/5.0 (Windows NT 6.1; WOW64) AppleWebKit/537.36 (KHTML, like Gecko) Chrome/28.0.1500.95 Safari/537.36"
