70.193.16.142 - - [18/Aug/2013:15:26:25 -0400] "GET /images/150_bunn_frozen_drinks.jpg HTTP/1.1" 200 3756 "http://farragutputtputt.com/attractionsprices.html" "Mozilla/5.0 (Linux; U; Android 2.3.6; en-us; DROID RAZR 4G Build/6.5.1-167_DHD-14_M3-8) AppleWebKit/533.1 (KHTML, like Gecko) Version/4.0 Mobile Safari/533.1"
67.142.183.21 - - [18/Aug/2013:15:28:45 -0400] "GET /scripts/icwebsiteelement.css HTTP/1.1" 200 8132 "http://farragutputtputt.com/attractionsprices.html" "Mozilla/5.0 (Linux; U; Android 2.3.6; en-us; SCH-I510 4G Build/FP8) AppleWebKit/533.1 (KHTML, like Gecko) Version/4.0 Mobile Safari/533.1"
50.147.11.57 - - [18/Aug/2013:15:40:21 -0400] "GET /scripts/1custom.css HTTP/1.1" 200 5022 "http://farragutputtputt.com/" "Mozilla/5.0 (Linux; Android 4.2.2; SGH-M919 Build/JDQ39) AppleWebKit/537.22 (KHTML, like Gecko) Chrome/25.0.1364.169 Mobile Safari/537.22"
50.147.11.57 - - [18/Aug/2013:15:40:22 -0400] "GET /images/ic_046_accent_bg.png HTTP/1.1" 200 9871 "http://farragutputtputt.com/" "Mozilla/5.0 (Linux; Android 4.2.2; SGH-M919 Build/JDQ39) AppleWebKit/537.22 (KHTML, like Gecko) Chrome/25.0.1364.169 Mobile Safari/537.22"
50.147.11.57 - - [18/Aug/2013:15:40:22 -0400] "GET /images/385_im_party.gif HTTP/1.1" 200 20294 "http://farragutputtputt.com/" "Mozilla/5.0 (Linux; Android 4.2.2; SGH-M919 Build/JDQ39) AppleWebKit/537.22 (KHTML, like Gecko) Chrome/25.0.1364.169 Mobile Safari/537.22"
50.147.11.57 - - [18/Aug/2013:15:40:22 -0400] "GET /images/ic_046_content_bottom_bg_wide.png HTTP/1.1" 200 1373 "http://farragutputtputt.com/" "Mozilla/5.0 (Linux; Android 4.2.2; SGH-M919 Build/JDQ39) AppleWebKit/537.22 (KHTML, like Gecko) Chrome/25.0.1364.169 Mobile Safari/537.22"
50.147.11.57 - - [18/Aug/2013:15:40:22 -0400] "GET /scripts/print.css HTTP/1.1" 200 - "http://farragutputtputt.com/" "Mozilla/5.0 (Linux; Android 4.2.2; SGH-M919 Build/JDQ39) AppleWebKit/537.22 (KHTML, like Gecko) Chrome/25.0.1364.169 Mobile Safari/537.22"
50.147.11.57 - - [18/Aug/2013:15:40:23 -0400] "GET /favicon.ico HTTP/1.1" 404 575 "-" "Mozilla/5.0 (Linux; Android 4.2.2; SGH-M919 Build/JDQ39) AppleWebKit/537.22 (KHTML, like Gecko) Chrome/25.0.1364.169 Mobile Safari/537.22"
50.147.11.57 - - [18/Aug/2013:15:41:27 -0400] "GET /images/220_PPCG.jpg HTTP/1.1" 200 11316 "http://farragutputtputt.com/attractionsprices.html" "Mozilla/5.0 (Linux; Android 4.2.2; SGH-M919 Build/JDQ39) AppleWebKit/537.22 (KHTML, like Gecko) Chrome/25.0.1364.169 Mobile Safari/537.22"
50.147.11.57 - - [18/Aug/2013:15:41:28 -0400] "GET /images/130_spot_join.jpg HTTP/1.1" 200 7882 "http://farragutputtputt.com/attractionsprices.html" "Mozilla/5.0 (Linux; Android 4.2.2; SGH-M919 Build/JDQ39) AppleWebKit/537.22 (KHTML, like Gecko) Chrome/25.0.1364.169 Mobile Safari/537.22"
50.147.11.57 - - [18/Aug/2013:15:41:28 -0400] "GET /images/240_IttiBitz_Neapolitan_20Image.jpg HTTP/1.1" 200 11511 "http://farragutputtputt.com/attractionsprices.html" "Mozilla/5.0 (Linux; Android 4.2.2; SGH-M919 Build/JDQ39) AppleWebKit/537.22 (KHTML, like Gecko) Chrome/25.0.1364.169 Mobile Safari/537.22"
50.147.11.57 - - [18/Aug/2013:15:41:28 -0400] "GET /favicon.ico HTTP/1.1" 404 575 "-" "Mozilla/5.0 (Linux; Android 4.2.2; SGH-M919 Build/JDQ39) AppleWebKit/537.22 (KHTML, like Gecko) Chrome/25.0.1364.169 Mobile Safari/537.22"
75.131.43.83 - - [18/Aug/2013:16:43:18 -0400] "GET /images/356_golfheader.jpg HTTP/1.1" 200 11752 "http://farragutputtputt.com/attractionsprices.html" "Mozilla/5.0 (Windows NT 6.0) AppleWebKit/537.36 (KHTML, like Gecko) Chrome/28.0.1500.95 Safari/537.36"
75.131.43.83 - - [18/Aug/2013:16:43:18 -0400] "GET /images/253_BusterBatZone.jpg HTTP/1.1" 200 15829 "http://farragutputtputt.com/attractionsprices.html" "Mozilla/5.0 (Windows NT 6.0) AppleWebKit/537.36 (KHTML, like Gecko) Chrome/28.0.1500.95 Safari/537.36"
75.131.43.83 - - [18/Aug/2013:16:43:18 -0400] "GET /images/150_730111.gif HTTP/1.1" 200 10756 "http://farragutputtputt.com/attractionsprices.html" "Mozilla/5.0 (Windows NT 6.0) AppleWebKit/537.36 (KHTML, like Gecko) Chrome/28.0.1500.95 Safari/537.36"
184.151.190.182 - - [18/Aug/2013:17:07:59 -0400] "GET /scripts/template.css HTTP/1.1" 200 9762 "http://farragutputtputt.com/" "Mozilla/5.0 (iPhone; CPU iPhone OS 6_1_3 like Mac OS X) AppleWebKit/536.26 (KHTML, like Gecko) Version/6.0 Mobile/10B329 Safari/8536.25"
184.151.190.182 - - [18/Aug/2013:17:07:59 -0400] "GET /images/84_USA-05.gif HTTP/1.1" 200 9755 "http://farragutputtputt.com/" "Mozilla/5.0 (iPhone; CPU iPhone OS 6_1_3 like Mac OS X) AppleWebKit/536.26 (KHTML, like Gecko) Version/6.0 Mobile/10B329 Safari/8536.25"
184.151.190.182 - - [18/Aug/2013:17:08:00 -0400] "GET /images/ic_046_accent_bg.png HTTP/1.1" 200 9871 "http://farragutputtputt.com/" "Mozilla/5.0 (iPhone; CPU iPhone OS 6_1_3 like Mac OS X) AppleWebKit/536.26 (KHTML, like Gecko) Version/6.0 Mobile/10B329 Safari/8536.25"
24.158.118.245 - - [18/Aug/2013:17:24:12 -0400] "GET /scripts/2custom.css HTTP/1.1" 200 5279 "http://farragutputtputt.com/attractionsprices.html" "Mozilla/5.0 (Windows NT 6.1; WOW64) AppleWebKit/537.36 (KHTML, like Gecko) Chrome/28.0.1500.95 Safari/537.36"
24.158.118.245 - - [18/Aug/2013:17:24:13 -0400] "GET /images/253_BusterClub3.jpg HTTP/1.1" 200 10383 "http://farragutputtputt.com/attractionsprices.html" "Mozilla/5.0 (Windows NT 6.1; WOW64) AppleWebKit/537.36 (KHTML, like Gecko) Chrome/28.0.1500.95 Safari/537.36"
24.158.118.245 - - [18/Aug/2013:17:24:13 -0400] "GET /images/130_spot_join.jpg HTTP/1.1" 200 7882 "http://farragutputtputt.com/attractionsprices.html" "Mozilla/5.0 (Windows NT 6.1; WOW64) AppleWebKit/537.36 (KHTML, like Gecko) Chrome/28.0.1500.95 Safari/537.36"
24.158.118.245 - - [18/Aug/2013:17:24:13 -0400] "GET /images/150_662429.gif HTTP/1.1" 200 11480 "http://farragutputtputt.com/attractionsprices.html" "Mozilla/5.0 (Windows NT 6.1; WOW64) AppleWebKit/537.36 (KHTML, like Gecko) Chrome/28.0.1500.95 Safari/537.36"
66.156.94.61 - - [18/Aug/2013:17:41:03 -0400] "GET /scripts/user.js HTTP/1.1" 200 23762 "http://farragutputtputt.com/" "Mozilla/5.0 (Macintosh; Intel Mac OS X 10.6; rv:24.0) Gecko/20100101 Firefox/24.0"
66.156.94.61 - - [18/Aug/2013:17:41:04 -0400] "GET /images/174_PPCG.jpg HTTP/1.1" 200 8468 "http://farragutputtputt.com/" "Mozilla/5.0 (Macintosh; Intel Mac OS X 10.6; rv:24.0) Gecko/20100101 Firefox/24.0"
66.156.94.61 - - [18/Aug/2013:17:41:04 -0400] "GET /images/174_buster-with-mail-box.JPG HTTP/1.1" 200 7132 "http://farragutputtputt.com/" "Mozilla/5.0 (Macintosh; Intel Mac OS X 10.6; rv:24.0) Gecko/20100101 Firefox/24.0"
66.156.94.61 - - [18/Aug/2013:17:41:04 -0400] "GET /images/ic_046_navcontainer_bg.png HTTP/1.1" 200 5832 "http://farragutputtputt.com/scripts/template.css" "Mozilla/5.0 (Macintosh; Intel Mac OS X 10.6; rv:24.0) Gecko/20100101 Firefox/24.0"
66.253.188.148 - - [18/Aug/2013:17:53:14 -0400] "GET /attractionsprices.html HTTP/1.1" 200 38559 "https://www.google.com/" "Mozilla/5.0 (iPhone; CPU iPhone OS 6_1_3 like Mac OS X) AppleWebKit/536.26 (KHTML, like Gecko) Version/6.0 Mobile/10B329 Safari/8536.25"
66.253.188.148 - - [18/Aug/2013:17:53:15 -0400] "GET /images/212_PartyZone.jpg HTTP/1.1" 200 13500 "http://farragutputtputt.com/attractionsprices.html" "Mozilla/5.0 (iPhone; CPU iPhone OS 6_1_3 like Mac OS X) AppleWebKit/536.26 (KHTML, like Gecko) Version/6.0 Mobile/10B329 Safari/8536.25"
46.119.118.152 - - [18/Aug/2013:07:53:18 -0400] "GET / HTTP/1.1" 200 26610 "http://moscow-clining.ru/" "Mozilla/4.0 (compatible; MSIE 6.0; Windows NT 5.1; Deepnet Explorer 1.5.0; .NET CLR 1.0.3705)"
23.31.172.82 - - [18/Aug/2013:08:55:17 -0400] "GET /apple-touch-icon.png HTTP/1.1" 404 575 "-" "Dolphin http client/10.0.0(225) (Android)"
96.60.251.49 - - [18/Aug/2013:19:44:50 -0400] "GET /images/253_BusterClub3.jpg HTTP/1.1" 200 10383 "http://farragutputtputt.com/attractionsprices.html" "Mozilla/5.0 (Macintosh; Intel Mac OS X 10_6_8) AppleWebKit/534.59.8 (KHTML, like Gecko) Version/5.1.9 Safari/534.59.8"
96.60.251.49 - - [18/Aug/2013:19:44:50 -0400] "GET /images/150_487054.gif HTTP/1.1" 200 10214 "http://farragutputtputt.com/attractionsprices.html" "Mozilla/5.0 (Macintosh; Intel Mac OS X 10_6_8) AppleWebKit/534.59.8 (KHTML, like Gecko) Version/5.1.9 Safari/534.59.8"
99.110.76.151 - - [18/Aug/2013:09:02:04 -0400] "GET /scripts/user.js HTTP/1.1" 200 23762 "http://farragutputtputt.com/" "Mozilla/5.0 (iPad; CPU OS 6_1_3 like Mac OS X) AppleWebKit/536.26 (KHTML, like Gecko) Version/6.0 Mobile/10B329 Safari/8536.25"
99.110.76.151 - - [18/Aug/2013:09:02:04 -0400] "GET /images/504_PP_jpeg_map_2013.JPG HTTP/1.1" 200 21190 "http://farragutputtputt.com/" "Mozilla/5.0 (iPad; CPU OS 6_1_3 like Mac OS X) AppleWebKit/536.26 (KHTML, like Gecko) Version/6.0 Mobile/10B329 Safari/8536.25"
99.110.76.151 - - [18/Aug/2013:09:02:04 -0400] "GET /images/ic_046_accent_bg.png HTTP/1.1" 200 9871 "http://farragutputtputt.com/" "Mozilla/5.0 (iPad; CPU OS 6_1_3 like Mac OS X) AppleWebKit/536.26 (KHTML, like Gecko) Version/6.0 Mobile/10B329 Safari/8536.25"
99.110.76.151 - - [18/Aug/2013:09:02:04 -0400] "GET /images/ic_046_content_top_bg_wide.png HTTP/1.1" 200 780 "http://farragutputtputt.com/" "Mozilla/5.0 (iPad; CPU OS 6_1_3 like Mac OS X) AppleWebKit/536.26 (KHTML, like Gecko) Version/6.0 Mobile/10B329 Safari/8536.25"
96.38.103.141 - - [18/Aug/2013:09:29:46 -0400] "GET /images/photoalbum/button_photoPrev_ON.jpg HTTP/1.1" 200 654 "http://farragutputtputt.com/letthefunbegin.html" "Mozilla/5.0 (Macintosh; Intel Mac OS X 10.8; rv:23.0) Gecko/20100101 Firefox/23.0"
66.249.75.44 - - [18/Aug/2013:09:39:42 -0400] "GET /birthdaypartyinfo.html HTTP/1.1" 304 - "-" "Mozilla/5.0 (compatible; Googlebot/2.1; +http://www.google.com/bot.html)"
173.61.183.188 - - [18/Aug/2013:10:21:05 -0400] "GET /images/200_batter.jpg HTTP/1.1" 200 8643 "http://find.mapmuse.com/map/batting-cages/near/Collingswood,+NJ" "Mozilla/5.0 (Macintosh; Intel Mac OS X 10_6_8) AppleWebKit/534.57.2 (KHTML, like Gecko) Version/5.1.7 Safari/534.57.2"
23.31.166.17 - - [18/Aug/2013:10:40:34 -0400] "GET /scripts/user.js HTTP/1.1" 200 23762 "http://www.farragutputtputt.com/" "Mozilla/5.0 (iPad; CPU OS 6_1_3 like Mac OS X) AppleWebKit/536.26 (KHTML, like Gecko) Version/6.0 Mobile/10B329 Safari/8536.25"
23.31.166.17 - - [18/Aug/2013:10:40:34 -0400] "GET /images/504_PP_jpeg_map_2013.JPG HTTP/1.1" 200 21190 "http://www.farragutputtputt.com/" "Mozilla/5.0 (iPad; CPU OS 6_1_3 like Mac OS X) AppleWebKit/536.26 (KHTML, like Gecko) Version/6.0 Mobile/10B329 Safari/8536.25"
23.31.166.17 - - [18/Aug/2013:10:40:34 -0400] "GET /images/ic_046_header_bg_wide.png HTTP/1.1" 200 3558 "http://www.farragutputtputt.com/" "Mozilla/5.0 (iPad; CPU OS 6_1_3 like Mac OS X) AppleWebKit/536.26 (KHTML, like Gecko) Version/6.0 Mobile/10B329 Safari/8536.25"
50.149.184.46 - - [18/Aug/2013:10:44:10 -0400] "GET /images/212_PartyZone.jpg HTTP/1.1" 200 13500 "http://farragutputtputt.com/attractionsprices.html" "Mozilla/5.0 (X11; CrOS i686 4100.89.0) AppleWebKit/537.36 (KHTML, like Gecko) Chrome/28.0.1500.95 Safari/537.36"
50.149.184.46 - - [18/Aug/2013:10:44:10 -0400] "GET /images/150_bunn_frozen_drinks.jpg HTTP/1.1" 200 3756 "http://farragutputtputt.com/attractionsprices.html" "Mozilla/5.0 (X11; CrOS i686 4100.89.0) AppleWebKit/537.36 (KHTML, like Gecko) Chrome/28.0.1500.95 Safari/537.36"
70.210.2.228 - - [18/Aug/2013:10:44:31 -0400] "GET /scripts/photoalbum.js HTTP/1.1" 200 62481 "http://farragutputtputt.com/birthdaypartyinfo.html" "Mozilla/5.0 (Linux; U; Android 4.1.2; en-us; DROID RAZR Build/9.8.2O-72_VZW-16) AppleWebKit/534.30 (KHTML, like Gecko) Version/4.0 Mobile Safari/534.30"
70.210.2.228 - - [18/Aug/2013:10:44:31 -0400] "GET /images/2004buster1.JPG HTTP/1.1" 200 5573 "http://farragutputtputt.com/birthdaypartyinfo.html" "Mozilla/5.0 (Linux; U; Android 4.1.2; en-us; DROID RAZR Build/9.8.2O-72_VZW-16) AppleWebKit/534.30 (KHTML, like Gecko) Version/4.0 Mobile Safari/534.30"
70.210.2.228 - - [18/Aug/2013:10:44:31 -0400] "GET /images/356_birthdayheader.jpg HTTP/1.1" 200 13204 "http://farragutputtputt.com/birthdaypartyinfo.html" "Mozilla/5.0 (Linux; U; Android 4.1.2; en-us; DROID RAZR Build/9.8.2O-72_VZW-16) AppleWebKit/534.30 (KHTML, like Gecko) Version/4.0 Mobile Safari/534.30"
70.210.2.228 - - [18/Aug/2013:10:44:31 -0400] "GET /images/194_buster-with-mail-box.JPG HTTP/1.1" 200 7334 "http://farragutputtputt.com/birthdaypartyinfo.html" "Mozilla/5.0 (Linux; U; Android 4.1.2; en-us; DROID RAZR Build/9.8.2O-72_VZW-16) AppleWebKit/534.30 (KHTML, like Gecko) Version/4.0 Mobile Safari/534.30"
70.210.2.228 - - [18/Aug/2013:10:44:32 -0400] "GET /images/ic_046_content_bottom_bg_wide.png HTTP/1.1" 200 1373 "http://farragutputtputt.com/birthdaypartyinfo.html" "Mozilla/5.0 (Linux; U; Android 4.1.2; en-us; DROID RAZR Build/9.8.2O-72_VZW-16) AppleWebKit/534.30 (KHTML, like Gecko) Version/4.0 Mobile Safari/534.30"
50.149.184.46 - - [18/Aug/2013:10:45:25 -0400] "GET /images/281_PPFC_ltfb.jpg HTTP/1.1" 200 13128 "http://farragutputtputt.com/specialsgroups.html" "Mozilla/5.0 (X11; CrOS i686 4100.89.0) AppleWebKit/537.36 (KHTML, like Gecko) Chrome/28.0.1500.95 Safari/537.36"
50.149.184.46 - - [18/Aug/2013:11:11:15 -0400] "GET /scripts/1custom.css HTTP/1.1" 200 5022 "http://farragutputtputt.com/" "Mozilla/5.0 (Windows NT 6.1; WOW64; rv:22.0) Gecko/20100101 Firefox/22.0"
50.149.184.46 - - [18/Aug/2013:11:12:13 -0400] "GET /images/ic_046_navcontainer_bg.png HTTP/1.1" 200 5832 "http://farragutputtputt.com/scripts/template.css" "Mozilla/5.0 (Windows NT 6.1; WOW64; rv:22.0) Gecko/20100101 Firefox/22.0"
50.149.184.46 - - [18/Aug/2013:11:12:25 -0400] "GET /images/photoalbum/button_photoPrev.jpg HTTP/1.1" 200 656 "http://www.farragutputtputt.com/letthefunbegin.html" "Mozilla/5.0 (Windows NT 6.1; WOW64; rv:22.0) Gecko/20100101 Firefox/22.0"
50.149.184.46 - - [18/Aug/2013:11:12:25 -0400] "GET /images/photoalbum/button_photoSpeed2_ON.jpg HTTP/1.1" 200 492 "http://www.farragutputtputt.com/letthefunbegin.html" "Mozilla/5.0 (Windows NT 6.1; WOW64; rv:22.0) Gecko/20100101 Firefox/22.0"
50.149.184.46 - - [18/Aug/2013:11:12:25 -0400] "GET /images/photoalbum/photo_controlBG.jpg HTTP/1.1" 200 336 "http://www.farragutputtputt.com/scripts/icwebsiteelement.css" "Mozilla/5.0 (Windows NT 6.1; WOW64; rv:22.0) Gecko/20100101 Firefox/22.0"
50.149.184.46 - - [18/Aug/2013:11:12:25 -0400] "GET /images/480_IMG_0018.jpg HTTP/1.1" 200 22773 "http://www.farragutputtputt.com/letthefunbegin.html" "Mozilla/5.0 (Windows NT 6.1; WOW64; rv:22.0) Gecko/20100101 Firefox/22.0"
50.149.184.46 - - [18/Aug/2013:11:12:25 -0400] "GET /images/480_IMG_0043.jpg HTTP/1.1" 200 35885 "http://www.farragutputtputt.com/letthefunbegin.html" "Mozilla/5.0 (Windows NT 6.1; WOW64; rv:22.0) Gecko/20100101 Firefox/22.0"
50.149.184.46 - - [18/Aug/2013:11:12:26 -0400] "GET /images/480_march_2009_putt-putt_015.jpg HTTP/1.1" 200 37155 "http://www.farragutputtputt.com/letthefunbegin.html" "Mozilla/5.0 (Windows NT 6.1; WOW64; rv:22.0) Gecko/20100101 Firefox/22.0"
50.149.184.46 - - [18/Aug/2013:11:12:26 -0400] "GET /images/480_march_2009_putt-putt_010.jpg HTTP/1.1" 200 41608 "http://www.farragutputtputt.com/letthefunbegin.html" "Mozilla/5.0 (Windows NT 6.1; WOW64; rv:22.0) Gecko/20100101 Firefox/22.0"
50.149.184.46 - - [18/Aug/2013:11:12:26 -0400] "GET /images/480_march_2009_putt-putt_017.jpg HTTP/1.1" 200 43024 "http://www.farragutputtputt.com/letthefunbegin.html" "Mozilla/5.0 (Windows NT 6.1; WOW64; rv:22.0) Gecko/20100101 Firefox/22.0"
50.149.184.46 - - [18/Aug/2013:11:12:27 -0400] "GET /images/164_march_2009_putt-putt_005.jpg HTTP/1.1" 200 8359 "http://www.farragutputtputt.com/letthefunbegin.html" "Mozilla/5.0 (Windows NT 6.1; WOW64; rv:22.0) Gecko/20100101 Firefox/22.0"
50.149.184.46 - - [18/Aug/2013:11:12:27 -0400] "GET /images/164_march_2009_putt-putt_008.jpg HTTP/1.1" 200 8051 "http://www.farragutputtputt.com/letthefunbegin.html" "Mozilla/5.0 (Windows NT 6.1; WOW64; rv:22.0) Gecko/20100101 Firefox/22.0"
50.149.184.46 - - [18/Aug/2013:11:12:27 -0400] "GET /images/164_march_2009_putt-putt_015.jpg HTTP/1.1" 200 7329 "http://www.farragutputtputt.com/letthefunbegin.html" "Mozilla/5.0 (Windows NT 6.1; WOW64; rv:22.0) Gecko/20100101 Firefox/22.0"
50.149.184.46 - - [18/Aug/2013:11:12:27 -0400] "GET /images/164_march_2009_putt-putt_013.jpg HTTP/1.1" 200 8391 "http://www.farragutputtputt.com/letthefunbegin.html" "Mozilla/5.0 (Windows NT 6.1; WOW64; rv:22.0) Gecko/20100101 Firefox/22.0"
50.149.184.46 - - [18/Aug/2013:11:12:27 -0400] "GET /images/164_march_2009_putt-putt_010.jpg HTTP/1.1" 200 7670 "http://www.farragutputtputt.com/letthefunbegin.html" "Mozilla/5.0 (Windows NT 6.1; WOW64; rv:22.0) Gecko/20100101 Firefox/22.0"
50.149.184.46 - - [18/Aug/2013:11:12:27 -0400] "GET /images/164_march_2009_putt-putt_016.jpg HTTP/1.1" 200 8620 "http://www.farragutputtputt.com/letthefunbegin.html" "Mozilla/5.0 (Windows NT 6.1; WOW64; rv:22.0) Gecko/20100101 Firefox/22.0"
50.149.184.46 - - [18/Aug/2013:11:12:27 -0400] "GET /images/164_tags_puttputt_2012.JPG HTTP/1.1" 200 6247 "http://www.farragutputtputt.com/letthefunbegin.html" "Mozilla/5.0 (Windows NT 6.1; WOW64; rv:22.0) Gecko/20100101 Firefox/22.0"
50.149.184.46 - - [18/Aug/2013:11:12:27 -0400] "GET /images/767_IMG_0018.jpg HTTP/1.1" 200 45608 "http://www.farragutputtputt.com/letthefunbegin.html" "Mozilla/5.0 (Windows NT 6.1; WOW64; rv:22.0) Gecko/20100101 Firefox/22.0"
50.142.199.137 - - [18/Aug/2013:11:20:17 -0400] "GET /images/doc_pdf.gif HTTP/1.1" 200 1002 "http://www.farragutputtputt.com/attractionsprices.html" "Mozilla/5.0 (Windows NT 6.1; WOW64) AppleWebKit/537.36 (KHTML, like Gecko) Chrome/28.0.1500.72 Safari/537.36 AlexaToolbar/alxg-3.1"
50.142.199.137 - - [18/Aug/2013:11:20:17 -0400] "GET /images/144_Big_Bass_Wheel_parts.jpg HTTP/1.1" 200 10460 "http://www.farragutputtputt.com/attractionsprices.html" "Mozilla/5.0 (Windows NT 6.1; WOW64) AppleWebKit/537.36 (KHTML, like Gecko) Chrome/28.0.1500.72 Safari/537.36 AlexaToolbar/alxg-3.1"
50.142.199.137 - - [18/Aug/2013:11:20:17 -0400] "GET /images/150_662429.gif HTTP/1.1" 200 11480 "http://www.farragutputtputt.com/attractionsprices.html" "Mozilla/5.0 (Windows NT 6.1; WOW64) AppleWebKit/537.36 (KHTML, like Gecko) Chrome/28.0.1500.72 Safari/537.36 AlexaToolbar/alxg-3.1"
70.210.5.62 - - [18/Aug/2013:11:44:22 -0400] "GET /scripts/user.js HTTP/1.1" 200 23762 "http://farragutputtputt.com/" "Mozilla/5.0 (Linux; U; Android 4.1.2; en-us; SCH-I535 Build/JZO54K) AppleWebKit/534.30 (KHTML, like Gecko) Version/4.0 Mobile Safari/534.30"
70.210.5.62 - - [18/Aug/2013:11:44:22 -0400] "GET /images/ic_046_navcontainer_bg.png HTTP/1.1" 200 5832 "http://farragutputtputt.com/" "Mozilla/5.0 (Linux; U; Android 4.1.2; en-us; SCH-I535 Build/JZO54K) AppleWebKit/534.30 (KHTML, like Gecko) Version/4.0 Mobile Safari/534.30"
70.210.5.62 - - [18/Aug/2013:11:44:22 -0400] "GET /images/504_PP_jpeg_map_2013.JPG HTTP/1.1" 200 21190 "http://farragutputtputt.com/" "Mozilla/5.0 (Linux; U; Android 4.1.2; en-us; SCH-I535 Build/JZO54K) AppleWebKit/534.30 (KHTML, like Gecko) Version/4.0 Mobile Safari/534.30"
99.46.120.220 - - [18/Aug/2013:11:51:29 -0400] "GET /scripts/template.css HTTP/1.1" 200 9762 "http://farragutputtputt.com/" "Mozilla/5.0 (Macintosh; Intel Mac OS X 10_7_5) AppleWebKit/537.36 (KHTML, like Gecko) Chrome/28.0.1500.95 Safari/537.36"
99.46.120.220 - - [18/Aug/2013:11:51:29 -0400] "GET /images/88_tennessee_fl_md_wht.gif HTTP/1.1" 200 7701 "http://farragutputtputt.com/" "Mozilla/5.0 (Macintosh; Intel Mac OS X 10_7_5) AppleWebKit/537.36 (KHTML, like Gecko) Chrome/28.0.1500.95 Safari/537.36"
99.46.120.220 - - [18/Aug/2013:11:51:29 -0400] "GET /images/ic_046_navcontainer_bg.png HTTP/1.1" 200 5832 "http://farragutputtputt.com/" "Mozilla/5.0 (Macintosh; Intel Mac OS X 10_7_5) AppleWebKit/537.36 (KHTML, like Gecko) Chrome/28.0.1500.95 Safari/537.36"
173.164.5.177 - - [18/Aug/2013:11:53:57 -0400] "GET /scripts/1custom.css HTTP/1.1" 200 5022 "http://farragutputtputt.com/" "Mozilla/5.0 (Windows NT 6.1; WOW64) AppleWebKit/537.36 (KHTML, like Gecko) Chrome/28.0.1500.95 Safari/537.36"
173.164.5.177 - - [18/Aug/2013:11:53:58 -0400] "GET /images/504_PP_jpeg_map_2013.JPG HTTP/1.1" 200 21190 "http://farragutputtputt.com/" "Mozilla/5.0 (Windows NT 6.1; WOW64) AppleWebKit/537.36 (KHTML, like Gecko) Chrome/28.0.1500.95 Safari/537.36"
173.164.5.177 - - [18/Aug/2013:11:54:00 -0400] "GET /images/ic_046_accent_bg.png HTTP/1.1" 200 9871 "http://farragutputtputt.com/" "Mozilla/5.0 (Windows NT 6.1; WOW64) AppleWebKit/537.36 (KHTML, like Gecko) Chrome/28.0.1500.95 Safari/537.36"
24.151.152.4 - - [18/Aug/2013:12:04:28 -0400] "GET /scripts/1custom.css HTTP/1.1" 200 5022 "http://farragutputtputt.com/welcome.html" "Mozilla/5.0 (Linux; U; Android 4.0.4; en-us; ADR6400L 4G Build/IMM76D) AppleWebKit/534.30 (KHTML, like Gecko) Version/4.0 Mobile Safari/534.30"
24.151.152.4 - - [18/Aug/2013:12:04:28 -0400] "GET /images/2004buster1.JPG HTTP/1.1" 200 5573 "http://farragutputtputt.com/welcome.html" "Mozilla/5.0 (Linux; U; Android 4.0.4; en-us; ADR6400L 4G Build/IMM76D) AppleWebKit/534.30 (KHTML, like Gecko) Version/4.0 Mobile Safari/534.30"
24.151.152.4 - - [18/Aug/2013:12:04:28 -0400] "GET /images/504_PP_jpeg_map_2013.JPG HTTP/1.1" 200 21190 "http://farragutputtputt.com/welcome.html" "Mozilla/5.0 (Linux; U; Android 4.0.4; en-us; ADR6400L 4G Build/IMM76D) AppleWebKit/534.30 (KHTML, like Gecko) Version/4.0 Mobile Safari/534.30"
71.80.82.85 - - [18/Aug/2013:12:26:35 -0400] "GET /scripts/photoalbum.js HTTP/1.1" 200 62481 "http://www.farragutputtputt.com/" "Mozilla/5.0 (compatible; MSIE 10.0; Windows NT 6.1; WOW64; Trident/6.0)"
71.80.82.85 - - [18/Aug/2013:12:26:35 -0400] "GET /images/ic_046_nav_inner_bg.gif HTTP/1.1" 200 158 "http://www.farragutputtputt.com/" "Mozilla/5.0 (compatible; MSIE 10.0; Windows NT 6.1; WOW64; Trident/6.0)"
69.245.11.105 - - [18/Aug/2013:13:03:04 -0400] "GET /scripts/1custom.css HTTP/1.1" 200 5022 "http://www.farragutputtputt.com/" "Mozilla/5.0 (Macintosh; Intel Mac OS X 10_8_4) AppleWebKit/536.30.1 (KHTML, like Gecko) Version/6.0.5 Safari/536.30.1"
69.245.11.105 - - [18/Aug/2013:13:03:04 -0400] "GET /images/ic_046_nav_inner_bg.gif HTTP/1.1" 200 158 "http://www.farragutputtputt.com/" "Mozilla/5.0 (Macintosh; Intel Mac OS X 10_8_4) AppleWebKit/536.30.1 (KHTML, like Gecko) Version/6.0.5 Safari/536.30.1"
69.245.11.105 - - [18/Aug/2013:13:03:04 -0400] "GET /images/504_PP_jpeg_map_2013.JPG HTTP/1.1" 200 21190 "http://www.farragutputtputt.com/" "Mozilla/5.0 (Macintosh; Intel Mac OS X 10_8_4) AppleWebKit/536.30.1 (KHTML, like Gecko) Version/6.0.5 Safari/536.30.1"
174.254.144.67 - - [18/Aug/2013:13:07:23 -0400] "GET /images/212_PartyZone.jpg HTTP/1.1" 200 13500 "http://farragutputtputt.com/attractionsprices.html" "Mozilla/5.0 (Linux; U; Android 2.3.6; en-us; SCH-S720C Build/GINGERBREAD) AppleWebKit/533.1 (KHTML, like Gecko) Version/4.0 Mobile Safari/533.1"
70.210.13.239 - - [18/Aug/2013:13:48:03 -0400] "GET /images/220_PPCG.jpg HTTP/1.1" 200 11316 "http://www.farragutputtputt.com/attractionsprices.html" "Mozilla/5.0 (iPhone; CPU iPhone OS 6_1_4 like Mac OS X) AppleWebKit/536.26 (KHTML, like Gecko) Version/6.0 Mobile/10B350 Safari/8536.25"
70.210.13.239 - - [18/Aug/2013:13:48:03 -0400] "GET /images/253_BusterBatZone.jpg HTTP/1.1" 200 15829 "http://www.farragutputtputt.com/attractionsprices.html" "Mozilla/5.0 (iPhone; CPU iPhone OS 6_1_4 like Mac OS X) AppleWebKit/536.26 (KHTML, like Gecko) Version/6.0 Mobile/10B350 Safari/8536.25"
70.210.13.239 - - [18/Aug/2013:13:48:03 -0400] "GET /images/150_487054.gif HTTP/1.1" 200 10214 "http://www.farragutputtputt.com/attractionsprices.html" "Mozilla/5.0 (iPhone; CPU iPhone OS 6_1_4 like Mac OS X) AppleWebKit/536.26 (KHTML, like Gecko) Version/6.0 Mobile/10B350 Safari/8536.25"
195.242.218.133 - - [18/Aug/2013:14:32:05 -0400] "GET / HTTP/1.1" 200 26620 "http://valdaidom.ru/" "Mozilla/4.0 (compatible; MSIE 6.0; Windows 98; Win 9x 4.90; Creative)"
67.187.103.34 - - [18/Aug/2013:21:30:14 -0400] "GET /images/240_IttiBitz_Neapolitan_20Image.jpg HTTP/1.1" 200 11511 "http://farragutputtputt.com/attractionsprices.html" "Mozilla/5.0 (X11; Linux x86_64) AppleWebKit/534.24 (KHTML, like Gecko) Chrome/11.0.696.34 Safari/534.24"
108.196.49.160 - - [18/Aug/2013:21:47:36 -0400] "GET /attractionsprices.html HTTP/1.1" 200 38559 "-" "Mozilla/5.0 (iPad; CPU OS 6_1_3 like Mac OS X) AppleWebKit/536.26 (KHTML, like Gecko) Version/6.0 Mobile/10B329 Safari/8536.25"
108.196.49.160 - - [18/Aug/2013:21:47:37 -0400] "GET /scripts/website.css HTTP/1.1" 200 1642 "http://farragutputtputt.com/attractionsprices.html" "Mozilla/5.0 (iPad; CPU OS 6_1_3 like Mac OS X) AppleWebKit/536.26 (KHTML, like Gecko) Version/6.0 Mobile/10B329 Safari/8536.25"
108.196.49.160 - - [18/Aug/2013:21:47:37 -0400] "GET /scripts/icwebsiteelement.css HTTP/1.1" 200 8132 "http://farragutputtputt.com/attractionsprices.html" "Mozilla/5.0 (iPad; CPU OS 6_1_3 like Mac OS X) AppleWebKit/536.26 (KHTML, like Gecko) Version/6.0 Mobile/10B329 Safari/8536.25"
188.143.234.127 - - [18/Aug/2013:22:11:42 -0400] "GET / HTTP/1.1" 200 26620 "-" "Mozilla/4.0 (compatible; MSIE 6.0; Windows NT 5.1; SV1)"
96.60.252.162 - - [18/Aug/2013:23:06:39 -0400] "GET /attractionsprices.html HTTP/1.1" 200 38559 "http://www.farragutputtputt.com/" "Mozilla/5.0 (compatible; MSIE 10.0; Windows NT 6.1; WOW64; Trident/6.0)"
96.60.252.162 - - [18/Aug/2013:23:06:39 -0400] "GET /images/212_PartyZone.jpg HTTP/1.1" 200 13500 "http://www.farragutputtputt.com/attractionsprices.html" "Mozilla/5.0 (compatible; MSIE 10.0; Windows NT 6.1; WOW64; Trident/6.0)"
96.60.252.162 - - [18/Aug/2013:23:06:39 -0400] "GET /images/253_BusterBatZone.jpg HTTP/1.1" 200 15829 "http://www.farragutputtputt.com/attractionsprices.html" "Mozilla/5.0 (compatible; MSIE 10.0; Windows NT 6.1; WOW64; Trident/6.0)"
198.105.219.58 - - [18/Aug/2013:04:49:05 -0400] "HEAD / HTTP/1.1" 200 - "-" "checks.panopta.com"
198.105.219.58 - - [18/Aug/2013:07:07:39 -0400] "HEAD / HTTP/1.1" 200 - "-" "checks.panopta.com"
66.249.75.44 - - [18/Aug/2013:07:49:36 -0400] "GET /specialsgroups.html HTTP/1.1" 304 - "-" "Mozilla/5.0 (compatible; Googlebot/2.1; +http://www.google.com/bot.html)"
198.105.219.58 - - [18/Aug/2013:19:03:23 -0400] "GET / HTTP/1.1" 200 26620 "-" "checks.panopta.com"
96.60.251.49 - - [18/Aug/2013:19:43:02 -0400] "GET /images/111_Balloons.gif HTTP/1.1" 200 8307 "http://farragutputtputt.com/birthdaypartyinfo.html" "Mozilla/5.0 (Macintosh; Intel Mac OS X 10_6_8) AppleWebKit/534.59.8 (KHTML, like Gecko) Version/5.1.9 Safari/534.59.8"
96.60.248.160 - - [18/Aug/2013:19:59:35 -0400] "GET /scripts/user.js HTTP/1.1" 200 23762 "http://farragutputtputt.com/" "Mozilla/5.0 (Macintosh; Intel Mac OS X 10.6; rv:23.0) Gecko/20100101 Firefox/23.0"
96.60.248.160 - - [18/Aug/2013:19:59:35 -0400] "GET /images/190_PPFC_ltfb.jpg HTTP/1.1" 200 7684 "http://farragutputtputt.com/" "Mozilla/5.0 (Macintosh; Intel Mac OS X 10.6; rv:23.0) Gecko/20100101 Firefox/23.0"
96.60.248.160 - - [18/Aug/2013:19:59:35 -0400] "GET /images/88_tennessee_fl_md_wht.gif HTTP/1.1" 200 7701 "http://farragutputtputt.com/" "Mozilla/5.0 (Macintosh; Intel Mac OS X 10.6; rv:23.0) Gecko/20100101 Firefox/23.0"
198.105.219.58 - - [18/Aug/2013:20:49:34 -0400] "HEAD / HTTP/1.1" 200 - "-" "checks.panopta.com"
37.140.141.3 - - [18/Aug/2013:05:24:35 -0400] "GET / HTTP/1.1" 200 26610 "-" "Mozilla/5.0 (compatible; YandexBot/3.0; +http://yandex.com/bots)"
172.1.236.162 - - [18/Aug/2013:21:36:00 -0400] "GET /birthdaypartyinfo.html HTTP/1.1" 200 48049 "http://familyfriendlyknoxville.com/birthday-parties/" "Mozilla/5.0 (Macintosh; Intel Mac OS X 10_7_5) AppleWebKit/536.30.1 (KHTML, like Gecko) Version/6.0.5 Safari/536.30.1"
172.1.236.162 - - [18/Aug/2013:21:36:02 -0400] "GET /images/2004buster1.JPG HTTP/1.1" 200 5573 "http://farragutputtputt.com/birthdaypartyinfo.html" "Mozilla/5.0 (Macintosh; Intel Mac OS X 10_7_5) AppleWebKit/536.30.1 (KHTML, like Gecko) Version/6.0.5 Safari/536.30.1"
172.1.236.162 - - [18/Aug/2013:21:36:02 -0400] "GET /images/ic_046_content_top_bg_wide.png HTTP/1.1" 200 780 "http://farragutputtputt.com/birthdaypartyinfo.html" "Mozilla/5.0 (Macintosh; Intel Mac OS X 10_7_5) AppleWebKit/536.30.1 (KHTML, like Gecko) Version/6.0.5 Safari/536.30.1"
172.1.236.162 - - [18/Aug/2013:21:36:02 -0400] "GET /images/161_iaaflogo.JPG HTTP/1.1" 200 6318 "http://farragutputtputt.com/birthdaypartyinfo.html" "Mozilla/5.0 (Macintosh; Intel Mac OS X 10_7_5) AppleWebKit/536.30.1 (KHTML, like Gecko) Version/6.0.5 Safari/536.30.1"
172.1.236.162 - - [18/Aug/2013:21:36:03 -0400] "GET /scripts/print.css HTTP/1.1" 200 - "http://farragutputtputt.com/birthdaypartyinfo.html" "Mozilla/5.0 (Macintosh; Intel Mac OS X 10_7_5) AppleWebKit/536.30.1 (KHTML, like Gecko) Version/6.0.5 Safari/536.30.1"
91.185.194.122 - - [18/Aug/2013:22:55:32 -0400] "GET / HTTP/1.1" 200 26620 "-" "aboutthedomain"
96.60.252.162 - - [18/Aug/2013:23:06:39 -0400] "GET /images/253_BusterClub3.jpg HTTP/1.1" 200 10383 "http://www.farragutputtputt.com/attractionsprices.html" "Mozilla/5.0 (compatible; MSIE 10.0; Windows NT 6.1; WOW64; Trident/6.0)"
184.59.64.105 - - [18/Aug/2013:10:18:35 -0400] "GET /images/220_PPCG.jpg HTTP/1.1" 200 11316 "http://www.farragutputtputt.com/attractionsprices.html" "Mozilla/5.0 (compatible; MSIE 9.0; Windows NT 6.0; WOW64; Trident/5.0; yie9)"
184.59.64.105 - - [18/Aug/2013:10:18:35 -0400] "GET /images/220_SnackShack.jpg HTTP/1.1" 200 14543 "http://www.farragutputtputt.com/attractionsprices.html" "Mozilla/5.0 (compatible; MSIE 9.0; Windows NT 6.0; WOW64; Trident/5.0; yie9)"
184.59.64.105 - - [18/Aug/2013:10:18:36 -0400] "GET /images/150_662429.gif HTTP/1.1" 200 11480 "http://www.farragutputtputt.com/attractionsprices.html" "Mozilla/5.0 (compatible; MSIE 9.0; Windows NT 6.0; WOW64; Trident/5.0; yie9)"
23.31.166.17 - - [18/Aug/2013:10:40:34 -0400] "GET /scripts/ic_globals_published.js HTTP/1.1" 200 566 "http://www.farragutputtputt.com/" "Mozilla/5.0 (iPad; CPU OS 6_1_3 like Mac OS X) AppleWebKit/536.26 (KHTML, like Gecko) Version/6.0 Mobile/10B329 Safari/8536.25"
23.31.166.17 - - [18/Aug/2013:10:40:34 -0400] "GET /images/385_im_party.gif HTTP/1.1" 200 20294 "http://www.farragutputtputt.com/" "Mozilla/5.0 (iPad; CPU OS 6_1_3 like Mac OS X) AppleWebKit/536.26 (KHTML, like Gecko) Version/6.0 Mobile/10B329 Safari/8536.25"
23.31.166.17 - - [18/Aug/2013:10:40:35 -0400] "GET /images/ic_046_nav_inner_bg.gif HTTP/1.1" 200 158 "http://www.farragutputtputt.com/" "Mozilla/5.0 (iPad; CPU OS 6_1_3 like Mac OS X) AppleWebKit/536.26 (KHTML, like Gecko) Version/6.0 Mobile/10B329 Safari/8536.25"
162.203.112.226 - - [18/Aug/2013:11:43:14 -0400] "GET /favicon.ico HTTP/1.1" 404 575 "-" "Mozilla/5.0 (Windows NT 6.2; WOW64) AppleWebKit/537.36 (KHTML, like Gecko) Chrome/28.0.1500.95 Safari/537.36"
198.105.219.58 - - [18/Aug/2013:12:13:21 -0400] "HEAD / HTTP/1.1" 200 - "-" "checks.panopta.com"
71.80.82.85 - - [18/Aug/2013:12:27:16 -0400] "GET /images/356_golfheader.jpg HTTP/1.1" 200 11752 "http://www.farragutputtputt.com/attractionsprices.html" "Mozilla/5.0 (compatible; MSIE 10.0; Windows NT 6.1; WOW64; Trident/6.0)"
71.80.82.85 - - [18/Aug/2013:12:27:16 -0400] "GET /images/220_SnackShack.jpg HTTP/1.1" 200 14543 "http://www.farragutputtputt.com/attractionsprices.html" "Mozilla/5.0 (compatible; MSIE 10.0; Windows NT 6.1; WOW64; Trident/6.0)"
198.105.219.58 - - [18/Aug/2013:12:43:28 -0400] "HEAD / HTTP/1.1" 200 - "-" "checks.panopta.com"
174.254.144.67 - - [18/Aug/2013:13:06:53 -0400] "GET /scripts/1custom.css HTTP/1.1" 200 5022 "http://farragutputtputt.com/" "Mozilla/5.0 (Linux; U; Android 2.3.6; en-us; SCH-S720C Build/GINGERBREAD) AppleWebKit/533.1 (KHTML, like Gecko) Version/4.0 Mobile Safari/533.1"
70.210.13.239 - - [18/Aug/2013:13:47:46 -0400] "GET /scripts/user.js HTTP/1.1" 200 23762 "http://www.farragutputtputt.com/" "Mozilla/5.0 (iPhone; CPU iPhone OS 6_1_4 like Mac OS X) AppleWebKit/536.26 (KHTML, like Gecko) Version/6.0 Mobile/10B350 Safari/8536.25"
70.210.13.239 - - [18/Aug/2013:13:47:47 -0400] "GET /images/504_PP_jpeg_map_2013.JPG HTTP/1.1" 200 21190 "http://www.farragutputtputt.com/" "Mozilla/5.0 (iPhone; CPU iPhone OS 6_1_4 like Mac OS X) AppleWebKit/536.26 (KHTML, like Gecko) Version/6.0 Mobile/10B350 Safari/8536.25"
70.210.13.239 - - [18/Aug/2013:13:47:47 -0400] "GET /images/88_tennessee_fl_md_wht.gif HTTP/1.1" 200 7701 "http://www.farragutputtputt.com/" "Mozilla/5.0 (iPhone; CPU iPhone OS 6_1_4 like Mac OS X) AppleWebKit/536.26 (KHTML, like Gecko) Version/6.0 Mobile/10B350 Safari/8536.25"
70.210.13.239 - - [18/Aug/2013:13:47:47 -0400] "GET /images/media_snd.gif HTTP/1.1" 200 1379 "http://www.farragutputtputt.com/" "Mozilla/5.0 (iPhone; CPU iPhone OS 6_1_4 like Mac OS X) AppleWebKit/536.26 (KHTML, like Gecko) Version/6.0 Mobile/10B350 Safari/8536.25"
70.210.13.239 - - [18/Aug/2013:13:47:47 -0400] "GET /images/174_buster-with-mail-box.JPG HTTP/1.1" 200 7132 "http://www.farragutputtputt.com/" "Mozilla/5.0 (iPhone; CPU iPhone OS 6_1_4 like Mac OS X) AppleWebKit/536.26 (KHTML, like Gecko) Version/6.0 Mobile/10B350 Safari/8536.25"
70.193.13.251 - - [18/Aug/2013:14:08:42 -0400] "GET /images/212_PartyZone.jpg HTTP/1.1" 200 13500 "http://www.farragutputtputt.com/attractionsprices.html" "Mozilla/5.0 (Linux; Android 4.1.2; XT907 Build/9.8.1Q-78) AppleWebKit/537.36 (KHTML, like Gecko) Chrome/28.0.1500.94 Mobile Safari/537.36"
70.193.13.251 - - [18/Aug/2013:14:08:42 -0400] "GET /images/150_487054.gif HTTP/1.1" 200 10214 "http://www.farragutputtputt.com/attractionsprices.html" "Mozilla/5.0 (Linux; Android 4.1.2; XT907 Build/9.8.1Q-78) AppleWebKit/537.36 (KHTML, like Gecko) Chrome/28.0.1500.94 Mobile Safari/537.36"
70.193.13.251 - - [18/Aug/2013:14:09:49 -0400] "GET /favicon.ico HTTP/1.1" 404 575 "-" "Mozilla/5.0 (Linux; Android 4.1.2; XT907 Build/9.8.1Q-78) AppleWebKit/537.36 (KHTML, like Gecko) Chrome/28.0.1500.94 Mobile Safari/537.36"
198.105.219.58 - - [18/Aug/2013:14:15:23 -0400] "GET / HTTP/1.1" 200 26620 "-" "checks.panopta.com"
96.61.123.227 - - [18/Aug/2013:14:42:30 -0400] "GET /scripts/icwebsiteelement.css HTTP/1.1" 200 8132 "http://farragutputtputt.com/" "Mozilla/5.0 (Linux; Android 4.2.2; en-us; SAMSUNG SCH-R970 USCC Build/JDQ39) AppleWebKit/535.19 (KHTML, like Gecko) Version/1.0 Chrome/18.0.1025.308 Mobile Safari/535.19"
96.61.123.227 - - [18/Aug/2013:14:42:30 -0400] "GET /images/ic_046_nav_inner_bg.gif HTTP/1.1" 200 158 "http://farragutputtputt.com/" "Mozilla/5.0 (Linux; Android 4.2.2; en-us; SAMSUNG SCH-R970 USCC Build/JDQ39) AppleWebKit/535.19 (KHTML, like Gecko) Version/1.0 Chrome/18.0.1025.308 Mobile Safari/535.19"
96.61.123.227 - - [18/Aug/2013:14:42:30 -0400] "GET /images/84_USA-05.gif HTTP/1.1" 200 9755 "http://farragutputtputt.com/" "Mozilla/5.0 (Linux; Android 4.2.2; en-us; SAMSUNG SCH-R970 USCC Build/JDQ39) AppleWebKit/535.19 (KHTML, like Gecko) Version/1.0 Chrome/18.0.1025.308 Mobile Safari/535.19"
50.142.63.49 - - [18/Aug/2013:14:52:12 -0400] "GET /scripts/website.css HTTP/1.1" 200 1642 "http://farragutputtputt.com/" "Mozilla/5.0 (iPhone; CPU iPhone OS 6_1_3 like Mac OS X) AppleWebKit/536.26 (KHTML, like Gecko) Version/6.0 Mobile/10B329 Safari/8536.25"
70.197.160.175 - - [18/Aug/2013:14:57:53 -0400] "GET /images/220_PPCG.jpg HTTP/1.1" 200 11316 "http://farragutputtputt.com/attractionsprices.html" "Mozilla/5.0 (iPhone; CPU iPhone OS 6_1_4 like Mac OS X) AppleWebKit/536.26 (KHTML, like Gecko) Version/6.0 Mobile/10B350 Safari/8536.25"
70.197.160.175 - - [18/Aug/2013:14:57:53 -0400] "GET /images/253_BusterBatZone.jpg HTTP/1.1" 200 15829 "http://farragutputtputt.com/attractionsprices.html" "Mozilla/5.0 (iPhone; CPU iPhone OS 6_1_4 like Mac OS X) AppleWebKit/536.26 (KHTML, like Gecko) Version/6.0 Mobile/10B350 Safari/8536.25"
70.197.160.175 - - [18/Aug/2013:14:57:53 -0400] "GET /images/150_487054.gif HTTP/1.1" 200 10214 "http://farragutputtputt.com/attractionsprices.html" "Mozilla/5.0 (iPhone; CPU iPhone OS 6_1_4 like Mac OS X) AppleWebKit/536.26 (KHTML, like Gecko) Version/6.0 Mobile/10B350 Safari/8536.25"
70.193.16.142 - - [18/Aug/2013:15:24:55 -0400] "GET /scripts/user.js HTTP/1.1" 200 23762 "http://farragutputtputt.com/" "Mozilla/5.0 (Linux; U; Android 2.3.6; en-us; DROID RAZR 4G Build/6.5.1-167_DHD-14_M3-8) AppleWebKit/533.1 (KHTML, like Gecko) Version/4.0 Mobile Safari/533.1"
108.196.55.99 - - [18/Aug/2013:15:26:05 -0400] "GET /scripts/template.css HTTP/1.1" 200 9762 "http://www.farragutputtputt.com/" "Mozilla/5.0 (Linux; Android 4.1.2; DROID RAZR Build/9.8.2O-72_VZW-16) AppleWebKit/535.19 (KHTML, like Gecko) Chrome/18.0.1025.166 Mobile Safari/535.19"
108.196.55.99 - - [18/Aug/2013:15:26:07 -0400] "GET /images/ic_046_navcontainer_bg.png HTTP/1.1" 200 5832 "http://www.farragutputtputt.com/" "Mozilla/5.0 (Linux; Android 4.1.2; DROID RAZR Build/9.8.2O-72_VZW-16) AppleWebKit/535.19 (KHTML, like Gecko) Chrome/18.0.1025.166 Mobile Safari/535.19"
67.142.183.21 - - [18/Aug/2013:15:28:46 -0400] "GET /images/212_BatZone.jpg HTTP/1.1" 200 11220 "http://farragutputtputt.com/attractionsprices.html" "Mozilla/5.0 (Linux; U; Android 2.3.6; en-us; SCH-I510 4G Build/FP8) AppleWebKit/533.1 (KHTML, like Gecko) Version/4.0 Mobile Safari/533.1"
50.147.11.57 - - [18/Aug/2013:15:41:27 -0400] "GET /images/212_BatZone.jpg HTTP/1.1" 200 11220 "http://farragutputtputt.com/attractionsprices.html" "Mozilla/5.0 (Linux; Android 4.2.2; SGH-M919 Build/JDQ39) AppleWebKit/537.22 (KHTML, like Gecko) Chrome/25.0.1364.169 Mobile Safari/537.22"
50.147.11.57 - - [18/Aug/2013:15:41:28 -0400] "GET /images/150_487054.gif HTTP/1.1" 200 10214 "http://farragutputtputt.com/attractionsprices.html" "Mozilla/5.0 (Linux; Android 4.2.2; SGH-M919 Build/JDQ39) AppleWebKit/537.22 (KHTML, like Gecko) Chrome/25.0.1364.169 Mobile Safari/537.22"
66.87.110.124 - - [18/Aug/2013:16:13:43 -0400] "GET /images/84_USA-05.gif HTTP/1.1" 200 9755 "http://www.farragutputtputt.com/" "Mozilla/5.0 (iPhone; CPU iPhone OS 6_1_3 like Mac OS X) AppleWebKit/536.26 (KHTML, like Gecko) Version/6.0 Mobile/10B329 Safari/8536.25"
66.87.110.124 - - [18/Aug/2013:16:13:44 -0400] "GET /images/ic_046_accent_bg.png HTTP/1.1" 200 9871 "http://www.farragutputtputt.com/" "Mozilla/5.0 (iPhone; CPU iPhone OS 6_1_3 like Mac OS X) AppleWebKit/536.26 (KHTML, like Gecko) Version/6.0 Mobile/10B329 Safari/8536.25"
98.240.118.84 - - [18/Aug/2013:16:22:02 -0400] "GET /images/212_BatZone.jpg HTTP/1.1" 200 11220 "http://www.farragutputtputt.com/attractionsprices.html" "Mozilla/5.0 (Windows NT 6.1; WOW64) AppleWebKit/537.36 (KHTML, like Gecko) Chrome/28.0.1500.95 Safari/537.36"
98.240.118.84 - - [18/Aug/2013:16:22:02 -0400] "GET /images/130_spot_join.jpg HTTP/1.1" 200 7882 "http://www.farragutputtputt.com/attractionsprices.html" "Mozilla/5.0 (Windows NT 6.1; WOW64) AppleWebKit/537.36 (KHTML, like Gecko) Chrome/28.0.1500.95 Safari/537.36"
98.240.118.84 - - [18/Aug/2013:16:22:02 -0400] "GET /images/240_IttiBitz_Neapolitan_20Image.jpg HTTP/1.1" 200 11511 "http://www.farragutputtputt.com/attractionsprices.html" "Mozilla/5.0 (Windows NT 6.1; WOW64) AppleWebKit/537.36 (KHTML, like Gecko) Chrome/28.0.1500.95 Safari/537.36"
75.131.43.83 - - [18/Aug/2013:16:42:58 -0400] "GET /scripts/icwebsiteelement.css HTTP/1.1" 200 8132 "http://farragutputtputt.com/" "Mozilla/5.0 (Windows NT 6.0) AppleWebKit/537.36 (KHTML, like Gecko) Chrome/28.0.1500.95 Safari/537.36"
75.131.43.83 - - [18/Aug/2013:16:42:59 -0400] "GET /images/84_USA-05.gif HTTP/1.1" 200 9755 "http://farragutputtputt.com/" "Mozilla/5.0 (Windows NT 6.0) AppleWebKit/537.36 (KHTML, like Gecko) Chrome/28.0.1500.95 Safari/537.36"
75.131.43.83 - - [18/Aug/2013:16:42:59 -0400] "GET /images/media_snd.gif HTTP/1.1" 200 1379 "http://farragutputtputt.com/" "Mozilla/5.0 (Windows NT 6.0) AppleWebKit/537.36 (KHTML, like Gecko) Chrome/28.0.1500.95 Safari/537.36"
75.131.43.83 - - [18/Aug/2013:16:42:59 -0400] "GET /images/ic_046_content_top_bg_wide.png HTTP/1.1" 200 780 "http://farragutputtputt.com/" "Mozilla/5.0 (Windows NT 6.0) AppleWebKit/537.36 (KHTML, like Gecko) Chrome/28.0.1500.95 Safari/537.36"
75.131.43.83 - - [18/Aug/2013:16:48:36 -0400] "GET /letthefunbegin.html HTTP/1.1" 200 28067 "http://farragutputtputt.com/attractionsprices.html" "Mozilla/5.0 (Windows NT 6.0) AppleWebKit/537.36 (KHTML, like Gecko) Chrome/28.0.1500.95 Safari/537.36"
75.131.43.83 - - [18/Aug/2013:16:48:37 -0400] "GET /images/photoalbum/button_photoNext.jpg HTTP/1.1" 200 662 "http://farragutputtputt.com/letthefunbegin.html" "Mozilla/5.0 (Windows NT 6.0) AppleWebKit/537.36 (KHTML, like Gecko) Chrome/28.0.1500.95 Safari/537.36"
75.131.43.83 - - [18/Aug/2013:16:48:37 -0400] "GET /images/photoalbum/button_photoFirst.jpg HTTP/1.1" 200 637 "http://farragutputtputt.com/letthefunbegin.html" "Mozilla/5.0 (Windows NT 6.0) AppleWebKit/537.36 (KHTML, like Gecko) Chrome/28.0.1500.95 Safari/537.36"
75.131.43.83 - - [18/Aug/2013:16:48:37 -0400] "GET /images/photoalbum/button_photoSpeed2_ON.jpg HTTP/1.1" 200 492 "http://farragutputtputt.com/letthefunbegin.html" "Mozilla/5.0 (Windows NT 6.0) AppleWebKit/537.36 (KHTML, like Gecko) Chrome/28.0.1500.95 Safari/537.36"
75.131.43.83 - - [18/Aug/2013:16:48:37 -0400] "GET /images/205_IMG_0025.jpg HTTP/1.1" 200 14903 "http://farragutputtputt.com/letthefunbegin.html" "Mozilla/5.0 (Windows NT 6.0) AppleWebKit/537.36 (KHTML, like Gecko) Chrome/28.0.1500.95 Safari/537.36"
75.131.43.83 - - [18/Aug/2013:16:48:37 -0400] "GET /images/767_IMG_0018.jpg HTTP/1.1" 200 45608 "http://farragutputtputt.com/letthefunbegin.html" "Mozilla/5.0 (Windows NT 6.0) AppleWebKit/537.36 (KHTML, like Gecko) Chrome/28.0.1500.95 Safari/537.36"
75.131.43.83 - - [18/Aug/2013:16:48:37 -0400] "GET /images/480_IMG_0048.jpg HTTP/1.1" 200 31835 "http://farragutputtputt.com/letthefunbegin.html" "Mozilla/5.0 (Windows NT 6.0) AppleWebKit/537.36 (KHTML, like Gecko) Chrome/28.0.1500.95 Safari/537.36"
75.131.43.83 - - [18/Aug/2013:16:48:37 -0400] "GET /images/767_march_2009_putt-putt_004.jpg HTTP/1.1" 200 94332 "http://farragutputtputt.com/letthefunbegin.html" "Mozilla/5.0 (Windows NT 6.0) AppleWebKit/537.36 (KHTML, like Gecko) Chrome/28.0.1500.95 Safari/537.36"
75.131.43.83 - - [18/Aug/2013:16:48:37 -0400] "GET /images/767_march_2009_putt-putt_005.jpg HTTP/1.1" 200 100118 "http://farragutputtputt.com/letthefunbegin.html" "Mozilla/5.0 (Windows NT 6.0) AppleWebKit/537.36 (KHTML, like Gecko) Chrome/28.0.1500.95 Safari/537.36"
75.131.43.83 - - [18/Aug/2013:16:48:38 -0400] "GET /images/480_IMG_0043.jpg HTTP/1.1" 200 35885 "http://farragutputtputt.com/letthefunbegin.html" "Mozilla/5.0 (Windows NT 6.0) AppleWebKit/537.36 (KHTML, like Gecko) Chrome/28.0.1500.95 Safari/537.36"
75.131.43.83 - - [18/Aug/2013:16:48:38 -0400] "GET /images/164_IMG_0044.jpg HTTP/1.1" 200 7029 "http://farragutputtputt.com/letthefunbegin.html" "Mozilla/5.0 (Windows NT 6.0) AppleWebKit/537.36 (KHTML, like Gecko) Chrome/28.0.1500.95 Safari/537.36"
75.131.43.83 - - [18/Aug/2013:16:48:38 -0400] "GET /images/767_march_2009_putt-putt_008.jpg HTTP/1.1" 200 79565 "http://farragutputtputt.com/letthefunbegin.html" "Mozilla/5.0 (Windows NT 6.0) AppleWebKit/537.36 (KHTML, like Gecko) Chrome/28.0.1500.95 Safari/537.36"
75.131.43.83 - - [18/Aug/2013:16:48:38 -0400] "GET /images/164_march_2009_putt-putt_015.jpg HTTP/1.1" 200 7329 "http://farragutputtputt.com/letthefunbegin.html" "Mozilla/5.0 (Windows NT 6.0) AppleWebKit/537.36 (KHTML, like Gecko) Chrome/28.0.1500.95 Safari/537.36"
75.131.43.83 - - [18/Aug/2013:16:48:38 -0400] "GET /images/767_march_2009_putt-putt_013.jpg HTTP/1.1" 200 80141 "http://farragutputtputt.com/letthefunbegin.html" "Mozilla/5.0 (Windows NT 6.0) AppleWebKit/537.36 (KHTML, like Gecko) Chrome/28.0.1500.95 Safari/537.36"
75.131.43.83 - - [18/Aug/2013:16:48:38 -0400] "GET /images/480_march_2009_putt-putt_010.jpg HTTP/1.1" 200 41608 "http://farragutputtputt.com/letthefunbegin.html" "Mozilla/5.0 (Windows NT 6.0) AppleWebKit/537.36 (KHTML, like Gecko) Chrome/28.0.1500.95 Safari/537.36"
75.131.43.83 - - [18/Aug/2013:16:48:39 -0400] "GET /images/164_march_2009_putt-putt_016.jpg HTTP/1.1" 200 8620 "http://farragutputtputt.com/letthefunbegin.html" "Mozilla/5.0 (Windows NT 6.0) AppleWebKit/537.36 (KHTML, like Gecko) Chrome/28.0.1500.95 Safari/537.36"
75.131.43.83 - - [18/Aug/2013:16:48:39 -0400] "GET /images/480_march_2009_putt-putt_017.jpg HTTP/1.1" 200 43024 "http://farragutputtputt.com/letthefunbegin.html" "Mozilla/5.0 (Windows NT 6.0) AppleWebKit/537.36 (KHTML, like Gecko) Chrome/28.0.1500.95 Safari/537.36"
75.131.43.83 - - [18/Aug/2013:16:48:39 -0400] "GET /images/288_George_Washington_Abbott_-_1875.jpg HTTP/1.1" 200 14836 "http://farragutputtputt.com/letthefunbegin.html" "Mozilla/5.0 (Windows NT 6.0) AppleWebKit/537.36 (KHTML, like Gecko) Chrome/28.0.1500.95 Safari/537.36"
75.131.43.83 - - [18/Aug/2013:16:48:39 -0400] "GET /images/164_George_Washington_Abbott_-_1875.jpg HTTP/1.1" 200 6888 "http://farragutputtputt.com/letthefunbegin.html" "Mozilla/5.0 (Windows NT 6.0) AppleWebKit/537.36 (KHTML, like Gecko) Chrome/28.0.1500.95 Safari/537.36"
184.151.190.182 - - [18/Aug/2013:17:07:58 -0400] "GET / HTTP/1.1" 200 26620 "https://www.google.ca/" "Mozilla/5.0 (iPhone; CPU iPhone OS 6_1_3 like Mac OS X) AppleWebKit/536.26 (KHTML, like Gecko) Version/6.0 Mobile/10B329 Safari/8536.25"
184.151.190.182 - - [18/Aug/2013:17:07:59 -0400] "GET /images/174_PPCG.jpg HTTP/1.1" 200 8468 "http://farragutputtputt.com/" "Mozilla/5.0 (iPhone; CPU iPhone OS 6_1_3 like Mac OS X) AppleWebKit/536.26 (KHTML, like Gecko) Version/6.0 Mobile/10B329 Safari/8536.25"
184.151.190.182 - - [18/Aug/2013:17:08:00 -0400] "GET /images/2004buster1.JPG HTTP/1.1" 200 5573 "http://farragutputtputt.com/" "Mozilla/5.0 (iPhone; CPU iPhone OS 6_1_3 like Mac OS X) AppleWebKit/536.26 (KHTML, like Gecko) Version/6.0 Mobile/10B329 Safari/8536.25"
184.151.190.182 - - [18/Aug/2013:17:08:00 -0400] "GET /images/ic_046_navcontainer_bg.png HTTP/1.1" 200 5832 "http://farragutputtputt.com/" "Mozilla/5.0 (iPhone; CPU iPhone OS 6_1_3 like Mac OS X) AppleWebKit/536.26 (KHTML, like Gecko) Version/6.0 Mobile/10B329 Safari/8536.25"
184.151.190.182 - - [18/Aug/2013:17:08:00 -0400] "GET /images/ic_046_content_bottom_bg_wide.png HTTP/1.1" 200 1373 "http://farragutputtputt.com/" "Mozilla/5.0 (iPhone; CPU iPhone OS 6_1_3 like Mac OS X) AppleWebKit/536.26 (KHTML, like Gecko) Version/6.0 Mobile/10B329 Safari/8536.25"
184.151.190.182 - - [18/Aug/2013:17:08:01 -0400] "GET /scripts/print.css HTTP/1.1" 200 - "http://farragutputtputt.com/" "Mozilla/5.0 (iPhone; CPU iPhone OS 6_1_3 like Mac OS X) AppleWebKit/536.26 (KHTML, like Gecko) Version/6.0 Mobile/10B329 Safari/8536.25"
162.203.112.226 - - [18/Aug/2013:12:55:20 -0400] "GET /attractionsprices.html HTTP/1.1" 200 38559 "http://farragutputtputt.com/specialsgroups.html" "Mozilla/5.0 (Windows NT 6.2; WOW64) AppleWebKit/537.36 (KHTML, like Gecko) Chrome/28.0.1500.95 Safari/537.36"
69.245.11.105 - - [18/Aug/2013:13:03:59 -0400] "GET /images/photoalbum/button_photoNext.jpg HTTP/1.1" 200 662 "http://www.farragutputtputt.com/letthefunbegin.html" "Mozilla/5.0 (Macintosh; Intel Mac OS X 10_8_4) AppleWebKit/536.30.1 (KHTML, like Gecko) Version/6.0.5 Safari/536.30.1"
69.245.11.105 - - [18/Aug/2013:13:03:59 -0400] "GET /images/photoalbum/button_photoSpeed3_ON.jpg HTTP/1.1" 200 587 "http://www.farragutputtputt.com/letthefunbegin.html" "Mozilla/5.0 (Macintosh; Intel Mac OS X 10_8_4) AppleWebKit/536.30.1 (KHTML, like Gecko) Version/6.0.5 Safari/536.30.1"
69.245.11.105 - - [18/Aug/2013:13:03:59 -0400] "GET /images/205_IMG_0025.jpg HTTP/1.1" 200 14903 "http://www.farragutputtputt.com/letthefunbegin.html" "Mozilla/5.0 (Macintosh; Intel Mac OS X 10_8_4) AppleWebKit/536.30.1 (KHTML, like Gecko) Version/6.0.5 Safari/536.30.1"
69.245.11.105 - - [18/Aug/2013:13:03:59 -0400] "GET /images/164_IMG_0018.jpg HTTP/1.1" 200 4306 "http://www.farragutputtputt.com/letthefunbegin.html" "Mozilla/5.0 (Macintosh; Intel Mac OS X 10_8_4) AppleWebKit/536.30.1 (KHTML, like Gecko) Version/6.0.5 Safari/536.30.1"
69.245.11.105 - - [18/Aug/2013:13:03:59 -0400] "GET /images/164_IMG_0048.jpg HTTP/1.1" 200 7088 "http://www.farragutputtputt.com/letthefunbegin.html" "Mozilla/5.0 (Macintosh; Intel Mac OS X 10_8_4) AppleWebKit/536.30.1 (KHTML, like Gecko) Version/6.0.5 Safari/536.30.1"
69.245.11.105 - - [18/Aug/2013:13:03:59 -0400] "GET /images/480_march_2009_putt-putt_001.jpg HTTP/1.1" 200 59190 "http://www.farragutputtputt.com/letthefunbegin.html" "Mozilla/5.0 (Macintosh; Intel Mac OS X 10_8_4) AppleWebKit/536.30.1 (KHTML, like Gecko) Version/6.0.5 Safari/536.30.1"
69.245.11.105 - - [18/Aug/2013:13:03:59 -0400] "GET /images/164_march_2009_putt-putt_003.jpg HTTP/1.1" 200 6836 "http://www.farragutputtputt.com/letthefunbegin.html" "Mozilla/5.0 (Macintosh; Intel Mac OS X 10_8_4) AppleWebKit/536.30.1 (KHTML, like Gecko) Version/6.0.5 Safari/536.30.1"
69.245.11.105 - - [18/Aug/2013:13:03:59 -0400] "GET /images/164_march_2009_putt-putt_005.jpg HTTP/1.1" 200 8359 "http://www.farragutputtputt.com/letthefunbegin.html" "Mozilla/5.0 (Macintosh; Intel Mac OS X 10_8_4) AppleWebKit/536.30.1 (KHTML, like Gecko) Version/6.0.5 Safari/536.30.1"
69.245.11.105 - - [18/Aug/2013:13:03:59 -0400] "GET /images/767_IMG_0046.jpg HTTP/1.1" 200 82450 "http://www.farragutputtputt.com/letthefunbegin.html" "Mozilla/5.0 (Macintosh; Intel Mac OS X 10_8_4) AppleWebKit/536.30.1 (KHTML, like Gecko) Version/6.0.5 Safari/536.30.1"
69.245.11.105 - - [18/Aug/2013:13:03:59 -0400] "GET /images/480_IMG_0043.jpg HTTP/1.1" 200 35885 "http://www.farragutputtputt.com/letthefunbegin.html" "Mozilla/5.0 (Macintosh; Intel Mac OS X 10_8_4) AppleWebKit/536.30.1 (KHTML, like Gecko) Version/6.0.5 Safari/536.30.1"
69.245.11.105 - - [18/Aug/2013:13:03:59 -0400] "GET /images/480_IMG_0041.jpg HTTP/1.1" 200 39439 "http://www.farragutputtputt.com/letthefunbegin.html" "Mozilla/5.0 (Macintosh; Intel Mac OS X 10_8_4) AppleWebKit/536.30.1 (KHTML, like Gecko) Version/6.0.5 Safari/536.30.1"
