99.123.176.195 - - [18/Aug/2013:21:17:01 -0400] "GET / HTTP/1.1" 304 - "-" "Mozilla/5.0 (Linux; U; Android 4.1.1; en-us; GT-P5113 Build/JRO03C) AppleWebKit/534.30 (KHTML, like Gecko) Version/4.0 Safari/534.30"
99.123.176.195 - - [18/Aug/2013:21:17:10 -0400] "GET /images/ic_046_navcontainer_bg.png HTTP/1.1" 304 - "http://farragutputtputt.com/" "Mozilla/5.0 (Linux; U; Android 4.1.1; en-us; GT-P5113 Build/JRO03C) AppleWebKit/534.30 (KHTML, like Gecko) Version/4.0 Safari/534.30"
99.123.176.195 - - [18/Aug/2013:21:17:10 -0400] "GET /images/ic_046_nav_inner_bg.gif HTTP/1.1" 304 - "http://farragutputtputt.com/" "Mozilla/5.0 (Linux; U; Android 4.1.1; en-us; GT-P5113 Build/JRO03C) AppleWebKit/534.30 (KHTML, like Gecko) Version/4.0 Safari/534.30"
67.187.103.34 - - [18/Aug/2013:21:30:14 -0400] "GET /images/doc_pdf.gif HTTP/1.1" 200 1002 "http://farragutputtputt.com/attractionsprices.html" "Mozilla/5.0 (X11; Linux x86_64) AppleWebKit/534.24 (KHTML, like Gecko) Chrome/11.0.696.34 Safari/534.24"
198.105.219.58 - - [18/Aug/2013:21:34:59 -0400] "HEAD / HTTP/1.1" 200 - "-" "checks.panopta.com"
193.106.136.50 - - [18/Aug/2013:22:09:12 -0400] "GET / HTTP/1.1" 200 26620 "http://dom-o-fon.ru/" "Mozilla/4.0 (compatible; MSIE 6.0; Windows NT 5.1; MRA 4.6 (build 01425))"
96.60.252.162 - - [18/Aug/2013:23:06:39 -0400] "GET /images/356_golfheader.jpg HTTP/1.1" 200 11752 "http://www.farragutputtputt.com/attractionsprices.html" "Mozilla/5.0 (compatible; MSIE 10.0; Windows NT 6.1; WOW64; Trident/6.0)"
96.60.252.162 - - [18/Aug/2013:23:06:40 -0400] "GET /images/150_bunn_frozen_drinks.jpg HTTP/1.1" 200 3756 "http://www.farragutputtputt.com/attractionsprices.html" "Mozilla/5.0 (compatible; MSIE 10.0; Windows NT 6.1; WOW64; Trident/6.0)"
96.60.252.162 - - [18/Aug/2013:23:06:40 -0400] "GET /images/150_662429.gif HTTP/1.1" 200 11480 "http://www.farragutputtputt.com/attractionsprices.html" "Mozilla/5.0 (compatible; MSIE 10.0; Windows NT 6.1; WOW64; Trident/6.0)"
198.105.219.58 - - [18/Aug/2013:23:50:53 -0400] "HEAD / HTTP/1.1" 200 - "-" "checks.panopta.com"
174.224.137.22 - - [18/Aug/2013:12:52:09 -0400] "GET /images/200_batter.jpg HTTP/1.1" 200 8643 "http://find.mapmuse.com/map/batting-cages/near/Oviedo%20florida" "Mozilla/5.0 (iPhone; CPU iPhone OS 6_1_3 like Mac OS X) AppleWebKit/536.26 (KHTML, like Gecko) Version/6.0 Mobile/10B329 Safari/8536.25"
174.254.144.67 - - [18/Aug/2013:13:07:37 -0400] "GET /favicon.ico HTTP/1.1" 404 575 "http://farragutputtputt.com/" "Mozilla/5.0 (Linux; U; Android 2.3.6; en-us; SCH-S720C Build/GINGERBREAD) AppleWebKit/533.1 (KHTML, like Gecko) Version/4.0 Mobile Safari/533.1"
70.210.13.239 - - [18/Aug/2013:13:47:46 -0400] "GET /scripts/template.css HTTP/1.1" 200 9762 "http://www.farragutputtputt.com/" "Mozilla/5.0 (iPhone; CPU iPhone OS 6_1_4 like Mac OS X) AppleWebKit/536.26 (KHTML, like Gecko) Version/6.0 Mobile/10B350 Safari/8536.25"
70.210.13.239 - - [18/Aug/2013:13:47:47 -0400] "GET /images/84_USA-05.gif HTTP/1.1" 200 9755 "http://www.farragutputtputt.com/" "Mozilla/5.0 (iPhone; CPU iPhone OS 6_1_4 like Mac OS X) AppleWebKit/536.26 (KHTML, like Gecko) Version/6.0 Mobile/10B350 Safari/8536.25"
70.210.13.239 - - [18/Aug/2013:13:47:47 -0400] "GET /images/ic_046_nav_inner_bg.gif HTTP/1.1" 200 158 "http://www.farragutputtputt.com/" "Mozilla/5.0 (iPhone; CPU iPhone OS 6_1_4 like Mac OS X) AppleWebKit/536.26 (KHTML, like Gecko) Version/6.0 Mobile/10B350 Safari/8536.25"
166.147.120.41 - - [18/Aug/2013:14:08:14 -0400] "GET /scripts/template.css HTTP/1.1" 200 9762 "http://farragutputtputt.com/" "Mozilla/5.0 (iPhone; CPU iPhone OS 6_1_4 like Mac OS X) AppleWebKit/536.26 (KHTML, like Gecko) Version/6.0 Mobile/10B350 Safari/8536.25"
166.147.120.41 - - [18/Aug/2013:14:08:15 -0400] "GET /images/504_PP_jpeg_map_2013.JPG HTTP/1.1" 200 21190 "http://farragutputtputt.com/" "Mozilla/5.0 (iPhone; CPU iPhone OS 6_1_4 like Mac OS X) AppleWebKit/536.26 (KHTML, like Gecko) Version/6.0 Mobile/10B350 Safari/8536.25"
166.147.120.41 - - [18/Aug/2013:14:08:15 -0400] "GET /images/84_USA-05.gif HTTP/1.1" 200 9755 "http://farragutputtputt.com/" "Mozilla/5.0 (iPhone; CPU iPhone OS 6_1_4 like Mac OS X) AppleWebKit/536.26 (KHTML, like Gecko) Version/6.0 Mobile/10B350 Safari/8536.25"
166.147.120.41 - - [18/Aug/2013:14:08:15 -0400] "GET /images/ic_046_nav_inner_bg.gif HTTP/1.1" 200 158 "http://farragutputtputt.com/" "Mozilla/5.0 (iPhone; CPU iPhone OS 6_1_4 like Mac OS X) AppleWebKit/536.26 (KHTML, like Gecko) Version/6.0 Mobile/10B350 Safari/8536.25"
166.147.120.41 - - [18/Aug/2013:14:08:15 -0400] "GET /images/2004buster1.JPG HTTP/1.1" 200 5573 "http://farragutputtputt.com/" "Mozilla/5.0 (iPhone; CPU iPhone OS 6_1_4 like Mac OS X) AppleWebKit/536.26 (KHTML, like Gecko) Version/6.0 Mobile/10B350 Safari/8536.25"
166.147.120.41 - - [18/Aug/2013:14:08:15 -0400] "GET /images/ic_046_navcontainer_bg.png HTTP/1.1" 200 5832 "http://farragutputtputt.com/" "Mozilla/5.0 (iPhone; CPU iPhone OS 6_1_4 like Mac OS X) AppleWebKit/536.26 (KHTML, like Gecko) Version/6.0 Mobile/10B350 Safari/8536.25"
69.131.144.218 - - [18/Aug/2013:14:49:06 -0400] "GET /scripts/website.css HTTP/1.1" 200 1642 "http://www.farragutputtputt.com/" "Mozilla/5.0 (Linux; U; Android 4.1.2; en-us; SCH-R530U Build/JZO54K) AppleWebKit/534.30 (KHTML, like Gecko) Version/4.0 Mobile Safari/534.30 USCC-R530U"
69.131.144.218 - - [18/Aug/2013:14:49:06 -0400] "GET /images/ic_046_content_top_bg_wide.png HTTP/1.1" 200 780 "http://www.farragutputtputt.com/" "Mozilla/5.0 (Linux; U; Android 4.1.2; en-us; SCH-R530U Build/JZO54K) AppleWebKit/534.30 (KHTML, like Gecko) Version/4.0 Mobile Safari/534.30 USCC-R530U"
69.131.144.218 - - [18/Aug/2013:14:49:06 -0400] "GET /images/174_buster-with-mail-box.JPG HTTP/1.1" 200 7132 "http://www.farragutputtputt.com/" "Mozilla/5.0 (Linux; U; Android 4.1.2; en-us; SCH-R530U Build/JZO54K) AppleWebKit/534.30 (KHTML, like Gecko) Version/4.0 Mobile Safari/534.30 USCC-R530U"
69.131.144.218 - - [18/Aug/2013:14:49:07 -0400] "GET /images/ic_046_content_bottom_bg_wide.png HTTP/1.1" 200 1373 "http://www.farragutputtputt.com/" "Mozilla/5.0 (Linux; U; Android 4.1.2; en-us; SCH-R530U Build/JZO54K) AppleWebKit/534.30 (KHTML, like Gecko) Version/4.0 Mobile Safari/534.30 USCC-R530U"
69.131.144.218 - - [18/Aug/2013:14:49:07 -0400] "GET /scripts/print.css HTTP/1.1" 200 - "http://www.farragutputtputt.com/" "Mozilla/5.0 (Linux; U; Android 4.1.2; en-us; SCH-R530U Build/JZO54K) AppleWebKit/534.30 (KHTML, like Gecko) Version/4.0 Mobile Safari/534.30 USCC-R530U"
69.131.144.218 - - [18/Aug/2013:14:49:41 -0400] "GET /attractionsprices.html HTTP/1.1" 200 38559 "http://www.farragutputtputt.com/" "Mozilla/5.0 (Linux; U; Android 4.1.2; en-us; SCH-R530U Build/JZO54K) AppleWebKit/534.30 (KHTML, like Gecko) Version/4.0 Mobile Safari/534.30 USCC-R530U"
69.131.144.218 - - [18/Aug/2013:14:49:41 -0400] "GET /scripts/2custom.css HTTP/1.1" 200 5279 "http://www.farragutputtputt.com/attractionsprices.html" "Mozilla/5.0 (Linux; U; Android 4.1.2; en-us; SCH-R530U Build/JZO54K) AppleWebKit/534.30 (KHTML, like Gecko) Version/4.0 Mobile Safari/534.30 USCC-R530U"
69.131.144.218 - - [18/Aug/2013:14:49:41 -0400] "GET /images/356_golfheader.jpg HTTP/1.1" 200 11752 "http://www.farragutputtputt.com/attractionsprices.html" "Mozilla/5.0 (Linux; U; Android 4.1.2; en-us; SCH-R530U Build/JZO54K) AppleWebKit/534.30 (KHTML, like Gecko) Version/4.0 Mobile Safari/534.30 USCC-R530U"
69.131.144.218 - - [18/Aug/2013:14:49:41 -0400] "GET /images/doc_pdf.gif HTTP/1.1" 200 1002 "http://www.farragutputtputt.com/attractionsprices.html" "Mozilla/5.0 (Linux; U; Android 4.1.2; en-us; SCH-R530U Build/JZO54K) AppleWebKit/534.30 (KHTML, like Gecko) Version/4.0 Mobile Safari/534.30 USCC-R530U"
69.131.144.218 - - [18/Aug/2013:14:49:41 -0400] "GET /images/253_BusterClub3.jpg HTTP/1.1" 200 10383 "http://www.farragutputtputt.com/attractionsprices.html" "Mozilla/5.0 (Linux; U; Android 4.1.2; en-us; SCH-R530U Build/JZO54K) AppleWebKit/534.30 (KHTML, like Gecko) Version/4.0 Mobile Safari/534.30 USCC-R530U"
208.103.38.182 - - [18/Aug/2013:18:46:26 -0400] "GET /scripts/ic_globals_published.js HTTP/1.1" 200 566 "http://farragutputtputt.com/" "Mozilla/5.0 (compatible; MSIE 10.0; Windows NT 6.1; WOW64; Trident/6.0; EIE10;ENUSWOL)"
208.103.38.182 - - [18/Aug/2013:18:46:26 -0400] "GET /scripts/print.css HTTP/1.1" 200 - "http://farragutputtputt.com/" "Mozilla/5.0 (compatible; MSIE 10.0; Windows NT 6.1; WOW64; Trident/6.0; EIE10;ENUSWOL)"
208.103.38.182 - - [18/Aug/2013:18:46:26 -0400] "GET /scripts/icwebsiteelement.css HTTP/1.1" 200 8132 "http://farragutputtputt.com/" "Mozilla/5.0 (compatible; MSIE 10.0; Windows NT 6.1; WOW64; Trident/6.0; EIE10;ENUSWOL)"
208.103.38.182 - - [18/Aug/2013:18:46:27 -0400] "GET /images/174_PPCG.jpg HTTP/1.1" 200 8468 "http://farragutputtputt.com/" "Mozilla/5.0 (compatible; MSIE 10.0; Windows NT 6.1; WOW64; Trident/6.0; EIE10;ENUSWOL)"
208.103.38.182 - - [18/Aug/2013:18:46:27 -0400] "GET /images/84_USA-05.gif HTTP/1.1" 200 9755 "http://farragutputtputt.com/" "Mozilla/5.0 (compatible; MSIE 10.0; Windows NT 6.1; WOW64; Trident/6.0; EIE10;ENUSWOL)"
208.103.38.182 - - [18/Aug/2013:18:46:27 -0400] "GET /images/ic_046_navcontainer_bg.png HTTP/1.1" 200 5832 "http://farragutputtputt.com/" "Mozilla/5.0 (compatible; MSIE 10.0; Windows NT 6.1; WOW64; Trident/6.0; EIE10;ENUSWOL)"
208.103.38.182 - - [18/Aug/2013:18:46:27 -0400] "GET /images/2004buster1.JPG HTTP/1.1" 200 5573 "http://farragutputtputt.com/" "Mozilla/5.0 (compatible; MSIE 10.0; Windows NT 6.1; WOW64; Trident/6.0; EIE10;ENUSWOL)"
50.142.212.225 - - [18/Aug/2013:19:25:37 -0400] "GET /scripts/template.css HTTP/1.1" 200 9762 "http://farragutputtputt.com/" "Mozilla/5.0 (iPad; CPU OS 5_1_1 like Mac OS X) AppleWebKit/534.46 (KHTML, like Gecko) Version/5.1 Mobile/9B206 Safari/7534.48.3"
50.142.212.225 - - [18/Aug/2013:19:25:37 -0400] "GET /images/84_USA-05.gif HTTP/1.1" 200 9755 "http://farragutputtputt.com/" "Mozilla/5.0 (iPad; CPU OS 5_1_1 like Mac OS X) AppleWebKit/534.46 (KHTML, like Gecko) Version/5.1 Mobile/9B206 Safari/7534.48.3"
50.142.212.225 - - [18/Aug/2013:19:25:37 -0400] "GET /images/ic_046_header_bg_wide.png HTTP/1.1" 200 3558 "http://farragutputtputt.com/" "Mozilla/5.0 (iPad; CPU OS 5_1_1 like Mac OS X) AppleWebKit/534.46 (KHTML, like Gecko) Version/5.1 Mobile/9B206 Safari/7534.48.3"
76.114.73.89 - - [18/Aug/2013:21:12:00 -0400] "GET /scripts/website.css HTTP/1.1" 200 1642 "http://www.farragutputtputt.com/" "Mozilla/5.0 (Windows NT 6.1; WOW64) AppleWebKit/537.36 (KHTML, like Gecko) Chrome/28.0.1500.95 Safari/537.36"
76.114.73.89 - - [18/Aug/2013:21:12:00 -0400] "GET /scripts/user.js HTTP/1.1" 200 23762 "http://www.farragutputtputt.com/" "Mozilla/5.0 (Windows NT 6.1; WOW64) AppleWebKit/537.36 (KHTML, like Gecko) Chrome/28.0.1500.95 Safari/537.36"
76.114.73.89 - - [18/Aug/2013:21:12:01 -0400] "GET /images/190_PPFC_ltfb.jpg HTTP/1.1" 200 7684 "http://www.farragutputtputt.com/" "Mozilla/5.0 (Windows NT 6.1; WOW64) AppleWebKit/537.36 (KHTML, like Gecko) Chrome/28.0.1500.95 Safari/537.36"
68.47.232.49 - - [18/Aug/2013:21:23:55 -0400] "GET /images/212_BatZone.jpg HTTP/1.1" 200 11220 "http://www.farragutputtputt.com/attractionsprices.html" "Mozilla/5.0 (iPad; CPU OS 6_0_1 like Mac OS X) AppleWebKit/536.26 (KHTML, like Gecko) Version/6.0 Mobile/10A523 Safari/8536.25"
68.47.232.49 - - [18/Aug/2013:21:23:55 -0400] "GET /images/144_Big_Bass_Wheel_parts.jpg HTTP/1.1" 200 10460 "http://www.farragutputtputt.com/attractionsprices.html" "Mozilla/5.0 (iPad; CPU OS 6_0_1 like Mac OS X) AppleWebKit/536.26 (KHTML, like Gecko) Version/6.0 Mobile/10A523 Safari/8536.25"
68.47.232.49 - - [18/Aug/2013:21:23:55 -0400] "GET /images/150_730111.gif HTTP/1.1" 200 10756 "http://www.farragutputtputt.com/attractionsprices.html" "Mozilla/5.0 (iPad; CPU OS 6_0_1 like Mac OS X) AppleWebKit/536.26 (KHTML, like Gecko) Version/6.0 Mobile/10A523 Safari/8536.25"
67.187.103.34 - - [18/Aug/2013:21:28:54 -0400] "GET /images/174_PPCG.jpg HTTP/1.1" 200 8468 "http://farragutputtputt.com/" "Mozilla/5.0 (X11; Linux x86_64) AppleWebKit/534.24 (KHTML, like Gecko) Chrome/11.0.696.34 Safari/534.24"
172.1.236.162 - - [18/Aug/2013:21:36:01 -0400] "GET /scripts/template.css HTTP/1.1" 200 9762 "http://farragutputtputt.com/birthdaypartyinfo.html" "Mozilla/5.0 (Macintosh; Intel Mac OS X 10_7_5) AppleWebKit/536.30.1 (KHTML, like Gecko) Version/6.0.5 Safari/536.30.1"
172.1.236.162 - - [18/Aug/2013:21:36:02 -0400] "GET /images/ic_046_accent_bg.png HTTP/1.1" 200 9871 "http://farragutputtputt.com/birthdaypartyinfo.html" "Mozilla/5.0 (Macintosh; Intel Mac OS X 10_7_5) AppleWebKit/536.30.1 (KHTML, like Gecko) Version/6.0.5 Safari/536.30.1"
172.1.236.162 - - [18/Aug/2013:21:36:02 -0400] "GET /images/356_birthdayheader.jpg HTTP/1.1" 200 13204 "http://farragutputtputt.com/birthdaypartyinfo.html" "Mozilla/5.0 (Macintosh; Intel Mac OS X 10_7_5) AppleWebKit/536.30.1 (KHTML, like Gecko) Version/6.0.5 Safari/536.30.1"
172.1.236.162 - - [18/Aug/2013:21:36:02 -0400] "GET /images/ic_046_content_bottom_bg_wide.png HTTP/1.1" 200 1373 "http://farragutputtputt.com/birthdaypartyinfo.html" "Mozilla/5.0 (Macintosh; Intel Mac OS X 10_7_5) AppleWebKit/536.30.1 (KHTML, like Gecko) Version/6.0.5 Safari/536.30.1"
96.60.252.162 - - [18/Aug/2013:23:06:35 -0400] "GET /scripts/ic_globals_published.js HTTP/1.1" 200 566 "http://www.farragutputtputt.com/" "Mozilla/5.0 (compatible; MSIE 10.0; Windows NT 6.1; WOW64; Trident/6.0)"
96.60.252.162 - - [18/Aug/2013:23:06:35 -0400] "GET /scripts/icwebsiteelement.css HTTP/1.1" 200 8132 "http://www.farragutputtputt.com/" "Mozilla/5.0 (compatible; MSIE 10.0; Windows NT 6.1; WOW64; Trident/6.0)"
96.60.252.162 - - [18/Aug/2013:23:06:36 -0400] "GET /images/504_PP_jpeg_map_2013.JPG HTTP/1.1" 200 21190 "http://www.farragutputtputt.com/" "Mozilla/5.0 (compatible; MSIE 10.0; Windows NT 6.1; WOW64; Trident/6.0)"
96.60.252.162 - - [18/Aug/2013:23:06:36 -0400] "GET /images/2004buster1.JPG HTTP/1.1" 200 5573 "http://www.farragutputtputt.com/" "Mozilla/5.0 (compatible; MSIE 10.0; Windows NT 6.1; WOW64; Trident/6.0)"
178.137.128.12 - - [18/Aug/2013:05:23:54 -0400] "GET / HTTP/1.1" 200 26610 "http://sadovodst.ru/" "Mozilla/4.0 (compatible; MSIE 6.0; Windows NT 5.1; SV1; .NET CLR 1.1.4322)"
66.249.75.44 - - [18/Aug/2013:05:29:47 -0400] "GET /images/Counter_Daily_Special_Card_2011_new.pdf HTTP/1.1" 304 - "-" "Mozilla/5.0 (compatible; Googlebot/2.1; +http://www.google.com/bot.html)"
70.210.1.239 - - [18/Aug/2013:15:18:46 -0400] "GET /images/media_snd.gif HTTP/1.1" 200 1379 "http://farragutputtputt.com/" "Mozilla/5.0 (Linux; U; Android 4.2.2; en-us; SCH-I545 Build/JDQ39) AppleWebKit/534.30 (KHTML, like Gecko) Version/4.0 Mobile Safari/534.30"
70.210.1.239 - - [18/Aug/2013:15:19:32 -0400] "GET /images/253_BusterBatZone.jpg HTTP/1.1" 200 15829 "http://farragutputtputt.com/attractionsprices.html" "Mozilla/5.0 (Linux; U; Android 4.2.2; en-us; SCH-I545 Build/JDQ39) AppleWebKit/534.30 (KHTML, like Gecko) Version/4.0 Mobile Safari/534.30"
70.193.16.142 - - [18/Aug/2013:15:26:24 -0400] "GET /images/253_BusterClub3.jpg HTTP/1.1" 200 10383 "http://farragutputtputt.com/attractionsprices.html" "Mozilla/5.0 (Linux; U; Android 2.3.6; en-us; DROID RAZR 4G Build/6.5.1-167_DHD-14_M3-8) AppleWebKit/533.1 (KHTML, like Gecko) Version/4.0 Mobile Safari/533.1"
70.193.16.142 - - [18/Aug/2013:15:26:24 -0400] "GET /images/240_IttiBitz_Neapolitan_20Image.jpg HTTP/1.1" 200 11511 "http://farragutputtputt.com/attractionsprices.html" "Mozilla/5.0 (Linux; U; Android 2.3.6; en-us; DROID RAZR 4G Build/6.5.1-167_DHD-14_M3-8) AppleWebKit/533.1 (KHTML, like Gecko) Version/4.0 Mobile Safari/533.1"
67.142.183.21 - - [18/Aug/2013:15:28:22 -0400] "GET /images/84_USA-05.gif HTTP/1.1" 200 9755 "http://farragutputtputt.com/" "Mozilla/5.0 (Linux; U; Android 2.3.6; en-us; SCH-I510 4G Build/FP8) AppleWebKit/533.1 (KHTML, like Gecko) Version/4.0 Mobile Safari/533.1"
67.142.183.21 - - [18/Aug/2013:15:28:22 -0400] "GET /images/174_buster-with-mail-box.JPG HTTP/1.1" 200 7132 "http://farragutputtputt.com/" "Mozilla/5.0 (Linux; U; Android 2.3.6; en-us; SCH-I510 4G Build/FP8) AppleWebKit/533.1 (KHTML, like Gecko) Version/4.0 Mobile Safari/533.1"
67.142.183.21 - - [18/Aug/2013:15:28:51 -0400] "GET /images/212_PartyZone.jpg HTTP/1.1" 200 13500 "http://farragutputtputt.com/attractionsprices.html" "Mozilla/5.0 (Linux; U; Android 2.3.6; en-us; SCH-I510 4G Build/FP8) AppleWebKit/533.1 (KHTML, like Gecko) Version/4.0 Mobile Safari/533.1"
67.142.183.21 - - [18/Aug/2013:15:28:51 -0400] "GET /images/150_730111.gif HTTP/1.1" 200 10756 "http://farragutputtputt.com/attractionsprices.html" "Mozilla/5.0 (Linux; U; Android 2.3.6; en-us; SCH-I510 4G Build/FP8) AppleWebKit/533.1 (KHTML, like Gecko) Version/4.0 Mobile Safari/533.1"
66.87.110.124 - - [18/Aug/2013:16:13:16 -0400] "GET / HTTP/1.1" 200 26620 "http://knoxvilleputtputt.com/" "Mozilla/5.0 (iPhone; CPU iPhone OS 6_1_3 like Mac OS X) AppleWebKit/536.26 (KHTML, like Gecko) Version/6.0 Mobile/10B329 Safari/8536.25"
66.87.110.124 - - [18/Aug/2013:16:13:16 -0400] "GET /scripts/user.js HTTP/1.1" 200 23762 "http://www.farragutputtputt.com/" "Mozilla/5.0 (iPhone; CPU iPhone OS 6_1_3 like Mac OS X) AppleWebKit/536.26 (KHTML, like Gecko) Version/6.0 Mobile/10B329 Safari/8536.25"
66.87.109.100 - - [18/Aug/2013:16:24:06 -0400] "GET /images/ic_046_content_bottom_bg_wide.png HTTP/1.1" 200 1373 "http://farragutputtputt.com/" "Mozilla/5.0 (Linux; U; Android 2.3.5; en-us; SPH-M820-BST Build/GINGERBREAD) AppleWebKit/533.1 (KHTML, like Gecko) Version/4.0 Mobile Safari/533.1"
198.105.219.58 - - [18/Aug/2013:16:32:12 -0400] "GET / HTTP/1.1" 200 26620 "-" "checks.panopta.com"
24.158.118.245 - - [18/Aug/2013:17:24:13 -0400] "GET /images/212_BatZone.jpg HTTP/1.1" 200 11220 "http://farragutputtputt.com/attractionsprices.html" "Mozilla/5.0 (Windows NT 6.1; WOW64) AppleWebKit/537.36 (KHTML, like Gecko) Chrome/28.0.1500.95 Safari/537.36"
24.158.118.245 - - [18/Aug/2013:17:24:13 -0400] "GET /images/144_Big_Bass_Wheel_parts.jpg HTTP/1.1" 200 10460 "http://farragutputtputt.com/attractionsprices.html" "Mozilla/5.0 (Windows NT 6.1; WOW64) AppleWebKit/537.36 (KHTML, like Gecko) Chrome/28.0.1500.95 Safari/537.36"
24.158.118.245 - - [18/Aug/2013:17:24:13 -0400] "GET /images/150_730111.gif HTTP/1.1" 200 10756 "http://farragutputtputt.com/attractionsprices.html" "Mozilla/5.0 (Windows NT 6.1; WOW64) AppleWebKit/537.36 (KHTML, like Gecko) Chrome/28.0.1500.95 Safari/537.36"
24.158.118.245 - - [18/Aug/2013:17:24:13 -0400] "GET /images/150_bunn_frozen_drinks.jpg HTTP/1.1" 200 3756 "http://farragutputtputt.com/attractionsprices.html" "Mozilla/5.0 (Windows NT 6.1; WOW64) AppleWebKit/537.36 (KHTML, like Gecko) Chrome/28.0.1500.95 Safari/537.36"
220.181.89.170 - - [18/Aug/2013:09:14:39 -0400] "GET /robots.txt HTTP/1.1" 200 25 "-" "Sogou web spider/4.0"
75.136.213.68 - - [18/Aug/2013:09:48:11 -0400] "GET /scripts/icwebsiteelement.css HTTP/1.1" 200 8132 "http://farragutputtputt.com/" "Mozilla/5.0 (Macintosh; Intel Mac OS X 10_8_4) AppleWebKit/536.30.1 (KHTML, like Gecko) Version/6.0.5 Safari/536.30.1"
75.136.213.68 - - [18/Aug/2013:09:48:11 -0400] "GET /images/ic_046_header_bg_wide.png HTTP/1.1" 200 3558 "http://farragutputtputt.com/" "Mozilla/5.0 (Macintosh; Intel Mac OS X 10_8_4) AppleWebKit/536.30.1 (KHTML, like Gecko) Version/6.0.5 Safari/536.30.1"
75.136.213.68 - - [18/Aug/2013:09:48:11 -0400] "GET /images/504_PP_jpeg_map_2013.JPG HTTP/1.1" 200 21190 "http://farragutputtputt.com/" "Mozilla/5.0 (Macintosh; Intel Mac OS X 10_8_4) AppleWebKit/536.30.1 (KHTML, like Gecko) Version/6.0.5 Safari/536.30.1"
75.136.213.68 - - [18/Aug/2013:09:48:11 -0400] "GET /images/media_snd.gif HTTP/1.1" 200 1379 "http://farragutputtputt.com/" "Mozilla/5.0 (Macintosh; Intel Mac OS X 10_8_4) AppleWebKit/536.30.1 (KHTML, like Gecko) Version/6.0.5 Safari/536.30.1"
75.136.213.68 - - [18/Aug/2013:09:48:19 -0400] "GET /images/356_golfheader.jpg HTTP/1.1" 200 11752 "http://farragutputtputt.com/attractionsprices.html" "Mozilla/5.0 (Macintosh; Intel Mac OS X 10_8_4) AppleWebKit/536.30.1 (KHTML, like Gecko) Version/6.0.5 Safari/536.30.1"
50.149.184.46 - - [18/Aug/2013:10:45:25 -0400] "GET /specialsgroups.html HTTP/1.1" 200 42927 "http://farragutputtputt.com/attractionsprices.html" "Mozilla/5.0 (X11; CrOS i686 4100.89.0) AppleWebKit/537.36 (KHTML, like Gecko) Chrome/28.0.1500.95 Safari/537.36"
50.149.184.46 - - [18/Aug/2013:10:45:25 -0400] "GET /images/356_groupheader.jpg HTTP/1.1" 200 21309 "http://farragutputtputt.com/specialsgroups.html" "Mozilla/5.0 (X11; CrOS i686 4100.89.0) AppleWebKit/537.36 (KHTML, like Gecko) Chrome/28.0.1500.95 Safari/537.36"
50.149.184.46 - - [18/Aug/2013:10:45:25 -0400] "GET /images/0_cards.JPG HTTP/1.1" 200 3617 "http://farragutputtputt.com/specialsgroups.html" "Mozilla/5.0 (X11; CrOS i686 4100.89.0) AppleWebKit/537.36 (KHTML, like Gecko) Chrome/28.0.1500.95 Safari/537.36"
50.149.184.46 - - [18/Aug/2013:11:11:14 -0400] "GET / HTTP/1.1" 200 26610 "http://www.google.com/url?sa=t&rct=j&q=putt%20putt%20golf%20%26%20games%20farragut&source=web&cd=1&ved=0CCoQFjAA&url=http%3A%2F%2Ffarragutputtputt.com%2F&ei=D-QQUvv4C4LNtQbH2oGYAg&usg=AFQjCNECl_sffdkcgLG0zzXWkh_Z6lB8DA&bvm=bv.50768961,d.Yms" "Mozilla/5.0 (Windows NT 6.1; WOW64; rv:22.0) Gecko/20100101 Firefox/22.0"
50.149.184.46 - - [18/Aug/2013:11:11:14 -0400] "GET /scripts/ic_globals_published.js HTTP/1.1" 200 566 "http://farragutputtputt.com/" "Mozilla/5.0 (Windows NT 6.1; WOW64; rv:22.0) Gecko/20100101 Firefox/22.0"
50.149.184.46 - - [18/Aug/2013:11:11:15 -0400] "GET /scripts/user.js HTTP/1.1" 200 23762 "http://farragutputtputt.com/" "Mozilla/5.0 (Windows NT 6.1; WOW64; rv:22.0) Gecko/20100101 Firefox/22.0"
50.149.184.46 - - [18/Aug/2013:11:11:15 -0400] "GET /scripts/photoalbum.js HTTP/1.1" 200 62481 "http://farragutputtputt.com/" "Mozilla/5.0 (Windows NT 6.1; WOW64; rv:22.0) Gecko/20100101 Firefox/22.0"
199.30.80.120 - - [18/Aug/2013:11:25:40 -0400] "GET / HTTP/1.1" 200 26610 "-" "Mozilla/5.0 (Windows NT 6.1; rv:12.0; StumbleUpon; noc@stumbleupon.com) Gecko/20100101 Firefox/12.0"
162.203.112.226 - - [18/Aug/2013:11:43:07 -0400] "GET /scripts/photoalbum.js HTTP/1.1" 304 - "http://farragutputtputt.com/" "Mozilla/5.0 (Windows NT 6.2; WOW64) AppleWebKit/537.36 (KHTML, like Gecko) Chrome/28.0.1500.95 Safari/537.36"
162.203.112.226 - - [18/Aug/2013:11:43:07 -0400] "GET /images/ic_046_navcontainer_bg.png HTTP/1.1" 304 - "http://farragutputtputt.com/" "Mozilla/5.0 (Windows NT 6.2; WOW64) AppleWebKit/537.36 (KHTML, like Gecko) Chrome/28.0.1500.95 Safari/537.36"
74.248.219.41 - - [18/Aug/2013:12:40:45 -0400] "GET /images/212_BatZone.jpg HTTP/1.1" 200 11220 "http://farragutputtputt.com/attractionsprices.html" "Mozilla/5.0 (Windows NT 6.0; WOW64; rv:22.0) Gecko/20100101 Firefox/22.0"
69.245.11.105 - - [18/Aug/2013:13:03:21 -0400] "GET /images/doc_pdf.gif HTTP/1.1" 200 1002 "http://www.farragutputtputt.com/attractionsprices.html" "Mozilla/5.0 (Macintosh; Intel Mac OS X 10_8_4) AppleWebKit/536.30.1 (KHTML, like Gecko) Version/6.0.5 Safari/536.30.1"
69.245.11.105 - - [18/Aug/2013:13:03:21 -0400] "GET /images/144_Big_Bass_Wheel_parts.jpg HTTP/1.1" 200 10460 "http://www.farragutputtputt.com/attractionsprices.html" "Mozilla/5.0 (Macintosh; Intel Mac OS X 10_8_4) AppleWebKit/536.30.1 (KHTML, like Gecko) Version/6.0.5 Safari/536.30.1"
174.254.144.67 - - [18/Aug/2013:13:06:53 -0400] "GET /scripts/ic_globals_published.js HTTP/1.1" 200 566 "http://farragutputtputt.com/" "Mozilla/5.0 (Linux; U; Android 2.3.6; en-us; SCH-S720C Build/GINGERBREAD) AppleWebKit/533.1 (KHTML, like Gecko) Version/4.0 Mobile Safari/533.1"
174.254.144.67 - - [18/Aug/2013:13:09:48 -0400] "GET / HTTP/1.1" 304 - "http://www.google.com/search?client=ms-android-americamovil-us&hl=en&source=android-launcher-widget&v=134000000&ei=y_4QUpexJJD-2QXKyYDgDQ&q=putt+putt+golf+and+games+farragut+tn&oq=putt+putt+golf+and+games+far&gs_l=mobile-gws-serp.1.0.0l2j0i22i30l3.66.15817.0.18318.23.21.0.0.0.0.946.5742.4-2j4j3.9.0.cpsugrpqhmsignedin%2Chmss2%3Dfalse...0...1.1.25.mobile-gws-serp..14.9.5739.KA2s9G8Yj2Y" "Mozilla/5.0 (Linux; U; Android 2.3.6; en-us; SCH-S720C Build/GINGERBREAD) AppleWebKit/533.1 (KHTML, like Gecko) Version/4.0 Mobile Safari/533.1"
50.142.231.2 - - [18/Aug/2013:13:10:58 -0400] "GET /scripts/photoalbum.js HTTP/1.1" 304 - "http://www.farragutputtputt.com/attractionsprices.html" "Mozilla/5.0 (Windows NT 6.1; rv:22.0) Gecko/20100101 Firefox/22.0"
50.142.231.2 - - [18/Aug/2013:13:10:58 -0400] "GET /images/212_PartyZone.jpg HTTP/1.1" 200 13500 "http://www.farragutputtputt.com/attractionsprices.html" "Mozilla/5.0 (Windows NT 6.1; rv:22.0) Gecko/20100101 Firefox/22.0"
50.142.231.2 - - [18/Aug/2013:13:11:00 -0400] "GET /images/150_730111.gif HTTP/1.1" 200 10756 "http://www.farragutputtputt.com/attractionsprices.html" "Mozilla/5.0 (Windows NT 6.1; rv:22.0) Gecko/20100101 Firefox/22.0"
50.142.231.2 - - [18/Aug/2013:13:11:01 -0400] "GET /images/ic_046_navcontainer_bg.png HTTP/1.1" 304 - "http://www.farragutputtputt.com/scripts/template.css" "Mozilla/5.0 (Windows NT 6.1; rv:22.0) Gecko/20100101 Firefox/22.0"
198.105.219.58 - - [18/Aug/2013:13:29:25 -0400] "GET / HTTP/1.1" 200 26620 "-" "checks.panopta.com"
151.207.250.71 - - [18/Aug/2013:13:53:45 -0400] "GET /images/200_batter.jpg HTTP/1.1" 200 8643 "http://find.mapmuse.com/map/batting-cages/near/baltimore,+MD" "Mozilla/4.0 (compatible; MSIE 8.0; Windows NT 6.1; WOW64; Trident/4.0; SLCC2; .NET CLR 2.0.50727; .NET CLR 3.5.30729; .NET CLR 3.0.30729; Media Center PC 6.0; InfoPath.3)"
70.193.13.251 - - [18/Aug/2013:14:08:42 -0400] "GET /scripts/2custom.css HTTP/1.1" 200 5279 "http://www.farragutputtputt.com/attractionsprices.html" "Mozilla/5.0 (Linux; Android 4.1.2; XT907 Build/9.8.1Q-78) AppleWebKit/537.36 (KHTML, like Gecko) Chrome/28.0.1500.94 Mobile Safari/537.36"
70.193.13.251 - - [18/Aug/2013:14:08:42 -0400] "GET /images/253_BusterBatZone.jpg HTTP/1.1" 200 15829 "http://www.farragutputtputt.com/attractionsprices.html" "Mozilla/5.0 (Linux; Android 4.1.2; XT907 Build/9.8.1Q-78) AppleWebKit/537.36 (KHTML, like Gecko) Chrome/28.0.1500.94 Mobile Safari/537.36"
70.193.13.251 - - [18/Aug/2013:14:08:43 -0400] "GET /images/240_IttiBitz_Neapolitan_20Image.jpg HTTP/1.1" 200 11511 "http://www.farragutputtputt.com/attractionsprices.html" "Mozilla/5.0 (Linux; Android 4.1.2; XT907 Build/9.8.1Q-78) AppleWebKit/537.36 (KHTML, like Gecko) Chrome/28.0.1500.94 Mobile Safari/537.36"
70.193.13.251 - - [18/Aug/2013:14:08:43 -0400] "GET /favicon.ico HTTP/1.1" 404 575 "-" "Mozilla/5.0 (Linux; Android 4.1.2; XT907 Build/9.8.1Q-78) AppleWebKit/537.36 (KHTML, like Gecko) Chrome/28.0.1500.94 Mobile Safari/537.36"
69.131.144.218 - - [18/Aug/2013:14:49:06 -0400] "GET /scripts/template.css HTTP/1.1" 200 9762 "http://www.farragutputtputt.com/" "Mozilla/5.0 (Linux; U; Android 4.1.2; en-us; SCH-R530U Build/JZO54K) AppleWebKit/534.30 (KHTML, like Gecko) Version/4.0 Mobile Safari/534.30 USCC-R530U"
69.131.144.218 - - [18/Aug/2013:14:49:06 -0400] "GET /images/ic_046_nav_inner_bg.gif HTTP/1.1" 200 158 "http://www.farragutputtputt.com/" "Mozilla/5.0 (Linux; U; Android 4.1.2; en-us; SCH-R530U Build/JZO54K) AppleWebKit/534.30 (KHTML, like Gecko) Version/4.0 Mobile Safari/534.30 USCC-R530U"
69.131.144.218 - - [18/Aug/2013:14:49:06 -0400] "GET /images/174_PPCG.jpg HTTP/1.1" 200 8468 "http://www.farragutputtputt.com/" "Mozilla/5.0 (Linux; U; Android 4.1.2; en-us; SCH-R530U Build/JZO54K) AppleWebKit/534.30 (KHTML, like Gecko) Version/4.0 Mobile Safari/534.30 USCC-R530U"
69.131.144.218 - - [18/Aug/2013:14:49:06 -0400] "GET /images/88_tennessee_fl_md_wht.gif HTTP/1.1" 200 7701 "http://www.farragutputtputt.com/" "Mozilla/5.0 (Linux; U; Android 4.1.2; en-us; SCH-R530U Build/JZO54K) AppleWebKit/534.30 (KHTML, like Gecko) Version/4.0 Mobile Safari/534.30 USCC-R530U"
157.55.32.96 - - [18/Aug/2013:04:56:02 -0400] "GET /birthdaypartyinfo.html HTTP/1.1" 200 48049 "-" "Mozilla/5.0 (compatible; bingbot/2.0; +http://www.bing.com/bingbot.htm)"
208.103.38.182 - - [18/Aug/2013:18:46:26 -0400] "GET /scripts/photoalbum.js HTTP/1.1" 200 62481 "http://farragutputtputt.com/" "Mozilla/5.0 (compatible; MSIE 10.0; Windows NT 6.1; WOW64; Trident/6.0; EIE10;ENUSWOL)"
208.103.38.182 - - [18/Aug/2013:18:46:27 -0400] "GET /images/ic_046_header_bg_wide.png HTTP/1.1" 200 3558 "http://farragutputtputt.com/" "Mozilla/5.0 (compatible; MSIE 10.0; Windows NT 6.1; WOW64; Trident/6.0; EIE10;ENUSWOL)"
76.94.28.243 - - [18/Aug/2013:18:54:49 -0400] "GET /images/200_batter.jpg HTTP/1.1" 200 8643 "http://find.mapmuse.com/map/batting-cages/near/Fullerton,+CA" "Mozilla/5.0 (Macintosh; Intel Mac OS X 10_8_4) AppleWebKit/536.30.1 (KHTML, like Gecko) Version/6.0.5 Safari/536.30.1"
96.60.251.49 - - [18/Aug/2013:19:41:59 -0400] "GET /specialsgroups.html HTTP/1.1" 200 42927 "http://farragutputtputt.com/" "Mozilla/5.0 (Macintosh; Intel Mac OS X 10_6_8) AppleWebKit/534.59.8 (KHTML, like Gecko) Version/5.1.9 Safari/534.59.8"
96.60.251.49 - - [18/Aug/2013:19:42:00 -0400] "GET /images/0_busterhappy.JPG HTTP/1.1" 200 19119 "http://farragutputtputt.com/specialsgroups.html" "Mozilla/5.0 (Macintosh; Intel Mac OS X 10_6_8) AppleWebKit/534.59.8 (KHTML, like Gecko) Version/5.1.9 Safari/534.59.8"
68.184.173.112 - - [18/Aug/2013:19:57:21 -0400] "GET /favicon.ico HTTP/1.1" 404 575 "-" "Mozilla/5.0 (compatible; MSIE 10.0; Windows NT 6.1; Win64; x64; Trident/6.0)"
96.60.248.160 - - [18/Aug/2013:19:58:50 -0400] "GET / HTTP/1.1" 200 26620 "http://us.yhs4.search.yahoo.com/yhs/ifm?hspart=sandvine&hsimp=algo-sandvine_tds_if&p=Putt+Putt+Golf+Knoxville" "Mozilla/5.0 (Macintosh; Intel Mac OS X 10.6; rv:23.0) Gecko/20100101 Firefox/23.0"
108.13.237.228 - - [18/Aug/2013:20:14:01 -0400] "GET /images/200_batter.jpg HTTP/1.1" 200 8643 "http://find.mapmuse.com/map/batting-cages/near/Santa+Monica,%20CA" "Mozilla/5.0 (Macintosh; Intel Mac OS X 10_8_4) AppleWebKit/536.30.1 (KHTML, like Gecko) Version/6.0.5 Safari/536.30.1"
172.1.237.102 - - [18/Aug/2013:20:48:34 -0400] "GET /scripts/website.css HTTP/1.1" 304 - "http://farragutputtputt.com/" "Mozilla/5.0 (iPad; CPU OS 6_1_3 like Mac OS X) AppleWebKit/536.26 (KHTML, like Gecko) Version/6.0 Mobile/10B329 Safari/8536.25"
172.1.237.102 - - [18/Aug/2013:20:48:34 -0400] "GET /images/media_snd.gif HTTP/1.1" 304 - "http://farragutputtputt.com/" "Mozilla/5.0 (iPad; CPU OS 6_1_3 like Mac OS X) AppleWebKit/536.26 (KHTML, like Gecko) Version/6.0 Mobile/10B329 Safari/8536.25"
67.187.103.34 - - [18/Aug/2013:21:30:14 -0400] "GET /attractionsprices.html HTTP/1.1" 200 38559 "http://farragutputtputt.com/" "Mozilla/5.0 (X11; Linux x86_64) AppleWebKit/534.24 (KHTML, like Gecko) Chrome/11.0.696.34 Safari/534.24"
67.187.103.34 - - [18/Aug/2013:21:30:14 -0400] "GET /images/212_BatZone.jpg HTTP/1.1" 200 11220 "http://farragutputtputt.com/attractionsprices.html" "Mozilla/5.0 (X11; Linux x86_64) AppleWebKit/534.24 (KHTML, like Gecko) Chrome/11.0.696.34 Safari/534.24"
98.236.131.55 - - [18/Aug/2013:12:14:36 -0400] "GET /images/200_batter.jpg HTTP/1.1" 200 8643 "http://find.mapmuse.com/map/batting-cages/near/Weirton,+WV" "Mozilla/5.0 (Windows NT 6.1; WOW64) AppleWebKit/537.36 (KHTML, like Gecko) Chrome/28.0.1500.95 Safari/537.36"
74.248.219.41 - - [18/Aug/2013:12:39:34 -0400] "GET /images/ic_046_nav_inner_bg.gif HTTP/1.1" 200 158 "http://farragutputtputt.com/scripts/template.css" "Mozilla/5.0 (Windows NT 6.0; WOW64; rv:22.0) Gecko/20100101 Firefox/22.0"
50.142.231.2 - - [18/Aug/2013:13:11:01 -0400] "GET /images/ic_046_header_bg_wide.png HTTP/1.1" 304 - "http://www.farragutputtputt.com/scripts/template.css" "Mozilla/5.0 (Windows NT 6.1; rv:22.0) Gecko/20100101 Firefox/22.0"
199.21.99.116 - - [18/Aug/2013:13:59:51 -0400] "GET / HTTP/1.1" 200 26620 "-" "Mozilla/5.0 (compatible; YandexBot/3.0; +http://yandex.com/bots)"
96.61.123.227 - - [18/Aug/2013:14:42:30 -0400] "GET /images/media_snd.gif HTTP/1.1" 200 1379 "http://farragutputtputt.com/" "Mozilla/5.0 (Linux; Android 4.2.2; en-us; SAMSUNG SCH-R970 USCC Build/JDQ39) AppleWebKit/535.19 (KHTML, like Gecko) Version/1.0 Chrome/18.0.1025.308 Mobile Safari/535.19"
99.123.176.195 - - [18/Aug/2013:14:52:11 -0400] "GET /images/ic_046_content_bottom_bg_wide.png HTTP/1.1" 200 1373 "http://farragutputtputt.com/" "Mozilla/5.0 (Linux; U; Android 4.1.1; en-us; GT-P5113 Build/JRO03C) AppleWebKit/534.30 (KHTML, like Gecko) Version/4.0 Safari/534.30"
70.197.160.175 - - [18/Aug/2013:14:57:26 -0400] "GET /scripts/user.js HTTP/1.1" 200 23762 "http://farragutputtputt.com/" "Mozilla/5.0 (iPhone; CPU iPhone OS 6_1_4 like Mac OS X) AppleWebKit/536.26 (KHTML, like Gecko) Version/6.0 Mobile/10B350 Safari/8536.25"
99.110.76.151 - - [18/Aug/2013:09:02:08 -0400] "GET /specialsgroups.html HTTP/1.1" 200 42927 "http://farragutputtputt.com/" "Mozilla/5.0 (iPad; CPU OS 6_1_3 like Mac OS X) AppleWebKit/536.26 (KHTML, like Gecko) Version/6.0 Mobile/10B329 Safari/8536.25"
99.110.76.151 - - [18/Aug/2013:09:02:09 -0400] "GET /images/356_groupheader.jpg HTTP/1.1" 200 21309 "http://farragutputtputt.com/specialsgroups.html" "Mozilla/5.0 (iPad; CPU OS 6_1_3 like Mac OS X) AppleWebKit/536.26 (KHTML, like Gecko) Version/6.0 Mobile/10B329 Safari/8536.25"
99.110.76.151 - - [18/Aug/2013:09:02:09 -0400] "GET /images/doc_pdf.gif HTTP/1.1" 200 1002 "http://farragutputtputt.com/specialsgroups.html" "Mozilla/5.0 (iPad; CPU OS 6_1_3 like Mac OS X) AppleWebKit/536.26 (KHTML, like Gecko) Version/6.0 Mobile/10B329 Safari/8536.25"
96.38.103.141 - - [18/Aug/2013:09:27:51 -0400] "GET /images/111_Balloons.gif HTTP/1.1" 200 8307 "http://farragutputtputt.com/birthdaypartyinfo.html" "Mozilla/5.0 (Macintosh; Intel Mac OS X 10.8; rv:23.0) Gecko/20100101 Firefox/23.0"
198.105.219.58 - - [18/Aug/2013:10:25:53 -0400] "HEAD / HTTP/1.1" 200 - "-" "checks.panopta.com"
50.149.184.46 - - [18/Aug/2013:11:12:25 -0400] "GET /images/450_LTFB.jpg HTTP/1.1" 200 44697 "http://www.farragutputtputt.com/letthefunbegin.html" "Mozilla/5.0 (Windows NT 6.1; WOW64; rv:22.0) Gecko/20100101 Firefox/22.0"
50.149.184.46 - - [18/Aug/2013:11:12:25 -0400] "GET /images/360_IMG_0025.jpg HTTP/1.1" 200 35576 "http://www.farragutputtputt.com/letthefunbegin.html" "Mozilla/5.0 (Windows NT 6.1; WOW64; rv:22.0) Gecko/20100101 Firefox/22.0"
50.149.184.46 - - [18/Aug/2013:11:12:25 -0400] "GET /images/480_march_2009_putt-putt_001.jpg HTTP/1.1" 200 59190 "http://www.farragutputtputt.com/letthefunbegin.html" "Mozilla/5.0 (Windows NT 6.1; WOW64; rv:22.0) Gecko/20100101 Firefox/22.0"
50.149.184.46 - - [18/Aug/2013:11:12:25 -0400] "GET /images/480_IMG_0046.jpg HTTP/1.1" 200 41042 "http://www.farragutputtputt.com/letthefunbegin.html" "Mozilla/5.0 (Windows NT 6.1; WOW64; rv:22.0) Gecko/20100101 Firefox/22.0"
50.149.184.46 - - [18/Aug/2013:11:12:27 -0400] "GET /images/164_march_2009_putt-putt_017.jpg HTTP/1.1" 200 7975 "http://www.farragutputtputt.com/letthefunbegin.html" "Mozilla/5.0 (Windows NT 6.1; WOW64; rv:22.0) Gecko/20100101 Firefox/22.0"
50.149.184.46 - - [18/Aug/2013:11:12:27 -0400] "GET /images/164_George_Washington_Abbott_-_1875.jpg HTTP/1.1" 200 6888 "http://www.farragutputtputt.com/letthefunbegin.html" "Mozilla/5.0 (Windows NT 6.1; WOW64; rv:22.0) Gecko/20100101 Firefox/22.0"
50.149.184.46 - - [18/Aug/2013:11:12:31 -0400] "GET /images/253_BusterClub3.jpg HTTP/1.1" 200 10383 "http://www.farragutputtputt.com/attractionsprices.html" "Mozilla/5.0 (Windows NT 6.1; WOW64; rv:22.0) Gecko/20100101 Firefox/22.0"
50.149.184.46 - - [18/Aug/2013:11:12:31 -0400] "GET /images/150_bunn_frozen_drinks.jpg HTTP/1.1" 200 3756 "http://www.farragutputtputt.com/attractionsprices.html" "Mozilla/5.0 (Windows NT 6.1; WOW64; rv:22.0) Gecko/20100101 Firefox/22.0"
174.236.103.84 - - [18/Aug/2013:11:19:54 -0400] "GET /images/200_batter.jpg HTTP/1.1" 200 8643 "http://find.mapmuse.com/map/batting-cages" "Mozilla/5.0 (iPhone; CPU iPhone OS 6_1_3 like Mac OS X) AppleWebKit/536.26 (KHTML, like Gecko) Version/6.0 Mobile/10B329 Safari/8536.25"
50.142.199.137 - - [18/Aug/2013:11:22:45 -0400] "GET /welcome.html HTTP/1.1" 200 26610 "http://www.farragutputtputt.com/attractionsprices.html" "Mozilla/5.0 (Windows NT 6.1; WOW64) AppleWebKit/537.36 (KHTML, like Gecko) Chrome/28.0.1500.72 Safari/537.36 AlexaToolbar/alxg-3.1"
74.248.193.246 - - [18/Aug/2013:11:34:46 -0400] "GET /scripts/photoalbum.js HTTP/1.1" 200 62481 "http://www.farragutputtputt.com/" "Mozilla/5.0 (Windows NT 6.1; WOW64) AppleWebKit/537.36 (KHTML, like Gecko) Chrome/28.0.1500.95 Safari/537.36"
74.248.193.246 - - [18/Aug/2013:11:34:48 -0400] "GET /scripts/print.css HTTP/1.1" 200 - "http://www.farragutputtputt.com/" "Mozilla/5.0 (Windows NT 6.1; WOW64) AppleWebKit/537.36 (KHTML, like Gecko) Chrome/28.0.1500.95 Safari/537.36"
74.248.193.246 - - [18/Aug/2013:11:34:48 -0400] "GET /images/ic_046_content_top_bg_wide.png HTTP/1.1" 200 780 "http://www.farragutputtputt.com/" "Mozilla/5.0 (Windows NT 6.1; WOW64) AppleWebKit/537.36 (KHTML, like Gecko) Chrome/28.0.1500.95 Safari/537.36"
67.142.183.21 - - [18/Aug/2013:15:28:47 -0400] "GET /images/150_730111.gif HTTP/1.1" 200 10756 "http://farragutputtputt.com/attractionsprices.html" "Mozilla/5.0 (Linux; U; Android 2.3.6; en-us; SCH-I510 4G Build/FP8) AppleWebKit/533.1 (KHTML, like Gecko) Version/4.0 Mobile Safari/533.1"
172.1.237.102 - - [18/Aug/2013:15:50:39 -0400] "GET /scripts/website.css HTTP/1.1" 200 1642 "http://farragutputtputt.com/" "Mozilla/5.0 (iPad; CPU OS 6_1_3 like Mac OS X) AppleWebKit/536.26 (KHTML, like Gecko) Version/6.0 Mobile/10B329 Safari/8536.25"
172.1.237.102 - - [18/Aug/2013:15:50:39 -0400] "GET /scripts/template.css HTTP/1.1" 200 9762 "http://farragutputtputt.com/" "Mozilla/5.0 (iPad; CPU OS 6_1_3 like Mac OS X) AppleWebKit/536.26 (KHTML, like Gecko) Version/6.0 Mobile/10B329 Safari/8536.25"
172.1.237.102 - - [18/Aug/2013:15:50:40 -0400] "GET /images/385_im_party.gif HTTP/1.1" 200 20294 "http://farragutputtputt.com/" "Mozilla/5.0 (iPad; CPU OS 6_1_3 like Mac OS X) AppleWebKit/536.26 (KHTML, like Gecko) Version/6.0 Mobile/10B329 Safari/8536.25"
172.1.237.102 - - [18/Aug/2013:15:50:40 -0400] "GET /images/504_PP_jpeg_map_2013.JPG HTTP/1.1" 200 21190 "http://farragutputtputt.com/" "Mozilla/5.0 (iPad; CPU OS 6_1_3 like Mac OS X) AppleWebKit/536.26 (KHTML, like Gecko) Version/6.0 Mobile/10B329 Safari/8536.25"
172.1.237.102 - - [18/Aug/2013:15:50:40 -0400] "GET /images/174_PPCG.jpg HTTP/1.1" 200 8468 "http://farragutputtputt.com/" "Mozilla/5.0 (iPad; CPU OS 6_1_3 like Mac OS X) AppleWebKit/536.26 (KHTML, like Gecko) Version/6.0 Mobile/10B329 Safari/8536.25"
172.1.237.102 - - [18/Aug/2013:15:50:40 -0400] "GET /images/ic_046_nav_inner_bg.gif HTTP/1.1" 200 158 "http://farragutputtputt.com/" "Mozilla/5.0 (iPad; CPU OS 6_1_3 like Mac OS X) AppleWebKit/536.26 (KHTML, like Gecko) Version/6.0 Mobile/10B329 Safari/8536.25"
172.1.237.102 - - [18/Aug/2013:15:50:40 -0400] "GET /images/media_snd.gif HTTP/1.1" 200 1379 "http://farragutputtputt.com/" "Mozilla/5.0 (iPad; CPU OS 6_1_3 like Mac OS X) AppleWebKit/536.26 (KHTML, like Gecko) Version/6.0 Mobile/10B329 Safari/8536.25"
172.1.237.102 - - [18/Aug/2013:15:50:40 -0400] "GET /images/ic_046_header_bg_wide.png HTTP/1.1" 200 3558 "http://farragutputtputt.com/" "Mozilla/5.0 (iPad; CPU OS 6_1_3 like Mac OS X) AppleWebKit/536.26 (KHTML, like Gecko) Version/6.0 Mobile/10B329 Safari/8536.25"
24.158.118.245 - - [18/Aug/2013:17:16:58 -0400] "GET /scripts/ic_globals_published.js HTTP/1.1" 200 566 "http://farragutputtputt.com/" "Mozilla/5.0 (Windows NT 6.1; WOW64) AppleWebKit/537.36 (KHTML, like Gecko) Chrome/28.0.1500.95 Safari/537.36"
24.158.118.245 - - [18/Aug/2013:17:16:58 -0400] "GET /scripts/1custom.css HTTP/1.1" 200 5022 "http://farragutputtputt.com/" "Mozilla/5.0 (Windows NT 6.1; WOW64) AppleWebKit/537.36 (KHTML, like Gecko) Chrome/28.0.1500.95 Safari/537.36"
24.158.118.245 - - [18/Aug/2013:17:16:58 -0400] "GET /images/385_im_party.gif HTTP/1.1" 200 20294 "http://farragutputtputt.com/" "Mozilla/5.0 (Windows NT 6.1; WOW64) AppleWebKit/537.36 (KHTML, like Gecko) Chrome/28.0.1500.95 Safari/537.36"
24.158.118.245 - - [18/Aug/2013:17:16:58 -0400] "GET /images/174_buster-with-mail-box.JPG HTTP/1.1" 200 7132 "http://farragutputtputt.com/" "Mozilla/5.0 (Windows NT 6.1; WOW64) AppleWebKit/537.36 (KHTML, like Gecko) Chrome/28.0.1500.95 Safari/537.36"
24.158.118.245 - - [18/Aug/2013:17:16:58 -0400] "GET /scripts/print.css HTTP/1.1" 200 - "http://farragutputtputt.com/" "Mozilla/5.0 (Windows NT 6.1; WOW64) AppleWebKit/537.36 (KHTML, like Gecko) Chrome/28.0.1500.95 Safari/537.36"
24.158.118.245 - - [18/Aug/2013:17:16:58 -0400] "GET /images/ic_046_content_top_bg_wide.png HTTP/1.1" 200 780 "http://farragutputtputt.com/" "Mozilla/5.0 (Windows NT 6.1; WOW64) AppleWebKit/537.36 (KHTML, like Gecko) Chrome/28.0.1500.95 Safari/537.36"
174.108.34.187 - - [18/Aug/2013:17:18:26 -0400] "GET /images/148_BusterBday.jpg HTTP/1.1" 200 6502 "-" "rarely used"
66.253.188.148 - - [18/Aug/2013:17:41:20 -0400] "GET / HTTP/1.1" 200 26620 "http://knoxvilleputtputt.com/" "Mozilla/5.0 (iPhone; CPU iPhone OS 6_1_3 like Mac OS X) AppleWebKit/536.26 (KHTML, like Gecko) Version/6.0 Mobile/10B329 Safari/8536.25"
66.253.188.148 - - [18/Aug/2013:17:41:20 -0400] "GET /scripts/1custom.css HTTP/1.1" 200 5022 "http://www.farragutputtputt.com/" "Mozilla/5.0 (iPhone; CPU iPhone OS 6_1_3 like Mac OS X) AppleWebKit/536.26 (KHTML, like Gecko) Version/6.0 Mobile/10B329 Safari/8536.25"
66.253.188.148 - - [18/Aug/2013:17:41:20 -0400] "GET /scripts/icwebsiteelement.css HTTP/1.1" 200 8132 "http://www.farragutputtputt.com/" "Mozilla/5.0 (iPhone; CPU iPhone OS 6_1_3 like Mac OS X) AppleWebKit/536.26 (KHTML, like Gecko) Version/6.0 Mobile/10B329 Safari/8536.25"
66.253.188.148 - - [18/Aug/2013:17:41:21 -0400] "GET /images/174_PPCG.jpg HTTP/1.1" 200 8468 "http://www.farragutputtputt.com/" "Mozilla/5.0 (iPhone; CPU iPhone OS 6_1_3 like Mac OS X) AppleWebKit/536.26 (KHTML, like Gecko) Version/6.0 Mobile/10B329 Safari/8536.25"
66.253.188.148 - - [18/Aug/2013:17:41:21 -0400] "GET /images/2004buster1.JPG HTTP/1.1" 200 5573 "http://www.farragutputtputt.com/" "Mozilla/5.0 (iPhone; CPU iPhone OS 6_1_3 like Mac OS X) AppleWebKit/536.26 (KHTML, like Gecko) Version/6.0 Mobile/10B329 Safari/8536.25"
66.253.188.148 - - [18/Aug/2013:17:41:21 -0400] "GET /images/ic_046_nav_inner_bg.gif HTTP/1.1" 200 158 "http://www.farragutputtputt.com/" "Mozilla/5.0 (iPhone; CPU iPhone OS 6_1_3 like Mac OS X) AppleWebKit/536.26 (KHTML, like Gecko) Version/6.0 Mobile/10B329 Safari/8536.25"
66.253.188.148 - - [18/Aug/2013:17:41:21 -0400] "GET /images/ic_046_content_bottom_bg_wide.png HTTP/1.1" 200 1373 "http://www.farragutputtputt.com/" "Mozilla/5.0 (iPhone; CPU iPhone OS 6_1_3 like Mac OS X) AppleWebKit/536.26 (KHTML, like Gecko) Version/6.0 Mobile/10B329 Safari/8536.25"
66.253.188.148 - - [18/Aug/2013:17:41:21 -0400] "GET /scripts/print.css HTTP/1.1" 200 - "http://www.farragutputtputt.com/" "Mozilla/5.0 (iPhone; CPU iPhone OS 6_1_3 like Mac OS X) AppleWebKit/536.26 (KHTML, like Gecko) Version/6.0 Mobile/10B329 Safari/8536.25"
66.253.191.115 - - [18/Aug/2013:17:45:54 -0400] "GET /scripts/icwebsiteelement.css HTTP/1.1" 200 8132 "http://farragutputtputt.com/" "Mozilla/5.0 (Macintosh; Intel Mac OS X 10_7_5) AppleWebKit/536.29.13 (KHTML, like Gecko) Version/6.0.4 Safari/536.29.13"
66.253.191.115 - - [18/Aug/2013:17:45:55 -0400] "GET /images/ic_046_header_bg_wide.png HTTP/1.1" 200 3558 "http://farragutputtputt.com/" "Mozilla/5.0 (Macintosh; Intel Mac OS X 10_7_5) AppleWebKit/536.29.13 (KHTML, like Gecko) Version/6.0.4 Safari/536.29.13"
72.47.26.63 - - [18/Aug/2013:00:05:04 -0400] "GET /images/200_batter.jpg HTTP/1.1" 200 8643 "http://find.mapmuse.com/map/batting-cages" "Mozilla/5.0 (iPod; CPU iPhone OS 6_1_3 like Mac OS X) AppleWebKit/536.26 (KHTML, like Gecko) Version/6.0 Mobile/10B329 Safari/8536.25"
12.189.131.250 - - [18/Aug/2013:00:36:25 -0400] "GET /images/220_PPCG.jpg HTTP/1.1" 200 11316 "https://www.google.com/" "Mozilla/5.0 (iPhone; CPU iPhone OS 6_1_4 like Mac OS X) AppleWebKit/536.26 (KHTML, like Gecko) Version/6.0 Mobile/10B350 Safari/8536.25"
99.123.176.195 - - [18/Aug/2013:21:17:10 -0400] "GET /images/ic_046_accent_bg.png HTTP/1.1" 304 - "http://farragutputtputt.com/" "Mozilla/5.0 (Linux; U; Android 4.1.1; en-us; GT-P5113 Build/JRO03C) AppleWebKit/534.30 (KHTML, like Gecko) Version/4.0 Safari/534.30"
70.198.1.145 - - [18/Aug/2013:21:25:43 -0400] "GET / HTTP/1.1" 200 26620 "-" "Mozilla/5.0 (Linux; U; Android 4.1.2; en-us; SCH-I535 Build/JZO54K) AppleWebKit/534.30 (KHTML, like Gecko) Version/4.0 Mobile Safari/534.30"
96.60.252.162 - - [18/Aug/2013:23:06:36 -0400] "GET /favicon.ico HTTP/1.1" 404 575 "-" "Mozilla/5.0 (compatible; MSIE 10.0; Windows NT 6.1; Win64; x64; Trident/6.0)"
220.181.89.170 - - [18/Aug/2013:09:04:24 -0400] "GET / HTTP/1.1" 200 26610 "-" "Sogou web spider/4.0(+http://www.sogou.com/docs/help/webmasters.htm#07)"
96.38.103.141 - - [18/Aug/2013:09:27:34 -0400] "GET /scripts/ic_globals_published.js HTTP/1.1" 200 566 "http://farragutputtputt.com/" "Mozilla/5.0 (Macintosh; Intel Mac OS X 10.8; rv:23.0) Gecko/20100101 Firefox/23.0"
96.38.103.141 - - [18/Aug/2013:09:27:34 -0400] "GET /scripts/icwebsiteelement.css HTTP/1.1" 200 8132 "http://farragutputtputt.com/" "Mozilla/5.0 (Macintosh; Intel Mac OS X 10.8; rv:23.0) Gecko/20100101 Firefox/23.0"
96.38.103.141 - - [18/Aug/2013:09:27:34 -0400] "GET /images/504_PP_jpeg_map_2013.JPG HTTP/1.1" 200 21190 "http://farragutputtputt.com/" "Mozilla/5.0 (Macintosh; Intel Mac OS X 10.8; rv:23.0) Gecko/20100101 Firefox/23.0"
96.38.103.141 - - [18/Aug/2013:09:27:35 -0400] "GET /images/ic_046_nav_inner_bg.gif HTTP/1.1" 200 158 "http://farragutputtputt.com/scripts/template.css" "Mozilla/5.0 (Macintosh; Intel Mac OS X 10.8; rv:23.0) Gecko/20100101 Firefox/23.0"
75.136.213.68 - - [18/Aug/2013:09:48:11 -0400] "GET /scripts/website.css HTTP/1.1" 200 1642 "http://farragutputtputt.com/" "Mozilla/5.0 (Macintosh; Intel Mac OS X 10_8_4) AppleWebKit/536.30.1 (KHTML, like Gecko) Version/6.0.5 Safari/536.30.1"
75.136.213.68 - - [18/Aug/2013:09:48:11 -0400] "GET /images/ic_046_navcontainer_bg.png HTTP/1.1" 200 5832 "http://farragutputtputt.com/" "Mozilla/5.0 (Macintosh; Intel Mac OS X 10_8_4) AppleWebKit/536.30.1 (KHTML, like Gecko) Version/6.0.5 Safari/536.30.1"
75.136.213.68 - - [18/Aug/2013:09:48:11 -0400] "GET /images/385_im_party.gif HTTP/1.1" 200 20294 "http://farragutputtputt.com/" "Mozilla/5.0 (Macintosh; Intel Mac OS X 10_8_4) AppleWebKit/536.30.1 (KHTML, like Gecko) Version/6.0.5 Safari/536.30.1"
75.136.213.68 - - [18/Aug/2013:09:48:11 -0400] "GET /images/ic_046_content_bottom_bg_wide.png HTTP/1.1" 200 1373 "http://farragutputtputt.com/" "Mozilla/5.0 (Macintosh; Intel Mac OS X 10_8_4) AppleWebKit/536.30.1 (KHTML, like Gecko) Version/6.0.5 Safari/536.30.1"
75.136.213.68 - - [18/Aug/2013:09:48:18 -0400] "GET /attractionsprices.html HTTP/1.1" 200 38559 "http://farragutputtputt.com/" "Mozilla/5.0 (Macintosh; Intel Mac OS X 10_8_4) AppleWebKit/536.30.1 (KHTML, like Gecko) Version/6.0.5 Safari/536.30.1"
75.136.213.68 - - [18/Aug/2013:09:48:19 -0400] "GET /images/212_PartyZone.jpg HTTP/1.1" 200 13500 "http://farragutputtputt.com/attractionsprices.html" "Mozilla/5.0 (Macintosh; Intel Mac OS X 10_8_4) AppleWebKit/536.30.1 (KHTML, like Gecko) Version/6.0.5 Safari/536.30.1"
75.136.213.68 - - [18/Aug/2013:09:48:19 -0400] "GET /images/253_BusterBatZone.jpg HTTP/1.1" 200 15829 "http://farragutputtputt.com/attractionsprices.html" "Mozilla/5.0 (Macintosh; Intel Mac OS X 10_8_4) AppleWebKit/536.30.1 (KHTML, like Gecko) Version/6.0.5 Safari/536.30.1"
75.136.213.68 - - [18/Aug/2013:09:48:19 -0400] "GET /images/130_spot_join.jpg HTTP/1.1" 200 7882 "http://farragutputtputt.com/attractionsprices.html" "Mozilla/5.0 (Macintosh; Intel Mac OS X 10_8_4) AppleWebKit/536.30.1 (KHTML, like Gecko) Version/6.0.5 Safari/536.30.1"
75.136.213.68 - - [18/Aug/2013:09:48:19 -0400] "GET /images/150_730111.gif HTTP/1.1" 200 10756 "http://farragutputtputt.com/attractionsprices.html" "Mozilla/5.0 (Macintosh; Intel Mac OS X 10_8_4) AppleWebKit/536.30.1 (KHTML, like Gecko) Version/6.0.5 Safari/536.30.1"
99.57.204.159 - - [18/Aug/2013:10:31:56 -0400] "GET /scripts/website.css HTTP/1.1" 200 1642 "http://farragutputtputt.com/" "Mozilla/5.0 (Windows NT 6.1) AppleWebKit/537.36 (KHTML, like Gecko) Chrome/28.0.1500.95 Safari/537.36"
99.57.204.159 - - [18/Aug/2013:10:31:56 -0400] "GET /images/190_PPFC_ltfb.jpg HTTP/1.1" 200 7684 "http://farragutputtputt.com/" "Mozilla/5.0 (Windows NT 6.1) AppleWebKit/537.36 (KHTML, like Gecko) Chrome/28.0.1500.95 Safari/537.36"
99.57.204.159 - - [18/Aug/2013:10:31:57 -0400] "GET /images/174_buster-with-mail-box.JPG HTTP/1.1" 200 7132 "http://farragutputtputt.com/" "Mozilla/5.0 (Windows NT 6.1) AppleWebKit/537.36 (KHTML, like Gecko) Chrome/28.0.1500.95 Safari/537.36"
99.57.204.159 - - [18/Aug/2013:10:31:57 -0400] "GET /images/ic_046_nav_inner_bg.gif HTTP/1.1" 200 158 "http://farragutputtputt.com/" "Mozilla/5.0 (Windows NT 6.1) AppleWebKit/537.36 (KHTML, like Gecko) Chrome/28.0.1500.95 Safari/537.36"
198.105.219.58 - - [18/Aug/2013:10:41:10 -0400] "HEAD / HTTP/1.1" 200 - "-" "checks.panopta.com"
50.149.184.46 - - [18/Aug/2013:11:11:15 -0400] "GET /scripts/print.css HTTP/1.1" 200 - "http://farragutputtputt.com/" "Mozilla/5.0 (Windows NT 6.1; WOW64; rv:22.0) Gecko/20100101 Firefox/22.0"
50.149.184.46 - - [18/Aug/2013:11:15:40 -0400] "GET /welcome.html HTTP/1.1" 200 26610 "http://farragutputtputt.com/specialsgroups.html" "Mozilla/5.0 (X11; CrOS i686 4100.89.0) AppleWebKit/537.36 (KHTML, like Gecko) Chrome/28.0.1500.95 Safari/537.36"
50.149.184.46 - - [18/Aug/2013:11:15:40 -0400] "GET /favicon.ico HTTP/1.1" 404 575 "-" "Mozilla/5.0 (X11; CrOS i686 4100.89.0) AppleWebKit/537.36 (KHTML, like Gecko) Chrome/28.0.1500.95 Safari/537.36"
70.210.5.62 - - [18/Aug/2013:11:44:22 -0400] "GET /scripts/template.css HTTP/1.1" 200 9762 "http://farragutputtputt.com/" "Mozilla/5.0 (Linux; U; Android 4.1.2; en-us; SCH-I535 Build/JZO54K) AppleWebKit/534.30 (KHTML, like Gecko) Version/4.0 Mobile Safari/534.30"
