0byt3m1n1
Path:
/
data
/
0
/
0
/
74
/
101
/
74916
/
meta
/
76193
/
logs
/
[
Home
]
File: x-access_log.2013-08-19
166.147.72.161 - - [19/Aug/2013:00:47:12 -0400] "GET /scripts/template.css HTTP/1.1" 200 9762 "http://farragutputtputt.com/attractionsprices.html" "Mozilla/5.0 (iPhone; CPU iPhone OS 6_1_4 like Mac OS X) AppleWebKit/536.26 (KHTML, like Gecko) Version/6.0 Mobile/10B350 Safari/8536.25"
166.147.72.161 - - [19/Aug/2013:00:47:12 -0400] "GET /images/212_BatZone.jpg HTTP/1.1" 200 11220 "http://farragutputtputt.com/attractionsprices.html" "Mozilla/5.0 (iPhone; CPU iPhone OS 6_1_4 like Mac OS X) AppleWebKit/536.26 (KHTML, like Gecko) Version/6.0 Mobile/10B350 Safari/8536.25"
166.147.72.161 - - [19/Aug/2013:00:47:12 -0400] "GET /images/240_IttiBitz_Neapolitan_20Image.jpg HTTP/1.1" 200 11511 "http://farragutputtputt.com/attractionsprices.html" "Mozilla/5.0 (iPhone; CPU iPhone OS 6_1_4 like Mac OS X) AppleWebKit/536.26 (KHTML, like Gecko) Version/6.0 Mobile/10B350 Safari/8536.25"
166.147.72.161 - - [19/Aug/2013:00:47:12 -0400] "GET /images/ic_046_navcontainer_bg.png HTTP/1.1" 200 5832 "http://farragutputtputt.com/attractionsprices.html" "Mozilla/5.0 (iPhone; CPU iPhone OS 6_1_4 like Mac OS X) AppleWebKit/536.26 (KHTML, like Gecko) Version/6.0 Mobile/10B350 Safari/8536.25"
166.147.72.161 - - [19/Aug/2013:00:47:12 -0400] "GET /images/ic_046_header_bg_wide.png HTTP/1.1" 200 3558 "http://farragutputtputt.com/attractionsprices.html" "Mozilla/5.0 (iPhone; CPU iPhone OS 6_1_4 like Mac OS X) AppleWebKit/536.26 (KHTML, like Gecko) Version/6.0 Mobile/10B350 Safari/8536.25"
66.249.84.186 - - [19/Aug/2013:02:43:26 -0400] "GET / HTTP/1.1" 200 26620 "-" "Mozilla/5.0 (Windows NT 6.1; rv:6.0) Gecko/20110814 Firefox/6.0 Google (+https://developers.google.com/+/web/snippet/)"
66.249.84.186 - - [19/Aug/2013:02:43:26 -0400] "GET /favicon.ico HTTP/1.1" 404 575 "-" "Mozilla/5.0 (Windows NT 6.1; rv:6.0) Gecko/20110814 Firefox/6.0 Google (+https://developers.google.com/+/web/snippet/)"
46.4.100.231 - - [19/Aug/2013:12:28:49 -0400] "GET /birthdaypartyinfo.html HTTP/1.1" 200 48049 "-" "BacklinkCrawler (http://www.backlinktest.com/crawler.html)"
207.106.153.102 - - [19/Aug/2013:13:20:51 -0400] "GET /images/356_golfheader.jpg HTTP/1.1" 200 11752 "http://farragutputtputt.com/attractionsprices.html" "Mozilla/5.0 (Windows NT 6.1; WOW64; rv:9.0.1) Gecko/20100101 Firefox/9.0.1"
198.105.219.58 - - [19/Aug/2013:13:27:15 -0400] "HEAD / HTTP/1.1" 200 - "-" "checks.panopta.com"
198.105.219.58 - - [19/Aug/2013:13:57:18 -0400] "HEAD / HTTP/1.1" 200 - "-" "checks.panopta.com"
199.30.16.47 - - [19/Aug/2013:14:03:34 -0400] "GET /images/103_Balloons.gif HTTP/1.1" 200 7385 "-" "msnbot-media/1.1 (+http://search.msn.com/msnbot.htm)"
99.110.65.245 - - [19/Aug/2013:14:33:51 -0400] "GET /scripts/photoalbum.js HTTP/1.1" 200 62481 "http://www.farragutputtputt.com/" "Mozilla/5.0 (iPhone; CPU iPhone OS 6_1_3 like Mac OS X) AppleWebKit/536.26 (KHTML, like Gecko) Version/6.0 Mobile/10B329 Safari/8536.25"
99.110.65.245 - - [19/Aug/2013:14:33:51 -0400] "GET /images/190_PPFC_ltfb.jpg HTTP/1.1" 200 7684 "http://www.farragutputtputt.com/" "Mozilla/5.0 (iPhone; CPU iPhone OS 6_1_3 like Mac OS X) AppleWebKit/536.26 (KHTML, like Gecko) Version/6.0 Mobile/10B329 Safari/8536.25"
99.110.65.245 - - [19/Aug/2013:14:33:51 -0400] "GET /images/88_tennessee_fl_md_wht.gif HTTP/1.1" 200 7701 "http://www.farragutputtputt.com/" "Mozilla/5.0 (iPhone; CPU iPhone OS 6_1_3 like Mac OS X) AppleWebKit/536.26 (KHTML, like Gecko) Version/6.0 Mobile/10B329 Safari/8536.25"
99.110.65.245 - - [19/Aug/2013:14:33:51 -0400] "GET /images/media_snd.gif HTTP/1.1" 200 1379 "http://www.farragutputtputt.com/" "Mozilla/5.0 (iPhone; CPU iPhone OS 6_1_3 like Mac OS X) AppleWebKit/536.26 (KHTML, like Gecko) Version/6.0 Mobile/10B329 Safari/8536.25"
99.110.65.245 - - [19/Aug/2013:14:33:51 -0400] "GET /images/ic_046_nav_inner_bg.gif HTTP/1.1" 200 158 "http://www.farragutputtputt.com/" "Mozilla/5.0 (iPhone; CPU iPhone OS 6_1_3 like Mac OS X) AppleWebKit/536.26 (KHTML, like Gecko) Version/6.0 Mobile/10B329 Safari/8536.25"
174.252.145.112 - - [19/Aug/2013:18:55:59 -0400] "GET /images/ic_046_navcontainer_bg.png HTTP/1.1" 200 5832 "http://www.farragutputtputt.com/" "Mozilla/5.0 (iPhone; CPU iPhone OS 6_1_3 like Mac OS X) AppleWebKit/536.26 (KHTML, like Gecko) Version/6.0 Mobile/10B329 Safari/8536.25"
174.252.145.112 - - [19/Aug/2013:18:55:59 -0400] "GET /images/174_PPCG.jpg HTTP/1.1" 200 8468 "http://www.farragutputtputt.com/" "Mozilla/5.0 (iPhone; CPU iPhone OS 6_1_3 like Mac OS X) AppleWebKit/536.26 (KHTML, like Gecko) Version/6.0 Mobile/10B329 Safari/8536.25"
174.252.145.112 - - [19/Aug/2013:18:55:59 -0400] "GET /images/ic_046_content_bottom_bg_wide.png HTTP/1.1" 200 1373 "http://www.farragutputtputt.com/" "Mozilla/5.0 (iPhone; CPU iPhone OS 6_1_3 like Mac OS X) AppleWebKit/536.26 (KHTML, like Gecko) Version/6.0 Mobile/10B329 Safari/8536.25"
174.252.145.112 - - [19/Aug/2013:18:56:00 -0400] "GET /images/504_PP_jpeg_map_2013.JPG HTTP/1.1" 200 21190 "http://www.farragutputtputt.com/" "Mozilla/5.0 (iPhone; CPU iPhone OS 6_1_3 like Mac OS X) AppleWebKit/536.26 (KHTML, like Gecko) Version/6.0 Mobile/10B329 Safari/8536.25"
99.123.176.195 - - [19/Aug/2013:18:56:57 -0400] "GET /scripts/template.css HTTP/1.1" 304 - "http://farragutputtputt.com/" "Mozilla/5.0 (Linux; U; Android 4.1.1; en-us; GT-P5113 Build/JRO03C) AppleWebKit/534.30 (KHTML, like Gecko) Version/4.0 Safari/534.30"
70.210.1.213 - - [19/Aug/2013:20:07:43 -0400] "GET /scripts/template.css HTTP/1.1" 304 - "http://farragutputtputt.com/" "Mozilla/5.0 (iPhone; CPU iPhone OS 6_1_4 like Mac OS X) AppleWebKit/536.26 (KHTML, like Gecko) Version/6.0 Mobile/10B350 Safari/8536.25"
198.105.219.58 - - [19/Aug/2013:22:50:36 -0400] "HEAD / HTTP/1.1" 200 - "-" "checks.panopta.com"
76.114.80.190 - - [19/Aug/2013:23:12:50 -0400] "GET /images/88_tennessee_fl_md_wht.gif HTTP/1.1" 200 7701 "http://farragutputtputt.com/" "Mozilla/5.0 (Macintosh; Intel Mac OS X 10_6_8) AppleWebKit/534.59.8 (KHTML, like Gecko) Version/5.1.9 Safari/534.59.8"
70.208.72.124 - - [19/Aug/2013:23:34:53 -0400] "GET /images/200_batter.jpg HTTP/1.1" 200 8643 "http://find.mapmuse.com/map/batting-cages/near/10467" "Mozilla/5.0 (Linux; U; Android 4.1.2; en-us; SCH-I535 Build/JZO54K) AppleWebKit/534.30 (KHTML, like Gecko) Version/4.0 Mobile Safari/534.30"
172.12.192.38 - - [19/Aug/2013:23:39:40 -0400] "GET /scripts/user.js HTTP/1.1" 200 23762 "http://farragutputtputt.com/" "Mozilla/5.0 (Windows NT 6.1; WOW64) AppleWebKit/537.36 (KHTML, like Gecko) Chrome/28.0.1500.95 Safari/537.36"
172.12.192.38 - - [19/Aug/2013:23:39:40 -0400] "GET /images/174_PPCG.jpg HTTP/1.1" 200 8468 "http://farragutputtputt.com/" "Mozilla/5.0 (Windows NT 6.1; WOW64) AppleWebKit/537.36 (KHTML, like Gecko) Chrome/28.0.1500.95 Safari/537.36"
172.12.192.38 - - [19/Aug/2013:23:39:40 -0400] "GET /images/ic_046_nav_inner_bg.gif HTTP/1.1" 200 158 "http://farragutputtputt.com/" "Mozilla/5.0 (Windows NT 6.1; WOW64) AppleWebKit/537.36 (KHTML, like Gecko) Chrome/28.0.1500.95 Safari/537.36"
198.105.219.58 - - [19/Aug/2013:08:54:42 -0400] "HEAD / HTTP/1.1" 200 - "-" "checks.panopta.com"
166.147.120.38 - - [19/Aug/2013:08:59:55 -0400] "GET /attractionsprices.html HTTP/1.1" 200 38559 "http://www.farragutputtputt.com/" "Mozilla/5.0 (iPhone; CPU iPhone OS 6_1_4 like Mac OS X) AppleWebKit/536.26 (KHTML, like Gecko) Version/6.0 Mobile/10B350 Safari/8536.25"
166.147.120.38 - - [19/Aug/2013:08:59:55 -0400] "GET /scripts/2custom.css HTTP/1.1" 200 5279 "http://www.farragutputtputt.com/attractionsprices.html" "Mozilla/5.0 (iPhone; CPU iPhone OS 6_1_4 like Mac OS X) AppleWebKit/536.26 (KHTML, like Gecko) Version/6.0 Mobile/10B350 Safari/8536.25"
166.147.120.38 - - [19/Aug/2013:08:59:55 -0400] "GET /images/212_PartyZone.jpg HTTP/1.1" 200 13500 "http://www.farragutputtputt.com/attractionsprices.html" "Mozilla/5.0 (iPhone; CPU iPhone OS 6_1_4 like Mac OS X) AppleWebKit/536.26 (KHTML, like Gecko) Version/6.0 Mobile/10B350 Safari/8536.25"
166.147.120.38 - - [19/Aug/2013:08:59:55 -0400] "GET /images/253_BusterClub3.jpg HTTP/1.1" 200 10383 "http://www.farragutputtputt.com/attractionsprices.html" "Mozilla/5.0 (iPhone; CPU iPhone OS 6_1_4 like Mac OS X) AppleWebKit/536.26 (KHTML, like Gecko) Version/6.0 Mobile/10B350 Safari/8536.25"
166.147.120.38 - - [19/Aug/2013:08:59:55 -0400] "GET /images/220_SnackShack.jpg HTTP/1.1" 200 14543 "http://www.farragutputtputt.com/attractionsprices.html" "Mozilla/5.0 (iPhone; CPU iPhone OS 6_1_4 like Mac OS X) AppleWebKit/536.26 (KHTML, like Gecko) Version/6.0 Mobile/10B350 Safari/8536.25"
166.147.120.38 - - [19/Aug/2013:08:59:55 -0400] "GET /images/240_IttiBitz_Neapolitan_20Image.jpg HTTP/1.1" 200 11511 "http://www.farragutputtputt.com/attractionsprices.html" "Mozilla/5.0 (iPhone; CPU iPhone OS 6_1_4 like Mac OS X) AppleWebKit/536.26 (KHTML, like Gecko) Version/6.0 Mobile/10B350 Safari/8536.25"
166.147.120.38 - - [19/Aug/2013:08:59:55 -0400] "GET /images/150_bunn_frozen_drinks.jpg HTTP/1.1" 200 3756 "http://www.farragutputtputt.com/attractionsprices.html" "Mozilla/5.0 (iPhone; CPU iPhone OS 6_1_4 like Mac OS X) AppleWebKit/536.26 (KHTML, like Gecko) Version/6.0 Mobile/10B350 Safari/8536.25"
166.147.120.38 - - [19/Aug/2013:08:59:55 -0400] "GET /images/212_BatZone.jpg HTTP/1.1" 200 11220 "http://www.farragutputtputt.com/attractionsprices.html" "Mozilla/5.0 (iPhone; CPU iPhone OS 6_1_4 like Mac OS X) AppleWebKit/536.26 (KHTML, like Gecko) Version/6.0 Mobile/10B350 Safari/8536.25"
166.147.120.38 - - [19/Aug/2013:08:59:55 -0400] "GET /images/130_spot_join.jpg HTTP/1.1" 200 7882 "http://www.farragutputtputt.com/attractionsprices.html" "Mozilla/5.0 (iPhone; CPU iPhone OS 6_1_4 like Mac OS X) AppleWebKit/536.26 (KHTML, like Gecko) Version/6.0 Mobile/10B350 Safari/8536.25"
166.147.120.38 - - [19/Aug/2013:08:59:55 -0400] "GET /images/144_Big_Bass_Wheel_parts.jpg HTTP/1.1" 200 10460 "http://www.farragutputtputt.com/attractionsprices.html" "Mozilla/5.0 (iPhone; CPU iPhone OS 6_1_4 like Mac OS X) AppleWebKit/536.26 (KHTML, like Gecko) Version/6.0 Mobile/10B350 Safari/8536.25"
166.147.120.38 - - [19/Aug/2013:08:59:55 -0400] "GET /images/253_BusterBatZone.jpg HTTP/1.1" 200 15829 "http://www.farragutputtputt.com/attractionsprices.html" "Mozilla/5.0 (iPhone; CPU iPhone OS 6_1_4 like Mac OS X) AppleWebKit/536.26 (KHTML, like Gecko) Version/6.0 Mobile/10B350 Safari/8536.25"
166.147.120.38 - - [19/Aug/2013:08:59:55 -0400] "GET /images/150_730111.gif HTTP/1.1" 200 10756 "http://www.farragutputtputt.com/attractionsprices.html" "Mozilla/5.0 (iPhone; CPU iPhone OS 6_1_4 like Mac OS X) AppleWebKit/536.26 (KHTML, like Gecko) Version/6.0 Mobile/10B350 Safari/8536.25"
166.147.120.38 - - [19/Aug/2013:08:59:55 -0400] "GET /images/150_487054.gif HTTP/1.1" 200 10214 "http://www.farragutputtputt.com/attractionsprices.html" "Mozilla/5.0 (iPhone; CPU iPhone OS 6_1_4 like Mac OS X) AppleWebKit/536.26 (KHTML, like Gecko) Version/6.0 Mobile/10B350 Safari/8536.25"
12.133.10.202 - - [19/Aug/2013:09:09:48 -0400] "GET /images/103_Balloons.gif HTTP/1.1" 200 7385 "http://farragutputtputt.com/birthdaypartyinfo.html" "Mozilla/5.0 (compatible; MSIE 10.0; Windows NT 6.1; Trident/6.0)"
66.249.75.44 - - [19/Aug/2013:09:09:58 -0400] "GET /scripts/icwebsiteelement.css HTTP/1.1" 200 8132 "-" "Mozilla/5.0 (compatible; Googlebot/2.1; +http://www.google.com/bot.html)"
198.105.219.58 - - [19/Aug/2013:10:40:54 -0400] "HEAD / HTTP/1.1" 200 - "-" "checks.panopta.com"
70.210.2.226 - - [19/Aug/2013:11:15:34 -0400] "GET /images/240_IttiBitz_Neapolitan_20Image.jpg HTTP/1.1" 200 11511 "http://www.farragutputtputt.com/attractionsprices.html" "Mozilla/5.0 (Linux; U; Android 4.1.2; en-us; SCH-I535 Build/JZO54K) AppleWebKit/534.30 (KHTML, like Gecko) Version/4.0 Mobile Safari/534.30"
69.171.187.15 - - [19/Aug/2013:15:28:43 -0400] "GET /scripts/icwebsiteelement.css HTTP/1.1" 200 8132 "http://www.farragutputtputt.com/" "Mozilla/5.0 (Linux; U; Android 4.0.4; en-us; HTC_H1000C Build/IMM76D) AppleWebKit/534.30 (KHTML, like Gecko) Version/4.0 Mobile Safari/534.30"
69.171.187.15 - - [19/Aug/2013:15:28:44 -0400] "GET /images/2004buster1.JPG HTTP/1.1" 200 5573 "http://www.farragutputtputt.com/" "Mozilla/5.0 (Linux; U; Android 4.0.4; en-us; HTC_H1000C Build/IMM76D) AppleWebKit/534.30 (KHTML, like Gecko) Version/4.0 Mobile Safari/534.30"
69.171.187.15 - - [19/Aug/2013:15:28:44 -0400] "GET /images/ic_046_nav_inner_bg.gif HTTP/1.1" 200 158 "http://www.farragutputtputt.com/" "Mozilla/5.0 (Linux; U; Android 4.0.4; en-us; HTC_H1000C Build/IMM76D) AppleWebKit/534.30 (KHTML, like Gecko) Version/4.0 Mobile Safari/534.30"
69.171.187.15 - - [19/Aug/2013:15:28:44 -0400] "GET /images/ic_046_content_top_bg_wide.png HTTP/1.1" 200 780 "http://www.farragutputtputt.com/" "Mozilla/5.0 (Linux; U; Android 4.0.4; en-us; HTC_H1000C Build/IMM76D) AppleWebKit/534.30 (KHTML, like Gecko) Version/4.0 Mobile Safari/534.30"
69.171.187.15 - - [19/Aug/2013:15:28:44 -0400] "GET /images/84_USA-05.gif HTTP/1.1" 200 9755 "http://www.farragutputtputt.com/" "Mozilla/5.0 (Linux; U; Android 4.0.4; en-us; HTC_H1000C Build/IMM76D) AppleWebKit/534.30 (KHTML, like Gecko) Version/4.0 Mobile Safari/534.30"
69.171.187.15 - - [19/Aug/2013:15:28:44 -0400] "GET /images/174_buster-with-mail-box.JPG HTTP/1.1" 200 7132 "http://www.farragutputtputt.com/" "Mozilla/5.0 (Linux; U; Android 4.0.4; en-us; HTC_H1000C Build/IMM76D) AppleWebKit/534.30 (KHTML, like Gecko) Version/4.0 Mobile Safari/534.30"
71.228.165.127 - - [19/Aug/2013:17:55:52 -0400] "GET /scripts/ic_globals_published.js HTTP/1.1" 200 566 "http://www.farragutputtputt.com/" "Mozilla/5.0 (iPad; CPU OS 6_1_3 like Mac OS X) AppleWebKit/536.26 (KHTML, like Gecko) Version/6.0 Mobile/10B329 Safari/8536.25"
71.228.165.127 - - [19/Aug/2013:17:55:52 -0400] "GET /scripts/1custom.css HTTP/1.1" 200 5022 "http://www.farragutputtputt.com/" "Mozilla/5.0 (iPad; CPU OS 6_1_3 like Mac OS X) AppleWebKit/536.26 (KHTML, like Gecko) Version/6.0 Mobile/10B329 Safari/8536.25"
71.228.165.127 - - [19/Aug/2013:17:55:52 -0400] "GET /scripts/icwebsiteelement.css HTTP/1.1" 200 8132 "http://www.farragutputtputt.com/" "Mozilla/5.0 (iPad; CPU OS 6_1_3 like Mac OS X) AppleWebKit/536.26 (KHTML, like Gecko) Version/6.0 Mobile/10B329 Safari/8536.25"
64.9.106.202 - - [19/Aug/2013:18:34:30 -0400] "GET /scripts/website.css HTTP/1.1" 200 1642 "http://www.farragutputtputt.com/" "Mozilla/4.0 (compatible; MSIE 7.0; Windows NT 6.1; Trident/4.0; SLCC2; .NET CLR 2.0.50727; .NET CLR 3.5.30729; .NET CLR 3.0.30729; Media Center PC 6.0; .NET4.0C; .NET CLR 1.1.4322; .NET4.0E)"
66.87.117.173 - - [19/Aug/2013:19:07:21 -0400] "GET /images/200_batter.jpg HTTP/1.1" 200 8643 "http://find.mapmuse.com/map/batting-cages/near/Brentwood,+NY" "Mozilla/5.0 (Linux; U; Android 4.1.2; en-us; SPH-L710 Build/JZO54K) AppleWebKit/534.30 (KHTML, like Gecko) Version/4.0 Mobile Safari/534.30"
192.249.1.147 - - [19/Aug/2013:19:27:35 -0400] "GET /images/ic_046_accent_bg.png HTTP/1.1" 304 - "http://www.farragutputtputt.com/attractionsprices.html" "Mozilla/4.0 (compatible; MSIE 8.0; Windows NT 5.1; Trident/4.0; GTB7.5; .NET CLR 1.1.4322; .NET CLR 2.0.50727; .NET CLR 3.0.4506.2152; .NET CLR 3.5.30729; Zune 4.7; AskTbAD4/5.13.2.19379; .NET4.0C)"
192.249.1.147 - - [19/Aug/2013:19:27:35 -0400] "GET /images/150_bunn_frozen_drinks.jpg HTTP/1.1" 200 3756 "http://www.farragutputtputt.com/attractionsprices.html" "Mozilla/4.0 (compatible; MSIE 8.0; Windows NT 5.1; Trident/4.0; GTB7.5; .NET CLR 1.1.4322; .NET CLR 2.0.50727; .NET CLR 3.0.4506.2152; .NET CLR 3.5.30729; Zune 4.7; AskTbAD4/5.13.2.19379; .NET4.0C)"
192.249.1.147 - - [19/Aug/2013:19:27:36 -0400] "GET /images/240_IttiBitz_Neapolitan_20Image.jpg HTTP/1.1" 200 11511 "http://www.farragutputtputt.com/attractionsprices.html" "Mozilla/4.0 (compatible; MSIE 8.0; Windows NT 5.1; Trident/4.0; GTB7.5; .NET CLR 1.1.4322; .NET CLR 2.0.50727; .NET CLR 3.0.4506.2152; .NET CLR 3.5.30729; Zune 4.7; AskTbAD4/5.13.2.19379; .NET4.0C)"
66.87.89.125 - - [19/Aug/2013:19:34:25 -0400] "GET /images/480_IMG_0047.jpg HTTP/1.1" 200 30321 "http://www.farragutputtputt.com/letthefunbegin.html" "Mozilla/5.0 (Linux; U; Android 2.3.6; en-us; SPH-M820-BST Build/GINGERBREAD) AppleWebKit/533.1 (KHTML, like Gecko) Version/4.0 Mobile Safari/533.1"
66.87.89.125 - - [19/Aug/2013:19:34:26 -0400] "GET /images/164_march_2009_putt-putt_004.jpg HTTP/1.1" 200 8268 "http://www.farragutputtputt.com/letthefunbegin.html" "Mozilla/5.0 (Linux; U; Android 2.3.6; en-us; SPH-M820-BST Build/GINGERBREAD) AppleWebKit/533.1 (KHTML, like Gecko) Version/4.0 Mobile Safari/533.1"
66.87.89.125 - - [19/Aug/2013:19:34:26 -0400] "GET /images/480_march_2009_putt-putt_004.jpg HTTP/1.1" 200 50903 "http://www.farragutputtputt.com/letthefunbegin.html" "Mozilla/5.0 (Linux; U; Android 2.3.6; en-us; SPH-M820-BST Build/GINGERBREAD) AppleWebKit/533.1 (KHTML, like Gecko) Version/4.0 Mobile Safari/533.1"
66.87.89.125 - - [19/Aug/2013:19:34:26 -0400] "GET /images/480_march_2009_putt-putt_003.jpg HTTP/1.1" 200 39222 "http://www.farragutputtputt.com/letthefunbegin.html" "Mozilla/5.0 (Linux; U; Android 2.3.6; en-us; SPH-M820-BST Build/GINGERBREAD) AppleWebKit/533.1 (KHTML, like Gecko) Version/4.0 Mobile Safari/533.1"
70.210.2.226 - - [19/Aug/2013:11:15:33 -0400] "GET /images/253_BusterClub3.jpg HTTP/1.1" 200 10383 "http://www.farragutputtputt.com/attractionsprices.html" "Mozilla/5.0 (Linux; U; Android 4.1.2; en-us; SCH-I535 Build/JZO54K) AppleWebKit/534.30 (KHTML, like Gecko) Version/4.0 Mobile Safari/534.30"
99.123.176.195 - - [19/Aug/2013:11:59:22 -0400] "GET /scripts/photoalbum.js HTTP/1.1" 304 - "http://farragutputtputt.com/" "Mozilla/5.0 (Linux; U; Android 4.1.1; en-us; GT-P5113 Build/JRO03C) AppleWebKit/534.30 (KHTML, like Gecko) Version/4.0 Safari/534.30"
99.123.176.195 - - [19/Aug/2013:11:59:22 -0400] "GET /images/2004buster1.JPG HTTP/1.1" 304 - "http://farragutputtputt.com/" "Mozilla/5.0 (Linux; U; Android 4.1.1; en-us; GT-P5113 Build/JRO03C) AppleWebKit/534.30 (KHTML, like Gecko) Version/4.0 Safari/534.30"
99.123.176.195 - - [19/Aug/2013:11:59:22 -0400] "GET /images/ic_046_nav_inner_bg.gif HTTP/1.1" 304 - "http://farragutputtputt.com/" "Mozilla/5.0 (Linux; U; Android 4.1.1; en-us; GT-P5113 Build/JRO03C) AppleWebKit/534.30 (KHTML, like Gecko) Version/4.0 Safari/534.30"
166.147.72.161 - - [19/Aug/2013:00:47:12 -0400] "GET /scripts/photoalbum.js HTTP/1.1" 200 62481 "http://farragutputtputt.com/attractionsprices.html" "Mozilla/5.0 (iPhone; CPU iPhone OS 6_1_4 like Mac OS X) AppleWebKit/536.26 (KHTML, like Gecko) Version/6.0 Mobile/10B350 Safari/8536.25"
166.147.72.161 - - [19/Aug/2013:00:47:12 -0400] "GET /images/220_PPCG.jpg HTTP/1.1" 200 11316 "http://farragutputtputt.com/attractionsprices.html" "Mozilla/5.0 (iPhone; CPU iPhone OS 6_1_4 like Mac OS X) AppleWebKit/536.26 (KHTML, like Gecko) Version/6.0 Mobile/10B350 Safari/8536.25"
166.147.72.161 - - [19/Aug/2013:00:47:12 -0400] "GET /images/150_487054.gif HTTP/1.1" 200 10214 "http://farragutputtputt.com/attractionsprices.html" "Mozilla/5.0 (iPhone; CPU iPhone OS 6_1_4 like Mac OS X) AppleWebKit/536.26 (KHTML, like Gecko) Version/6.0 Mobile/10B350 Safari/8536.25"
166.147.72.161 - - [19/Aug/2013:00:47:12 -0400] "GET /images/150_730111.gif HTTP/1.1" 200 10756 "http://farragutputtputt.com/attractionsprices.html" "Mozilla/5.0 (iPhone; CPU iPhone OS 6_1_4 like Mac OS X) AppleWebKit/536.26 (KHTML, like Gecko) Version/6.0 Mobile/10B350 Safari/8536.25"
166.147.72.161 - - [19/Aug/2013:00:47:12 -0400] "GET /images/150_662429.gif HTTP/1.1" 200 11480 "http://farragutputtputt.com/attractionsprices.html" "Mozilla/5.0 (iPhone; CPU iPhone OS 6_1_4 like Mac OS X) AppleWebKit/536.26 (KHTML, like Gecko) Version/6.0 Mobile/10B350 Safari/8536.25"
166.147.72.161 - - [19/Aug/2013:00:47:12 -0400] "GET /images/ic_046_content_top_bg_wide.png HTTP/1.1" 200 780 "http://farragutputtputt.com/attractionsprices.html" "Mozilla/5.0 (iPhone; CPU iPhone OS 6_1_4 like Mac OS X) AppleWebKit/536.26 (KHTML, like Gecko) Version/6.0 Mobile/10B350 Safari/8536.25"
166.147.72.161 - - [19/Aug/2013:00:47:12 -0400] "GET /images/ic_046_content_bottom_bg_wide.png HTTP/1.1" 200 1373 "http://farragutputtputt.com/attractionsprices.html" "Mozilla/5.0 (iPhone; CPU iPhone OS 6_1_4 like Mac OS X) AppleWebKit/536.26 (KHTML, like Gecko) Version/6.0 Mobile/10B350 Safari/8536.25"
99.110.65.245 - - [19/Aug/2013:14:33:51 -0400] "GET /scripts/ic_globals_published.js HTTP/1.1" 200 566 "http://www.farragutputtputt.com/" "Mozilla/5.0 (iPhone; CPU iPhone OS 6_1_3 like Mac OS X) AppleWebKit/536.26 (KHTML, like Gecko) Version/6.0 Mobile/10B329 Safari/8536.25"
99.110.65.245 - - [19/Aug/2013:14:33:51 -0400] "GET /images/385_im_party.gif HTTP/1.1" 200 20294 "http://www.farragutputtputt.com/" "Mozilla/5.0 (iPhone; CPU iPhone OS 6_1_3 like Mac OS X) AppleWebKit/536.26 (KHTML, like Gecko) Version/6.0 Mobile/10B329 Safari/8536.25"
99.110.65.245 - - [19/Aug/2013:14:33:51 -0400] "GET /images/ic_046_accent_bg.png HTTP/1.1" 200 9871 "http://www.farragutputtputt.com/" "Mozilla/5.0 (iPhone; CPU iPhone OS 6_1_3 like Mac OS X) AppleWebKit/536.26 (KHTML, like Gecko) Version/6.0 Mobile/10B329 Safari/8536.25"
71.103.3.154 - - [19/Aug/2013:15:54:56 -0400] "GET /images/200_batter.jpg HTTP/1.1" 200 8643 "http://find.mapmuse.com/map/batting-cages/near/Santa+Fe%20Springs,%20CA0660" "Mozilla/5.0 (compatible; MSIE 10.0; Windows NT 6.2; WOW64; Trident/6.0; MAGWJS)"
99.110.76.159 - - [19/Aug/2013:16:07:42 -0400] "GET /scripts/photoalbum.js HTTP/1.1" 200 62481 "http://farragutputtputt.com/" "Mozilla/5.0 (Windows NT 6.2; WOW64) AppleWebKit/537.36 (KHTML, like Gecko) Chrome/28.0.1500.95 Safari/537.36"
99.110.76.159 - - [19/Aug/2013:16:07:43 -0400] "GET /scripts/print.css HTTP/1.1" 200 - "http://farragutputtputt.com/" "Mozilla/5.0 (Windows NT 6.2; WOW64) AppleWebKit/537.36 (KHTML, like Gecko) Chrome/28.0.1500.95 Safari/537.36"
99.110.76.159 - - [19/Aug/2013:16:07:43 -0400] "GET /images/ic_046_content_top_bg_wide.png HTTP/1.1" 200 780 "http://farragutputtputt.com/" "Mozilla/5.0 (Windows NT 6.2; WOW64) AppleWebKit/537.36 (KHTML, like Gecko) Chrome/28.0.1500.95 Safari/537.36"
198.105.219.58 - - [19/Aug/2013:16:58:51 -0400] "HEAD / HTTP/1.1" 200 - "-" "checks.panopta.com"
96.38.120.125 - - [19/Aug/2013:17:10:06 -0400] "GET /images/212_BatZone.jpg HTTP/1.1" 200 11220 "http://www.farragutputtputt.com/attractionsprices.html" "Mozilla/5.0 (Windows NT 6.1; WOW64) AppleWebKit/537.36 (KHTML, like Gecko) Chrome/28.0.1500.95 Safari/537.36"
96.38.120.125 - - [19/Aug/2013:17:10:06 -0400] "GET /images/150_662429.gif HTTP/1.1" 200 11480 "http://www.farragutputtputt.com/attractionsprices.html" "Mozilla/5.0 (Windows NT 6.1; WOW64) AppleWebKit/537.36 (KHTML, like Gecko) Chrome/28.0.1500.95 Safari/537.36"
70.193.7.204 - - [19/Aug/2013:17:19:26 -0400] "GET /images/200_batter.jpg HTTP/1.1" 200 8643 "http://find.mapmuse.com/map/batting-cages" "Mozilla/5.0 (Linux; U; Android 4.1.2; en-us; SCH-I605 Build/JZO54K) AppleWebKit/534.30 (KHTML, like Gecko) Version/4.0 Mobile Safari/534.30"
99.127.196.128 - - [19/Aug/2013:17:25:36 -0400] "GET /scripts/website.css HTTP/1.1" 200 1642 "http://farragutputtputt.com/birthdaypartyinfo.html" "Mozilla/5.0 (Windows NT 6.1; WOW64) AppleWebKit/537.36 (KHTML, like Gecko) Chrome/28.0.1500.95 Safari/537.36"
99.127.196.128 - - [19/Aug/2013:17:25:36 -0400] "GET /scripts/user.js HTTP/1.1" 200 23762 "http://farragutputtputt.com/birthdaypartyinfo.html" "Mozilla/5.0 (Windows NT 6.1; WOW64) AppleWebKit/537.36 (KHTML, like Gecko) Chrome/28.0.1500.95 Safari/537.36"
198.105.219.58 - - [19/Aug/2013:07:24:05 -0400] "HEAD / HTTP/1.1" 200 - "-" "checks.panopta.com"
99.127.196.128 - - [19/Aug/2013:12:22:41 -0400] "GET /scripts/photoalbum.js HTTP/1.1" 200 62481 "http://www.farragutputtputt.com/" "Mozilla/5.0 (iPad; CPU OS 6_1 like Mac OS X) AppleWebKit/536.26 (KHTML, like Gecko) Version/6.0 Mobile/10B141 Safari/8536.25"
99.127.196.128 - - [19/Aug/2013:12:22:42 -0400] "GET /images/190_PPFC_ltfb.jpg HTTP/1.1" 200 7684 "http://www.farragutputtputt.com/" "Mozilla/5.0 (iPad; CPU OS 6_1 like Mac OS X) AppleWebKit/536.26 (KHTML, like Gecko) Version/6.0 Mobile/10B141 Safari/8536.25"
99.127.196.128 - - [19/Aug/2013:12:22:42 -0400] "GET /images/2004buster1.JPG HTTP/1.1" 200 5573 "http://www.farragutputtputt.com/" "Mozilla/5.0 (iPad; CPU OS 6_1 like Mac OS X) AppleWebKit/536.26 (KHTML, like Gecko) Version/6.0 Mobile/10B141 Safari/8536.25"
99.127.196.128 - - [19/Aug/2013:12:22:42 -0400] "GET /images/ic_046_header_bg_wide.png HTTP/1.1" 200 3558 "http://www.farragutputtputt.com/" "Mozilla/5.0 (iPad; CPU OS 6_1 like Mac OS X) AppleWebKit/536.26 (KHTML, like Gecko) Version/6.0 Mobile/10B141 Safari/8536.25"
46.4.100.231 - - [19/Aug/2013:12:28:36 -0400] "GET /robots.txt HTTP/1.1" 200 25 "-" "BacklinkCrawler (http://www.backlinktest.com/crawler.html)"
207.106.153.102 - - [19/Aug/2013:13:20:47 -0400] "GET /scripts/user.js HTTP/1.1" 200 23762 "http://farragutputtputt.com/" "Mozilla/5.0 (Windows NT 6.1; WOW64; rv:9.0.1) Gecko/20100101 Firefox/9.0.1"
207.106.153.102 - - [19/Aug/2013:13:20:48 -0400] "GET /images/174_buster-with-mail-box.JPG HTTP/1.1" 200 7132 "http://farragutputtputt.com/" "Mozilla/5.0 (Windows NT 6.1; WOW64; rv:9.0.1) Gecko/20100101 Firefox/9.0.1"
207.106.153.102 - - [19/Aug/2013:13:20:48 -0400] "GET /images/385_im_party.gif HTTP/1.1" 200 20294 "http://farragutputtputt.com/" "Mozilla/5.0 (Windows NT 6.1; WOW64; rv:9.0.1) Gecko/20100101 Firefox/9.0.1"
207.106.153.102 - - [19/Aug/2013:13:20:48 -0400] "GET /images/ic_046_header_bg_wide.png HTTP/1.1" 200 3558 "http://farragutputtputt.com/scripts/template.css" "Mozilla/5.0 (Windows NT 6.1; WOW64; rv:9.0.1) Gecko/20100101 Firefox/9.0.1"
207.106.153.102 - - [19/Aug/2013:13:20:51 -0400] "GET /images/212_PartyZone.jpg HTTP/1.1" 200 13500 "http://farragutputtputt.com/attractionsprices.html" "Mozilla/5.0 (Windows NT 6.1; WOW64; rv:9.0.1) Gecko/20100101 Firefox/9.0.1"
66.249.75.44 - - [19/Aug/2013:13:57:32 -0400] "GET /scripts/2custom.css HTTP/1.1" 200 5279 "-" "Mozilla/5.0 (compatible; Googlebot/2.1; +http://www.google.com/bot.html)"
99.110.65.245 - - [19/Aug/2013:14:34:51 -0400] "GET /scripts/3custom.css HTTP/1.1" 200 4671 "http://www.farragutputtputt.com/specialsgroups.html" "Mozilla/5.0 (iPhone; CPU iPhone OS 6_1_3 like Mac OS X) AppleWebKit/536.26 (KHTML, like Gecko) Version/6.0 Mobile/10B329 Safari/8536.25"
99.110.65.245 - - [19/Aug/2013:14:34:51 -0400] "GET /images/281_PPFC_ltfb.jpg HTTP/1.1" 200 13128 "http://www.farragutputtputt.com/specialsgroups.html" "Mozilla/5.0 (iPhone; CPU iPhone OS 6_1_3 like Mac OS X) AppleWebKit/536.26 (KHTML, like Gecko) Version/6.0 Mobile/10B329 Safari/8536.25"
66.249.75.135 - - [19/Aug/2013:01:12:14 -0400] "GET /images/Buster_Buck_Coupon.pdf HTTP/1.1" 304 - "-" "Mozilla/5.0 (compatible; Googlebot/2.1; +http://www.google.com/bot.html)"
197.246.20.190 - - [19/Aug/2013:17:39:58 -0400] "GET / HTTP/1.1" 200 26620 "http://knoxvilleputtputt.com/" "Mozilla/5.0 (Windows; U; Windows NT 6.1; en-US; rv:1.9.2.9) Gecko/20100824 Firefox/3.6.9"
197.246.20.190 - - [19/Aug/2013:17:39:59 -0400] "GET /scripts/ic_globals_published.js HTTP/1.1" 200 566 "http://www.farragutputtputt.com/" "Mozilla/5.0 (Windows; U; Windows NT 6.1; en-US; rv:1.9.2.9) Gecko/20100824 Firefox/3.6.9"
197.246.20.190 - - [19/Aug/2013:17:39:59 -0400] "GET /scripts/1custom.css HTTP/1.1" 200 5022 "http://www.farragutputtputt.com/" "Mozilla/5.0 (Windows; U; Windows NT 6.1; en-US; rv:1.9.2.9) Gecko/20100824 Firefox/3.6.9"
197.246.20.190 - - [19/Aug/2013:17:40:00 -0400] "GET /images/190_PPFC_ltfb.jpg HTTP/1.1" 200 7684 "http://www.farragutputtputt.com/" "Mozilla/5.0 (Windows; U; Windows NT 6.1; en-US; rv:1.9.2.9) Gecko/20100824 Firefox/3.6.9"
197.246.20.190 - - [19/Aug/2013:17:40:00 -0400] "GET /images/504_PP_jpeg_map_2013.JPG HTTP/1.1" 200 21190 "http://www.farragutputtputt.com/" "Mozilla/5.0 (Windows; U; Windows NT 6.1; en-US; rv:1.9.2.9) Gecko/20100824 Firefox/3.6.9"
197.246.20.190 - - [19/Aug/2013:17:40:02 -0400] "GET /images/media_snd.gif HTTP/1.1" 200 1379 "http://www.farragutputtputt.com/" "Mozilla/5.0 (Windows; U; Windows NT 6.1; en-US; rv:1.9.2.9) Gecko/20100824 Firefox/3.6.9"
197.246.20.190 - - [19/Aug/2013:17:40:03 -0400] "GET /images/ic_046_nav_inner_bg.gif HTTP/1.1" 200 158 "http://www.farragutputtputt.com/scripts/template.css" "Mozilla/5.0 (Windows; U; Windows NT 6.1; en-US; rv:1.9.2.9) Gecko/20100824 Firefox/3.6.9"
174.237.33.195 - - [19/Aug/2013:17:55:33 -0400] "GET /scripts/website.css HTTP/1.1" 200 1642 "http://farragutputtputt.com/birthdaypartyinfo.html" "Mozilla/5.0 (iPhone; CPU iPhone OS 5_0_1 like Mac OS X) AppleWebKit/534.46 (KHTML, like Gecko) Version/5.1 Mobile/9A406 Safari/7534.48.3"
174.237.33.195 - - [19/Aug/2013:17:55:35 -0400] "GET /images/161_iaaflogo.JPG HTTP/1.1" 200 6318 "http://farragutputtputt.com/birthdaypartyinfo.html" "Mozilla/5.0 (iPhone; CPU iPhone OS 5_0_1 like Mac OS X) AppleWebKit/534.46 (KHTML, like Gecko) Version/5.1 Mobile/9A406 Safari/7534.48.3"
174.237.33.195 - - [19/Aug/2013:17:55:35 -0400] "GET /images/ic_046_header_bg_wide.png HTTP/1.1" 200 3558 "http://farragutputtputt.com/birthdaypartyinfo.html" "Mozilla/5.0 (iPhone; CPU iPhone OS 5_0_1 like Mac OS X) AppleWebKit/534.46 (KHTML, like Gecko) Version/5.1 Mobile/9A406 Safari/7534.48.3"
64.9.106.202 - - [19/Aug/2013:18:34:30 -0400] "GET /scripts/icwebsiteelement.css HTTP/1.1" 200 8132 "http://www.farragutputtputt.com/" "Mozilla/4.0 (compatible; MSIE 7.0; Windows NT 6.1; Trident/4.0; SLCC2; .NET CLR 2.0.50727; .NET CLR 3.5.30729; .NET CLR 3.0.30729; Media Center PC 6.0; .NET4.0C; .NET CLR 1.1.4322; .NET4.0E)"
174.252.145.112 - - [19/Aug/2013:18:55:59 -0400] "GET /images/ic_046_accent_bg.png HTTP/1.1" 200 9871 "http://www.farragutputtputt.com/" "Mozilla/5.0 (iPhone; CPU iPhone OS 6_1_3 like Mac OS X) AppleWebKit/536.26 (KHTML, like Gecko) Version/6.0 Mobile/10B329 Safari/8536.25"
174.252.145.112 - - [19/Aug/2013:18:56:00 -0400] "GET /images/ic_046_content_top_bg_wide.png HTTP/1.1" 200 780 "http://www.farragutputtputt.com/" "Mozilla/5.0 (iPhone; CPU iPhone OS 6_1_3 like Mac OS X) AppleWebKit/536.26 (KHTML, like Gecko) Version/6.0 Mobile/10B329 Safari/8536.25"
99.123.176.195 - - [19/Aug/2013:18:57:07 -0400] "GET /images/ic_046_content_top_bg_wide.png HTTP/1.1" 304 - "http://farragutputtputt.com/" "Mozilla/5.0 (Linux; U; Android 4.1.1; en-us; GT-P5113 Build/JRO03C) AppleWebKit/534.30 (KHTML, like Gecko) Version/4.0 Safari/534.30"
68.38.94.167 - - [19/Aug/2013:19:30:50 -0400] "GET /images/200_batter.jpg HTTP/1.1" 200 8643 "http://find.mapmuse.com/map/batting-cages/near/blackwood,+nj" "Mozilla/5.0 (Macintosh; Intel Mac OS X 10.7; rv:22.0) Gecko/20100101 Firefox/22.0"
174.237.3.55 - - [19/Aug/2013:20:15:37 -0400] "GET /images/174_buster-with-mail-box.JPG HTTP/1.1" 200 7132 "http://farragutputtputt.com/" "Mozilla/5.0 (iPhone; CPU iPhone OS 6_1_3 like Mac OS X) AppleWebKit/536.26 (KHTML, like Gecko) Version/6.0 Mobile/10B329 Safari/8536.25"
174.237.3.55 - - [19/Aug/2013:20:15:37 -0400] "GET /images/ic_046_nav_inner_bg.gif HTTP/1.1" 200 158 "http://farragutputtputt.com/" "Mozilla/5.0 (iPhone; CPU iPhone OS 6_1_3 like Mac OS X) AppleWebKit/536.26 (KHTML, like Gecko) Version/6.0 Mobile/10B329 Safari/8536.25"
174.237.3.55 - - [19/Aug/2013:20:15:37 -0400] "GET /images/385_im_party.gif HTTP/1.1" 200 20294 "http://farragutputtputt.com/" "Mozilla/5.0 (iPhone; CPU iPhone OS 6_1_3 like Mac OS X) AppleWebKit/536.26 (KHTML, like Gecko) Version/6.0 Mobile/10B329 Safari/8536.25"
220.181.89.170 - - [19/Aug/2013:20:29:15 -0400] "GET / HTTP/1.1" 200 26620 "-" "Sogou web spider/4.0(+http://www.sogou.com/docs/help/webmasters.htm#07)"
67.250.115.238 - - [19/Aug/2013:20:34:33 -0400] "GET /images/200_batter.jpg HTTP/1.1" 200 8643 "http://find.mapmuse.com/map/batting-cages" "Mozilla/5.0 (iPad; CPU OS 6_1_3 like Mac OS X) AppleWebKit/536.26 (KHTML, like Gecko) Version/6.0 Mobile/10B329 Safari/8536.25"
166.147.120.38 - - [19/Aug/2013:08:59:55 -0400] "GET /images/220_PPCG.jpg HTTP/1.1" 200 11316 "http://www.farragutputtputt.com/attractionsprices.html" "Mozilla/5.0 (iPhone; CPU iPhone OS 6_1_4 like Mac OS X) AppleWebKit/536.26 (KHTML, like Gecko) Version/6.0 Mobile/10B350 Safari/8536.25"
174.49.49.36 - - [19/Aug/2013:21:58:36 -0400] "GET /scripts/ic_globals_published.js HTTP/1.1" 200 566 "http://farragutputtputt.com/" "Mozilla/5.0 (Windows NT 6.1; WOW64) AppleWebKit/537.36 (KHTML, like Gecko) Chrome/28.0.1500.95 Safari/537.36"
174.49.49.36 - - [19/Aug/2013:21:58:36 -0400] "GET /scripts/icwebsiteelement.css HTTP/1.1" 200 8132 "http://farragutputtputt.com/" "Mozilla/5.0 (Windows NT 6.1; WOW64) AppleWebKit/537.36 (KHTML, like Gecko) Chrome/28.0.1500.95 Safari/537.36"
174.49.49.36 - - [19/Aug/2013:21:58:36 -0400] "GET /images/504_PP_jpeg_map_2013.JPG HTTP/1.1" 200 21190 "http://farragutputtputt.com/" "Mozilla/5.0 (Windows NT 6.1; WOW64) AppleWebKit/537.36 (KHTML, like Gecko) Chrome/28.0.1500.95 Safari/537.36"
24.112.70.198 - - [19/Aug/2013:22:32:30 -0400] "GET /scripts/user.js HTTP/1.1" 200 23762 "http://www.farragutputtputt.com/" "Mozilla/5.0 (iPhone; CPU iPhone OS 6_0 like Mac OS X) AppleWebKit/536.26 (KHTML, like Gecko) Version/6.0 Mobile/10A403 Safari/8536.25"
24.112.70.198 - - [19/Aug/2013:22:32:31 -0400] "GET /images/504_PP_jpeg_map_2013.JPG HTTP/1.1" 200 21190 "http://www.farragutputtputt.com/" "Mozilla/5.0 (iPhone; CPU iPhone OS 6_0 like Mac OS X) AppleWebKit/536.26 (KHTML, like Gecko) Version/6.0 Mobile/10A403 Safari/8536.25"
24.112.70.198 - - [19/Aug/2013:22:32:31 -0400] "GET /images/88_tennessee_fl_md_wht.gif HTTP/1.1" 200 7701 "http://www.farragutputtputt.com/" "Mozilla/5.0 (iPhone; CPU iPhone OS 6_0 like Mac OS X) AppleWebKit/536.26 (KHTML, like Gecko) Version/6.0 Mobile/10A403 Safari/8536.25"
24.112.70.198 - - [19/Aug/2013:22:32:31 -0400] "GET /images/media_snd.gif HTTP/1.1" 200 1379 "http://www.farragutputtputt.com/" "Mozilla/5.0 (iPhone; CPU iPhone OS 6_0 like Mac OS X) AppleWebKit/536.26 (KHTML, like Gecko) Version/6.0 Mobile/10A403 Safari/8536.25"
24.112.70.198 - - [19/Aug/2013:22:32:31 -0400] "GET /images/174_buster-with-mail-box.JPG HTTP/1.1" 200 7132 "http://www.farragutputtputt.com/" "Mozilla/5.0 (iPhone; CPU iPhone OS 6_0 like Mac OS X) AppleWebKit/536.26 (KHTML, like Gecko) Version/6.0 Mobile/10A403 Safari/8536.25"
24.112.70.198 - - [19/Aug/2013:22:32:31 -0400] "GET /images/ic_046_content_top_bg_wide.png HTTP/1.1" 200 780 "http://www.farragutputtputt.com/" "Mozilla/5.0 (iPhone; CPU iPhone OS 6_0 like Mac OS X) AppleWebKit/536.26 (KHTML, like Gecko) Version/6.0 Mobile/10A403 Safari/8536.25"
76.114.80.190 - - [19/Aug/2013:23:03:42 -0400] "GET /scripts/photoalbum.js HTTP/1.1" 200 62481 "http://farragutputtputt.com/attractionsprices.html" "Mozilla/5.0 (Macintosh; Intel Mac OS X 10_6_8) AppleWebKit/534.59.8 (KHTML, like Gecko) Version/5.1.9 Safari/534.59.8"
76.114.80.190 - - [19/Aug/2013:23:03:43 -0400] "GET /images/ic_046_navcontainer_bg.png HTTP/1.1" 200 5832 "http://farragutputtputt.com/attractionsprices.html" "Mozilla/5.0 (Macintosh; Intel Mac OS X 10_6_8) AppleWebKit/534.59.8 (KHTML, like Gecko) Version/5.1.9 Safari/534.59.8"
76.114.80.190 - - [19/Aug/2013:23:03:43 -0400] "GET /images/220_PPCG.jpg HTTP/1.1" 200 11316 "http://farragutputtputt.com/attractionsprices.html" "Mozilla/5.0 (Macintosh; Intel Mac OS X 10_6_8) AppleWebKit/534.59.8 (KHTML, like Gecko) Version/5.1.9 Safari/534.59.8"
76.114.80.190 - - [19/Aug/2013:23:03:43 -0400] "GET /images/253_BusterBatZone.jpg HTTP/1.1" 200 15829 "http://farragutputtputt.com/attractionsprices.html" "Mozilla/5.0 (Macintosh; Intel Mac OS X 10_6_8) AppleWebKit/534.59.8 (KHTML, like Gecko) Version/5.1.9 Safari/534.59.8"
76.114.80.190 - - [19/Aug/2013:23:03:43 -0400] "GET /images/150_662429.gif HTTP/1.1" 200 11480 "http://farragutputtputt.com/attractionsprices.html" "Mozilla/5.0 (Macintosh; Intel Mac OS X 10_6_8) AppleWebKit/534.59.8 (KHTML, like Gecko) Version/5.1.9 Safari/534.59.8"
198.105.219.58 - - [19/Aug/2013:09:09:45 -0400] "HEAD / HTTP/1.1" 200 - "-" "checks.panopta.com"
108.250.252.149 - - [19/Aug/2013:09:32:51 -0400] "GET / HTTP/1.1" 200 26620 "http://www.knoxvilleputtputt.com/" "Mozilla/5.0 (Linux; U; Android 4.0.4; es-us; C5170 Build/IML77) AppleWebKit/534.30 (KHTML, like Gecko) Version/4.0 Mobile Safari/534.30"
108.250.252.149 - - [19/Aug/2013:09:32:51 -0400] "GET /scripts/ic_globals_published.js HTTP/1.1" 200 566 "http://www.farragutputtputt.com/" "Mozilla/5.0 (Linux; U; Android 4.0.4; es-us; C5170 Build/IML77) AppleWebKit/534.30 (KHTML, like Gecko) Version/4.0 Mobile Safari/534.30"
108.250.252.149 - - [19/Aug/2013:09:32:52 -0400] "GET /scripts/icwebsiteelement.css HTTP/1.1" 200 8132 "http://www.farragutputtputt.com/" "Mozilla/5.0 (Linux; U; Android 4.0.4; es-us; C5170 Build/IML77) AppleWebKit/534.30 (KHTML, like Gecko) Version/4.0 Mobile Safari/534.30"
108.250.252.149 - - [19/Aug/2013:09:32:53 -0400] "GET /images/ic_046_content_top_bg_wide.png HTTP/1.1" 200 780 "http://www.farragutputtputt.com/" "Mozilla/5.0 (Linux; U; Android 4.0.4; es-us; C5170 Build/IML77) AppleWebKit/534.30 (KHTML, like Gecko) Version/4.0 Mobile Safari/534.30"
108.250.252.149 - - [19/Aug/2013:09:32:54 -0400] "GET /images/504_PP_jpeg_map_2013.JPG HTTP/1.1" 200 21190 "http://www.farragutputtputt.com/" "Mozilla/5.0 (Linux; U; Android 4.0.4; es-us; C5170 Build/IML77) AppleWebKit/534.30 (KHTML, like Gecko) Version/4.0 Mobile Safari/534.30"
46.119.118.152 - - [19/Aug/2013:11:00:08 -0400] "GET / HTTP/1.1" 200 26620 "http://komputernaya-pomosh-moscow.ru/" "Mozilla/4.0 (compatible; MSIE 6.0; Windows NT 5.1; Deepnet Explorer 1.5.0; .NET CLR 1.0.3705)"
99.127.196.128 - - [19/Aug/2013:11:59:39 -0400] "GET /letthefunbegin.html HTTP/1.1" 200 28067 "http://farragutputtputt.com/" "Mozilla/5.0 (iPad; CPU OS 6_1 like Mac OS X) AppleWebKit/536.26 (KHTML, like Gecko) Version/6.0 Mobile/10B141 Safari/8536.25"
99.127.196.128 - - [19/Aug/2013:11:59:40 -0400] "GET /images/450_LTFB.jpg HTTP/1.1" 200 44697 "http://farragutputtputt.com/letthefunbegin.html" "Mozilla/5.0 (iPad; CPU OS 6_1 like Mac OS X) AppleWebKit/536.26 (KHTML, like Gecko) Version/6.0 Mobile/10B141 Safari/8536.25"
99.127.196.128 - - [19/Aug/2013:11:59:40 -0400] "GET /images/photoalbum/button_photoNext.jpg HTTP/1.1" 200 662 "http://farragutputtputt.com/letthefunbegin.html" "Mozilla/5.0 (iPad; CPU OS 6_1 like Mac OS X) AppleWebKit/536.26 (KHTML, like Gecko) Version/6.0 Mobile/10B141 Safari/8536.25"
99.127.196.128 - - [19/Aug/2013:11:59:40 -0400] "GET /images/photoalbum/detail_close.jpg HTTP/1.1" 200 1095 "http://farragutputtputt.com/letthefunbegin.html" "Mozilla/5.0 (iPad; CPU OS 6_1 like Mac OS X) AppleWebKit/536.26 (KHTML, like Gecko) Version/6.0 Mobile/10B141 Safari/8536.25"
99.127.196.128 - - [19/Aug/2013:11:59:40 -0400] "GET /images/photoalbum/button_photoSpeed2_ON.jpg HTTP/1.1" 200 492 "http://farragutputtputt.com/letthefunbegin.html" "Mozilla/5.0 (iPad; CPU OS 6_1 like Mac OS X) AppleWebKit/536.26 (KHTML, like Gecko) Version/6.0 Mobile/10B141 Safari/8536.25"
99.127.196.128 - - [19/Aug/2013:11:59:40 -0400] "GET /images/photoalbum/button_photoSpeed3_ON.jpg HTTP/1.1" 200 587 "http://farragutputtputt.com/letthefunbegin.html" "Mozilla/5.0 (iPad; CPU OS 6_1 like Mac OS X) AppleWebKit/536.26 (KHTML, like Gecko) Version/6.0 Mobile/10B141 Safari/8536.25"
99.127.196.128 - - [19/Aug/2013:11:59:40 -0400] "GET /images/photoalbum/photo_controlBG.jpg HTTP/1.1" 200 336 "http://farragutputtputt.com/letthefunbegin.html" "Mozilla/5.0 (iPad; CPU OS 6_1 like Mac OS X) AppleWebKit/536.26 (KHTML, like Gecko) Version/6.0 Mobile/10B141 Safari/8536.25"
99.127.196.128 - - [19/Aug/2013:11:59:40 -0400] "GET /images/575_IMG_0025.jpg HTTP/1.1" 200 72266 "http://farragutputtputt.com/letthefunbegin.html" "Mozilla/5.0 (iPad; CPU OS 6_1 like Mac OS X) AppleWebKit/536.26 (KHTML, like Gecko) Version/6.0 Mobile/10B141 Safari/8536.25"
99.127.196.128 - - [19/Aug/2013:11:59:40 -0400] "GET /images/205_IMG_0026.jpg HTTP/1.1" 200 13622 "http://farragutputtputt.com/letthefunbegin.html" "Mozilla/5.0 (iPad; CPU OS 6_1 like Mac OS X) AppleWebKit/536.26 (KHTML, like Gecko) Version/6.0 Mobile/10B141 Safari/8536.25"
99.127.196.128 - - [19/Aug/2013:11:59:40 -0400] "GET /images/360_IMG_0026.jpg HTTP/1.1" 200 33687 "http://farragutputtputt.com/letthefunbegin.html" "Mozilla/5.0 (iPad; CPU OS 6_1 like Mac OS X) AppleWebKit/536.26 (KHTML, like Gecko) Version/6.0 Mobile/10B141 Safari/8536.25"
99.127.196.128 - - [19/Aug/2013:11:59:40 -0400] "GET /images/767_IMG_0048.jpg HTTP/1.1" 200 62541 "http://farragutputtputt.com/letthefunbegin.html" "Mozilla/5.0 (iPad; CPU OS 6_1 like Mac OS X) AppleWebKit/536.26 (KHTML, like Gecko) Version/6.0 Mobile/10B141 Safari/8536.25"
99.127.196.128 - - [19/Aug/2013:11:59:40 -0400] "GET /images/164_IMG_0048.jpg HTTP/1.1" 200 7088 "http://farragutputtputt.com/letthefunbegin.html" "Mozilla/5.0 (iPad; CPU OS 6_1 like Mac OS X) AppleWebKit/536.26 (KHTML, like Gecko) Version/6.0 Mobile/10B141 Safari/8536.25"
99.127.196.128 - - [19/Aug/2013:11:59:40 -0400] "GET /images/767_IMG_0047.jpg HTTP/1.1" 200 61320 "http://farragutputtputt.com/letthefunbegin.html" "Mozilla/5.0 (iPad; CPU OS 6_1 like Mac OS X) AppleWebKit/536.26 (KHTML, like Gecko) Version/6.0 Mobile/10B141 Safari/8536.25"
99.127.196.128 - - [19/Aug/2013:11:59:40 -0400] "GET /images/164_IMG_0047.jpg HTTP/1.1" 200 6427 "http://farragutputtputt.com/letthefunbegin.html" "Mozilla/5.0 (iPad; CPU OS 6_1 like Mac OS X) AppleWebKit/536.26 (KHTML, like Gecko) Version/6.0 Mobile/10B141 Safari/8536.25"
99.127.196.128 - - [19/Aug/2013:11:59:40 -0400] "GET /images/480_march_2009_putt-putt_001.jpg HTTP/1.1" 200 59190 "http://farragutputtputt.com/letthefunbegin.html" "Mozilla/5.0 (iPad; CPU OS 6_1 like Mac OS X) AppleWebKit/536.26 (KHTML, like Gecko) Version/6.0 Mobile/10B141 Safari/8536.25"
99.127.196.128 - - [19/Aug/2013:11:59:41 -0400] "GET /images/767_march_2009_putt-putt_005.jpg HTTP/1.1" 200 100118 "http://farragutputtputt.com/letthefunbegin.html" "Mozilla/5.0 (iPad; CPU OS 6_1 like Mac OS X) AppleWebKit/536.26 (KHTML, like Gecko) Version/6.0 Mobile/10B141 Safari/8536.25"
99.127.196.128 - - [19/Aug/2013:11:59:41 -0400] "GET /images/480_march_2009_putt-putt_004.jpg HTTP/1.1" 200 50903 "http://farragutputtputt.com/letthefunbegin.html" "Mozilla/5.0 (iPad; CPU OS 6_1 like Mac OS X) AppleWebKit/536.26 (KHTML, like Gecko) Version/6.0 Mobile/10B141 Safari/8536.25"
99.127.196.128 - - [19/Aug/2013:11:59:41 -0400] "GET /images/164_march_2009_putt-putt_003.jpg HTTP/1.1" 200 6836 "http://farragutputtputt.com/letthefunbegin.html" "Mozilla/5.0 (iPad; CPU OS 6_1 like Mac OS X) AppleWebKit/536.26 (KHTML, like Gecko) Version/6.0 Mobile/10B141 Safari/8536.25"
99.127.196.128 - - [19/Aug/2013:11:59:41 -0400] "GET /images/164_march_2009_putt-putt_005.jpg HTTP/1.1" 200 8359 "http://farragutputtputt.com/letthefunbegin.html" "Mozilla/5.0 (iPad; CPU OS 6_1 like Mac OS X) AppleWebKit/536.26 (KHTML, like Gecko) Version/6.0 Mobile/10B141 Safari/8536.25"
99.127.196.128 - - [19/Aug/2013:11:59:41 -0400] "GET /images/480_IMG_0043.jpg HTTP/1.1" 200 35885 "http://farragutputtputt.com/letthefunbegin.html" "Mozilla/5.0 (iPad; CPU OS 6_1 like Mac OS X) AppleWebKit/536.26 (KHTML, like Gecko) Version/6.0 Mobile/10B141 Safari/8536.25"
99.127.196.128 - - [19/Aug/2013:11:59:41 -0400] "GET /images/767_IMG_0046.jpg HTTP/1.1" 200 82450 "http://farragutputtputt.com/letthefunbegin.html" "Mozilla/5.0 (iPad; CPU OS 6_1 like Mac OS X) AppleWebKit/536.26 (KHTML, like Gecko) Version/6.0 Mobile/10B141 Safari/8536.25"
99.127.196.128 - - [19/Aug/2013:11:59:41 -0400] "GET /images/767_IMG_0041.jpg HTTP/1.1" 200 78184 "http://farragutputtputt.com/letthefunbegin.html" "Mozilla/5.0 (iPad; CPU OS 6_1 like Mac OS X) AppleWebKit/536.26 (KHTML, like Gecko) Version/6.0 Mobile/10B141 Safari/8536.25"
99.127.196.128 - - [19/Aug/2013:11:59:41 -0400] "GET /images/767_IMG_0044.jpg HTTP/1.1" 200 61669 "http://farragutputtputt.com/letthefunbegin.html" "Mozilla/5.0 (iPad; CPU OS 6_1 like Mac OS X) AppleWebKit/536.26 (KHTML, like Gecko) Version/6.0 Mobile/10B141 Safari/8536.25"
99.127.196.128 - - [19/Aug/2013:11:59:41 -0400] "GET /images/480_IMG_0041.jpg HTTP/1.1" 200 39439 "http://farragutputtputt.com/letthefunbegin.html" "Mozilla/5.0 (iPad; CPU OS 6_1 like Mac OS X) AppleWebKit/536.26 (KHTML, like Gecko) Version/6.0 Mobile/10B141 Safari/8536.25"
99.127.196.128 - - [19/Aug/2013:11:59:41 -0400] "GET /images/164_IMG_0044.jpg HTTP/1.1" 200 7029 "http://farragutputtputt.com/letthefunbegin.html" "Mozilla/5.0 (iPad; CPU OS 6_1 like Mac OS X) AppleWebKit/536.26 (KHTML, like Gecko) Version/6.0 Mobile/10B141 Safari/8536.25"
99.127.196.128 - - [19/Aug/2013:11:59:41 -0400] "GET /images/164_IMG_0052.jpg HTTP/1.1" 200 7821 "http://farragutputtputt.com/letthefunbegin.html" "Mozilla/5.0 (iPad; CPU OS 6_1 like Mac OS X) AppleWebKit/536.26 (KHTML, like Gecko) Version/6.0 Mobile/10B141 Safari/8536.25"
99.127.196.128 - - [19/Aug/2013:11:59:41 -0400] "GET /images/480_IMG_0044.jpg HTTP/1.1" 200 31605 "http://farragutputtputt.com/letthefunbegin.html" "Mozilla/5.0 (iPad; CPU OS 6_1 like Mac OS X) AppleWebKit/536.26 (KHTML, like Gecko) Version/6.0 Mobile/10B141 Safari/8536.25"
99.127.196.128 - - [19/Aug/2013:11:59:41 -0400] "GET /images/480_IMG_0052.jpg HTTP/1.1" 200 39299 "http://farragutputtputt.com/letthefunbegin.html" "Mozilla/5.0 (iPad; CPU OS 6_1 like Mac OS X) AppleWebKit/536.26 (KHTML, like Gecko) Version/6.0 Mobile/10B141 Safari/8536.25"
99.127.196.128 - - [19/Aug/2013:11:59:41 -0400] "GET /images/164_march_2009_putt-putt_008.jpg HTTP/1.1" 200 8051 "http://farragutputtputt.com/letthefunbegin.html" "Mozilla/5.0 (iPad; CPU OS 6_1 like Mac OS X) AppleWebKit/536.26 (KHTML, like Gecko) Version/6.0 Mobile/10B141 Safari/8536.25"
99.127.196.128 - - [19/Aug/2013:11:59:41 -0400] "GET /images/767_march_2009_putt-putt_008.jpg HTTP/1.1" 200 79565 "http://farragutputtputt.com/letthefunbegin.html" "Mozilla/5.0 (iPad; CPU OS 6_1 like Mac OS X) AppleWebKit/536.26 (KHTML, like Gecko) Version/6.0 Mobile/10B141 Safari/8536.25"
99.127.196.128 - - [19/Aug/2013:11:59:41 -0400] "GET /images/480_march_2009_putt-putt_008.jpg HTTP/1.1" 200 43148 "http://farragutputtputt.com/letthefunbegin.html" "Mozilla/5.0 (iPad; CPU OS 6_1 like Mac OS X) AppleWebKit/536.26 (KHTML, like Gecko) Version/6.0 Mobile/10B141 Safari/8536.25"
99.127.196.128 - - [19/Aug/2013:11:59:41 -0400] "GET /images/767_march_2009_putt-putt_015.jpg HTTP/1.1" 200 67545 "http://farragutputtputt.com/letthefunbegin.html" "Mozilla/5.0 (iPad; CPU OS 6_1 like Mac OS X) AppleWebKit/536.26 (KHTML, like Gecko) Version/6.0 Mobile/10B141 Safari/8536.25"
99.127.196.128 - - [19/Aug/2013:11:59:41 -0400] "GET /images/164_march_2009_putt-putt_015.jpg HTTP/1.1" 200 7329 "http://farragutputtputt.com/letthefunbegin.html" "Mozilla/5.0 (iPad; CPU OS 6_1 like Mac OS X) AppleWebKit/536.26 (KHTML, like Gecko) Version/6.0 Mobile/10B141 Safari/8536.25"
99.127.196.128 - - [19/Aug/2013:11:59:41 -0400] "GET /images/480_march_2009_putt-putt_015.jpg HTTP/1.1" 200 37155 "http://farragutputtputt.com/letthefunbegin.html" "Mozilla/5.0 (iPad; CPU OS 6_1 like Mac OS X) AppleWebKit/536.26 (KHTML, like Gecko) Version/6.0 Mobile/10B141 Safari/8536.25"
99.127.196.128 - - [19/Aug/2013:11:59:41 -0400] "GET /images/767_march_2009_putt-putt_010.jpg HTTP/1.1" 200 76575 "http://farragutputtputt.com/letthefunbegin.html" "Mozilla/5.0 (iPad; CPU OS 6_1 like Mac OS X) AppleWebKit/536.26 (KHTML, like Gecko) Version/6.0 Mobile/10B141 Safari/8536.25"
99.127.196.128 - - [19/Aug/2013:11:59:42 -0400] "GET /images/767_march_2009_putt-putt_013.jpg HTTP/1.1" 200 80141 "http://farragutputtputt.com/letthefunbegin.html" "Mozilla/5.0 (iPad; CPU OS 6_1 like Mac OS X) AppleWebKit/536.26 (KHTML, like Gecko) Version/6.0 Mobile/10B141 Safari/8536.25"
99.127.196.128 - - [19/Aug/2013:11:59:42 -0400] "GET /images/164_march_2009_putt-putt_010.jpg HTTP/1.1" 200 7670 "http://farragutputtputt.com/letthefunbegin.html" "Mozilla/5.0 (iPad; CPU OS 6_1 like Mac OS X) AppleWebKit/536.26 (KHTML, like Gecko) Version/6.0 Mobile/10B141 Safari/8536.25"
99.127.196.128 - - [19/Aug/2013:11:59:42 -0400] "GET /images/767_march_2009_putt-putt_016.jpg HTTP/1.1" 200 81743 "http://farragutputtputt.com/letthefunbegin.html" "Mozilla/5.0 (iPad; CPU OS 6_1 like Mac OS X) AppleWebKit/536.26 (KHTML, like Gecko) Version/6.0 Mobile/10B141 Safari/8536.25"
99.127.196.128 - - [19/Aug/2013:11:59:42 -0400] "GET /images/480_march_2009_putt-putt_010.jpg HTTP/1.1" 200 41608 "http://farragutputtputt.com/letthefunbegin.html" "Mozilla/5.0 (iPad; CPU OS 6_1 like Mac OS X) AppleWebKit/536.26 (KHTML, like Gecko) Version/6.0 Mobile/10B141 Safari/8536.25"
99.127.196.128 - - [19/Aug/2013:11:59:42 -0400] "GET /images/164_tags_puttputt_2012.JPG HTTP/1.1" 200 6247 "http://farragutputtputt.com/letthefunbegin.html" "Mozilla/5.0 (iPad; CPU OS 6_1 like Mac OS X) AppleWebKit/536.26 (KHTML, like Gecko) Version/6.0 Mobile/10B141 Safari/8536.25"
99.127.196.128 - - [19/Aug/2013:11:59:42 -0400] "GET /images/164_march_2009_putt-putt_017.jpg HTTP/1.1" 200 7975 "http://farragutputtputt.com/letthefunbegin.html" "Mozilla/5.0 (iPad; CPU OS 6_1 like Mac OS X) AppleWebKit/536.26 (KHTML, like Gecko) Version/6.0 Mobile/10B141 Safari/8536.25"
99.127.196.128 - - [19/Aug/2013:11:59:42 -0400] "GET /images/480_tags_puttputt_2012.JPG HTTP/1.1" 200 35545 "http://farragutputtputt.com/letthefunbegin.html" "Mozilla/5.0 (iPad; CPU OS 6_1 like Mac OS X) AppleWebKit/536.26 (KHTML, like Gecko) Version/6.0 Mobile/10B141 Safari/8536.25"
99.127.196.128 - - [19/Aug/2013:11:59:42 -0400] "GET /images/480_march_2009_putt-putt_017.jpg HTTP/1.1" 200 43024 "http://farragutputtputt.com/letthefunbegin.html" "Mozilla/5.0 (iPad; CPU OS 6_1 like Mac OS X) AppleWebKit/536.26 (KHTML, like Gecko) Version/6.0 Mobile/10B141 Safari/8536.25"
