50.142.234.168 - - [19/Aug/2013:18:14:01 -0400] "GET /images/220_PPCG.jpg HTTP/1.1" 200 11316 "http://farragutputtputt.com/attractionsprices.html" "Mozilla/5.0 (iPad; CPU OS 6_1_3 like Mac OS X) AppleWebKit/536.26 (KHTML, like Gecko) Version/6.0 Mobile/10B329 Safari/8536.25"
50.142.234.168 - - [19/Aug/2013:18:14:02 -0400] "GET /images/150_487054.gif HTTP/1.1" 200 10214 "http://farragutputtputt.com/attractionsprices.html" "Mozilla/5.0 (iPad; CPU OS 6_1_3 like Mac OS X) AppleWebKit/536.26 (KHTML, like Gecko) Version/6.0 Mobile/10B329 Safari/8536.25"
50.142.234.168 - - [19/Aug/2013:18:14:02 -0400] "GET /images/150_730111.gif HTTP/1.1" 200 10756 "http://farragutputtputt.com/attractionsprices.html" "Mozilla/5.0 (iPad; CPU OS 6_1_3 like Mac OS X) AppleWebKit/536.26 (KHTML, like Gecko) Version/6.0 Mobile/10B329 Safari/8536.25"
99.123.176.195 - - [19/Aug/2013:18:57:07 -0400] "GET /images/media_snd.gif HTTP/1.1" 304 - "http://farragutputtputt.com/" "Mozilla/5.0 (Linux; U; Android 4.1.1; en-us; GT-P5113 Build/JRO03C) AppleWebKit/534.30 (KHTML, like Gecko) Version/4.0 Safari/534.30"
66.249.75.44 - - [19/Aug/2013:19:58:49 -0400] "GET /images/Counter_Daily_Special_Card_2011_new.pdf HTTP/1.1" 304 - "-" "Mozilla/5.0 (compatible; Googlebot/2.1; +http://www.google.com/bot.html)"
71.227.96.207 - - [19/Aug/2013:09:41:15 -0400] "GET /images/200_batter.jpg HTTP/1.1" 200 8643 "http://find.mapmuse.com/map/batting-cages/near/hartland,+MI" "Mozilla/5.0 (Windows NT 6.2; WOW64) AppleWebKit/537.36 (KHTML, like Gecko) Chrome/28.0.1500.95 Safari/537.36"
166.147.104.149 - - [19/Aug/2013:11:54:23 -0400] "GET /images/200_batter.jpg HTTP/1.1" 200 8643 "http://find.mapmuse.com/map/batting-cages/near/s%20western%20chicago%20il" "Mozilla/5.0 (Linux; U; Android 4.1.1; en-us; PJ83100/3.18.502.6 Build/JRO03C) AppleWebKit/534.30 (KHTML, like Gecko) Version/4.0 Mobile Safari/534.30"
99.123.176.195 - - [19/Aug/2013:11:59:16 -0400] "GET /scripts/website.css HTTP/1.1" 304 - "http://farragutputtputt.com/" "Mozilla/5.0 (Linux; U; Android 4.1.1; en-us; GT-P5113 Build/JRO03C) AppleWebKit/534.30 (KHTML, like Gecko) Version/4.0 Safari/534.30"
69.128.198.104 - - [19/Aug/2013:13:32:56 -0400] "GET /images/200_batter.jpg HTTP/1.1" 200 8643 "http://find.mapmuse.com/map/batting-cages/near/Contoocook,+NH" "Mozilla/5.0 (Windows NT 6.1; WOW64) AppleWebKit/537.36 (KHTML, like Gecko) Chrome/28.0.1500.95 Safari/537.36"
24.121.14.86 - - [19/Aug/2013:13:46:45 -0400] "GET /images/200_batter.jpg HTTP/1.1" 200 8643 "http://find.mapmuse.com/map/batting-cages/near/Flagstaff,+AZ" "Mozilla/5.0 (Windows NT 6.1; WOW64) AppleWebKit/537.36 (KHTML, like Gecko) Chrome/28.0.1500.95 Safari/537.36"
99.110.65.245 - - [19/Aug/2013:14:33:57 -0400] "GET /images/253_BusterClub3.jpg HTTP/1.1" 200 10383 "http://www.farragutputtputt.com/attractionsprices.html" "Mozilla/5.0 (iPhone; CPU iPhone OS 6_1_3 like Mac OS X) AppleWebKit/536.26 (KHTML, like Gecko) Version/6.0 Mobile/10B329 Safari/8536.25"
99.110.65.245 - - [19/Aug/2013:14:33:57 -0400] "GET /images/130_spot_join.jpg HTTP/1.1" 200 7882 "http://www.farragutputtputt.com/attractionsprices.html" "Mozilla/5.0 (iPhone; CPU iPhone OS 6_1_3 like Mac OS X) AppleWebKit/536.26 (KHTML, like Gecko) Version/6.0 Mobile/10B329 Safari/8536.25"
99.110.65.245 - - [19/Aug/2013:14:33:57 -0400] "GET /images/150_662429.gif HTTP/1.1" 200 11480 "http://www.farragutputtputt.com/attractionsprices.html" "Mozilla/5.0 (iPhone; CPU iPhone OS 6_1_3 like Mac OS X) AppleWebKit/536.26 (KHTML, like Gecko) Version/6.0 Mobile/10B329 Safari/8536.25"
99.123.176.195 - - [19/Aug/2013:14:50:16 -0400] "GET / HTTP/1.1" 304 - "-" "Mozilla/5.0 (Linux; U; Android 4.1.1; en-us; GT-P5113 Build/JRO03C) AppleWebKit/534.30 (KHTML, like Gecko) Version/4.0 Safari/534.30"
99.123.176.195 - - [19/Aug/2013:14:50:17 -0400] "GET /scripts/ic_globals_published.js HTTP/1.1" 304 - "http://farragutputtputt.com/" "Mozilla/5.0 (Linux; U; Android 4.1.1; en-us; GT-P5113 Build/JRO03C) AppleWebKit/534.30 (KHTML, like Gecko) Version/4.0 Safari/534.30"
99.123.176.195 - - [19/Aug/2013:14:50:17 -0400] "GET /scripts/user.js HTTP/1.1" 304 - "http://farragutputtputt.com/" "Mozilla/5.0 (Linux; U; Android 4.1.1; en-us; GT-P5113 Build/JRO03C) AppleWebKit/534.30 (KHTML, like Gecko) Version/4.0 Safari/534.30"
99.123.176.195 - - [19/Aug/2013:14:50:17 -0400] "GET /scripts/template.css HTTP/1.1" 304 - "http://farragutputtputt.com/" "Mozilla/5.0 (Linux; U; Android 4.1.1; en-us; GT-P5113 Build/JRO03C) AppleWebKit/534.30 (KHTML, like Gecko) Version/4.0 Safari/534.30"
99.123.176.195 - - [19/Aug/2013:14:50:18 -0400] "GET /images/ic_046_navcontainer_bg.png HTTP/1.1" 304 - "http://farragutputtputt.com/" "Mozilla/5.0 (Linux; U; Android 4.1.1; en-us; GT-P5113 Build/JRO03C) AppleWebKit/534.30 (KHTML, like Gecko) Version/4.0 Safari/534.30"
99.123.176.195 - - [19/Aug/2013:14:50:18 -0400] "GET /images/ic_046_header_bg_wide.png HTTP/1.1" 304 - "http://farragutputtputt.com/" "Mozilla/5.0 (Linux; U; Android 4.1.1; en-us; GT-P5113 Build/JRO03C) AppleWebKit/534.30 (KHTML, like Gecko) Version/4.0 Safari/534.30"
151.138.13.244 - - [19/Aug/2013:04:34:59 -0400] "GET / HTTP/1.1" 206 26620 "-" "SuperPagesUrlVerifyBot/1.0"
174.49.49.36 - - [19/Aug/2013:22:12:34 -0400] "GET /images/photoalbum/button_photoPlay.jpg HTTP/1.1" 200 613 "http://farragutputtputt.com/letthefunbegin.html" "Mozilla/5.0 (Windows NT 6.1; WOW64) AppleWebKit/537.36 (KHTML, like Gecko) Chrome/28.0.1500.95 Safari/537.36"
174.49.49.36 - - [19/Aug/2013:22:12:34 -0400] "GET /images/photoalbum/button_photoFirst.jpg HTTP/1.1" 200 637 "http://farragutputtputt.com/letthefunbegin.html" "Mozilla/5.0 (Windows NT 6.1; WOW64) AppleWebKit/537.36 (KHTML, like Gecko) Chrome/28.0.1500.95 Safari/537.36"
174.49.49.36 - - [19/Aug/2013:22:12:34 -0400] "GET /images/photoalbum/button_photoSpeed5.jpg HTTP/1.1" 200 502 "http://farragutputtputt.com/letthefunbegin.html" "Mozilla/5.0 (Windows NT 6.1; WOW64) AppleWebKit/537.36 (KHTML, like Gecko) Chrome/28.0.1500.95 Safari/537.36"
67.187.114.55 - - [19/Aug/2013:22:46:01 -0400] "GET /specialsgroups.html HTTP/1.1" 200 42927 "http://www.farragutputtputt.com/" "Mozilla/5.0 (iPad; CPU OS 6_1_3 like Mac OS X) AppleWebKit/536.26 (KHTML, like Gecko) Version/6.0 Mobile/10B329 Safari/8536.25"
67.187.114.55 - - [19/Aug/2013:22:46:02 -0400] "GET /images/356_groupheader.jpg HTTP/1.1" 200 21309 "http://www.farragutputtputt.com/specialsgroups.html" "Mozilla/5.0 (iPad; CPU OS 6_1_3 like Mac OS X) AppleWebKit/536.26 (KHTML, like Gecko) Version/6.0 Mobile/10B329 Safari/8536.25"
67.187.114.55 - - [19/Aug/2013:22:46:02 -0400] "GET /images/doc_pdf.gif HTTP/1.1" 200 1002 "http://www.farragutputtputt.com/specialsgroups.html" "Mozilla/5.0 (iPad; CPU OS 6_1_3 like Mac OS X) AppleWebKit/536.26 (KHTML, like Gecko) Version/6.0 Mobile/10B329 Safari/8536.25"
67.187.114.55 - - [19/Aug/2013:22:46:03 -0400] "GET /birthdaypartyinfo.html HTTP/1.1" 200 48049 "http://www.farragutputtputt.com/specialsgroups.html" "Mozilla/5.0 (iPad; CPU OS 6_1_3 like Mac OS X) AppleWebKit/536.26 (KHTML, like Gecko) Version/6.0 Mobile/10B329 Safari/8536.25"
67.187.114.55 - - [19/Aug/2013:22:46:04 -0400] "GET /images/148_BusterBday.jpg HTTP/1.1" 200 6502 "http://www.farragutputtputt.com/birthdaypartyinfo.html" "Mozilla/5.0 (iPad; CPU OS 6_1_3 like Mac OS X) AppleWebKit/536.26 (KHTML, like Gecko) Version/6.0 Mobile/10B329 Safari/8536.25"
67.187.114.55 - - [19/Aug/2013:22:46:04 -0400] "GET /images/194_buster-with-mail-box.JPG HTTP/1.1" 200 7334 "http://www.farragutputtputt.com/birthdaypartyinfo.html" "Mozilla/5.0 (iPad; CPU OS 6_1_3 like Mac OS X) AppleWebKit/536.26 (KHTML, like Gecko) Version/6.0 Mobile/10B329 Safari/8536.25"
70.210.19.243 - - [19/Aug/2013:15:00:46 -0400] "GET /scripts/ic_globals_published.js HTTP/1.1" 200 566 "http://www.farragutputtputt.com/" "Mozilla/5.0 (Windows NT 6.1; WOW64; rv:12.0) Gecko/20100101 Firefox/12.0"
70.210.19.243 - - [19/Aug/2013:15:00:46 -0400] "GET /scripts/icwebsiteelement.css HTTP/1.1" 200 8132 "http://www.farragutputtputt.com/" "Mozilla/5.0 (Windows NT 6.1; WOW64; rv:12.0) Gecko/20100101 Firefox/12.0"
70.210.19.243 - - [19/Aug/2013:15:00:46 -0400] "GET /images/88_tennessee_fl_md_wht.gif HTTP/1.1" 200 7701 "http://www.farragutputtputt.com/" "Mozilla/5.0 (Windows NT 6.1; WOW64; rv:12.0) Gecko/20100101 Firefox/12.0"
70.210.19.243 - - [19/Aug/2013:15:00:46 -0400] "GET /images/ic_046_content_top_bg_wide.png HTTP/1.1" 200 780 "http://www.farragutputtputt.com/scripts/template.css" "Mozilla/5.0 (Windows NT 6.1; WOW64; rv:12.0) Gecko/20100101 Firefox/12.0"
69.171.187.15 - - [19/Aug/2013:15:28:44 -0400] "GET /images/385_im_party.gif HTTP/1.1" 200 20294 "http://www.farragutputtputt.com/" "Mozilla/5.0 (Linux; U; Android 4.0.4; en-us; HTC_H1000C Build/IMM76D) AppleWebKit/534.30 (KHTML, like Gecko) Version/4.0 Mobile Safari/534.30"
69.171.187.15 - - [19/Aug/2013:15:28:49 -0400] "GET /scripts/print.css HTTP/1.1" 200 - "http://www.farragutputtputt.com/" "Mozilla/5.0 (Linux; U; Android 4.0.4; en-us; HTC_H1000C Build/IMM76D) AppleWebKit/534.30 (KHTML, like Gecko) Version/4.0 Mobile Safari/534.30"
166.147.120.17 - - [19/Aug/2013:15:29:47 -0400] "GET / HTTP/1.1" 200 26620 "https://www.google.com/" "Mozilla/5.0 (iPhone; CPU iPhone OS 6_1_3 like Mac OS X) AppleWebKit/536.26 (KHTML, like Gecko) Version/6.0 Mobile/10B329 Safari/8536.25"
166.147.120.17 - - [19/Aug/2013:15:29:47 -0400] "GET /scripts/user.js HTTP/1.1" 200 23762 "http://farragutputtputt.com/" "Mozilla/5.0 (iPhone; CPU iPhone OS 6_1_3 like Mac OS X) AppleWebKit/536.26 (KHTML, like Gecko) Version/6.0 Mobile/10B329 Safari/8536.25"
166.147.120.17 - - [19/Aug/2013:15:29:48 -0400] "GET /scripts/website.css HTTP/1.1" 200 1642 "http://farragutputtputt.com/" "Mozilla/5.0 (iPhone; CPU iPhone OS 6_1_3 like Mac OS X) AppleWebKit/536.26 (KHTML, like Gecko) Version/6.0 Mobile/10B329 Safari/8536.25"
166.147.120.17 - - [19/Aug/2013:15:29:48 -0400] "GET /scripts/template.css HTTP/1.1" 200 9762 "http://farragutputtputt.com/" "Mozilla/5.0 (iPhone; CPU iPhone OS 6_1_3 like Mac OS X) AppleWebKit/536.26 (KHTML, like Gecko) Version/6.0 Mobile/10B329 Safari/8536.25"
166.147.120.17 - - [19/Aug/2013:15:29:48 -0400] "GET /scripts/1custom.css HTTP/1.1" 200 5022 "http://farragutputtputt.com/" "Mozilla/5.0 (iPhone; CPU iPhone OS 6_1_3 like Mac OS X) AppleWebKit/536.26 (KHTML, like Gecko) Version/6.0 Mobile/10B329 Safari/8536.25"
166.147.120.17 - - [19/Aug/2013:15:29:48 -0400] "GET /scripts/icwebsiteelement.css HTTP/1.1" 200 8132 "http://farragutputtputt.com/" "Mozilla/5.0 (iPhone; CPU iPhone OS 6_1_3 like Mac OS X) AppleWebKit/536.26 (KHTML, like Gecko) Version/6.0 Mobile/10B329 Safari/8536.25"
166.147.120.17 - - [19/Aug/2013:15:29:48 -0400] "GET /images/190_PPFC_ltfb.jpg HTTP/1.1" 200 7684 "http://farragutputtputt.com/" "Mozilla/5.0 (iPhone; CPU iPhone OS 6_1_3 like Mac OS X) AppleWebKit/536.26 (KHTML, like Gecko) Version/6.0 Mobile/10B329 Safari/8536.25"
166.147.120.17 - - [19/Aug/2013:15:29:48 -0400] "GET /images/174_PPCG.jpg HTTP/1.1" 200 8468 "http://farragutputtputt.com/" "Mozilla/5.0 (iPhone; CPU iPhone OS 6_1_3 like Mac OS X) AppleWebKit/536.26 (KHTML, like Gecko) Version/6.0 Mobile/10B329 Safari/8536.25"
166.147.120.17 - - [19/Aug/2013:15:29:48 -0400] "GET /images/504_PP_jpeg_map_2013.JPG HTTP/1.1" 200 21190 "http://farragutputtputt.com/" "Mozilla/5.0 (iPhone; CPU iPhone OS 6_1_3 like Mac OS X) AppleWebKit/536.26 (KHTML, like Gecko) Version/6.0 Mobile/10B329 Safari/8536.25"
166.147.120.17 - - [19/Aug/2013:15:29:48 -0400] "GET /images/88_tennessee_fl_md_wht.gif HTTP/1.1" 200 7701 "http://farragutputtputt.com/" "Mozilla/5.0 (iPhone; CPU iPhone OS 6_1_3 like Mac OS X) AppleWebKit/536.26 (KHTML, like Gecko) Version/6.0 Mobile/10B329 Safari/8536.25"
166.147.120.17 - - [19/Aug/2013:15:29:48 -0400] "GET /images/media_snd.gif HTTP/1.1" 200 1379 "http://farragutputtputt.com/" "Mozilla/5.0 (iPhone; CPU iPhone OS 6_1_3 like Mac OS X) AppleWebKit/536.26 (KHTML, like Gecko) Version/6.0 Mobile/10B329 Safari/8536.25"
166.147.120.17 - - [19/Aug/2013:15:29:48 -0400] "GET /images/174_buster-with-mail-box.JPG HTTP/1.1" 200 7132 "http://farragutputtputt.com/" "Mozilla/5.0 (iPhone; CPU iPhone OS 6_1_3 like Mac OS X) AppleWebKit/536.26 (KHTML, like Gecko) Version/6.0 Mobile/10B329 Safari/8536.25"
166.147.120.17 - - [19/Aug/2013:15:29:48 -0400] "GET /images/ic_046_accent_bg.png HTTP/1.1" 200 9871 "http://farragutputtputt.com/" "Mozilla/5.0 (iPhone; CPU iPhone OS 6_1_3 like Mac OS X) AppleWebKit/536.26 (KHTML, like Gecko) Version/6.0 Mobile/10B329 Safari/8536.25"
166.147.120.17 - - [19/Aug/2013:15:29:48 -0400] "GET /images/ic_046_nav_inner_bg.gif HTTP/1.1" 200 158 "http://farragutputtputt.com/" "Mozilla/5.0 (iPhone; CPU iPhone OS 6_1_3 like Mac OS X) AppleWebKit/536.26 (KHTML, like Gecko) Version/6.0 Mobile/10B329 Safari/8536.25"
166.147.120.17 - - [19/Aug/2013:15:29:48 -0400] "GET /images/ic_046_header_bg_wide.png HTTP/1.1" 200 3558 "http://farragutputtputt.com/" "Mozilla/5.0 (iPhone; CPU iPhone OS 6_1_3 like Mac OS X) AppleWebKit/536.26 (KHTML, like Gecko) Version/6.0 Mobile/10B329 Safari/8536.25"
166.147.120.17 - - [19/Aug/2013:15:29:48 -0400] "GET /images/ic_046_content_bottom_bg_wide.png HTTP/1.1" 200 1373 "http://farragutputtputt.com/" "Mozilla/5.0 (iPhone; CPU iPhone OS 6_1_3 like Mac OS X) AppleWebKit/536.26 (KHTML, like Gecko) Version/6.0 Mobile/10B329 Safari/8536.25"
166.147.120.17 - - [19/Aug/2013:15:29:49 -0400] "GET /scripts/print.css HTTP/1.1" 200 - "http://farragutputtputt.com/" "Mozilla/5.0 (iPhone; CPU iPhone OS 6_1_3 like Mac OS X) AppleWebKit/536.26 (KHTML, like Gecko) Version/6.0 Mobile/10B329 Safari/8536.25"
198.105.219.58 - - [19/Aug/2013:16:43:50 -0400] "HEAD / HTTP/1.1" 200 - "-" "checks.panopta.com"
96.38.120.125 - - [19/Aug/2013:17:09:39 -0400] "GET /scripts/ic_globals_published.js HTTP/1.1" 200 566 "http://www.farragutputtputt.com/" "Mozilla/5.0 (Windows NT 6.1; WOW64) AppleWebKit/537.36 (KHTML, like Gecko) Chrome/28.0.1500.95 Safari/537.36"
96.38.120.125 - - [19/Aug/2013:17:09:39 -0400] "GET /scripts/user.js HTTP/1.1" 200 23762 "http://www.farragutputtputt.com/" "Mozilla/5.0 (Windows NT 6.1; WOW64) AppleWebKit/537.36 (KHTML, like Gecko) Chrome/28.0.1500.95 Safari/537.36"
96.38.120.125 - - [19/Aug/2013:17:09:40 -0400] "GET /images/88_tennessee_fl_md_wht.gif HTTP/1.1" 200 7701 "http://www.farragutputtputt.com/" "Mozilla/5.0 (Windows NT 6.1; WOW64) AppleWebKit/537.36 (KHTML, like Gecko) Chrome/28.0.1500.95 Safari/537.36"
96.38.120.125 - - [19/Aug/2013:17:09:40 -0400] "GET /images/ic_046_navcontainer_bg.png HTTP/1.1" 200 5832 "http://www.farragutputtputt.com/" "Mozilla/5.0 (Windows NT 6.1; WOW64) AppleWebKit/537.36 (KHTML, like Gecko) Chrome/28.0.1500.95 Safari/537.36"
99.127.196.128 - - [19/Aug/2013:17:25:40 -0400] "GET /images/ic_046_nav_inner_bg.gif HTTP/1.1" 200 158 "http://farragutputtputt.com/birthdaypartyinfo.html" "Mozilla/5.0 (Windows NT 6.1; WOW64) AppleWebKit/537.36 (KHTML, like Gecko) Chrome/28.0.1500.95 Safari/537.36"
99.127.196.128 - - [19/Aug/2013:17:25:40 -0400] "GET /images/103_Balloons.gif HTTP/1.1" 200 7385 "http://farragutputtputt.com/birthdaypartyinfo.html" "Mozilla/5.0 (Windows NT 6.1; WOW64) AppleWebKit/537.36 (KHTML, like Gecko) Chrome/28.0.1500.95 Safari/537.36"
99.127.196.128 - - [19/Aug/2013:17:25:40 -0400] "GET /images/385_im_party.gif HTTP/1.1" 200 20294 "http://farragutputtputt.com/birthdaypartyinfo.html" "Mozilla/5.0 (Windows NT 6.1; WOW64) AppleWebKit/537.36 (KHTML, like Gecko) Chrome/28.0.1500.95 Safari/537.36"
99.127.196.128 - - [19/Aug/2013:17:25:41 -0400] "GET /favicon.ico HTTP/1.1" 404 575 "-" "Mozilla/5.0 (Windows NT 6.1; WOW64) AppleWebKit/537.36 (KHTML, like Gecko) Chrome/28.0.1500.95 Safari/537.36"
99.123.176.195 - - [19/Aug/2013:11:59:16 -0400] "GET /scripts/ic_globals_published.js HTTP/1.1" 304 - "http://farragutputtputt.com/" "Mozilla/5.0 (Linux; U; Android 4.1.1; en-us; GT-P5113 Build/JRO03C) AppleWebKit/534.30 (KHTML, like Gecko) Version/4.0 Safari/534.30"
99.127.196.128 - - [19/Aug/2013:11:59:28 -0400] "GET /scripts/ic_globals_published.js HTTP/1.1" 200 566 "http://farragutputtputt.com/" "Mozilla/5.0 (iPad; CPU OS 6_1 like Mac OS X) AppleWebKit/536.26 (KHTML, like Gecko) Version/6.0 Mobile/10B141 Safari/8536.25"
99.127.196.128 - - [19/Aug/2013:11:59:28 -0400] "GET /images/385_im_party.gif HTTP/1.1" 200 20294 "http://farragutputtputt.com/" "Mozilla/5.0 (iPad; CPU OS 6_1 like Mac OS X) AppleWebKit/536.26 (KHTML, like Gecko) Version/6.0 Mobile/10B141 Safari/8536.25"
99.127.196.128 - - [19/Aug/2013:11:59:28 -0400] "GET /images/2004buster1.JPG HTTP/1.1" 200 5573 "http://farragutputtputt.com/" "Mozilla/5.0 (iPad; CPU OS 6_1 like Mac OS X) AppleWebKit/536.26 (KHTML, like Gecko) Version/6.0 Mobile/10B141 Safari/8536.25"
99.17.83.143 - - [19/Aug/2013:18:03:29 -0400] "GET /scripts/user.js HTTP/1.1" 200 23762 "http://farragutputtputt.com/birthdaypartyinfo.html" "Mozilla/5.0 (Windows NT 6.1; WOW64; rv:23.0) Gecko/20100101 Firefox/23.0"
99.17.83.143 - - [19/Aug/2013:18:03:30 -0400] "GET /images/148_BusterBday.jpg HTTP/1.1" 200 6502 "http://farragutputtputt.com/birthdaypartyinfo.html" "Mozilla/5.0 (Windows NT 6.1; WOW64; rv:23.0) Gecko/20100101 Firefox/23.0"
99.17.83.143 - - [19/Aug/2013:18:03:30 -0400] "GET /images/ic_046_navcontainer_bg.png HTTP/1.1" 200 5832 "http://farragutputtputt.com/scripts/template.css" "Mozilla/5.0 (Windows NT 6.1; WOW64; rv:23.0) Gecko/20100101 Firefox/23.0"
64.9.106.202 - - [19/Aug/2013:18:34:30 -0400] "GET /scripts/print.css HTTP/1.1" 200 - "http://www.farragutputtputt.com/" "Mozilla/4.0 (compatible; MSIE 7.0; Windows NT 6.1; Trident/4.0; SLCC2; .NET CLR 2.0.50727; .NET CLR 3.5.30729; .NET CLR 3.0.30729; Media Center PC 6.0; .NET4.0C; .NET CLR 1.1.4322; .NET4.0E)"
64.9.106.202 - - [19/Aug/2013:18:34:30 -0400] "GET /images/174_PPCG.jpg HTTP/1.1" 200 8468 "http://www.farragutputtputt.com/" "Mozilla/4.0 (compatible; MSIE 7.0; Windows NT 6.1; Trident/4.0; SLCC2; .NET CLR 2.0.50727; .NET CLR 3.5.30729; .NET CLR 3.0.30729; Media Center PC 6.0; .NET4.0C; .NET CLR 1.1.4322; .NET4.0E)"
192.249.1.147 - - [19/Aug/2013:19:27:30 -0400] "GET /scripts/ic_globals_published.js HTTP/1.1" 304 - "http://www.farragutputtputt.com/attractionsprices.html" "Mozilla/4.0 (compatible; MSIE 8.0; Windows NT 5.1; Trident/4.0; GTB7.5; .NET CLR 1.1.4322; .NET CLR 2.0.50727; .NET CLR 3.0.4506.2152; .NET CLR 3.5.30729; Zune 4.7; AskTbAD4/5.13.2.19379; .NET4.0C)"
192.249.1.147 - - [19/Aug/2013:19:27:30 -0400] "GET /scripts/icwebsiteelement.css HTTP/1.1" 304 - "http://www.farragutputtputt.com/attractionsprices.html" "Mozilla/4.0 (compatible; MSIE 8.0; Windows NT 5.1; Trident/4.0; GTB7.5; .NET CLR 1.1.4322; .NET CLR 2.0.50727; .NET CLR 3.0.4506.2152; .NET CLR 3.5.30729; Zune 4.7; AskTbAD4/5.13.2.19379; .NET4.0C)"
66.87.89.125 - - [19/Aug/2013:19:34:13 -0400] "GET /scripts/5custom.css HTTP/1.1" 200 2956 "http://www.farragutputtputt.com/letthefunbegin.html" "Mozilla/5.0 (Linux; U; Android 2.3.6; en-us; SPH-M820-BST Build/GINGERBREAD) AppleWebKit/533.1 (KHTML, like Gecko) Version/4.0 Mobile Safari/533.1"
66.87.89.125 - - [19/Aug/2013:19:34:14 -0400] "GET /images/450_LTFB.jpg HTTP/1.1" 200 44697 "http://www.farragutputtputt.com/letthefunbegin.html" "Mozilla/5.0 (Linux; U; Android 2.3.6; en-us; SPH-M820-BST Build/GINGERBREAD) AppleWebKit/533.1 (KHTML, like Gecko) Version/4.0 Mobile Safari/533.1"
66.87.89.125 - - [19/Aug/2013:19:34:14 -0400] "GET /images/photoalbum/button_photoPlay.jpg HTTP/1.1" 200 613 "http://www.farragutputtputt.com/letthefunbegin.html" "Mozilla/5.0 (Linux; U; Android 2.3.6; en-us; SPH-M820-BST Build/GINGERBREAD) AppleWebKit/533.1 (KHTML, like Gecko) Version/4.0 Mobile Safari/533.1"
66.87.89.125 - - [19/Aug/2013:19:34:15 -0400] "GET /images/photoalbum/button_photoSpeed2_ON.jpg HTTP/1.1" 200 492 "http://www.farragutputtputt.com/letthefunbegin.html" "Mozilla/5.0 (Linux; U; Android 2.3.6; en-us; SPH-M820-BST Build/GINGERBREAD) AppleWebKit/533.1 (KHTML, like Gecko) Version/4.0 Mobile Safari/533.1"
70.210.1.213 - - [19/Aug/2013:20:07:43 -0400] "GET / HTTP/1.1" 304 - "-" "Mozilla/5.0 (iPhone; CPU iPhone OS 6_1_4 like Mac OS X) AppleWebKit/536.26 (KHTML, like Gecko) Version/6.0 Mobile/10B350 Safari/8536.25"
70.210.1.213 - - [19/Aug/2013:20:07:43 -0400] "GET /scripts/user.js HTTP/1.1" 304 - "http://farragutputtputt.com/" "Mozilla/5.0 (iPhone; CPU iPhone OS 6_1_4 like Mac OS X) AppleWebKit/536.26 (KHTML, like Gecko) Version/6.0 Mobile/10B350 Safari/8536.25"
70.210.1.213 - - [19/Aug/2013:20:07:43 -0400] "GET /scripts/icwebsiteelement.css HTTP/1.1" 304 - "http://farragutputtputt.com/" "Mozilla/5.0 (iPhone; CPU iPhone OS 6_1_4 like Mac OS X) AppleWebKit/536.26 (KHTML, like Gecko) Version/6.0 Mobile/10B350 Safari/8536.25"
70.210.1.213 - - [19/Aug/2013:20:07:43 -0400] "GET /images/media_snd.gif HTTP/1.1" 304 - "http://farragutputtputt.com/" "Mozilla/5.0 (iPhone; CPU iPhone OS 6_1_4 like Mac OS X) AppleWebKit/536.26 (KHTML, like Gecko) Version/6.0 Mobile/10B350 Safari/8536.25"
71.227.148.54 - - [19/Aug/2013:22:31:22 -0400] "GET /scripts/photoalbum.js HTTP/1.1" 200 62481 "http://www.farragutputtputt.com/" "Mozilla/5.0 (Macintosh; Intel Mac OS X 10_5_8) AppleWebKit/534.50.2 (KHTML, like Gecko) Version/5.0.6 Safari/533.22.3"
71.227.148.54 - - [19/Aug/2013:22:31:30 -0400] "GET /scripts/print.css HTTP/1.1" 200 - "http://www.farragutputtputt.com/" "Mozilla/5.0 (Macintosh; Intel Mac OS X 10_5_8) AppleWebKit/534.50.2 (KHTML, like Gecko) Version/5.0.6 Safari/533.22.3"
71.227.148.54 - - [19/Aug/2013:22:31:30 -0400] "GET /favicon.ico HTTP/1.1" 404 575 "http://www.farragutputtputt.com/" "Mozilla/5.0 (Macintosh; Intel Mac OS X 10_5_8) AppleWebKit/534.50.2 (KHTML, like Gecko) Version/5.0.6 Safari/533.22.3"
166.147.123.145 - - [19/Aug/2013:22:44:02 -0400] "GET /images/200_batter.jpg HTTP/1.1" 200 8643 "http://find.mapmuse.com/map/batting-cages" "Mozilla/5.0 (iPhone; CPU iPhone OS 6_1_3 like Mac OS X) AppleWebKit/536.26 (KHTML, like Gecko) Version/6.0 Mobile/10B329 Safari/8536.25"
198.105.219.58 - - [19/Aug/2013:06:53:50 -0400] "HEAD / HTTP/1.1" 200 - "-" "checks.panopta.com"
198.105.219.58 - - [19/Aug/2013:00:51:23 -0400] "HEAD / HTTP/1.1" 200 - "-" "checks.panopta.com"
99.123.176.195 - - [19/Aug/2013:14:50:17 -0400] "GET /scripts/icwebsiteelement.css HTTP/1.1" 304 - "http://farragutputtputt.com/" "Mozilla/5.0 (Linux; U; Android 4.1.1; en-us; GT-P5113 Build/JRO03C) AppleWebKit/534.30 (KHTML, like Gecko) Version/4.0 Safari/534.30"
99.123.176.195 - - [19/Aug/2013:14:50:18 -0400] "GET /images/2004buster1.JPG HTTP/1.1" 304 - "http://farragutputtputt.com/" "Mozilla/5.0 (Linux; U; Android 4.1.1; en-us; GT-P5113 Build/JRO03C) AppleWebKit/534.30 (KHTML, like Gecko) Version/4.0 Safari/534.30"
70.14.12.150 - - [19/Aug/2013:12:59:07 -0400] "GET /scripts/user.js HTTP/1.1" 200 23762 "http://farragutputtputt.com/birthdaypartyinfo.html" "Mozilla/5.0 (iPad; CPU OS 6_1_2 like Mac OS X) AppleWebKit/536.26 (KHTML, like Gecko) Version/6.0 Mobile/10B146 Safari/8536.25"
70.14.12.150 - - [19/Aug/2013:12:59:08 -0400] "GET /images/194_buster-with-mail-box.JPG HTTP/1.1" 200 7334 "http://farragutputtputt.com/birthdaypartyinfo.html" "Mozilla/5.0 (iPad; CPU OS 6_1_2 like Mac OS X) AppleWebKit/536.26 (KHTML, like Gecko) Version/6.0 Mobile/10B146 Safari/8536.25"
70.14.12.150 - - [19/Aug/2013:12:59:08 -0400] "GET /images/385_im_party.gif HTTP/1.1" 200 20294 "http://farragutputtputt.com/birthdaypartyinfo.html" "Mozilla/5.0 (iPad; CPU OS 6_1_2 like Mac OS X) AppleWebKit/536.26 (KHTML, like Gecko) Version/6.0 Mobile/10B146 Safari/8536.25"
208.115.113.85 - - [19/Aug/2013:14:21:03 -0400] "GET /robots.txt HTTP/1.1" 200 25 "-" "Mozilla/5.0 (compatible; Ezooms/1.0; ezooms.bot@gmail.com)"
91.207.9.226 - - [19/Aug/2013:11:37:49 -0400] "GET / HTTP/1.1" 200 26620 "http://clubsovetov.ru/" "Mozilla/4.0 (compatible; MSIE 6.0; Windows NT 5.1) Opera 7.54 [en]"
69.171.187.15 - - [19/Aug/2013:15:28:40 -0400] "GET /scripts/website.css HTTP/1.1" 200 1642 "http://www.farragutputtputt.com/" "Mozilla/5.0 (Linux; U; Android 4.0.4; en-us; HTC_H1000C Build/IMM76D) AppleWebKit/534.30 (KHTML, like Gecko) Version/4.0 Mobile Safari/534.30"
69.171.187.15 - - [19/Aug/2013:15:28:44 -0400] "GET /images/174_PPCG.jpg HTTP/1.1" 200 8468 "http://www.farragutputtputt.com/" "Mozilla/5.0 (Linux; U; Android 4.0.4; en-us; HTC_H1000C Build/IMM76D) AppleWebKit/534.30 (KHTML, like Gecko) Version/4.0 Mobile Safari/534.30"
166.147.120.44 - - [19/Aug/2013:17:12:07 -0400] "GET / HTTP/1.1" 200 26620 "-" "Mozilla/5.0 (Linux; U; Android 4.1.1; en-us; SAMSUNG-SGH-I747 Build/JRO03L) AppleWebKit/534.30 (KHTML, like Gecko) Version/4.0 Mobile Safari/534.30"
166.147.120.44 - - [19/Aug/2013:17:12:07 -0400] "GET /scripts/ic_globals_published.js HTTP/1.1" 200 566 "http://farragutputtputt.com/" "Mozilla/5.0 (Linux; U; Android 4.1.1; en-us; SAMSUNG-SGH-I747 Build/JRO03L) AppleWebKit/534.30 (KHTML, like Gecko) Version/4.0 Mobile Safari/534.30"
166.147.120.44 - - [19/Aug/2013:17:12:07 -0400] "GET /scripts/user.js HTTP/1.1" 200 23762 "http://farragutputtputt.com/" "Mozilla/5.0 (Linux; U; Android 4.1.1; en-us; SAMSUNG-SGH-I747 Build/JRO03L) AppleWebKit/534.30 (KHTML, like Gecko) Version/4.0 Mobile Safari/534.30"
166.147.120.44 - - [19/Aug/2013:17:12:07 -0400] "GET /scripts/photoalbum.js HTTP/1.1" 200 62481 "http://farragutputtputt.com/" "Mozilla/5.0 (Linux; U; Android 4.1.1; en-us; SAMSUNG-SGH-I747 Build/JRO03L) AppleWebKit/534.30 (KHTML, like Gecko) Version/4.0 Mobile Safari/534.30"
166.147.120.44 - - [19/Aug/2013:17:12:07 -0400] "GET /images/ic_046_accent_bg.png HTTP/1.1" 200 9871 "http://farragutputtputt.com/" "Mozilla/5.0 (Linux; U; Android 4.1.1; en-us; SAMSUNG-SGH-I747 Build/JRO03L) AppleWebKit/534.30 (KHTML, like Gecko) Version/4.0 Mobile Safari/534.30"
166.147.120.44 - - [19/Aug/2013:17:12:07 -0400] "GET /images/ic_046_header_bg_wide.png HTTP/1.1" 200 3558 "http://farragutputtputt.com/" "Mozilla/5.0 (Linux; U; Android 4.1.1; en-us; SAMSUNG-SGH-I747 Build/JRO03L) AppleWebKit/534.30 (KHTML, like Gecko) Version/4.0 Mobile Safari/534.30"
166.147.120.44 - - [19/Aug/2013:17:12:07 -0400] "GET /images/ic_046_content_top_bg_wide.png HTTP/1.1" 200 780 "http://farragutputtputt.com/" "Mozilla/5.0 (Linux; U; Android 4.1.1; en-us; SAMSUNG-SGH-I747 Build/JRO03L) AppleWebKit/534.30 (KHTML, like Gecko) Version/4.0 Mobile Safari/534.30"
166.147.120.44 - - [19/Aug/2013:17:12:07 -0400] "GET /images/174_PPCG.jpg HTTP/1.1" 200 8468 "http://farragutputtputt.com/" "Mozilla/5.0 (Linux; U; Android 4.1.1; en-us; SAMSUNG-SGH-I747 Build/JRO03L) AppleWebKit/534.30 (KHTML, like Gecko) Version/4.0 Mobile Safari/534.30"
166.147.120.44 - - [19/Aug/2013:17:12:07 -0400] "GET /images/385_im_party.gif HTTP/1.1" 200 20294 "http://farragutputtputt.com/" "Mozilla/5.0 (Linux; U; Android 4.1.1; en-us; SAMSUNG-SGH-I747 Build/JRO03L) AppleWebKit/534.30 (KHTML, like Gecko) Version/4.0 Mobile Safari/534.30"
166.147.120.44 - - [19/Aug/2013:17:12:07 -0400] "GET /images/504_PP_jpeg_map_2013.JPG HTTP/1.1" 200 21190 "http://farragutputtputt.com/" "Mozilla/5.0 (Linux; U; Android 4.1.1; en-us; SAMSUNG-SGH-I747 Build/JRO03L) AppleWebKit/534.30 (KHTML, like Gecko) Version/4.0 Mobile Safari/534.30"
166.147.120.44 - - [19/Aug/2013:17:12:07 -0400] "GET /images/88_tennessee_fl_md_wht.gif HTTP/1.1" 200 7701 "http://farragutputtputt.com/" "Mozilla/5.0 (Linux; U; Android 4.1.1; en-us; SAMSUNG-SGH-I747 Build/JRO03L) AppleWebKit/534.30 (KHTML, like Gecko) Version/4.0 Mobile Safari/534.30"
166.147.120.44 - - [19/Aug/2013:17:12:07 -0400] "GET /images/174_buster-with-mail-box.JPG HTTP/1.1" 200 7132 "http://farragutputtputt.com/" "Mozilla/5.0 (Linux; U; Android 4.1.1; en-us; SAMSUNG-SGH-I747 Build/JRO03L) AppleWebKit/534.30 (KHTML, like Gecko) Version/4.0 Mobile Safari/534.30"
166.147.120.44 - - [19/Aug/2013:17:12:08 -0400] "GET /images/ic_046_content_bottom_bg_wide.png HTTP/1.1" 200 1373 "http://farragutputtputt.com/" "Mozilla/5.0 (Linux; U; Android 4.1.1; en-us; SAMSUNG-SGH-I747 Build/JRO03L) AppleWebKit/534.30 (KHTML, like Gecko) Version/4.0 Mobile Safari/534.30"
166.147.120.44 - - [19/Aug/2013:17:12:08 -0400] "GET /scripts/print.css HTTP/1.1" 200 - "http://farragutputtputt.com/" "Mozilla/5.0 (Linux; U; Android 4.1.1; en-us; SAMSUNG-SGH-I747 Build/JRO03L) AppleWebKit/534.30 (KHTML, like Gecko) Version/4.0 Mobile Safari/534.30"
166.147.120.44 - - [19/Aug/2013:17:12:08 -0400] "GET /favicon.ico HTTP/1.1" 404 575 "http://farragutputtputt.com/" "Mozilla/5.0 (Linux; U; Android 4.1.1; en-us; SAMSUNG-SGH-I747 Build/JRO03L) AppleWebKit/534.30 (KHTML, like Gecko) Version/4.0 Mobile Safari/534.30"
197.246.20.190 - - [19/Aug/2013:17:40:09 -0400] "GET /images/ic_046_accent_bg.png HTTP/1.1" 200 9871 "http://www.farragutputtputt.com/scripts/template.css" "Mozilla/5.0 (Windows; U; Windows NT 6.1; en-US; rv:1.9.2.9) Gecko/20100824 Firefox/3.6.9"
192.249.1.147 - - [19/Aug/2013:19:27:35 -0400] "GET /scripts/template.css HTTP/1.1" 304 - "http://www.farragutputtputt.com/attractionsprices.html" "Mozilla/4.0 (compatible; MSIE 8.0; Windows NT 5.1; Trident/4.0; GTB7.5; .NET CLR 1.1.4322; .NET CLR 2.0.50727; .NET CLR 3.0.4506.2152; .NET CLR 3.5.30729; Zune 4.7; AskTbAD4/5.13.2.19379; .NET4.0C)"
192.249.1.147 - - [19/Aug/2013:19:27:35 -0400] "GET /images/2004buster1.JPG HTTP/1.1" 304 - "http://www.farragutputtputt.com/attractionsprices.html" "Mozilla/4.0 (compatible; MSIE 8.0; Windows NT 5.1; Trident/4.0; GTB7.5; .NET CLR 1.1.4322; .NET CLR 2.0.50727; .NET CLR 3.0.4506.2152; .NET CLR 3.5.30729; Zune 4.7; AskTbAD4/5.13.2.19379; .NET4.0C)"
192.249.1.147 - - [19/Aug/2013:19:27:35 -0400] "GET /images/212_BatZone.jpg HTTP/1.1" 200 11220 "http://www.farragutputtputt.com/attractionsprices.html" "Mozilla/4.0 (compatible; MSIE 8.0; Windows NT 5.1; Trident/4.0; GTB7.5; .NET CLR 1.1.4322; .NET CLR 2.0.50727; .NET CLR 3.0.4506.2152; .NET CLR 3.5.30729; Zune 4.7; AskTbAD4/5.13.2.19379; .NET4.0C)"
192.249.1.147 - - [19/Aug/2013:19:27:35 -0400] "GET /images/150_487054.gif HTTP/1.1" 200 10214 "http://www.farragutputtputt.com/attractionsprices.html" "Mozilla/4.0 (compatible; MSIE 8.0; Windows NT 5.1; Trident/4.0; GTB7.5; .NET CLR 1.1.4322; .NET CLR 2.0.50727; .NET CLR 3.0.4506.2152; .NET CLR 3.5.30729; Zune 4.7; AskTbAD4/5.13.2.19379; .NET4.0C)"
192.249.1.147 - - [19/Aug/2013:19:27:36 -0400] "GET /images/ic_046_content_bottom_bg_wide.png HTTP/1.1" 304 - "http://www.farragutputtputt.com/attractionsprices.html" "Mozilla/4.0 (compatible; MSIE 8.0; Windows NT 5.1; Trident/4.0; GTB7.5; .NET CLR 1.1.4322; .NET CLR 2.0.50727; .NET CLR 3.0.4506.2152; .NET CLR 3.5.30729; Zune 4.7; AskTbAD4/5.13.2.19379; .NET4.0C)"
66.87.89.125 - - [19/Aug/2013:19:32:37 -0400] "GET /images/385_im_party.gif HTTP/1.1" 200 20294 "http://www.farragutputtputt.com/" "Mozilla/5.0 (Linux; U; Android 2.3.6; en-us; SPH-M820-BST Build/GINGERBREAD) AppleWebKit/533.1 (KHTML, like Gecko) Version/4.0 Mobile Safari/533.1"
66.87.89.125 - - [19/Aug/2013:19:32:37 -0400] "GET /images/174_buster-with-mail-box.JPG HTTP/1.1" 200 7132 "http://www.farragutputtputt.com/" "Mozilla/5.0 (Linux; U; Android 2.3.6; en-us; SPH-M820-BST Build/GINGERBREAD) AppleWebKit/533.1 (KHTML, like Gecko) Version/4.0 Mobile Safari/533.1"
66.87.89.125 - - [19/Aug/2013:19:32:38 -0400] "GET /images/ic_046_header_bg_wide.png HTTP/1.1" 200 3558 "http://www.farragutputtputt.com/" "Mozilla/5.0 (Linux; U; Android 2.3.6; en-us; SPH-M820-BST Build/GINGERBREAD) AppleWebKit/533.1 (KHTML, like Gecko) Version/4.0 Mobile Safari/533.1"
70.210.1.213 - - [19/Aug/2013:20:07:43 -0400] "GET /scripts/website.css HTTP/1.1" 304 - "http://farragutputtputt.com/" "Mozilla/5.0 (iPhone; CPU iPhone OS 6_1_4 like Mac OS X) AppleWebKit/536.26 (KHTML, like Gecko) Version/6.0 Mobile/10B350 Safari/8536.25"
198.105.219.58 - - [19/Aug/2013:04:37:58 -0400] "HEAD / HTTP/1.1" 200 - "-" "checks.panopta.com"
198.105.219.58 - - [19/Aug/2013:04:52:59 -0400] "HEAD / HTTP/1.1" 200 - "-" "checks.panopta.com"
174.49.49.36 - - [19/Aug/2013:22:10:01 -0400] "GET /favicon.ico HTTP/1.1" 404 575 "-" "Mozilla/5.0 (Windows NT 6.1; WOW64) AppleWebKit/537.36 (KHTML, like Gecko) Chrome/28.0.1500.95 Safari/537.36"
174.49.49.36 - - [19/Aug/2013:22:10:01 -0400] "GET /scripts/2custom.css HTTP/1.1" 200 5279 "http://farragutputtputt.com/attractionsprices.html" "Mozilla/5.0 (Windows NT 6.1; WOW64) AppleWebKit/537.36 (KHTML, like Gecko) Chrome/28.0.1500.95 Safari/537.36"
174.49.49.36 - - [19/Aug/2013:22:10:01 -0400] "GET /images/253_BusterClub3.jpg HTTP/1.1" 200 10383 "http://farragutputtputt.com/attractionsprices.html" "Mozilla/5.0 (Windows NT 6.1; WOW64) AppleWebKit/537.36 (KHTML, like Gecko) Chrome/28.0.1500.95 Safari/537.36"
172.12.192.38 - - [19/Aug/2013:23:39:40 -0400] "GET / HTTP/1.1" 200 26620 "https://www.google.com/" "Mozilla/5.0 (Windows NT 6.1; WOW64) AppleWebKit/537.36 (KHTML, like Gecko) Chrome/28.0.1500.95 Safari/537.36"
172.12.192.38 - - [19/Aug/2013:23:39:40 -0400] "GET /scripts/ic_globals_published.js HTTP/1.1" 200 566 "http://farragutputtputt.com/" "Mozilla/5.0 (Windows NT 6.1; WOW64) AppleWebKit/537.36 (KHTML, like Gecko) Chrome/28.0.1500.95 Safari/537.36"
172.12.192.38 - - [19/Aug/2013:23:39:40 -0400] "GET /images/88_tennessee_fl_md_wht.gif HTTP/1.1" 200 7701 "http://farragutputtputt.com/" "Mozilla/5.0 (Windows NT 6.1; WOW64) AppleWebKit/537.36 (KHTML, like Gecko) Chrome/28.0.1500.95 Safari/537.36"
172.12.192.38 - - [19/Aug/2013:23:39:40 -0400] "GET /images/ic_046_navcontainer_bg.png HTTP/1.1" 200 5832 "http://farragutputtputt.com/" "Mozilla/5.0 (Windows NT 6.1; WOW64) AppleWebKit/537.36 (KHTML, like Gecko) Chrome/28.0.1500.95 Safari/537.36"
172.12.192.38 - - [19/Aug/2013:23:39:40 -0400] "GET /scripts/print.css HTTP/1.1" 200 - "http://farragutputtputt.com/" "Mozilla/5.0 (Windows NT 6.1; WOW64) AppleWebKit/537.36 (KHTML, like Gecko) Chrome/28.0.1500.95 Safari/537.36"
12.133.10.202 - - [19/Aug/2013:09:09:15 -0400] "GET /scripts/website.css HTTP/1.1" 200 1642 "http://farragutputtputt.com/" "Mozilla/5.0 (compatible; MSIE 10.0; Windows NT 6.1; Trident/6.0)"
12.133.10.202 - - [19/Aug/2013:09:09:16 -0400] "GET /images/190_PPFC_ltfb.jpg HTTP/1.1" 200 7684 "http://farragutputtputt.com/" "Mozilla/5.0 (compatible; MSIE 10.0; Windows NT 6.1; Trident/6.0)"
12.133.10.202 - - [19/Aug/2013:09:09:16 -0400] "GET /images/media_snd.gif HTTP/1.1" 200 1379 "http://farragutputtputt.com/" "Mozilla/5.0 (compatible; MSIE 10.0; Windows NT 6.1; Trident/6.0)"
66.249.75.135 - - [19/Aug/2013:09:09:51 -0400] "GET /scripts/1custom.css HTTP/1.1" 200 5022 "-" "Mozilla/5.0 (compatible; Googlebot/2.1; +http://www.google.com/bot.html)"
108.250.252.149 - - [19/Aug/2013:09:32:58 -0400] "GET /images/ic_046_content_bottom_bg_wide.png HTTP/1.1" 200 1373 "http://www.farragutputtputt.com/" "Mozilla/5.0 (Linux; U; Android 4.0.4; es-us; C5170 Build/IML77) AppleWebKit/534.30 (KHTML, like Gecko) Version/4.0 Mobile Safari/534.30"
71.54.244.63 - - [19/Aug/2013:09:41:19 -0400] "GET /images/200_batter.jpg HTTP/1.1" 200 8643 "http://find.mapmuse.com/map/batting-cages/near/Fort+Myers,%20FL" "Mozilla/5.0 (compatible; MSIE 10.0; Windows NT 6.1; WOW64; Trident/6.0)"
198.105.219.58 - - [19/Aug/2013:15:58:15 -0400] "HEAD / HTTP/1.1" 200 - "-" "checks.panopta.com"
96.38.120.125 - - [19/Aug/2013:17:09:06 -0400] "GET / HTTP/1.1" 200 26620 "https://www.google.com/" "Mozilla/5.0 (Windows NT 6.1; WOW64) AppleWebKit/537.36 (KHTML, like Gecko) Chrome/28.0.1500.95 Safari/537.36"
96.38.120.125 - - [19/Aug/2013:17:09:06 -0400] "GET /scripts/1custom.css HTTP/1.1" 200 5022 "http://farragutputtputt.com/" "Mozilla/5.0 (Windows NT 6.1; WOW64) AppleWebKit/537.36 (KHTML, like Gecko) Chrome/28.0.1500.95 Safari/537.36"
96.38.120.125 - - [19/Aug/2013:17:09:07 -0400] "GET /images/174_PPCG.jpg HTTP/1.1" 200 8468 "http://farragutputtputt.com/" "Mozilla/5.0 (Windows NT 6.1; WOW64) AppleWebKit/537.36 (KHTML, like Gecko) Chrome/28.0.1500.95 Safari/537.36"
96.38.120.125 - - [19/Aug/2013:17:09:07 -0400] "GET /images/88_tennessee_fl_md_wht.gif HTTP/1.1" 200 7701 "http://farragutputtputt.com/" "Mozilla/5.0 (Windows NT 6.1; WOW64) AppleWebKit/537.36 (KHTML, like Gecko) Chrome/28.0.1500.95 Safari/537.36"
96.38.120.125 - - [19/Aug/2013:17:09:07 -0400] "GET /images/ic_046_nav_inner_bg.gif HTTP/1.1" 200 158 "http://farragutputtputt.com/" "Mozilla/5.0 (Windows NT 6.1; WOW64) AppleWebKit/537.36 (KHTML, like Gecko) Chrome/28.0.1500.95 Safari/537.36"
197.246.20.190 - - [19/Aug/2013:17:39:59 -0400] "GET /scripts/user.js HTTP/1.1" 200 23762 "http://www.farragutputtputt.com/" "Mozilla/5.0 (Windows; U; Windows NT 6.1; en-US; rv:1.9.2.9) Gecko/20100824 Firefox/3.6.9"
197.246.20.190 - - [19/Aug/2013:17:40:01 -0400] "GET /images/84_USA-05.gif HTTP/1.1" 200 9755 "http://www.farragutputtputt.com/" "Mozilla/5.0 (Windows; U; Windows NT 6.1; en-US; rv:1.9.2.9) Gecko/20100824 Firefox/3.6.9"
197.246.20.190 - - [19/Aug/2013:17:40:03 -0400] "GET /images/2004buster1.JPG HTTP/1.1" 200 5573 "http://www.farragutputtputt.com/scripts/website.css" "Mozilla/5.0 (Windows; U; Windows NT 6.1; en-US; rv:1.9.2.9) Gecko/20100824 Firefox/3.6.9"
197.246.20.190 - - [19/Aug/2013:17:40:04 -0400] "GET /images/ic_046_content_bottom_bg_wide.png HTTP/1.1" 200 1373 "http://www.farragutputtputt.com/scripts/template.css" "Mozilla/5.0 (Windows; U; Windows NT 6.1; en-US; rv:1.9.2.9) Gecko/20100824 Firefox/3.6.9"
71.227.148.54 - - [19/Aug/2013:22:31:24 -0400] "GET /images/ic_046_content_top_bg_wide.png HTTP/1.1" 200 780 "http://www.farragutputtputt.com/" "Mozilla/5.0 (Macintosh; Intel Mac OS X 10_5_8) AppleWebKit/534.50.2 (KHTML, like Gecko) Version/5.0.6 Safari/533.22.3"
71.227.148.54 - - [19/Aug/2013:22:31:24 -0400] "GET /images/385_im_party.gif HTTP/1.1" 200 20294 "http://www.farragutputtputt.com/" "Mozilla/5.0 (Macintosh; Intel Mac OS X 10_5_8) AppleWebKit/534.50.2 (KHTML, like Gecko) Version/5.0.6 Safari/533.22.3"
71.227.148.54 - - [19/Aug/2013:22:31:24 -0400] "GET /images/ic_046_content_bottom_bg_wide.png HTTP/1.1" 200 1373 "http://www.farragutputtputt.com/" "Mozilla/5.0 (Macintosh; Intel Mac OS X 10_5_8) AppleWebKit/534.50.2 (KHTML, like Gecko) Version/5.0.6 Safari/533.22.3"
24.112.70.198 - - [19/Aug/2013:22:32:30 -0400] "GET /scripts/template.css HTTP/1.1" 200 9762 "http://www.farragutputtputt.com/" "Mozilla/5.0 (iPhone; CPU iPhone OS 6_0 like Mac OS X) AppleWebKit/536.26 (KHTML, like Gecko) Version/6.0 Mobile/10A403 Safari/8536.25"
24.112.70.198 - - [19/Aug/2013:22:32:31 -0400] "GET /images/84_USA-05.gif HTTP/1.1" 200 9755 "http://www.farragutputtputt.com/" "Mozilla/5.0 (iPhone; CPU iPhone OS 6_0 like Mac OS X) AppleWebKit/536.26 (KHTML, like Gecko) Version/6.0 Mobile/10A403 Safari/8536.25"
24.112.70.198 - - [19/Aug/2013:22:32:31 -0400] "GET /images/ic_046_navcontainer_bg.png HTTP/1.1" 200 5832 "http://www.farragutputtputt.com/" "Mozilla/5.0 (iPhone; CPU iPhone OS 6_0 like Mac OS X) AppleWebKit/536.26 (KHTML, like Gecko) Version/6.0 Mobile/10A403 Safari/8536.25"
123.125.71.89 - - [19/Aug/2013:22:58:36 -0400] "GET /robots.txt HTTP/1.1" 200 25 "-" "Mozilla/5.0 (compatible; Baiduspider/2.0; +http://www.baidu.com/search/spider.html)"
76.123.236.158 - - [19/Aug/2013:00:07:33 -0400] "GET /scripts/ic_globals_published.js HTTP/1.1" 200 566 "http://www.farragutputtputt.com/" "Mozilla/5.0 (iPhone; CPU iPhone OS 6_1_4 like Mac OS X) AppleWebKit/536.26 (KHTML, like Gecko) Version/6.0 Mobile/10B350 Safari/8536.25"
76.123.236.158 - - [19/Aug/2013:00:07:34 -0400] "GET /images/385_im_party.gif HTTP/1.1" 200 20294 "http://www.farragutputtputt.com/" "Mozilla/5.0 (iPhone; CPU iPhone OS 6_1_4 like Mac OS X) AppleWebKit/536.26 (KHTML, like Gecko) Version/6.0 Mobile/10B350 Safari/8536.25"
76.123.236.158 - - [19/Aug/2013:00:07:34 -0400] "GET /images/88_tennessee_fl_md_wht.gif HTTP/1.1" 200 7701 "http://www.farragutputtputt.com/" "Mozilla/5.0 (iPhone; CPU iPhone OS 6_1_4 like Mac OS X) AppleWebKit/536.26 (KHTML, like Gecko) Version/6.0 Mobile/10B350 Safari/8536.25"
76.123.236.158 - - [19/Aug/2013:00:07:34 -0400] "GET /images/media_snd.gif HTTP/1.1" 200 1379 "http://www.farragutputtputt.com/" "Mozilla/5.0 (iPhone; CPU iPhone OS 6_1_4 like Mac OS X) AppleWebKit/536.26 (KHTML, like Gecko) Version/6.0 Mobile/10B350 Safari/8536.25"
76.123.236.158 - - [19/Aug/2013:00:07:34 -0400] "GET /images/174_buster-with-mail-box.JPG HTTP/1.1" 200 7132 "http://www.farragutputtputt.com/" "Mozilla/5.0 (iPhone; CPU iPhone OS 6_1_4 like Mac OS X) AppleWebKit/536.26 (KHTML, like Gecko) Version/6.0 Mobile/10B350 Safari/8536.25"
70.14.12.150 - - [19/Aug/2013:12:59:08 -0400] "GET /scripts/template.css HTTP/1.1" 200 9762 "http://farragutputtputt.com/birthdaypartyinfo.html" "Mozilla/5.0 (iPad; CPU OS 6_1_2 like Mac OS X) AppleWebKit/536.26 (KHTML, like Gecko) Version/6.0 Mobile/10B146 Safari/8536.25"
70.14.12.150 - - [19/Aug/2013:12:59:08 -0400] "GET /images/356_birthdayheader.jpg HTTP/1.1" 200 13204 "http://farragutputtputt.com/birthdaypartyinfo.html" "Mozilla/5.0 (iPad; CPU OS 6_1_2 like Mac OS X) AppleWebKit/536.26 (KHTML, like Gecko) Version/6.0 Mobile/10B146 Safari/8536.25"
70.14.12.150 - - [19/Aug/2013:12:59:08 -0400] "GET /images/2004buster1.JPG HTTP/1.1" 200 5573 "http://farragutputtputt.com/birthdaypartyinfo.html" "Mozilla/5.0 (iPad; CPU OS 6_1_2 like Mac OS X) AppleWebKit/536.26 (KHTML, like Gecko) Version/6.0 Mobile/10B146 Safari/8536.25"
70.14.12.150 - - [19/Aug/2013:12:59:08 -0400] "GET /images/ic_046_content_top_bg_wide.png HTTP/1.1" 200 780 "http://farragutputtputt.com/birthdaypartyinfo.html" "Mozilla/5.0 (iPad; CPU OS 6_1_2 like Mac OS X) AppleWebKit/536.26 (KHTML, like Gecko) Version/6.0 Mobile/10B146 Safari/8536.25"
70.91.236.173 - - [19/Aug/2013:13:10:05 -0400] "GET /images/220_SnackShack.jpg HTTP/1.1" 200 14543 "-" "Mozilla/5.0 (Windows NT 5.1; rv:22.0) Gecko/20100101 Firefox/22.0"
64.9.106.202 - - [19/Aug/2013:18:34:30 -0400] "GET /scripts/ic_globals_published.js HTTP/1.1" 200 566 "http://www.farragutputtputt.com/" "Mozilla/4.0 (compatible; MSIE 7.0; Windows NT 6.1; Trident/4.0; SLCC2; .NET CLR 2.0.50727; .NET CLR 3.5.30729; .NET CLR 3.0.30729; Media Center PC 6.0; .NET4.0C; .NET CLR 1.1.4322; .NET4.0E)"
99.123.176.195 - - [19/Aug/2013:18:57:06 -0400] "GET /images/ic_046_accent_bg.png HTTP/1.1" 304 - "http://farragutputtputt.com/" "Mozilla/5.0 (Linux; U; Android 4.1.1; en-us; GT-P5113 Build/JRO03C) AppleWebKit/534.30 (KHTML, like Gecko) Version/4.0 Safari/534.30"
99.123.176.195 - - [19/Aug/2013:18:57:21 -0400] "GET /favicon.ico HTTP/1.1" 404 575 "http://farragutputtputt.com/" "Mozilla/5.0 (Linux; U; Android 4.1.1; en-us; GT-P5113 Build/JRO03C) AppleWebKit/534.30 (KHTML, like Gecko) Version/4.0 Safari/534.30"
67.224.50.72 - - [19/Aug/2013:20:10:28 -0400] "GET /scripts/1custom.css HTTP/1.1" 200 5022 "http://farragutputtputt.com/" "Mozilla/5.0 (Windows NT 6.1; rv:23.0) Gecko/20100101 Firefox/23.0"
67.224.50.72 - - [19/Aug/2013:20:10:29 -0400] "GET /images/504_PP_jpeg_map_2013.JPG HTTP/1.1" 200 21190 "http://farragutputtputt.com/" "Mozilla/5.0 (Windows NT 6.1; rv:23.0) Gecko/20100101 Firefox/23.0"
67.224.50.72 - - [19/Aug/2013:20:10:29 -0400] "GET /images/174_buster-with-mail-box.JPG HTTP/1.1" 200 7132 "http://farragutputtputt.com/" "Mozilla/5.0 (Windows NT 6.1; rv:23.0) Gecko/20100101 Firefox/23.0"
67.224.50.72 - - [19/Aug/2013:20:10:29 -0400] "GET /images/ic_046_accent_bg.png HTTP/1.1" 200 9871 "http://farragutputtputt.com/scripts/template.css" "Mozilla/5.0 (Windows NT 6.1; rv:23.0) Gecko/20100101 Firefox/23.0"
71.29.146.118 - - [19/Aug/2013:20:10:48 -0400] "GET /images/200_batter.jpg HTTP/1.1" 200 8643 "http://find.mapmuse.com/map/batting-cages/near/Albany,+ga" "Mozilla/5.0 (compatible; MSIE 10.0; Windows NT 6.1; WOW64; Trident/6.0)"
174.237.3.55 - - [19/Aug/2013:20:15:33 -0400] "GET /scripts/template.css HTTP/1.1" 200 9762 "http://farragutputtputt.com/" "Mozilla/5.0 (iPhone; CPU iPhone OS 6_1_3 like Mac OS X) AppleWebKit/536.26 (KHTML, like Gecko) Version/6.0 Mobile/10B329 Safari/8536.25"
99.123.176.195 - - [19/Aug/2013:09:29:38 -0400] "GET /scripts/1custom.css HTTP/1.1" 304 - "http://farragutputtputt.com/" "Mozilla/5.0 (Linux; U; Android 4.1.1; en-us; GT-P5113 Build/JRO03C) AppleWebKit/534.30 (KHTML, like Gecko) Version/4.0 Safari/534.30"
99.123.176.195 - - [19/Aug/2013:09:29:39 -0400] "GET /images/ic_046_header_bg_wide.png HTTP/1.1" 304 - "http://farragutputtputt.com/" "Mozilla/5.0 (Linux; U; Android 4.1.1; en-us; GT-P5113 Build/JRO03C) AppleWebKit/534.30 (KHTML, like Gecko) Version/4.0 Safari/534.30"
220.181.89.170 - - [19/Aug/2013:09:49:23 -0400] "GET / HTTP/1.1" 200 26620 "-" "Sogou web spider/4.0(+http://www.sogou.com/docs/help/webmasters.htm#07)"
157.55.34.99 - - [19/Aug/2013:10:32:41 -0400] "GET /robots.txt HTTP/1.1" 200 25 "-" "Mozilla/5.0 (compatible; bingbot/2.0; +http://www.bing.com/bingbot.htm)"
70.210.2.226 - - [19/Aug/2013:11:15:33 -0400] "GET /images/253_BusterBatZone.jpg HTTP/1.1" 200 15829 "http://www.farragutputtputt.com/attractionsprices.html" "Mozilla/5.0 (Linux; U; Android 4.1.2; en-us; SCH-I535 Build/JZO54K) AppleWebKit/534.30 (KHTML, like Gecko) Version/4.0 Mobile Safari/534.30"
198.105.219.58 - - [19/Aug/2013:06:23:46 -0400] "HEAD / HTTP/1.1" 200 - "-" "checks.panopta.com"
99.110.76.159 - - [19/Aug/2013:16:07:42 -0400] "GET /scripts/website.css HTTP/1.1" 200 1642 "http://farragutputtputt.com/" "Mozilla/5.0 (Windows NT 6.2; WOW64) AppleWebKit/537.36 (KHTML, like Gecko) Chrome/28.0.1500.95 Safari/537.36"
99.110.76.159 - - [19/Aug/2013:16:07:42 -0400] "GET /images/174_PPCG.jpg HTTP/1.1" 200 8468 "http://farragutputtputt.com/" "Mozilla/5.0 (Windows NT 6.2; WOW64) AppleWebKit/537.36 (KHTML, like Gecko) Chrome/28.0.1500.95 Safari/537.36"
99.110.76.159 - - [19/Aug/2013:16:07:43 -0400] "GET /images/174_buster-with-mail-box.JPG HTTP/1.1" 200 7132 "http://farragutputtputt.com/" "Mozilla/5.0 (Windows NT 6.2; WOW64) AppleWebKit/537.36 (KHTML, like Gecko) Chrome/28.0.1500.95 Safari/537.36"
99.110.76.159 - - [19/Aug/2013:16:07:43 -0400] "GET /images/ic_046_accent_bg.png HTTP/1.1" 200 9871 "http://farragutputtputt.com/" "Mozilla/5.0 (Windows NT 6.2; WOW64) AppleWebKit/537.36 (KHTML, like Gecko) Chrome/28.0.1500.95 Safari/537.36"
99.110.76.159 - - [19/Aug/2013:16:07:56 -0400] "GET /scripts/1custom.css HTTP/1.1" 200 5022 "http://www.farragutputtputt.com/" "Mozilla/5.0 (Windows NT 6.2; WOW64) AppleWebKit/537.36 (KHTML, like Gecko) Chrome/28.0.1500.95 Safari/537.36"
99.110.76.159 - - [19/Aug/2013:16:07:56 -0400] "GET /images/504_PP_jpeg_map_2013.JPG HTTP/1.1" 200 21190 "http://www.farragutputtputt.com/" "Mozilla/5.0 (Windows NT 6.2; WOW64) AppleWebKit/537.36 (KHTML, like Gecko) Chrome/28.0.1500.95 Safari/537.36"
99.110.76.159 - - [19/Aug/2013:16:07:56 -0400] "GET /images/174_buster-with-mail-box.JPG HTTP/1.1" 200 7132 "http://www.farragutputtputt.com/" "Mozilla/5.0 (Windows NT 6.2; WOW64) AppleWebKit/537.36 (KHTML, like Gecko) Chrome/28.0.1500.95 Safari/537.36"
99.110.76.159 - - [19/Aug/2013:16:07:56 -0400] "GET /images/ic_046_header_bg_wide.png HTTP/1.1" 200 3558 "http://www.farragutputtputt.com/" "Mozilla/5.0 (Windows NT 6.2; WOW64) AppleWebKit/537.36 (KHTML, like Gecko) Chrome/28.0.1500.95 Safari/537.36"
46.119.118.152 - - [19/Aug/2013:16:26:34 -0400] "GET / HTTP/1.1" 200 26620 "http://ilya-muromec.ru/" "Mozilla/4.0 (compatible; MSIE 6.0; Windows NT 5.1; .NET CLR 1.1.4322; Alexa Toolbar; (R1 1.5))"
50.142.234.168 - - [19/Aug/2013:18:14:01 -0400] "GET /scripts/user.js HTTP/1.1" 200 23762 "http://farragutputtputt.com/attractionsprices.html" "Mozilla/5.0 (iPad; CPU OS 6_1_3 like Mac OS X) AppleWebKit/536.26 (KHTML, like Gecko) Version/6.0 Mobile/10B329 Safari/8536.25"
50.142.234.168 - - [19/Aug/2013:18:14:01 -0400] "GET /scripts/photoalbum.js HTTP/1.1" 200 62481 "http://farragutputtputt.com/attractionsprices.html" "Mozilla/5.0 (iPad; CPU OS 6_1_3 like Mac OS X) AppleWebKit/536.26 (KHTML, like Gecko) Version/6.0 Mobile/10B329 Safari/8536.25"
50.142.234.168 - - [19/Aug/2013:18:14:01 -0400] "GET /images/356_golfheader.jpg HTTP/1.1" 200 11752 "http://farragutputtputt.com/attractionsprices.html" "Mozilla/5.0 (iPad; CPU OS 6_1_3 like Mac OS X) AppleWebKit/536.26 (KHTML, like Gecko) Version/6.0 Mobile/10B329 Safari/8536.25"
50.142.234.168 - - [19/Aug/2013:18:14:01 -0400] "GET /images/212_BatZone.jpg HTTP/1.1" 200 11220 "http://farragutputtputt.com/attractionsprices.html" "Mozilla/5.0 (iPad; CPU OS 6_1_3 like Mac OS X) AppleWebKit/536.26 (KHTML, like Gecko) Version/6.0 Mobile/10B329 Safari/8536.25"
50.142.234.168 - - [19/Aug/2013:18:14:01 -0400] "GET /images/150_662429.gif HTTP/1.1" 200 11480 "http://farragutputtputt.com/attractionsprices.html" "Mozilla/5.0 (iPad; CPU OS 6_1_3 like Mac OS X) AppleWebKit/536.26 (KHTML, like Gecko) Version/6.0 Mobile/10B329 Safari/8536.25"
50.142.234.168 - - [19/Aug/2013:18:14:02 -0400] "GET /images/240_IttiBitz_Neapolitan_20Image.jpg HTTP/1.1" 200 11511 "http://farragutputtputt.com/attractionsprices.html" "Mozilla/5.0 (iPad; CPU OS 6_1_3 like Mac OS X) AppleWebKit/536.26 (KHTML, like Gecko) Version/6.0 Mobile/10B329 Safari/8536.25"
50.142.234.168 - - [19/Aug/2013:18:14:02 -0400] "GET /images/2004buster1.JPG HTTP/1.1" 200 5573 "http://farragutputtputt.com/attractionsprices.html" "Mozilla/5.0 (iPad; CPU OS 6_1_3 like Mac OS X) AppleWebKit/536.26 (KHTML, like Gecko) Version/6.0 Mobile/10B329 Safari/8536.25"
50.142.234.168 - - [19/Aug/2013:18:14:02 -0400] "GET /images/ic_046_nav_inner_bg.gif HTTP/1.1" 200 158 "http://farragutputtputt.com/attractionsprices.html" "Mozilla/5.0 (iPad; CPU OS 6_1_3 like Mac OS X) AppleWebKit/536.26 (KHTML, like Gecko) Version/6.0 Mobile/10B329 Safari/8536.25"
50.142.234.168 - - [19/Aug/2013:18:14:02 -0400] "GET /images/ic_046_content_top_bg_wide.png HTTP/1.1" 200 780 "http://farragutputtputt.com/attractionsprices.html" "Mozilla/5.0 (iPad; CPU OS 6_1_3 like Mac OS X) AppleWebKit/536.26 (KHTML, like Gecko) Version/6.0 Mobile/10B329 Safari/8536.25"
