180.76.6.14 - - [19/Aug/2013:14:24:17 -0400] "GET / HTTP/1.1" 200 26620 "-" "Mozilla/5.0 (compatible; Baiduspider/2.0; +http://www.baidu.com/search/spider.html)"
70.210.19.243 - - [19/Aug/2013:15:00:53 -0400] "GET /scripts/2custom.css HTTP/1.1" 200 5279 "http://www.farragutputtputt.com/attractionsprices.html" "Mozilla/5.0 (Windows NT 6.1; WOW64; rv:12.0) Gecko/20100101 Firefox/12.0"
70.210.19.243 - - [19/Aug/2013:15:00:53 -0400] "GET /images/212_PartyZone.jpg HTTP/1.1" 200 13500 "http://www.farragutputtputt.com/attractionsprices.html" "Mozilla/5.0 (Windows NT 6.1; WOW64; rv:12.0) Gecko/20100101 Firefox/12.0"
70.210.19.243 - - [19/Aug/2013:15:00:53 -0400] "GET /images/253_BusterClub3.jpg HTTP/1.1" 200 10383 "http://www.farragutputtputt.com/attractionsprices.html" "Mozilla/5.0 (Windows NT 6.1; WOW64; rv:12.0) Gecko/20100101 Firefox/12.0"
70.210.19.243 - - [19/Aug/2013:15:00:53 -0400] "GET /images/150_487054.gif HTTP/1.1" 200 10214 "http://www.farragutputtputt.com/attractionsprices.html" "Mozilla/5.0 (Windows NT 6.1; WOW64; rv:12.0) Gecko/20100101 Firefox/12.0"
70.210.19.243 - - [19/Aug/2013:15:00:53 -0400] "GET /images/150_662429.gif HTTP/1.1" 200 11480 "http://www.farragutputtputt.com/attractionsprices.html" "Mozilla/5.0 (Windows NT 6.1; WOW64; rv:12.0) Gecko/20100101 Firefox/12.0"
74.110.238.214 - - [19/Aug/2013:16:56:41 -0400] "GET /scripts/website.css HTTP/1.1" 200 1642 "http://farragutputtputt.com/attractionsprices.html" "Mozilla/4.0 (compatible; MSIE 7.0; Windows NT 5.1; GTB7.5; .NET CLR 1.1.4322; .NET CLR 2.0.50727; .NET CLR 3.0.4506.2152; .NET CLR 3.5.30729; AskTbFWV5/5.15.25.44892)"
74.110.238.214 - - [19/Aug/2013:16:56:41 -0400] "GET /scripts/2custom.css HTTP/1.1" 200 5279 "http://farragutputtputt.com/attractionsprices.html" "Mozilla/4.0 (compatible; MSIE 7.0; Windows NT 5.1; GTB7.5; .NET CLR 1.1.4322; .NET CLR 2.0.50727; .NET CLR 3.0.4506.2152; .NET CLR 3.5.30729; AskTbFWV5/5.15.25.44892)"
74.110.238.214 - - [19/Aug/2013:16:56:41 -0400] "GET /images/ic_046_content_top_bg_wide.png HTTP/1.1" 200 780 "http://farragutputtputt.com/attractionsprices.html" "Mozilla/4.0 (compatible; MSIE 7.0; Windows NT 5.1; GTB7.5; .NET CLR 1.1.4322; .NET CLR 2.0.50727; .NET CLR 3.0.4506.2152; .NET CLR 3.5.30729; AskTbFWV5/5.15.25.44892)"
74.110.238.214 - - [19/Aug/2013:16:56:42 -0400] "GET /images/ic_046_accent_bg.png HTTP/1.1" 200 9871 "http://farragutputtputt.com/attractionsprices.html" "Mozilla/4.0 (compatible; MSIE 7.0; Windows NT 5.1; GTB7.5; .NET CLR 1.1.4322; .NET CLR 2.0.50727; .NET CLR 3.0.4506.2152; .NET CLR 3.5.30729; AskTbFWV5/5.15.25.44892)"
74.110.238.214 - - [19/Aug/2013:16:56:42 -0400] "GET /images/ic_046_nav_inner_bg.gif HTTP/1.1" 200 158 "http://farragutputtputt.com/attractionsprices.html" "Mozilla/4.0 (compatible; MSIE 7.0; Windows NT 5.1; GTB7.5; .NET CLR 1.1.4322; .NET CLR 2.0.50727; .NET CLR 3.0.4506.2152; .NET CLR 3.5.30729; AskTbFWV5/5.15.25.44892)"
74.110.238.214 - - [19/Aug/2013:16:56:42 -0400] "GET /images/356_golfheader.jpg HTTP/1.1" 200 11752 "http://farragutputtputt.com/attractionsprices.html" "Mozilla/4.0 (compatible; MSIE 7.0; Windows NT 5.1; GTB7.5; .NET CLR 1.1.4322; .NET CLR 2.0.50727; .NET CLR 3.0.4506.2152; .NET CLR 3.5.30729; AskTbFWV5/5.15.25.44892)"
74.110.238.214 - - [19/Aug/2013:16:56:42 -0400] "GET /images/220_PPCG.jpg HTTP/1.1" 200 11316 "http://farragutputtputt.com/attractionsprices.html" "Mozilla/4.0 (compatible; MSIE 7.0; Windows NT 5.1; GTB7.5; .NET CLR 1.1.4322; .NET CLR 2.0.50727; .NET CLR 3.0.4506.2152; .NET CLR 3.5.30729; AskTbFWV5/5.15.25.44892)"
74.110.238.214 - - [19/Aug/2013:16:56:42 -0400] "GET /images/doc_pdf.gif HTTP/1.1" 200 1002 "http://farragutputtputt.com/attractionsprices.html" "Mozilla/4.0 (compatible; MSIE 7.0; Windows NT 5.1; GTB7.5; .NET CLR 1.1.4322; .NET CLR 2.0.50727; .NET CLR 3.0.4506.2152; .NET CLR 3.5.30729; AskTbFWV5/5.15.25.44892)"
74.110.238.214 - - [19/Aug/2013:16:56:43 -0400] "GET /images/253_BusterBatZone.jpg HTTP/1.1" 200 15829 "http://farragutputtputt.com/attractionsprices.html" "Mozilla/4.0 (compatible; MSIE 7.0; Windows NT 5.1; GTB7.5; .NET CLR 1.1.4322; .NET CLR 2.0.50727; .NET CLR 3.0.4506.2152; .NET CLR 3.5.30729; AskTbFWV5/5.15.25.44892)"
74.110.238.214 - - [19/Aug/2013:16:56:43 -0400] "GET /images/130_spot_join.jpg HTTP/1.1" 200 7882 "http://farragutputtputt.com/attractionsprices.html" "Mozilla/4.0 (compatible; MSIE 7.0; Windows NT 5.1; GTB7.5; .NET CLR 1.1.4322; .NET CLR 2.0.50727; .NET CLR 3.0.4506.2152; .NET CLR 3.5.30729; AskTbFWV5/5.15.25.44892)"
74.110.238.214 - - [19/Aug/2013:16:56:43 -0400] "GET /images/150_bunn_frozen_drinks.jpg HTTP/1.1" 200 3756 "http://farragutputtputt.com/attractionsprices.html" "Mozilla/4.0 (compatible; MSIE 7.0; Windows NT 5.1; GTB7.5; .NET CLR 1.1.4322; .NET CLR 2.0.50727; .NET CLR 3.0.4506.2152; .NET CLR 3.5.30729; AskTbFWV5/5.15.25.44892)"
74.110.238.214 - - [19/Aug/2013:16:56:43 -0400] "GET /images/150_730111.gif HTTP/1.1" 200 10756 "http://farragutputtputt.com/attractionsprices.html" "Mozilla/4.0 (compatible; MSIE 7.0; Windows NT 5.1; GTB7.5; .NET CLR 1.1.4322; .NET CLR 2.0.50727; .NET CLR 3.0.4506.2152; .NET CLR 3.5.30729; AskTbFWV5/5.15.25.44892)"
74.110.238.214 - - [19/Aug/2013:16:56:43 -0400] "GET /images/240_IttiBitz_Neapolitan_20Image.jpg HTTP/1.1" 200 11511 "http://farragutputtputt.com/attractionsprices.html" "Mozilla/4.0 (compatible; MSIE 7.0; Windows NT 5.1; GTB7.5; .NET CLR 1.1.4322; .NET CLR 2.0.50727; .NET CLR 3.0.4506.2152; .NET CLR 3.5.30729; AskTbFWV5/5.15.25.44892)"
74.110.238.214 - - [19/Aug/2013:16:56:44 -0400] "GET /favicon.ico HTTP/1.1" 404 575 "-" "Mozilla/4.0 (compatible; MSIE 7.0; Windows NT 5.1; GTB7.5; .NET CLR 1.1.4322; .NET CLR 2.0.50727; .NET CLR 3.0.4506.2152; .NET CLR 3.5.30729; AskTbFWV5/5.15.25.44892)"
96.38.120.125 - - [19/Aug/2013:17:10:06 -0400] "GET /images/220_PPCG.jpg HTTP/1.1" 200 11316 "http://www.farragutputtputt.com/attractionsprices.html" "Mozilla/5.0 (Windows NT 6.1; WOW64) AppleWebKit/537.36 (KHTML, like Gecko) Chrome/28.0.1500.95 Safari/537.36"
96.38.120.125 - - [19/Aug/2013:17:10:06 -0400] "GET /images/356_golfheader.jpg HTTP/1.1" 200 11752 "http://www.farragutputtputt.com/attractionsprices.html" "Mozilla/5.0 (Windows NT 6.1; WOW64) AppleWebKit/537.36 (KHTML, like Gecko) Chrome/28.0.1500.95 Safari/537.36"
96.38.120.125 - - [19/Aug/2013:17:10:06 -0400] "GET /images/144_Big_Bass_Wheel_parts.jpg HTTP/1.1" 200 10460 "http://www.farragutputtputt.com/attractionsprices.html" "Mozilla/5.0 (Windows NT 6.1; WOW64) AppleWebKit/537.36 (KHTML, like Gecko) Chrome/28.0.1500.95 Safari/537.36"
96.38.120.125 - - [19/Aug/2013:17:10:06 -0400] "GET /images/150_730111.gif HTTP/1.1" 200 10756 "http://www.farragutputtputt.com/attractionsprices.html" "Mozilla/5.0 (Windows NT 6.1; WOW64) AppleWebKit/537.36 (KHTML, like Gecko) Chrome/28.0.1500.95 Safari/537.36"
96.38.120.125 - - [19/Aug/2013:17:10:06 -0400] "GET /images/240_IttiBitz_Neapolitan_20Image.jpg HTTP/1.1" 200 11511 "http://www.farragutputtputt.com/attractionsprices.html" "Mozilla/5.0 (Windows NT 6.1; WOW64) AppleWebKit/537.36 (KHTML, like Gecko) Chrome/28.0.1500.95 Safari/537.36"
71.228.165.127 - - [19/Aug/2013:17:55:52 -0400] "GET /scripts/photoalbum.js HTTP/1.1" 200 62481 "http://www.farragutputtputt.com/" "Mozilla/5.0 (iPad; CPU OS 6_1_3 like Mac OS X) AppleWebKit/536.26 (KHTML, like Gecko) Version/6.0 Mobile/10B329 Safari/8536.25"
71.228.165.127 - - [19/Aug/2013:17:56:00 -0400] "GET /images/504_PP_jpeg_map_2013.JPG HTTP/1.1" 200 21190 "http://www.farragutputtputt.com/" "Mozilla/5.0 (iPad; CPU OS 6_1_3 like Mac OS X) AppleWebKit/536.26 (KHTML, like Gecko) Version/6.0 Mobile/10B329 Safari/8536.25"
71.228.165.127 - - [19/Aug/2013:17:56:00 -0400] "GET /images/174_buster-with-mail-box.JPG HTTP/1.1" 200 7132 "http://www.farragutputtputt.com/" "Mozilla/5.0 (iPad; CPU OS 6_1_3 like Mac OS X) AppleWebKit/536.26 (KHTML, like Gecko) Version/6.0 Mobile/10B329 Safari/8536.25"
71.228.165.127 - - [19/Aug/2013:17:56:00 -0400] "GET /images/ic_046_content_top_bg_wide.png HTTP/1.1" 200 780 "http://www.farragutputtputt.com/" "Mozilla/5.0 (iPad; CPU OS 6_1_3 like Mac OS X) AppleWebKit/536.26 (KHTML, like Gecko) Version/6.0 Mobile/10B329 Safari/8536.25"
198.105.219.58 - - [19/Aug/2013:19:00:22 -0400] "HEAD / HTTP/1.1" 200 - "-" "checks.panopta.com"
99.45.84.7 - - [19/Aug/2013:19:04:05 -0400] "GET /scripts/photoalbum.js HTTP/1.1" 200 62481 "http://farragutputtputt.com/birthdaypartyinfo.html" "Mozilla/5.0 (Windows NT 6.0; WOW64; rv:13.0) Gecko/20100101 Firefox/13.0.1"
99.45.84.7 - - [19/Aug/2013:19:04:05 -0400] "GET /scripts/website.css HTTP/1.1" 200 1642 "http://farragutputtputt.com/birthdaypartyinfo.html" "Mozilla/5.0 (Windows NT 6.0; WOW64; rv:13.0) Gecko/20100101 Firefox/13.0.1"
99.45.84.7 - - [19/Aug/2013:19:04:06 -0400] "GET /images/356_birthdayheader.jpg HTTP/1.1" 200 13204 "http://farragutputtputt.com/birthdaypartyinfo.html" "Mozilla/5.0 (Windows NT 6.0; WOW64; rv:13.0) Gecko/20100101 Firefox/13.0.1"
99.45.84.7 - - [19/Aug/2013:19:04:06 -0400] "GET /images/148_BusterBday.jpg HTTP/1.1" 200 6502 "http://farragutputtputt.com/birthdaypartyinfo.html" "Mozilla/5.0 (Windows NT 6.0; WOW64; rv:13.0) Gecko/20100101 Firefox/13.0.1"
99.45.84.7 - - [19/Aug/2013:19:04:06 -0400] "GET /images/194_buster-with-mail-box.JPG HTTP/1.1" 200 7334 "http://farragutputtputt.com/birthdaypartyinfo.html" "Mozilla/5.0 (Windows NT 6.0; WOW64; rv:13.0) Gecko/20100101 Firefox/13.0.1"
99.45.84.7 - - [19/Aug/2013:19:04:06 -0400] "GET /images/2004buster1.JPG HTTP/1.1" 200 5573 "http://farragutputtputt.com/scripts/website.css" "Mozilla/5.0 (Windows NT 6.0; WOW64; rv:13.0) Gecko/20100101 Firefox/13.0.1"
99.45.84.7 - - [19/Aug/2013:19:04:07 -0400] "GET /images/ic_046_content_top_bg_wide.png HTTP/1.1" 200 780 "http://farragutputtputt.com/scripts/template.css" "Mozilla/5.0 (Windows NT 6.0; WOW64; rv:13.0) Gecko/20100101 Firefox/13.0.1"
99.45.84.7 - - [19/Aug/2013:19:04:07 -0400] "GET /images/ic_046_content_bottom_bg_wide.png HTTP/1.1" 200 1373 "http://farragutputtputt.com/scripts/template.css" "Mozilla/5.0 (Windows NT 6.0; WOW64; rv:13.0) Gecko/20100101 Firefox/13.0.1"
66.87.89.125 - - [19/Aug/2013:19:32:42 -0400] "GET /images/ic_046_nav_inner_bg.gif HTTP/1.1" 200 158 "http://www.farragutputtputt.com/" "Mozilla/5.0 (Linux; U; Android 2.3.6; en-us; SPH-M820-BST Build/GINGERBREAD) AppleWebKit/533.1 (KHTML, like Gecko) Version/4.0 Mobile Safari/533.1"
66.87.89.125 - - [19/Aug/2013:19:32:43 -0400] "GET /favicon.ico HTTP/1.1" 404 575 "http://www.farragutputtputt.com/" "Mozilla/5.0 (Linux; U; Android 2.3.6; en-us; SPH-M820-BST Build/GINGERBREAD) AppleWebKit/533.1 (KHTML, like Gecko) Version/4.0 Mobile Safari/533.1"
66.87.89.125 - - [19/Aug/2013:19:34:26 -0400] "GET /images/767_march_2009_putt-putt_003.jpg HTTP/1.1" 200 73288 "http://www.farragutputtputt.com/letthefunbegin.html" "Mozilla/5.0 (Linux; U; Android 2.3.6; en-us; SPH-M820-BST Build/GINGERBREAD) AppleWebKit/533.1 (KHTML, like Gecko) Version/4.0 Mobile Safari/533.1"
95.211.224.24 - - [19/Aug/2013:20:04:40 -0400] "GET /images/2013_Counter_Attraction_Prices.pdf HTTP/1.1" 200 92267 "-" "Mozilla/5.0 (Windows NT 5.1) AppleWebKit/537.22 (KHTML, like Gecko) Chrome/25.0.1364.172 Safari/537.22"
67.224.50.72 - - [19/Aug/2013:20:10:28 -0400] "GET /scripts/template.css HTTP/1.1" 200 9762 "http://farragutputtputt.com/" "Mozilla/5.0 (Windows NT 6.1; rv:23.0) Gecko/20100101 Firefox/23.0"
67.224.50.72 - - [19/Aug/2013:20:10:29 -0400] "GET /images/174_PPCG.jpg HTTP/1.1" 200 8468 "http://farragutputtputt.com/" "Mozilla/5.0 (Windows NT 6.1; rv:23.0) Gecko/20100101 Firefox/23.0"
67.224.50.72 - - [19/Aug/2013:20:10:29 -0400] "GET /images/ic_046_navcontainer_bg.png HTTP/1.1" 200 5832 "http://farragutputtputt.com/scripts/template.css" "Mozilla/5.0 (Windows NT 6.1; rv:23.0) Gecko/20100101 Firefox/23.0"
198.105.219.58 - - [19/Aug/2013:20:32:16 -0400] "HEAD / HTTP/1.1" 200 - "-" "checks.panopta.com"
24.233.75.228 - - [19/Aug/2013:23:06:47 -0400] "GET /images/281_PPFC_ltfb.jpg HTTP/1.1" 200 13128 "https://www.google.com/" "Mozilla/5.0 (iPhone; CPU iPhone OS 6_1_3 like Mac OS X) AppleWebKit/536.26 (KHTML, like Gecko) Version/6.0 Mobile/10B329 Safari/8536.25"
198.105.219.58 - - [19/Aug/2013:23:36:02 -0400] "HEAD / HTTP/1.1" 200 - "-" "checks.panopta.com"
66.87.110.124 - - [19/Aug/2013:03:37:00 -0400] "GET /images/ic_046_navcontainer_bg.png HTTP/1.1" 304 - "http://www.farragutputtputt.com/" "Mozilla/5.0 (iPhone; CPU iPhone OS 6_1_3 like Mac OS X) AppleWebKit/536.26 (KHTML, like Gecko) Version/6.0 Mobile/10B329 Safari/8536.25"
108.59.8.70 - - [19/Aug/2013:03:57:31 -0400] "GET /robots.txt HTTP/1.0" 200 25 "-" "Mozilla/5.0 (compatible; MJ12bot/v1.4.3; http://www.majestic12.co.uk/bot.php?+)"
198.105.219.58 - - [19/Aug/2013:05:53:18 -0400] "HEAD / HTTP/1.1" 200 - "-" "checks.panopta.com"
99.93.18.51 - - [19/Aug/2013:06:12:34 -0400] "GET /scripts/icwebsiteelement.css HTTP/1.1" 200 8132 "http://farragutputtputt.com/welcome.html" "Mozilla/5.0 (iPhone; CPU iPhone OS 7_0 like Mac OS X) AppleWebKit/537.51.1 (KHTML, like Gecko) Version/6.0 Mobile/11A4435d Safari/8536.25"
99.93.18.51 - - [19/Aug/2013:06:12:34 -0400] "GET /scripts/ic_globals_published.js HTTP/1.1" 200 566 "http://farragutputtputt.com/welcome.html" "Mozilla/5.0 (iPhone; CPU iPhone OS 7_0 like Mac OS X) AppleWebKit/537.51.1 (KHTML, like Gecko) Version/6.0 Mobile/11A4435d Safari/8536.25"
12.133.10.202 - - [19/Aug/2013:09:09:15 -0400] "GET / HTTP/1.1" 200 26620 "http://www.google.com/url?sa=t&rct=j&q=&esrc=s&frm=1&source=web&cd=1&ved=0CCsQFjAA&url=http%3A%2F%2Ffarragutputtputt.com%2F&ei=9hgSUseGL-qh2AWcjIGwBg&usg=AFQjCNECl_sffdkcgLG0zzXWkh_Z6lB8DA&bvm=bv.50768961,d.aWc" "Mozilla/5.0 (compatible; MSIE 10.0; Windows NT 6.1; Trident/6.0)"
12.133.10.202 - - [19/Aug/2013:09:09:15 -0400] "GET /scripts/1custom.css HTTP/1.1" 200 5022 "http://farragutputtputt.com/" "Mozilla/5.0 (compatible; MSIE 10.0; Windows NT 6.1; Trident/6.0)"
12.133.10.202 - - [19/Aug/2013:09:09:16 -0400] "GET /images/174_PPCG.jpg HTTP/1.1" 200 8468 "http://farragutputtputt.com/" "Mozilla/5.0 (compatible; MSIE 10.0; Windows NT 6.1; Trident/6.0)"
12.133.10.202 - - [19/Aug/2013:09:09:16 -0400] "GET /images/84_USA-05.gif HTTP/1.1" 200 9755 "http://farragutputtputt.com/" "Mozilla/5.0 (compatible; MSIE 10.0; Windows NT 6.1; Trident/6.0)"
70.210.2.226 - - [19/Aug/2013:11:15:33 -0400] "GET /scripts/icwebsiteelement.css HTTP/1.1" 200 8132 "http://www.farragutputtputt.com/attractionsprices.html" "Mozilla/5.0 (Linux; U; Android 4.1.2; en-us; SCH-I535 Build/JZO54K) AppleWebKit/534.30 (KHTML, like Gecko) Version/4.0 Mobile Safari/534.30"
70.210.2.226 - - [19/Aug/2013:11:15:33 -0400] "GET /images/ic_046_navcontainer_bg.png HTTP/1.1" 200 5832 "http://www.farragutputtputt.com/attractionsprices.html" "Mozilla/5.0 (Linux; U; Android 4.1.2; en-us; SCH-I535 Build/JZO54K) AppleWebKit/534.30 (KHTML, like Gecko) Version/4.0 Mobile Safari/534.30"
70.210.2.226 - - [19/Aug/2013:11:15:33 -0400] "GET /images/doc_pdf.gif HTTP/1.1" 200 1002 "http://www.farragutputtputt.com/attractionsprices.html" "Mozilla/5.0 (Linux; U; Android 4.1.2; en-us; SCH-I535 Build/JZO54K) AppleWebKit/534.30 (KHTML, like Gecko) Version/4.0 Mobile Safari/534.30"
99.123.176.195 - - [19/Aug/2013:11:59:22 -0400] "GET /images/ic_046_content_top_bg_wide.png HTTP/1.1" 304 - "http://farragutputtputt.com/" "Mozilla/5.0 (Linux; U; Android 4.1.1; en-us; GT-P5113 Build/JRO03C) AppleWebKit/534.30 (KHTML, like Gecko) Version/4.0 Safari/534.30"
76.114.80.190 - - [19/Aug/2013:23:12:41 -0400] "GET /scripts/photoalbum.js HTTP/1.1" 200 62481 "http://www.farragutputtputt.com/" "Mozilla/5.0 (Macintosh; Intel Mac OS X 10_6_8) AppleWebKit/534.59.8 (KHTML, like Gecko) Version/5.1.9 Safari/534.59.8"
76.114.80.190 - - [19/Aug/2013:23:12:42 -0400] "GET /images/ic_046_nav_inner_bg.gif HTTP/1.1" 200 158 "http://www.farragutputtputt.com/" "Mozilla/5.0 (Macintosh; Intel Mac OS X 10_6_8) AppleWebKit/534.59.8 (KHTML, like Gecko) Version/5.1.9 Safari/534.59.8"
76.114.80.190 - - [19/Aug/2013:23:12:42 -0400] "GET /images/174_PPCG.jpg HTTP/1.1" 200 8468 "http://www.farragutputtputt.com/" "Mozilla/5.0 (Macintosh; Intel Mac OS X 10_6_8) AppleWebKit/534.59.8 (KHTML, like Gecko) Version/5.1.9 Safari/534.59.8"
76.114.80.190 - - [19/Aug/2013:23:12:42 -0400] "GET /images/174_buster-with-mail-box.JPG HTTP/1.1" 200 7132 "http://www.farragutputtputt.com/" "Mozilla/5.0 (Macintosh; Intel Mac OS X 10_6_8) AppleWebKit/534.59.8 (KHTML, like Gecko) Version/5.1.9 Safari/534.59.8"
172.12.192.38 - - [19/Aug/2013:23:39:40 -0400] "GET /scripts/template.css HTTP/1.1" 200 9762 "http://farragutputtputt.com/" "Mozilla/5.0 (Windows NT 6.1; WOW64) AppleWebKit/537.36 (KHTML, like Gecko) Chrome/28.0.1500.95 Safari/537.36"
172.12.192.38 - - [19/Aug/2013:23:39:40 -0400] "GET /images/84_USA-05.gif HTTP/1.1" 200 9755 "http://farragutputtputt.com/" "Mozilla/5.0 (Windows NT 6.1; WOW64) AppleWebKit/537.36 (KHTML, like Gecko) Chrome/28.0.1500.95 Safari/537.36"
172.12.192.38 - - [19/Aug/2013:23:39:40 -0400] "GET /images/ic_046_accent_bg.png HTTP/1.1" 200 9871 "http://farragutputtputt.com/" "Mozilla/5.0 (Windows NT 6.1; WOW64) AppleWebKit/537.36 (KHTML, like Gecko) Chrome/28.0.1500.95 Safari/537.36"
172.12.192.38 - - [19/Aug/2013:23:39:40 -0400] "GET /images/174_buster-with-mail-box.JPG HTTP/1.1" 200 7132 "http://farragutputtputt.com/" "Mozilla/5.0 (Windows NT 6.1; WOW64) AppleWebKit/537.36 (KHTML, like Gecko) Chrome/28.0.1500.95 Safari/537.36"
99.110.76.151 - - [19/Aug/2013:17:03:33 -0400] "GET /letthefunbegin.html HTTP/1.1" 200 28067 "-" "Mozilla/5.0 (iPad; CPU OS 6_1_3 like Mac OS X) AppleWebKit/536.26 (KHTML, like Gecko) Version/6.0 Mobile/10B329 Safari/8536.25"
99.110.76.151 - - [19/Aug/2013:17:03:33 -0400] "GET /images/photoalbum/button_photoPlay.jpg HTTP/1.1" 200 613 "http://farragutputtputt.com/letthefunbegin.html" "Mozilla/5.0 (iPad; CPU OS 6_1_3 like Mac OS X) AppleWebKit/536.26 (KHTML, like Gecko) Version/6.0 Mobile/10B329 Safari/8536.25"
99.110.76.151 - - [19/Aug/2013:17:03:33 -0400] "GET /images/photoalbum/button_photoSpeed1_ON.jpg HTTP/1.1" 200 476 "http://farragutputtputt.com/letthefunbegin.html" "Mozilla/5.0 (iPad; CPU OS 6_1_3 like Mac OS X) AppleWebKit/536.26 (KHTML, like Gecko) Version/6.0 Mobile/10B329 Safari/8536.25"
99.110.76.151 - - [19/Aug/2013:17:03:34 -0400] "GET /scripts/ic_globals_published.js HTTP/1.1" 200 566 "http://farragutputtputt.com/letthefunbegin.html" "Mozilla/5.0 (iPad; CPU OS 6_1_3 like Mac OS X) AppleWebKit/536.26 (KHTML, like Gecko) Version/6.0 Mobile/10B329 Safari/8536.25"
99.110.76.151 - - [19/Aug/2013:17:03:34 -0400] "GET /scripts/photoalbum.js HTTP/1.1" 200 62481 "http://farragutputtputt.com/letthefunbegin.html" "Mozilla/5.0 (iPad; CPU OS 6_1_3 like Mac OS X) AppleWebKit/536.26 (KHTML, like Gecko) Version/6.0 Mobile/10B329 Safari/8536.25"
99.110.76.151 - - [19/Aug/2013:17:03:34 -0400] "GET /images/photoalbum/button_photoLast.jpg HTTP/1.1" 200 637 "http://farragutputtputt.com/letthefunbegin.html" "Mozilla/5.0 (iPad; CPU OS 6_1_3 like Mac OS X) AppleWebKit/536.26 (KHTML, like Gecko) Version/6.0 Mobile/10B329 Safari/8536.25"
99.127.196.128 - - [19/Aug/2013:17:25:36 -0400] "GET /scripts/4custom.css HTTP/1.1" 200 4945 "http://farragutputtputt.com/birthdaypartyinfo.html" "Mozilla/5.0 (Windows NT 6.1; WOW64) AppleWebKit/537.36 (KHTML, like Gecko) Chrome/28.0.1500.95 Safari/537.36"
197.246.20.190 - - [19/Aug/2013:17:39:59 -0400] "GET /scripts/photoalbum.js HTTP/1.1" 200 62481 "http://www.farragutputtputt.com/" "Mozilla/5.0 (Windows; U; Windows NT 6.1; en-US; rv:1.9.2.9) Gecko/20100824 Firefox/3.6.9"
71.228.165.127 - - [19/Aug/2013:17:56:00 -0400] "GET /images/385_im_party.gif HTTP/1.1" 200 20294 "http://www.farragutputtputt.com/" "Mozilla/5.0 (iPad; CPU OS 6_1_3 like Mac OS X) AppleWebKit/536.26 (KHTML, like Gecko) Version/6.0 Mobile/10B329 Safari/8536.25"
71.228.165.127 - - [19/Aug/2013:17:56:00 -0400] "GET /images/media_snd.gif HTTP/1.1" 200 1379 "http://www.farragutputtputt.com/" "Mozilla/5.0 (iPad; CPU OS 6_1_3 like Mac OS X) AppleWebKit/536.26 (KHTML, like Gecko) Version/6.0 Mobile/10B329 Safari/8536.25"
71.228.165.127 - - [19/Aug/2013:17:56:00 -0400] "GET /images/ic_046_header_bg_wide.png HTTP/1.1" 200 3558 "http://www.farragutputtputt.com/" "Mozilla/5.0 (iPad; CPU OS 6_1_3 like Mac OS X) AppleWebKit/536.26 (KHTML, like Gecko) Version/6.0 Mobile/10B329 Safari/8536.25"
99.127.196.128 - - [19/Aug/2013:12:02:40 -0400] "GET /images/0_busterhappy.JPG HTTP/1.1" 200 19119 "http://farragutputtputt.com/specialsgroups.html" "Mozilla/5.0 (iPad; CPU OS 6_1 like Mac OS X) AppleWebKit/536.26 (KHTML, like Gecko) Version/6.0 Mobile/10B141 Safari/8536.25"
69.171.237.11 - - [19/Aug/2013:13:50:32 -0400] "GET /images/504_PP_jpeg_map_2013.JPG HTTP/1.1" 206 21190 "-" "facebookexternalhit/1.1 (+http://www.facebook.com/externalhit_uatext.php)"
99.123.176.195 - - [19/Aug/2013:14:50:17 -0400] "GET /scripts/photoalbum.js HTTP/1.1" 304 - "http://farragutputtputt.com/" "Mozilla/5.0 (Linux; U; Android 4.1.1; en-us; GT-P5113 Build/JRO03C) AppleWebKit/534.30 (KHTML, like Gecko) Version/4.0 Safari/534.30"
99.123.176.195 - - [19/Aug/2013:14:50:18 -0400] "GET /images/ic_046_content_top_bg_wide.png HTTP/1.1" 304 - "http://farragutputtputt.com/" "Mozilla/5.0 (Linux; U; Android 4.1.1; en-us; GT-P5113 Build/JRO03C) AppleWebKit/534.30 (KHTML, like Gecko) Version/4.0 Safari/534.30"
198.105.219.58 - - [19/Aug/2013:18:14:16 -0400] "HEAD / HTTP/1.1" 200 - "-" "checks.panopta.com"
99.123.176.195 - - [19/Aug/2013:18:56:57 -0400] "GET /scripts/user.js HTTP/1.1" 304 - "http://farragutputtputt.com/" "Mozilla/5.0 (Linux; U; Android 4.1.1; en-us; GT-P5113 Build/JRO03C) AppleWebKit/534.30 (KHTML, like Gecko) Version/4.0 Safari/534.30"
192.249.1.147 - - [19/Aug/2013:19:27:35 -0400] "GET /images/ic_046_content_top_bg_wide.png HTTP/1.1" 304 - "http://www.farragutputtputt.com/attractionsprices.html" "Mozilla/4.0 (compatible; MSIE 8.0; Windows NT 5.1; Trident/4.0; GTB7.5; .NET CLR 1.1.4322; .NET CLR 2.0.50727; .NET CLR 3.0.4506.2152; .NET CLR 3.5.30729; Zune 4.7; AskTbAD4/5.13.2.19379; .NET4.0C)"
192.249.1.147 - - [19/Aug/2013:19:27:35 -0400] "GET /images/130_spot_join.jpg HTTP/1.1" 200 7882 "http://www.farragutputtputt.com/attractionsprices.html" "Mozilla/4.0 (compatible; MSIE 8.0; Windows NT 5.1; Trident/4.0; GTB7.5; .NET CLR 1.1.4322; .NET CLR 2.0.50727; .NET CLR 3.0.4506.2152; .NET CLR 3.5.30729; Zune 4.7; AskTbAD4/5.13.2.19379; .NET4.0C)"
192.249.1.147 - - [19/Aug/2013:19:27:36 -0400] "GET /favicon.ico HTTP/1.1" 404 575 "-" "Mozilla/4.0 (compatible; MSIE 8.0; Windows NT 5.1; Trident/4.0; GTB7.5; .NET CLR 1.1.4322; .NET CLR 2.0.50727; .NET CLR 3.0.4506.2152; .NET CLR 3.5.30729; Zune 4.7; AskTbAD4/5.13.2.19379; .NET4.0C)"
66.87.89.125 - - [19/Aug/2013:19:34:35 -0400] "GET /images/212_PartyZone.jpg HTTP/1.1" 200 13500 "http://www.farragutputtputt.com/attractionsprices.html" "Mozilla/5.0 (Linux; U; Android 2.3.6; en-us; SPH-M820-BST Build/GINGERBREAD) AppleWebKit/533.1 (KHTML, like Gecko) Version/4.0 Mobile Safari/533.1"
66.87.89.125 - - [19/Aug/2013:19:34:35 -0400] "GET /images/150_bunn_frozen_drinks.jpg HTTP/1.1" 200 3756 "http://www.farragutputtputt.com/attractionsprices.html" "Mozilla/5.0 (Linux; U; Android 2.3.6; en-us; SPH-M820-BST Build/GINGERBREAD) AppleWebKit/533.1 (KHTML, like Gecko) Version/4.0 Mobile Safari/533.1"
50.142.234.168 - - [19/Aug/2013:18:14:01 -0400] "GET /attractionsprices.html HTTP/1.1" 200 38559 "-" "Mozilla/5.0 (iPad; CPU OS 6_1_3 like Mac OS X) AppleWebKit/536.26 (KHTML, like Gecko) Version/6.0 Mobile/10B329 Safari/8536.25"
50.142.234.168 - - [19/Aug/2013:18:14:01 -0400] "GET /scripts/website.css HTTP/1.1" 200 1642 "http://farragutputtputt.com/attractionsprices.html" "Mozilla/5.0 (iPad; CPU OS 6_1_3 like Mac OS X) AppleWebKit/536.26 (KHTML, like Gecko) Version/6.0 Mobile/10B329 Safari/8536.25"
50.142.234.168 - - [19/Aug/2013:18:14:01 -0400] "GET /scripts/icwebsiteelement.css HTTP/1.1" 200 8132 "http://farragutputtputt.com/attractionsprices.html" "Mozilla/5.0 (iPad; CPU OS 6_1_3 like Mac OS X) AppleWebKit/536.26 (KHTML, like Gecko) Version/6.0 Mobile/10B329 Safari/8536.25"
50.142.234.168 - - [19/Aug/2013:18:14:01 -0400] "GET /images/212_PartyZone.jpg HTTP/1.1" 200 13500 "http://farragutputtputt.com/attractionsprices.html" "Mozilla/5.0 (iPad; CPU OS 6_1_3 like Mac OS X) AppleWebKit/536.26 (KHTML, like Gecko) Version/6.0 Mobile/10B329 Safari/8536.25"
50.142.234.168 - - [19/Aug/2013:18:14:01 -0400] "GET /images/253_BusterClub3.jpg HTTP/1.1" 200 10383 "http://farragutputtputt.com/attractionsprices.html" "Mozilla/5.0 (iPad; CPU OS 6_1_3 like Mac OS X) AppleWebKit/536.26 (KHTML, like Gecko) Version/6.0 Mobile/10B329 Safari/8536.25"
50.142.234.168 - - [19/Aug/2013:18:14:01 -0400] "GET /images/253_BusterBatZone.jpg HTTP/1.1" 200 15829 "http://farragutputtputt.com/attractionsprices.html" "Mozilla/5.0 (iPad; CPU OS 6_1_3 like Mac OS X) AppleWebKit/536.26 (KHTML, like Gecko) Version/6.0 Mobile/10B329 Safari/8536.25"
50.142.234.168 - - [19/Aug/2013:18:14:01 -0400] "GET /images/144_Big_Bass_Wheel_parts.jpg HTTP/1.1" 200 10460 "http://farragutputtputt.com/attractionsprices.html" "Mozilla/5.0 (iPad; CPU OS 6_1_3 like Mac OS X) AppleWebKit/536.26 (KHTML, like Gecko) Version/6.0 Mobile/10B329 Safari/8536.25"
50.142.234.168 - - [19/Aug/2013:18:14:02 -0400] "GET /images/ic_046_accent_bg.png HTTP/1.1" 200 9871 "http://farragutputtputt.com/attractionsprices.html" "Mozilla/5.0 (iPad; CPU OS 6_1_3 like Mac OS X) AppleWebKit/536.26 (KHTML, like Gecko) Version/6.0 Mobile/10B329 Safari/8536.25"
50.142.234.168 - - [19/Aug/2013:18:14:02 -0400] "GET /images/ic_046_header_bg_wide.png HTTP/1.1" 200 3558 "http://farragutputtputt.com/attractionsprices.html" "Mozilla/5.0 (iPad; CPU OS 6_1_3 like Mac OS X) AppleWebKit/536.26 (KHTML, like Gecko) Version/6.0 Mobile/10B329 Safari/8536.25"
50.142.234.168 - - [19/Aug/2013:18:14:02 -0400] "GET /images/ic_046_content_bottom_bg_wide.png HTTP/1.1" 200 1373 "http://farragutputtputt.com/attractionsprices.html" "Mozilla/5.0 (iPad; CPU OS 6_1_3 like Mac OS X) AppleWebKit/536.26 (KHTML, like Gecko) Version/6.0 Mobile/10B329 Safari/8536.25"
50.142.234.168 - - [19/Aug/2013:18:14:02 -0400] "GET /scripts/print.css HTTP/1.1" 200 - "http://farragutputtputt.com/attractionsprices.html" "Mozilla/5.0 (iPad; CPU OS 6_1_3 like Mac OS X) AppleWebKit/536.26 (KHTML, like Gecko) Version/6.0 Mobile/10B329 Safari/8536.25"
64.9.106.202 - - [19/Aug/2013:18:34:30 -0400] "GET /images/88_tennessee_fl_md_wht.gif HTTP/1.1" 200 7701 "http://www.farragutputtputt.com/" "Mozilla/4.0 (compatible; MSIE 7.0; Windows NT 6.1; Trident/4.0; SLCC2; .NET CLR 2.0.50727; .NET CLR 3.5.30729; .NET CLR 3.0.30729; Media Center PC 6.0; .NET4.0C; .NET CLR 1.1.4322; .NET4.0E)"
64.9.106.202 - - [19/Aug/2013:18:34:30 -0400] "GET /images/385_im_party.gif HTTP/1.1" 200 20294 "http://www.farragutputtputt.com/" "Mozilla/4.0 (compatible; MSIE 7.0; Windows NT 6.1; Trident/4.0; SLCC2; .NET CLR 2.0.50727; .NET CLR 3.5.30729; .NET CLR 3.0.30729; Media Center PC 6.0; .NET4.0C; .NET CLR 1.1.4322; .NET4.0E)"
174.252.145.112 - - [19/Aug/2013:18:55:56 -0400] "GET /scripts/website.css HTTP/1.1" 200 1642 "http://www.farragutputtputt.com/" "Mozilla/5.0 (iPhone; CPU iPhone OS 6_1_3 like Mac OS X) AppleWebKit/536.26 (KHTML, like Gecko) Version/6.0 Mobile/10B329 Safari/8536.25"
99.123.176.195 - - [19/Aug/2013:18:56:57 -0400] "GET /scripts/photoalbum.js HTTP/1.1" 304 - "http://farragutputtputt.com/" "Mozilla/5.0 (Linux; U; Android 4.1.1; en-us; GT-P5113 Build/JRO03C) AppleWebKit/534.30 (KHTML, like Gecko) Version/4.0 Safari/534.30"
198.105.219.58 - - [19/Aug/2013:21:17:51 -0400] "GET / HTTP/1.1" 200 26620 "-" "checks.panopta.com"
198.105.219.58 - - [19/Aug/2013:21:33:31 -0400] "HEAD / HTTP/1.1" 200 - "-" "checks.panopta.com"
24.112.70.198 - - [19/Aug/2013:22:33:14 -0400] "GET /attractionsprices.html HTTP/1.1" 200 38559 "http://www.farragutputtputt.com/" "Mozilla/5.0 (iPhone; CPU iPhone OS 6_0 like Mac OS X) AppleWebKit/536.26 (KHTML, like Gecko) Version/6.0 Mobile/10A403 Safari/8536.25"
24.112.70.198 - - [19/Aug/2013:22:33:15 -0400] "GET /images/212_PartyZone.jpg HTTP/1.1" 200 13500 "http://www.farragutputtputt.com/attractionsprices.html" "Mozilla/5.0 (iPhone; CPU iPhone OS 6_0 like Mac OS X) AppleWebKit/536.26 (KHTML, like Gecko) Version/6.0 Mobile/10A403 Safari/8536.25"
24.112.70.198 - - [19/Aug/2013:22:33:15 -0400] "GET /images/253_BusterClub3.jpg HTTP/1.1" 200 10383 "http://www.farragutputtputt.com/attractionsprices.html" "Mozilla/5.0 (iPhone; CPU iPhone OS 6_0 like Mac OS X) AppleWebKit/536.26 (KHTML, like Gecko) Version/6.0 Mobile/10A403 Safari/8536.25"
24.112.70.198 - - [19/Aug/2013:22:33:15 -0400] "GET /images/220_SnackShack.jpg HTTP/1.1" 200 14543 "http://www.farragutputtputt.com/attractionsprices.html" "Mozilla/5.0 (iPhone; CPU iPhone OS 6_0 like Mac OS X) AppleWebKit/536.26 (KHTML, like Gecko) Version/6.0 Mobile/10A403 Safari/8536.25"
24.112.70.198 - - [19/Aug/2013:22:33:15 -0400] "GET /images/240_IttiBitz_Neapolitan_20Image.jpg HTTP/1.1" 200 11511 "http://www.farragutputtputt.com/attractionsprices.html" "Mozilla/5.0 (iPhone; CPU iPhone OS 6_0 like Mac OS X) AppleWebKit/536.26 (KHTML, like Gecko) Version/6.0 Mobile/10A403 Safari/8536.25"
66.249.75.44 - - [19/Aug/2013:09:09:54 -0400] "GET /scripts/website.css HTTP/1.1" 200 1642 "-" "Mozilla/5.0 (compatible; Googlebot/2.1; +http://www.google.com/bot.html)"
220.181.89.170 - - [19/Aug/2013:09:16:55 -0400] "GET / HTTP/1.1" 200 26620 "-" "Sogou web spider/4.0(+http://www.sogou.com/docs/help/webmasters.htm#07)"
70.210.19.243 - - [19/Aug/2013:15:00:53 -0400] "GET /images/doc_pdf.gif HTTP/1.1" 200 1002 "http://www.farragutputtputt.com/attractionsprices.html" "Mozilla/5.0 (Windows NT 6.1; WOW64; rv:12.0) Gecko/20100101 Firefox/12.0"
70.210.19.243 - - [19/Aug/2013:15:00:53 -0400] "GET /images/144_Big_Bass_Wheel_parts.jpg HTTP/1.1" 200 10460 "http://www.farragutputtputt.com/attractionsprices.html" "Mozilla/5.0 (Windows NT 6.1; WOW64; rv:12.0) Gecko/20100101 Firefox/12.0"
70.210.19.243 - - [19/Aug/2013:15:00:53 -0400] "GET /images/240_IttiBitz_Neapolitan_20Image.jpg HTTP/1.1" 200 11511 "http://www.farragutputtputt.com/attractionsprices.html" "Mozilla/5.0 (Windows NT 6.1; WOW64; rv:12.0) Gecko/20100101 Firefox/12.0"
98.86.117.146 - - [19/Aug/2013:15:21:08 -0400] "GET /scripts/photoalbum.js HTTP/1.1" 200 62481 "http://farragutputtputt.com/birthdaypartyinfo.html" "Mozilla/5.0 (iPhone; CPU iPhone OS 6_1_4 like Mac OS X) AppleWebKit/536.26 (KHTML, like Gecko) Version/6.0 Mobile/10B350 Safari/8536.25"
98.86.117.146 - - [19/Aug/2013:15:21:09 -0400] "GET /images/356_birthdayheader.jpg HTTP/1.1" 200 13204 "http://farragutputtputt.com/birthdaypartyinfo.html" "Mozilla/5.0 (iPhone; CPU iPhone OS 6_1_4 like Mac OS X) AppleWebKit/536.26 (KHTML, like Gecko) Version/6.0 Mobile/10B350 Safari/8536.25"
98.86.117.146 - - [19/Aug/2013:15:21:09 -0400] "GET /images/ic_046_navcontainer_bg.png HTTP/1.1" 200 5832 "http://farragutputtputt.com/birthdaypartyinfo.html" "Mozilla/5.0 (iPhone; CPU iPhone OS 6_1_4 like Mac OS X) AppleWebKit/536.26 (KHTML, like Gecko) Version/6.0 Mobile/10B350 Safari/8536.25"
98.86.117.146 - - [19/Aug/2013:15:21:09 -0400] "GET /images/ic_046_header_bg_wide.png HTTP/1.1" 200 3558 "http://farragutputtputt.com/birthdaypartyinfo.html" "Mozilla/5.0 (iPhone; CPU iPhone OS 6_1_4 like Mac OS X) AppleWebKit/536.26 (KHTML, like Gecko) Version/6.0 Mobile/10B350 Safari/8536.25"
69.171.187.15 - - [19/Aug/2013:15:28:38 -0400] "GET / HTTP/1.1" 200 26620 "http://knoxvilleputtputt.com/" "Mozilla/5.0 (Linux; U; Android 4.0.4; en-us; HTC_H1000C Build/IMM76D) AppleWebKit/534.30 (KHTML, like Gecko) Version/4.0 Mobile Safari/534.30"
69.171.187.15 - - [19/Aug/2013:15:28:44 -0400] "GET /images/504_PP_jpeg_map_2013.JPG HTTP/1.1" 200 21190 "http://www.farragutputtputt.com/" "Mozilla/5.0 (Linux; U; Android 4.0.4; en-us; HTC_H1000C Build/IMM76D) AppleWebKit/534.30 (KHTML, like Gecko) Version/4.0 Mobile Safari/534.30"
208.115.113.85 - - [19/Aug/2013:16:01:00 -0400] "GET /birthdaypartyinfo.html HTTP/1.1" 200 48049 "-" "Mozilla/5.0 (compatible; Ezooms/1.0; ezooms.bot@gmail.com)"
99.110.76.159 - - [19/Aug/2013:16:07:42 -0400] "GET /scripts/user.js HTTP/1.1" 200 23762 "http://farragutputtputt.com/" "Mozilla/5.0 (Windows NT 6.2; WOW64) AppleWebKit/537.36 (KHTML, like Gecko) Chrome/28.0.1500.95 Safari/537.36"
99.110.76.159 - - [19/Aug/2013:16:07:42 -0400] "GET /images/504_PP_jpeg_map_2013.JPG HTTP/1.1" 200 21190 "http://farragutputtputt.com/" "Mozilla/5.0 (Windows NT 6.2; WOW64) AppleWebKit/537.36 (KHTML, like Gecko) Chrome/28.0.1500.95 Safari/537.36"
99.110.76.159 - - [19/Aug/2013:16:07:43 -0400] "GET /images/2004buster1.JPG HTTP/1.1" 200 5573 "http://farragutputtputt.com/" "Mozilla/5.0 (Windows NT 6.2; WOW64) AppleWebKit/537.36 (KHTML, like Gecko) Chrome/28.0.1500.95 Safari/537.36"
99.110.76.159 - - [19/Aug/2013:16:07:43 -0400] "GET /images/ic_046_content_bottom_bg_wide.png HTTP/1.1" 200 1373 "http://farragutputtputt.com/" "Mozilla/5.0 (Windows NT 6.2; WOW64) AppleWebKit/537.36 (KHTML, like Gecko) Chrome/28.0.1500.95 Safari/537.36"
71.228.165.127 - - [19/Aug/2013:17:56:00 -0400] "GET /images/174_PPCG.jpg HTTP/1.1" 200 8468 "http://www.farragutputtputt.com/" "Mozilla/5.0 (iPad; CPU OS 6_1_3 like Mac OS X) AppleWebKit/536.26 (KHTML, like Gecko) Version/6.0 Mobile/10B329 Safari/8536.25"
71.228.165.127 - - [19/Aug/2013:17:56:00 -0400] "GET /images/88_tennessee_fl_md_wht.gif HTTP/1.1" 200 7701 "http://www.farragutputtputt.com/" "Mozilla/5.0 (iPad; CPU OS 6_1_3 like Mac OS X) AppleWebKit/536.26 (KHTML, like Gecko) Version/6.0 Mobile/10B329 Safari/8536.25"
71.228.165.127 - - [19/Aug/2013:17:56:00 -0400] "GET /images/ic_046_nav_inner_bg.gif HTTP/1.1" 200 158 "http://www.farragutputtputt.com/" "Mozilla/5.0 (iPad; CPU OS 6_1_3 like Mac OS X) AppleWebKit/536.26 (KHTML, like Gecko) Version/6.0 Mobile/10B329 Safari/8536.25"
70.14.12.150 - - [19/Aug/2013:12:59:07 -0400] "GET /birthdaypartyinfo.html HTTP/1.1" 200 48049 "http://familyfriendlyknoxville.com/birthday-parties/" "Mozilla/5.0 (iPad; CPU OS 6_1_2 like Mac OS X) AppleWebKit/536.26 (KHTML, like Gecko) Version/6.0 Mobile/10B146 Safari/8536.25"
70.14.12.150 - - [19/Aug/2013:12:59:08 -0400] "GET /images/148_BusterBday.jpg HTTP/1.1" 200 6502 "http://farragutputtputt.com/birthdaypartyinfo.html" "Mozilla/5.0 (iPad; CPU OS 6_1_2 like Mac OS X) AppleWebKit/536.26 (KHTML, like Gecko) Version/6.0 Mobile/10B146 Safari/8536.25"
70.14.12.150 - - [19/Aug/2013:12:59:08 -0400] "GET /images/ic_046_nav_inner_bg.gif HTTP/1.1" 200 158 "http://farragutputtputt.com/birthdaypartyinfo.html" "Mozilla/5.0 (iPad; CPU OS 6_1_2 like Mac OS X) AppleWebKit/536.26 (KHTML, like Gecko) Version/6.0 Mobile/10B146 Safari/8536.25"
70.14.12.150 - - [19/Aug/2013:12:59:09 -0400] "GET /scripts/print.css HTTP/1.1" 200 - "http://farragutputtputt.com/birthdaypartyinfo.html" "Mozilla/5.0 (iPad; CPU OS 6_1_2 like Mac OS X) AppleWebKit/536.26 (KHTML, like Gecko) Version/6.0 Mobile/10B146 Safari/8536.25"
108.20.197.34 - - [19/Aug/2013:13:08:25 -0400] "GET /images/200_batter.jpg HTTP/1.1" 200 8643 "http://find.mapmuse.com/map/batting-cages/near/Cohasset,+MA" "Mozilla/5.0 (iPad; CPU OS 6_1_3 like Mac OS X) AppleWebKit/536.26 (KHTML, like Gecko) Version/6.0 Mobile/10B329 Safari/8536.25"
198.105.219.58 - - [19/Aug/2013:13:42:17 -0400] "HEAD / HTTP/1.1" 200 - "-" "checks.panopta.com"
32.166.184.108 - - [19/Aug/2013:14:54:20 -0400] "GET /scripts/photoalbum.js HTTP/1.1" 200 62481 "http://farragutputtputt.com/" "Mozilla/5.0 (iPhone; CPU iPhone OS 6_1_3 like Mac OS X) AppleWebKit/536.26 (KHTML, like Gecko) Version/6.0 Mobile/10B329 Safari/8536.25"
32.166.184.108 - - [19/Aug/2013:14:54:22 -0400] "GET /images/2004buster1.JPG HTTP/1.1" 200 5573 "http://farragutputtputt.com/" "Mozilla/5.0 (iPhone; CPU iPhone OS 6_1_3 like Mac OS X) AppleWebKit/536.26 (KHTML, like Gecko) Version/6.0 Mobile/10B329 Safari/8536.25"
32.166.184.108 - - [19/Aug/2013:14:54:22 -0400] "GET /images/ic_046_content_top_bg_wide.png HTTP/1.1" 200 780 "http://farragutputtputt.com/" "Mozilla/5.0 (iPhone; CPU iPhone OS 6_1_3 like Mac OS X) AppleWebKit/536.26 (KHTML, like Gecko) Version/6.0 Mobile/10B329 Safari/8536.25"
198.105.219.58 - - [19/Aug/2013:05:23:15 -0400] "HEAD / HTTP/1.1" 200 - "-" "checks.panopta.com"
198.105.219.58 - - [19/Aug/2013:08:39:41 -0400] "HEAD / HTTP/1.1" 200 - "-" "checks.panopta.com"
12.133.10.202 - - [19/Aug/2013:09:09:20 -0400] "GET /images/ic_046_accent_bg.png HTTP/1.1" 200 9871 "http://farragutputtputt.com/" "Mozilla/5.0 (compatible; MSIE 10.0; Windows NT 6.1; Trident/6.0)"
12.133.10.202 - - [19/Aug/2013:09:09:21 -0400] "GET /favicon.ico HTTP/1.1" 404 575 "-" "Mozilla/5.0 (compatible; MSIE 10.0; Windows NT 6.1; Trident/6.0)"
12.133.10.202 - - [19/Aug/2013:09:09:48 -0400] "GET /scripts/4custom.css HTTP/1.1" 200 4945 "http://farragutputtputt.com/birthdaypartyinfo.html" "Mozilla/5.0 (compatible; MSIE 10.0; Windows NT 6.1; Trident/6.0)"
12.133.10.202 - - [19/Aug/2013:09:09:48 -0400] "GET /images/161_iaaflogo.JPG HTTP/1.1" 200 6318 "http://farragutputtputt.com/birthdaypartyinfo.html" "Mozilla/5.0 (compatible; MSIE 10.0; Windows NT 6.1; Trident/6.0)"
24.191.0.77 - - [19/Aug/2013:09:32:42 -0400] "GET /images/200_batter.jpg HTTP/1.1" 200 8643 "http://find.mapmuse.com/map/batting-cages/near/Valley+Stream,%20NY" "Mozilla/5.0 (compatible; MSIE 10.0; Windows NT 6.1; WOW64; Trident/6.0)"
71.173.68.130 - - [19/Aug/2013:10:47:25 -0400] "GET /images/200_batter.jpg HTTP/1.1" 200 8643 "http://find.mapmuse.com/map/batting-cages/near/lisbon+falls%20me" "Mozilla/5.0 (compatible; MSIE 10.0; Windows NT 6.1; WOW64; Trident/6.0)"
76.123.236.158 - - [19/Aug/2013:00:07:53 -0400] "GET /images/doc_pdf.gif HTTP/1.1" 200 1002 "http://www.farragutputtputt.com/attractionsprices.html" "Mozilla/5.0 (iPhone; CPU iPhone OS 6_1_4 like Mac OS X) AppleWebKit/536.26 (KHTML, like Gecko) Version/6.0 Mobile/10B350 Safari/8536.25"
76.123.236.158 - - [19/Aug/2013:00:07:53 -0400] "GET /images/130_spot_join.jpg HTTP/1.1" 200 7882 "http://www.farragutputtputt.com/attractionsprices.html" "Mozilla/5.0 (iPhone; CPU iPhone OS 6_1_4 like Mac OS X) AppleWebKit/536.26 (KHTML, like Gecko) Version/6.0 Mobile/10B350 Safari/8536.25"
76.123.236.158 - - [19/Aug/2013:00:07:53 -0400] "GET /images/150_662429.gif HTTP/1.1" 200 11480 "http://www.farragutputtputt.com/attractionsprices.html" "Mozilla/5.0 (iPhone; CPU iPhone OS 6_1_4 like Mac OS X) AppleWebKit/536.26 (KHTML, like Gecko) Version/6.0 Mobile/10B350 Safari/8536.25"
166.147.72.161 - - [19/Aug/2013:00:47:12 -0400] "GET /images/doc_pdf.gif HTTP/1.1" 200 1002 "http://farragutputtputt.com/attractionsprices.html" "Mozilla/5.0 (iPhone; CPU iPhone OS 6_1_4 like Mac OS X) AppleWebKit/536.26 (KHTML, like Gecko) Version/6.0 Mobile/10B350 Safari/8536.25"
46.118.126.194 - - [19/Aug/2013:16:39:15 -0400] "GET / HTTP/1.1" 200 26620 "http://moneycredits.ru/" "Mozilla/4.0 (compatible; MSIE 6.0; Windows NT 5.1; Deepnet Explorer 1.5.0; .NET CLR 1.0.3705)"
96.38.120.125 - - [19/Aug/2013:17:09:39 -0400] "GET /scripts/template.css HTTP/1.1" 200 9762 "http://www.farragutputtputt.com/" "Mozilla/5.0 (Windows NT 6.1; WOW64) AppleWebKit/537.36 (KHTML, like Gecko) Chrome/28.0.1500.95 Safari/537.36"
96.38.120.125 - - [19/Aug/2013:17:09:40 -0400] "GET /images/174_PPCG.jpg HTTP/1.1" 200 8468 "http://www.farragutputtputt.com/" "Mozilla/5.0 (Windows NT 6.1; WOW64) AppleWebKit/537.36 (KHTML, like Gecko) Chrome/28.0.1500.95 Safari/537.36"
96.38.120.125 - - [19/Aug/2013:17:09:40 -0400] "GET /images/84_USA-05.gif HTTP/1.1" 200 9755 "http://www.farragutputtputt.com/" "Mozilla/5.0 (Windows NT 6.1; WOW64) AppleWebKit/537.36 (KHTML, like Gecko) Chrome/28.0.1500.95 Safari/537.36"
96.38.120.125 - - [19/Aug/2013:17:09:40 -0400] "GET /images/2004buster1.JPG HTTP/1.1" 200 5573 "http://www.farragutputtputt.com/" "Mozilla/5.0 (Windows NT 6.1; WOW64) AppleWebKit/537.36 (KHTML, like Gecko) Chrome/28.0.1500.95 Safari/537.36"
96.38.120.125 - - [19/Aug/2013:17:09:40 -0400] "GET /images/ic_046_content_bottom_bg_wide.png HTTP/1.1" 200 1373 "http://www.farragutputtputt.com/" "Mozilla/5.0 (Windows NT 6.1; WOW64) AppleWebKit/537.36 (KHTML, like Gecko) Chrome/28.0.1500.95 Safari/537.36"
64.9.106.202 - - [19/Aug/2013:18:34:33 -0400] "GET /images/ic_046_header_bg_wide.png HTTP/1.1" 200 3558 "http://www.farragutputtputt.com/" "Mozilla/4.0 (compatible; MSIE 7.0; Windows NT 6.1; Trident/4.0; SLCC2; .NET CLR 2.0.50727; .NET CLR 3.5.30729; .NET CLR 3.0.30729; Media Center PC 6.0; .NET4.0C; .NET CLR 1.1.4322; .NET4.0E)"
64.9.106.202 - - [19/Aug/2013:18:34:34 -0400] "GET /images/ic_046_content_bottom_bg_wide.png HTTP/1.1" 200 1373 "http://www.farragutputtputt.com/" "Mozilla/4.0 (compatible; MSIE 7.0; Windows NT 6.1; Trident/4.0; SLCC2; .NET CLR 2.0.50727; .NET CLR 3.5.30729; .NET CLR 3.0.30729; Media Center PC 6.0; .NET4.0C; .NET CLR 1.1.4322; .NET4.0E)"
64.9.106.202 - - [19/Aug/2013:18:34:34 -0400] "GET /favicon.ico HTTP/1.1" 404 575 "-" "Mozilla/4.0 (compatible; MSIE 8.0; Windows NT 6.1; Trident/4.0; SLCC2; .NET CLR 2.0.50727; .NET CLR 3.5.30729; .NET CLR 3.0.30729; Media Center PC 6.0; .NET4.0C; .NET CLR 1.1.4322; .NET4.0E)"
192.249.1.147 - - [19/Aug/2013:19:27:30 -0400] "GET /scripts/user.js HTTP/1.1" 304 - "http://www.farragutputtputt.com/attractionsprices.html" "Mozilla/4.0 (compatible; MSIE 8.0; Windows NT 5.1; Trident/4.0; GTB7.5; .NET CLR 1.1.4322; .NET CLR 2.0.50727; .NET CLR 3.0.4506.2152; .NET CLR 3.5.30729; Zune 4.7; AskTbAD4/5.13.2.19379; .NET4.0C)"
66.87.89.125 - - [19/Aug/2013:19:32:31 -0400] "GET /scripts/website.css HTTP/1.1" 200 1642 "-" "Mozilla/5.0 (Linux; U; Android 2.3.6; en-us; SPH-M820-BST Build/GINGERBREAD) AppleWebKit/533.1 (KHTML, like Gecko) Version/4.0 Mobile Safari/533.1"
70.210.1.213 - - [19/Aug/2013:20:07:43 -0400] "GET /scripts/photoalbum.js HTTP/1.1" 304 - "http://farragutputtputt.com/" "Mozilla/5.0 (iPhone; CPU iPhone OS 6_1_4 like Mac OS X) AppleWebKit/536.26 (KHTML, like Gecko) Version/6.0 Mobile/10B350 Safari/8536.25"
174.49.49.36 - - [19/Aug/2013:21:58:36 -0400] "GET / HTTP/1.1" 200 26620 "https://www.google.com/" "Mozilla/5.0 (Windows NT 6.1; WOW64) AppleWebKit/537.36 (KHTML, like Gecko) Chrome/28.0.1500.95 Safari/537.36"
174.49.49.36 - - [19/Aug/2013:21:58:36 -0400] "GET /scripts/1custom.css HTTP/1.1" 200 5022 "http://farragutputtputt.com/" "Mozilla/5.0 (Windows NT 6.1; WOW64) AppleWebKit/537.36 (KHTML, like Gecko) Chrome/28.0.1500.95 Safari/537.36"
174.49.49.36 - - [19/Aug/2013:21:58:36 -0400] "GET /images/190_PPFC_ltfb.jpg HTTP/1.1" 200 7684 "http://farragutputtputt.com/" "Mozilla/5.0 (Windows NT 6.1; WOW64) AppleWebKit/537.36 (KHTML, like Gecko) Chrome/28.0.1500.95 Safari/537.36"
174.49.49.36 - - [19/Aug/2013:21:58:36 -0400] "GET /images/84_USA-05.gif HTTP/1.1" 200 9755 "http://farragutputtputt.com/" "Mozilla/5.0 (Windows NT 6.1; WOW64) AppleWebKit/537.36 (KHTML, like Gecko) Chrome/28.0.1500.95 Safari/537.36"
174.49.49.36 - - [19/Aug/2013:21:58:36 -0400] "GET /images/174_buster-with-mail-box.JPG HTTP/1.1" 200 7132 "http://farragutputtputt.com/" "Mozilla/5.0 (Windows NT 6.1; WOW64) AppleWebKit/537.36 (KHTML, like Gecko) Chrome/28.0.1500.95 Safari/537.36"
71.227.148.54 - - [19/Aug/2013:22:31:22 -0400] "GET /scripts/user.js HTTP/1.1" 200 23762 "http://www.farragutputtputt.com/" "Mozilla/5.0 (Macintosh; Intel Mac OS X 10_5_8) AppleWebKit/534.50.2 (KHTML, like Gecko) Version/5.0.6 Safari/533.22.3"
71.227.148.54 - - [19/Aug/2013:22:32:27 -0400] "GET /images/212_BatZone.jpg HTTP/1.1" 200 11220 "http://www.farragutputtputt.com/attractionsprices.html" "Mozilla/5.0 (Macintosh; Intel Mac OS X 10_5_8) AppleWebKit/534.50.2 (KHTML, like Gecko) Version/5.0.6 Safari/533.22.3"
71.227.148.54 - - [19/Aug/2013:22:32:27 -0400] "GET /images/130_spot_join.jpg HTTP/1.1" 200 7882 "http://www.farragutputtputt.com/attractionsprices.html" "Mozilla/5.0 (Macintosh; Intel Mac OS X 10_5_8) AppleWebKit/534.50.2 (KHTML, like Gecko) Version/5.0.6 Safari/533.22.3"
71.227.148.54 - - [19/Aug/2013:22:32:28 -0400] "GET /images/240_IttiBitz_Neapolitan_20Image.jpg HTTP/1.1" 200 11511 "http://www.farragutputtputt.com/attractionsprices.html" "Mozilla/5.0 (Macintosh; Intel Mac OS X 10_5_8) AppleWebKit/534.50.2 (KHTML, like Gecko) Version/5.0.6 Safari/533.22.3"
198.105.219.58 - - [19/Aug/2013:23:05:37 -0400] "HEAD / HTTP/1.1" 200 - "-" "checks.panopta.com"
72.76.132.252 - - [19/Aug/2013:12:00:24 -0400] "GET /images/200_batter.jpg HTTP/1.1" 200 8643 "http://find.mapmuse.com/map/batting-cages/near/Highland+Park,%20NJ" "Mozilla/5.0 (Windows NT 6.0; WOW64; rv:23.0) Gecko/20100101 Firefox/23.0"
207.106.153.102 - - [19/Aug/2013:13:20:47 -0400] "GET /scripts/1custom.css HTTP/1.1" 200 5022 "http://farragutputtputt.com/" "Mozilla/5.0 (Windows NT 6.1; WOW64; rv:9.0.1) Gecko/20100101 Firefox/9.0.1"
207.106.153.102 - - [19/Aug/2013:13:20:48 -0400] "GET /images/ic_046_content_top_bg_wide.png HTTP/1.1" 200 780 "http://farragutputtputt.com/scripts/template.css" "Mozilla/5.0 (Windows NT 6.1; WOW64; rv:9.0.1) Gecko/20100101 Firefox/9.0.1"
207.106.153.102 - - [19/Aug/2013:13:20:49 -0400] "GET /images/ic_046_content_bottom_bg_wide.png HTTP/1.1" 200 1373 "http://farragutputtputt.com/scripts/template.css" "Mozilla/5.0 (Windows NT 6.1; WOW64; rv:9.0.1) Gecko/20100101 Firefox/9.0.1"
207.106.153.102 - - [19/Aug/2013:13:20:49 -0400] "GET /favicon.ico HTTP/1.1" 404 575 "-" "Mozilla/5.0 (Windows NT 6.1; WOW64; rv:9.0.1) Gecko/20100101 Firefox/9.0.1"
207.106.153.102 - - [19/Aug/2013:13:20:49 -0400] "GET /favicon.ico HTTP/1.1" 404 575 "-" "Mozilla/5.0 (Windows NT 6.1; WOW64; rv:9.0.1) Gecko/20100101 Firefox/9.0.1"
207.106.153.102 - - [19/Aug/2013:13:20:49 -0400] "GET /favicon.ico HTTP/1.1" 404 575 "-" "Mozilla/5.0 (Windows NT 6.1; WOW64; rv:9.0.1) Gecko/20100101 Firefox/9.0.1"
207.106.153.102 - - [19/Aug/2013:13:20:51 -0400] "GET /attractionsprices.html HTTP/1.1" 200 38559 "http://farragutputtputt.com/" "Mozilla/5.0 (Windows NT 6.1; WOW64; rv:9.0.1) Gecko/20100101 Firefox/9.0.1"
207.106.153.102 - - [19/Aug/2013:13:20:51 -0400] "GET /scripts/2custom.css HTTP/1.1" 200 5279 "http://farragutputtputt.com/attractionsprices.html" "Mozilla/5.0 (Windows NT 6.1; WOW64; rv:9.0.1) Gecko/20100101 Firefox/9.0.1"
207.106.153.102 - - [19/Aug/2013:13:20:51 -0400] "GET /images/144_Big_Bass_Wheel_parts.jpg HTTP/1.1" 200 10460 "http://farragutputtputt.com/attractionsprices.html" "Mozilla/5.0 (Windows NT 6.1; WOW64; rv:9.0.1) Gecko/20100101 Firefox/9.0.1"
207.106.153.102 - - [19/Aug/2013:13:20:51 -0400] "GET /images/130_spot_join.jpg HTTP/1.1" 200 7882 "http://farragutputtputt.com/attractionsprices.html" "Mozilla/5.0 (Windows NT 6.1; WOW64; rv:9.0.1) Gecko/20100101 Firefox/9.0.1"
207.106.153.102 - - [19/Aug/2013:13:20:51 -0400] "GET /images/220_SnackShack.jpg HTTP/1.1" 200 14543 "http://farragutputtputt.com/attractionsprices.html" "Mozilla/5.0 (Windows NT 6.1; WOW64; rv:9.0.1) Gecko/20100101 Firefox/9.0.1"
67.188.182.132 - - [19/Aug/2013:01:10:58 -0400] "GET /images/200_batter.jpg HTTP/1.1" 200 8643 "http://find.mapmuse.com/map/batting-cages/near/Oakland,+CA" "Mozilla/5.0 (iPad; CPU OS 6_1_3 like Mac OS X) AppleWebKit/536.26 (KHTML, like Gecko) Version/6.0 Mobile/10B329 Safari/8536.25"
96.38.120.125 - - [19/Aug/2013:17:09:06 -0400] "GET /scripts/ic_globals_published.js HTTP/1.1" 200 566 "http://farragutputtputt.com/" "Mozilla/5.0 (Windows NT 6.1; WOW64) AppleWebKit/537.36 (KHTML, like Gecko) Chrome/28.0.1500.95 Safari/537.36"
96.38.120.125 - - [19/Aug/2013:17:09:06 -0400] "GET /scripts/website.css HTTP/1.1" 200 1642 "http://farragutputtputt.com/" "Mozilla/5.0 (Windows NT 6.1; WOW64) AppleWebKit/537.36 (KHTML, like Gecko) Chrome/28.0.1500.95 Safari/537.36"
96.38.120.125 - - [19/Aug/2013:17:09:07 -0400] "GET /scripts/icwebsiteelement.css HTTP/1.1" 200 8132 "http://farragutputtputt.com/" "Mozilla/5.0 (Windows NT 6.1; WOW64) AppleWebKit/537.36 (KHTML, like Gecko) Chrome/28.0.1500.95 Safari/537.36"
96.38.120.125 - - [19/Aug/2013:17:09:07 -0400] "GET /images/190_PPFC_ltfb.jpg HTTP/1.1" 200 7684 "http://farragutputtputt.com/" "Mozilla/5.0 (Windows NT 6.1; WOW64) AppleWebKit/537.36 (KHTML, like Gecko) Chrome/28.0.1500.95 Safari/537.36"
96.38.120.125 - - [19/Aug/2013:17:09:07 -0400] "GET /images/504_PP_jpeg_map_2013.JPG HTTP/1.1" 200 21190 "http://farragutputtputt.com/" "Mozilla/5.0 (Windows NT 6.1; WOW64) AppleWebKit/537.36 (KHTML, like Gecko) Chrome/28.0.1500.95 Safari/537.36"
96.38.120.125 - - [19/Aug/2013:17:09:07 -0400] "GET /scripts/print.css HTTP/1.1" 200 - "http://farragutputtputt.com/" "Mozilla/5.0 (Windows NT 6.1; WOW64) AppleWebKit/537.36 (KHTML, like Gecko) Chrome/28.0.1500.95 Safari/537.36"
96.38.120.125 - - [19/Aug/2013:17:09:07 -0400] "GET /images/2004buster1.JPG HTTP/1.1" 200 5573 "http://farragutputtputt.com/" "Mozilla/5.0 (Windows NT 6.1; WOW64) AppleWebKit/537.36 (KHTML, like Gecko) Chrome/28.0.1500.95 Safari/537.36"
96.38.120.125 - - [19/Aug/2013:17:09:07 -0400] "GET /images/ic_046_content_top_bg_wide.png HTTP/1.1" 200 780 "http://farragutputtputt.com/" "Mozilla/5.0 (Windows NT 6.1; WOW64) AppleWebKit/537.36 (KHTML, like Gecko) Chrome/28.0.1500.95 Safari/537.36"
96.38.120.125 - - [19/Aug/2013:17:09:07 -0400] "GET /images/ic_046_content_bottom_bg_wide.png HTTP/1.1" 200 1373 "http://farragutputtputt.com/" "Mozilla/5.0 (Windows NT 6.1; WOW64) AppleWebKit/537.36 (KHTML, like Gecko) Chrome/28.0.1500.95 Safari/537.36"
96.38.120.125 - - [19/Aug/2013:17:09:07 -0400] "GET /favicon.ico HTTP/1.1" 404 575 "-" "Mozilla/5.0 (Windows NT 6.1; WOW64) AppleWebKit/537.36 (KHTML, like Gecko) Chrome/28.0.1500.95 Safari/537.36"
99.127.196.128 - - [19/Aug/2013:17:25:36 -0400] "GET /birthdaypartyinfo.html HTTP/1.1" 200 48049 "https://www.google.com/" "Mozilla/5.0 (Windows NT 6.1; WOW64) AppleWebKit/537.36 (KHTML, like Gecko) Chrome/28.0.1500.95 Safari/537.36"
