70.210.19.243 - - [19/Aug/2013:15:00:53 -0400] "GET /attractionsprices.html HTTP/1.1" 200 38559 "http://www.farragutputtputt.com/" "Mozilla/5.0 (Windows NT 6.1; WOW64; rv:12.0) Gecko/20100101 Firefox/12.0"
70.210.19.243 - - [19/Aug/2013:15:00:53 -0400] "GET /images/212_BatZone.jpg HTTP/1.1" 200 11220 "http://www.farragutputtputt.com/attractionsprices.html" "Mozilla/5.0 (Windows NT 6.1; WOW64; rv:12.0) Gecko/20100101 Firefox/12.0"
70.210.19.243 - - [19/Aug/2013:15:00:53 -0400] "GET /images/253_BusterBatZone.jpg HTTP/1.1" 200 15829 "http://www.farragutputtputt.com/attractionsprices.html" "Mozilla/5.0 (Windows NT 6.1; WOW64; rv:12.0) Gecko/20100101 Firefox/12.0"
70.210.19.243 - - [19/Aug/2013:15:00:53 -0400] "GET /images/220_SnackShack.jpg HTTP/1.1" 200 14543 "http://www.farragutputtputt.com/attractionsprices.html" "Mozilla/5.0 (Windows NT 6.1; WOW64; rv:12.0) Gecko/20100101 Firefox/12.0"
69.171.187.15 - - [19/Aug/2013:15:28:39 -0400] "GET /scripts/photoalbum.js HTTP/1.1" 200 62481 "http://www.farragutputtputt.com/" "Mozilla/5.0 (Linux; U; Android 4.0.4; en-us; HTC_H1000C Build/IMM76D) AppleWebKit/534.30 (KHTML, like Gecko) Version/4.0 Mobile Safari/534.30"
198.105.219.58 - - [19/Aug/2013:17:44:13 -0400] "HEAD / HTTP/1.1" 200 - "-" "checks.panopta.com"
71.228.165.127 - - [19/Aug/2013:17:55:52 -0400] "GET /scripts/template.css HTTP/1.1" 200 9762 "http://www.farragutputtputt.com/" "Mozilla/5.0 (iPad; CPU OS 6_1_3 like Mac OS X) AppleWebKit/536.26 (KHTML, like Gecko) Version/6.0 Mobile/10B329 Safari/8536.25"
198.105.219.58 - - [19/Aug/2013:01:51:45 -0400] "HEAD / HTTP/1.1" 200 - "-" "checks.panopta.com"
74.143.223.33 - - [19/Aug/2013:10:40:24 -0400] "GET /images/200_batter.jpg HTTP/1.1" 200 8643 "http://find.mapmuse.com/map/batting-cages/37.3973,-85.6248,7" "Mozilla/5.0 (compatible; MSIE 10.0; Windows NT 6.2; WOW64; Trident/6.0)"
99.127.196.128 - - [19/Aug/2013:11:59:40 -0400] "GET /images/photoalbum/button_photoPlay.jpg HTTP/1.1" 200 613 "http://farragutputtputt.com/letthefunbegin.html" "Mozilla/5.0 (iPad; CPU OS 6_1 like Mac OS X) AppleWebKit/536.26 (KHTML, like Gecko) Version/6.0 Mobile/10B141 Safari/8536.25"
99.127.196.128 - - [19/Aug/2013:11:59:40 -0400] "GET /images/photoalbum/button_photoLast.jpg HTTP/1.1" 200 637 "http://farragutputtputt.com/letthefunbegin.html" "Mozilla/5.0 (iPad; CPU OS 6_1 like Mac OS X) AppleWebKit/536.26 (KHTML, like Gecko) Version/6.0 Mobile/10B141 Safari/8536.25"
99.127.196.128 - - [19/Aug/2013:11:59:40 -0400] "GET /images/photoalbum/button_photoSpeed5.jpg HTTP/1.1" 200 502 "http://farragutputtputt.com/letthefunbegin.html" "Mozilla/5.0 (iPad; CPU OS 6_1 like Mac OS X) AppleWebKit/536.26 (KHTML, like Gecko) Version/6.0 Mobile/10B141 Safari/8536.25"
99.127.196.128 - - [19/Aug/2013:11:59:40 -0400] "GET /images/360_IMG_0025.jpg HTTP/1.1" 200 35576 "http://farragutputtputt.com/letthefunbegin.html" "Mozilla/5.0 (iPad; CPU OS 6_1 like Mac OS X) AppleWebKit/536.26 (KHTML, like Gecko) Version/6.0 Mobile/10B141 Safari/8536.25"
99.127.196.128 - - [19/Aug/2013:11:59:40 -0400] "GET /images/164_IMG_0018.jpg HTTP/1.1" 200 4306 "http://farragutputtputt.com/letthefunbegin.html" "Mozilla/5.0 (iPad; CPU OS 6_1 like Mac OS X) AppleWebKit/536.26 (KHTML, like Gecko) Version/6.0 Mobile/10B141 Safari/8536.25"
99.127.196.128 - - [19/Aug/2013:11:59:40 -0400] "GET /images/767_march_2009_putt-putt_001.jpg HTTP/1.1" 200 111528 "http://farragutputtputt.com/letthefunbegin.html" "Mozilla/5.0 (iPad; CPU OS 6_1 like Mac OS X) AppleWebKit/536.26 (KHTML, like Gecko) Version/6.0 Mobile/10B141 Safari/8536.25"
99.127.196.128 - - [19/Aug/2013:11:59:41 -0400] "GET /images/767_march_2009_putt-putt_004.jpg HTTP/1.1" 200 94332 "http://farragutputtputt.com/letthefunbegin.html" "Mozilla/5.0 (iPad; CPU OS 6_1 like Mac OS X) AppleWebKit/536.26 (KHTML, like Gecko) Version/6.0 Mobile/10B141 Safari/8536.25"
99.127.196.128 - - [19/Aug/2013:11:59:41 -0400] "GET /images/480_march_2009_putt-putt_003.jpg HTTP/1.1" 200 39222 "http://farragutputtputt.com/letthefunbegin.html" "Mozilla/5.0 (iPad; CPU OS 6_1 like Mac OS X) AppleWebKit/536.26 (KHTML, like Gecko) Version/6.0 Mobile/10B141 Safari/8536.25"
99.127.196.128 - - [19/Aug/2013:11:59:41 -0400] "GET /images/767_IMG_0043.jpg HTTP/1.1" 200 70957 "http://farragutputtputt.com/letthefunbegin.html" "Mozilla/5.0 (iPad; CPU OS 6_1 like Mac OS X) AppleWebKit/536.26 (KHTML, like Gecko) Version/6.0 Mobile/10B141 Safari/8536.25"
99.127.196.128 - - [19/Aug/2013:11:59:41 -0400] "GET /images/164_IMG_0043.jpg HTTP/1.1" 200 6998 "http://farragutputtputt.com/letthefunbegin.html" "Mozilla/5.0 (iPad; CPU OS 6_1 like Mac OS X) AppleWebKit/536.26 (KHTML, like Gecko) Version/6.0 Mobile/10B141 Safari/8536.25"
99.127.196.128 - - [19/Aug/2013:11:59:42 -0400] "GET /images/767_IMG_0052.jpg HTTP/1.1" 200 76570 "http://farragutputtputt.com/letthefunbegin.html" "Mozilla/5.0 (iPad; CPU OS 6_1 like Mac OS X) AppleWebKit/536.26 (KHTML, like Gecko) Version/6.0 Mobile/10B141 Safari/8536.25"
99.127.196.128 - - [19/Aug/2013:11:59:42 -0400] "GET /images/480_march_2009_putt-putt_016.jpg HTTP/1.1" 200 46728 "http://farragutputtputt.com/letthefunbegin.html" "Mozilla/5.0 (iPad; CPU OS 6_1 like Mac OS X) AppleWebKit/536.26 (KHTML, like Gecko) Version/6.0 Mobile/10B141 Safari/8536.25"
99.127.196.128 - - [19/Aug/2013:11:59:42 -0400] "GET /images/767_march_2009_putt-putt_017.jpg HTTP/1.1" 200 78452 "http://farragutputtputt.com/letthefunbegin.html" "Mozilla/5.0 (iPad; CPU OS 6_1 like Mac OS X) AppleWebKit/536.26 (KHTML, like Gecko) Version/6.0 Mobile/10B141 Safari/8536.25"
198.105.219.58 - - [19/Aug/2013:05:08:00 -0400] "HEAD / HTTP/1.1" 200 - "-" "checks.panopta.com"
66.249.75.44 - - [19/Aug/2013:12:58:37 -0400] "GET /attractionsprices.html HTTP/1.1" 200 38559 "-" "SAMSUNG-SGH-E250/1.0 Profile/MIDP-2.0 Configuration/CLDC-1.1 UP.Browser/6.2.3.3.c.1.101 (GUI) MMP/2.0 (compatible; Googlebot-Mobile/2.1; +http://www.google.com/bot.html)"
178.154.211.252 - - [19/Aug/2013:13:07:25 -0400] "GET / HTTP/1.1" 200 26620 "-" "Mozilla/5.0 (compatible; YandexBot/3.0; +http://yandex.com/bots)"
207.106.153.102 - - [19/Aug/2013:13:20:51 -0400] "GET /images/253_BusterClub3.jpg HTTP/1.1" 200 10383 "http://farragutputtputt.com/attractionsprices.html" "Mozilla/5.0 (Windows NT 6.1; WOW64; rv:9.0.1) Gecko/20100101 Firefox/9.0.1"
207.106.153.102 - - [19/Aug/2013:13:20:51 -0400] "GET /images/150_730111.gif HTTP/1.1" 200 10756 "http://farragutputtputt.com/attractionsprices.html" "Mozilla/5.0 (Windows NT 6.1; WOW64; rv:9.0.1) Gecko/20100101 Firefox/9.0.1"
70.164.161.99 - - [19/Aug/2013:14:16:14 -0400] "GET /images/200_batter.jpg HTTP/1.1" 200 8643 "http://find.mapmuse.com/map/batting-cages/near/las-vegas" "Mozilla/5.0 (iPad; CPU OS 6_1_3 like Mac OS X) AppleWebKit/536.26 (KHTML, like Gecko) Version/6.0 Mobile/10B329 Safari/8536.25"
64.9.106.202 - - [19/Aug/2013:18:34:30 -0400] "GET /scripts/1custom.css HTTP/1.1" 200 5022 "http://www.farragutputtputt.com/" "Mozilla/4.0 (compatible; MSIE 7.0; Windows NT 6.1; Trident/4.0; SLCC2; .NET CLR 2.0.50727; .NET CLR 3.5.30729; .NET CLR 3.0.30729; Media Center PC 6.0; .NET4.0C; .NET CLR 1.1.4322; .NET4.0E)"
192.249.1.147 - - [19/Aug/2013:19:26:35 -0400] "GET /scripts/icwebsiteelement.css HTTP/1.1" 200 8132 "http://www.farragutputtputt.com/" "Mozilla/4.0 (compatible; MSIE 8.0; Windows NT 5.1; Trident/4.0; GTB7.5; .NET CLR 1.1.4322; .NET CLR 2.0.50727; .NET CLR 3.0.4506.2152; .NET CLR 3.5.30729; Zune 4.7; AskTbAD4/5.13.2.19379; .NET4.0C)"
192.249.1.147 - - [19/Aug/2013:19:26:35 -0400] "GET /scripts/user.js HTTP/1.1" 200 23762 "http://www.farragutputtputt.com/" "Mozilla/4.0 (compatible; MSIE 8.0; Windows NT 5.1; Trident/4.0; GTB7.5; .NET CLR 1.1.4322; .NET CLR 2.0.50727; .NET CLR 3.0.4506.2152; .NET CLR 3.5.30729; Zune 4.7; AskTbAD4/5.13.2.19379; .NET4.0C)"
192.249.1.147 - - [19/Aug/2013:19:26:36 -0400] "GET /images/190_PPFC_ltfb.jpg HTTP/1.1" 200 7684 "http://www.farragutputtputt.com/" "Mozilla/4.0 (compatible; MSIE 8.0; Windows NT 5.1; Trident/4.0; GTB7.5; .NET CLR 1.1.4322; .NET CLR 2.0.50727; .NET CLR 3.0.4506.2152; .NET CLR 3.5.30729; Zune 4.7; AskTbAD4/5.13.2.19379; .NET4.0C)"
192.249.1.147 - - [19/Aug/2013:19:26:36 -0400] "GET /images/174_PPCG.jpg HTTP/1.1" 200 8468 "http://www.farragutputtputt.com/" "Mozilla/4.0 (compatible; MSIE 8.0; Windows NT 5.1; Trident/4.0; GTB7.5; .NET CLR 1.1.4322; .NET CLR 2.0.50727; .NET CLR 3.0.4506.2152; .NET CLR 3.5.30729; Zune 4.7; AskTbAD4/5.13.2.19379; .NET4.0C)"
192.249.1.147 - - [19/Aug/2013:19:26:36 -0400] "GET /favicon.ico HTTP/1.1" 404 575 "-" "Mozilla/4.0 (compatible; MSIE 8.0; Windows NT 5.1; Trident/4.0; GTB7.5; .NET CLR 1.1.4322; .NET CLR 2.0.50727; .NET CLR 3.0.4506.2152; .NET CLR 3.5.30729; Zune 4.7; AskTbAD4/5.13.2.19379; .NET4.0C)"
192.249.1.147 - - [19/Aug/2013:19:27:35 -0400] "GET /images/212_PartyZone.jpg HTTP/1.1" 200 13500 "http://www.farragutputtputt.com/attractionsprices.html" "Mozilla/4.0 (compatible; MSIE 8.0; Windows NT 5.1; Trident/4.0; GTB7.5; .NET CLR 1.1.4322; .NET CLR 2.0.50727; .NET CLR 3.0.4506.2152; .NET CLR 3.5.30729; Zune 4.7; AskTbAD4/5.13.2.19379; .NET4.0C)"
66.87.89.125 - - [19/Aug/2013:19:34:33 -0400] "GET /attractionsprices.html HTTP/1.1" 200 38559 "http://www.farragutputtputt.com/" "Mozilla/5.0 (Linux; U; Android 2.3.6; en-us; SPH-M820-BST Build/GINGERBREAD) AppleWebKit/533.1 (KHTML, like Gecko) Version/4.0 Mobile Safari/533.1"
66.87.89.125 - - [19/Aug/2013:19:34:33 -0400] "GET /scripts/2custom.css HTTP/1.1" 200 5279 "http://www.farragutputtputt.com/attractionsprices.html" "Mozilla/5.0 (Linux; U; Android 2.3.6; en-us; SPH-M820-BST Build/GINGERBREAD) AppleWebKit/533.1 (KHTML, like Gecko) Version/4.0 Mobile Safari/533.1"
66.87.89.125 - - [19/Aug/2013:19:34:34 -0400] "GET /images/356_golfheader.jpg HTTP/1.1" 200 11752 "http://www.farragutputtputt.com/attractionsprices.html" "Mozilla/5.0 (Linux; U; Android 2.3.6; en-us; SPH-M820-BST Build/GINGERBREAD) AppleWebKit/533.1 (KHTML, like Gecko) Version/4.0 Mobile Safari/533.1"
66.87.89.125 - - [19/Aug/2013:19:34:35 -0400] "GET /images/220_PPCG.jpg HTTP/1.1" 200 11316 "http://www.farragutputtputt.com/attractionsprices.html" "Mozilla/5.0 (Linux; U; Android 2.3.6; en-us; SPH-M820-BST Build/GINGERBREAD) AppleWebKit/533.1 (KHTML, like Gecko) Version/4.0 Mobile Safari/533.1"
66.87.89.125 - - [19/Aug/2013:19:34:35 -0400] "GET /images/253_BusterClub3.jpg HTTP/1.1" 200 10383 "http://www.farragutputtputt.com/attractionsprices.html" "Mozilla/5.0 (Linux; U; Android 2.3.6; en-us; SPH-M820-BST Build/GINGERBREAD) AppleWebKit/533.1 (KHTML, like Gecko) Version/4.0 Mobile Safari/533.1"
66.87.89.125 - - [19/Aug/2013:19:34:35 -0400] "GET /images/253_BusterBatZone.jpg HTTP/1.1" 200 15829 "http://www.farragutputtputt.com/attractionsprices.html" "Mozilla/5.0 (Linux; U; Android 2.3.6; en-us; SPH-M820-BST Build/GINGERBREAD) AppleWebKit/533.1 (KHTML, like Gecko) Version/4.0 Mobile Safari/533.1"
66.87.89.125 - - [19/Aug/2013:19:34:35 -0400] "GET /images/130_spot_join.jpg HTTP/1.1" 200 7882 "http://www.farragutputtputt.com/attractionsprices.html" "Mozilla/5.0 (Linux; U; Android 2.3.6; en-us; SPH-M820-BST Build/GINGERBREAD) AppleWebKit/533.1 (KHTML, like Gecko) Version/4.0 Mobile Safari/533.1"
66.87.89.125 - - [19/Aug/2013:19:34:36 -0400] "GET /images/240_IttiBitz_Neapolitan_20Image.jpg HTTP/1.1" 200 11511 "http://www.farragutputtputt.com/attractionsprices.html" "Mozilla/5.0 (Linux; U; Android 2.3.6; en-us; SPH-M820-BST Build/GINGERBREAD) AppleWebKit/533.1 (KHTML, like Gecko) Version/4.0 Mobile Safari/533.1"
198.105.219.58 - - [19/Aug/2013:20:16:49 -0400] "HEAD / HTTP/1.1" 200 - "-" "checks.panopta.com"
66.249.75.44 - - [19/Aug/2013:20:58:14 -0400] "GET /images/Putt-Putt_Employment_Application_2011.pdf HTTP/1.1" 304 - "-" "Mozilla/5.0 (compatible; Googlebot/2.1; +http://www.google.com/bot.html)"
198.105.219.58 - - [19/Aug/2013:21:02:34 -0400] "HEAD / HTTP/1.1" 200 - "-" "checks.panopta.com"
198.105.219.58 - - [19/Aug/2013:21:17:49 -0400] "HEAD / HTTP/1.1" 200 - "-" "checks.panopta.com"
199.21.99.116 - - [19/Aug/2013:21:50:45 -0400] "GET / HTTP/1.1" 200 26620 "-" "Mozilla/5.0 (compatible; YandexBot/3.0; +http://yandex.com/bots)"
174.49.49.36 - - [19/Aug/2013:21:58:40 -0400] "GET /images/ic_046_accent_bg.png HTTP/1.1" 200 9871 "http://farragutputtputt.com/" "Mozilla/5.0 (Windows NT 6.1; WOW64) AppleWebKit/537.36 (KHTML, like Gecko) Chrome/28.0.1500.95 Safari/537.36"
76.123.236.158 - - [19/Aug/2013:00:07:33 -0400] "GET / HTTP/1.1" 200 26620 "http://knoxvilleputtputt.com/" "Mozilla/5.0 (iPhone; CPU iPhone OS 6_1_4 like Mac OS X) AppleWebKit/536.26 (KHTML, like Gecko) Version/6.0 Mobile/10B350 Safari/8536.25"
76.123.236.158 - - [19/Aug/2013:00:07:33 -0400] "GET /scripts/icwebsiteelement.css HTTP/1.1" 200 8132 "http://www.farragutputtputt.com/" "Mozilla/5.0 (iPhone; CPU iPhone OS 6_1_4 like Mac OS X) AppleWebKit/536.26 (KHTML, like Gecko) Version/6.0 Mobile/10B350 Safari/8536.25"
76.123.236.158 - - [19/Aug/2013:00:07:34 -0400] "GET /images/174_PPCG.jpg HTTP/1.1" 200 8468 "http://www.farragutputtputt.com/" "Mozilla/5.0 (iPhone; CPU iPhone OS 6_1_4 like Mac OS X) AppleWebKit/536.26 (KHTML, like Gecko) Version/6.0 Mobile/10B350 Safari/8536.25"
76.123.236.158 - - [19/Aug/2013:00:07:34 -0400] "GET /images/2004buster1.JPG HTTP/1.1" 200 5573 "http://www.farragutputtputt.com/" "Mozilla/5.0 (iPhone; CPU iPhone OS 6_1_4 like Mac OS X) AppleWebKit/536.26 (KHTML, like Gecko) Version/6.0 Mobile/10B350 Safari/8536.25"
76.123.236.158 - - [19/Aug/2013:00:07:34 -0400] "GET /images/ic_046_nav_inner_bg.gif HTTP/1.1" 200 158 "http://www.farragutputtputt.com/" "Mozilla/5.0 (iPhone; CPU iPhone OS 6_1_4 like Mac OS X) AppleWebKit/536.26 (KHTML, like Gecko) Version/6.0 Mobile/10B350 Safari/8536.25"
76.123.236.158 - - [19/Aug/2013:00:07:34 -0400] "GET /scripts/print.css HTTP/1.1" 200 - "http://www.farragutputtputt.com/" "Mozilla/5.0 (iPhone; CPU iPhone OS 6_1_4 like Mac OS X) AppleWebKit/536.26 (KHTML, like Gecko) Version/6.0 Mobile/10B350 Safari/8536.25"
12.133.10.202 - - [19/Aug/2013:09:10:29 -0400] "GET /scripts/2custom.css HTTP/1.1" 200 5279 "http://farragutputtputt.com/attractionsprices.html" "Mozilla/5.0 (compatible; MSIE 10.0; Windows NT 6.1; Trident/6.0)"
12.133.10.202 - - [19/Aug/2013:09:10:30 -0400] "GET /images/253_BusterClub3.jpg HTTP/1.1" 200 10383 "http://farragutputtputt.com/attractionsprices.html" "Mozilla/5.0 (compatible; MSIE 10.0; Windows NT 6.1; Trident/6.0)"
12.133.10.202 - - [19/Aug/2013:09:10:30 -0400] "GET /images/150_487054.gif HTTP/1.1" 200 10214 "http://farragutputtputt.com/attractionsprices.html" "Mozilla/5.0 (compatible; MSIE 10.0; Windows NT 6.1; Trident/6.0)"
198.105.219.58 - - [19/Aug/2013:09:40:00 -0400] "HEAD / HTTP/1.1" 200 - "-" "checks.panopta.com"
99.127.196.128 - - [19/Aug/2013:12:00:42 -0400] "GET /images/212_BatZone.jpg HTTP/1.1" 200 11220 "http://farragutputtputt.com/attractionsprices.html" "Mozilla/5.0 (iPad; CPU OS 6_1 like Mac OS X) AppleWebKit/536.26 (KHTML, like Gecko) Version/6.0 Mobile/10B141 Safari/8536.25"
99.127.196.128 - - [19/Aug/2013:12:00:43 -0400] "GET /images/130_spot_join.jpg HTTP/1.1" 200 7882 "http://farragutputtputt.com/attractionsprices.html" "Mozilla/5.0 (iPad; CPU OS 6_1 like Mac OS X) AppleWebKit/536.26 (KHTML, like Gecko) Version/6.0 Mobile/10B141 Safari/8536.25"
99.127.196.128 - - [19/Aug/2013:12:00:43 -0400] "GET /images/150_662429.gif HTTP/1.1" 200 11480 "http://farragutputtputt.com/attractionsprices.html" "Mozilla/5.0 (iPad; CPU OS 6_1 like Mac OS X) AppleWebKit/536.26 (KHTML, like Gecko) Version/6.0 Mobile/10B141 Safari/8536.25"
70.210.19.243 - - [19/Aug/2013:15:00:45 -0400] "GET / HTTP/1.1" 200 26620 "http://www.yellowpages.com/knoxville-tn/mip/putt-putt-golf-games-6102795?lid=6102795" "Mozilla/5.0 (Windows NT 6.1; WOW64; rv:12.0) Gecko/20100101 Firefox/12.0"
70.210.19.243 - - [19/Aug/2013:15:00:46 -0400] "GET /scripts/print.css HTTP/1.1" 200 - "http://www.farragutputtputt.com/" "Mozilla/5.0 (Windows NT 6.1; WOW64; rv:12.0) Gecko/20100101 Firefox/12.0"
70.210.19.243 - - [19/Aug/2013:15:00:46 -0400] "GET /images/174_PPCG.jpg HTTP/1.1" 200 8468 "http://www.farragutputtputt.com/" "Mozilla/5.0 (Windows NT 6.1; WOW64; rv:12.0) Gecko/20100101 Firefox/12.0"
70.210.19.243 - - [19/Aug/2013:15:00:46 -0400] "GET /images/media_snd.gif HTTP/1.1" 200 1379 "http://www.farragutputtputt.com/" "Mozilla/5.0 (Windows NT 6.1; WOW64; rv:12.0) Gecko/20100101 Firefox/12.0"
70.210.19.243 - - [19/Aug/2013:15:00:46 -0400] "GET /images/ic_046_accent_bg.png HTTP/1.1" 200 9871 "http://www.farragutputtputt.com/scripts/template.css" "Mozilla/5.0 (Windows NT 6.1; WOW64; rv:12.0) Gecko/20100101 Firefox/12.0"
99.110.76.159 - - [19/Aug/2013:16:07:56 -0400] "GET /scripts/user.js HTTP/1.1" 200 23762 "http://www.farragutputtputt.com/" "Mozilla/5.0 (Windows NT 6.2; WOW64) AppleWebKit/537.36 (KHTML, like Gecko) Chrome/28.0.1500.95 Safari/537.36"
99.110.76.159 - - [19/Aug/2013:16:07:56 -0400] "GET /images/media_snd.gif HTTP/1.1" 200 1379 "http://www.farragutputtputt.com/" "Mozilla/5.0 (Windows NT 6.2; WOW64) AppleWebKit/537.36 (KHTML, like Gecko) Chrome/28.0.1500.95 Safari/537.36"
99.110.76.159 - - [19/Aug/2013:16:07:56 -0400] "GET /images/ic_046_nav_inner_bg.gif HTTP/1.1" 200 158 "http://www.farragutputtputt.com/" "Mozilla/5.0 (Windows NT 6.2; WOW64) AppleWebKit/537.36 (KHTML, like Gecko) Chrome/28.0.1500.95 Safari/537.36"
99.110.76.151 - - [19/Aug/2013:17:03:33 -0400] "GET /images/photoalbum/button_photoFirst.jpg HTTP/1.1" 200 637 "http://farragutputtputt.com/letthefunbegin.html" "Mozilla/5.0 (iPad; CPU OS 6_1_3 like Mac OS X) AppleWebKit/536.26 (KHTML, like Gecko) Version/6.0 Mobile/10B329 Safari/8536.25"
99.110.76.151 - - [19/Aug/2013:17:03:33 -0400] "GET /images/photoalbum/button_photoSpeed4.jpg HTTP/1.1" 200 506 "http://farragutputtputt.com/letthefunbegin.html" "Mozilla/5.0 (iPad; CPU OS 6_1_3 like Mac OS X) AppleWebKit/536.26 (KHTML, like Gecko) Version/6.0 Mobile/10B329 Safari/8536.25"
99.110.76.151 - - [19/Aug/2013:17:03:34 -0400] "GET /scripts/icwebsiteelement.css HTTP/1.1" 200 8132 "http://farragutputtputt.com/letthefunbegin.html" "Mozilla/5.0 (iPad; CPU OS 6_1_3 like Mac OS X) AppleWebKit/536.26 (KHTML, like Gecko) Version/6.0 Mobile/10B329 Safari/8536.25"
99.110.76.151 - - [19/Aug/2013:17:03:34 -0400] "GET /images/photoalbum/button_photoPause.jpg HTTP/1.1" 200 605 "http://farragutputtputt.com/letthefunbegin.html" "Mozilla/5.0 (iPad; CPU OS 6_1_3 like Mac OS X) AppleWebKit/536.26 (KHTML, like Gecko) Version/6.0 Mobile/10B329 Safari/8536.25"
96.38.120.125 - - [19/Aug/2013:17:10:06 -0400] "GET /scripts/2custom.css HTTP/1.1" 200 5279 "http://www.farragutputtputt.com/attractionsprices.html" "Mozilla/5.0 (Windows NT 6.1; WOW64) AppleWebKit/537.36 (KHTML, like Gecko) Chrome/28.0.1500.95 Safari/537.36"
96.38.120.125 - - [19/Aug/2013:17:10:06 -0400] "GET /images/253_BusterClub3.jpg HTTP/1.1" 200 10383 "http://www.farragutputtputt.com/attractionsprices.html" "Mozilla/5.0 (Windows NT 6.1; WOW64) AppleWebKit/537.36 (KHTML, like Gecko) Chrome/28.0.1500.95 Safari/537.36"
96.38.120.125 - - [19/Aug/2013:17:10:06 -0400] "GET /images/150_bunn_frozen_drinks.jpg HTTP/1.1" 200 3756 "http://www.farragutputtputt.com/attractionsprices.html" "Mozilla/5.0 (Windows NT 6.1; WOW64) AppleWebKit/537.36 (KHTML, like Gecko) Chrome/28.0.1500.95 Safari/537.36"
174.238.161.192 - - [19/Aug/2013:17:17:01 -0400] "GET /attractionsprices.html HTTP/1.1" 200 38559 "https://www.google.com/" "Mozilla/5.0 (iPhone; CPU iPhone OS 6_1_3 like Mac OS X) AppleWebKit/536.26 (KHTML, like Gecko) Version/6.0 Mobile/10B329 Safari/8536.25"
174.237.33.195 - - [19/Aug/2013:17:55:33 -0400] "GET /scripts/user.js HTTP/1.1" 200 23762 "http://farragutputtputt.com/birthdaypartyinfo.html" "Mozilla/5.0 (iPhone; CPU iPhone OS 5_0_1 like Mac OS X) AppleWebKit/534.46 (KHTML, like Gecko) Version/5.1 Mobile/9A406 Safari/7534.48.3"
174.237.33.195 - - [19/Aug/2013:17:55:35 -0400] "GET /images/103_Balloons.gif HTTP/1.1" 200 7385 "http://farragutputtputt.com/birthdaypartyinfo.html" "Mozilla/5.0 (iPhone; CPU iPhone OS 5_0_1 like Mac OS X) AppleWebKit/534.46 (KHTML, like Gecko) Version/5.1 Mobile/9A406 Safari/7534.48.3"
174.237.33.195 - - [19/Aug/2013:17:55:35 -0400] "GET /images/ic_046_accent_bg.png HTTP/1.1" 200 9871 "http://farragutputtputt.com/birthdaypartyinfo.html" "Mozilla/5.0 (iPhone; CPU iPhone OS 5_0_1 like Mac OS X) AppleWebKit/534.46 (KHTML, like Gecko) Version/5.1 Mobile/9A406 Safari/7534.48.3"
24.159.23.55 - - [19/Aug/2013:18:32:41 -0400] "GET /images/84_USA-05.gif HTTP/1.1" 200 9755 "http://farragutputtputt.com/welcome.html" "Mozilla/5.0 (Windows NT 6.1; WOW64) AppleWebKit/537.36 (KHTML, like Gecko) Chrome/28.0.1500.95 Safari/537.36"
99.123.176.195 - - [19/Aug/2013:18:56:57 -0400] "GET /scripts/website.css HTTP/1.1" 304 - "http://farragutputtputt.com/" "Mozilla/5.0 (Linux; U; Android 4.1.1; en-us; GT-P5113 Build/JRO03C) AppleWebKit/534.30 (KHTML, like Gecko) Version/4.0 Safari/534.30"
99.123.176.195 - - [19/Aug/2013:18:56:57 -0400] "GET /scripts/1custom.css HTTP/1.1" 304 - "http://farragutputtputt.com/" "Mozilla/5.0 (Linux; U; Android 4.1.1; en-us; GT-P5113 Build/JRO03C) AppleWebKit/534.30 (KHTML, like Gecko) Version/4.0 Safari/534.30"
192.249.1.147 - - [19/Aug/2013:19:26:35 -0400] "GET /scripts/ic_globals_published.js HTTP/1.1" 200 566 "http://www.farragutputtputt.com/" "Mozilla/4.0 (compatible; MSIE 8.0; Windows NT 5.1; Trident/4.0; GTB7.5; .NET CLR 1.1.4322; .NET CLR 2.0.50727; .NET CLR 3.0.4506.2152; .NET CLR 3.5.30729; Zune 4.7; AskTbAD4/5.13.2.19379; .NET4.0C)"
192.249.1.147 - - [19/Aug/2013:19:26:36 -0400] "GET /images/2004buster1.JPG HTTP/1.1" 200 5573 "http://www.farragutputtputt.com/" "Mozilla/4.0 (compatible; MSIE 8.0; Windows NT 5.1; Trident/4.0; GTB7.5; .NET CLR 1.1.4322; .NET CLR 2.0.50727; .NET CLR 3.0.4506.2152; .NET CLR 3.5.30729; Zune 4.7; AskTbAD4/5.13.2.19379; .NET4.0C)"
192.249.1.147 - - [19/Aug/2013:19:26:36 -0400] "GET /images/ic_046_content_bottom_bg_wide.png HTTP/1.1" 200 1373 "http://www.farragutputtputt.com/" "Mozilla/4.0 (compatible; MSIE 8.0; Windows NT 5.1; Trident/4.0; GTB7.5; .NET CLR 1.1.4322; .NET CLR 2.0.50727; .NET CLR 3.0.4506.2152; .NET CLR 3.5.30729; Zune 4.7; AskTbAD4/5.13.2.19379; .NET4.0C)"
66.87.89.125 - - [19/Aug/2013:19:32:37 -0400] "GET /images/ic_046_navcontainer_bg.png HTTP/1.1" 200 5832 "http://www.farragutputtputt.com/" "Mozilla/5.0 (Linux; U; Android 2.3.6; en-us; SPH-M820-BST Build/GINGERBREAD) AppleWebKit/533.1 (KHTML, like Gecko) Version/4.0 Mobile Safari/533.1"
67.224.50.72 - - [19/Aug/2013:20:10:28 -0400] "GET /scripts/print.css HTTP/1.1" 200 - "http://farragutputtputt.com/" "Mozilla/5.0 (Windows NT 6.1; rv:23.0) Gecko/20100101 Firefox/23.0"
67.224.50.72 - - [19/Aug/2013:20:10:28 -0400] "GET /scripts/photoalbum.js HTTP/1.1" 200 62481 "http://farragutputtputt.com/" "Mozilla/5.0 (Windows NT 6.1; rv:23.0) Gecko/20100101 Firefox/23.0"
67.224.50.72 - - [19/Aug/2013:20:10:28 -0400] "GET /scripts/icwebsiteelement.css HTTP/1.1" 200 8132 "http://farragutputtputt.com/" "Mozilla/5.0 (Windows NT 6.1; rv:23.0) Gecko/20100101 Firefox/23.0"
67.224.50.72 - - [19/Aug/2013:20:10:29 -0400] "GET /images/88_tennessee_fl_md_wht.gif HTTP/1.1" 200 7701 "http://farragutputtputt.com/" "Mozilla/5.0 (Windows NT 6.1; rv:23.0) Gecko/20100101 Firefox/23.0"
67.224.50.72 - - [19/Aug/2013:20:10:29 -0400] "GET /images/385_im_party.gif HTTP/1.1" 200 20294 "http://farragutputtputt.com/" "Mozilla/5.0 (Windows NT 6.1; rv:23.0) Gecko/20100101 Firefox/23.0"
67.224.50.72 - - [19/Aug/2013:20:10:29 -0400] "GET /images/ic_046_header_bg_wide.png HTTP/1.1" 200 3558 "http://farragutputtputt.com/scripts/template.css" "Mozilla/5.0 (Windows NT 6.1; rv:23.0) Gecko/20100101 Firefox/23.0"
67.224.50.72 - - [19/Aug/2013:20:10:29 -0400] "GET /images/ic_046_content_top_bg_wide.png HTTP/1.1" 200 780 "http://farragutputtputt.com/scripts/template.css" "Mozilla/5.0 (Windows NT 6.1; rv:23.0) Gecko/20100101 Firefox/23.0"
67.224.50.72 - - [19/Aug/2013:20:10:31 -0400] "GET /images/ic_046_content_bottom_bg_wide.png HTTP/1.1" 200 1373 "http://farragutputtputt.com/scripts/template.css" "Mozilla/5.0 (Windows NT 6.1; rv:23.0) Gecko/20100101 Firefox/23.0"
67.224.50.72 - - [19/Aug/2013:20:10:31 -0400] "GET /favicon.ico HTTP/1.1" 404 575 "-" "Mozilla/5.0 (Windows NT 6.1; rv:23.0) Gecko/20100101 Firefox/23.0"
76.14.117.97 - - [19/Aug/2013:20:15:03 -0400] "GET /images/200_batter.jpg HTTP/1.1" 200 8643 "http://find.mapmuse.com/map/batting-cages/near/,+Rocklin,%20Ca%2095677" "Mozilla/5.0 (compatible; MSIE 10.0; Windows NT 6.2; WOW64; Trident/6.0; MASMJS)"
74.131.186.107 - - [19/Aug/2013:21:41:43 -0400] "GET /images/200_batter.jpg HTTP/1.1" 200 8643 "http://find.mapmuse.com/map/batting-cages/near/Lexington,+KY" "Mozilla/5.0 (iPad; CPU OS 5_1_1 like Mac OS X) AppleWebKit/534.46 (KHTML, like Gecko) Mobile/9B206"
174.49.49.36 - - [19/Aug/2013:21:58:46 -0400] "GET /favicon.ico HTTP/1.1" 404 575 "-" "Mozilla/5.0 (Windows NT 6.1; WOW64) AppleWebKit/537.36 (KHTML, like Gecko) Chrome/28.0.1500.95 Safari/537.36"
71.227.148.54 - - [19/Aug/2013:22:31:22 -0400] "GET / HTTP/1.1" 200 26620 "http://www.yellowpages.com/knoxville-tn/mip/putt-putt-golf-games-6102795?lid=6102795" "Mozilla/5.0 (Macintosh; Intel Mac OS X 10_5_8) AppleWebKit/534.50.2 (KHTML, like Gecko) Version/5.0.6 Safari/533.22.3"
71.227.148.54 - - [19/Aug/2013:22:31:22 -0400] "GET /scripts/website.css HTTP/1.1" 200 1642 "http://www.farragutputtputt.com/" "Mozilla/5.0 (Macintosh; Intel Mac OS X 10_5_8) AppleWebKit/534.50.2 (KHTML, like Gecko) Version/5.0.6 Safari/533.22.3"
71.227.148.54 - - [19/Aug/2013:22:31:22 -0400] "GET /scripts/icwebsiteelement.css HTTP/1.1" 200 8132 "http://www.farragutputtputt.com/" "Mozilla/5.0 (Macintosh; Intel Mac OS X 10_5_8) AppleWebKit/534.50.2 (KHTML, like Gecko) Version/5.0.6 Safari/533.22.3"
71.227.148.54 - - [19/Aug/2013:22:31:24 -0400] "GET /images/ic_046_accent_bg.png HTTP/1.1" 200 9871 "http://www.farragutputtputt.com/" "Mozilla/5.0 (Macintosh; Intel Mac OS X 10_5_8) AppleWebKit/534.50.2 (KHTML, like Gecko) Version/5.0.6 Safari/533.22.3"
71.227.148.54 - - [19/Aug/2013:22:32:26 -0400] "GET /attractionsprices.html HTTP/1.1" 200 38559 "http://www.farragutputtputt.com/" "Mozilla/5.0 (Macintosh; Intel Mac OS X 10_5_8) AppleWebKit/534.50.2 (KHTML, like Gecko) Version/5.0.6 Safari/533.22.3"
71.227.148.54 - - [19/Aug/2013:22:32:27 -0400] "GET /images/356_golfheader.jpg HTTP/1.1" 200 11752 "http://www.farragutputtputt.com/attractionsprices.html" "Mozilla/5.0 (Macintosh; Intel Mac OS X 10_5_8) AppleWebKit/534.50.2 (KHTML, like Gecko) Version/5.0.6 Safari/533.22.3"
71.227.148.54 - - [19/Aug/2013:22:32:27 -0400] "GET /images/doc_pdf.gif HTTP/1.1" 200 1002 "http://www.farragutputtputt.com/attractionsprices.html" "Mozilla/5.0 (Macintosh; Intel Mac OS X 10_5_8) AppleWebKit/534.50.2 (KHTML, like Gecko) Version/5.0.6 Safari/533.22.3"
71.227.148.54 - - [19/Aug/2013:22:32:27 -0400] "GET /images/253_BusterClub3.jpg HTTP/1.1" 200 10383 "http://www.farragutputtputt.com/attractionsprices.html" "Mozilla/5.0 (Macintosh; Intel Mac OS X 10_5_8) AppleWebKit/534.50.2 (KHTML, like Gecko) Version/5.0.6 Safari/533.22.3"
71.227.148.54 - - [19/Aug/2013:22:32:27 -0400] "GET /images/220_SnackShack.jpg HTTP/1.1" 200 14543 "http://www.farragutputtputt.com/attractionsprices.html" "Mozilla/5.0 (Macintosh; Intel Mac OS X 10_5_8) AppleWebKit/534.50.2 (KHTML, like Gecko) Version/5.0.6 Safari/533.22.3"
71.227.148.54 - - [19/Aug/2013:22:32:28 -0400] "GET /images/150_662429.gif HTTP/1.1" 200 11480 "http://www.farragutputtputt.com/attractionsprices.html" "Mozilla/5.0 (Macintosh; Intel Mac OS X 10_5_8) AppleWebKit/534.50.2 (KHTML, like Gecko) Version/5.0.6 Safari/533.22.3"
109.120.157.179 - - [19/Aug/2013:23:15:40 -0400] "GET / HTTP/1.1" 200 26620 "http://bowlingadvisor.com/" "Mozilla/5.0 (compatible; Add Catalog/2.1;)"
27.154.126.248 - - [19/Aug/2013:07:03:54 -0400] "GET / HTTP/1.1" 200 26620 "-" "Mozilla/4.0 (compatible; MSIE 6.0; Windows NT 5.1; SV1; Mozilla/4.0 (compatible; MSIE 6.0; Windows NT 5.1; SV1) )"
99.17.83.143 - - [19/Aug/2013:18:03:29 -0400] "GET /birthdaypartyinfo.html HTTP/1.1" 200 48049 "http://farragutputtputt.com/" "Mozilla/5.0 (Windows NT 6.1; WOW64; rv:23.0) Gecko/20100101 Firefox/23.0"
99.17.83.143 - - [19/Aug/2013:18:03:29 -0400] "GET /scripts/print.css HTTP/1.1" 200 - "http://farragutputtputt.com/birthdaypartyinfo.html" "Mozilla/5.0 (Windows NT 6.1; WOW64; rv:23.0) Gecko/20100101 Firefox/23.0"
99.17.83.143 - - [19/Aug/2013:18:03:30 -0400] "GET /images/356_birthdayheader.jpg HTTP/1.1" 200 13204 "http://farragutputtputt.com/birthdaypartyinfo.html" "Mozilla/5.0 (Windows NT 6.1; WOW64; rv:23.0) Gecko/20100101 Firefox/23.0"
99.17.83.143 - - [19/Aug/2013:18:03:30 -0400] "GET /images/194_buster-with-mail-box.JPG HTTP/1.1" 200 7334 "http://farragutputtputt.com/birthdaypartyinfo.html" "Mozilla/5.0 (Windows NT 6.1; WOW64; rv:23.0) Gecko/20100101 Firefox/23.0"
99.17.83.143 - - [19/Aug/2013:18:03:30 -0400] "GET /images/ic_046_accent_bg.png HTTP/1.1" 200 9871 "http://farragutputtputt.com/scripts/template.css" "Mozilla/5.0 (Windows NT 6.1; WOW64; rv:23.0) Gecko/20100101 Firefox/23.0"
67.187.103.34 - - [19/Aug/2013:18:43:44 -0400] "GET /scripts/website.css HTTP/1.1" 304 - "http://farragutputtputt.com/specialsgroups.html" "Mozilla/5.0 (X11; Linux x86_64) AppleWebKit/534.24 (KHTML, like Gecko) Chrome/11.0.696.34 Safari/534.24"
67.187.103.34 - - [19/Aug/2013:18:43:45 -0400] "GET /images/ic_046_navcontainer_bg.png HTTP/1.1" 304 - "http://farragutputtputt.com/specialsgroups.html" "Mozilla/5.0 (X11; Linux x86_64) AppleWebKit/534.24 (KHTML, like Gecko) Chrome/11.0.696.34 Safari/534.24"
192.249.1.147 - - [19/Aug/2013:19:27:35 -0400] "GET /images/220_PPCG.jpg HTTP/1.1" 200 11316 "http://www.farragutputtputt.com/attractionsprices.html" "Mozilla/4.0 (compatible; MSIE 8.0; Windows NT 5.1; Trident/4.0; GTB7.5; .NET CLR 1.1.4322; .NET CLR 2.0.50727; .NET CLR 3.0.4506.2152; .NET CLR 3.5.30729; Zune 4.7; AskTbAD4/5.13.2.19379; .NET4.0C)"
192.249.1.147 - - [19/Aug/2013:19:27:35 -0400] "GET /images/220_SnackShack.jpg HTTP/1.1" 200 14543 "http://www.farragutputtputt.com/attractionsprices.html" "Mozilla/4.0 (compatible; MSIE 8.0; Windows NT 5.1; Trident/4.0; GTB7.5; .NET CLR 1.1.4322; .NET CLR 2.0.50727; .NET CLR 3.0.4506.2152; .NET CLR 3.5.30729; Zune 4.7; AskTbAD4/5.13.2.19379; .NET4.0C)"
66.87.89.125 - - [19/Aug/2013:19:32:31 -0400] "GET / HTTP/1.1" 200 26620 "-" "Mozilla/5.0 (Linux; U; Android 2.3.6; en-us; SPH-M820-BST Build/GINGERBREAD) AppleWebKit/533.1 (KHTML, like Gecko) Version/4.0 Mobile Safari/533.1"
66.87.89.125 - - [19/Aug/2013:19:34:25 -0400] "GET /images/164_IMG_0047.jpg HTTP/1.1" 200 6427 "http://www.farragutputtputt.com/letthefunbegin.html" "Mozilla/5.0 (Linux; U; Android 2.3.6; en-us; SPH-M820-BST Build/GINGERBREAD) AppleWebKit/533.1 (KHTML, like Gecko) Version/4.0 Mobile Safari/533.1"
66.87.89.125 - - [19/Aug/2013:19:34:26 -0400] "GET /images/767_march_2009_putt-putt_004.jpg HTTP/1.1" 200 94332 "http://www.farragutputtputt.com/letthefunbegin.html" "Mozilla/5.0 (Linux; U; Android 2.3.6; en-us; SPH-M820-BST Build/GINGERBREAD) AppleWebKit/533.1 (KHTML, like Gecko) Version/4.0 Mobile Safari/533.1"
66.87.89.125 - - [19/Aug/2013:19:34:26 -0400] "GET /images/164_march_2009_putt-putt_003.jpg HTTP/1.1" 200 6836 "http://www.farragutputtputt.com/letthefunbegin.html" "Mozilla/5.0 (Linux; U; Android 2.3.6; en-us; SPH-M820-BST Build/GINGERBREAD) AppleWebKit/533.1 (KHTML, like Gecko) Version/4.0 Mobile Safari/533.1"
46.118.126.194 - - [19/Aug/2013:16:39:15 -0400] "GET / HTTP/1.1" 200 26620 "http://moneycredits.ru/" "Mozilla/4.0 (compatible; MSIE 6.0; Windows NT 5.1; Deepnet Explorer 1.5.0; .NET CLR 1.0.3705)"
166.147.120.44 - - [19/Aug/2013:17:12:07 -0400] "GET /scripts/template.css HTTP/1.1" 200 9762 "http://farragutputtputt.com/" "Mozilla/5.0 (Linux; U; Android 4.1.1; en-us; SAMSUNG-SGH-I747 Build/JRO03L) AppleWebKit/534.30 (KHTML, like Gecko) Version/4.0 Mobile Safari/534.30"
166.147.120.44 - - [19/Aug/2013:17:12:07 -0400] "GET /scripts/icwebsiteelement.css HTTP/1.1" 200 8132 "http://farragutputtputt.com/" "Mozilla/5.0 (Linux; U; Android 4.1.1; en-us; SAMSUNG-SGH-I747 Build/JRO03L) AppleWebKit/534.30 (KHTML, like Gecko) Version/4.0 Mobile Safari/534.30"
166.147.120.44 - - [19/Aug/2013:17:12:07 -0400] "GET /images/2004buster1.JPG HTTP/1.1" 200 5573 "http://farragutputtputt.com/" "Mozilla/5.0 (Linux; U; Android 4.1.1; en-us; SAMSUNG-SGH-I747 Build/JRO03L) AppleWebKit/534.30 (KHTML, like Gecko) Version/4.0 Mobile Safari/534.30"
166.147.120.44 - - [19/Aug/2013:17:12:07 -0400] "GET /images/ic_046_nav_inner_bg.gif HTTP/1.1" 200 158 "http://farragutputtputt.com/" "Mozilla/5.0 (Linux; U; Android 4.1.1; en-us; SAMSUNG-SGH-I747 Build/JRO03L) AppleWebKit/534.30 (KHTML, like Gecko) Version/4.0 Mobile Safari/534.30"
166.147.120.44 - - [19/Aug/2013:17:12:07 -0400] "GET /images/190_PPFC_ltfb.jpg HTTP/1.1" 200 7684 "http://farragutputtputt.com/" "Mozilla/5.0 (Linux; U; Android 4.1.1; en-us; SAMSUNG-SGH-I747 Build/JRO03L) AppleWebKit/534.30 (KHTML, like Gecko) Version/4.0 Mobile Safari/534.30"
166.147.120.44 - - [19/Aug/2013:17:12:07 -0400] "GET /images/84_USA-05.gif HTTP/1.1" 200 9755 "http://farragutputtputt.com/" "Mozilla/5.0 (Linux; U; Android 4.1.1; en-us; SAMSUNG-SGH-I747 Build/JRO03L) AppleWebKit/534.30 (KHTML, like Gecko) Version/4.0 Mobile Safari/534.30"
166.147.120.44 - - [19/Aug/2013:17:12:07 -0400] "GET /images/media_snd.gif HTTP/1.1" 200 1379 "http://farragutputtputt.com/" "Mozilla/5.0 (Linux; U; Android 4.1.1; en-us; SAMSUNG-SGH-I747 Build/JRO03L) AppleWebKit/534.30 (KHTML, like Gecko) Version/4.0 Mobile Safari/534.30"
99.93.18.51 - - [19/Aug/2013:06:12:34 -0400] "GET /scripts/1custom.css HTTP/1.1" 200 5022 "http://farragutputtputt.com/welcome.html" "Mozilla/5.0 (iPhone; CPU iPhone OS 7_0 like Mac OS X) AppleWebKit/537.51.1 (KHTML, like Gecko) Version/6.0 Mobile/11A4435d Safari/8536.25"
99.93.18.51 - - [19/Aug/2013:06:12:34 -0400] "GET /images/385_im_party.gif HTTP/1.1" 200 20294 "http://farragutputtputt.com/welcome.html" "Mozilla/5.0 (iPhone; CPU iPhone OS 7_0 like Mac OS X) AppleWebKit/537.51.1 (KHTML, like Gecko) Version/6.0 Mobile/11A4435d Safari/8536.25"
99.93.18.51 - - [19/Aug/2013:06:12:34 -0400] "GET /images/media_snd.gif HTTP/1.1" 200 1379 "http://farragutputtputt.com/welcome.html" "Mozilla/5.0 (iPhone; CPU iPhone OS 7_0 like Mac OS X) AppleWebKit/537.51.1 (KHTML, like Gecko) Version/6.0 Mobile/11A4435d Safari/8536.25"
198.105.219.58 - - [19/Aug/2013:13:11:52 -0400] "HEAD / HTTP/1.1" 200 - "-" "checks.panopta.com"
12.133.10.202 - - [19/Aug/2013:09:09:20 -0400] "GET /images/ic_046_content_bottom_bg_wide.png HTTP/1.1" 200 1373 "http://farragutputtputt.com/" "Mozilla/5.0 (compatible; MSIE 10.0; Windows NT 6.1; Trident/6.0)"
12.133.10.202 - - [19/Aug/2013:09:09:48 -0400] "GET /birthdaypartyinfo.html HTTP/1.1" 200 48049 "http://farragutputtputt.com/" "Mozilla/5.0 (compatible; MSIE 10.0; Windows NT 6.1; Trident/6.0)"
12.133.10.202 - - [19/Aug/2013:09:09:48 -0400] "GET /images/194_buster-with-mail-box.JPG HTTP/1.1" 200 7334 "http://farragutputtputt.com/birthdaypartyinfo.html" "Mozilla/5.0 (compatible; MSIE 10.0; Windows NT 6.1; Trident/6.0)"
12.133.10.202 - - [19/Aug/2013:09:10:29 -0400] "GET /images/356_golfheader.jpg HTTP/1.1" 200 11752 "http://farragutputtputt.com/attractionsprices.html" "Mozilla/5.0 (compatible; MSIE 10.0; Windows NT 6.1; Trident/6.0)"
12.133.10.202 - - [19/Aug/2013:09:10:30 -0400] "GET /images/150_bunn_frozen_drinks.jpg HTTP/1.1" 200 3756 "http://farragutputtputt.com/attractionsprices.html" "Mozilla/5.0 (compatible; MSIE 10.0; Windows NT 6.1; Trident/6.0)"
50.147.33.141 - - [19/Aug/2013:11:40:58 -0400] "GET / HTTP/1.1" 200 26620 "https://www.google.com/" "Mozilla/5.0 (iPhone; CPU iPhone OS 6_1_3 like Mac OS X) AppleWebKit/536.26 (KHTML, like Gecko) Version/6.0 Mobile/10B329 Safari/8536.25"
50.147.33.141 - - [19/Aug/2013:11:40:58 -0400] "GET /scripts/1custom.css HTTP/1.1" 200 5022 "http://farragutputtputt.com/" "Mozilla/5.0 (iPhone; CPU iPhone OS 6_1_3 like Mac OS X) AppleWebKit/536.26 (KHTML, like Gecko) Version/6.0 Mobile/10B329 Safari/8536.25"
50.147.33.141 - - [19/Aug/2013:11:40:58 -0400] "GET /scripts/icwebsiteelement.css HTTP/1.1" 200 8132 "http://farragutputtputt.com/" "Mozilla/5.0 (iPhone; CPU iPhone OS 6_1_3 like Mac OS X) AppleWebKit/536.26 (KHTML, like Gecko) Version/6.0 Mobile/10B329 Safari/8536.25"
50.147.33.141 - - [19/Aug/2013:11:40:58 -0400] "GET /images/174_PPCG.jpg HTTP/1.1" 200 8468 "http://farragutputtputt.com/" "Mozilla/5.0 (iPhone; CPU iPhone OS 6_1_3 like Mac OS X) AppleWebKit/536.26 (KHTML, like Gecko) Version/6.0 Mobile/10B329 Safari/8536.25"
50.147.33.141 - - [19/Aug/2013:11:40:58 -0400] "GET /images/2004buster1.JPG HTTP/1.1" 200 5573 "http://farragutputtputt.com/" "Mozilla/5.0 (iPhone; CPU iPhone OS 6_1_3 like Mac OS X) AppleWebKit/536.26 (KHTML, like Gecko) Version/6.0 Mobile/10B329 Safari/8536.25"
50.147.33.141 - - [19/Aug/2013:11:40:58 -0400] "GET /images/ic_046_header_bg_wide.png HTTP/1.1" 200 3558 "http://farragutputtputt.com/" "Mozilla/5.0 (iPhone; CPU iPhone OS 6_1_3 like Mac OS X) AppleWebKit/536.26 (KHTML, like Gecko) Version/6.0 Mobile/10B329 Safari/8536.25"
50.147.33.141 - - [19/Aug/2013:11:40:58 -0400] "GET /images/ic_046_content_bottom_bg_wide.png HTTP/1.1" 200 1373 "http://farragutputtputt.com/" "Mozilla/5.0 (iPhone; CPU iPhone OS 6_1_3 like Mac OS X) AppleWebKit/536.26 (KHTML, like Gecko) Version/6.0 Mobile/10B329 Safari/8536.25"
50.147.33.141 - - [19/Aug/2013:11:40:58 -0400] "GET /scripts/print.css HTTP/1.1" 200 - "http://farragutputtputt.com/" "Mozilla/5.0 (iPhone; CPU iPhone OS 6_1_3 like Mac OS X) AppleWebKit/536.26 (KHTML, like Gecko) Version/6.0 Mobile/10B329 Safari/8536.25"
99.127.196.128 - - [19/Aug/2013:11:59:28 -0400] "GET /scripts/user.js HTTP/1.1" 200 23762 "http://farragutputtputt.com/" "Mozilla/5.0 (iPad; CPU OS 6_1 like Mac OS X) AppleWebKit/536.26 (KHTML, like Gecko) Version/6.0 Mobile/10B141 Safari/8536.25"
99.127.196.128 - - [19/Aug/2013:11:59:28 -0400] "GET /images/84_USA-05.gif HTTP/1.1" 200 9755 "http://farragutputtputt.com/" "Mozilla/5.0 (iPad; CPU OS 6_1 like Mac OS X) AppleWebKit/536.26 (KHTML, like Gecko) Version/6.0 Mobile/10B141 Safari/8536.25"
99.127.196.128 - - [19/Aug/2013:11:59:28 -0400] "GET /images/ic_046_accent_bg.png HTTP/1.1" 200 9871 "http://farragutputtputt.com/" "Mozilla/5.0 (iPad; CPU OS 6_1 like Mac OS X) AppleWebKit/536.26 (KHTML, like Gecko) Version/6.0 Mobile/10B141 Safari/8536.25"
99.127.196.128 - - [19/Aug/2013:11:59:28 -0400] "GET /images/ic_046_header_bg_wide.png HTTP/1.1" 200 3558 "http://farragutputtputt.com/" "Mozilla/5.0 (iPad; CPU OS 6_1 like Mac OS X) AppleWebKit/536.26 (KHTML, like Gecko) Version/6.0 Mobile/10B141 Safari/8536.25"
71.227.148.54 - - [19/Aug/2013:22:31:22 -0400] "GET /scripts/template.css HTTP/1.1" 200 9762 "http://www.farragutputtputt.com/" "Mozilla/5.0 (Macintosh; Intel Mac OS X 10_5_8) AppleWebKit/534.50.2 (KHTML, like Gecko) Version/5.0.6 Safari/533.22.3"
71.227.148.54 - - [19/Aug/2013:22:31:23 -0400] "GET /images/2004buster1.JPG HTTP/1.1" 200 5573 "http://www.farragutputtputt.com/" "Mozilla/5.0 (Macintosh; Intel Mac OS X 10_5_8) AppleWebKit/534.50.2 (KHTML, like Gecko) Version/5.0.6 Safari/533.22.3"
71.227.148.54 - - [19/Aug/2013:22:31:24 -0400] "GET /images/ic_046_nav_inner_bg.gif HTTP/1.1" 200 158 "http://www.farragutputtputt.com/" "Mozilla/5.0 (Macintosh; Intel Mac OS X 10_5_8) AppleWebKit/534.50.2 (KHTML, like Gecko) Version/5.0.6 Safari/533.22.3"
198.105.219.58 - - [19/Aug/2013:06:08:20 -0400] "HEAD / HTTP/1.1" 200 - "-" "checks.panopta.com"
209.64.162.2 - - [19/Aug/2013:15:31:40 -0400] "GET /images/photoalbum/button_photoPause.jpg HTTP/1.1" 200 605 "http://farragutputtputt.com/letthefunbegin.html" "Mozilla/5.0 (iPhone; CPU iPhone OS 6_1_3 like Mac OS X) AppleWebKit/536.26 (KHTML, like Gecko) Version/6.0 Mobile/10B329 Safari/8536.25"
209.64.162.2 - - [19/Aug/2013:15:31:40 -0400] "GET /images/photoalbum/button_photoLast.jpg HTTP/1.1" 200 637 "http://farragutputtputt.com/letthefunbegin.html" "Mozilla/5.0 (iPhone; CPU iPhone OS 6_1_3 like Mac OS X) AppleWebKit/536.26 (KHTML, like Gecko) Version/6.0 Mobile/10B329 Safari/8536.25"
209.64.162.2 - - [19/Aug/2013:15:31:41 -0400] "GET /images/photoalbum/button_photoSpeed5.jpg HTTP/1.1" 200 502 "http://farragutputtputt.com/letthefunbegin.html" "Mozilla/5.0 (iPhone; CPU iPhone OS 6_1_3 like Mac OS X) AppleWebKit/536.26 (KHTML, like Gecko) Version/6.0 Mobile/10B329 Safari/8536.25"
209.64.162.2 - - [19/Aug/2013:15:31:41 -0400] "GET /images/767_IMG_0047.jpg HTTP/1.1" 200 61320 "http://farragutputtputt.com/letthefunbegin.html" "Mozilla/5.0 (iPhone; CPU iPhone OS 6_1_3 like Mac OS X) AppleWebKit/536.26 (KHTML, like Gecko) Version/6.0 Mobile/10B329 Safari/8536.25"
24.159.23.55 - - [19/Aug/2013:18:32:41 -0400] "GET /scripts/1custom.css HTTP/1.1" 200 5022 "http://farragutputtputt.com/welcome.html" "Mozilla/5.0 (Windows NT 6.1; WOW64) AppleWebKit/537.36 (KHTML, like Gecko) Chrome/28.0.1500.95 Safari/537.36"
24.159.23.55 - - [19/Aug/2013:18:32:41 -0400] "GET /images/media_snd.gif HTTP/1.1" 200 1379 "http://farragutputtputt.com/welcome.html" "Mozilla/5.0 (Windows NT 6.1; WOW64) AppleWebKit/537.36 (KHTML, like Gecko) Chrome/28.0.1500.95 Safari/537.36"
174.252.145.112 - - [19/Aug/2013:18:55:59 -0400] "GET /scripts/1custom.css HTTP/1.1" 200 5022 "http://www.farragutputtputt.com/" "Mozilla/5.0 (iPhone; CPU iPhone OS 6_1_3 like Mac OS X) AppleWebKit/536.26 (KHTML, like Gecko) Version/6.0 Mobile/10B329 Safari/8536.25"
174.252.145.112 - - [19/Aug/2013:18:55:59 -0400] "GET /images/190_PPFC_ltfb.jpg HTTP/1.1" 304 - "http://www.farragutputtputt.com/" "Mozilla/5.0 (iPhone; CPU iPhone OS 6_1_3 like Mac OS X) AppleWebKit/536.26 (KHTML, like Gecko) Version/6.0 Mobile/10B329 Safari/8536.25"
174.252.145.112 - - [19/Aug/2013:18:55:59 -0400] "GET /images/ic_046_header_bg_wide.png HTTP/1.1" 200 3558 "http://www.farragutputtputt.com/" "Mozilla/5.0 (iPhone; CPU iPhone OS 6_1_3 like Mac OS X) AppleWebKit/536.26 (KHTML, like Gecko) Version/6.0 Mobile/10B329 Safari/8536.25"
174.252.145.112 - - [19/Aug/2013:18:55:59 -0400] "GET /images/media_snd.gif HTTP/1.1" 200 1379 "http://www.farragutputtputt.com/" "Mozilla/5.0 (iPhone; CPU iPhone OS 6_1_3 like Mac OS X) AppleWebKit/536.26 (KHTML, like Gecko) Version/6.0 Mobile/10B329 Safari/8536.25"
174.252.145.112 - - [19/Aug/2013:18:56:00 -0400] "GET /scripts/print.css HTTP/1.1" 200 - "http://www.farragutputtputt.com/" "Mozilla/5.0 (iPhone; CPU iPhone OS 6_1_3 like Mac OS X) AppleWebKit/536.26 (KHTML, like Gecko) Version/6.0 Mobile/10B329 Safari/8536.25"
99.123.176.195 - - [19/Aug/2013:18:56:59 -0400] "GET /scripts/icwebsiteelement.css HTTP/1.1" 304 - "http://farragutputtputt.com/" "Mozilla/5.0 (Linux; U; Android 4.1.1; en-us; GT-P5113 Build/JRO03C) AppleWebKit/534.30 (KHTML, like Gecko) Version/4.0 Safari/534.30"
76.31.71.205 - - [19/Aug/2013:19:16:05 -0400] "GET /images/200_batter.jpg HTTP/1.1" 200 8643 "http://find.mapmuse.com/map/batting-cages/near/Katy,+TX" "Mozilla/5.0 (Windows NT 5.1; rv:23.0) Gecko/20100101 Firefox/23.0"
66.87.89.125 - - [19/Aug/2013:19:32:35 -0400] "GET /scripts/1custom.css HTTP/1.1" 200 5022 "-" "Mozilla/5.0 (Linux; U; Android 2.3.6; en-us; SPH-M820-BST Build/GINGERBREAD) AppleWebKit/533.1 (KHTML, like Gecko) Version/4.0 Mobile Safari/533.1"
66.87.89.125 - - [19/Aug/2013:19:32:36 -0400] "GET /scripts/ic_globals_published.js HTTP/1.1" 200 566 "http://www.farragutputtputt.com/" "Mozilla/5.0 (Linux; U; Android 2.3.6; en-us; SPH-M820-BST Build/GINGERBREAD) AppleWebKit/533.1 (KHTML, like Gecko) Version/4.0 Mobile Safari/533.1"
66.87.89.125 - - [19/Aug/2013:19:32:37 -0400] "GET /images/190_PPFC_ltfb.jpg HTTP/1.1" 200 7684 "http://www.farragutputtputt.com/" "Mozilla/5.0 (Linux; U; Android 2.3.6; en-us; SPH-M820-BST Build/GINGERBREAD) AppleWebKit/533.1 (KHTML, like Gecko) Version/4.0 Mobile Safari/533.1"
66.87.89.125 - - [19/Aug/2013:19:32:37 -0400] "GET /images/504_PP_jpeg_map_2013.JPG HTTP/1.1" 200 21190 "http://www.farragutputtputt.com/" "Mozilla/5.0 (Linux; U; Android 2.3.6; en-us; SPH-M820-BST Build/GINGERBREAD) AppleWebKit/533.1 (KHTML, like Gecko) Version/4.0 Mobile Safari/533.1"
66.87.89.125 - - [19/Aug/2013:19:32:38 -0400] "GET /images/ic_046_content_top_bg.png HTTP/1.1" 200 906 "http://www.farragutputtputt.com/" "Mozilla/5.0 (Linux; U; Android 2.3.6; en-us; SPH-M820-BST Build/GINGERBREAD) AppleWebKit/533.1 (KHTML, like Gecko) Version/4.0 Mobile Safari/533.1"
66.87.89.125 - - [19/Aug/2013:19:34:19 -0400] "GET /images/photoalbum/button_photoFirst.jpg HTTP/1.1" 200 637 "http://www.farragutputtputt.com/letthefunbegin.html" "Mozilla/5.0 (Linux; U; Android 2.3.6; en-us; SPH-M820-BST Build/GINGERBREAD) AppleWebKit/533.1 (KHTML, like Gecko) Version/4.0 Mobile Safari/533.1"
198.105.219.58 - - [19/Aug/2013:04:07:40 -0400] "HEAD / HTTP/1.1" 200 - "-" "checks.panopta.com"
12.133.10.202 - - [19/Aug/2013:09:09:15 -0400] "GET /scripts/user.js HTTP/1.1" 200 23762 "http://farragutputtputt.com/" "Mozilla/5.0 (compatible; MSIE 10.0; Windows NT 6.1; Trident/6.0)"
12.133.10.202 - - [19/Aug/2013:09:09:16 -0400] "GET /images/504_PP_jpeg_map_2013.JPG HTTP/1.1" 200 21190 "http://farragutputtputt.com/" "Mozilla/5.0 (compatible; MSIE 10.0; Windows NT 6.1; Trident/6.0)"
12.133.10.202 - - [19/Aug/2013:09:09:16 -0400] "GET /images/174_buster-with-mail-box.JPG HTTP/1.1" 200 7132 "http://farragutputtputt.com/" "Mozilla/5.0 (compatible; MSIE 10.0; Windows NT 6.1; Trident/6.0)"
99.127.196.128 - - [19/Aug/2013:11:59:28 -0400] "GET /scripts/website.css HTTP/1.1" 200 1642 "http://farragutputtputt.com/" "Mozilla/5.0 (iPad; CPU OS 6_1 like Mac OS X) AppleWebKit/536.26 (KHTML, like Gecko) Version/6.0 Mobile/10B141 Safari/8536.25"
99.127.196.128 - - [19/Aug/2013:12:02:40 -0400] "GET /scripts/3custom.css HTTP/1.1" 200 4671 "http://farragutputtputt.com/specialsgroups.html" "Mozilla/5.0 (iPad; CPU OS 6_1 like Mac OS X) AppleWebKit/536.26 (KHTML, like Gecko) Version/6.0 Mobile/10B141 Safari/8536.25"
99.127.196.128 - - [19/Aug/2013:12:02:40 -0400] "GET /images/281_PPFC_ltfb.jpg HTTP/1.1" 200 13128 "http://farragutputtputt.com/specialsgroups.html" "Mozilla/5.0 (iPad; CPU OS 6_1 like Mac OS X) AppleWebKit/536.26 (KHTML, like Gecko) Version/6.0 Mobile/10B141 Safari/8536.25"
99.127.196.128 - - [19/Aug/2013:12:02:40 -0400] "GET /images/0_cards.JPG HTTP/1.1" 200 3617 "http://farragutputtputt.com/specialsgroups.html" "Mozilla/5.0 (iPad; CPU OS 6_1 like Mac OS X) AppleWebKit/536.26 (KHTML, like Gecko) Version/6.0 Mobile/10B141 Safari/8536.25"
99.127.196.128 - - [19/Aug/2013:12:03:32 -0400] "GET /images/photoalbum/button_photoLast_ON.jpg HTTP/1.1" 200 642 "http://farragutputtputt.com/letthefunbegin.html" "Mozilla/5.0 (iPad; CPU OS 6_1 like Mac OS X) AppleWebKit/536.26 (KHTML, like Gecko) Version/6.0 Mobile/10B141 Safari/8536.25"
99.127.196.128 - - [19/Aug/2013:12:03:35 -0400] "GET /images/photoalbum/button_photoNext_ON.jpg HTTP/1.1" 200 664 "http://farragutputtputt.com/letthefunbegin.html" "Mozilla/5.0 (iPad; CPU OS 6_1 like Mac OS X) AppleWebKit/536.26 (KHTML, like Gecko) Version/6.0 Mobile/10B141 Safari/8536.25"
66.249.81.151 - - [19/Aug/2013:12:14:47 -0400] "GET /favicon.ico HTTP/1.1" 404 575 "-" "Mozilla/5.0 (Windows NT 6.1; rv:6.0) Gecko/20110814 Firefox/6.0 Google (+https://developers.google.com/+/web/snippet/)"
108.234.225.104 - - [19/Aug/2013:12:18:29 -0400] "GET /images/200_batter.jpg HTTP/1.1" 200 8643 "http://find.mapmuse.com/map/batting-cages/near/Pasadena,+CA" "Mozilla/5.0 (Linux; U; en-us; KFJWI Build/IMM76D) AppleWebKit/535.19 (KHTML, like Gecko) Silk/3.1 Safari/535.19 Silk-Accelerated=true"
99.110.65.245 - - [19/Aug/2013:14:33:57 -0400] "GET /scripts/2custom.css HTTP/1.1" 200 5279 "http://www.farragutputtputt.com/attractionsprices.html" "Mozilla/5.0 (iPhone; CPU iPhone OS 6_1_3 like Mac OS X) AppleWebKit/536.26 (KHTML, like Gecko) Version/6.0 Mobile/10B329 Safari/8536.25"
99.110.65.245 - - [19/Aug/2013:14:33:57 -0400] "GET /images/356_golfheader.jpg HTTP/1.1" 200 11752 "http://www.farragutputtputt.com/attractionsprices.html" "Mozilla/5.0 (iPhone; CPU iPhone OS 6_1_3 like Mac OS X) AppleWebKit/536.26 (KHTML, like Gecko) Version/6.0 Mobile/10B329 Safari/8536.25"
99.110.65.245 - - [19/Aug/2013:14:33:57 -0400] "GET /images/150_bunn_frozen_drinks.jpg HTTP/1.1" 200 3756 "http://www.farragutputtputt.com/attractionsprices.html" "Mozilla/5.0 (iPhone; CPU iPhone OS 6_1_3 like Mac OS X) AppleWebKit/536.26 (KHTML, like Gecko) Version/6.0 Mobile/10B329 Safari/8536.25"
99.110.65.245 - - [19/Aug/2013:14:34:51 -0400] "GET /images/0_cards.JPG HTTP/1.1" 200 3617 "http://www.farragutputtputt.com/specialsgroups.html" "Mozilla/5.0 (iPhone; CPU iPhone OS 6_1_3 like Mac OS X) AppleWebKit/536.26 (KHTML, like Gecko) Version/6.0 Mobile/10B329 Safari/8536.25"
198.105.219.58 - - [19/Aug/2013:22:04:19 -0400] "HEAD / HTTP/1.1" 200 - "-" "checks.panopta.com"
174.49.49.36 - - [19/Aug/2013:22:10:03 -0400] "GET /images/220_PPCG.jpg HTTP/1.1" 200 11316 "http://farragutputtputt.com/attractionsprices.html" "Mozilla/5.0 (Windows NT 6.1; WOW64) AppleWebKit/537.36 (KHTML, like Gecko) Chrome/28.0.1500.95 Safari/537.36"
174.49.49.36 - - [19/Aug/2013:22:10:03 -0400] "GET /images/212_BatZone.jpg HTTP/1.1" 200 11220 "http://farragutputtputt.com/attractionsprices.html" "Mozilla/5.0 (Windows NT 6.1; WOW64) AppleWebKit/537.36 (KHTML, like Gecko) Chrome/28.0.1500.95 Safari/537.36"
174.49.49.36 - - [19/Aug/2013:22:10:03 -0400] "GET /favicon.ico HTTP/1.1" 404 575 "-" "Mozilla/5.0 (Windows NT 6.1; WOW64) AppleWebKit/537.36 (KHTML, like Gecko) Chrome/28.0.1500.95 Safari/537.36"
71.227.148.54 - - [19/Aug/2013:22:31:29 -0400] "GET /images/ic_046_header_bg_wide.png HTTP/1.1" 200 3558 "http://www.farragutputtputt.com/" "Mozilla/5.0 (Macintosh; Intel Mac OS X 10_5_8) AppleWebKit/534.50.2 (KHTML, like Gecko) Version/5.0.6 Safari/533.22.3"
