70.32.205.6 - - [13/Aug/2013:18:02:39 -0400] "GET /assets/images/hr_logo.gif HTTP/1.1" 200 6378 "http://www.huntersraid.org/" "Mozilla/5.0 (Linux; U; Android 2.3.6; en-us; MILESTONE3 Build/5.5.1.1-84_D3G-25) AppleWebKit/533.1 (KHTML, like Gecko) Version/4.0 Mobile Safari/533.1"
70.32.205.6 - - [13/Aug/2013:18:02:39 -0400] "GET /assets/images/site_bg.jpg HTTP/1.1" 200 659 "http://www.huntersraid.org/" "Mozilla/5.0 (Linux; U; Android 2.3.6; en-us; MILESTONE3 Build/5.5.1.1-84_D3G-25) AppleWebKit/533.1 (KHTML, like Gecko) Version/4.0 Mobile Safari/533.1"
70.32.205.6 - - [13/Aug/2013:18:02:39 -0400] "GET /assets/images/header_bg.jpg HTTP/1.1" 200 42124 "http://www.huntersraid.org/" "Mozilla/5.0 (Linux; U; Android 2.3.6; en-us; MILESTONE3 Build/5.5.1.1-84_D3G-25) AppleWebKit/533.1 (KHTML, like Gecko) Version/4.0 Mobile Safari/533.1"
70.32.205.6 - - [13/Aug/2013:18:02:39 -0400] "GET /assets/images/btn_visiting.jpg HTTP/1.1" 200 1914 "http://www.huntersraid.org/" "Mozilla/5.0 (Linux; U; Android 2.3.6; en-us; MILESTONE3 Build/5.5.1.1-84_D3G-25) AppleWebKit/533.1 (KHTML, like Gecko) Version/4.0 Mobile Safari/533.1"
70.32.205.6 - - [13/Aug/2013:18:02:40 -0400] "GET /assets/images/btn_map.jpg HTTP/1.1" 200 1756 "http://www.huntersraid.org/" "Mozilla/5.0 (Linux; U; Android 2.3.6; en-us; MILESTONE3 Build/5.5.1.1-84_D3G-25) AppleWebKit/533.1 (KHTML, like Gecko) Version/4.0 Mobile Safari/533.1"
70.32.205.6 - - [13/Aug/2013:18:02:42 -0400] "GET /assets/images/logo_staunton.png HTTP/1.1" 200 4198 "http://www.huntersraid.org/" "Mozilla/5.0 (Linux; U; Android 2.3.6; en-us; MILESTONE3 Build/5.5.1.1-84_D3G-25) AppleWebKit/533.1 (KHTML, like Gecko) Version/4.0 Mobile Safari/533.1"
76.100.169.144 - - [13/Aug/2013:07:26:45 -0400] "GET /assets/images/btn_resources.jpg HTTP/1.1" 200 2275 "http://www.huntersraid.org/" "Mozilla/5.0 (Linux; U; Android 4.1.1; en-us; GT-P5113 Build/JRO03C) AppleWebKit/534.30 (KHTML, like Gecko) Version/4.0 Safari/534.30"
76.100.169.144 - - [13/Aug/2013:07:26:45 -0400] "GET /assets/images/header_bg.jpg HTTP/1.1" 200 42124 "http://www.huntersraid.org/" "Mozilla/5.0 (Linux; U; Android 4.1.1; en-us; GT-P5113 Build/JRO03C) AppleWebKit/534.30 (KHTML, like Gecko) Version/4.0 Safari/534.30"
76.100.169.144 - - [13/Aug/2013:07:26:45 -0400] "GET /assets/images/logo_vifl.png HTTP/1.1" 200 6305 "http://www.huntersraid.org/" "Mozilla/5.0 (Linux; U; Android 4.1.1; en-us; GT-P5113 Build/JRO03C) AppleWebKit/534.30 (KHTML, like Gecko) Version/4.0 Safari/534.30"
76.100.169.144 - - [13/Aug/2013:07:26:45 -0400] "GET /assets/images/content_bg_home.jpg HTTP/1.1" 200 57353 "http://www.huntersraid.org/" "Mozilla/5.0 (Linux; U; Android 4.1.1; en-us; GT-P5113 Build/JRO03C) AppleWebKit/534.30 (KHTML, like Gecko) Version/4.0 Safari/534.30"
76.100.169.144 - - [13/Aug/2013:07:26:47 -0400] "GET /assets/images/btn_map-over.jpg HTTP/1.1" 200 2468 "http://www.huntersraid.org/" "Mozilla/5.0 (Linux; U; Android 4.1.1; en-us; GT-P5113 Build/JRO03C) AppleWebKit/534.30 (KHTML, like Gecko) Version/4.0 Safari/534.30"
65.55.215.91 - - [13/Aug/2013:04:15:53 -0400] "GET /assets/images/shadow_right_story.jpg HTTP/1.1" 200 3717 "-" "msnbot-media/1.1 (+http://search.msn.com/msnbot.htm)"
220.181.89.148 - - [13/Aug/2013:19:35:31 -0400] "GET /robots.txt HTTP/1.1" 404 575 "-" "Sogou web spider/4.0"
157.56.93.73 - - [13/Aug/2013:14:12:56 -0400] "GET / HTTP/1.1" 200 10872 "-" "Mozilla/5.0 (compatible; bingbot/2.0; +http://www.bing.com/bingbot.htm)"
166.137.209.155 - - [13/Aug/2013:19:33:10 -0400] "GET /assets/images/header_bg.jpg HTTP/1.1" 200 42124 "http://www.huntersraid.org/" "Mozilla/5.0 (iPhone; CPU iPhone OS 5_0 like Mac OS X) AppleWebKit/534.46 (KHTML, like Gecko) Version/5.1 Mobile/9A334 Safari/7534.48.3"
69.207.57.1 - - [13/Aug/2013:19:48:37 -0400] "GET /assets/images/story_photo.jpg HTTP/1.1" 200 18037 "http://www.huntersraid.org/story.html" "Mozilla/5.0 (Windows NT 6.1; WOW64) AppleWebKit/537.36 (KHTML, like Gecko) Chrome/28.0.1500.95 Safari/537.36"
173.199.120.59 - - [13/Aug/2013:06:03:40 -0400] "GET / HTTP/1.1" 200 10872 "-" "Mozilla/5.0 (compatible; AhrefsBot/4.0; +http://ahrefs.com/robot/)"
76.100.169.144 - - [13/Aug/2013:07:26:45 -0400] "GET /assets/images/btn_request_info.png HTTP/1.1" 200 7951 "http://www.huntersraid.org/" "Mozilla/5.0 (Linux; U; Android 4.1.1; en-us; GT-P5113 Build/JRO03C) AppleWebKit/534.30 (KHTML, like Gecko) Version/4.0 Safari/534.30"
76.100.169.144 - - [13/Aug/2013:07:26:45 -0400] "GET /assets/images/shadow_right.jpg HTTP/1.1" 200 3979 "http://www.huntersraid.org/" "Mozilla/5.0 (Linux; U; Android 4.1.1; en-us; GT-P5113 Build/JRO03C) AppleWebKit/534.30 (KHTML, like Gecko) Version/4.0 Safari/534.30"
216.36.11.165 - - [13/Aug/2013:17:42:54 -0400] "GET /favicon.ico HTTP/1.1" 404 575 "-" "Mozilla/5.0 (Windows NT 6.1) AppleWebKit/537.36 (KHTML, like Gecko) Chrome/28.0.1500.95 Safari/537.36"
216.36.11.165 - - [13/Aug/2013:17:42:55 -0400] "GET /favicon.ico HTTP/1.1" 404 575 "-" "Mozilla/5.0 (Windows NT 6.1) AppleWebKit/537.36 (KHTML, like Gecko) Chrome/28.0.1500.95 Safari/537.36"
184.63.202.47 - - [13/Aug/2013:22:04:14 -0400] "GET /assets/images/logo_botco.png HTTP/1.1" 200 5361 "http://www.huntersraid.org/" "Mozilla/5.0 (Linux; U; Android 4.0.3; en-us; Transformer TF101 Build/IML74K) AppleWebKit/534.30 (KHTML, like Gecko) Version/4.0 Safari/534.30"
198.27.65.173 - - [13/Aug/2013:22:11:37 -0400] "GET /visiting.html HTTP/1.1" 200 30487 "-" "Mozilla/4.0 (compatible; MSIE 6.0; Windows NT 5.1)"
93.109.80.100 - - [13/Aug/2013:18:22:22 -0400] "GET /assets/images/btn_request_info.png HTTP/1.1" 200 7951 "http://www.huntersraid.org/" "Mozilla/5.0 (Windows NT 6.1; WOW64) AppleWebKit/537.36 (KHTML, like Gecko) Chrome/28.0.1500.95 Safari/537.36"
93.109.80.100 - - [13/Aug/2013:18:22:22 -0400] "GET /assets/images/header_bg.jpg HTTP/1.1" 200 42124 "http://www.huntersraid.org/" "Mozilla/5.0 (Windows NT 6.1; WOW64) AppleWebKit/537.36 (KHTML, like Gecko) Chrome/28.0.1500.95 Safari/537.36"
93.109.80.100 - - [13/Aug/2013:18:22:22 -0400] "GET /assets/images/slideshow1.jpg HTTP/1.1" 200 43851 "http://www.huntersraid.org/" "Mozilla/5.0 (Windows NT 6.1; WOW64) AppleWebKit/537.36 (KHTML, like Gecko) Chrome/28.0.1500.95 Safari/537.36"
93.109.80.100 - - [13/Aug/2013:18:22:23 -0400] "GET /assets/images/logo_bedford.png HTTP/1.1" 200 6195 "http://www.huntersraid.org/" "Mozilla/5.0 (Windows NT 6.1; WOW64) AppleWebKit/537.36 (KHTML, like Gecko) Chrome/28.0.1500.95 Safari/537.36"
93.109.80.100 - - [13/Aug/2013:18:22:23 -0400] "GET /assets/images/logo_rvcvb.png HTTP/1.1" 200 7481 "http://www.huntersraid.org/" "Mozilla/5.0 (Windows NT 6.1; WOW64) AppleWebKit/537.36 (KHTML, like Gecko) Chrome/28.0.1500.95 Safari/537.36"
93.109.80.100 - - [13/Aug/2013:18:22:23 -0400] "GET /assets/images/shadow_right.jpg HTTP/1.1" 200 3979 "http://www.huntersraid.org/" "Mozilla/5.0 (Windows NT 6.1; WOW64) AppleWebKit/537.36 (KHTML, like Gecko) Chrome/28.0.1500.95 Safari/537.36"
93.109.80.100 - - [13/Aug/2013:18:22:23 -0400] "GET /assets/images/btn_resources.jpg HTTP/1.1" 200 2275 "http://www.huntersraid.org/" "Mozilla/5.0 (Windows NT 6.1; WOW64) AppleWebKit/537.36 (KHTML, like Gecko) Chrome/28.0.1500.95 Safari/537.36"
220.181.108.170 - - [13/Aug/2013:19:29:21 -0400] "GET / HTTP/1.1" 304 - "-" "Mozilla/5.0 (compatible; Baiduspider/2.0; +http://www.baidu.com/search/spider.html)"
69.207.57.1 - - [13/Aug/2013:19:48:45 -0400] "GET /assets/images/shadow_left_center_v.png HTTP/1.1" 200 191 "http://www.huntersraid.org/visiting.html" "Mozilla/5.0 (Windows NT 6.1; WOW64) AppleWebKit/537.36 (KHTML, like Gecko) Chrome/28.0.1500.95 Safari/537.36"
69.207.57.1 - - [13/Aug/2013:19:48:45 -0400] "GET /assets/images/avenel.jpg HTTP/1.1" 200 10971 "http://www.huntersraid.org/visiting.html" "Mozilla/5.0 (Windows NT 6.1; WOW64) AppleWebKit/537.36 (KHTML, like Gecko) Chrome/28.0.1500.95 Safari/537.36"
69.207.57.1 - - [13/Aug/2013:19:48:45 -0400] "GET /assets/images/kanawha_remnants.jpg HTTP/1.1" 200 30288 "http://www.huntersraid.org/visiting.html" "Mozilla/5.0 (Windows NT 6.1; WOW64) AppleWebKit/537.36 (KHTML, like Gecko) Chrome/28.0.1500.95 Safari/537.36"
69.207.57.1 - - [13/Aug/2013:19:48:45 -0400] "GET /assets/images/sandusky.jpg HTTP/1.1" 200 16349 "http://www.huntersraid.org/visiting.html" "Mozilla/5.0 (Windows NT 6.1; WOW64) AppleWebKit/537.36 (KHTML, like Gecko) Chrome/28.0.1500.95 Safari/537.36"
69.207.57.1 - - [13/Aug/2013:19:48:46 -0400] "GET /assets/images/civilwar_statue.jpg HTTP/1.1" 200 33908 "http://www.huntersraid.org/visiting.html" "Mozilla/5.0 (Windows NT 6.1; WOW64) AppleWebKit/537.36 (KHTML, like Gecko) Chrome/28.0.1500.95 Safari/537.36"
184.63.202.47 - - [13/Aug/2013:22:04:14 -0400] "GET /assets/images/btn_request_info.png HTTP/1.1" 200 7951 "http://www.huntersraid.org/" "Mozilla/5.0 (Linux; U; Android 4.0.3; en-us; Transformer TF101 Build/IML74K) AppleWebKit/534.30 (KHTML, like Gecko) Version/4.0 Safari/534.30"
184.63.202.47 - - [13/Aug/2013:22:04:27 -0400] "GET /favicon.ico HTTP/1.1" 404 575 "http://www.huntersraid.org/" "Mozilla/5.0 (Linux; U; Android 4.0.3; en-us; Transformer TF101 Build/IML74K) AppleWebKit/534.30 (KHTML, like Gecko) Version/4.0 Safari/534.30"
216.36.11.165 - - [13/Aug/2013:17:50:37 -0400] "GET /favicon.ico HTTP/1.1" 404 575 "-" "Mozilla/5.0 (Windows NT 6.1) AppleWebKit/537.36 (KHTML, like Gecko) Chrome/28.0.1500.95 Safari/537.36"
216.36.11.165 - - [13/Aug/2013:17:50:37 -0400] "GET /favicon.ico HTTP/1.1" 404 575 "-" "Mozilla/5.0 (Windows NT 6.1) AppleWebKit/537.36 (KHTML, like Gecko) Chrome/28.0.1500.95 Safari/537.36"
220.181.89.148 - - [13/Aug/2013:19:35:27 -0400] "GET / HTTP/1.1" 304 - "-" "Sogou web spider/4.0(+http://www.sogou.com/docs/help/webmasters.htm#07)"
46.229.164.99 - - [13/Aug/2013:08:12:54 -0400] "GET / HTTP/1.1" 200 10872 "-" "Mozilla/5.0 (compatible; SemrushBot/0.96.4; +http://www.semrush.com/bot.html)"
184.63.202.47 - - [13/Aug/2013:22:04:14 -0400] "GET /assets/images/logo_bedford.png HTTP/1.1" 200 6195 "http://www.huntersraid.org/" "Mozilla/5.0 (Linux; U; Android 4.0.3; en-us; Transformer TF101 Build/IML74K) AppleWebKit/534.30 (KHTML, like Gecko) Version/4.0 Safari/534.30"
66.249.72.234 - - [13/Aug/2013:20:40:56 -0400] "GET /resources.html HTTP/1.1" 304 - "-" "Mozilla/5.0 (iPhone; U; CPU iPhone OS 4_1 like Mac OS X; en-us) AppleWebKit/532.9 (KHTML, like Gecko) Version/4.0.5 Mobile/8B117 Safari/6531.22.7 (compatible; Googlebot-Mobile/2.1; +http://www.google.com/bot.html)"
157.55.33.112 - - [13/Aug/2013:11:51:51 -0400] "GET /resources.html HTTP/1.1" 200 11953 "-" "Mozilla/5.0 (compatible; bingbot/2.0; +http://www.bing.com/bingbot.htm)"
1.202.218.27 - - [13/Aug/2013:21:01:09 -0400] "GET /robots.txt HTTP/1.1" 404 575 "-" "Mozilla/5.0 ()"
184.63.202.47 - - [13/Aug/2013:22:04:27 -0400] "GET /assets/images/btn_story-over.jpg HTTP/1.1" 200 2834 "http://www.huntersraid.org/" "Mozilla/5.0 (Linux; U; Android 4.0.3; en-us; Transformer TF101 Build/IML74K) AppleWebKit/534.30 (KHTML, like Gecko) Version/4.0 Safari/534.30"
216.36.11.165 - - [13/Aug/2013:17:44:06 -0400] "GET /assets/images/resources_header.jpg HTTP/1.1" 200 6636 "http://www.huntersraid.org/resources.html" "Mozilla/5.0 (Windows NT 6.1) AppleWebKit/537.36 (KHTML, like Gecko) Chrome/28.0.1500.95 Safari/537.36"
184.63.202.47 - - [13/Aug/2013:22:04:15 -0400] "GET /assets/images/slideshow3.jpg HTTP/1.1" 200 43522 "http://www.huntersraid.org/" "Mozilla/5.0 (Linux; U; Android 4.0.3; en-us; Transformer TF101 Build/IML74K) AppleWebKit/534.30 (KHTML, like Gecko) Version/4.0 Safari/534.30"
76.100.169.144 - - [13/Aug/2013:07:26:45 -0400] "GET /assets/images/slideshow4.jpg HTTP/1.1" 200 35694 "http://www.huntersraid.org/" "Mozilla/5.0 (Linux; U; Android 4.1.1; en-us; GT-P5113 Build/JRO03C) AppleWebKit/534.30 (KHTML, like Gecko) Version/4.0 Safari/534.30"
76.100.169.144 - - [13/Aug/2013:07:26:46 -0400] "GET /assets/images/footer_bg.jpg HTTP/1.1" 200 49277 "http://www.huntersraid.org/" "Mozilla/5.0 (Linux; U; Android 4.1.1; en-us; GT-P5113 Build/JRO03C) AppleWebKit/534.30 (KHTML, like Gecko) Version/4.0 Safari/534.30"
76.100.169.144 - - [13/Aug/2013:07:26:47 -0400] "GET /assets/images/btn_visiting-over.jpg HTTP/1.1" 200 2734 "http://www.huntersraid.org/" "Mozilla/5.0 (Linux; U; Android 4.1.1; en-us; GT-P5113 Build/JRO03C) AppleWebKit/534.30 (KHTML, like Gecko) Version/4.0 Safari/534.30"
24.57.69.94 - - [13/Aug/2013:19:08:38 -0400] "GET /assets/images/header_bg.jpg HTTP/1.1" 200 42124 "http://www.huntersraid.org/assets/styles/styles.css" "Mozilla/5.0 (Windows NT 6.2; WOW64; rv:22.0) Gecko/20100101 Firefox/22.0"
24.57.69.94 - - [13/Aug/2013:19:08:38 -0400] "GET /assets/images/footer_bg.jpg HTTP/1.1" 200 49277 "http://www.huntersraid.org/assets/styles/styles.css" "Mozilla/5.0 (Windows NT 6.2; WOW64; rv:22.0) Gecko/20100101 Firefox/22.0"
24.57.69.94 - - [13/Aug/2013:19:08:38 -0400] "GET /assets/images/btn_story-over.jpg HTTP/1.1" 200 2834 "http://www.huntersraid.org/" "Mozilla/5.0 (Windows NT 6.2; WOW64; rv:22.0) Gecko/20100101 Firefox/22.0"
69.207.57.1 - - [13/Aug/2013:19:48:45 -0400] "GET /assets/images/gun.png HTTP/1.1" 200 32858 "http://www.huntersraid.org/visiting.html" "Mozilla/5.0 (Windows NT 6.1; WOW64) AppleWebKit/537.36 (KHTML, like Gecko) Chrome/28.0.1500.95 Safari/537.36"
69.207.57.1 - - [13/Aug/2013:19:48:45 -0400] "GET /assets/images/vmi_cadets1.jpg HTTP/1.1" 200 10961 "http://www.huntersraid.org/visiting.html" "Mozilla/5.0 (Windows NT 6.1; WOW64) AppleWebKit/537.36 (KHTML, like Gecko) Chrome/28.0.1500.95 Safari/537.36"
69.207.57.1 - - [13/Aug/2013:19:48:45 -0400] "GET /assets/images/lee_chapel.jpg HTTP/1.1" 200 12534 "http://www.huntersraid.org/visiting.html" "Mozilla/5.0 (Windows NT 6.1; WOW64) AppleWebKit/537.36 (KHTML, like Gecko) Chrome/28.0.1500.95 Safari/537.36"
69.207.57.1 - - [13/Aug/2013:19:48:45 -0400] "GET /assets/images/city_cemetery.jpg HTTP/1.1" 200 12437 "http://www.huntersraid.org/visiting.html" "Mozilla/5.0 (Windows NT 6.1; WOW64) AppleWebKit/537.36 (KHTML, like Gecko) Chrome/28.0.1500.95 Safari/537.36"
69.207.57.1 - - [13/Aug/2013:19:48:46 -0400] "GET /assets/images/fc_museum.jpg HTTP/1.1" 200 12608 "http://www.huntersraid.org/visiting.html" "Mozilla/5.0 (Windows NT 6.1; WOW64) AppleWebKit/537.36 (KHTML, like Gecko) Chrome/28.0.1500.95 Safari/537.36"
69.207.57.1 - - [13/Aug/2013:19:48:46 -0400] "GET /assets/images/shadow_right_center_v.png HTTP/1.1" 200 191 "http://www.huntersraid.org/visiting.html" "Mozilla/5.0 (Windows NT 6.1; WOW64) AppleWebKit/537.36 (KHTML, like Gecko) Chrome/28.0.1500.95 Safari/537.36"
66.249.75.234 - - [13/Aug/2013:13:18:03 -0400] "GET /map.html HTTP/1.1" 304 - "-" "Mozilla/5.0 (iPhone; U; CPU iPhone OS 4_1 like Mac OS X; en-us) AppleWebKit/532.9 (KHTML, like Gecko) Version/4.0.5 Mobile/8B117 Safari/6531.22.7 (compatible; Googlebot-Mobile/2.1; +http://www.google.com/bot.html)"
216.36.11.165 - - [13/Aug/2013:17:42:43 -0400] "GET /assets/images/shadow_right.jpg HTTP/1.1" 200 3979 "http://www.huntersraid.org/" "Mozilla/5.0 (Windows NT 6.1) AppleWebKit/537.36 (KHTML, like Gecko) Chrome/28.0.1500.95 Safari/537.36"
24.57.69.94 - - [13/Aug/2013:19:08:36 -0400] "GET /assets/images/btn_request_info.png HTTP/1.1" 200 7951 "http://www.huntersraid.org/" "Mozilla/5.0 (Windows NT 6.2; WOW64; rv:22.0) Gecko/20100101 Firefox/22.0"
24.57.69.94 - - [13/Aug/2013:19:08:36 -0400] "GET /assets/images/headline_home.jpg HTTP/1.1" 200 14056 "http://www.huntersraid.org/" "Mozilla/5.0 (Windows NT 6.2; WOW64; rv:22.0) Gecko/20100101 Firefox/22.0"
24.57.69.94 - - [13/Aug/2013:19:08:36 -0400] "GET /assets/images/logo_botco.png HTTP/1.1" 200 5361 "http://www.huntersraid.org/" "Mozilla/5.0 (Windows NT 6.2; WOW64; rv:22.0) Gecko/20100101 Firefox/22.0"
24.57.69.94 - - [13/Aug/2013:19:08:38 -0400] "GET /assets/images/site_bg.jpg HTTP/1.1" 200 659 "http://www.huntersraid.org/assets/styles/styles.css" "Mozilla/5.0 (Windows NT 6.2; WOW64; rv:22.0) Gecko/20100101 Firefox/22.0"
24.57.69.94 - - [13/Aug/2013:19:08:38 -0400] "GET /assets/images/nav_bg.jpg HTTP/1.1" 200 2144 "http://www.huntersraid.org/assets/styles/styles.css" "Mozilla/5.0 (Windows NT 6.2; WOW64; rv:22.0) Gecko/20100101 Firefox/22.0"
24.57.69.94 - - [13/Aug/2013:19:08:38 -0400] "GET /assets/images/content_bg_home.jpg HTTP/1.1" 200 57353 "http://www.huntersraid.org/assets/styles/styles.css" "Mozilla/5.0 (Windows NT 6.2; WOW64; rv:22.0) Gecko/20100101 Firefox/22.0"
24.57.69.94 - - [13/Aug/2013:19:08:38 -0400] "GET /assets/images/btn_request_info-over.png HTTP/1.1" 200 9869 "http://www.huntersraid.org/" "Mozilla/5.0 (Windows NT 6.2; WOW64; rv:22.0) Gecko/20100101 Firefox/22.0"
66.249.75.212 - - [13/Aug/2013:11:23:55 -0400] "GET / HTTP/1.1" 200 10872 "-" "DoCoMo/2.0 N905i(c100;TB;W24H16) (compatible; Googlebot-Mobile/2.1; +http://www.google.com/bot.html)"
1.202.218.27 - - [13/Aug/2013:21:01:14 -0400] "GET / HTTP/1.1" 200 10872 "-" "Mozilla/5.0 (compatible; JikeSpider; +http://shoulu.jike.com/spider.html)"
184.63.202.47 - - [13/Aug/2013:22:04:15 -0400] "GET /assets/images/slideshow2.jpg HTTP/1.1" 200 39390 "http://www.huntersraid.org/" "Mozilla/5.0 (Linux; U; Android 4.0.3; en-us; Transformer TF101 Build/IML74K) AppleWebKit/534.30 (KHTML, like Gecko) Version/4.0 Safari/534.30"
98.204.89.34 - - [13/Aug/2013:23:46:31 -0400] "GET /assets/images/shadow_left.jpg HTTP/1.1" 200 3689 "http://www.huntersraid.org/" "Mozilla/5.0 (Windows NT 6.1; WOW64) AppleWebKit/537.36 (KHTML, like Gecko) Chrome/28.0.1500.95 Safari/537.36"
98.204.89.34 - - [13/Aug/2013:23:46:31 -0400] "GET /assets/images/header_bg.jpg HTTP/1.1" 200 42124 "http://www.huntersraid.org/" "Mozilla/5.0 (Windows NT 6.1; WOW64) AppleWebKit/537.36 (KHTML, like Gecko) Chrome/28.0.1500.95 Safari/537.36"
98.204.89.34 - - [13/Aug/2013:23:46:32 -0400] "GET /assets/images/logo_lexington.png HTTP/1.1" 200 6943 "http://www.huntersraid.org/" "Mozilla/5.0 (Windows NT 6.1; WOW64) AppleWebKit/537.36 (KHTML, like Gecko) Chrome/28.0.1500.95 Safari/537.36"
98.204.89.34 - - [13/Aug/2013:23:46:32 -0400] "GET /assets/images/logo_cw150.png HTTP/1.1" 200 13351 "http://www.huntersraid.org/" "Mozilla/5.0 (Windows NT 6.1; WOW64) AppleWebKit/537.36 (KHTML, like Gecko) Chrome/28.0.1500.95 Safari/537.36"
98.204.89.34 - - [13/Aug/2013:23:46:32 -0400] "GET /assets/images/btn_resources-over.jpg HTTP/1.1" 200 3298 "http://www.huntersraid.org/" "Mozilla/5.0 (Windows NT 6.1; WOW64) AppleWebKit/537.36 (KHTML, like Gecko) Chrome/28.0.1500.95 Safari/537.36"
98.204.89.34 - - [13/Aug/2013:23:46:33 -0400] "GET /favicon.ico HTTP/1.1" 404 575 "-" "Mozilla/5.0 (Windows NT 6.1; WOW64) AppleWebKit/537.36 (KHTML, like Gecko) Chrome/28.0.1500.95 Safari/537.36"
83.149.126.98 - - [13/Aug/2013:04:57:37 -0400] "GET / HTTP/1.0" 200 10872 "-" "Mozilla/5.0 (compatible; MJ12bot/v1.4.3; http://www.majestic12.co.uk/bot.php?+)"