0byt3m1n1
Path:
/
data
/
0
/
0
/
78
/
83
/
78898
/
meta
/
80202
/
logs
/
[
Home
]
File: x-access_log.2013-08-13
70.32.205.6 - - [13/Aug/2013:18:02:35 -0400] "GET / HTTP/1.1" 200 10872 "http://www.historicsandusky.org/" "Mozilla/5.0 (Linux; U; Android 2.3.6; en-us; MILESTONE3 Build/5.5.1.1-84_D3G-25) AppleWebKit/533.1 (KHTML, like Gecko) Version/4.0 Mobile Safari/533.1"
70.32.205.6 - - [13/Aug/2013:18:02:36 -0400] "GET /assets/styles/styles.css HTTP/1.1" 200 4633 "http://www.huntersraid.org/" "Mozilla/5.0 (Linux; U; Android 2.3.6; en-us; MILESTONE3 Build/5.5.1.1-84_D3G-25) AppleWebKit/533.1 (KHTML, like Gecko) Version/4.0 Mobile Safari/533.1"
70.32.205.6 - - [13/Aug/2013:18:02:37 -0400] "GET /assets/images/slideshow1.jpg HTTP/1.1" 200 43851 "http://www.huntersraid.org/" "Mozilla/5.0 (Linux; U; Android 2.3.6; en-us; MILESTONE3 Build/5.5.1.1-84_D3G-25) AppleWebKit/533.1 (KHTML, like Gecko) Version/4.0 Mobile Safari/533.1"
70.32.205.6 - - [13/Aug/2013:18:02:37 -0400] "GET /assets/images/slideshow2.jpg HTTP/1.1" 200 39390 "http://www.huntersraid.org/" "Mozilla/5.0 (Linux; U; Android 2.3.6; en-us; MILESTONE3 Build/5.5.1.1-84_D3G-25) AppleWebKit/533.1 (KHTML, like Gecko) Version/4.0 Mobile Safari/533.1"
70.32.205.6 - - [13/Aug/2013:18:02:38 -0400] "GET /assets/images/slideshow3.jpg HTTP/1.1" 200 43522 "http://www.huntersraid.org/" "Mozilla/5.0 (Linux; U; Android 2.3.6; en-us; MILESTONE3 Build/5.5.1.1-84_D3G-25) AppleWebKit/533.1 (KHTML, like Gecko) Version/4.0 Mobile Safari/533.1"
70.32.205.6 - - [13/Aug/2013:18:02:39 -0400] "GET /assets/images/btn_request_info.png HTTP/1.1" 200 7951 "http://www.huntersraid.org/" "Mozilla/5.0 (Linux; U; Android 2.3.6; en-us; MILESTONE3 Build/5.5.1.1-84_D3G-25) AppleWebKit/533.1 (KHTML, like Gecko) Version/4.0 Mobile Safari/533.1"
70.32.205.6 - - [13/Aug/2013:18:02:39 -0400] "GET /assets/images/btn_story.jpg HTTP/1.1" 200 1944 "http://www.huntersraid.org/" "Mozilla/5.0 (Linux; U; Android 2.3.6; en-us; MILESTONE3 Build/5.5.1.1-84_D3G-25) AppleWebKit/533.1 (KHTML, like Gecko) Version/4.0 Mobile Safari/533.1"
70.32.205.6 - - [13/Aug/2013:18:02:39 -0400] "GET /assets/images/btn_resources.jpg HTTP/1.1" 200 2275 "http://www.huntersraid.org/" "Mozilla/5.0 (Linux; U; Android 2.3.6; en-us; MILESTONE3 Build/5.5.1.1-84_D3G-25) AppleWebKit/533.1 (KHTML, like Gecko) Version/4.0 Mobile Safari/533.1"
70.32.205.6 - - [13/Aug/2013:18:02:40 -0400] "GET /assets/images/headline_home.jpg HTTP/1.1" 200 14056 "http://www.huntersraid.org/" "Mozilla/5.0 (Linux; U; Android 2.3.6; en-us; MILESTONE3 Build/5.5.1.1-84_D3G-25) AppleWebKit/533.1 (KHTML, like Gecko) Version/4.0 Mobile Safari/533.1"
70.32.205.6 - - [13/Aug/2013:18:02:40 -0400] "GET /assets/images/logo_lynchburg.png HTTP/1.1" 200 9749 "http://www.huntersraid.org/" "Mozilla/5.0 (Linux; U; Android 2.3.6; en-us; MILESTONE3 Build/5.5.1.1-84_D3G-25) AppleWebKit/533.1 (KHTML, like Gecko) Version/4.0 Mobile Safari/533.1"
178.255.215.66 - - [13/Aug/2013:19:20:25 -0400] "GET / HTTP/1.1" 304 - "-" "Mozilla/5.0 (compatible; Exabot/3.0; +http://www.exabot.com/go/robot)"
166.137.209.155 - - [13/Aug/2013:19:33:03 -0400] "GET /assets/images/data_feed_bg.jpg HTTP/1.1" 200 20086 "http://www.huntersraid.org/" "Mozilla/5.0 (iPhone; CPU iPhone OS 5_0 like Mac OS X) AppleWebKit/534.46 (KHTML, like Gecko) Version/5.1 Mobile/9A334 Safari/7534.48.3"
184.63.202.47 - - [13/Aug/2013:22:04:14 -0400] "GET /assets/images/logo_cw150.png HTTP/1.1" 200 13351 "http://www.huntersraid.org/" "Mozilla/5.0 (Linux; U; Android 4.0.3; en-us; Transformer TF101 Build/IML74K) AppleWebKit/534.30 (KHTML, like Gecko) Version/4.0 Safari/534.30"
184.63.202.47 - - [13/Aug/2013:22:04:15 -0400] "GET /assets/images/site_bg.jpg HTTP/1.1" 200 659 "http://www.huntersraid.org/" "Mozilla/5.0 (Linux; U; Android 4.0.3; en-us; Transformer TF101 Build/IML74K) AppleWebKit/534.30 (KHTML, like Gecko) Version/4.0 Safari/534.30"
184.63.202.47 - - [13/Aug/2013:22:04:16 -0400] "GET /assets/images/header_bg.jpg HTTP/1.1" 200 42124 "http://www.huntersraid.org/" "Mozilla/5.0 (Linux; U; Android 4.0.3; en-us; Transformer TF101 Build/IML74K) AppleWebKit/534.30 (KHTML, like Gecko) Version/4.0 Safari/534.30"
76.100.169.144 - - [13/Aug/2013:07:26:45 -0400] "GET /assets/images/btn_visiting.jpg HTTP/1.1" 200 1914 "http://www.huntersraid.org/" "Mozilla/5.0 (Linux; U; Android 4.1.1; en-us; GT-P5113 Build/JRO03C) AppleWebKit/534.30 (KHTML, like Gecko) Version/4.0 Safari/534.30"
76.100.169.144 - - [13/Aug/2013:07:26:45 -0400] "GET /assets/images/btn_map.jpg HTTP/1.1" 200 1756 "http://www.huntersraid.org/" "Mozilla/5.0 (Linux; U; Android 4.1.1; en-us; GT-P5113 Build/JRO03C) AppleWebKit/534.30 (KHTML, like Gecko) Version/4.0 Safari/534.30"
76.100.169.144 - - [13/Aug/2013:07:26:45 -0400] "GET /assets/images/logo_cw150.png HTTP/1.1" 200 13351 "http://www.huntersraid.org/" "Mozilla/5.0 (Linux; U; Android 4.1.1; en-us; GT-P5113 Build/JRO03C) AppleWebKit/534.30 (KHTML, like Gecko) Version/4.0 Safari/534.30"
76.100.169.144 - - [13/Aug/2013:07:26:47 -0400] "GET /favicon.ico HTTP/1.1" 404 575 "http://www.huntersraid.org/" "Mozilla/5.0 (Linux; U; Android 4.1.1; en-us; GT-P5113 Build/JRO03C) AppleWebKit/534.30 (KHTML, like Gecko) Version/4.0 Safari/534.30"
76.100.169.144 - - [13/Aug/2013:07:26:47 -0400] "GET /assets/images/btn_request_info-over.png HTTP/1.1" 200 9869 "http://www.huntersraid.org/" "Mozilla/5.0 (Linux; U; Android 4.1.1; en-us; GT-P5113 Build/JRO03C) AppleWebKit/534.30 (KHTML, like Gecko) Version/4.0 Safari/534.30"
23.23.25.240 - - [13/Aug/2013:18:09:17 -0400] "GET /story.html HTTP/1.1" 200 14678 "-" "Pinterest/0.1 +http://pinterest.com/"
24.57.69.94 - - [13/Aug/2013:19:08:36 -0400] "GET /assets/images/hr_logo.gif HTTP/1.1" 200 6378 "http://www.huntersraid.org/" "Mozilla/5.0 (Windows NT 6.2; WOW64; rv:22.0) Gecko/20100101 Firefox/22.0"
24.57.69.94 - - [13/Aug/2013:19:08:36 -0400] "GET /assets/images/logo_bedford.png HTTP/1.1" 200 6195 "http://www.huntersraid.org/" "Mozilla/5.0 (Windows NT 6.2; WOW64; rv:22.0) Gecko/20100101 Firefox/22.0"
24.57.69.94 - - [13/Aug/2013:19:08:38 -0400] "GET /assets/images/slideshow4.jpg HTTP/1.1" 200 35694 "http://www.huntersraid.org/" "Mozilla/5.0 (Windows NT 6.2; WOW64; rv:22.0) Gecko/20100101 Firefox/22.0"
24.57.69.94 - - [13/Aug/2013:19:08:38 -0400] "GET /favicon.ico HTTP/1.1" 404 575 "-" "Mozilla/5.0 (Windows NT 6.2; WOW64; rv:22.0) Gecko/20100101 Firefox/22.0"
69.207.57.1 - - [13/Aug/2013:19:48:37 -0400] "GET /assets/images/shadow_right_story.jpg HTTP/1.1" 200 3717 "http://www.huntersraid.org/story.html" "Mozilla/5.0 (Windows NT 6.1; WOW64) AppleWebKit/537.36 (KHTML, like Gecko) Chrome/28.0.1500.95 Safari/537.36"
69.207.57.1 - - [13/Aug/2013:19:48:37 -0400] "GET /assets/images/shadow_btm_v.png HTTP/1.1" 200 22468 "http://www.huntersraid.org/story.html" "Mozilla/5.0 (Windows NT 6.1; WOW64) AppleWebKit/537.36 (KHTML, like Gecko) Chrome/28.0.1500.95 Safari/537.36"
193.106.136.58 - - [13/Aug/2013:12:41:03 -0400] "GET / HTTP/1.1" 200 10872 "http://www.polimin.ru/" "Mozilla/4.0 (compatible; MSIE 6.0; Windows NT 5.1; SV1; .NET CLR 1.1.4322; XMPP Tiscali Communicator v.10.0.2; .NET CLR 2.0.50727)"
207.241.226.239 - - [13/Aug/2013:17:22:28 -0400] "GET /robots.txt HTTP/1.1" 404 575 "-" "ia_archiver(OS-Wayback)"
69.207.57.1 - - [13/Aug/2013:19:48:37 -0400] "GET /assets/images/mccausland.jpg HTTP/1.1" 200 3935 "http://www.huntersraid.org/story.html" "Mozilla/5.0 (Windows NT 6.1; WOW64) AppleWebKit/537.36 (KHTML, like Gecko) Chrome/28.0.1500.95 Safari/537.36"
76.100.169.144 - - [13/Aug/2013:07:26:45 -0400] "GET /assets/images/shadow_left.jpg HTTP/1.1" 200 3689 "http://www.huntersraid.org/" "Mozilla/5.0 (Linux; U; Android 4.1.1; en-us; GT-P5113 Build/JRO03C) AppleWebKit/534.30 (KHTML, like Gecko) Version/4.0 Safari/534.30"
76.100.169.144 - - [13/Aug/2013:07:26:45 -0400] "GET /assets/images/hr_logo.gif HTTP/1.1" 200 6378 "http://www.huntersraid.org/" "Mozilla/5.0 (Linux; U; Android 4.1.1; en-us; GT-P5113 Build/JRO03C) AppleWebKit/534.30 (KHTML, like Gecko) Version/4.0 Safari/534.30"
76.100.169.144 - - [13/Aug/2013:07:26:45 -0400] "GET /assets/images/logo_staunton.png HTTP/1.1" 200 4198 "http://www.huntersraid.org/" "Mozilla/5.0 (Linux; U; Android 4.1.1; en-us; GT-P5113 Build/JRO03C) AppleWebKit/534.30 (KHTML, like Gecko) Version/4.0 Safari/534.30"
76.100.169.144 - - [13/Aug/2013:07:26:47 -0400] "GET /assets/images/btn_story-over.jpg HTTP/1.1" 200 2834 "http://www.huntersraid.org/" "Mozilla/5.0 (Linux; U; Android 4.1.1; en-us; GT-P5113 Build/JRO03C) AppleWebKit/534.30 (KHTML, like Gecko) Version/4.0 Safari/534.30"
24.57.69.94 - - [13/Aug/2013:19:08:36 -0400] "GET /assets/images/btn_story.jpg HTTP/1.1" 200 1944 "http://www.huntersraid.org/" "Mozilla/5.0 (Windows NT 6.2; WOW64; rv:22.0) Gecko/20100101 Firefox/22.0"
24.57.69.94 - - [13/Aug/2013:19:08:36 -0400] "GET /assets/images/slideshow1.jpg HTTP/1.1" 200 43851 "http://www.huntersraid.org/" "Mozilla/5.0 (Windows NT 6.2; WOW64; rv:22.0) Gecko/20100101 Firefox/22.0"
24.57.69.94 - - [13/Aug/2013:19:08:36 -0400] "GET /assets/images/logo_lexington.png HTTP/1.1" 200 6943 "http://www.huntersraid.org/" "Mozilla/5.0 (Windows NT 6.2; WOW64; rv:22.0) Gecko/20100101 Firefox/22.0"
24.57.69.94 - - [13/Aug/2013:19:08:37 -0400] "GET /assets/images/logo_lynchburg.png HTTP/1.1" 200 9749 "http://www.huntersraid.org/" "Mozilla/5.0 (Windows NT 6.2; WOW64; rv:22.0) Gecko/20100101 Firefox/22.0"
24.57.69.94 - - [13/Aug/2013:19:08:37 -0400] "GET /assets/images/logo_rvcvb.png HTTP/1.1" 200 7481 "http://www.huntersraid.org/" "Mozilla/5.0 (Windows NT 6.2; WOW64; rv:22.0) Gecko/20100101 Firefox/22.0"
24.57.69.94 - - [13/Aug/2013:19:08:37 -0400] "GET /assets/images/logo_staunton.png HTTP/1.1" 200 4198 "http://www.huntersraid.org/" "Mozilla/5.0 (Windows NT 6.2; WOW64; rv:22.0) Gecko/20100101 Firefox/22.0"
24.57.69.94 - - [13/Aug/2013:19:08:38 -0400] "GET /assets/images/btn_visiting-over.jpg HTTP/1.1" 200 2734 "http://www.huntersraid.org/" "Mozilla/5.0 (Windows NT 6.2; WOW64; rv:22.0) Gecko/20100101 Firefox/22.0"
157.55.33.112 - - [13/Aug/2013:11:51:27 -0400] "GET /robots.txt HTTP/1.1" 404 575 "-" "Mozilla/5.0 (compatible; bingbot/2.0; +http://www.bing.com/bingbot.htm)"
98.204.89.34 - - [13/Aug/2013:23:46:28 -0400] "GET / HTTP/1.1" 200 10872 "http://www.historicsandusky.org/index.html" "Mozilla/5.0 (Windows NT 6.1; WOW64) AppleWebKit/537.36 (KHTML, like Gecko) Chrome/28.0.1500.95 Safari/537.36"
98.204.89.34 - - [13/Aug/2013:23:46:31 -0400] "GET /assets/images/slideshow2.jpg HTTP/1.1" 200 39390 "http://www.huntersraid.org/" "Mozilla/5.0 (Windows NT 6.1; WOW64) AppleWebKit/537.36 (KHTML, like Gecko) Chrome/28.0.1500.95 Safari/537.36"
98.204.89.34 - - [13/Aug/2013:23:46:31 -0400] "GET /assets/images/hr_logo.gif HTTP/1.1" 200 6378 "http://www.huntersraid.org/" "Mozilla/5.0 (Windows NT 6.1; WOW64) AppleWebKit/537.36 (KHTML, like Gecko) Chrome/28.0.1500.95 Safari/537.36"
98.204.89.34 - - [13/Aug/2013:23:46:31 -0400] "GET /assets/images/btn_visiting.jpg HTTP/1.1" 200 1914 "http://www.huntersraid.org/" "Mozilla/5.0 (Windows NT 6.1; WOW64) AppleWebKit/537.36 (KHTML, like Gecko) Chrome/28.0.1500.95 Safari/537.36"
98.204.89.34 - - [13/Aug/2013:23:46:31 -0400] "GET /assets/images/headline_home.jpg HTTP/1.1" 200 14056 "http://www.huntersraid.org/" "Mozilla/5.0 (Windows NT 6.1; WOW64) AppleWebKit/537.36 (KHTML, like Gecko) Chrome/28.0.1500.95 Safari/537.36"
98.204.89.34 - - [13/Aug/2013:23:46:31 -0400] "GET /assets/images/logo_botco.png HTTP/1.1" 200 5361 "http://www.huntersraid.org/" "Mozilla/5.0 (Windows NT 6.1; WOW64) AppleWebKit/537.36 (KHTML, like Gecko) Chrome/28.0.1500.95 Safari/537.36"
98.204.89.34 - - [13/Aug/2013:23:46:32 -0400] "GET /assets/images/logo_vifl.png HTTP/1.1" 200 6305 "http://www.huntersraid.org/" "Mozilla/5.0 (Windows NT 6.1; WOW64) AppleWebKit/537.36 (KHTML, like Gecko) Chrome/28.0.1500.95 Safari/537.36"
98.204.89.34 - - [13/Aug/2013:23:46:32 -0400] "GET /assets/images/btn_story.jpg HTTP/1.1" 200 1944 "http://www.huntersraid.org/" "Mozilla/5.0 (Windows NT 6.1; WOW64) AppleWebKit/537.36 (KHTML, like Gecko) Chrome/28.0.1500.95 Safari/537.36"
98.204.89.34 - - [13/Aug/2013:23:46:32 -0400] "GET /assets/images/btn_map-over.jpg HTTP/1.1" 200 2468 "http://www.huntersraid.org/" "Mozilla/5.0 (Windows NT 6.1; WOW64) AppleWebKit/537.36 (KHTML, like Gecko) Chrome/28.0.1500.95 Safari/537.36"
76.100.169.144 - - [13/Aug/2013:07:26:45 -0400] "GET /assets/images/logo_bedford.png HTTP/1.1" 200 6195 "http://www.huntersraid.org/" "Mozilla/5.0 (Linux; U; Android 4.1.1; en-us; GT-P5113 Build/JRO03C) AppleWebKit/534.30 (KHTML, like Gecko) Version/4.0 Safari/534.30"
76.100.169.144 - - [13/Aug/2013:07:26:45 -0400] "GET /assets/images/shadow_btm.jpg HTTP/1.1" 200 13552 "http://www.huntersraid.org/" "Mozilla/5.0 (Linux; U; Android 4.1.1; en-us; GT-P5113 Build/JRO03C) AppleWebKit/534.30 (KHTML, like Gecko) Version/4.0 Safari/534.30"
65.55.215.106 - - [13/Aug/2013:19:21:37 -0400] "GET /assets/images/avenel.jpg HTTP/1.1" 200 10971 "-" "msnbot-media/1.1 (+http://search.msn.com/msnbot.htm)"
69.207.57.1 - - [13/Aug/2013:19:48:37 -0400] "GET /assets/images/early.png HTTP/1.1" 200 22157 "http://www.huntersraid.org/story.html" "Mozilla/5.0 (Windows NT 6.1; WOW64) AppleWebKit/537.36 (KHTML, like Gecko) Chrome/28.0.1500.95 Safari/537.36"
69.207.57.1 - - [13/Aug/2013:19:48:37 -0400] "GET /favicon.ico HTTP/1.1" 404 575 "-" "Mozilla/5.0 (Windows NT 6.1; WOW64) AppleWebKit/537.36 (KHTML, like Gecko) Chrome/28.0.1500.95 Safari/537.36"
216.36.11.165 - - [13/Aug/2013:17:50:23 -0400] "GET /favicon.ico HTTP/1.1" 404 575 "-" "Mozilla/5.0 (Windows NT 6.1) AppleWebKit/537.36 (KHTML, like Gecko) Chrome/28.0.1500.95 Safari/537.36"
216.36.11.165 - - [13/Aug/2013:17:50:24 -0400] "GET /favicon.ico HTTP/1.1" 404 575 "-" "Mozilla/5.0 (Windows NT 6.1) AppleWebKit/537.36 (KHTML, like Gecko) Chrome/28.0.1500.95 Safari/537.36"
184.63.202.47 - - [13/Aug/2013:22:04:14 -0400] "GET /assets/images/hr_logo.gif HTTP/1.1" 200 6378 "http://www.huntersraid.org/" "Mozilla/5.0 (Linux; U; Android 4.0.3; en-us; Transformer TF101 Build/IML74K) AppleWebKit/534.30 (KHTML, like Gecko) Version/4.0 Safari/534.30"
184.63.202.47 - - [13/Aug/2013:22:04:14 -0400] "GET /assets/images/slideshow1.jpg HTTP/1.1" 200 43851 "http://www.huntersraid.org/" "Mozilla/5.0 (Linux; U; Android 4.0.3; en-us; Transformer TF101 Build/IML74K) AppleWebKit/534.30 (KHTML, like Gecko) Version/4.0 Safari/534.30"
184.63.202.47 - - [13/Aug/2013:22:04:17 -0400] "GET /assets/images/nav_bg.jpg HTTP/1.1" 200 2144 "http://www.huntersraid.org/" "Mozilla/5.0 (Linux; U; Android 4.0.3; en-us; Transformer TF101 Build/IML74K) AppleWebKit/534.30 (KHTML, like Gecko) Version/4.0 Safari/534.30"
98.204.89.34 - - [13/Aug/2013:23:46:29 -0400] "GET /assets/styles/styles.css HTTP/1.1" 200 4633 "http://www.huntersraid.org/" "Mozilla/5.0 (Windows NT 6.1; WOW64) AppleWebKit/537.36 (KHTML, like Gecko) Chrome/28.0.1500.95 Safari/537.36"
98.204.89.34 - - [13/Aug/2013:23:46:31 -0400] "GET /assets/images/slideshow1.jpg HTTP/1.1" 200 43851 "http://www.huntersraid.org/" "Mozilla/5.0 (Windows NT 6.1; WOW64) AppleWebKit/537.36 (KHTML, like Gecko) Chrome/28.0.1500.95 Safari/537.36"
98.204.89.34 - - [13/Aug/2013:23:46:31 -0400] "GET /assets/images/btn_map.jpg HTTP/1.1" 200 1756 "http://www.huntersraid.org/" "Mozilla/5.0 (Windows NT 6.1; WOW64) AppleWebKit/537.36 (KHTML, like Gecko) Chrome/28.0.1500.95 Safari/537.36"
98.204.89.34 - - [13/Aug/2013:23:46:31 -0400] "GET /assets/images/data_feed_bg.jpg HTTP/1.1" 200 20086 "http://www.huntersraid.org/" "Mozilla/5.0 (Windows NT 6.1; WOW64) AppleWebKit/537.36 (KHTML, like Gecko) Chrome/28.0.1500.95 Safari/537.36"
98.204.89.34 - - [13/Aug/2013:23:46:32 -0400] "GET /assets/images/logo_lynchburg.png HTTP/1.1" 200 9749 "http://www.huntersraid.org/" "Mozilla/5.0 (Windows NT 6.1; WOW64) AppleWebKit/537.36 (KHTML, like Gecko) Chrome/28.0.1500.95 Safari/537.36"
98.204.89.34 - - [13/Aug/2013:23:46:32 -0400] "GET /assets/images/shadow_btm.jpg HTTP/1.1" 200 13552 "http://www.huntersraid.org/" "Mozilla/5.0 (Windows NT 6.1; WOW64) AppleWebKit/537.36 (KHTML, like Gecko) Chrome/28.0.1500.95 Safari/537.36"
98.204.89.34 - - [13/Aug/2013:23:46:32 -0400] "GET /assets/images/btn_request_info-over.png HTTP/1.1" 200 9869 "http://www.huntersraid.org/" "Mozilla/5.0 (Windows NT 6.1; WOW64) AppleWebKit/537.36 (KHTML, like Gecko) Chrome/28.0.1500.95 Safari/537.36"
157.56.93.73 - - [13/Aug/2013:23:58:22 -0400] "GET / HTTP/1.1" 304 - "-" "Mozilla/5.0 (compatible; bingbot/2.0; +http://www.bing.com/bingbot.htm)"
69.207.57.1 - - [13/Aug/2013:19:48:14 -0400] "GET /assets/images/slideshow3.jpg HTTP/1.1" 200 43522 "http://www.huntersraid.org/" "Mozilla/5.0 (Windows NT 6.1; WOW64) AppleWebKit/537.36 (KHTML, like Gecko) Chrome/28.0.1500.95 Safari/537.36"
69.207.57.1 - - [13/Aug/2013:19:48:14 -0400] "GET /assets/images/logo_botco.png HTTP/1.1" 200 5361 "http://www.huntersraid.org/" "Mozilla/5.0 (Windows NT 6.1; WOW64) AppleWebKit/537.36 (KHTML, like Gecko) Chrome/28.0.1500.95 Safari/537.36"
69.207.57.1 - - [13/Aug/2013:19:48:14 -0400] "GET /assets/images/logo_lynchburg.png HTTP/1.1" 200 9749 "http://www.huntersraid.org/" "Mozilla/5.0 (Windows NT 6.1; WOW64) AppleWebKit/537.36 (KHTML, like Gecko) Chrome/28.0.1500.95 Safari/537.36"
69.207.57.1 - - [13/Aug/2013:19:48:14 -0400] "GET /assets/images/logo_vifl.png HTTP/1.1" 200 6305 "http://www.huntersraid.org/" "Mozilla/5.0 (Windows NT 6.1; WOW64) AppleWebKit/537.36 (KHTML, like Gecko) Chrome/28.0.1500.95 Safari/537.36"
76.100.169.144 - - [13/Aug/2013:07:26:45 -0400] "GET /assets/images/shadow_top.jpg HTTP/1.1" 200 1496 "http://www.huntersraid.org/" "Mozilla/5.0 (Linux; U; Android 4.1.1; en-us; GT-P5113 Build/JRO03C) AppleWebKit/534.30 (KHTML, like Gecko) Version/4.0 Safari/534.30"
76.100.169.144 - - [13/Aug/2013:07:26:45 -0400] "GET /assets/images/logo_lynchburg.png HTTP/1.1" 200 9749 "http://www.huntersraid.org/" "Mozilla/5.0 (Linux; U; Android 4.1.1; en-us; GT-P5113 Build/JRO03C) AppleWebKit/534.30 (KHTML, like Gecko) Version/4.0 Safari/534.30"
157.55.33.112 - - [13/Aug/2013:22:58:48 -0400] "GET /story.html HTTP/1.1" 200 14678 "-" "Mozilla/5.0 (compatible; bingbot/2.0; +http://www.bing.com/bingbot.htm)"
66.249.75.234 - - [13/Aug/2013:18:52:28 -0400] "GET /story.html HTTP/1.1" 304 - "-" "Mozilla/5.0 (iPhone; U; CPU iPhone OS 4_1 like Mac OS X; en-us) AppleWebKit/532.9 (KHTML, like Gecko) Version/4.0.5 Mobile/8B117 Safari/6531.22.7 (compatible; Googlebot-Mobile/2.1; +http://www.google.com/bot.html)"
65.55.215.106 - - [13/Aug/2013:19:21:37 -0400] "GET /robots.txt HTTP/1.1" 404 575 "-" "msnbot-media/1.1 (+http://search.msn.com/msnbot.htm)"
166.137.209.155 - - [13/Aug/2013:19:33:04 -0400] "GET /assets/images/logo_bedford.png HTTP/1.1" 200 6195 "http://www.huntersraid.org/" "Mozilla/5.0 (iPhone; CPU iPhone OS 5_0 like Mac OS X) AppleWebKit/534.46 (KHTML, like Gecko) Version/5.1 Mobile/9A334 Safari/7534.48.3"
69.207.57.1 - - [13/Aug/2013:19:48:36 -0400] "GET /story.html HTTP/1.1" 200 14678 "http://www.huntersraid.org/" "Mozilla/5.0 (Windows NT 6.1; WOW64) AppleWebKit/537.36 (KHTML, like Gecko) Chrome/28.0.1500.95 Safari/537.36"
69.207.57.1 - - [13/Aug/2013:19:48:36 -0400] "GET /assets/images/shadow_left_story.jpg HTTP/1.1" 200 2129 "http://www.huntersraid.org/story.html" "Mozilla/5.0 (Windows NT 6.1; WOW64) AppleWebKit/537.36 (KHTML, like Gecko) Chrome/28.0.1500.95 Safari/537.36"
69.207.57.1 - - [13/Aug/2013:19:48:37 -0400] "GET /assets/images/content_bg_story.jpg HTTP/1.1" 200 110528 "http://www.huntersraid.org/story.html" "Mozilla/5.0 (Windows NT 6.1; WOW64) AppleWebKit/537.36 (KHTML, like Gecko) Chrome/28.0.1500.95 Safari/537.36"
46.119.118.152 - - [13/Aug/2013:06:40:30 -0400] "GET / HTTP/1.1" 200 10872 "http://www.tury.ru/" "Mozilla/4.0 (compatible; MSIE 6.0; AOL 9.0; Windows NT 5.1)"
184.63.202.47 - - [13/Aug/2013:22:04:14 -0400] "GET /assets/images/btn_resources.jpg HTTP/1.1" 200 2275 "http://www.huntersraid.org/" "Mozilla/5.0 (Linux; U; Android 4.0.3; en-us; Transformer TF101 Build/IML74K) AppleWebKit/534.30 (KHTML, like Gecko) Version/4.0 Safari/534.30"
184.63.202.47 - - [13/Aug/2013:22:04:14 -0400] "GET /assets/images/btn_map.jpg HTTP/1.1" 200 1756 "http://www.huntersraid.org/" "Mozilla/5.0 (Linux; U; Android 4.0.3; en-us; Transformer TF101 Build/IML74K) AppleWebKit/534.30 (KHTML, like Gecko) Version/4.0 Safari/534.30"
184.63.202.47 - - [13/Aug/2013:22:04:14 -0400] "GET /favicon.ico HTTP/1.1" 404 575 "http://www.huntersraid.org/" "Mozilla/5.0 (Linux; U; Android 4.0.3; en-us; Transformer TF101 Build/IML74K) AppleWebKit/534.30 (KHTML, like Gecko) Version/4.0 Safari/534.30"
157.56.93.73 - - [13/Aug/2013:12:53:07 -0400] "GET /robots.txt HTTP/1.1" 404 575 "-" "Mozilla/5.0 (compatible; bingbot/2.0; +http://www.bing.com/bingbot.htm)"
157.56.93.73 - - [13/Aug/2013:12:53:42 -0400] "GET /assets/styles/styles.css HTTP/1.1" 200 4633 "-" "Mozilla/5.0 (compatible; bingbot/2.0; +http://www.bing.com/bingbot.htm)"
76.100.169.144 - - [13/Aug/2013:07:26:45 -0400] "GET /assets/images/logo_botco.png HTTP/1.1" 200 5361 "http://www.huntersraid.org/" "Mozilla/5.0 (Linux; U; Android 4.1.1; en-us; GT-P5113 Build/JRO03C) AppleWebKit/534.30 (KHTML, like Gecko) Version/4.0 Safari/534.30"
66.249.72.234 - - [13/Aug/2013:21:52:48 -0400] "GET /robots.txt HTTP/1.1" 404 575 "-" "Mozilla/5.0 (compatible; Googlebot/2.1; +http://www.google.com/bot.html)"
184.63.202.47 - - [13/Aug/2013:22:04:14 -0400] "GET /assets/images/headline_home.jpg HTTP/1.1" 200 14056 "http://www.huntersraid.org/" "Mozilla/5.0 (Linux; U; Android 4.0.3; en-us; Transformer TF101 Build/IML74K) AppleWebKit/534.30 (KHTML, like Gecko) Version/4.0 Safari/534.30"
222.239.162.7 - - [13/Aug/2013:22:26:49 -0400] "GET / HTTP/1.1" 200 10872 "http://search.daum.net/" "Mozilla/5.0 (compatible; MSIE or Firefox mutant; not on Windows server; + http://tab.search.daum.net/aboutWebSearch.html) Daumoa/3.0"
184.63.202.47 - - [13/Aug/2013:22:04:27 -0400] "GET /assets/images/btn_visiting-over.jpg HTTP/1.1" 200 2734 "http://www.huntersraid.org/" "Mozilla/5.0 (Linux; U; Android 4.0.3; en-us; Transformer TF101 Build/IML74K) AppleWebKit/534.30 (KHTML, like Gecko) Version/4.0 Safari/534.30"
178.137.128.238 - - [13/Aug/2013:11:41:13 -0400] "GET / HTTP/1.1" 200 10872 "http://sivs.ru/" "Mozilla/4.0 (compatible; MSIE 6.0; MSIE 5.5; Windows NT 5.0) Opera 7.02 Bork-edition [en]"
216.36.11.165 - - [13/Aug/2013:17:42:43 -0400] "GET /assets/images/content_bg_home.jpg HTTP/1.1" 200 57353 "http://www.huntersraid.org/" "Mozilla/5.0 (Windows NT 6.1) AppleWebKit/537.36 (KHTML, like Gecko) Chrome/28.0.1500.95 Safari/537.36"
216.36.11.165 - - [13/Aug/2013:17:42:44 -0400] "GET /favicon.ico HTTP/1.1" 404 575 "-" "Mozilla/5.0 (Windows NT 6.1) AppleWebKit/537.36 (KHTML, like Gecko) Chrome/28.0.1500.95 Safari/537.36"
216.36.11.165 - - [13/Aug/2013:17:44:06 -0400] "GET /assets/images/content_bg_v.jpg HTTP/1.1" 200 498 "http://www.huntersraid.org/resources.html" "Mozilla/5.0 (Windows NT 6.1) AppleWebKit/537.36 (KHTML, like Gecko) Chrome/28.0.1500.95 Safari/537.36"
23.23.25.240 - - [13/Aug/2013:18:09:19 -0400] "GET /favicon.ico HTTP/1.1" 404 575 "-" "Pinterest/0.1 +http://pinterest.com/"
166.137.209.155 - - [13/Aug/2013:19:33:04 -0400] "GET /assets/images/logo_botco.png HTTP/1.1" 200 5361 "http://www.huntersraid.org/" "Mozilla/5.0 (iPhone; CPU iPhone OS 5_0 like Mac OS X) AppleWebKit/534.46 (KHTML, like Gecko) Version/5.1 Mobile/9A334 Safari/7534.48.3"
69.207.57.1 - - [13/Aug/2013:19:48:14 -0400] "GET /assets/images/slideshow2.jpg HTTP/1.1" 200 39390 "http://www.huntersraid.org/" "Mozilla/5.0 (Windows NT 6.1; WOW64) AppleWebKit/537.36 (KHTML, like Gecko) Chrome/28.0.1500.95 Safari/537.36"
69.207.57.1 - - [13/Aug/2013:19:48:14 -0400] "GET /assets/images/content_bg_home.jpg HTTP/1.1" 200 57353 "http://www.huntersraid.org/" "Mozilla/5.0 (Windows NT 6.1; WOW64) AppleWebKit/537.36 (KHTML, like Gecko) Chrome/28.0.1500.95 Safari/537.36"
69.207.57.1 - - [13/Aug/2013:19:48:14 -0400] "GET /assets/images/shadow_right.jpg HTTP/1.1" 200 3979 "http://www.huntersraid.org/" "Mozilla/5.0 (Windows NT 6.1; WOW64) AppleWebKit/537.36 (KHTML, like Gecko) Chrome/28.0.1500.95 Safari/537.36"
69.207.57.1 - - [13/Aug/2013:19:48:14 -0400] "GET /assets/images/btn_map-over.jpg HTTP/1.1" 200 2468 "http://www.huntersraid.org/" "Mozilla/5.0 (Windows NT 6.1; WOW64) AppleWebKit/537.36 (KHTML, like Gecko) Chrome/28.0.1500.95 Safari/537.36"
216.36.11.165 - - [13/Aug/2013:17:39:18 -0400] "GET /assets/images/btn_visiting.jpg HTTP/1.1" 200 1914 "http://www.huntersraid.org/story.html" "Mozilla/5.0 (Windows NT 6.1) AppleWebKit/537.36 (KHTML, like Gecko) Chrome/28.0.1500.95 Safari/537.36"
216.36.11.165 - - [13/Aug/2013:17:39:18 -0400] "GET /assets/images/mccausland.jpg HTTP/1.1" 200 3935 "http://www.huntersraid.org/story.html" "Mozilla/5.0 (Windows NT 6.1) AppleWebKit/537.36 (KHTML, like Gecko) Chrome/28.0.1500.95 Safari/537.36"
216.36.11.165 - - [13/Aug/2013:17:39:18 -0400] "GET /assets/images/header_bg.jpg HTTP/1.1" 200 42124 "http://www.huntersraid.org/story.html" "Mozilla/5.0 (Windows NT 6.1) AppleWebKit/537.36 (KHTML, like Gecko) Chrome/28.0.1500.95 Safari/537.36"
216.36.11.165 - - [13/Aug/2013:17:39:18 -0400] "GET /assets/images/logo_botco.png HTTP/1.1" 200 5361 "http://www.huntersraid.org/story.html" "Mozilla/5.0 (Windows NT 6.1) AppleWebKit/537.36 (KHTML, like Gecko) Chrome/28.0.1500.95 Safari/537.36"
216.36.11.165 - - [13/Aug/2013:17:39:18 -0400] "GET /assets/images/logo_rvcvb.png HTTP/1.1" 200 7481 "http://www.huntersraid.org/story.html" "Mozilla/5.0 (Windows NT 6.1) AppleWebKit/537.36 (KHTML, like Gecko) Chrome/28.0.1500.95 Safari/537.36"
216.36.11.165 - - [13/Aug/2013:17:42:42 -0400] "GET / HTTP/1.1" 200 10872 "https://www.google.com/" "Mozilla/5.0 (Windows NT 6.1) AppleWebKit/537.36 (KHTML, like Gecko) Chrome/28.0.1500.95 Safari/537.36"
216.36.11.165 - - [13/Aug/2013:17:42:42 -0400] "GET /assets/images/shadow_left.jpg HTTP/1.1" 200 3689 "http://www.huntersraid.org/" "Mozilla/5.0 (Windows NT 6.1) AppleWebKit/537.36 (KHTML, like Gecko) Chrome/28.0.1500.95 Safari/537.36"
216.36.11.165 - - [13/Aug/2013:17:42:43 -0400] "GET /assets/images/headline_home.jpg HTTP/1.1" 200 14056 "http://www.huntersraid.org/" "Mozilla/5.0 (Windows NT 6.1) AppleWebKit/537.36 (KHTML, like Gecko) Chrome/28.0.1500.95 Safari/537.36"
69.207.57.1 - - [13/Aug/2013:19:48:45 -0400] "GET /assets/images/content_bg_v.jpg HTTP/1.1" 200 498 "http://www.huntersraid.org/visiting.html" "Mozilla/5.0 (Windows NT 6.1; WOW64) AppleWebKit/537.36 (KHTML, like Gecko) Chrome/28.0.1500.95 Safari/537.36"
69.207.57.1 - - [13/Aug/2013:19:48:45 -0400] "GET /assets/images/cemetery.jpg HTTP/1.1" 200 28185 "http://www.huntersraid.org/visiting.html" "Mozilla/5.0 (Windows NT 6.1; WOW64) AppleWebKit/537.36 (KHTML, like Gecko) Chrome/28.0.1500.95 Safari/537.36"
69.207.57.1 - - [13/Aug/2013:19:48:45 -0400] "GET /assets/images/the_natural_bridge.jpg HTTP/1.1" 200 12327 "http://www.huntersraid.org/visiting.html" "Mozilla/5.0 (Windows NT 6.1; WOW64) AppleWebKit/537.36 (KHTML, like Gecko) Chrome/28.0.1500.95 Safari/537.36"
69.207.57.1 - - [13/Aug/2013:19:48:47 -0400] "GET /favicon.ico HTTP/1.1" 404 575 "-" "Mozilla/5.0 (Windows NT 6.1; WOW64) AppleWebKit/537.36 (KHTML, like Gecko) Chrome/28.0.1500.95 Safari/537.36"
157.55.33.112 - - [13/Aug/2013:22:58:05 -0400] "GET /robots.txt HTTP/1.1" 404 575 "-" "Mozilla/5.0 (compatible; bingbot/2.0; +http://www.bing.com/bingbot.htm)"
76.100.169.144 - - [13/Aug/2013:07:26:45 -0400] "GET /assets/images/site_bg.jpg HTTP/1.1" 200 659 "http://www.huntersraid.org/" "Mozilla/5.0 (Linux; U; Android 4.1.1; en-us; GT-P5113 Build/JRO03C) AppleWebKit/534.30 (KHTML, like Gecko) Version/4.0 Safari/534.30"
76.100.169.144 - - [13/Aug/2013:07:26:45 -0400] "GET /assets/images/slideshow3.jpg HTTP/1.1" 200 43522 "http://www.huntersraid.org/" "Mozilla/5.0 (Linux; U; Android 4.1.1; en-us; GT-P5113 Build/JRO03C) AppleWebKit/534.30 (KHTML, like Gecko) Version/4.0 Safari/534.30"
76.100.169.144 - - [13/Aug/2013:07:26:45 -0400] "GET /assets/images/logo_lexington.png HTTP/1.1" 200 6943 "http://www.huntersraid.org/" "Mozilla/5.0 (Linux; U; Android 4.1.1; en-us; GT-P5113 Build/JRO03C) AppleWebKit/534.30 (KHTML, like Gecko) Version/4.0 Safari/534.30"
76.100.169.144 - - [13/Aug/2013:07:26:45 -0400] "GET /assets/images/logo_rvcvb.png HTTP/1.1" 200 7481 "http://www.huntersraid.org/" "Mozilla/5.0 (Linux; U; Android 4.1.1; en-us; GT-P5113 Build/JRO03C) AppleWebKit/534.30 (KHTML, like Gecko) Version/4.0 Safari/534.30"
91.207.9.226 - - [13/Aug/2013:12:42:59 -0400] "GET / HTTP/1.1" 200 10872 "http://dt93.ru/" "Mozilla/4.0 (compatible; MSIE 6.0; Windows NT 5.1; TheFreeDictionary.com; .NET CLR 1.1.4322; .NET CLR 1.0.3705; .NET CLR 2.0.50727)"
24.57.69.94 - - [13/Aug/2013:19:08:58 -0400] "GET /assets/images/bedford_museum.jpg HTTP/1.1" 200 72097 "http://www.huntersraid.org/visiting.html" "Mozilla/5.0 (Windows NT 6.2; WOW64; rv:22.0) Gecko/20100101 Firefox/22.0"
24.57.69.94 - - [13/Aug/2013:19:08:59 -0400] "GET /assets/images/cs_pump.jpg HTTP/1.1" 200 13684 "http://www.huntersraid.org/visiting.html" "Mozilla/5.0 (Windows NT 6.2; WOW64; rv:22.0) Gecko/20100101 Firefox/22.0"
24.57.69.94 - - [13/Aug/2013:19:08:59 -0400] "GET /assets/images/gypsy_park.jpg HTTP/1.1" 200 13049 "http://www.huntersraid.org/visiting.html" "Mozilla/5.0 (Windows NT 6.2; WOW64; rv:22.0) Gecko/20100101 Firefox/22.0"
24.57.69.94 - - [13/Aug/2013:19:08:59 -0400] "GET /assets/images/thornrose.jpg HTTP/1.1" 200 17445 "http://www.huntersraid.org/visiting.html" "Mozilla/5.0 (Windows NT 6.2; WOW64; rv:22.0) Gecko/20100101 Firefox/22.0"
24.57.69.94 - - [13/Aug/2013:19:08:59 -0400] "GET /assets/images/shadow_left_center_v.png HTTP/1.1" 200 191 "http://www.huntersraid.org/visiting.html" "Mozilla/5.0 (Windows NT 6.2; WOW64; rv:22.0) Gecko/20100101 Firefox/22.0"
24.57.69.94 - - [13/Aug/2013:19:08:59 -0400] "GET /assets/images/content_bg_v.jpg HTTP/1.1" 200 498 "http://www.huntersraid.org/assets/styles/styles.css" "Mozilla/5.0 (Windows NT 6.2; WOW64; rv:22.0) Gecko/20100101 Firefox/22.0"
24.57.69.94 - - [13/Aug/2013:19:08:59 -0400] "GET /assets/images/content_bg_top_v.jpg HTTP/1.1" 200 4566 "http://www.huntersraid.org/assets/styles/styles.css" "Mozilla/5.0 (Windows NT 6.2; WOW64; rv:22.0) Gecko/20100101 Firefox/22.0"
24.57.69.94 - - [13/Aug/2013:19:08:59 -0400] "GET /assets/images/shadow_right_center_v.png HTTP/1.1" 200 191 "http://www.huntersraid.org/visiting.html" "Mozilla/5.0 (Windows NT 6.2; WOW64; rv:22.0) Gecko/20100101 Firefox/22.0"
173.199.120.59 - - [13/Aug/2013:01:14:25 -0400] "GET /map.html HTTP/1.1" 200 8312 "-" "Mozilla/5.0 (compatible; AhrefsBot/4.0; +http://ahrefs.com/robot/)"
199.30.16.5 - - [13/Aug/2013:06:58:20 -0400] "GET /robots.txt HTTP/1.1" 404 575 "-" "msnbot-media/1.1 (+http://search.msn.com/msnbot.htm)"
216.36.11.165 - - [13/Aug/2013:17:39:18 -0400] "GET /assets/images/btn_story-on.jpg HTTP/1.1" 200 2520 "http://www.huntersraid.org/story.html" "Mozilla/5.0 (Windows NT 6.1) AppleWebKit/537.36 (KHTML, like Gecko) Chrome/28.0.1500.95 Safari/537.36"
216.36.11.165 - - [13/Aug/2013:17:39:18 -0400] "GET /assets/images/btn_resources.jpg HTTP/1.1" 200 2275 "http://www.huntersraid.org/story.html" "Mozilla/5.0 (Windows NT 6.1) AppleWebKit/537.36 (KHTML, like Gecko) Chrome/28.0.1500.95 Safari/537.36"
216.36.11.165 - - [13/Aug/2013:17:39:18 -0400] "GET /assets/images/site_bg.jpg HTTP/1.1" 200 659 "http://www.huntersraid.org/story.html" "Mozilla/5.0 (Windows NT 6.1) AppleWebKit/537.36 (KHTML, like Gecko) Chrome/28.0.1500.95 Safari/537.36"
216.36.11.165 - - [13/Aug/2013:17:39:18 -0400] "GET /assets/images/content_bg_story.jpg HTTP/1.1" 200 110528 "http://www.huntersraid.org/story.html" "Mozilla/5.0 (Windows NT 6.1) AppleWebKit/537.36 (KHTML, like Gecko) Chrome/28.0.1500.95 Safari/537.36"
216.36.11.165 - - [13/Aug/2013:17:39:18 -0400] "GET /assets/images/shadow_right_story.jpg HTTP/1.1" 200 3717 "http://www.huntersraid.org/story.html" "Mozilla/5.0 (Windows NT 6.1) AppleWebKit/537.36 (KHTML, like Gecko) Chrome/28.0.1500.95 Safari/537.36"
216.36.11.165 - - [13/Aug/2013:17:39:19 -0400] "GET /assets/images/btn_visiting-over.jpg HTTP/1.1" 200 2734 "http://www.huntersraid.org/story.html" "Mozilla/5.0 (Windows NT 6.1) AppleWebKit/537.36 (KHTML, like Gecko) Chrome/28.0.1500.95 Safari/537.36"
91.207.9.226 - - [13/Aug/2013:12:42:58 -0400] "GET / HTTP/1.1" 200 10872 "http://dt93.ru/" "Mozilla/4.0 (compatible; MSIE 6.0; Windows NT 5.1; TheFreeDictionary.com; .NET CLR 1.1.4322; .NET CLR 1.0.3705; .NET CLR 2.0.50727)"
166.137.209.155 - - [13/Aug/2013:19:33:09 -0400] "GET /assets/images/slideshow4.jpg HTTP/1.1" 200 35694 "http://www.huntersraid.org/" "Mozilla/5.0 (iPhone; CPU iPhone OS 5_0 like Mac OS X) AppleWebKit/534.46 (KHTML, like Gecko) Version/5.1 Mobile/9A334 Safari/7534.48.3"
184.63.202.47 - - [13/Aug/2013:22:04:27 -0400] "GET /assets/images/btn_resources-over.jpg HTTP/1.1" 200 3298 "http://www.huntersraid.org/" "Mozilla/5.0 (Linux; U; Android 4.0.3; en-us; Transformer TF101 Build/IML74K) AppleWebKit/534.30 (KHTML, like Gecko) Version/4.0 Safari/534.30"
222.239.162.7 - - [13/Aug/2013:22:26:49 -0400] "GET /robots.txt HTTP/1.1" 404 575 "http://search.daum.net/" "Mozilla/5.0 (compatible; MSIE or Firefox mutant; not on Windows server; + http://tab.search.daum.net/aboutWebSearch.html) Daumoa/3.0"
98.204.89.34 - - [13/Aug/2013:23:46:31 -0400] "GET /assets/images/slideshow3.jpg HTTP/1.1" 200 43522 "http://www.huntersraid.org/" "Mozilla/5.0 (Windows NT 6.1; WOW64) AppleWebKit/537.36 (KHTML, like Gecko) Chrome/28.0.1500.95 Safari/537.36"
98.204.89.34 - - [13/Aug/2013:23:46:31 -0400] "GET /assets/images/footer_bg.jpg HTTP/1.1" 200 49277 "http://www.huntersraid.org/" "Mozilla/5.0 (Windows NT 6.1; WOW64) AppleWebKit/537.36 (KHTML, like Gecko) Chrome/28.0.1500.95 Safari/537.36"
98.204.89.34 - - [13/Aug/2013:23:46:32 -0400] "GET /assets/images/btn_request_info.png HTTP/1.1" 200 7951 "http://www.huntersraid.org/" "Mozilla/5.0 (Windows NT 6.1; WOW64) AppleWebKit/537.36 (KHTML, like Gecko) Chrome/28.0.1500.95 Safari/537.36"
98.204.89.34 - - [13/Aug/2013:23:46:32 -0400] "GET /assets/images/btn_visiting-over.jpg HTTP/1.1" 200 2734 "http://www.huntersraid.org/" "Mozilla/5.0 (Windows NT 6.1; WOW64) AppleWebKit/537.36 (KHTML, like Gecko) Chrome/28.0.1500.95 Safari/537.36"
46.119.118.152 - - [13/Aug/2013:06:40:30 -0400] "GET / HTTP/1.1" 200 10872 "http://www.tury.ru/" "Mozilla/4.0 (compatible; MSIE 6.0; AOL 9.0; Windows NT 5.1)"
69.207.57.1 - - [13/Aug/2013:19:48:37 -0400] "GET /assets/images/btn_story-on.jpg HTTP/1.1" 200 2520 "http://www.huntersraid.org/story.html" "Mozilla/5.0 (Windows NT 6.1; WOW64) AppleWebKit/537.36 (KHTML, like Gecko) Chrome/28.0.1500.95 Safari/537.36"
184.63.202.47 - - [13/Aug/2013:22:04:14 -0400] "GET /assets/images/shadow_top.jpg HTTP/1.1" 200 1496 "http://www.huntersraid.org/" "Mozilla/5.0 (Linux; U; Android 4.0.3; en-us; Transformer TF101 Build/IML74K) AppleWebKit/534.30 (KHTML, like Gecko) Version/4.0 Safari/534.30"
216.36.11.165 - - [13/Aug/2013:17:39:18 -0400] "GET /assets/images/shadow_left_story.jpg HTTP/1.1" 200 2129 "http://www.huntersraid.org/story.html" "Mozilla/5.0 (Windows NT 6.1) AppleWebKit/537.36 (KHTML, like Gecko) Chrome/28.0.1500.95 Safari/537.36"
216.36.11.165 - - [13/Aug/2013:17:39:18 -0400] "GET /assets/images/slideshow3.jpg HTTP/1.1" 200 43522 "http://www.huntersraid.org/story.html" "Mozilla/5.0 (Windows NT 6.1) AppleWebKit/537.36 (KHTML, like Gecko) Chrome/28.0.1500.95 Safari/537.36"
216.36.11.165 - - [13/Aug/2013:17:39:19 -0400] "GET /assets/images/btn_request_info-over.png HTTP/1.1" 200 9869 "http://www.huntersraid.org/story.html" "Mozilla/5.0 (Windows NT 6.1) AppleWebKit/537.36 (KHTML, like Gecko) Chrome/28.0.1500.95 Safari/537.36"
1.202.218.27 - - [13/Aug/2013:21:01:13 -0400] "HEAD / HTTP/1.1" 200 - "-" "Mozilla/5.0 (compatible; JikeSpider; +http://shoulu.jike.com/spider.html)"
184.63.202.47 - - [13/Aug/2013:22:04:14 -0400] "GET /assets/images/logo_staunton.png HTTP/1.1" 200 4198 "http://www.huntersraid.org/" "Mozilla/5.0 (Linux; U; Android 4.0.3; en-us; Transformer TF101 Build/IML74K) AppleWebKit/534.30 (KHTML, like Gecko) Version/4.0 Safari/534.30"
66.249.75.212 - - [13/Aug/2013:11:23:55 -0400] "GET /robots.txt HTTP/1.1" 404 575 "-" "Mozilla/5.0 (compatible; Googlebot/2.1; +http://www.google.com/bot.html)"
216.36.11.165 - - [13/Aug/2013:17:43:55 -0400] "GET /favicon.ico HTTP/1.1" 404 575 "-" "Mozilla/5.0 (Windows NT 6.1) AppleWebKit/537.36 (KHTML, like Gecko) Chrome/28.0.1500.95 Safari/537.36"
216.36.11.165 - - [13/Aug/2013:17:43:56 -0400] "GET /favicon.ico HTTP/1.1" 404 575 "-" "Mozilla/5.0 (Windows NT 6.1) AppleWebKit/537.36 (KHTML, like Gecko) Chrome/28.0.1500.95 Safari/537.36"
24.57.69.94 - - [13/Aug/2013:19:08:58 -0400] "GET /assets/images/gun.png HTTP/1.1" 200 32858 "http://www.huntersraid.org/visiting.html" "Mozilla/5.0 (Windows NT 6.2; WOW64; rv:22.0) Gecko/20100101 Firefox/22.0"
24.57.69.94 - - [13/Aug/2013:19:08:58 -0400] "GET /assets/images/vmi_cadets1.jpg HTTP/1.1" 200 10961 "http://www.huntersraid.org/visiting.html" "Mozilla/5.0 (Windows NT 6.2; WOW64; rv:22.0) Gecko/20100101 Firefox/22.0"
24.57.69.94 - - [13/Aug/2013:19:08:58 -0400] "GET /assets/images/carriages.jpg HTTP/1.1" 200 12819 "http://www.huntersraid.org/visiting.html" "Mozilla/5.0 (Windows NT 6.2; WOW64; rv:22.0) Gecko/20100101 Firefox/22.0"
24.57.69.94 - - [13/Aug/2013:19:08:58 -0400] "GET /assets/images/sandusky.jpg HTTP/1.1" 200 16349 "http://www.huntersraid.org/visiting.html" "Mozilla/5.0 (Windows NT 6.2; WOW64; rv:22.0) Gecko/20100101 Firefox/22.0"
76.100.169.144 - - [13/Aug/2013:07:26:45 -0400] "GET / HTTP/1.1" 200 10872 "http://www.visitroanokeva.com/listings/?action=display&listingID=6399&menuID=154&hit=1&startrow=1&sfilter=&efilter=&listing_keyword=keyword%20search&maxshow=25&catid=2&bkEnb=1&subcatid=8®ionid=0" "Mozilla/5.0 (Linux; U; Android 4.1.1; en-us; GT-P5113 Build/JRO03C) AppleWebKit/534.30 (KHTML, like Gecko) Version/4.0 Safari/534.30"
76.100.169.144 - - [13/Aug/2013:07:26:45 -0400] "GET /assets/styles/styles.css HTTP/1.1" 200 4633 "http://www.huntersraid.org/" "Mozilla/5.0 (Linux; U; Android 4.1.1; en-us; GT-P5113 Build/JRO03C) AppleWebKit/534.30 (KHTML, like Gecko) Version/4.0 Safari/534.30"
76.100.169.144 - - [13/Aug/2013:07:26:45 -0400] "GET /assets/images/slideshow1.jpg HTTP/1.1" 200 43851 "http://www.huntersraid.org/" "Mozilla/5.0 (Linux; U; Android 4.1.1; en-us; GT-P5113 Build/JRO03C) AppleWebKit/534.30 (KHTML, like Gecko) Version/4.0 Safari/534.30"
76.100.169.144 - - [13/Aug/2013:07:26:46 -0400] "GET /assets/images/data_feed_bg.jpg HTTP/1.1" 200 20086 "http://www.huntersraid.org/" "Mozilla/5.0 (Linux; U; Android 4.1.1; en-us; GT-P5113 Build/JRO03C) AppleWebKit/534.30 (KHTML, like Gecko) Version/4.0 Safari/534.30"
76.100.169.144 - - [13/Aug/2013:07:26:47 -0400] "GET /assets/images/btn_resources-over.jpg HTTP/1.1" 200 3298 "http://www.huntersraid.org/" "Mozilla/5.0 (Linux; U; Android 4.1.1; en-us; GT-P5113 Build/JRO03C) AppleWebKit/534.30 (KHTML, like Gecko) Version/4.0 Safari/534.30"
1.202.218.24 - - [13/Aug/2013:12:26:35 -0400] "GET /robots.txt HTTP/1.1" 404 575 "-" "Mozilla/5.0 ()"
24.57.69.94 - - [13/Aug/2013:19:08:57 -0400] "GET /visiting.html HTTP/1.1" 200 30487 "http://www.huntersraid.org/" "Mozilla/5.0 (Windows NT 6.2; WOW64; rv:22.0) Gecko/20100101 Firefox/22.0"
24.57.69.94 - - [13/Aug/2013:19:08:58 -0400] "GET /assets/images/btn_visiting-on.jpg HTTP/1.1" 200 2375 "http://www.huntersraid.org/visiting.html" "Mozilla/5.0 (Windows NT 6.2; WOW64; rv:22.0) Gecko/20100101 Firefox/22.0"
24.57.69.94 - - [13/Aug/2013:19:08:58 -0400] "GET /assets/images/botco_museum.jpg HTTP/1.1" 200 11794 "http://www.huntersraid.org/visiting.html" "Mozilla/5.0 (Windows NT 6.2; WOW64; rv:22.0) Gecko/20100101 Firefox/22.0"
24.57.69.94 - - [13/Aug/2013:19:08:58 -0400] "GET /assets/images/buchanan_bridge.jpg HTTP/1.1" 200 8963 "http://www.huntersraid.org/visiting.html" "Mozilla/5.0 (Windows NT 6.2; WOW64; rv:22.0) Gecko/20100101 Firefox/22.0"
24.57.69.94 - - [13/Aug/2013:19:08:58 -0400] "GET /assets/images/kanawha_remnants.jpg HTTP/1.1" 200 30288 "http://www.huntersraid.org/visiting.html" "Mozilla/5.0 (Windows NT 6.2; WOW64; rv:22.0) Gecko/20100101 Firefox/22.0"
24.57.69.94 - - [13/Aug/2013:19:08:58 -0400] "GET /assets/images/lee_chapel.jpg HTTP/1.1" 200 12534 "http://www.huntersraid.org/visiting.html" "Mozilla/5.0 (Windows NT 6.2; WOW64; rv:22.0) Gecko/20100101 Firefox/22.0"
24.57.69.94 - - [13/Aug/2013:19:08:58 -0400] "GET /assets/images/city_cemetery.jpg HTTP/1.1" 200 12437 "http://www.huntersraid.org/visiting.html" "Mozilla/5.0 (Windows NT 6.2; WOW64; rv:22.0) Gecko/20100101 Firefox/22.0"
24.57.69.94 - - [13/Aug/2013:19:08:58 -0400] "GET /assets/images/owl_museum.jpg HTTP/1.1" 200 8476 "http://www.huntersraid.org/visiting.html" "Mozilla/5.0 (Windows NT 6.2; WOW64; rv:22.0) Gecko/20100101 Firefox/22.0"
69.207.57.1 - - [13/Aug/2013:19:48:14 -0400] "GET /assets/images/shadow_top.jpg HTTP/1.1" 200 1496 "http://www.huntersraid.org/" "Mozilla/5.0 (Windows NT 6.1; WOW64) AppleWebKit/537.36 (KHTML, like Gecko) Chrome/28.0.1500.95 Safari/537.36"
69.207.57.1 - - [13/Aug/2013:19:48:14 -0400] "GET /assets/images/hr_logo.gif HTTP/1.1" 200 6378 "http://www.huntersraid.org/" "Mozilla/5.0 (Windows NT 6.1; WOW64) AppleWebKit/537.36 (KHTML, like Gecko) Chrome/28.0.1500.95 Safari/537.36"
69.207.57.1 - - [13/Aug/2013:19:48:14 -0400] "GET /assets/images/btn_visiting.jpg HTTP/1.1" 200 1914 "http://www.huntersraid.org/" "Mozilla/5.0 (Windows NT 6.1; WOW64) AppleWebKit/537.36 (KHTML, like Gecko) Chrome/28.0.1500.95 Safari/537.36"
69.207.57.1 - - [13/Aug/2013:19:48:14 -0400] "GET /assets/images/headline_home.jpg HTTP/1.1" 200 14056 "http://www.huntersraid.org/" "Mozilla/5.0 (Windows NT 6.1; WOW64) AppleWebKit/537.36 (KHTML, like Gecko) Chrome/28.0.1500.95 Safari/537.36"
69.207.57.1 - - [13/Aug/2013:19:48:14 -0400] "GET /assets/images/logo_staunton.png HTTP/1.1" 200 4198 "http://www.huntersraid.org/" "Mozilla/5.0 (Windows NT 6.1; WOW64) AppleWebKit/537.36 (KHTML, like Gecko) Chrome/28.0.1500.95 Safari/537.36"
69.207.57.1 - - [13/Aug/2013:19:48:14 -0400] "GET /assets/images/btn_story.jpg HTTP/1.1" 200 1944 "http://www.huntersraid.org/" "Mozilla/5.0 (Windows NT 6.1; WOW64) AppleWebKit/537.36 (KHTML, like Gecko) Chrome/28.0.1500.95 Safari/537.36"
69.207.57.1 - - [13/Aug/2013:19:48:14 -0400] "GET /assets/images/btn_request_info-over.png HTTP/1.1" 200 9869 "http://www.huntersraid.org/" "Mozilla/5.0 (Windows NT 6.1; WOW64) AppleWebKit/537.36 (KHTML, like Gecko) Chrome/28.0.1500.95 Safari/537.36"
216.36.11.165 - - [13/Aug/2013:17:42:43 -0400] "GET /assets/images/data_feed_bg.jpg HTTP/1.1" 200 20086 "http://www.huntersraid.org/" "Mozilla/5.0 (Windows NT 6.1) AppleWebKit/537.36 (KHTML, like Gecko) Chrome/28.0.1500.95 Safari/537.36"
216.36.11.165 - - [13/Aug/2013:17:44:06 -0400] "GET /assets/images/content_bg_top_v.jpg HTTP/1.1" 200 4566 "http://www.huntersraid.org/resources.html" "Mozilla/5.0 (Windows NT 6.1) AppleWebKit/537.36 (KHTML, like Gecko) Chrome/28.0.1500.95 Safari/537.36"
216.36.11.165 - - [13/Aug/2013:17:44:06 -0400] "GET /favicon.ico HTTP/1.1" 404 575 "-" "Mozilla/5.0 (Windows NT 6.1) AppleWebKit/537.36 (KHTML, like Gecko) Chrome/28.0.1500.95 Safari/537.36"
65.55.215.91 - - [13/Aug/2013:04:15:53 -0400] "GET /robots.txt HTTP/1.1" 404 575 "-" "msnbot-media/1.1 (+http://search.msn.com/msnbot.htm)"
66.249.75.234 - - [13/Aug/2013:18:52:10 -0400] "GET /robots.txt HTTP/1.1" 404 575 "-" "Mozilla/5.0 (compatible; Googlebot/2.1; +http://www.google.com/bot.html)"
24.57.69.94 - - [13/Aug/2013:19:08:58 -0400] "GET /assets/images/visiting_header.jpg HTTP/1.1" 200 11022 "http://www.huntersraid.org/visiting.html" "Mozilla/5.0 (Windows NT 6.2; WOW64; rv:22.0) Gecko/20100101 Firefox/22.0"
24.57.69.94 - - [13/Aug/2013:19:08:58 -0400] "GET /assets/images/wilson_warehouse.jpg HTTP/1.1" 200 9474 "http://www.huntersraid.org/visiting.html" "Mozilla/5.0 (Windows NT 6.2; WOW64; rv:22.0) Gecko/20100101 Firefox/22.0"
24.57.69.94 - - [13/Aug/2013:19:08:58 -0400] "GET /assets/images/sj_house.jpg HTTP/1.1" 200 16214 "http://www.huntersraid.org/visiting.html" "Mozilla/5.0 (Windows NT 6.2; WOW64; rv:22.0) Gecko/20100101 Firefox/22.0"
24.57.69.94 - - [13/Aug/2013:19:08:58 -0400] "GET /assets/images/stonewall_jackson_cemetery2.jpg HTTP/1.1" 200 39982 "http://www.huntersraid.org/visiting.html" "Mozilla/5.0 (Windows NT 6.2; WOW64; rv:22.0) Gecko/20100101 Firefox/22.0"
24.57.69.94 - - [13/Aug/2013:19:08:58 -0400] "GET /assets/images/history_museum.jpg HTTP/1.1" 200 12823 "http://www.huntersraid.org/visiting.html" "Mozilla/5.0 (Windows NT 6.2; WOW64; rv:22.0) Gecko/20100101 Firefox/22.0"
24.57.69.94 - - [13/Aug/2013:19:08:59 -0400] "GET /assets/images/fc_museum.jpg HTTP/1.1" 200 12608 "http://www.huntersraid.org/visiting.html" "Mozilla/5.0 (Windows NT 6.2; WOW64; rv:22.0) Gecko/20100101 Firefox/22.0"
24.57.69.94 - - [13/Aug/2013:19:08:59 -0400] "GET /assets/images/sword.png HTTP/1.1" 200 36356 "http://www.huntersraid.org/visiting.html" "Mozilla/5.0 (Windows NT 6.2; WOW64; rv:22.0) Gecko/20100101 Firefox/22.0"
184.63.202.47 - - [13/Aug/2013:22:04:14 -0400] "GET /assets/images/btn_story.jpg HTTP/1.1" 200 1944 "http://www.huntersraid.org/" "Mozilla/5.0 (Linux; U; Android 4.0.3; en-us; Transformer TF101 Build/IML74K) AppleWebKit/534.30 (KHTML, like Gecko) Version/4.0 Safari/534.30"
184.63.202.47 - - [13/Aug/2013:22:04:14 -0400] "GET /assets/images/data_feed_bg.jpg HTTP/1.1" 200 20086 "http://www.huntersraid.org/" "Mozilla/5.0 (Linux; U; Android 4.0.3; en-us; Transformer TF101 Build/IML74K) AppleWebKit/534.30 (KHTML, like Gecko) Version/4.0 Safari/534.30"
66.249.75.234 - - [13/Aug/2013:13:18:03 -0400] "GET /robots.txt HTTP/1.1" 404 575 "-" "Mozilla/5.0 (compatible; Googlebot/2.1; +http://www.google.com/bot.html)"
46.119.118.152 - - [13/Aug/2013:06:40:31 -0400] "GET / HTTP/1.1" 200 10872 "http://www.tury.ru/" "Mozilla/4.0 (compatible; MSIE 6.0; AOL 9.0; Windows NT 5.1)"
66.249.72.234 - - [13/Aug/2013:21:52:48 -0400] "GET / HTTP/1.1" 200 10872 "-" "Mozilla/5.0 (compatible; Googlebot/2.1; +http://www.google.com/bot.html)"
184.63.202.47 - - [13/Aug/2013:22:04:14 -0400] "GET / HTTP/1.1" 200 10872 "http://www.google.com/url?sa=t&rct=j&q=raid%20courtland%20va%20civil%20war&source=web&cd=7&ved=0CDoQFjAG&url=http%3A%2F%2Fwww.huntersraid.org%2F&ei=deUKUuHSKe2gyQHQh4F4&usg=AFQjCNF4PhsHrkJVQEU-yMbhS8G8Cz14HA&sig2=id0sIJUGeasMiFhFb5GIeQ&bvm=bv.50723672,d.aWc" "Mozilla/5.0 (Linux; U; Android 4.0.3; en-us; Transformer TF101 Build/IML74K) AppleWebKit/534.30 (KHTML, like Gecko) Version/4.0 Safari/534.30"
70.32.205.6 - - [13/Aug/2013:18:02:38 -0400] "GET /assets/images/slideshow4.jpg HTTP/1.1" 200 35694 "http://www.huntersraid.org/" "Mozilla/5.0 (Linux; U; Android 2.3.6; en-us; MILESTONE3 Build/5.5.1.1-84_D3G-25) AppleWebKit/533.1 (KHTML, like Gecko) Version/4.0 Mobile Safari/533.1"
70.32.205.6 - - [13/Aug/2013:18:02:40 -0400] "GET /assets/images/logo_bedford.png HTTP/1.1" 200 6195 "http://www.huntersraid.org/" "Mozilla/5.0 (Linux; U; Android 2.3.6; en-us; MILESTONE3 Build/5.5.1.1-84_D3G-25) AppleWebKit/533.1 (KHTML, like Gecko) Version/4.0 Mobile Safari/533.1"
70.32.205.6 - - [13/Aug/2013:18:02:42 -0400] "GET /assets/images/logo_botco.png HTTP/1.1" 200 5361 "http://www.huntersraid.org/" "Mozilla/5.0 (Linux; U; Android 2.3.6; en-us; MILESTONE3 Build/5.5.1.1-84_D3G-25) AppleWebKit/533.1 (KHTML, like Gecko) Version/4.0 Mobile Safari/533.1"
70.32.205.6 - - [13/Aug/2013:18:02:42 -0400] "GET /assets/images/logo_lexington.png HTTP/1.1" 200 6943 "http://www.huntersraid.org/" "Mozilla/5.0 (Linux; U; Android 2.3.6; en-us; MILESTONE3 Build/5.5.1.1-84_D3G-25) AppleWebKit/533.1 (KHTML, like Gecko) Version/4.0 Mobile Safari/533.1"
24.57.69.94 - - [13/Aug/2013:19:08:34 -0400] "GET / HTTP/1.1" 200 10872 "http://www.visitstaunton.com/attractions/attractions_museums.htm" "Mozilla/5.0 (Windows NT 6.2; WOW64; rv:22.0) Gecko/20100101 Firefox/22.0"
24.57.69.94 - - [13/Aug/2013:19:08:36 -0400] "GET /assets/styles/styles.css HTTP/1.1" 200 4633 "http://www.huntersraid.org/" "Mozilla/5.0 (Windows NT 6.2; WOW64; rv:22.0) Gecko/20100101 Firefox/22.0"
24.57.69.94 - - [13/Aug/2013:19:08:36 -0400] "GET /assets/images/btn_visiting.jpg HTTP/1.1" 200 1914 "http://www.huntersraid.org/" "Mozilla/5.0 (Windows NT 6.2; WOW64; rv:22.0) Gecko/20100101 Firefox/22.0"
24.57.69.94 - - [13/Aug/2013:19:08:36 -0400] "GET /assets/images/btn_map.jpg HTTP/1.1" 200 1756 "http://www.huntersraid.org/" "Mozilla/5.0 (Windows NT 6.2; WOW64; rv:22.0) Gecko/20100101 Firefox/22.0"
24.57.69.94 - - [13/Aug/2013:19:08:37 -0400] "GET /assets/images/logo_vifl.png HTTP/1.1" 200 6305 "http://www.huntersraid.org/" "Mozilla/5.0 (Windows NT 6.2; WOW64; rv:22.0) Gecko/20100101 Firefox/22.0"
24.57.69.94 - - [13/Aug/2013:19:08:38 -0400] "GET /assets/images/shadow_btm.jpg HTTP/1.1" 200 13552 "http://www.huntersraid.org/" "Mozilla/5.0 (Windows NT 6.2; WOW64; rv:22.0) Gecko/20100101 Firefox/22.0"
24.57.69.94 - - [13/Aug/2013:19:08:38 -0400] "GET /assets/images/slideshow3.jpg HTTP/1.1" 200 43522 "http://www.huntersraid.org/" "Mozilla/5.0 (Windows NT 6.2; WOW64; rv:22.0) Gecko/20100101 Firefox/22.0"
24.57.69.94 - - [13/Aug/2013:19:08:38 -0400] "GET /assets/images/data_feed_bg.jpg HTTP/1.1" 200 20086 "http://www.huntersraid.org/" "Mozilla/5.0 (Windows NT 6.2; WOW64; rv:22.0) Gecko/20100101 Firefox/22.0"
24.57.69.94 - - [13/Aug/2013:19:08:38 -0400] "GET /assets/images/btn_map-over.jpg HTTP/1.1" 200 2468 "http://www.huntersraid.org/" "Mozilla/5.0 (Windows NT 6.2; WOW64; rv:22.0) Gecko/20100101 Firefox/22.0"
46.118.126.194 - - [13/Aug/2013:19:09:16 -0400] "GET / HTTP/1.1" 200 10872 "http://namobilu.com/" "Mozilla/4.0 (compatible; MSIE 6.0; AOL 9.0; Windows NT 5.1)"
