69.207.57.1 - - [13/Aug/2013:19:48:13 -0400] "GET / HTTP/1.1" 200 10872 "http://www.visitstaunton.com/attractions/attractions_museums.htm" "Mozilla/5.0 (Windows NT 6.1; WOW64) AppleWebKit/537.36 (KHTML, like Gecko) Chrome/28.0.1500.95 Safari/537.36"
69.207.57.1 - - [13/Aug/2013:19:48:14 -0400] "GET /assets/styles/styles.css HTTP/1.1" 200 4633 "http://www.huntersraid.org/" "Mozilla/5.0 (Windows NT 6.1; WOW64) AppleWebKit/537.36 (KHTML, like Gecko) Chrome/28.0.1500.95 Safari/537.36"
69.207.57.1 - - [13/Aug/2013:19:48:14 -0400] "GET /assets/images/slideshow1.jpg HTTP/1.1" 200 43851 "http://www.huntersraid.org/" "Mozilla/5.0 (Windows NT 6.1; WOW64) AppleWebKit/537.36 (KHTML, like Gecko) Chrome/28.0.1500.95 Safari/537.36"
69.207.57.1 - - [13/Aug/2013:19:48:14 -0400] "GET /assets/images/slideshow4.jpg HTTP/1.1" 200 35694 "http://www.huntersraid.org/" "Mozilla/5.0 (Windows NT 6.1; WOW64) AppleWebKit/537.36 (KHTML, like Gecko) Chrome/28.0.1500.95 Safari/537.36"
69.207.57.1 - - [13/Aug/2013:19:48:14 -0400] "GET /assets/images/header_bg.jpg HTTP/1.1" 200 42124 "http://www.huntersraid.org/" "Mozilla/5.0 (Windows NT 6.1; WOW64) AppleWebKit/537.36 (KHTML, like Gecko) Chrome/28.0.1500.95 Safari/537.36"
69.207.57.1 - - [13/Aug/2013:19:48:14 -0400] "GET /assets/images/btn_resources.jpg HTTP/1.1" 200 2275 "http://www.huntersraid.org/" "Mozilla/5.0 (Windows NT 6.1; WOW64) AppleWebKit/537.36 (KHTML, like Gecko) Chrome/28.0.1500.95 Safari/537.36"
69.207.57.1 - - [13/Aug/2013:19:48:14 -0400] "GET /assets/images/footer_bg.jpg HTTP/1.1" 200 49277 "http://www.huntersraid.org/" "Mozilla/5.0 (Windows NT 6.1; WOW64) AppleWebKit/537.36 (KHTML, like Gecko) Chrome/28.0.1500.95 Safari/537.36"
69.207.57.1 - - [13/Aug/2013:19:48:14 -0400] "GET /assets/images/logo_bedford.png HTTP/1.1" 200 6195 "http://www.huntersraid.org/" "Mozilla/5.0 (Windows NT 6.1; WOW64) AppleWebKit/537.36 (KHTML, like Gecko) Chrome/28.0.1500.95 Safari/537.36"
69.207.57.1 - - [13/Aug/2013:19:48:14 -0400] "GET /assets/images/logo_lexington.png HTTP/1.1" 200 6943 "http://www.huntersraid.org/" "Mozilla/5.0 (Windows NT 6.1; WOW64) AppleWebKit/537.36 (KHTML, like Gecko) Chrome/28.0.1500.95 Safari/537.36"
69.207.57.1 - - [13/Aug/2013:19:48:14 -0400] "GET /assets/images/logo_cw150.png HTTP/1.1" 200 13351 "http://www.huntersraid.org/" "Mozilla/5.0 (Windows NT 6.1; WOW64) AppleWebKit/537.36 (KHTML, like Gecko) Chrome/28.0.1500.95 Safari/537.36"
69.207.57.1 - - [13/Aug/2013:19:48:14 -0400] "GET /assets/images/btn_request_info.png HTTP/1.1" 200 7951 "http://www.huntersraid.org/" "Mozilla/5.0 (Windows NT 6.1; WOW64) AppleWebKit/537.36 (KHTML, like Gecko) Chrome/28.0.1500.95 Safari/537.36"
69.207.57.1 - - [13/Aug/2013:19:48:14 -0400] "GET /assets/images/btn_story-over.jpg HTTP/1.1" 200 2834 "http://www.huntersraid.org/" "Mozilla/5.0 (Windows NT 6.1; WOW64) AppleWebKit/537.36 (KHTML, like Gecko) Chrome/28.0.1500.95 Safari/537.36"
69.207.57.1 - - [13/Aug/2013:19:48:14 -0400] "GET /assets/images/btn_resources-over.jpg HTTP/1.1" 200 3298 "http://www.huntersraid.org/" "Mozilla/5.0 (Windows NT 6.1; WOW64) AppleWebKit/537.36 (KHTML, like Gecko) Chrome/28.0.1500.95 Safari/537.36"
69.207.57.1 - - [13/Aug/2013:19:48:15 -0400] "GET /favicon.ico HTTP/1.1" 404 575 "-" "Mozilla/5.0 (Windows NT 6.1; WOW64) AppleWebKit/537.36 (KHTML, like Gecko) Chrome/28.0.1500.95 Safari/537.36"
193.106.136.58 - - [13/Aug/2013:12:41:03 -0400] "GET / HTTP/1.1" 200 10872 "http://www.polimin.ru/" "Mozilla/4.0 (compatible; MSIE 6.0; Windows NT 5.1; SV1; .NET CLR 1.1.4322; XMPP Tiscali Communicator v.10.0.2; .NET CLR 2.0.50727)"
216.36.11.165 - - [13/Aug/2013:17:39:17 -0400] "GET /story.html HTTP/1.1" 200 14678 "-" "Mozilla/5.0 (Windows NT 6.1) AppleWebKit/537.36 (KHTML, like Gecko) Chrome/28.0.1500.95 Safari/537.36"
216.36.11.165 - - [13/Aug/2013:17:39:17 -0400] "GET /assets/styles/styles.css HTTP/1.1" 200 4633 "http://www.huntersraid.org/story.html" "Mozilla/5.0 (Windows NT 6.1) AppleWebKit/537.36 (KHTML, like Gecko) Chrome/28.0.1500.95 Safari/537.36"
216.36.11.165 - - [13/Aug/2013:17:39:18 -0400] "GET /assets/images/shadow_top.jpg HTTP/1.1" 200 1496 "http://www.huntersraid.org/story.html" "Mozilla/5.0 (Windows NT 6.1) AppleWebKit/537.36 (KHTML, like Gecko) Chrome/28.0.1500.95 Safari/537.36"
216.36.11.165 - - [13/Aug/2013:17:39:18 -0400] "GET /assets/images/btn_map.jpg HTTP/1.1" 200 1756 "http://www.huntersraid.org/story.html" "Mozilla/5.0 (Windows NT 6.1) AppleWebKit/537.36 (KHTML, like Gecko) Chrome/28.0.1500.95 Safari/537.36"
216.36.11.165 - - [13/Aug/2013:17:39:18 -0400] "GET /assets/images/slideshow4.jpg HTTP/1.1" 200 35694 "http://www.huntersraid.org/story.html" "Mozilla/5.0 (Windows NT 6.1) AppleWebKit/537.36 (KHTML, like Gecko) Chrome/28.0.1500.95 Safari/537.36"
216.36.11.165 - - [13/Aug/2013:17:39:18 -0400] "GET /assets/images/footer_bg.jpg HTTP/1.1" 200 49277 "http://www.huntersraid.org/story.html" "Mozilla/5.0 (Windows NT 6.1) AppleWebKit/537.36 (KHTML, like Gecko) Chrome/28.0.1500.95 Safari/537.36"
216.36.11.165 - - [13/Aug/2013:17:39:18 -0400] "GET /assets/images/logo_vifl.png HTTP/1.1" 200 6305 "http://www.huntersraid.org/story.html" "Mozilla/5.0 (Windows NT 6.1) AppleWebKit/537.36 (KHTML, like Gecko) Chrome/28.0.1500.95 Safari/537.36"
216.36.11.165 - - [13/Aug/2013:17:39:19 -0400] "GET /assets/images/btn_resources-over.jpg HTTP/1.1" 200 3298 "http://www.huntersraid.org/story.html" "Mozilla/5.0 (Windows NT 6.1) AppleWebKit/537.36 (KHTML, like Gecko) Chrome/28.0.1500.95 Safari/537.36"
184.63.202.47 - - [13/Aug/2013:22:04:15 -0400] "GET /assets/images/slideshow4.jpg HTTP/1.1" 200 35694 "http://www.huntersraid.org/" "Mozilla/5.0 (Linux; U; Android 4.0.3; en-us; Transformer TF101 Build/IML74K) AppleWebKit/534.30 (KHTML, like Gecko) Version/4.0 Safari/534.30"
184.63.202.47 - - [13/Aug/2013:22:04:19 -0400] "GET /assets/images/footer_bg.jpg HTTP/1.1" 200 49277 "http://www.huntersraid.org/" "Mozilla/5.0 (Linux; U; Android 4.0.3; en-us; Transformer TF101 Build/IML74K) AppleWebKit/534.30 (KHTML, like Gecko) Version/4.0 Safari/534.30"
98.204.89.34 - - [13/Aug/2013:23:46:31 -0400] "GET /assets/images/slideshow4.jpg HTTP/1.1" 200 35694 "http://www.huntersraid.org/" "Mozilla/5.0 (Windows NT 6.1; WOW64) AppleWebKit/537.36 (KHTML, like Gecko) Chrome/28.0.1500.95 Safari/537.36"
98.204.89.34 - - [13/Aug/2013:23:46:31 -0400] "GET /assets/images/content_bg_home.jpg HTTP/1.1" 200 57353 "http://www.huntersraid.org/" "Mozilla/5.0 (Windows NT 6.1; WOW64) AppleWebKit/537.36 (KHTML, like Gecko) Chrome/28.0.1500.95 Safari/537.36"
98.204.89.34 - - [13/Aug/2013:23:46:32 -0400] "GET /assets/images/logo_rvcvb.png HTTP/1.1" 200 7481 "http://www.huntersraid.org/" "Mozilla/5.0 (Windows NT 6.1; WOW64) AppleWebKit/537.36 (KHTML, like Gecko) Chrome/28.0.1500.95 Safari/537.36"
98.204.89.34 - - [13/Aug/2013:23:46:32 -0400] "GET /assets/images/shadow_right.jpg HTTP/1.1" 200 3979 "http://www.huntersraid.org/" "Mozilla/5.0 (Windows NT 6.1; WOW64) AppleWebKit/537.36 (KHTML, like Gecko) Chrome/28.0.1500.95 Safari/537.36"
98.204.89.34 - - [13/Aug/2013:23:46:32 -0400] "GET /assets/images/btn_story-over.jpg HTTP/1.1" 200 2834 "http://www.huntersraid.org/" "Mozilla/5.0 (Windows NT 6.1; WOW64) AppleWebKit/537.36 (KHTML, like Gecko) Chrome/28.0.1500.95 Safari/537.36"
216.36.11.165 - - [13/Aug/2013:17:44:06 -0400] "GET /assets/images/shadow_right_center_v.png HTTP/1.1" 200 191 "http://www.huntersraid.org/resources.html" "Mozilla/5.0 (Windows NT 6.1) AppleWebKit/537.36 (KHTML, like Gecko) Chrome/28.0.1500.95 Safari/537.36"
91.207.9.226 - - [13/Aug/2013:12:42:57 -0400] "GET / HTTP/1.1" 200 10872 "http://dt93.ru/" "Mozilla/4.0 (compatible; MSIE 6.0; Windows NT 5.1; TheFreeDictionary.com; .NET CLR 1.1.4322; .NET CLR 1.0.3705; .NET CLR 2.0.50727)"
157.56.93.96 - - [13/Aug/2013:13:34:43 -0400] "GET /visiting.html HTTP/1.1" 200 30487 "-" "Mozilla/5.0 (compatible; bingbot/2.0; +http://www.bing.com/bingbot.htm)"
23.23.25.240 - - [13/Aug/2013:18:09:19 -0400] "GET /apple-touch-icon.png HTTP/1.1" 404 575 "-" "Pinterest/0.1 +http://pinterest.com/"
24.57.69.94 - - [13/Aug/2013:19:08:58 -0400] "GET /assets/images/avenel.jpg HTTP/1.1" 200 10971 "http://www.huntersraid.org/visiting.html" "Mozilla/5.0 (Windows NT 6.2; WOW64; rv:22.0) Gecko/20100101 Firefox/22.0"
24.57.69.94 - - [13/Aug/2013:19:08:58 -0400] "GET /assets/images/the_natural_bridge.jpg HTTP/1.1" 200 12327 "http://www.huntersraid.org/visiting.html" "Mozilla/5.0 (Windows NT 6.2; WOW64; rv:22.0) Gecko/20100101 Firefox/22.0"
24.57.69.94 - - [13/Aug/2013:19:08:58 -0400] "GET /assets/images/chaplain_museum.jpg HTTP/1.1" 200 9740 "http://www.huntersraid.org/visiting.html" "Mozilla/5.0 (Windows NT 6.2; WOW64; rv:22.0) Gecko/20100101 Firefox/22.0"
216.36.11.165 - - [13/Aug/2013:17:39:18 -0400] "GET /assets/images/btn_request_info.png HTTP/1.1" 200 7951 "http://www.huntersraid.org/story.html" "Mozilla/5.0 (Windows NT 6.1) AppleWebKit/537.36 (KHTML, like Gecko) Chrome/28.0.1500.95 Safari/537.36"
216.36.11.165 - - [13/Aug/2013:17:39:18 -0400] "GET /assets/images/slideshow2.jpg HTTP/1.1" 200 39390 "http://www.huntersraid.org/story.html" "Mozilla/5.0 (Windows NT 6.1) AppleWebKit/537.36 (KHTML, like Gecko) Chrome/28.0.1500.95 Safari/537.36"
216.36.11.165 - - [13/Aug/2013:17:39:18 -0400] "GET /assets/images/nav_bg.jpg HTTP/1.1" 200 2144 "http://www.huntersraid.org/story.html" "Mozilla/5.0 (Windows NT 6.1) AppleWebKit/537.36 (KHTML, like Gecko) Chrome/28.0.1500.95 Safari/537.36"
216.36.11.165 - - [13/Aug/2013:17:39:18 -0400] "GET /assets/images/early.png HTTP/1.1" 200 22157 "http://www.huntersraid.org/story.html" "Mozilla/5.0 (Windows NT 6.1) AppleWebKit/537.36 (KHTML, like Gecko) Chrome/28.0.1500.95 Safari/537.36"
216.36.11.165 - - [13/Aug/2013:17:39:18 -0400] "GET /assets/images/logo_lexington.png HTTP/1.1" 200 6943 "http://www.huntersraid.org/story.html" "Mozilla/5.0 (Windows NT 6.1) AppleWebKit/537.36 (KHTML, like Gecko) Chrome/28.0.1500.95 Safari/537.36"
216.36.11.165 - - [13/Aug/2013:17:39:18 -0400] "GET /assets/images/logo_staunton.png HTTP/1.1" 200 4198 "http://www.huntersraid.org/story.html" "Mozilla/5.0 (Windows NT 6.1) AppleWebKit/537.36 (KHTML, like Gecko) Chrome/28.0.1500.95 Safari/537.36"
216.36.11.165 - - [13/Aug/2013:17:39:18 -0400] "GET /assets/images/shadow_btm_v.png HTTP/1.1" 200 22468 "http://www.huntersraid.org/story.html" "Mozilla/5.0 (Windows NT 6.1) AppleWebKit/537.36 (KHTML, like Gecko) Chrome/28.0.1500.95 Safari/537.36"
216.36.11.165 - - [13/Aug/2013:17:39:19 -0400] "GET /assets/images/btn_story-over.jpg HTTP/1.1" 200 2834 "http://www.huntersraid.org/story.html" "Mozilla/5.0 (Windows NT 6.1) AppleWebKit/537.36 (KHTML, like Gecko) Chrome/28.0.1500.95 Safari/537.36"
216.36.11.165 - - [13/Aug/2013:17:42:43 -0400] "GET /assets/images/shadow_btm.jpg HTTP/1.1" 200 13552 "http://www.huntersraid.org/" "Mozilla/5.0 (Windows NT 6.1) AppleWebKit/537.36 (KHTML, like Gecko) Chrome/28.0.1500.95 Safari/537.36"
216.36.11.165 - - [13/Aug/2013:17:44:41 -0400] "GET /favicon.ico HTTP/1.1" 404 575 "-" "Mozilla/5.0 (Windows NT 6.1) AppleWebKit/537.36 (KHTML, like Gecko) Chrome/28.0.1500.95 Safari/537.36"
216.36.11.165 - - [13/Aug/2013:17:44:42 -0400] "GET /favicon.ico HTTP/1.1" 404 575 "-" "Mozilla/5.0 (Windows NT 6.1) AppleWebKit/537.36 (KHTML, like Gecko) Chrome/28.0.1500.95 Safari/537.36"
216.36.11.165 - - [13/Aug/2013:17:44:43 -0400] "GET /favicon.ico HTTP/1.1" 404 575 "-" "Mozilla/5.0 (Windows NT 6.1) AppleWebKit/537.36 (KHTML, like Gecko) Chrome/28.0.1500.95 Safari/537.36"
46.118.126.194 - - [13/Aug/2013:19:09:17 -0400] "GET / HTTP/1.1" 200 10872 "http://namobilu.com/" "Mozilla/4.0 (compatible; MSIE 6.0; AOL 9.0; Windows NT 5.1)"
166.137.209.155 - - [13/Aug/2013:19:32:48 -0400] "GET / HTTP/1.1" 200 10872 "http://www.google.com/search?q=hunter's+raid+movie&ie=UTF-8&oe=UTF-8&hl=en&client=safari" "Mozilla/5.0 (iPhone; CPU iPhone OS 5_0 like Mac OS X) AppleWebKit/534.46 (KHTML, like Gecko) Version/5.1 Mobile/9A334 Safari/7534.48.3"
166.137.209.155 - - [13/Aug/2013:19:32:49 -0400] "GET /assets/styles/styles.css HTTP/1.1" 200 4633 "http://www.huntersraid.org/" "Mozilla/5.0 (iPhone; CPU iPhone OS 5_0 like Mac OS X) AppleWebKit/534.46 (KHTML, like Gecko) Version/5.1 Mobile/9A334 Safari/7534.48.3"
166.137.209.155 - - [13/Aug/2013:19:32:50 -0400] "GET /assets/images/shadow_top.jpg HTTP/1.1" 200 1496 "http://www.huntersraid.org/" "Mozilla/5.0 (iPhone; CPU iPhone OS 5_0 like Mac OS X) AppleWebKit/534.46 (KHTML, like Gecko) Version/5.1 Mobile/9A334 Safari/7534.48.3"
166.137.209.155 - - [13/Aug/2013:19:32:50 -0400] "GET /assets/images/shadow_left.jpg HTTP/1.1" 200 3689 "http://www.huntersraid.org/" "Mozilla/5.0 (iPhone; CPU iPhone OS 5_0 like Mac OS X) AppleWebKit/534.46 (KHTML, like Gecko) Version/5.1 Mobile/9A334 Safari/7534.48.3"
166.137.209.155 - - [13/Aug/2013:19:32:50 -0400] "GET /assets/images/btn_map.jpg HTTP/1.1" 200 1756 "http://www.huntersraid.org/" "Mozilla/5.0 (iPhone; CPU iPhone OS 5_0 like Mac OS X) AppleWebKit/534.46 (KHTML, like Gecko) Version/5.1 Mobile/9A334 Safari/7534.48.3"
166.137.209.155 - - [13/Aug/2013:19:32:50 -0400] "GET /assets/images/btn_resources.jpg HTTP/1.1" 200 2275 "http://www.huntersraid.org/" "Mozilla/5.0 (iPhone; CPU iPhone OS 5_0 like Mac OS X) AppleWebKit/534.46 (KHTML, like Gecko) Version/5.1 Mobile/9A334 Safari/7534.48.3"
166.137.209.155 - - [13/Aug/2013:19:32:51 -0400] "GET /assets/images/slideshow1.jpg HTTP/1.1" 200 43851 "http://www.huntersraid.org/" "Mozilla/5.0 (iPhone; CPU iPhone OS 5_0 like Mac OS X) AppleWebKit/534.46 (KHTML, like Gecko) Version/5.1 Mobile/9A334 Safari/7534.48.3"
166.137.209.155 - - [13/Aug/2013:19:32:51 -0400] "GET /assets/images/headline_home.jpg HTTP/1.1" 200 14056 "http://www.huntersraid.org/" "Mozilla/5.0 (iPhone; CPU iPhone OS 5_0 like Mac OS X) AppleWebKit/534.46 (KHTML, like Gecko) Version/5.1 Mobile/9A334 Safari/7534.48.3"
166.137.209.155 - - [13/Aug/2013:19:32:51 -0400] "GET /assets/images/logo_bedford.png HTTP/1.1" 200 6195 "http://www.huntersraid.org/" "Mozilla/5.0 (iPhone; CPU iPhone OS 5_0 like Mac OS X) AppleWebKit/534.46 (KHTML, like Gecko) Version/5.1 Mobile/9A334 Safari/7534.48.3"
166.137.209.155 - - [13/Aug/2013:19:32:51 -0400] "GET /assets/images/logo_botco.png HTTP/1.1" 200 5361 "http://www.huntersraid.org/" "Mozilla/5.0 (iPhone; CPU iPhone OS 5_0 like Mac OS X) AppleWebKit/534.46 (KHTML, like Gecko) Version/5.1 Mobile/9A334 Safari/7534.48.3"
166.137.209.155 - - [13/Aug/2013:19:32:52 -0400] "GET /assets/images/hr_logo.gif HTTP/1.1" 200 6378 "http://www.huntersraid.org/" "Mozilla/5.0 (iPhone; CPU iPhone OS 5_0 like Mac OS X) AppleWebKit/534.46 (KHTML, like Gecko) Version/5.1 Mobile/9A334 Safari/7534.48.3"
166.137.209.155 - - [13/Aug/2013:19:32:52 -0400] "GET /assets/images/logo_lexington.png HTTP/1.1" 200 6943 "http://www.huntersraid.org/" "Mozilla/5.0 (iPhone; CPU iPhone OS 5_0 like Mac OS X) AppleWebKit/534.46 (KHTML, like Gecko) Version/5.1 Mobile/9A334 Safari/7534.48.3"
166.137.209.155 - - [13/Aug/2013:19:32:52 -0400] "GET /assets/images/btn_request_info.png HTTP/1.1" 200 7951 "http://www.huntersraid.org/" "Mozilla/5.0 (iPhone; CPU iPhone OS 5_0 like Mac OS X) AppleWebKit/534.46 (KHTML, like Gecko) Version/5.1 Mobile/9A334 Safari/7534.48.3"
166.137.209.155 - - [13/Aug/2013:19:32:52 -0400] "GET /assets/images/logo_lynchburg.png HTTP/1.1" 200 9749 "http://www.huntersraid.org/" "Mozilla/5.0 (iPhone; CPU iPhone OS 5_0 like Mac OS X) AppleWebKit/534.46 (KHTML, like Gecko) Version/5.1 Mobile/9A334 Safari/7534.48.3"
166.137.209.155 - - [13/Aug/2013:19:32:52 -0400] "GET /assets/images/logo_rvcvb.png HTTP/1.1" 200 7481 "http://www.huntersraid.org/" "Mozilla/5.0 (iPhone; CPU iPhone OS 5_0 like Mac OS X) AppleWebKit/534.46 (KHTML, like Gecko) Version/5.1 Mobile/9A334 Safari/7534.48.3"
166.137.209.155 - - [13/Aug/2013:19:32:52 -0400] "GET /assets/images/logo_staunton.png HTTP/1.1" 200 4198 "http://www.huntersraid.org/" "Mozilla/5.0 (iPhone; CPU iPhone OS 5_0 like Mac OS X) AppleWebKit/534.46 (KHTML, like Gecko) Version/5.1 Mobile/9A334 Safari/7534.48.3"
166.137.209.155 - - [13/Aug/2013:19:32:52 -0400] "GET /assets/images/logo_vifl.png HTTP/1.1" 200 6305 "http://www.huntersraid.org/" "Mozilla/5.0 (iPhone; CPU iPhone OS 5_0 like Mac OS X) AppleWebKit/534.46 (KHTML, like Gecko) Version/5.1 Mobile/9A334 Safari/7534.48.3"
166.137.209.155 - - [13/Aug/2013:19:32:53 -0400] "GET /assets/images/logo_cw150.png HTTP/1.1" 200 13351 "http://www.huntersraid.org/" "Mozilla/5.0 (iPhone; CPU iPhone OS 5_0 like Mac OS X) AppleWebKit/534.46 (KHTML, like Gecko) Version/5.1 Mobile/9A334 Safari/7534.48.3"
166.137.209.155 - - [13/Aug/2013:19:32:53 -0400] "GET /assets/images/btn_story.jpg HTTP/1.1" 200 1944 "http://www.huntersraid.org/" "Mozilla/5.0 (iPhone; CPU iPhone OS 5_0 like Mac OS X) AppleWebKit/534.46 (KHTML, like Gecko) Version/5.1 Mobile/9A334 Safari/7534.48.3"
166.137.209.155 - - [13/Aug/2013:19:32:53 -0400] "GET /assets/images/shadow_right.jpg HTTP/1.1" 200 3979 "http://www.huntersraid.org/" "Mozilla/5.0 (iPhone; CPU iPhone OS 5_0 like Mac OS X) AppleWebKit/534.46 (KHTML, like Gecko) Version/5.1 Mobile/9A334 Safari/7534.48.3"
166.137.209.155 - - [13/Aug/2013:19:32:53 -0400] "GET /assets/images/shadow_btm.jpg HTTP/1.1" 200 13552 "http://www.huntersraid.org/" "Mozilla/5.0 (iPhone; CPU iPhone OS 5_0 like Mac OS X) AppleWebKit/534.46 (KHTML, like Gecko) Version/5.1 Mobile/9A334 Safari/7534.48.3"
166.137.209.155 - - [13/Aug/2013:19:32:53 -0400] "GET /assets/images/slideshow2.jpg HTTP/1.1" 200 39390 "http://www.huntersraid.org/" "Mozilla/5.0 (iPhone; CPU iPhone OS 5_0 like Mac OS X) AppleWebKit/534.46 (KHTML, like Gecko) Version/5.1 Mobile/9A334 Safari/7534.48.3"
166.137.209.155 - - [13/Aug/2013:19:32:54 -0400] "GET /assets/images/slideshow3.jpg HTTP/1.1" 200 43522 "http://www.huntersraid.org/" "Mozilla/5.0 (iPhone; CPU iPhone OS 5_0 like Mac OS X) AppleWebKit/534.46 (KHTML, like Gecko) Version/5.1 Mobile/9A334 Safari/7534.48.3"
166.137.209.155 - - [13/Aug/2013:19:32:54 -0400] "GET /assets/images/slideshow4.jpg HTTP/1.1" 200 35694 "http://www.huntersraid.org/" "Mozilla/5.0 (iPhone; CPU iPhone OS 5_0 like Mac OS X) AppleWebKit/534.46 (KHTML, like Gecko) Version/5.1 Mobile/9A334 Safari/7534.48.3"
166.137.209.155 - - [13/Aug/2013:19:32:54 -0400] "GET /assets/images/site_bg.jpg HTTP/1.1" 200 659 "http://www.huntersraid.org/" "Mozilla/5.0 (iPhone; CPU iPhone OS 5_0 like Mac OS X) AppleWebKit/534.46 (KHTML, like Gecko) Version/5.1 Mobile/9A334 Safari/7534.48.3"
184.63.202.47 - - [13/Aug/2013:22:04:14 -0400] "GET /assets/images/shadow_left.jpg HTTP/1.1" 200 3689 "http://www.huntersraid.org/" "Mozilla/5.0 (Linux; U; Android 4.0.3; en-us; Transformer TF101 Build/IML74K) AppleWebKit/534.30 (KHTML, like Gecko) Version/4.0 Safari/534.30"
83.149.126.98 - - [13/Aug/2013:04:57:35 -0400] "GET /robots.txt HTTP/1.0" 404 575 "-" "Mozilla/5.0 (compatible; MJ12bot/v1.4.3; http://www.majestic12.co.uk/bot.php?+)"
178.137.128.238 - - [13/Aug/2013:11:41:12 -0400] "GET / HTTP/1.1" 200 10872 "http://sivs.ru/" "Mozilla/4.0 (compatible; MSIE 6.0; MSIE 5.5; Windows NT 5.0) Opera 7.02 Bork-edition [en]"
216.36.11.165 - - [13/Aug/2013:17:42:42 -0400] "GET / HTTP/1.1" 200 10872 "https://www.google.com/" "Mozilla/5.0 (Windows NT 6.1) AppleWebKit/537.36 (KHTML, like Gecko) Chrome/28.0.1500.95 Safari/537.36"
216.36.11.165 - - [13/Aug/2013:17:42:42 -0400] "GET /assets/images/btn_story.jpg HTTP/1.1" 200 1944 "http://www.huntersraid.org/" "Mozilla/5.0 (Windows NT 6.1) AppleWebKit/537.36 (KHTML, like Gecko) Chrome/28.0.1500.95 Safari/537.36"
216.36.11.165 - - [13/Aug/2013:17:43:37 -0400] "GET /favicon.ico HTTP/1.1" 404 575 "-" "Mozilla/5.0 (Windows NT 6.1) AppleWebKit/537.36 (KHTML, like Gecko) Chrome/28.0.1500.95 Safari/537.36"
216.36.11.165 - - [13/Aug/2013:17:43:37 -0400] "GET /favicon.ico HTTP/1.1" 404 575 "-" "Mozilla/5.0 (Windows NT 6.1) AppleWebKit/537.36 (KHTML, like Gecko) Chrome/28.0.1500.95 Safari/537.36"
166.137.209.155 - - [13/Aug/2013:19:32:53 -0400] "GET /assets/images/btn_visiting.jpg HTTP/1.1" 200 1914 "http://www.huntersraid.org/" "Mozilla/5.0 (iPhone; CPU iPhone OS 5_0 like Mac OS X) AppleWebKit/534.46 (KHTML, like Gecko) Version/5.1 Mobile/9A334 Safari/7534.48.3"
166.137.209.155 - - [13/Aug/2013:19:32:56 -0400] "GET /assets/images/header_bg.jpg HTTP/1.1" 200 42124 "http://www.huntersraid.org/" "Mozilla/5.0 (iPhone; CPU iPhone OS 5_0 like Mac OS X) AppleWebKit/534.46 (KHTML, like Gecko) Version/5.1 Mobile/9A334 Safari/7534.48.3"
166.137.209.155 - - [13/Aug/2013:19:32:57 -0400] "GET /assets/images/content_bg_home.jpg HTTP/1.1" 200 57353 "http://www.huntersraid.org/" "Mozilla/5.0 (iPhone; CPU iPhone OS 5_0 like Mac OS X) AppleWebKit/534.46 (KHTML, like Gecko) Version/5.1 Mobile/9A334 Safari/7534.48.3"
166.137.209.155 - - [13/Aug/2013:19:33:03 -0400] "GET /assets/images/nav_bg.jpg HTTP/1.1" 200 2144 "http://www.huntersraid.org/" "Mozilla/5.0 (iPhone; CPU iPhone OS 5_0 like Mac OS X) AppleWebKit/534.46 (KHTML, like Gecko) Version/5.1 Mobile/9A334 Safari/7534.48.3"
166.137.209.155 - - [13/Aug/2013:19:33:03 -0400] "GET /assets/images/footer_bg.jpg HTTP/1.1" 200 49277 "http://www.huntersraid.org/" "Mozilla/5.0 (iPhone; CPU iPhone OS 5_0 like Mac OS X) AppleWebKit/534.46 (KHTML, like Gecko) Version/5.1 Mobile/9A334 Safari/7534.48.3"
166.137.209.155 - - [13/Aug/2013:19:33:04 -0400] "GET /assets/images/logo_lexington.png HTTP/1.1" 200 6943 "http://www.huntersraid.org/" "Mozilla/5.0 (iPhone; CPU iPhone OS 5_0 like Mac OS X) AppleWebKit/534.46 (KHTML, like Gecko) Version/5.1 Mobile/9A334 Safari/7534.48.3"
166.137.209.155 - - [13/Aug/2013:19:33:05 -0400] "GET /assets/images/logo_lynchburg.png HTTP/1.1" 200 9749 "http://www.huntersraid.org/" "Mozilla/5.0 (iPhone; CPU iPhone OS 5_0 like Mac OS X) AppleWebKit/534.46 (KHTML, like Gecko) Version/5.1 Mobile/9A334 Safari/7534.48.3"
166.137.209.155 - - [13/Aug/2013:19:33:07 -0400] "GET /assets/images/logo_rvcvb.png HTTP/1.1" 200 7481 "http://www.huntersraid.org/" "Mozilla/5.0 (iPhone; CPU iPhone OS 5_0 like Mac OS X) AppleWebKit/534.46 (KHTML, like Gecko) Version/5.1 Mobile/9A334 Safari/7534.48.3"
166.137.209.155 - - [13/Aug/2013:19:33:07 -0400] "GET /assets/images/logo_staunton.png HTTP/1.1" 200 4198 "http://www.huntersraid.org/" "Mozilla/5.0 (iPhone; CPU iPhone OS 5_0 like Mac OS X) AppleWebKit/534.46 (KHTML, like Gecko) Version/5.1 Mobile/9A334 Safari/7534.48.3"
166.137.209.155 - - [13/Aug/2013:19:33:07 -0400] "GET /assets/images/logo_vifl.png HTTP/1.1" 200 6305 "http://www.huntersraid.org/" "Mozilla/5.0 (iPhone; CPU iPhone OS 5_0 like Mac OS X) AppleWebKit/534.46 (KHTML, like Gecko) Version/5.1 Mobile/9A334 Safari/7534.48.3"
166.137.209.155 - - [13/Aug/2013:19:33:08 -0400] "GET /assets/images/logo_cw150.png HTTP/1.1" 200 13351 "http://www.huntersraid.org/" "Mozilla/5.0 (iPhone; CPU iPhone OS 5_0 like Mac OS X) AppleWebKit/534.46 (KHTML, like Gecko) Version/5.1 Mobile/9A334 Safari/7534.48.3"
166.137.209.155 - - [13/Aug/2013:19:33:08 -0400] "GET /assets/images/shadow_btm.jpg HTTP/1.1" 200 13552 "http://www.huntersraid.org/" "Mozilla/5.0 (iPhone; CPU iPhone OS 5_0 like Mac OS X) AppleWebKit/534.46 (KHTML, like Gecko) Version/5.1 Mobile/9A334 Safari/7534.48.3"
166.137.209.155 - - [13/Aug/2013:19:33:09 -0400] "GET /assets/images/slideshow2.jpg HTTP/1.1" 200 39390 "http://www.huntersraid.org/" "Mozilla/5.0 (iPhone; CPU iPhone OS 5_0 like Mac OS X) AppleWebKit/534.46 (KHTML, like Gecko) Version/5.1 Mobile/9A334 Safari/7534.48.3"
166.137.209.155 - - [13/Aug/2013:19:33:10 -0400] "GET /assets/images/site_bg.jpg HTTP/1.1" 200 659 "http://www.huntersraid.org/" "Mozilla/5.0 (iPhone; CPU iPhone OS 5_0 like Mac OS X) AppleWebKit/534.46 (KHTML, like Gecko) Version/5.1 Mobile/9A334 Safari/7534.48.3"
166.137.209.155 - - [13/Aug/2013:19:33:10 -0400] "GET /assets/images/content_bg_home.jpg HTTP/1.1" 200 57353 "http://www.huntersraid.org/" "Mozilla/5.0 (iPhone; CPU iPhone OS 5_0 like Mac OS X) AppleWebKit/534.46 (KHTML, like Gecko) Version/5.1 Mobile/9A334 Safari/7534.48.3"
166.137.209.155 - - [13/Aug/2013:19:33:10 -0400] "GET /assets/images/slideshow3.jpg HTTP/1.1" 200 43522 "http://www.huntersraid.org/" "Mozilla/5.0 (iPhone; CPU iPhone OS 5_0 like Mac OS X) AppleWebKit/534.46 (KHTML, like Gecko) Version/5.1 Mobile/9A334 Safari/7534.48.3"
69.207.57.1 - - [13/Aug/2013:19:48:45 -0400] "GET /assets/images/btn_visiting-on.jpg HTTP/1.1" 200 2375 "http://www.huntersraid.org/visiting.html" "Mozilla/5.0 (Windows NT 6.1; WOW64) AppleWebKit/537.36 (KHTML, like Gecko) Chrome/28.0.1500.95 Safari/537.36"
69.207.57.1 - - [13/Aug/2013:19:48:45 -0400] "GET /assets/images/bedford_museum.jpg HTTP/1.1" 200 72097 "http://www.huntersraid.org/visiting.html" "Mozilla/5.0 (Windows NT 6.1; WOW64) AppleWebKit/537.36 (KHTML, like Gecko) Chrome/28.0.1500.95 Safari/537.36"
69.207.57.1 - - [13/Aug/2013:19:48:46 -0400] "GET /assets/images/history_museum.jpg HTTP/1.1" 200 12823 "http://www.huntersraid.org/visiting.html" "Mozilla/5.0 (Windows NT 6.1; WOW64) AppleWebKit/537.36 (KHTML, like Gecko) Chrome/28.0.1500.95 Safari/537.36"
69.207.57.1 - - [13/Aug/2013:19:48:46 -0400] "GET /assets/images/gypsy_park.jpg HTTP/1.1" 200 13049 "http://www.huntersraid.org/visiting.html" "Mozilla/5.0 (Windows NT 6.1; WOW64) AppleWebKit/537.36 (KHTML, like Gecko) Chrome/28.0.1500.95 Safari/537.36"
184.63.202.47 - - [13/Aug/2013:22:04:14 -0400] "GET /assets/images/logo_vifl.png HTTP/1.1" 200 6305 "http://www.huntersraid.org/" "Mozilla/5.0 (Linux; U; Android 4.0.3; en-us; Transformer TF101 Build/IML74K) AppleWebKit/534.30 (KHTML, like Gecko) Version/4.0 Safari/534.30"
98.204.89.34 - - [13/Aug/2013:23:46:31 -0400] "GET /assets/images/shadow_top.jpg HTTP/1.1" 200 1496 "http://www.huntersraid.org/" "Mozilla/5.0 (Windows NT 6.1; WOW64) AppleWebKit/537.36 (KHTML, like Gecko) Chrome/28.0.1500.95 Safari/537.36"
98.204.89.34 - - [13/Aug/2013:23:46:31 -0400] "GET /assets/images/site_bg.jpg HTTP/1.1" 200 659 "http://www.huntersraid.org/" "Mozilla/5.0 (Windows NT 6.1; WOW64) AppleWebKit/537.36 (KHTML, like Gecko) Chrome/28.0.1500.95 Safari/537.36"
98.204.89.34 - - [13/Aug/2013:23:46:31 -0400] "GET /assets/images/nav_bg.jpg HTTP/1.1" 200 2144 "http://www.huntersraid.org/" "Mozilla/5.0 (Windows NT 6.1; WOW64) AppleWebKit/537.36 (KHTML, like Gecko) Chrome/28.0.1500.95 Safari/537.36"
98.204.89.34 - - [13/Aug/2013:23:46:31 -0400] "GET /assets/images/btn_resources.jpg HTTP/1.1" 200 2275 "http://www.huntersraid.org/" "Mozilla/5.0 (Windows NT 6.1; WOW64) AppleWebKit/537.36 (KHTML, like Gecko) Chrome/28.0.1500.95 Safari/537.36"
98.204.89.34 - - [13/Aug/2013:23:46:31 -0400] "GET /assets/images/logo_bedford.png HTTP/1.1" 200 6195 "http://www.huntersraid.org/" "Mozilla/5.0 (Windows NT 6.1; WOW64) AppleWebKit/537.36 (KHTML, like Gecko) Chrome/28.0.1500.95 Safari/537.36"
98.204.89.34 - - [13/Aug/2013:23:46:32 -0400] "GET /assets/images/logo_staunton.png HTTP/1.1" 200 4198 "http://www.huntersraid.org/" "Mozilla/5.0 (Windows NT 6.1; WOW64) AppleWebKit/537.36 (KHTML, like Gecko) Chrome/28.0.1500.95 Safari/537.36"
173.199.120.59 - - [13/Aug/2013:03:40:54 -0400] "GET /resources.html HTTP/1.1" 200 11953 "-" "Mozilla/5.0 (compatible; AhrefsBot/4.0; +http://ahrefs.com/robot/)"
93.109.80.100 - - [13/Aug/2013:18:22:22 -0400] "GET /assets/images/slideshow2.jpg HTTP/1.1" 200 39390 "http://www.huntersraid.org/" "Mozilla/5.0 (Windows NT 6.1; WOW64) AppleWebKit/537.36 (KHTML, like Gecko) Chrome/28.0.1500.95 Safari/537.36"
93.109.80.100 - - [13/Aug/2013:18:22:22 -0400] "GET /assets/images/headline_home.jpg HTTP/1.1" 200 14056 "http://www.huntersraid.org/" "Mozilla/5.0 (Windows NT 6.1; WOW64) AppleWebKit/537.36 (KHTML, like Gecko) Chrome/28.0.1500.95 Safari/537.36"
93.109.80.100 - - [13/Aug/2013:18:22:23 -0400] "GET /assets/images/logo_botco.png HTTP/1.1" 200 5361 "http://www.huntersraid.org/" "Mozilla/5.0 (Windows NT 6.1; WOW64) AppleWebKit/537.36 (KHTML, like Gecko) Chrome/28.0.1500.95 Safari/537.36"
93.109.80.100 - - [13/Aug/2013:18:22:23 -0400] "GET /assets/images/logo_staunton.png HTTP/1.1" 200 4198 "http://www.huntersraid.org/" "Mozilla/5.0 (Windows NT 6.1; WOW64) AppleWebKit/537.36 (KHTML, like Gecko) Chrome/28.0.1500.95 Safari/537.36"
93.109.80.100 - - [13/Aug/2013:18:22:23 -0400] "GET /assets/images/shadow_btm.jpg HTTP/1.1" 200 13552 "http://www.huntersraid.org/" "Mozilla/5.0 (Windows NT 6.1; WOW64) AppleWebKit/537.36 (KHTML, like Gecko) Chrome/28.0.1500.95 Safari/537.36"
24.57.69.94 - - [13/Aug/2013:19:08:36 -0400] "GET /assets/images/shadow_top.jpg HTTP/1.1" 200 1496 "http://www.huntersraid.org/" "Mozilla/5.0 (Windows NT 6.2; WOW64; rv:22.0) Gecko/20100101 Firefox/22.0"
24.57.69.94 - - [13/Aug/2013:19:08:36 -0400] "GET /assets/images/shadow_left.jpg HTTP/1.1" 200 3689 "http://www.huntersraid.org/" "Mozilla/5.0 (Windows NT 6.2; WOW64; rv:22.0) Gecko/20100101 Firefox/22.0"
24.57.69.94 - - [13/Aug/2013:19:08:36 -0400] "GET /assets/images/btn_resources.jpg HTTP/1.1" 200 2275 "http://www.huntersraid.org/" "Mozilla/5.0 (Windows NT 6.2; WOW64; rv:22.0) Gecko/20100101 Firefox/22.0"
24.57.69.94 - - [13/Aug/2013:19:08:37 -0400] "GET /assets/images/logo_cw150.png HTTP/1.1" 200 13351 "http://www.huntersraid.org/" "Mozilla/5.0 (Windows NT 6.2; WOW64; rv:22.0) Gecko/20100101 Firefox/22.0"
24.57.69.94 - - [13/Aug/2013:19:08:37 -0400] "GET /assets/images/shadow_right.jpg HTTP/1.1" 200 3979 "http://www.huntersraid.org/" "Mozilla/5.0 (Windows NT 6.2; WOW64; rv:22.0) Gecko/20100101 Firefox/22.0"
24.57.69.94 - - [13/Aug/2013:19:08:38 -0400] "GET /assets/images/slideshow2.jpg HTTP/1.1" 200 39390 "http://www.huntersraid.org/" "Mozilla/5.0 (Windows NT 6.2; WOW64; rv:22.0) Gecko/20100101 Firefox/22.0"
24.57.69.94 - - [13/Aug/2013:19:08:38 -0400] "GET /assets/images/btn_resources-over.jpg HTTP/1.1" 200 3298 "http://www.huntersraid.org/" "Mozilla/5.0 (Windows NT 6.2; WOW64; rv:22.0) Gecko/20100101 Firefox/22.0"
220.181.89.148 - - [13/Aug/2013:20:03:47 -0400] "GET / HTTP/1.1" 304 - "-" "Sogou web spider/4.0(+http://www.sogou.com/docs/help/webmasters.htm#07)"
199.30.16.5 - - [13/Aug/2013:06:58:26 -0400] "GET /images/HuntersRaidMap.jpg HTTP/1.1" 404 575 "-" "msnbot-media/1.1 (+http://search.msn.com/msnbot.htm)"
71.126.182.50 - - [13/Aug/2013:01:11:14 -0400] "HEAD / HTTP/1.1" 200 - "-" "Mozilla/4.0 (compatible; Win32; WinHttp.WinHttpRequest.5)"
180.76.5.158 - - [13/Aug/2013:15:18:51 -0400] "GET /robots.txt HTTP/1.1" 404 575 "-" "Mozilla/5.0 (Windows NT 5.1; rv:6.0.2) Gecko/20100101 Firefox/6.0.2"
93.109.80.100 - - [13/Aug/2013:18:22:21 -0400] "GET / HTTP/1.1" 200 10872 "http://www.google.gr/url?sa=t&rct=j&q=17%20hunter%20hunter%20raid&source=web&cd=3&ved=0CD4QFjAC&url=http%3A%2F%2Fwww.huntersraid.org%2F&ei=mLEKUuC4BJCQhQeq8YD4DA&usg=AFQjCNF4PhsHrkJVQEU-yMbhS8G8Cz14HA&bvm=bv.50500085,d.bGE" "Mozilla/5.0 (Windows NT 6.1; WOW64) AppleWebKit/537.36 (KHTML, like Gecko) Chrome/28.0.1500.95 Safari/537.36"
93.109.80.100 - - [13/Aug/2013:18:22:21 -0400] "GET /assets/images/shadow_left.jpg HTTP/1.1" 200 3689 "http://www.huntersraid.org/" "Mozilla/5.0 (Windows NT 6.1; WOW64) AppleWebKit/537.36 (KHTML, like Gecko) Chrome/28.0.1500.95 Safari/537.36"
93.109.80.100 - - [13/Aug/2013:18:22:22 -0400] "GET /assets/images/slideshow3.jpg HTTP/1.1" 200 43522 "http://www.huntersraid.org/" "Mozilla/5.0 (Windows NT 6.1; WOW64) AppleWebKit/537.36 (KHTML, like Gecko) Chrome/28.0.1500.95 Safari/537.36"
93.109.80.100 - - [13/Aug/2013:18:22:22 -0400] "GET /assets/images/content_bg_home.jpg HTTP/1.1" 200 57353 "http://www.huntersraid.org/" "Mozilla/5.0 (Windows NT 6.1; WOW64) AppleWebKit/537.36 (KHTML, like Gecko) Chrome/28.0.1500.95 Safari/537.36"
93.109.80.100 - - [13/Aug/2013:18:22:23 -0400] "GET /assets/images/logo_lynchburg.png HTTP/1.1" 200 9749 "http://www.huntersraid.org/" "Mozilla/5.0 (Windows NT 6.1; WOW64) AppleWebKit/537.36 (KHTML, like Gecko) Chrome/28.0.1500.95 Safari/537.36"
93.109.80.100 - - [13/Aug/2013:18:22:23 -0400] "GET /assets/images/logo_cw150.png HTTP/1.1" 200 13351 "http://www.huntersraid.org/" "Mozilla/5.0 (Windows NT 6.1; WOW64) AppleWebKit/537.36 (KHTML, like Gecko) Chrome/28.0.1500.95 Safari/537.36"
93.109.80.100 - - [13/Aug/2013:18:22:23 -0400] "GET /assets/images/btn_map.jpg HTTP/1.1" 200 1756 "http://www.huntersraid.org/" "Mozilla/5.0 (Windows NT 6.1; WOW64) AppleWebKit/537.36 (KHTML, like Gecko) Chrome/28.0.1500.95 Safari/537.36"
69.207.57.1 - - [13/Aug/2013:19:48:45 -0400] "GET /assets/images/content_bg_top_v.jpg HTTP/1.1" 200 4566 "http://www.huntersraid.org/visiting.html" "Mozilla/5.0 (Windows NT 6.1; WOW64) AppleWebKit/537.36 (KHTML, like Gecko) Chrome/28.0.1500.95 Safari/537.36"
69.207.57.1 - - [13/Aug/2013:19:48:45 -0400] "GET /assets/images/buchanan_bridge.jpg HTTP/1.1" 200 8963 "http://www.huntersraid.org/visiting.html" "Mozilla/5.0 (Windows NT 6.1; WOW64) AppleWebKit/537.36 (KHTML, like Gecko) Chrome/28.0.1500.95 Safari/537.36"
69.207.57.1 - - [13/Aug/2013:19:48:45 -0400] "GET /assets/images/stonewall_jackson_cemetery2.jpg HTTP/1.1" 200 39982 "http://www.huntersraid.org/visiting.html" "Mozilla/5.0 (Windows NT 6.1; WOW64) AppleWebKit/537.36 (KHTML, like Gecko) Chrome/28.0.1500.95 Safari/537.36"
69.207.57.1 - - [13/Aug/2013:19:48:46 -0400] "GET /assets/images/cs_pump.jpg HTTP/1.1" 200 13684 "http://www.huntersraid.org/visiting.html" "Mozilla/5.0 (Windows NT 6.1; WOW64) AppleWebKit/537.36 (KHTML, like Gecko) Chrome/28.0.1500.95 Safari/537.36"
69.207.57.1 - - [13/Aug/2013:19:48:46 -0400] "GET /assets/images/sword.png HTTP/1.1" 200 36356 "http://www.huntersraid.org/visiting.html" "Mozilla/5.0 (Windows NT 6.1; WOW64) AppleWebKit/537.36 (KHTML, like Gecko) Chrome/28.0.1500.95 Safari/537.36"
46.229.167.149 - - [13/Aug/2013:20:58:51 -0400] "GET / HTTP/1.1" 200 10872 "-" "Mozilla/5.0 (X11; U; Linux i686; en-GB; rv:2.0) Gecko/20110404 Fedora/16-dev Firefox/4.0"
66.249.72.234 - - [13/Aug/2013:21:10:05 -0400] "GET /assets/images/logo_cw150.png HTTP/1.1" 304 - "-" "Googlebot-Image/1.0"
184.63.202.47 - - [13/Aug/2013:22:04:14 -0400] "GET /assets/images/btn_visiting.jpg HTTP/1.1" 200 1914 "http://www.huntersraid.org/" "Mozilla/5.0 (Linux; U; Android 4.0.3; en-us; Transformer TF101 Build/IML74K) AppleWebKit/534.30 (KHTML, like Gecko) Version/4.0 Safari/534.30"
184.63.202.47 - - [13/Aug/2013:22:04:14 -0400] "GET /assets/images/shadow_right.jpg HTTP/1.1" 200 3979 "http://www.huntersraid.org/" "Mozilla/5.0 (Linux; U; Android 4.0.3; en-us; Transformer TF101 Build/IML74K) AppleWebKit/534.30 (KHTML, like Gecko) Version/4.0 Safari/534.30"
113.142.12.145 - - [13/Aug/2013:12:09:07 -0400] "GET /robots.txt HTTP/1.1" 404 575 "http://www.huntersraid.org/" "Mozilla/5.0 (compatible; MSIE 8.0; Windows NT 6.1)"
216.36.11.165 - - [13/Aug/2013:17:39:18 -0400] "GET /assets/images/hr_logo.gif HTTP/1.1" 200 6378 "http://www.huntersraid.org/story.html" "Mozilla/5.0 (Windows NT 6.1) AppleWebKit/537.36 (KHTML, like Gecko) Chrome/28.0.1500.95 Safari/537.36"
216.36.11.165 - - [13/Aug/2013:17:39:18 -0400] "GET /assets/images/slideshow1.jpg HTTP/1.1" 200 43851 "http://www.huntersraid.org/story.html" "Mozilla/5.0 (Windows NT 6.1) AppleWebKit/537.36 (KHTML, like Gecko) Chrome/28.0.1500.95 Safari/537.36"
216.36.11.165 - - [13/Aug/2013:17:39:18 -0400] "GET /assets/images/story_photo.jpg HTTP/1.1" 200 18037 "http://www.huntersraid.org/story.html" "Mozilla/5.0 (Windows NT 6.1) AppleWebKit/537.36 (KHTML, like Gecko) Chrome/28.0.1500.95 Safari/537.36"
216.36.11.165 - - [13/Aug/2013:17:39:18 -0400] "GET /assets/images/logo_bedford.png HTTP/1.1" 200 6195 "http://www.huntersraid.org/story.html" "Mozilla/5.0 (Windows NT 6.1) AppleWebKit/537.36 (KHTML, like Gecko) Chrome/28.0.1500.95 Safari/537.36"
216.36.11.165 - - [13/Aug/2013:17:39:18 -0400] "GET /assets/images/logo_lynchburg.png HTTP/1.1" 200 9749 "http://www.huntersraid.org/story.html" "Mozilla/5.0 (Windows NT 6.1) AppleWebKit/537.36 (KHTML, like Gecko) Chrome/28.0.1500.95 Safari/537.36"
216.36.11.165 - - [13/Aug/2013:17:39:18 -0400] "GET /assets/images/logo_cw150.png HTTP/1.1" 200 13351 "http://www.huntersraid.org/story.html" "Mozilla/5.0 (Windows NT 6.1) AppleWebKit/537.36 (KHTML, like Gecko) Chrome/28.0.1500.95 Safari/537.36"
216.36.11.165 - - [13/Aug/2013:17:39:19 -0400] "GET /assets/images/btn_map-over.jpg HTTP/1.1" 200 2468 "http://www.huntersraid.org/story.html" "Mozilla/5.0 (Windows NT 6.1) AppleWebKit/537.36 (KHTML, like Gecko) Chrome/28.0.1500.95 Safari/537.36"
216.36.11.165 - - [13/Aug/2013:17:39:19 -0400] "GET /favicon.ico HTTP/1.1" 404 575 "-" "Mozilla/5.0 (Windows NT 6.1) AppleWebKit/537.36 (KHTML, like Gecko) Chrome/28.0.1500.95 Safari/537.36"
184.63.202.47 - - [13/Aug/2013:22:04:14 -0400] "GET /assets/images/logo_lexington.png HTTP/1.1" 200 6943 "http://www.huntersraid.org/" "Mozilla/5.0 (Linux; U; Android 4.0.3; en-us; Transformer TF101 Build/IML74K) AppleWebKit/534.30 (KHTML, like Gecko) Version/4.0 Safari/534.30"
184.63.202.47 - - [13/Aug/2013:22:04:14 -0400] "GET /assets/images/logo_rvcvb.png HTTP/1.1" 200 7481 "http://www.huntersraid.org/" "Mozilla/5.0 (Linux; U; Android 4.0.3; en-us; Transformer TF101 Build/IML74K) AppleWebKit/534.30 (KHTML, like Gecko) Version/4.0 Safari/534.30"
216.36.11.165 - - [13/Aug/2013:17:44:05 -0400] "GET /resources.html HTTP/1.1" 200 11953 "http://www.huntersraid.org/story.html" "Mozilla/5.0 (Windows NT 6.1) AppleWebKit/537.36 (KHTML, like Gecko) Chrome/28.0.1500.95 Safari/537.36"
216.36.11.165 - - [13/Aug/2013:17:44:05 -0400] "GET /assets/images/shadow_left_center_v.png HTTP/1.1" 200 191 "http://www.huntersraid.org/resources.html" "Mozilla/5.0 (Windows NT 6.1) AppleWebKit/537.36 (KHTML, like Gecko) Chrome/28.0.1500.95 Safari/537.36"
216.36.11.165 - - [13/Aug/2013:17:44:06 -0400] "GET /assets/images/btn_resources-on.jpg HTTP/1.1" 200 2738 "http://www.huntersraid.org/resources.html" "Mozilla/5.0 (Windows NT 6.1) AppleWebKit/537.36 (KHTML, like Gecko) Chrome/28.0.1500.95 Safari/537.36"
123.125.71.42 - - [13/Aug/2013:13:25:06 -0400] "GET /robots.txt HTTP/1.1" 404 575 "-" "Mozilla/5.0 (compatible; Baiduspider/2.0; +http://www.baidu.com/search/spider.html)"
157.56.93.73 - - [13/Aug/2013:23:56:53 -0400] "GET /robots.txt HTTP/1.1" 404 575 "-" "Mozilla/5.0 (compatible; bingbot/2.0; +http://www.bing.com/bingbot.htm)"
24.57.69.94 - - [13/Aug/2013:19:08:58 -0400] "GET /assets/images/cemetery.jpg HTTP/1.1" 200 28185 "http://www.huntersraid.org/visiting.html" "Mozilla/5.0 (Windows NT 6.2; WOW64; rv:22.0) Gecko/20100101 Firefox/22.0"
24.57.69.94 - - [13/Aug/2013:19:08:58 -0400] "GET /assets/images/civilwar_statue.jpg HTTP/1.1" 200 33908 "http://www.huntersraid.org/visiting.html" "Mozilla/5.0 (Windows NT 6.2; WOW64; rv:22.0) Gecko/20100101 Firefox/22.0"
24.57.69.94 - - [13/Aug/2013:19:08:59 -0400] "GET /assets/images/shadow_btm_v.png HTTP/1.1" 200 22468 "http://www.huntersraid.org/visiting.html" "Mozilla/5.0 (Windows NT 6.2; WOW64; rv:22.0) Gecko/20100101 Firefox/22.0"
69.207.57.1 - - [13/Aug/2013:19:48:45 -0400] "GET /visiting.html HTTP/1.1" 200 30487 "http://www.huntersraid.org/story.html" "Mozilla/5.0 (Windows NT 6.1; WOW64) AppleWebKit/537.36 (KHTML, like Gecko) Chrome/28.0.1500.95 Safari/537.36"
69.207.57.1 - - [13/Aug/2013:19:48:45 -0400] "GET /assets/images/visiting_header.jpg HTTP/1.1" 200 11022 "http://www.huntersraid.org/visiting.html" "Mozilla/5.0 (Windows NT 6.1; WOW64) AppleWebKit/537.36 (KHTML, like Gecko) Chrome/28.0.1500.95 Safari/537.36"
69.207.57.1 - - [13/Aug/2013:19:48:45 -0400] "GET /assets/images/botco_museum.jpg HTTP/1.1" 200 11794 "http://www.huntersraid.org/visiting.html" "Mozilla/5.0 (Windows NT 6.1; WOW64) AppleWebKit/537.36 (KHTML, like Gecko) Chrome/28.0.1500.95 Safari/537.36"
69.207.57.1 - - [13/Aug/2013:19:48:45 -0400] "GET /assets/images/wilson_warehouse.jpg HTTP/1.1" 200 9474 "http://www.huntersraid.org/visiting.html" "Mozilla/5.0 (Windows NT 6.1; WOW64) AppleWebKit/537.36 (KHTML, like Gecko) Chrome/28.0.1500.95 Safari/537.36"
69.207.57.1 - - [13/Aug/2013:19:48:45 -0400] "GET /assets/images/sj_house.jpg HTTP/1.1" 200 16214 "http://www.huntersraid.org/visiting.html" "Mozilla/5.0 (Windows NT 6.1; WOW64) AppleWebKit/537.36 (KHTML, like Gecko) Chrome/28.0.1500.95 Safari/537.36"
69.207.57.1 - - [13/Aug/2013:19:48:45 -0400] "GET /assets/images/carriages.jpg HTTP/1.1" 200 12819 "http://www.huntersraid.org/visiting.html" "Mozilla/5.0 (Windows NT 6.1; WOW64) AppleWebKit/537.36 (KHTML, like Gecko) Chrome/28.0.1500.95 Safari/537.36"
69.207.57.1 - - [13/Aug/2013:19:48:45 -0400] "GET /assets/images/chaplain_museum.jpg HTTP/1.1" 200 9740 "http://www.huntersraid.org/visiting.html" "Mozilla/5.0 (Windows NT 6.1; WOW64) AppleWebKit/537.36 (KHTML, like Gecko) Chrome/28.0.1500.95 Safari/537.36"
69.207.57.1 - - [13/Aug/2013:19:48:46 -0400] "GET /assets/images/owl_museum.jpg HTTP/1.1" 200 8476 "http://www.huntersraid.org/visiting.html" "Mozilla/5.0 (Windows NT 6.1; WOW64) AppleWebKit/537.36 (KHTML, like Gecko) Chrome/28.0.1500.95 Safari/537.36"
69.207.57.1 - - [13/Aug/2013:19:48:46 -0400] "GET /assets/images/thornrose.jpg HTTP/1.1" 200 17445 "http://www.huntersraid.org/visiting.html" "Mozilla/5.0 (Windows NT 6.1; WOW64) AppleWebKit/537.36 (KHTML, like Gecko) Chrome/28.0.1500.95 Safari/537.36"
76.100.169.144 - - [13/Aug/2013:07:26:45 -0400] "GET /assets/images/headline_home.jpg HTTP/1.1" 200 14056 "http://www.huntersraid.org/" "Mozilla/5.0 (Linux; U; Android 4.1.1; en-us; GT-P5113 Build/JRO03C) AppleWebKit/534.30 (KHTML, like Gecko) Version/4.0 Safari/534.30"
184.63.202.47 - - [13/Aug/2013:22:04:27 -0400] "GET /assets/images/btn_request_info-over.png HTTP/1.1" 200 9869 "http://www.huntersraid.org/" "Mozilla/5.0 (Linux; U; Android 4.0.3; en-us; Transformer TF101 Build/IML74K) AppleWebKit/534.30 (KHTML, like Gecko) Version/4.0 Safari/534.30"
1.202.218.24 - - [13/Aug/2013:12:26:36 -0400] "HEAD / HTTP/1.1" 200 - "-" "Mozilla/5.0 (compatible; JikeSpider; +http://shoulu.jike.com/spider.html)"
178.255.215.66 - - [13/Aug/2013:19:20:25 -0400] "GET /robots.txt HTTP/1.1" 404 575 "-" "Mozilla/5.0 (compatible; Exabot/3.0; +http://www.exabot.com/go/robot)"
76.100.169.144 - - [13/Aug/2013:07:26:45 -0400] "GET /assets/images/slideshow2.jpg HTTP/1.1" 200 39390 "http://www.huntersraid.org/" "Mozilla/5.0 (Linux; U; Android 4.1.1; en-us; GT-P5113 Build/JRO03C) AppleWebKit/534.30 (KHTML, like Gecko) Version/4.0 Safari/534.30"
76.100.169.144 - - [13/Aug/2013:07:26:45 -0400] "GET /assets/images/nav_bg.jpg HTTP/1.1" 200 2144 "http://www.huntersraid.org/" "Mozilla/5.0 (Linux; U; Android 4.1.1; en-us; GT-P5113 Build/JRO03C) AppleWebKit/534.30 (KHTML, like Gecko) Version/4.0 Safari/534.30"
178.137.128.238 - - [13/Aug/2013:11:41:11 -0400] "GET / HTTP/1.1" 200 10872 "http://sivs.ru/" "Mozilla/4.0 (compatible; MSIE 6.0; MSIE 5.5; Windows NT 5.0) Opera 7.02 Bork-edition [en]"
207.241.226.239 - - [13/Aug/2013:17:22:29 -0400] "GET /robots.txt HTTP/1.1" 404 575 "-" "ia_archiver(OS-Wayback)"
184.63.202.47 - - [13/Aug/2013:22:04:14 -0400] "GET /assets/images/shadow_btm.jpg HTTP/1.1" 200 13552 "http://www.huntersraid.org/" "Mozilla/5.0 (Linux; U; Android 4.0.3; en-us; Transformer TF101 Build/IML74K) AppleWebKit/534.30 (KHTML, like Gecko) Version/4.0 Safari/534.30"
184.63.202.47 - - [13/Aug/2013:22:04:18 -0400] "GET /assets/images/content_bg_home.jpg HTTP/1.1" 200 57353 "http://www.huntersraid.org/" "Mozilla/5.0 (Linux; U; Android 4.0.3; en-us; Transformer TF101 Build/IML74K) AppleWebKit/534.30 (KHTML, like Gecko) Version/4.0 Safari/534.30"
157.56.93.51 - - [13/Aug/2013:02:25:04 -0400] "GET /robots.txt HTTP/1.1" 404 575 "-" "Mozilla/5.0 (compatible; bingbot/2.0; +http://www.bing.com/bingbot.htm)"
93.109.80.100 - - [13/Aug/2013:18:22:21 -0400] "GET /assets/styles/styles.css HTTP/1.1" 200 4633 "http://www.huntersraid.org/" "Mozilla/5.0 (Windows NT 6.1; WOW64) AppleWebKit/537.36 (KHTML, like Gecko) Chrome/28.0.1500.95 Safari/537.36"
93.109.80.100 - - [13/Aug/2013:18:22:21 -0400] "GET /assets/images/shadow_top.jpg HTTP/1.1" 200 1496 "http://www.huntersraid.org/" "Mozilla/5.0 (Windows NT 6.1; WOW64) AppleWebKit/537.36 (KHTML, like Gecko) Chrome/28.0.1500.95 Safari/537.36"
93.109.80.100 - - [13/Aug/2013:18:22:22 -0400] "GET /assets/images/btn_story.jpg HTTP/1.1" 200 1944 "http://www.huntersraid.org/" "Mozilla/5.0 (Windows NT 6.1; WOW64) AppleWebKit/537.36 (KHTML, like Gecko) Chrome/28.0.1500.95 Safari/537.36"
93.109.80.100 - - [13/Aug/2013:18:22:22 -0400] "GET /assets/images/slideshow4.jpg HTTP/1.1" 200 35694 "http://www.huntersraid.org/" "Mozilla/5.0 (Windows NT 6.1; WOW64) AppleWebKit/537.36 (KHTML, like Gecko) Chrome/28.0.1500.95 Safari/537.36"
93.109.80.100 - - [13/Aug/2013:18:22:22 -0400] "GET /assets/images/data_feed_bg.jpg HTTP/1.1" 200 20086 "http://www.huntersraid.org/" "Mozilla/5.0 (Windows NT 6.1; WOW64) AppleWebKit/537.36 (KHTML, like Gecko) Chrome/28.0.1500.95 Safari/537.36"
93.109.80.100 - - [13/Aug/2013:18:22:23 -0400] "GET /assets/images/logo_lexington.png HTTP/1.1" 200 6943 "http://www.huntersraid.org/" "Mozilla/5.0 (Windows NT 6.1; WOW64) AppleWebKit/537.36 (KHTML, like Gecko) Chrome/28.0.1500.95 Safari/537.36"
93.109.80.100 - - [13/Aug/2013:18:22:23 -0400] "GET /assets/images/logo_vifl.png HTTP/1.1" 200 6305 "http://www.huntersraid.org/" "Mozilla/5.0 (Windows NT 6.1; WOW64) AppleWebKit/537.36 (KHTML, like Gecko) Chrome/28.0.1500.95 Safari/537.36"
93.109.80.100 - - [13/Aug/2013:18:22:23 -0400] "GET /assets/images/btn_visiting.jpg HTTP/1.1" 200 1914 "http://www.huntersraid.org/" "Mozilla/5.0 (Windows NT 6.1; WOW64) AppleWebKit/537.36 (KHTML, like Gecko) Chrome/28.0.1500.95 Safari/537.36"
184.63.202.47 - - [13/Aug/2013:22:04:14 -0400] "GET /assets/styles/styles.css HTTP/1.1" 200 4633 "http://www.huntersraid.org/" "Mozilla/5.0 (Linux; U; Android 4.0.3; en-us; Transformer TF101 Build/IML74K) AppleWebKit/534.30 (KHTML, like Gecko) Version/4.0 Safari/534.30"
184.63.202.47 - - [13/Aug/2013:22:04:14 -0400] "GET /assets/images/logo_lynchburg.png HTTP/1.1" 200 9749 "http://www.huntersraid.org/" "Mozilla/5.0 (Linux; U; Android 4.0.3; en-us; Transformer TF101 Build/IML74K) AppleWebKit/534.30 (KHTML, like Gecko) Version/4.0 Safari/534.30"
93.109.80.100 - - [13/Aug/2013:18:22:22 -0400] "GET /assets/images/hr_logo.gif HTTP/1.1" 200 6378 "http://www.huntersraid.org/" "Mozilla/5.0 (Windows NT 6.1; WOW64) AppleWebKit/537.36 (KHTML, like Gecko) Chrome/28.0.1500.95 Safari/537.36"
93.109.80.100 - - [13/Aug/2013:18:22:22 -0400] "GET /assets/images/site_bg.jpg HTTP/1.1" 200 659 "http://www.huntersraid.org/" "Mozilla/5.0 (Windows NT 6.1; WOW64) AppleWebKit/537.36 (KHTML, like Gecko) Chrome/28.0.1500.95 Safari/537.36"
93.109.80.100 - - [13/Aug/2013:18:22:22 -0400] "GET /assets/images/nav_bg.jpg HTTP/1.1" 200 2144 "http://www.huntersraid.org/" "Mozilla/5.0 (Windows NT 6.1; WOW64) AppleWebKit/537.36 (KHTML, like Gecko) Chrome/28.0.1500.95 Safari/537.36"
93.109.80.100 - - [13/Aug/2013:18:22:22 -0400] "GET /assets/images/footer_bg.jpg HTTP/1.1" 200 49277 "http://www.huntersraid.org/" "Mozilla/5.0 (Windows NT 6.1; WOW64) AppleWebKit/537.36 (KHTML, like Gecko) Chrome/28.0.1500.95 Safari/537.36"
69.207.57.1 - - [13/Aug/2013:19:48:14 -0400] "GET /assets/images/shadow_left.jpg HTTP/1.1" 200 3689 "http://www.huntersraid.org/" "Mozilla/5.0 (Windows NT 6.1; WOW64) AppleWebKit/537.36 (KHTML, like Gecko) Chrome/28.0.1500.95 Safari/537.36"
69.207.57.1 - - [13/Aug/2013:19:48:14 -0400] "GET /assets/images/site_bg.jpg HTTP/1.1" 200 659 "http://www.huntersraid.org/" "Mozilla/5.0 (Windows NT 6.1; WOW64) AppleWebKit/537.36 (KHTML, like Gecko) Chrome/28.0.1500.95 Safari/537.36"
69.207.57.1 - - [13/Aug/2013:19:48:14 -0400] "GET /assets/images/nav_bg.jpg HTTP/1.1" 200 2144 "http://www.huntersraid.org/" "Mozilla/5.0 (Windows NT 6.1; WOW64) AppleWebKit/537.36 (KHTML, like Gecko) Chrome/28.0.1500.95 Safari/537.36"
69.207.57.1 - - [13/Aug/2013:19:48:14 -0400] "GET /assets/images/btn_map.jpg HTTP/1.1" 200 1756 "http://www.huntersraid.org/" "Mozilla/5.0 (Windows NT 6.1; WOW64) AppleWebKit/537.36 (KHTML, like Gecko) Chrome/28.0.1500.95 Safari/537.36"
69.207.57.1 - - [13/Aug/2013:19:48:14 -0400] "GET /assets/images/data_feed_bg.jpg HTTP/1.1" 200 20086 "http://www.huntersraid.org/" "Mozilla/5.0 (Windows NT 6.1; WOW64) AppleWebKit/537.36 (KHTML, like Gecko) Chrome/28.0.1500.95 Safari/537.36"
69.207.57.1 - - [13/Aug/2013:19:48:14 -0400] "GET /assets/images/logo_rvcvb.png HTTP/1.1" 200 7481 "http://www.huntersraid.org/" "Mozilla/5.0 (Windows NT 6.1; WOW64) AppleWebKit/537.36 (KHTML, like Gecko) Chrome/28.0.1500.95 Safari/537.36"
69.207.57.1 - - [13/Aug/2013:19:48:14 -0400] "GET /assets/images/shadow_btm.jpg HTTP/1.1" 200 13552 "http://www.huntersraid.org/" "Mozilla/5.0 (Windows NT 6.1; WOW64) AppleWebKit/537.36 (KHTML, like Gecko) Chrome/28.0.1500.95 Safari/537.36"
69.207.57.1 - - [13/Aug/2013:19:48:14 -0400] "GET /assets/images/btn_visiting-over.jpg HTTP/1.1" 200 2734 "http://www.huntersraid.org/" "Mozilla/5.0 (Windows NT 6.1; WOW64) AppleWebKit/537.36 (KHTML, like Gecko) Chrome/28.0.1500.95 Safari/537.36"
66.249.72.234 - - [13/Aug/2013:20:40:56 -0400] "GET /robots.txt HTTP/1.1" 404 575 "-" "Mozilla/5.0 (compatible; Googlebot/2.1; +http://www.google.com/bot.html)"
184.63.202.47 - - [13/Aug/2013:22:04:27 -0400] "GET /assets/images/btn_map-over.jpg HTTP/1.1" 200 2468 "http://www.huntersraid.org/" "Mozilla/5.0 (Linux; U; Android 4.0.3; en-us; Transformer TF101 Build/IML74K) AppleWebKit/534.30 (KHTML, like Gecko) Version/4.0 Safari/534.30"
76.100.169.144 - - [13/Aug/2013:07:26:45 -0400] "GET /assets/images/btn_story.jpg HTTP/1.1" 200 1944 "http://www.huntersraid.org/" "Mozilla/5.0 (Linux; U; Android 4.1.1; en-us; GT-P5113 Build/JRO03C) AppleWebKit/534.30 (KHTML, like Gecko) Version/4.0 Safari/534.30"
70.32.205.6 - - [13/Aug/2013:18:02:38 -0400] "GET /assets/images/shadow_top.jpg HTTP/1.1" 200 1496 "http://www.huntersraid.org/" "Mozilla/5.0 (Linux; U; Android 2.3.6; en-us; MILESTONE3 Build/5.5.1.1-84_D3G-25) AppleWebKit/533.1 (KHTML, like Gecko) Version/4.0 Mobile Safari/533.1"
