0byt3m1n1
Path:
/
data
/
0
/
0
/
78
/
83
/
78898
/
meta
/
80202
/
logs
/
[
Home
]
File: x-access_log.2013-08-17
216.12.9.2 - - [17/Aug/2013:22:42:51 -0400] "GET /assets/images/slideshow2.jpg HTTP/1.1" 200 39390 "http://www.huntersraid.org/" "Mozilla/5.0 (Linux; U; Android 4.1.1; en-us; GT-P5113 Build/JRO03C) AppleWebKit/534.30 (KHTML, like Gecko) Version/4.0 Safari/534.30"
216.12.9.2 - - [17/Aug/2013:22:42:51 -0400] "GET /assets/images/hr_logo.gif HTTP/1.1" 200 6378 "http://www.huntersraid.org/" "Mozilla/5.0 (Linux; U; Android 4.1.1; en-us; GT-P5113 Build/JRO03C) AppleWebKit/534.30 (KHTML, like Gecko) Version/4.0 Safari/534.30"
216.12.9.2 - - [17/Aug/2013:22:42:53 -0400] "GET /assets/images/footer_bg.jpg HTTP/1.1" 200 49277 "http://www.huntersraid.org/" "Mozilla/5.0 (Linux; U; Android 4.1.1; en-us; GT-P5113 Build/JRO03C) AppleWebKit/534.30 (KHTML, like Gecko) Version/4.0 Safari/534.30"
216.12.9.2 - - [17/Aug/2013:22:42:54 -0400] "GET /assets/images/btn_request_info-over.png HTTP/1.1" 200 9869 "http://www.huntersraid.org/" "Mozilla/5.0 (Linux; U; Android 4.1.1; en-us; GT-P5113 Build/JRO03C) AppleWebKit/534.30 (KHTML, like Gecko) Version/4.0 Safari/534.30"
178.77.126.55 - - [17/Aug/2013:06:55:56 -0400] "GET /robots.txt HTTP/1.1" 404 575 "-" "Mozilla/5.0 (compatible; CareerBot/1.1; +http://www.career-x.de/bot.html)"
178.77.126.55 - - [17/Aug/2013:06:55:56 -0400] "GET / HTTP/1.1" 200 10872 "-" "Mozilla/5.0 (compatible; CareerBot/1.1; +http://www.career-x.de/bot.html)"
157.55.81.246 - - [17/Aug/2013:15:01:29 -0400] "GET /assets/images/btn_visiting-over.jpg HTTP/1.1" 200 2734 "http://www.visitbedford.com/daytrips.shtml" "Mozilla/5.0 (compatible; MSIE 10.0; Windows Phone 8.0; Trident/6.0; IEMobile/10.0; ARM; Touch; SAMSUNG; SCH-I930)"
91.207.9.226 - - [17/Aug/2013:16:20:05 -0400] "GET / HTTP/1.1" 200 10872 "http://moregirls.org/" "Mozilla/4.0 (compatible; MSIE 6.0; Windows NT 5.1; SV1)"
82.80.249.137 - - [17/Aug/2013:13:17:24 -0400] "GET /index.html HTTP/1.0" 200 10872 "http://huntersraid.org" "Mozilla/5.0 (X11; Ubuntu; Linux x86_64; rv:11.0) Gecko/20100101 Firefox/11.0"
221.140.194.160 - - [17/Aug/2013:18:46:32 -0400] "GET /images/springpeaks.jpg HTTP/1.1" 404 575 "http://cafe403.daum.net/_c21_/bbs_search_read?grpid=1HDkG&fldid=O1ME&datanum=316&openArticle=true&docid=4285435801&q=kathy+mattea" "Mozilla/5.0 (compatible; MSIE 9.0; Windows NT 6.1; WOW64; Trident/5.0)"
98.24.136.105 - - [17/Aug/2013:14:18:08 -0400] "GET /favicon.ico HTTP/1.1" 404 575 "-" "Mozilla/5.0 (compatible; MSIE 10.0; Windows NT 6.1; Trident/6.0)"
46.118.126.194 - - [17/Aug/2013:20:01:06 -0400] "GET / HTTP/1.1" 200 10872 "http://www.vmk-logistics.ru/" "Mozilla/4.0 (compatible; MSIE 6.0; Windows ME) Opera 7.11 [en]"
157.55.81.246 - - [17/Aug/2013:15:01:24 -0400] "GET /assets/images/hr_logo.gif HTTP/1.1" 200 6378 "http://www.visitbedford.com/daytrips.shtml" "Mozilla/5.0 (compatible; MSIE 10.0; Windows Phone 8.0; Trident/6.0; IEMobile/10.0; ARM; Touch; SAMSUNG; SCH-I930)"
157.55.81.246 - - [17/Aug/2013:15:01:24 -0400] "GET /assets/images/btn_resources.jpg HTTP/1.1" 200 2275 "http://www.visitbedford.com/daytrips.shtml" "Mozilla/5.0 (compatible; MSIE 10.0; Windows Phone 8.0; Trident/6.0; IEMobile/10.0; ARM; Touch; SAMSUNG; SCH-I930)"
157.55.81.246 - - [17/Aug/2013:15:01:24 -0400] "GET /assets/images/logo_bedford.png HTTP/1.1" 200 6195 "http://www.visitbedford.com/daytrips.shtml" "Mozilla/5.0 (compatible; MSIE 10.0; Windows Phone 8.0; Trident/6.0; IEMobile/10.0; ARM; Touch; SAMSUNG; SCH-I930)"
157.55.81.246 - - [17/Aug/2013:15:01:25 -0400] "GET /assets/images/logo_botco.png HTTP/1.1" 200 5361 "http://www.visitbedford.com/daytrips.shtml" "Mozilla/5.0 (compatible; MSIE 10.0; Windows Phone 8.0; Trident/6.0; IEMobile/10.0; ARM; Touch; SAMSUNG; SCH-I930)"
157.55.81.246 - - [17/Aug/2013:15:01:25 -0400] "GET /assets/images/logo_staunton.png HTTP/1.1" 200 4198 "http://www.visitbedford.com/daytrips.shtml" "Mozilla/5.0 (compatible; MSIE 10.0; Windows Phone 8.0; Trident/6.0; IEMobile/10.0; ARM; Touch; SAMSUNG; SCH-I930)"
157.55.81.246 - - [17/Aug/2013:15:01:25 -0400] "GET /assets/images/logo_vifl.png HTTP/1.1" 200 6305 "http://www.visitbedford.com/daytrips.shtml" "Mozilla/5.0 (compatible; MSIE 10.0; Windows Phone 8.0; Trident/6.0; IEMobile/10.0; ARM; Touch; SAMSUNG; SCH-I930)"
157.55.81.246 - - [17/Aug/2013:15:01:25 -0400] "GET /assets/images/shadow_btm.jpg HTTP/1.1" 200 13552 "http://www.visitbedford.com/daytrips.shtml" "Mozilla/5.0 (compatible; MSIE 10.0; Windows Phone 8.0; Trident/6.0; IEMobile/10.0; ARM; Touch; SAMSUNG; SCH-I930)"
157.55.81.246 - - [17/Aug/2013:15:01:25 -0400] "GET /assets/images/logo_cw150.png HTTP/1.1" 200 13351 "http://www.visitbedford.com/daytrips.shtml" "Mozilla/5.0 (compatible; MSIE 10.0; Windows Phone 8.0; Trident/6.0; IEMobile/10.0; ARM; Touch; SAMSUNG; SCH-I930)"
157.55.81.246 - - [17/Aug/2013:15:01:25 -0400] "GET /assets/images/slideshow3.jpg HTTP/1.1" 200 43522 "http://www.visitbedford.com/daytrips.shtml" "Mozilla/5.0 (compatible; MSIE 10.0; Windows Phone 8.0; Trident/6.0; IEMobile/10.0; ARM; Touch; SAMSUNG; SCH-I930)"
157.55.81.246 - - [17/Aug/2013:15:01:25 -0400] "GET /assets/images/site_bg.jpg HTTP/1.1" 200 659 "http://www.visitbedford.com/daytrips.shtml" "Mozilla/5.0 (compatible; MSIE 10.0; Windows Phone 8.0; Trident/6.0; IEMobile/10.0; ARM; Touch; SAMSUNG; SCH-I930)"
157.55.81.246 - - [17/Aug/2013:15:01:27 -0400] "GET /assets/images/data_feed_bg.jpg HTTP/1.1" 200 20086 "http://www.visitbedford.com/daytrips.shtml" "Mozilla/5.0 (compatible; MSIE 10.0; Windows Phone 8.0; Trident/6.0; IEMobile/10.0; ARM; Touch; SAMSUNG; SCH-I930)"
157.55.81.246 - - [17/Aug/2013:15:01:29 -0400] "GET /assets/images/btn_request_info-over.png HTTP/1.1" 200 9869 "http://www.visitbedford.com/daytrips.shtml" "Mozilla/5.0 (compatible; MSIE 10.0; Windows Phone 8.0; Trident/6.0; IEMobile/10.0; ARM; Touch; SAMSUNG; SCH-I930)"
98.24.136.105 - - [17/Aug/2013:14:17:54 -0400] "GET /assets/images/hr_logo.gif HTTP/1.1" 200 6378 "http://www.huntersraid.org/" "Mozilla/5.0 (compatible; MSIE 10.0; Windows NT 6.1; Trident/6.0)"
98.24.136.105 - - [17/Aug/2013:14:17:55 -0400] "GET /assets/images/headline_home.jpg HTTP/1.1" 200 14056 "http://www.huntersraid.org/" "Mozilla/5.0 (compatible; MSIE 10.0; Windows NT 6.1; Trident/6.0)"
98.24.136.105 - - [17/Aug/2013:14:17:55 -0400] "GET /assets/images/logo_vifl.png HTTP/1.1" 200 6305 "http://www.huntersraid.org/" "Mozilla/5.0 (compatible; MSIE 10.0; Windows NT 6.1; Trident/6.0)"
98.24.136.105 - - [17/Aug/2013:14:17:55 -0400] "GET /assets/images/slideshow2.jpg HTTP/1.1" 200 39390 "http://www.huntersraid.org/" "Mozilla/5.0 (compatible; MSIE 10.0; Windows NT 6.1; Trident/6.0)"
98.24.136.105 - - [17/Aug/2013:14:17:55 -0400] "GET /assets/images/nav_bg.jpg HTTP/1.1" 200 2144 "http://www.huntersraid.org/" "Mozilla/5.0 (compatible; MSIE 10.0; Windows NT 6.1; Trident/6.0)"
77.75.77.32 - - [17/Aug/2013:20:26:05 -0400] "GET /story.html HTTP/1.1" 200 14678 "-" "SeznamBot/3.0 (+http://fulltext.sblog.cz/)"
46.118.126.194 - - [17/Aug/2013:20:00:58 -0400] "GET / HTTP/1.1" 200 10872 "http://mtech-world.net/" "Opera/7.11 (Windows NT 5.1; U) [en]"
77.75.77.32 - - [17/Aug/2013:20:23:41 -0400] "GET /robots.txt HTTP/1.1" 404 575 "-" "SeznamBot/3.0 (+http://fulltext.sblog.cz/)"
77.75.77.32 - - [17/Aug/2013:20:23:42 -0400] "GET / HTTP/1.1" 304 - "-" "SeznamBot/3.0 (+http://fulltext.sblog.cz/)"
157.55.81.246 - - [17/Aug/2013:15:01:25 -0400] "GET /assets/images/btn_map.jpg HTTP/1.1" 200 1756 "http://www.visitbedford.com/daytrips.shtml" "Mozilla/5.0 (compatible; MSIE 10.0; Windows Phone 8.0; Trident/6.0; IEMobile/10.0; ARM; Touch; SAMSUNG; SCH-I930)"
157.55.81.246 - - [17/Aug/2013:15:01:25 -0400] "GET /assets/images/logo_lynchburg.png HTTP/1.1" 200 9749 "http://www.visitbedford.com/daytrips.shtml" "Mozilla/5.0 (compatible; MSIE 10.0; Windows Phone 8.0; Trident/6.0; IEMobile/10.0; ARM; Touch; SAMSUNG; SCH-I930)"
157.55.81.246 - - [17/Aug/2013:15:01:25 -0400] "GET /assets/images/logo_rvcvb.png HTTP/1.1" 200 7481 "http://www.visitbedford.com/daytrips.shtml" "Mozilla/5.0 (compatible; MSIE 10.0; Windows Phone 8.0; Trident/6.0; IEMobile/10.0; ARM; Touch; SAMSUNG; SCH-I930)"
157.55.81.246 - - [17/Aug/2013:15:01:25 -0400] "GET /assets/images/footer_bg.jpg HTTP/1.1" 200 49277 "http://www.visitbedford.com/daytrips.shtml" "Mozilla/5.0 (compatible; MSIE 10.0; Windows Phone 8.0; Trident/6.0; IEMobile/10.0; ARM; Touch; SAMSUNG; SCH-I930)"
68.54.252.71 - - [17/Aug/2013:15:34:55 -0400] "GET /assets/styles/styles.css HTTP/1.1" 200 4633 "http://www.huntersraid.org/" "Mozilla/4.0 (compatible; MSIE 8.0; Windows NT 5.1; Trident/4.0; GTB7.5; .NET CLR 1.1.4322; .NET CLR 2.0.50727; .NET CLR 3.0.4506.2152; .NET CLR 3.5.30729; .NET4.0C; BRI/2; AskTbAUD/5.15.25.44892; McAfee)"
91.207.9.226 - - [17/Aug/2013:15:36:23 -0400] "GET / HTTP/1.1" 200 10872 "http://traveluar.net/" "Mozilla/4.0 (compatible; MSIE 6.0; Update a; AOL 6.0; Windows 98)"
157.56.93.73 - - [17/Aug/2013:02:30:59 -0400] "GET /robots.txt HTTP/1.1" 404 575 "-" "Mozilla/5.0 (compatible; bingbot/2.0; +http://www.bing.com/bingbot.htm)"
82.80.249.137 - - [17/Aug/2013:13:17:37 -0400] "GET /visiting.html HTTP/1.0" 200 30487 "http://www.huntersraid.org/information.php" "Mozilla/5.0 (X11; Ubuntu; Linux x86_64; rv:11.0) Gecko/20100101 Firefox/11.0"
98.24.136.105 - - [17/Aug/2013:14:20:23 -0400] "GET /visiting.html HTTP/1.1" 200 30487 "http://www.huntersraid.org/" "Mozilla/5.0 (compatible; MSIE 10.0; Windows NT 6.1; Trident/6.0)"
98.24.136.105 - - [17/Aug/2013:14:20:23 -0400] "GET /assets/images/shadow_left_center_v.png HTTP/1.1" 200 191 "http://www.huntersraid.org/visiting.html" "Mozilla/5.0 (compatible; MSIE 10.0; Windows NT 6.1; Trident/6.0)"
98.24.136.105 - - [17/Aug/2013:14:20:24 -0400] "GET /assets/images/btn_visiting-on.jpg HTTP/1.1" 200 2375 "http://www.huntersraid.org/visiting.html" "Mozilla/5.0 (compatible; MSIE 10.0; Windows NT 6.1; Trident/6.0)"
98.24.136.105 - - [17/Aug/2013:14:20:24 -0400] "GET /assets/images/gun.png HTTP/1.1" 200 32858 "http://www.huntersraid.org/visiting.html" "Mozilla/5.0 (compatible; MSIE 10.0; Windows NT 6.1; Trident/6.0)"
98.24.136.105 - - [17/Aug/2013:14:20:24 -0400] "GET /assets/images/botco_museum.jpg HTTP/1.1" 200 11794 "http://www.huntersraid.org/visiting.html" "Mozilla/5.0 (compatible; MSIE 10.0; Windows NT 6.1; Trident/6.0)"
98.24.136.105 - - [17/Aug/2013:14:20:24 -0400] "GET /assets/images/buchanan_bridge.jpg HTTP/1.1" 200 8963 "http://www.huntersraid.org/visiting.html" "Mozilla/5.0 (compatible; MSIE 10.0; Windows NT 6.1; Trident/6.0)"
98.24.136.105 - - [17/Aug/2013:14:20:24 -0400] "GET /assets/images/kanawha_remnants.jpg HTTP/1.1" 200 30288 "http://www.huntersraid.org/visiting.html" "Mozilla/5.0 (compatible; MSIE 10.0; Windows NT 6.1; Trident/6.0)"
98.24.136.105 - - [17/Aug/2013:14:20:24 -0400] "GET /assets/images/vmi_cadets1.jpg HTTP/1.1" 200 10961 "http://www.huntersraid.org/visiting.html" "Mozilla/5.0 (compatible; MSIE 10.0; Windows NT 6.1; Trident/6.0)"
98.24.136.105 - - [17/Aug/2013:14:20:24 -0400] "GET /assets/images/carriages.jpg HTTP/1.1" 200 12819 "http://www.huntersraid.org/visiting.html" "Mozilla/5.0 (compatible; MSIE 10.0; Windows NT 6.1; Trident/6.0)"
98.24.136.105 - - [17/Aug/2013:14:20:24 -0400] "GET /assets/images/the_natural_bridge.jpg HTTP/1.1" 200 12327 "http://www.huntersraid.org/visiting.html" "Mozilla/5.0 (compatible; MSIE 10.0; Windows NT 6.1; Trident/6.0)"
98.24.136.105 - - [17/Aug/2013:14:20:24 -0400] "GET /assets/images/chaplain_museum.jpg HTTP/1.1" 200 9740 "http://www.huntersraid.org/visiting.html" "Mozilla/5.0 (compatible; MSIE 10.0; Windows NT 6.1; Trident/6.0)"
98.24.136.105 - - [17/Aug/2013:14:20:24 -0400] "GET /assets/images/owl_museum.jpg HTTP/1.1" 200 8476 "http://www.huntersraid.org/visiting.html" "Mozilla/5.0 (compatible; MSIE 10.0; Windows NT 6.1; Trident/6.0)"
98.24.136.105 - - [17/Aug/2013:14:20:24 -0400] "GET /assets/images/gypsy_park.jpg HTTP/1.1" 200 13049 "http://www.huntersraid.org/visiting.html" "Mozilla/5.0 (compatible; MSIE 10.0; Windows NT 6.1; Trident/6.0)"
98.24.136.105 - - [17/Aug/2013:14:20:24 -0400] "GET /assets/images/shadow_btm_v.png HTTP/1.1" 200 22468 "http://www.huntersraid.org/visiting.html" "Mozilla/5.0 (compatible; MSIE 10.0; Windows NT 6.1; Trident/6.0)"
98.24.136.105 - - [17/Aug/2013:14:20:24 -0400] "GET /assets/images/content_bg_top_v.jpg HTTP/1.1" 200 4566 "http://www.huntersraid.org/visiting.html" "Mozilla/5.0 (compatible; MSIE 10.0; Windows NT 6.1; Trident/6.0)"
46.119.118.152 - - [17/Aug/2013:17:23:25 -0400] "GET / HTTP/1.1" 200 10872 "http://remont-komputerov-notebook.ru/" "Mozilla/4.0 (compatible; MSIE 6.0; AOL 9.0; Windows NT 5.1)"
216.12.9.2 - - [17/Aug/2013:22:42:51 -0400] "GET /assets/images/slideshow4.jpg HTTP/1.1" 200 35694 "http://www.huntersraid.org/" "Mozilla/5.0 (Linux; U; Android 4.1.1; en-us; GT-P5113 Build/JRO03C) AppleWebKit/534.30 (KHTML, like Gecko) Version/4.0 Safari/534.30"
216.12.9.2 - - [17/Aug/2013:22:42:51 -0400] "GET /assets/images/btn_request_info.png HTTP/1.1" 200 7951 "http://www.huntersraid.org/" "Mozilla/5.0 (Linux; U; Android 4.1.1; en-us; GT-P5113 Build/JRO03C) AppleWebKit/534.30 (KHTML, like Gecko) Version/4.0 Safari/534.30"
216.12.9.2 - - [17/Aug/2013:22:42:51 -0400] "GET /assets/images/btn_story.jpg HTTP/1.1" 200 1944 "http://www.huntersraid.org/" "Mozilla/5.0 (Linux; U; Android 4.1.1; en-us; GT-P5113 Build/JRO03C) AppleWebKit/534.30 (KHTML, like Gecko) Version/4.0 Safari/534.30"
216.12.9.2 - - [17/Aug/2013:22:42:52 -0400] "GET /assets/images/nav_bg.jpg HTTP/1.1" 200 2144 "http://www.huntersraid.org/" "Mozilla/5.0 (Linux; U; Android 4.1.1; en-us; GT-P5113 Build/JRO03C) AppleWebKit/534.30 (KHTML, like Gecko) Version/4.0 Safari/534.30"
199.21.99.120 - - [17/Aug/2013:12:48:08 -0400] "GET /robots.txt HTTP/1.1" 404 575 "-" "Mozilla/5.0 (compatible; YandexBot/3.0; +http://yandex.com/bots)"
199.21.99.120 - - [17/Aug/2013:12:48:10 -0400] "GET /story.html HTTP/1.1" 200 14678 "-" "Mozilla/5.0 (compatible; YandexBot/3.0; +http://yandex.com/bots)"
98.24.136.105 - - [17/Aug/2013:14:17:54 -0400] "GET /assets/images/btn_story.jpg HTTP/1.1" 200 1944 "http://www.huntersraid.org/" "Mozilla/5.0 (compatible; MSIE 10.0; Windows NT 6.1; Trident/6.0)"
98.24.136.105 - - [17/Aug/2013:14:17:55 -0400] "GET /assets/images/logo_bedford.png HTTP/1.1" 200 6195 "http://www.huntersraid.org/" "Mozilla/5.0 (compatible; MSIE 10.0; Windows NT 6.1; Trident/6.0)"
98.24.136.105 - - [17/Aug/2013:14:17:55 -0400] "GET /assets/images/logo_staunton.png HTTP/1.1" 200 4198 "http://www.huntersraid.org/" "Mozilla/5.0 (compatible; MSIE 10.0; Windows NT 6.1; Trident/6.0)"
98.24.136.105 - - [17/Aug/2013:14:17:55 -0400] "GET /assets/images/logo_cw150.png HTTP/1.1" 200 13351 "http://www.huntersraid.org/" "Mozilla/5.0 (compatible; MSIE 10.0; Windows NT 6.1; Trident/6.0)"
98.24.136.105 - - [17/Aug/2013:14:17:55 -0400] "GET /assets/images/slideshow3.jpg HTTP/1.1" 200 43522 "http://www.huntersraid.org/" "Mozilla/5.0 (compatible; MSIE 10.0; Windows NT 6.1; Trident/6.0)"
98.24.136.105 - - [17/Aug/2013:14:17:55 -0400] "GET /assets/images/header_bg.jpg HTTP/1.1" 200 42124 "http://www.huntersraid.org/" "Mozilla/5.0 (compatible; MSIE 10.0; Windows NT 6.1; Trident/6.0)"
98.24.136.105 - - [17/Aug/2013:14:17:55 -0400] "GET /assets/images/content_bg_home.jpg HTTP/1.1" 200 57353 "http://www.huntersraid.org/" "Mozilla/5.0 (compatible; MSIE 10.0; Windows NT 6.1; Trident/6.0)"
98.24.136.105 - - [17/Aug/2013:14:17:54 -0400] "GET /assets/images/shadow_top.jpg HTTP/1.1" 200 1496 "http://www.huntersraid.org/" "Mozilla/5.0 (compatible; MSIE 10.0; Windows NT 6.1; Trident/6.0)"
98.24.136.105 - - [17/Aug/2013:14:17:54 -0400] "GET /assets/images/btn_resources.jpg HTTP/1.1" 200 2275 "http://www.huntersraid.org/" "Mozilla/5.0 (compatible; MSIE 10.0; Windows NT 6.1; Trident/6.0)"
98.24.136.105 - - [17/Aug/2013:14:17:55 -0400] "GET /assets/images/logo_botco.png HTTP/1.1" 200 5361 "http://www.huntersraid.org/" "Mozilla/5.0 (compatible; MSIE 10.0; Windows NT 6.1; Trident/6.0)"
98.24.136.105 - - [17/Aug/2013:14:17:55 -0400] "GET /assets/images/logo_lynchburg.png HTTP/1.1" 200 9749 "http://www.huntersraid.org/" "Mozilla/5.0 (compatible; MSIE 10.0; Windows NT 6.1; Trident/6.0)"
98.24.136.105 - - [17/Aug/2013:14:17:55 -0400] "GET /assets/images/btn_visiting.jpg HTTP/1.1" 200 1914 "http://www.huntersraid.org/" "Mozilla/5.0 (compatible; MSIE 10.0; Windows NT 6.1; Trident/6.0)"
174.236.69.105 - - [17/Aug/2013:15:01:22 -0400] "GET / HTTP/1.1" 200 10872 "http://www.visitbedford.com/daytrips.shtml" "Mozilla/5.0 (compatible; MSIE 10.0; Windows Phone 8.0; Trident/6.0; IEMobile/10.0; ARM; Touch; SAMSUNG; SCH-I930)"