71.81.182.138 - - [20/Jun/2014:10:17:49 -0400] "GET /assets/images/slideshow1.jpg HTTP/1.1" 200 43851 "http://www.huntersraid.org/" "Mozilla/5.0 (Windows NT 6.1; WOW64) AppleWebKit/537.36 (KHTML, like Gecko) Chrome/35.0.1916.153 Safari/537.36"
71.81.182.138 - - [20/Jun/2014:10:17:49 -0400] "GET /assets/images/headline_home.jpg HTTP/1.1" 200 14056 "http://www.huntersraid.org/" "Mozilla/5.0 (Windows NT 6.1; WOW64) AppleWebKit/537.36 (KHTML, like Gecko) Chrome/35.0.1916.153 Safari/537.36"
71.81.182.138 - - [20/Jun/2014:10:17:49 -0400] "GET /assets/images/logo_bedford.png HTTP/1.1" 200 6195 "http://www.huntersraid.org/" "Mozilla/5.0 (Windows NT 6.1; WOW64) AppleWebKit/537.36 (KHTML, like Gecko) Chrome/35.0.1916.153 Safari/537.36"
71.81.182.138 - - [20/Jun/2014:10:17:49 -0400] "GET /assets/images/logo_lexington.png HTTP/1.1" 200 6943 "http://www.huntersraid.org/" "Mozilla/5.0 (Windows NT 6.1; WOW64) AppleWebKit/537.36 (KHTML, like Gecko) Chrome/35.0.1916.153 Safari/537.36"
71.81.182.138 - - [20/Jun/2014:10:17:49 -0400] "GET /assets/images/logo_vifl.png HTTP/1.1" 200 6305 "http://www.huntersraid.org/" "Mozilla/5.0 (Windows NT 6.1; WOW64) AppleWebKit/537.36 (KHTML, like Gecko) Chrome/35.0.1916.153 Safari/537.36"
71.81.182.138 - - [20/Jun/2014:10:17:49 -0400] "GET /assets/images/logo_cw150.png HTTP/1.1" 200 13351 "http://www.huntersraid.org/" "Mozilla/5.0 (Windows NT 6.1; WOW64) AppleWebKit/537.36 (KHTML, like Gecko) Chrome/35.0.1916.153 Safari/537.36"
71.81.182.138 - - [20/Jun/2014:10:17:49 -0400] "GET /assets/images/slideshow4.jpg HTTP/1.1" 200 35694 "http://www.huntersraid.org/" "Mozilla/5.0 (Windows NT 6.1; WOW64) AppleWebKit/537.36 (KHTML, like Gecko) Chrome/35.0.1916.153 Safari/537.36"
71.81.182.138 - - [20/Jun/2014:10:17:50 -0400] "GET /assets/images/btn_story-over.jpg HTTP/1.1" 200 2834 "http://www.huntersraid.org/" "Mozilla/5.0 (Windows NT 6.1; WOW64) AppleWebKit/537.36 (KHTML, like Gecko) Chrome/35.0.1916.153 Safari/537.36"
131.253.24.3 - - [20/Jun/2014:10:24:04 -0400] "GET /robots.txt HTTP/1.1" 404 575 "-" "msnbot-media/1.1 (+http://search.msn.com/msnbot.htm)"
24.254.162.203 - - [20/Jun/2014:14:21:47 -0400] "GET /assets/images/shadow_left.jpg HTTP/1.1" 200 3689 "http://www.huntersraid.org/" "Mozilla/5.0 (Linux; Android 4.4.2; SM-G900V Build/KOT49H) AppleWebKit/537.36 (KHTML, like Gecko) Chrome/35.0.1916.141 Mobile Safari/537.36"
24.254.162.203 - - [20/Jun/2014:14:21:47 -0400] "GET /assets/images/site_bg.jpg HTTP/1.1" 200 659 "http://www.huntersraid.org/" "Mozilla/5.0 (Linux; Android 4.4.2; SM-G900V Build/KOT49H) AppleWebKit/537.36 (KHTML, like Gecko) Chrome/35.0.1916.141 Mobile Safari/537.36"
24.254.162.203 - - [20/Jun/2014:14:21:48 -0400] "GET /assets/images/slideshow1.jpg HTTP/1.1" 200 43851 "http://www.huntersraid.org/" "Mozilla/5.0 (Linux; Android 4.4.2; SM-G900V Build/KOT49H) AppleWebKit/537.36 (KHTML, like Gecko) Chrome/35.0.1916.141 Mobile Safari/537.36"
24.254.162.203 - - [20/Jun/2014:14:21:48 -0400] "GET /assets/images/shadow_btm.jpg HTTP/1.1" 200 13552 "http://www.huntersraid.org/" "Mozilla/5.0 (Linux; Android 4.4.2; SM-G900V Build/KOT49H) AppleWebKit/537.36 (KHTML, like Gecko) Chrome/35.0.1916.141 Mobile Safari/537.36"
173.252.103.118 - - [20/Jun/2014:18:31:20 -0400] "GET /assets/images/btn_resources.jpg HTTP/1.1" 206 2275 "-" "facebookexternalhit/1.1 (+http://www.facebook.com/externalhit_uatext.php)"
96.61.96.134 - - [20/Jun/2014:21:48:44 -0400] "GET /assets/styles/styles.css HTTP/1.1" 200 4633 "http://www.huntersraid.org/story.html" "Mozilla/5.0 (Windows NT 6.1; WOW64; rv:30.0) Gecko/20100101 Firefox/30.0"
96.61.96.134 - - [20/Jun/2014:21:48:45 -0400] "GET /assets/images/btn_visiting.jpg HTTP/1.1" 200 1914 "http://www.huntersraid.org/story.html" "Mozilla/5.0 (Windows NT 6.1; WOW64; rv:30.0) Gecko/20100101 Firefox/30.0"
96.61.96.134 - - [20/Jun/2014:21:48:45 -0400] "GET /assets/images/mccausland.jpg HTTP/1.1" 200 3935 "http://www.huntersraid.org/story.html" "Mozilla/5.0 (Windows NT 6.1; WOW64; rv:30.0) Gecko/20100101 Firefox/30.0"
96.61.96.134 - - [20/Jun/2014:21:48:45 -0400] "GET /assets/images/logo_lynchburg.png HTTP/1.1" 200 9749 "http://www.huntersraid.org/story.html" "Mozilla/5.0 (Windows NT 6.1; WOW64; rv:30.0) Gecko/20100101 Firefox/30.0"
96.61.96.134 - - [20/Jun/2014:21:48:47 -0400] "GET /assets/images/btn_resources-over.jpg HTTP/1.1" 200 3298 "http://www.huntersraid.org/story.html" "Mozilla/5.0 (Windows NT 6.1; WOW64; rv:30.0) Gecko/20100101 Firefox/30.0"
96.61.97.194 - - [20/Jun/2014:22:57:39 -0400] "GET /assets/images/btn_story-on.jpg HTTP/1.1" 200 2520 "http://www.huntersraid.org/story.html" "Mozilla/5.0 (Windows NT 6.1; WOW64; Trident/7.0; LEN2; rv:11.0) like Gecko"
96.61.97.194 - - [20/Jun/2014:22:57:41 -0400] "GET /assets/images/footer_bg.jpg HTTP/1.1" 206 22997 "http://www.huntersraid.org/story.html" "Mozilla/5.0 (Windows NT 6.1; WOW64; Trident/7.0; LEN2; rv:11.0) like Gecko"
130.185.109.243 - - [20/Jun/2014:07:55:33 -0400] "GET /robots.txt HTTP/1.1" 404 575 "-" "PagesInventory (robot http://www.pagesinventory.com)"
98.213.246.60 - - [20/Jun/2014:10:11:45 -0400] "GET /assets/images/hr_logo.gif HTTP/1.1" 200 6378 "http://www.huntersraid.org/" "Mozilla/5.0 (Windows NT 6.1; Trident/7.0; rv:11.0) like Gecko"
98.213.246.60 - - [20/Jun/2014:10:11:45 -0400] "GET /assets/images/headline_home.jpg HTTP/1.1" 200 14056 "http://www.huntersraid.org/" "Mozilla/5.0 (Windows NT 6.1; Trident/7.0; rv:11.0) like Gecko"
98.213.246.60 - - [20/Jun/2014:10:11:45 -0400] "GET /assets/images/logo_bedford.png HTTP/1.1" 200 6195 "http://www.huntersraid.org/" "Mozilla/5.0 (Windows NT 6.1; Trident/7.0; rv:11.0) like Gecko"
98.213.246.60 - - [20/Jun/2014:10:11:45 -0400] "GET /assets/images/logo_lynchburg.png HTTP/1.1" 200 9749 "http://www.huntersraid.org/" "Mozilla/5.0 (Windows NT 6.1; Trident/7.0; rv:11.0) like Gecko"
98.213.246.60 - - [20/Jun/2014:10:11:45 -0400] "GET /assets/images/shadow_right.jpg HTTP/1.1" 200 3979 "http://www.huntersraid.org/" "Mozilla/5.0 (Windows NT 6.1; Trident/7.0; rv:11.0) like Gecko"
98.213.246.60 - - [20/Jun/2014:10:11:45 -0400] "GET /assets/images/data_feed_bg.jpg HTTP/1.1" 200 20086 "http://www.huntersraid.org/" "Mozilla/5.0 (Windows NT 6.1; Trident/7.0; rv:11.0) like Gecko"
98.213.246.60 - - [20/Jun/2014:10:11:46 -0400] "GET /assets/images/btn_visiting-over.jpg HTTP/1.1" 200 2734 "http://www.huntersraid.org/" "Mozilla/5.0 (Windows NT 6.1; Trident/7.0; rv:11.0) like Gecko"
173.209.211.205 - - [20/Jun/2014:10:32:06 -0400] "GET /assets/images/logo_botco.png HTTP/1.1" 200 5361 "http://www.huntersraid.org/" "Mozilla/5.0 (iPhone; CPU iPhone OS 7_1_1 like Mac OS X) AppleWebKit/537.51.2 (KHTML, like Gecko) Version/7.0 Mobile/11D201 Safari/9537.53"
173.209.211.205 - - [20/Jun/2014:10:32:06 -0400] "GET /assets/images/logo_staunton.png HTTP/1.1" 200 4198 "http://www.huntersraid.org/" "Mozilla/5.0 (iPhone; CPU iPhone OS 7_1_1 like Mac OS X) AppleWebKit/537.51.2 (KHTML, like Gecko) Version/7.0 Mobile/11D201 Safari/9537.53"
173.209.211.205 - - [20/Jun/2014:10:32:06 -0400] "GET /assets/images/site_bg.jpg HTTP/1.1" 200 659 "http://www.huntersraid.org/" "Mozilla/5.0 (iPhone; CPU iPhone OS 7_1_1 like Mac OS X) AppleWebKit/537.51.2 (KHTML, like Gecko) Version/7.0 Mobile/11D201 Safari/9537.53"
46.118.155.40 - - [20/Jun/2014:13:00:03 -0400] "GET / HTTP/1.1" 200 10872 "http://mtech-world.net/" "Mozilla/4.0 (compatible; MSIE 6.0; Windows NT 5.1; SV1)"
193.150.120.14 - - [20/Jun/2014:04:34:28 -0400] "GET / HTTP/1.1" 200 10872 "http://onlineigry.su/" "Mozilla/4.0 (compatible; MSIE 6.0; Windows NT 5.1; SV1)"
193.150.120.14 - - [20/Jun/2014:04:34:29 -0400] "GET / HTTP/1.1" 200 10872 "http://onlineigry.su/" "Mozilla/4.0 (compatible; MSIE 6.0; Windows NT 5.1; SV1)"
66.249.64.141 - - [20/Jun/2014:16:51:39 -0400] "GET /visiting.html HTTP/1.1" 304 - "-" "Mozilla/5.0 (compatible; Googlebot/2.1; +http://www.google.com/bot.html)"
173.252.100.117 - - [20/Jun/2014:18:31:19 -0400] "GET /assets/images/logo_lynchburg.png HTTP/1.1" 206 9000 "http://www.huntersraid.org/information.php#.U5nQOAnv8hQ.facebook" "facebookexternalhit/1.1 (+http://www.facebook.com/externalhit_uatext.php)"
131.253.24.3 - - [20/Jun/2014:21:43:50 -0400] "GET /assets/images/wilson_warehouse.jpg HTTP/1.1" 200 9474 "-" "msnbot-media/1.1 (+http://search.msn.com/msnbot.htm)"
69.171.248.115 - - [20/Jun/2014:22:05:10 -0400] "GET /assets/images/resources_header.jpg HTTP/1.1" 206 6636 "-" "facebookexternalhit/1.1 (+http://www.facebook.com/externalhit_uatext.php)"
188.143.232.111 - - [20/Jun/2014:23:01:40 -0400] "POST /information.php HTTP/1.1" 200 9688 "http://www.huntersraid.org/information.php" "Mozilla/4.0 (compatible; MSIE 6.0; Windows NT 5.1; SV1)"
76.186.22.167 - - [20/Jun/2014:23:58:38 -0400] "GET /assets/images/shadow_btm_v.png HTTP/1.1" 200 22468 "http://www.huntersraid.org/story.html" "Mozilla/5.0 (Windows NT 6.1; Trident/7.0; rv:11.0) like Gecko"
50.204.90.50 - - [20/Jun/2014:09:50:08 -0400] "GET /assets/images/btn_resources-over.jpg HTTP/1.1" 200 3298 "http://www.huntersraid.org/" "Mozilla/5.0 (Windows NT 6.1; WOW64) AppleWebKit/537.36 (KHTML, like Gecko) Chrome/35.0.1916.153 Safari/537.36"
80.2.168.13 - - [20/Jun/2014:09:52:15 -0400] "GET / HTTP/1.1" 200 10872 "http://www.visitstaunton.com/attractions/attractions_museums.htm" "Mozilla/5.0 (iPad; CPU OS 7_0_2 like Mac OS X) AppleWebKit/537.51.1 (KHTML, like Gecko) CriOS/34.0.1847.18 Mobile/11A501 Safari/9537.53"
80.2.168.13 - - [20/Jun/2014:09:52:15 -0400] "GET /assets/images/shadow_top.jpg HTTP/1.1" 200 1496 "http://www.huntersraid.org/" "Mozilla/5.0 (iPad; CPU OS 7_0_2 like Mac OS X) AppleWebKit/537.51.1 (KHTML, like Gecko) CriOS/34.0.1847.18 Mobile/11A501 Safari/9537.53"
80.2.168.13 - - [20/Jun/2014:09:52:15 -0400] "GET /assets/images/btn_story.jpg HTTP/1.1" 200 1944 "http://www.huntersraid.org/" "Mozilla/5.0 (iPad; CPU OS 7_0_2 like Mac OS X) AppleWebKit/537.51.1 (KHTML, like Gecko) CriOS/34.0.1847.18 Mobile/11A501 Safari/9537.53"
80.2.168.13 - - [20/Jun/2014:09:52:15 -0400] "GET /assets/images/slideshow1.jpg HTTP/1.1" 200 43851 "http://www.huntersraid.org/" "Mozilla/5.0 (iPad; CPU OS 7_0_2 like Mac OS X) AppleWebKit/537.51.1 (KHTML, like Gecko) CriOS/34.0.1847.18 Mobile/11A501 Safari/9537.53"
80.2.168.13 - - [20/Jun/2014:09:52:15 -0400] "GET /assets/images/logo_cw150.png HTTP/1.1" 200 13351 "http://www.huntersraid.org/" "Mozilla/5.0 (iPad; CPU OS 7_0_2 like Mac OS X) AppleWebKit/537.51.1 (KHTML, like Gecko) CriOS/34.0.1847.18 Mobile/11A501 Safari/9537.53"
80.2.168.13 - - [20/Jun/2014:09:52:15 -0400] "GET /assets/images/site_bg.jpg HTTP/1.1" 200 659 "http://www.huntersraid.org/" "Mozilla/5.0 (iPad; CPU OS 7_0_2 like Mac OS X) AppleWebKit/537.51.1 (KHTML, like Gecko) CriOS/34.0.1847.18 Mobile/11A501 Safari/9537.53"
80.2.168.13 - - [20/Jun/2014:09:52:16 -0400] "GET /assets/images/content_bg_home.jpg HTTP/1.1" 200 57353 "http://www.huntersraid.org/" "Mozilla/5.0 (iPad; CPU OS 7_0_2 like Mac OS X) AppleWebKit/537.51.1 (KHTML, like Gecko) CriOS/34.0.1847.18 Mobile/11A501 Safari/9537.53"
80.2.168.13 - - [20/Jun/2014:09:52:17 -0400] "GET /assets/images/btn_visiting-over.jpg HTTP/1.1" 200 2734 "http://www.huntersraid.org/" "Mozilla/5.0 (iPad; CPU OS 7_0_2 like Mac OS X) AppleWebKit/537.51.1 (KHTML, like Gecko) CriOS/34.0.1847.18 Mobile/11A501 Safari/9537.53"
71.81.182.138 - - [20/Jun/2014:10:17:44 -0400] "GET /assets/images/shadow_top.jpg HTTP/1.1" 200 1496 "http://www.huntersraid.org/" "Mozilla/5.0 (Windows NT 6.1; WOW64) AppleWebKit/537.36 (KHTML, like Gecko) Chrome/35.0.1916.153 Safari/537.36"
71.81.182.138 - - [20/Jun/2014:10:17:44 -0400] "GET /assets/images/shadow_left.jpg HTTP/1.1" 200 3689 "http://www.huntersraid.org/" "Mozilla/5.0 (Windows NT 6.1; WOW64) AppleWebKit/537.36 (KHTML, like Gecko) Chrome/35.0.1916.153 Safari/537.36"
71.81.182.138 - - [20/Jun/2014:10:17:44 -0400] "GET /assets/images/btn_visiting.jpg HTTP/1.1" 200 1914 "http://www.huntersraid.org/" "Mozilla/5.0 (Windows NT 6.1; WOW64) AppleWebKit/537.36 (KHTML, like Gecko) Chrome/35.0.1916.153 Safari/537.36"
71.81.182.138 - - [20/Jun/2014:10:17:44 -0400] "GET /assets/images/btn_map.jpg HTTP/1.1" 200 1756 "http://www.huntersraid.org/" "Mozilla/5.0 (Windows NT 6.1; WOW64) AppleWebKit/537.36 (KHTML, like Gecko) Chrome/35.0.1916.153 Safari/537.36"
71.81.182.138 - - [20/Jun/2014:10:17:45 -0400] "GET /assets/images/nav_bg.jpg HTTP/1.1" 200 2144 "http://www.huntersraid.org/" "Mozilla/5.0 (Windows NT 6.1; WOW64) AppleWebKit/537.36 (KHTML, like Gecko) Chrome/35.0.1916.153 Safari/537.36"
71.81.182.138 - - [20/Jun/2014:10:17:45 -0400] "GET /assets/images/data_feed_bg.jpg HTTP/1.1" 200 20086 "http://www.huntersraid.org/" "Mozilla/5.0 (Windows NT 6.1; WOW64) AppleWebKit/537.36 (KHTML, like Gecko) Chrome/35.0.1916.153 Safari/537.36"
71.81.182.138 - - [20/Jun/2014:10:17:45 -0400] "GET /assets/images/site_bg.jpg HTTP/1.1" 200 659 "http://www.huntersraid.org/" "Mozilla/5.0 (Windows NT 6.1; WOW64) AppleWebKit/537.36 (KHTML, like Gecko) Chrome/35.0.1916.153 Safari/537.36"
71.81.182.138 - - [20/Jun/2014:10:17:45 -0400] "GET /assets/images/logo_botco.png HTTP/1.1" 200 5361 "http://www.huntersraid.org/" "Mozilla/5.0 (Windows NT 6.1; WOW64) AppleWebKit/537.36 (KHTML, like Gecko) Chrome/35.0.1916.153 Safari/537.36"
71.81.182.138 - - [20/Jun/2014:10:17:45 -0400] "GET /assets/images/logo_rvcvb.png HTTP/1.1" 200 7481 "http://www.huntersraid.org/" "Mozilla/5.0 (Windows NT 6.1; WOW64) AppleWebKit/537.36 (KHTML, like Gecko) Chrome/35.0.1916.153 Safari/537.36"
71.81.182.138 - - [20/Jun/2014:10:17:45 -0400] "GET /assets/images/logo_staunton.png HTTP/1.1" 200 4198 "http://www.huntersraid.org/" "Mozilla/5.0 (Windows NT 6.1; WOW64) AppleWebKit/537.36 (KHTML, like Gecko) Chrome/35.0.1916.153 Safari/537.36"
71.81.182.138 - - [20/Jun/2014:10:17:45 -0400] "GET /assets/images/slideshow3.jpg HTTP/1.1" 200 43522 "http://www.huntersraid.org/" "Mozilla/5.0 (Windows NT 6.1; WOW64) AppleWebKit/537.36 (KHTML, like Gecko) Chrome/35.0.1916.153 Safari/537.36"
71.81.182.138 - - [20/Jun/2014:10:17:45 -0400] "GET /assets/images/footer_bg.jpg HTTP/1.1" 200 49277 "http://www.huntersraid.org/" "Mozilla/5.0 (Windows NT 6.1; WOW64) AppleWebKit/537.36 (KHTML, like Gecko) Chrome/35.0.1916.153 Safari/537.36"
71.81.182.138 - - [20/Jun/2014:10:17:45 -0400] "GET /assets/images/btn_request_info-over.png HTTP/1.1" 200 9869 "http://www.huntersraid.org/" "Mozilla/5.0 (Windows NT 6.1; WOW64) AppleWebKit/537.36 (KHTML, like Gecko) Chrome/35.0.1916.153 Safari/537.36"
71.81.182.138 - - [20/Jun/2014:10:17:45 -0400] "GET /assets/images/btn_visiting-over.jpg HTTP/1.1" 200 2734 "http://www.huntersraid.org/" "Mozilla/5.0 (Windows NT 6.1; WOW64) AppleWebKit/537.36 (KHTML, like Gecko) Chrome/35.0.1916.153 Safari/537.36"
173.9.245.45 - - [20/Jun/2014:14:49:51 -0400] "GET /assets/images/mccausland.jpg HTTP/1.1" 200 3935 "http://www.huntersraid.org/story.html" "Mozilla/5.0 (Windows NT 6.1; WOW64; rv:29.0) Gecko/20100101 Firefox/29.0"
199.58.86.206 - - [20/Jun/2014:01:27:59 -0400] "GET /robots.txt HTTP/1.0" 404 575 "-" "Mozilla/5.0 (compatible; MJ12bot/v1.4.5; http://www.majestic12.co.uk/bot.php?+)"
65.55.215.35 - - [20/Jun/2014:01:32:36 -0400] "GET /assets/images/lee_chapel.jpg HTTP/1.1" 200 12534 "-" "msnbot-media/1.1 (+http://search.msn.com/msnbot.htm)"
206.248.178.222 - - [20/Jun/2014:06:16:47 -0400] "GET / HTTP/1.1" 200 10872 "-" "Mozilla/5.0 (Windows; U; Windows NT 6.1; en-US; rv:1.9.1.3) Gecko/20090824 Firefox/3.5.3 (.NET CLR 3.5.30729)"
198.72.120.37 - - [20/Jun/2014:15:19:14 -0400] "GET /assets/images/fc_museum.jpg HTTP/1.1" 200 12608 "-" "Mozilla/5.0 (Windows NT 6.1; WOW64) AppleWebKit/535.19 (KHTML, like Gecko) Chrome/18.0.1025.142 Safari/535.19"
70.188.51.15 - - [20/Jun/2014:17:29:00 -0400] "GET /assets/images/btn_resources-over.jpg HTTP/1.1" 200 3298 "http://www.huntersraid.org/" "Mozilla/5.0 (Linux; U; Android 3.1; en-us; GT-P7510 Build/HMJ37) AppleWebKit/534.13 (KHTML, like Gecko) Version/4.0 Safari/534.13"
69.171.233.116 - - [20/Jun/2014:22:06:38 -0400] "GET /assets/images/logo_cw150.png HTTP/1.1" 206 13351 "-" "facebookexternalhit/1.1 (+http://www.facebook.com/externalhit_uatext.php)"
69.171.233.116 - - [20/Jun/2014:22:06:38 -0400] "GET /assets/images/shadow_left.jpg HTTP/1.1" 206 3689 "-" "facebookexternalhit/1.1 (+http://www.facebook.com/externalhit_uatext.php)"
46.118.155.40 - - [20/Jun/2014:22:31:07 -0400] "GET / HTTP/1.1" 200 10872 "http://strongholdsb.ru/" "Opera/7.54 (Windows NT 5.1; U) [pl]"
66.249.64.136 - - [20/Jun/2014:22:43:43 -0400] "GET /visiting.html HTTP/1.1" 304 - "-" "Mozilla/5.0 (compatible; Googlebot/2.1; +http://www.google.com/bot.html)"
82.193.99.33 - - [20/Jun/2014:23:28:51 -0400] "GET /index.html HTTP/1.1" 200 10872 "http://dominterior.org/" "Mozilla/4.0 (compatible; MSIE 6.0; AOL 9.0; Windows NT 5.1)"
168.215.131.150 - - [20/Jun/2014:07:48:34 -0400] "GET /map.html HTTP/1.1" 200 8312 "http://www.huntersraid.org/" "Mozilla/5.0 (Windows NT 5.1; rv:30.0) Gecko/20100101 Firefox/30.0"
168.215.131.150 - - [20/Jun/2014:07:48:34 -0400] "GET /Scripts/AC_RunActiveContent.js HTTP/1.1" 200 8029 "http://www.huntersraid.org/map.html" "Mozilla/5.0 (Windows NT 5.1; rv:30.0) Gecko/20100101 Firefox/30.0"
168.215.131.150 - - [20/Jun/2014:07:48:34 -0400] "GET /assets/images/shadow_btm_v.png HTTP/1.1" 200 22468 "http://www.huntersraid.org/map.html" "Mozilla/5.0 (Windows NT 5.1; rv:30.0) Gecko/20100101 Firefox/30.0"
168.215.131.150 - - [20/Jun/2014:07:48:34 -0400] "GET /assets/images/shadow_left_center_v.png HTTP/1.1" 200 191 "http://www.huntersraid.org/map.html" "Mozilla/5.0 (Windows NT 5.1; rv:30.0) Gecko/20100101 Firefox/30.0"
204.12.251.37 - - [20/Jun/2014:09:09:14 -0400] "GET /information.php HTTP/1.1" 200 9518 "-" "Mozilla/4.0 (compatible; MSIE 6.0; Windows NT 5.1; en)"
131.253.24.3 - - [20/Jun/2014:11:17:39 -0400] "GET /assets/images/wilson_warehouse.jpg HTTP/1.1" 200 9474 "-" "msnbot-media/1.1 (+http://search.msn.com/msnbot.htm)"
79.116.31.254 - - [20/Jun/2014:15:31:04 -0400] "GET /assets/images/shadow_btm_v.png HTTP/1.1" 200 22468 "-" "Java/1.6.0_04"
79.116.31.254 - - [20/Jun/2014:15:31:04 -0400] "GET /assets/images/early.png HTTP/1.1" 200 22157 "-" "Java/1.6.0_04"
79.116.31.254 - - [20/Jun/2014:15:31:06 -0400] "GET /assets/images/gun.png HTTP/1.1" 200 32858 "-" "Java/1.6.0_04"
79.116.31.254 - - [20/Jun/2014:15:31:07 -0400] "GET /assets/images/sword.png HTTP/1.1" 200 36356 "-" "Java/1.6.0_04"
79.116.31.254 - - [20/Jun/2014:15:31:08 -0400] "GET /././information.php HTTP/1.1" 200 9518 "-" "Java/1.6.0_04"
79.116.31.254 - - [20/Jun/2014:15:31:09 -0400] "GET /./Scripts/AC_RunActiveContent.js HTTP/1.1" 200 8029 "-" "Java/1.6.0_04"
79.116.31.254 - - [20/Jun/2014:15:31:09 -0400] "GET /././index.html HTTP/1.1" 200 10872 "-" "Java/1.6.0_04"
70.188.51.15 - - [20/Jun/2014:17:28:24 -0400] "GET /assets/images/slideshow1.jpg HTTP/1.1" 200 43851 "http://www.huntersraid.org/" "Mozilla/5.0 (Linux; U; Android 3.1; en-us; GT-P7510 Build/HMJ37) AppleWebKit/534.13 (KHTML, like Gecko) Version/4.0 Safari/534.13"
70.188.51.15 - - [20/Jun/2014:17:28:24 -0400] "GET /assets/images/btn_resources.jpg HTTP/1.1" 200 2275 "http://www.huntersraid.org/" "Mozilla/5.0 (Linux; U; Android 3.1; en-us; GT-P7510 Build/HMJ37) AppleWebKit/534.13 (KHTML, like Gecko) Version/4.0 Safari/534.13"
70.188.51.15 - - [20/Jun/2014:17:28:24 -0400] "GET /assets/images/logo_botco.png HTTP/1.1" 200 5361 "http://www.huntersraid.org/" "Mozilla/5.0 (Linux; U; Android 3.1; en-us; GT-P7510 Build/HMJ37) AppleWebKit/534.13 (KHTML, like Gecko) Version/4.0 Safari/534.13"
173.252.100.116 - - [20/Jun/2014:18:30:45 -0400] "GET /assets/images/logo_rvcvb.png HTTP/1.1" 206 7481 "http://www.huntersraid.org/information.php#.U5nQOAnv8hQ.facebook" "facebookexternalhit/1.1 (+http://www.facebook.com/externalhit_uatext.php)"
69.171.248.115 - - [20/Jun/2014:22:04:36 -0400] "GET /assets/images/shadow_btm_v.png HTTP/1.1" 206 22468 "-" "facebookexternalhit/1.1 (+http://www.facebook.com/externalhit_uatext.php)"
69.171.237.114 - - [20/Jun/2014:22:06:06 -0400] "GET /assets/images/btn_map.jpg HTTP/1.1" 206 1756 "http://www.huntersraid.org/?fb_locale=es_LA" "facebookexternalhit/1.1 (+http://www.facebook.com/externalhit_uatext.php)"
204.12.251.37 - - [20/Jun/2014:09:09:51 -0400] "GET /story.html HTTP/1.1" 200 14678 "-" "Mozilla/4.0 (compatible; MSIE 6.0; Windows NT 5.1; en)"
71.81.182.138 - - [20/Jun/2014:10:17:52 -0400] "GET /visiting.html HTTP/1.1" 200 30487 "http://www.huntersraid.org/" "Mozilla/5.0 (Windows NT 6.1; WOW64) AppleWebKit/537.36 (KHTML, like Gecko) Chrome/35.0.1916.153 Safari/537.36"
71.81.182.138 - - [20/Jun/2014:10:17:52 -0400] "GET /assets/images/bedford_museum.jpg HTTP/1.1" 200 72097 "http://www.huntersraid.org/visiting.html" "Mozilla/5.0 (Windows NT 6.1; WOW64) AppleWebKit/537.36 (KHTML, like Gecko) Chrome/35.0.1916.153 Safari/537.36"
71.81.182.138 - - [20/Jun/2014:10:17:52 -0400] "GET /assets/images/content_bg_v.jpg HTTP/1.1" 200 498 "http://www.huntersraid.org/visiting.html" "Mozilla/5.0 (Windows NT 6.1; WOW64) AppleWebKit/537.36 (KHTML, like Gecko) Chrome/35.0.1916.153 Safari/537.36"
71.81.182.138 - - [20/Jun/2014:10:17:52 -0400] "GET /assets/images/shadow_right_center_v.png HTTP/1.1" 200 191 "http://www.huntersraid.org/visiting.html" "Mozilla/5.0 (Windows NT 6.1; WOW64) AppleWebKit/537.36 (KHTML, like Gecko) Chrome/35.0.1916.153 Safari/537.36"
71.81.182.138 - - [20/Jun/2014:10:17:52 -0400] "GET /assets/images/botco_museum.jpg HTTP/1.1" 200 11794 "http://www.huntersraid.org/visiting.html" "Mozilla/5.0 (Windows NT 6.1; WOW64) AppleWebKit/537.36 (KHTML, like Gecko) Chrome/35.0.1916.153 Safari/537.36"
71.81.182.138 - - [20/Jun/2014:10:17:52 -0400] "GET /assets/images/wilson_warehouse.jpg HTTP/1.1" 200 9474 "http://www.huntersraid.org/visiting.html" "Mozilla/5.0 (Windows NT 6.1; WOW64) AppleWebKit/537.36 (KHTML, like Gecko) Chrome/35.0.1916.153 Safari/537.36"
71.81.182.138 - - [20/Jun/2014:10:17:52 -0400] "GET /assets/images/carriages.jpg HTTP/1.1" 200 12819 "http://www.huntersraid.org/visiting.html" "Mozilla/5.0 (Windows NT 6.1; WOW64) AppleWebKit/537.36 (KHTML, like Gecko) Chrome/35.0.1916.153 Safari/537.36"
71.81.182.138 - - [20/Jun/2014:10:17:52 -0400] "GET /assets/images/lee_chapel.jpg HTTP/1.1" 200 12534 "http://www.huntersraid.org/visiting.html" "Mozilla/5.0 (Windows NT 6.1; WOW64) AppleWebKit/537.36 (KHTML, like Gecko) Chrome/35.0.1916.153 Safari/537.36"
71.81.182.138 - - [20/Jun/2014:10:17:52 -0400] "GET /assets/images/city_cemetery.jpg HTTP/1.1" 200 12437 "http://www.huntersraid.org/visiting.html" "Mozilla/5.0 (Windows NT 6.1; WOW64) AppleWebKit/537.36 (KHTML, like Gecko) Chrome/35.0.1916.153 Safari/537.36"
71.81.182.138 - - [20/Jun/2014:10:17:52 -0400] "GET /assets/images/history_museum.jpg HTTP/1.1" 200 12823 "http://www.huntersraid.org/visiting.html" "Mozilla/5.0 (Windows NT 6.1; WOW64) AppleWebKit/537.36 (KHTML, like Gecko) Chrome/35.0.1916.153 Safari/537.36"
71.81.182.138 - - [20/Jun/2014:10:17:52 -0400] "GET /assets/images/gypsy_park.jpg HTTP/1.1" 200 13049 "http://www.huntersraid.org/visiting.html" "Mozilla/5.0 (Windows NT 6.1; WOW64) AppleWebKit/537.36 (KHTML, like Gecko) Chrome/35.0.1916.153 Safari/537.36"
71.81.182.138 - - [20/Jun/2014:10:17:52 -0400] "GET /assets/images/fc_museum.jpg HTTP/1.1" 200 12608 "http://www.huntersraid.org/visiting.html" "Mozilla/5.0 (Windows NT 6.1; WOW64) AppleWebKit/537.36 (KHTML, like Gecko) Chrome/35.0.1916.153 Safari/537.36"
66.249.64.141 - - [20/Jun/2014:14:34:22 -0400] "GET /robots.txt HTTP/1.1" 404 575 "-" "Mozilla/5.0 (compatible; Googlebot/2.1; +http://www.google.com/bot.html)"
24.149.67.113 - - [20/Jun/2014:15:51:51 -0400] "GET /assets/images/btn_story.jpg HTTP/1.0" 304 - "http://www.huntersraid.org/visiting.html" "Mozilla/4.0 (compatible; MSIE 8.0; Windows NT 5.1; Trident/4.0; .NET CLR 1.1.4322; .NET CLR 2.0.50727; .NET CLR 3.0.4506.2152; .NET CLR 3.5.30729; .NET4.0C; .NET4.0E; IPH 1.1.21.4019)"
24.149.67.113 - - [20/Jun/2014:15:51:53 -0400] "GET /assets/images/btn_resources.jpg HTTP/1.0" 304 - "http://www.huntersraid.org/visiting.html" "Mozilla/4.0 (compatible; MSIE 8.0; Windows NT 5.1; Trident/4.0; .NET CLR 1.1.4322; .NET CLR 2.0.50727; .NET CLR 3.0.4506.2152; .NET CLR 3.5.30729; .NET4.0C; .NET4.0E; IPH 1.1.21.4019)"
173.252.100.114 - - [20/Jun/2014:18:31:17 -0400] "GET /assets/images/logo_lexington.png HTTP/1.1" 206 6943 "http://www.huntersraid.org/information.php#.U5nQOAnv8hQ.facebook" "facebookexternalhit/1.1 (+http://www.facebook.com/externalhit_uatext.php)"
173.252.100.115 - - [20/Jun/2014:18:31:17 -0400] "GET /assets/images/logo_cw150.png HTTP/1.1" 206 9000 "http://www.huntersraid.org/information.php#.U5nQOAnv8hQ.facebook" "facebookexternalhit/1.1 (+http://www.facebook.com/externalhit_uatext.php)"
173.252.103.118 - - [20/Jun/2014:18:31:18 -0400] "GET /assets/images/btn_map.jpg HTTP/1.1" 206 1756 "-" "facebookexternalhit/1.1 (+http://www.facebook.com/externalhit_uatext.php)"
173.252.103.112 - - [20/Jun/2014:18:31:18 -0400] "GET /assets/images/logo_cw150.png HTTP/1.1" 206 13351 "-" "facebookexternalhit/1.1 (+http://www.facebook.com/externalhit_uatext.php)"
46.119.115.144 - - [20/Jun/2014:20:45:01 -0400] "GET / HTTP/1.1" 200 10872 "http://www.tipsoffice.com/ru/" "Mozilla/4.0 (compatible; MSIE 6.0; Windows NT 5.1; .NET CLR 1.1.4322)"
96.61.96.134 - - [20/Jun/2014:21:48:42 -0400] "GET /assets/images/btn_story-on.jpg HTTP/1.1" 200 2520 "http://www.huntersraid.org/story.html" "Mozilla/5.0 (Windows NT 6.1; WOW64; rv:30.0) Gecko/20100101 Firefox/30.0"
96.61.96.134 - - [20/Jun/2014:21:48:43 -0400] "GET /assets/images/story_photo.jpg HTTP/1.1" 200 18037 "http://www.huntersraid.org/story.html" "Mozilla/5.0 (Windows NT 6.1; WOW64; rv:30.0) Gecko/20100101 Firefox/30.0"
96.61.96.134 - - [20/Jun/2014:21:48:43 -0400] "GET /assets/images/shadow_right_story.jpg HTTP/1.1" 200 3717 "http://www.huntersraid.org/story.html" "Mozilla/5.0 (Windows NT 6.1; WOW64; rv:30.0) Gecko/20100101 Firefox/30.0"
96.61.96.134 - - [20/Jun/2014:21:48:43 -0400] "GET /assets/images/slideshow2.jpg HTTP/1.1" 200 39390 "http://www.huntersraid.org/story.html" "Mozilla/5.0 (Windows NT 6.1; WOW64; rv:30.0) Gecko/20100101 Firefox/30.0"
96.61.96.134 - - [20/Jun/2014:21:48:44 -0400] "GET /assets/images/slideshow4.jpg HTTP/1.1" 200 35694 "http://www.huntersraid.org/story.html" "Mozilla/5.0 (Windows NT 6.1; WOW64; rv:30.0) Gecko/20100101 Firefox/30.0"
96.61.96.134 - - [20/Jun/2014:21:48:44 -0400] "GET /assets/images/footer_bg.jpg HTTP/1.1" 200 49277 "http://www.huntersraid.org/assets/styles/styles.css" "Mozilla/5.0 (Windows NT 6.1; WOW64; rv:30.0) Gecko/20100101 Firefox/30.0"
96.61.96.134 - - [20/Jun/2014:21:48:45 -0400] "GET /assets/images/btn_story-over.jpg HTTP/1.1" 200 2834 "http://www.huntersraid.org/story.html" "Mozilla/5.0 (Windows NT 6.1; WOW64; rv:30.0) Gecko/20100101 Firefox/30.0"
96.61.96.134 - - [20/Jun/2014:22:04:44 -0400] "GET /assets/images/resources_header.jpg HTTP/1.1" 200 6636 "http://www.huntersraid.org/resources.html" "Mozilla/5.0 (Windows NT 6.1; WOW64; rv:30.0) Gecko/20100101 Firefox/30.0"
69.171.248.116 - - [20/Jun/2014:22:05:08 -0400] "GET /assets/images/btn_request_info.png HTTP/1.1" 206 7951 "-" "facebookexternalhit/1.1 (+http://www.facebook.com/externalhit_uatext.php)"
173.252.112.118 - - [20/Jun/2014:22:05:09 -0400] "GET /assets/images/logo_lynchburg.png HTTP/1.1" 206 9749 "-" "facebookexternalhit/1.1 (+http://www.facebook.com/externalhit_uatext.php)"
69.171.237.117 - - [20/Jun/2014:22:06:38 -0400] "GET /assets/images/logo_bedford.png HTTP/1.1" 206 6195 "http://www.huntersraid.org/?fb_locale=es_LA" "facebookexternalhit/1.1 (+http://www.facebook.com/externalhit_uatext.php)"
69.171.237.112 - - [20/Jun/2014:22:06:38 -0400] "GET /assets/images/logo_vifl.png HTTP/1.1" 206 6305 "http://www.huntersraid.org/?fb_locale=es_LA" "facebookexternalhit/1.1 (+http://www.facebook.com/externalhit_uatext.php)"
69.171.237.115 - - [20/Jun/2014:22:06:38 -0400] "GET /assets/images/shadow_top.jpg HTTP/1.1" 206 1496 "http://www.huntersraid.org/?fb_locale=es_LA" "facebookexternalhit/1.1 (+http://www.facebook.com/externalhit_uatext.php)"
96.61.97.194 - - [20/Jun/2014:22:57:42 -0400] "GET /favicon.ico HTTP/1.1" 404 575 "-" "Mozilla/5.0 (Windows NT 6.1; Win64; x64; Trident/7.0; LEN2; rv:11.0) like Gecko"
76.186.22.167 - - [20/Jun/2014:23:58:04 -0400] "GET /assets/images/hr_logo.gif HTTP/1.1" 200 6378 "http://www.huntersraid.org/" "Mozilla/5.0 (Windows NT 6.1; Trident/7.0; rv:11.0) like Gecko"
76.186.22.167 - - [20/Jun/2014:23:58:04 -0400] "GET /assets/images/btn_resources.jpg HTTP/1.1" 200 2275 "http://www.huntersraid.org/" "Mozilla/5.0 (Windows NT 6.1; Trident/7.0; rv:11.0) like Gecko"
76.186.22.167 - - [20/Jun/2014:23:58:04 -0400] "GET /assets/images/slideshow1.jpg HTTP/1.1" 200 43851 "http://www.huntersraid.org/" "Mozilla/5.0 (Windows NT 6.1; Trident/7.0; rv:11.0) like Gecko"
76.186.22.167 - - [20/Jun/2014:23:58:04 -0400] "GET /assets/images/logo_lynchburg.png HTTP/1.1" 200 9749 "http://www.huntersraid.org/" "Mozilla/5.0 (Windows NT 6.1; Trident/7.0; rv:11.0) like Gecko"
76.186.22.167 - - [20/Jun/2014:23:58:04 -0400] "GET /assets/images/logo_cw150.png HTTP/1.1" 200 13351 "http://www.huntersraid.org/" "Mozilla/5.0 (Windows NT 6.1; Trident/7.0; rv:11.0) like Gecko"
76.186.22.167 - - [20/Jun/2014:23:58:05 -0400] "GET /assets/images/footer_bg.jpg HTTP/1.1" 200 49277 "http://www.huntersraid.org/" "Mozilla/5.0 (Windows NT 6.1; Trident/7.0; rv:11.0) like Gecko"
76.186.22.167 - - [20/Jun/2014:23:58:06 -0400] "GET /assets/images/btn_visiting-over.jpg HTTP/1.1" 200 2734 "http://www.huntersraid.org/" "Mozilla/5.0 (Windows NT 6.1; Trident/7.0; rv:11.0) like Gecko"
168.215.131.150 - - [20/Jun/2014:07:48:32 -0400] "GET /assets/images/shadow_left.jpg HTTP/1.1" 200 3689 "http://www.huntersraid.org/" "Mozilla/5.0 (Windows NT 5.1; rv:30.0) Gecko/20100101 Firefox/30.0"
168.215.131.150 - - [20/Jun/2014:07:48:32 -0400] "GET /assets/images/btn_visiting.jpg HTTP/1.1" 200 1914 "http://www.huntersraid.org/" "Mozilla/5.0 (Windows NT 5.1; rv:30.0) Gecko/20100101 Firefox/30.0"
168.215.131.150 - - [20/Jun/2014:07:48:32 -0400] "GET /assets/images/logo_botco.png HTTP/1.1" 200 5361 "http://www.huntersraid.org/" "Mozilla/5.0 (Windows NT 5.1; rv:30.0) Gecko/20100101 Firefox/30.0"
168.215.131.150 - - [20/Jun/2014:07:48:32 -0400] "GET /assets/images/logo_staunton.png HTTP/1.1" 200 4198 "http://www.huntersraid.org/" "Mozilla/5.0 (Windows NT 5.1; rv:30.0) Gecko/20100101 Firefox/30.0"
199.244.106.12 - - [20/Jun/2014:09:39:37 -0400] "GET /assets/images/btn_request_info.png HTTP/1.1" 304 - "http://www.huntersraid.org/" "Mozilla/5.0 (iPhone; CPU iPhone OS 7_1_1 like Mac OS X) AppleWebKit/537.51.2 (KHTML, like Gecko) Version/7.0 Mobile/11D201 Safari/9537.53"
199.244.106.12 - - [20/Jun/2014:09:39:37 -0400] "GET /assets/images/btn_story.jpg HTTP/1.1" 304 - "http://www.huntersraid.org/" "Mozilla/5.0 (iPhone; CPU iPhone OS 7_1_1 like Mac OS X) AppleWebKit/537.51.2 (KHTML, like Gecko) Version/7.0 Mobile/11D201 Safari/9537.53"
199.244.106.12 - - [20/Jun/2014:09:39:37 -0400] "GET /assets/images/btn_resources.jpg HTTP/1.1" 304 - "http://www.huntersraid.org/" "Mozilla/5.0 (iPhone; CPU iPhone OS 7_1_1 like Mac OS X) AppleWebKit/537.51.2 (KHTML, like Gecko) Version/7.0 Mobile/11D201 Safari/9537.53"
199.244.106.12 - - [20/Jun/2014:09:39:37 -0400] "GET /assets/images/slideshow1.jpg HTTP/1.1" 304 - "http://www.huntersraid.org/" "Mozilla/5.0 (iPhone; CPU iPhone OS 7_1_1 like Mac OS X) AppleWebKit/537.51.2 (KHTML, like Gecko) Version/7.0 Mobile/11D201 Safari/9537.53"
199.244.106.12 - - [20/Jun/2014:09:39:37 -0400] "GET /assets/images/logo_lexington.png HTTP/1.1" 304 - "http://www.huntersraid.org/" "Mozilla/5.0 (iPhone; CPU iPhone OS 7_1_1 like Mac OS X) AppleWebKit/537.51.2 (KHTML, like Gecko) Version/7.0 Mobile/11D201 Safari/9537.53"
199.244.106.12 - - [20/Jun/2014:09:39:37 -0400] "GET /assets/images/logo_lynchburg.png HTTP/1.1" 304 - "http://www.huntersraid.org/" "Mozilla/5.0 (iPhone; CPU iPhone OS 7_1_1 like Mac OS X) AppleWebKit/537.51.2 (KHTML, like Gecko) Version/7.0 Mobile/11D201 Safari/9537.53"
199.244.106.12 - - [20/Jun/2014:09:39:37 -0400] "GET /assets/images/logo_vifl.png HTTP/1.1" 304 - "http://www.huntersraid.org/" "Mozilla/5.0 (iPhone; CPU iPhone OS 7_1_1 like Mac OS X) AppleWebKit/537.51.2 (KHTML, like Gecko) Version/7.0 Mobile/11D201 Safari/9537.53"
199.244.106.12 - - [20/Jun/2014:09:39:37 -0400] "GET /assets/images/shadow_btm.jpg HTTP/1.1" 304 - "http://www.huntersraid.org/" "Mozilla/5.0 (iPhone; CPU iPhone OS 7_1_1 like Mac OS X) AppleWebKit/537.51.2 (KHTML, like Gecko) Version/7.0 Mobile/11D201 Safari/9537.53"
50.204.90.50 - - [20/Jun/2014:09:51:26 -0400] "GET /index.html HTTP/1.1" 200 10872 "http://www.huntersraid.org/story.html" "Mozilla/5.0 (Windows NT 6.1; WOW64) AppleWebKit/537.36 (KHTML, like Gecko) Chrome/35.0.1916.153 Safari/537.36"
80.2.168.13 - - [20/Jun/2014:09:52:04 -0400] "GET /favicon.ico HTTP/1.1" 404 575 "-" "Mozilla/5.0 (iPad; CPU OS 7_0_2 like Mac OS X) AppleWebKit/537.51.1 (KHTML, like Gecko) CriOS/34.0.1847.18 Mobile/11A501 Safari/9537.53"
69.171.248.116 - - [20/Jun/2014:09:53:29 -0400] "GET /assets/images/early.png HTTP/1.1" 206 22157 "-" "facebookexternalhit/1.1 (+http://www.facebook.com/externalhit_uatext.php)"
130.211.170.32 - - [20/Jun/2014:10:45:44 -0400] "GET / HTTP/1.0" 200 10872 "-" "NerdyBot"
192.81.215.225 - - [20/Jun/2014:12:15:02 -0400] "GET / HTTP/1.1" 200 10872 "-" "Comodo-Webinspector-Crawler 2.2.1, http://www.comodorobot.com"
24.254.162.203 - - [20/Jun/2014:14:21:30 -0400] "GET /assets/images/footer_bg.jpg HTTP/1.1" 200 49277 "http://www.huntersraid.org/" "Mozilla/5.0 (Linux; Android 4.4.2; SM-G900V Build/KOT49H) AppleWebKit/537.36 (KHTML, like Gecko) Chrome/35.0.1916.141 Mobile Safari/537.36"
24.254.162.203 - - [20/Jun/2014:14:21:32 -0400] "GET /assets/images/btn_story-over.jpg HTTP/1.1" 200 2834 "http://www.huntersraid.org/" "Mozilla/5.0 (Linux; Android 4.4.2; SM-G900V Build/KOT49H) AppleWebKit/537.36 (KHTML, like Gecko) Chrome/35.0.1916.141 Mobile Safari/537.36"
24.254.162.203 - - [20/Jun/2014:14:21:32 -0400] "GET /assets/images/btn_resources-over.jpg HTTP/1.1" 200 3298 "http://www.huntersraid.org/" "Mozilla/5.0 (Linux; Android 4.4.2; SM-G900V Build/KOT49H) AppleWebKit/537.36 (KHTML, like Gecko) Chrome/35.0.1916.141 Mobile Safari/537.36"
24.254.162.203 - - [20/Jun/2014:14:21:32 -0400] "GET /favicon.ico HTTP/1.1" 404 575 "-" "Mozilla/5.0 (Linux; Android 4.4.2; SM-G900V Build/KOT49H) AppleWebKit/537.36 (KHTML, like Gecko) Chrome/35.0.1916.141 Mobile Safari/537.36"
173.9.245.45 - - [20/Jun/2014:14:49:36 -0400] "GET /assets/images/btn_map-over.jpg HTTP/1.1" 200 2468 "http://www.huntersraid.org/story.html" "Mozilla/5.0 (Windows NT 6.1; WOW64; rv:29.0) Gecko/20100101 Firefox/29.0"
66.87.95.144 - - [20/Jun/2014:16:20:18 -0400] "GET /assets/images/slideshow2.jpg HTTP/1.1" 200 39390 "http://www.huntersraid.org/" "Mozilla/5.0 (iPhone; CPU iPhone OS 7_1 like Mac OS X) AppleWebKit/537.51.2 (KHTML, like Gecko) Version/7.0 Mobile/11D167 Safari/9537.53"
66.87.95.144 - - [20/Jun/2014:16:20:18 -0400] "GET /assets/images/site_bg.jpg HTTP/1.1" 200 659 "http://www.huntersraid.org/" "Mozilla/5.0 (iPhone; CPU iPhone OS 7_1 like Mac OS X) AppleWebKit/537.51.2 (KHTML, like Gecko) Version/7.0 Mobile/11D167 Safari/9537.53"
173.252.100.115 - - [20/Jun/2014:18:30:57 -0400] "GET /assets/images/logo_botco.png HTTP/1.1" 206 5361 "http://www.huntersraid.org/information.php#.U5nQOAnv8hQ.facebook" "facebookexternalhit/1.1 (+http://www.facebook.com/externalhit_uatext.php)"
71.81.182.138 - - [20/Jun/2014:21:19:25 -0400] "GET /assets/styles/styles.css HTTP/1.1" 200 4633 "http://www.huntersraid.org/visiting.html" "Mozilla/5.0 (Windows NT 6.1) AppleWebKit/537.36 (KHTML, like Gecko) Chrome/35.0.1916.153 Safari/537.36"
71.81.182.138 - - [20/Jun/2014:21:19:26 -0400] "GET /assets/images/btn_resources.jpg HTTP/1.1" 200 2275 "http://www.huntersraid.org/visiting.html" "Mozilla/5.0 (Windows NT 6.1) AppleWebKit/537.36 (KHTML, like Gecko) Chrome/35.0.1916.153 Safari/537.36"
71.81.182.138 - - [20/Jun/2014:21:19:26 -0400] "GET /assets/images/gun.png HTTP/1.1" 200 32858 "http://www.huntersraid.org/visiting.html" "Mozilla/5.0 (Windows NT 6.1) AppleWebKit/537.36 (KHTML, like Gecko) Chrome/35.0.1916.153 Safari/537.36"
71.81.182.138 - - [20/Jun/2014:21:19:26 -0400] "GET /assets/images/sj_house.jpg HTTP/1.1" 200 16214 "http://www.huntersraid.org/visiting.html" "Mozilla/5.0 (Windows NT 6.1) AppleWebKit/537.36 (KHTML, like Gecko) Chrome/35.0.1916.153 Safari/537.36"
71.81.182.138 - - [20/Jun/2014:21:19:26 -0400] "GET /assets/images/chaplain_museum.jpg HTTP/1.1" 200 9740 "http://www.huntersraid.org/visiting.html" "Mozilla/5.0 (Windows NT 6.1) AppleWebKit/537.36 (KHTML, like Gecko) Chrome/35.0.1916.153 Safari/537.36"
71.81.182.138 - - [20/Jun/2014:21:19:26 -0400] "GET /assets/images/fc_museum.jpg HTTP/1.1" 200 12608 "http://www.huntersraid.org/visiting.html" "Mozilla/5.0 (Windows NT 6.1) AppleWebKit/537.36 (KHTML, like Gecko) Chrome/35.0.1916.153 Safari/537.36"
71.81.182.138 - - [20/Jun/2014:21:19:26 -0400] "GET /assets/images/logo_lexington.png HTTP/1.1" 200 6943 "http://www.huntersraid.org/visiting.html" "Mozilla/5.0 (Windows NT 6.1) AppleWebKit/537.36 (KHTML, like Gecko) Chrome/35.0.1916.153 Safari/537.36"
71.81.182.138 - - [20/Jun/2014:21:19:26 -0400] "GET /assets/images/content_bg_v.jpg HTTP/1.1" 200 498 "http://www.huntersraid.org/visiting.html" "Mozilla/5.0 (Windows NT 6.1) AppleWebKit/537.36 (KHTML, like Gecko) Chrome/35.0.1916.153 Safari/537.36"
71.81.182.138 - - [20/Jun/2014:21:19:26 -0400] "GET /assets/images/logo_cw150.png HTTP/1.1" 200 13351 "http://www.huntersraid.org/visiting.html" "Mozilla/5.0 (Windows NT 6.1) AppleWebKit/537.36 (KHTML, like Gecko) Chrome/35.0.1916.153 Safari/537.36"
71.81.182.138 - - [20/Jun/2014:21:19:27 -0400] "GET /assets/images/btn_visiting-over.jpg HTTP/1.1" 200 2734 "http://www.huntersraid.org/visiting.html" "Mozilla/5.0 (Windows NT 6.1) AppleWebKit/537.36 (KHTML, like Gecko) Chrome/35.0.1916.153 Safari/537.36"
173.252.100.117 - - [20/Jun/2014:22:04:46 -0400] "GET /assets/images/logo_staunton.png HTTP/1.1" 206 4198 "http://www.huntersraid.org/resources.html#.U6ToVDpiixA.facebook" "facebookexternalhit/1.1 (+http://www.facebook.com/externalhit_uatext.php)"
173.252.113.119 - - [20/Jun/2014:22:04:48 -0400] "GET /assets/images/resources_header.jpg HTTP/1.1" 200 6636 "-" "visionutils/0.2"
69.171.233.112 - - [20/Jun/2014:22:06:20 -0400] "GET /assets/images/btn_visiting.jpg HTTP/1.1" 206 1914 "-" "facebookexternalhit/1.1 (+http://www.facebook.com/externalhit_uatext.php)"
96.61.97.194 - - [20/Jun/2014:22:57:07 -0400] "GET / HTTP/1.1" 200 10872 "http://www.visitroanokeva.com/visitors/history/roanoke-civil-war/" "Mozilla/5.0 (Windows NT 6.1; WOW64; Trident/7.0; LEN2; rv:11.0) like Gecko"
96.61.97.194 - - [20/Jun/2014:22:57:09 -0400] "GET /assets/images/logo_bedford.png HTTP/1.1" 200 6195 "http://www.huntersraid.org/" "Mozilla/5.0 (Windows NT 6.1; WOW64; Trident/7.0; LEN2; rv:11.0) like Gecko"
96.61.97.194 - - [20/Jun/2014:22:57:09 -0400] "GET /assets/images/slideshow4.jpg HTTP/1.1" 200 35694 "http://www.huntersraid.org/" "Mozilla/5.0 (Windows NT 6.1; WOW64; Trident/7.0; LEN2; rv:11.0) like Gecko"
96.61.97.194 - - [20/Jun/2014:22:57:12 -0400] "GET /assets/images/shadow_right.jpg HTTP/1.1" 200 3979 "http://www.huntersraid.org/" "Mozilla/5.0 (Windows NT 6.1; WOW64; Trident/7.0; LEN2; rv:11.0) like Gecko"
168.215.131.150 - - [20/Jun/2014:07:48:51 -0400] "GET /assets/images/bedford_museum.jpg HTTP/1.1" 200 72097 "http://www.huntersraid.org/visiting.html" "Mozilla/5.0 (Windows NT 5.1; rv:30.0) Gecko/20100101 Firefox/30.0"
168.215.131.150 - - [20/Jun/2014:07:48:51 -0400] "GET /assets/images/cemetery.jpg HTTP/1.1" 200 28185 "http://www.huntersraid.org/visiting.html" "Mozilla/5.0 (Windows NT 5.1; rv:30.0) Gecko/20100101 Firefox/30.0"
168.215.131.150 - - [20/Jun/2014:07:48:51 -0400] "GET /assets/images/carriages.jpg HTTP/1.1" 200 12819 "http://www.huntersraid.org/visiting.html" "Mozilla/5.0 (Windows NT 5.1; rv:30.0) Gecko/20100101 Firefox/30.0"
168.215.131.150 - - [20/Jun/2014:07:48:51 -0400] "GET /assets/images/chaplain_museum.jpg HTTP/1.1" 200 9740 "http://www.huntersraid.org/visiting.html" "Mozilla/5.0 (Windows NT 5.1; rv:30.0) Gecko/20100101 Firefox/30.0"
168.215.131.150 - - [20/Jun/2014:07:48:51 -0400] "GET /assets/images/cs_pump.jpg HTTP/1.1" 200 13684 "http://www.huntersraid.org/visiting.html" "Mozilla/5.0 (Windows NT 5.1; rv:30.0) Gecko/20100101 Firefox/30.0"
168.215.131.150 - - [20/Jun/2014:07:48:51 -0400] "GET /assets/images/content_bg_v.jpg HTTP/1.1" 200 498 "http://www.huntersraid.org/assets/styles/styles.css" "Mozilla/5.0 (Windows NT 5.1; rv:30.0) Gecko/20100101 Firefox/30.0"
157.55.39.115 - - [20/Jun/2014:09:25:13 -0400] "GET / HTTP/1.1" 200 10872 "-" "Mozilla/5.0 (compatible; bingbot/2.0; +http://www.bing.com/bingbot.htm)"
50.204.90.50 - - [20/Jun/2014:09:49:25 -0400] "GET / HTTP/1.1" 200 10872 "http://www.google.com/url?sa=t&rct=j&q=hunter%27s%20raid&source=web&cd=1&ved=0CB8QFjAA&url=http%3A%2F%2Fwww.huntersraid.org%2F&ei=BjykU6GYLPa-sQT544HQBQ&usg=AFQjCNF4PhsHrkJVQEU-yMbhS8G8Cz14HA&bvm=bv.69411363,d.cWc" "Mozilla/5.0 (Windows NT 6.1; WOW64) AppleWebKit/537.36 (KHTML, like Gecko) Chrome/35.0.1916.153 Safari/537.36"
50.204.90.50 - - [20/Jun/2014:09:49:25 -0400] "GET /assets/styles/styles.css HTTP/1.1" 200 4633 "http://www.huntersraid.org/" "Mozilla/5.0 (Windows NT 6.1; WOW64) AppleWebKit/537.36 (KHTML, like Gecko) Chrome/35.0.1916.153 Safari/537.36"
50.204.90.50 - - [20/Jun/2014:09:49:25 -0400] "GET /assets/images/btn_request_info.png HTTP/1.1" 200 7951 "http://www.huntersraid.org/" "Mozilla/5.0 (Windows NT 6.1; WOW64) AppleWebKit/537.36 (KHTML, like Gecko) Chrome/35.0.1916.153 Safari/537.36"
50.204.90.50 - - [20/Jun/2014:09:49:25 -0400] "GET /assets/images/slideshow1.jpg HTTP/1.1" 200 43851 "http://www.huntersraid.org/" "Mozilla/5.0 (Windows NT 6.1; WOW64) AppleWebKit/537.36 (KHTML, like Gecko) Chrome/35.0.1916.153 Safari/537.36"
50.204.90.50 - - [20/Jun/2014:09:49:26 -0400] "GET /assets/images/header_bg.jpg HTTP/1.1" 200 42124 "http://www.huntersraid.org/" "Mozilla/5.0 (Windows NT 6.1; WOW64) AppleWebKit/537.36 (KHTML, like Gecko) Chrome/35.0.1916.153 Safari/537.36"
50.204.90.50 - - [20/Jun/2014:09:49:26 -0400] "GET /assets/images/slideshow3.jpg HTTP/1.1" 200 43522 "http://www.huntersraid.org/" "Mozilla/5.0 (Windows NT 6.1; WOW64) AppleWebKit/537.36 (KHTML, like Gecko) Chrome/35.0.1916.153 Safari/537.36"
80.2.168.13 - - [20/Jun/2014:09:51:42 -0400] "GET /map.html HTTP/1.1" 200 8312 "http://www.huntersraid.org/" "Mozilla/5.0 (iPad; CPU OS 7_0_2 like Mac OS X) AppleWebKit/537.51.1 (KHTML, like Gecko) CriOS/34.0.1847.18 Mobile/11A501 Safari/9537.53"
80.2.168.13 - - [20/Jun/2014:09:51:42 -0400] "GET /Scripts/AC_RunActiveContent.js HTTP/1.1" 200 8029 "http://www.huntersraid.org/map.html" "Mozilla/5.0 (iPad; CPU OS 7_0_2 like Mac OS X) AppleWebKit/537.51.1 (KHTML, like Gecko) CriOS/34.0.1847.18 Mobile/11A501 Safari/9537.53"
80.2.168.13 - - [20/Jun/2014:09:51:42 -0400] "GET /assets/images/shadow_btm_v.png HTTP/1.1" 200 22468 "http://www.huntersraid.org/map.html" "Mozilla/5.0 (iPad; CPU OS 7_0_2 like Mac OS X) AppleWebKit/537.51.1 (KHTML, like Gecko) CriOS/34.0.1847.18 Mobile/11A501 Safari/9537.53"
173.252.110.113 - - [20/Jun/2014:09:53:08 -0400] "GET /assets/images/btn_map.jpg HTTP/1.1" 206 1756 "http://www.huntersraid.org/story.html" "facebookexternalhit/1.1 (+http://www.facebook.com/externalhit_uatext.php)"
98.213.246.60 - - [20/Jun/2014:10:11:04 -0400] "GET /favicon.ico HTTP/1.1" 404 575 "-" "Mozilla/5.0 (Windows NT 6.1; Trident/7.0; rv:11.0) like Gecko"
173.209.211.231 - - [20/Jun/2014:10:31:23 -0400] "GET /assets/images/btn_map.jpg HTTP/1.1" 200 1756 "http://www.huntersraid.org/" "Mozilla/5.0 (iPhone; CPU iPhone OS 7_1_1 like Mac OS X) AppleWebKit/537.51.2 (KHTML, like Gecko) Version/7.0 Mobile/11D201 Safari/9537.53"
67.211.128.100 - - [20/Jun/2014:03:46:54 -0400] "GET /assets/images/btn_resources-over.jpg HTTP/1.1" 200 3298 "http://www.huntersraid.org/" "Mozilla/5.0 (compatible; MSIE 9.0; Windows NT 6.1; WOW64; Trident/5.0)"
193.150.120.14 - - [20/Jun/2014:04:57:24 -0400] "GET / HTTP/1.1" 200 10872 "http://vintasik.info/" "Opera/9.0 (Windows NT 5.1; U; en)"
46.118.155.40 - - [20/Jun/2014:05:26:06 -0400] "GET / HTTP/1.1" 200 10872 "http://alif-ba-ta.com/ru/index.html" "Mozilla/4.0 (compatible; MSIE 5.5; Windows NT 5.0)"
207.46.13.128 - - [20/Jun/2014:15:07:30 -0400] "GET /visiting.html?sms_ss=facebook&at_xt=4db10caab1bdb9a8,0 HTTP/1.1" 304 - "-" "Mozilla/5.0 (compatible; bingbot/2.0; +http://www.bing.com/bingbot.htm)"
24.149.67.113 - - [20/Jun/2014:15:50:57 -0400] "GET /visiting.html HTTP/1.0" 200 30487 "http://www.google.com/url?url=http://www.huntersraid.org/visiting.html&rct=j&frm=1&q=&esrc=s&sa=U&ei=xZCkU5rXB-ausAS914CYCA&ved=0CBQQFjAA&usg=AFQjCNFia5ENdvtYHatGm4t8F8MjEDaEHw" "Mozilla/4.0 (compatible; MSIE 8.0; Windows NT 5.1; Trident/4.0; .NET CLR 1.1.4322; .NET CLR 2.0.50727; .NET CLR 3.0.4506.2152; .NET CLR 3.5.30729; .NET4.0C; .NET4.0E; IPH 1.1.21.4019)"
24.149.67.113 - - [20/Jun/2014:15:50:58 -0400] "GET /assets/images/shadow_top.jpg HTTP/1.0" 200 1496 "http://www.huntersraid.org/visiting.html" "Mozilla/4.0 (compatible; MSIE 8.0; Windows NT 5.1; Trident/4.0; .NET CLR 1.1.4322; .NET CLR 2.0.50727; .NET CLR 3.0.4506.2152; .NET CLR 3.5.30729; .NET4.0C; .NET4.0E; IPH 1.1.21.4019)"
24.149.67.113 - - [20/Jun/2014:15:50:59 -0400] "GET /assets/images/btn_request_info.png HTTP/1.0" 200 7951 "http://www.huntersraid.org/visiting.html" "Mozilla/4.0 (compatible; MSIE 8.0; Windows NT 5.1; Trident/4.0; .NET CLR 1.1.4322; .NET CLR 2.0.50727; .NET CLR 3.0.4506.2152; .NET CLR 3.5.30729; .NET4.0C; .NET4.0E; IPH 1.1.21.4019)"
24.149.67.113 - - [20/Jun/2014:15:51:00 -0400] "GET /assets/images/avenel.jpg HTTP/1.0" 200 10971 "http://www.huntersraid.org/visiting.html" "Mozilla/4.0 (compatible; MSIE 8.0; Windows NT 5.1; Trident/4.0; .NET CLR 1.1.4322; .NET CLR 2.0.50727; .NET CLR 3.0.4506.2152; .NET CLR 3.5.30729; .NET4.0C; .NET4.0E; IPH 1.1.21.4019)"
24.149.67.113 - - [20/Jun/2014:15:51:00 -0400] "GET /assets/images/stonewall_jackson_cemetery2.jpg HTTP/1.0" 200 39982 "http://www.huntersraid.org/visiting.html" "Mozilla/4.0 (compatible; MSIE 8.0; Windows NT 5.1; Trident/4.0; .NET CLR 1.1.4322; .NET CLR 2.0.50727; .NET CLR 3.0.4506.2152; .NET CLR 3.5.30729; .NET4.0C; .NET4.0E; IPH 1.1.21.4019)"
24.149.67.113 - - [20/Jun/2014:15:51:00 -0400] "GET /assets/images/the_natural_bridge.jpg HTTP/1.0" 200 12327 "http://www.huntersraid.org/visiting.html" "Mozilla/4.0 (compatible; MSIE 8.0; Windows NT 5.1; Trident/4.0; .NET CLR 1.1.4322; .NET CLR 2.0.50727; .NET CLR 3.0.4506.2152; .NET CLR 3.5.30729; .NET4.0C; .NET4.0E; IPH 1.1.21.4019)"
24.149.67.113 - - [20/Jun/2014:15:51:01 -0400] "GET /assets/images/history_museum.jpg HTTP/1.0" 200 12823 "http://www.huntersraid.org/visiting.html" "Mozilla/4.0 (compatible; MSIE 8.0; Windows NT 5.1; Trident/4.0; .NET CLR 1.1.4322; .NET CLR 2.0.50727; .NET CLR 3.0.4506.2152; .NET CLR 3.5.30729; .NET4.0C; .NET4.0E; IPH 1.1.21.4019)"
24.149.67.113 - - [20/Jun/2014:15:51:01 -0400] "GET /assets/images/thornrose.jpg HTTP/1.0" 200 17445 "http://www.huntersraid.org/visiting.html" "Mozilla/4.0 (compatible; MSIE 8.0; Windows NT 5.1; Trident/4.0; .NET CLR 1.1.4322; .NET CLR 2.0.50727; .NET CLR 3.0.4506.2152; .NET CLR 3.5.30729; .NET4.0C; .NET4.0E; IPH 1.1.21.4019)"
24.149.67.113 - - [20/Jun/2014:15:51:01 -0400] "GET /assets/images/logo_staunton.png HTTP/1.0" 200 4198 "http://www.huntersraid.org/visiting.html" "Mozilla/4.0 (compatible; MSIE 8.0; Windows NT 5.1; Trident/4.0; .NET CLR 1.1.4322; .NET CLR 2.0.50727; .NET CLR 3.0.4506.2152; .NET CLR 3.5.30729; .NET4.0C; .NET4.0E; IPH 1.1.21.4019)"
24.149.67.113 - - [20/Jun/2014:15:51:02 -0400] "GET /assets/images/botco_museum.jpg HTTP/1.0" 200 11794 "http://www.huntersraid.org/visiting.html" "Mozilla/4.0 (compatible; MSIE 8.0; Windows NT 5.1; Trident/4.0; .NET CLR 1.1.4322; .NET CLR 2.0.50727; .NET CLR 3.0.4506.2152; .NET CLR 3.5.30729; .NET4.0C; .NET4.0E; IPH 1.1.21.4019)"
24.149.67.113 - - [20/Jun/2014:15:51:02 -0400] "GET /assets/images/shadow_btm_v.png HTTP/1.0" 200 22468 "http://www.huntersraid.org/visiting.html" "Mozilla/4.0 (compatible; MSIE 8.0; Windows NT 5.1; Trident/4.0; .NET CLR 1.1.4322; .NET CLR 2.0.50727; .NET CLR 3.0.4506.2152; .NET CLR 3.5.30729; .NET4.0C; .NET4.0E; IPH 1.1.21.4019)"
24.149.67.113 - - [20/Jun/2014:15:51:04 -0400] "GET /assets/images/btn_visiting-over.jpg HTTP/1.0" 200 2734 "http://www.huntersraid.org/visiting.html" "Mozilla/4.0 (compatible; MSIE 8.0; Windows NT 5.1; Trident/4.0; .NET CLR 1.1.4322; .NET CLR 2.0.50727; .NET CLR 3.0.4506.2152; .NET CLR 3.5.30729; .NET4.0C; .NET4.0E; IPH 1.1.21.4019)"
70.188.51.15 - - [20/Jun/2014:17:28:15 -0400] "GET /assets/images/slideshow3.jpg HTTP/1.1" 200 43522 "http://www.huntersraid.org/" "Mozilla/5.0 (Linux; U; Android 3.1; en-us; GT-P7510 Build/HMJ37) AppleWebKit/534.13 (KHTML, like Gecko) Version/4.0 Safari/534.13"
70.188.51.15 - - [20/Jun/2014:17:28:16 -0400] "GET /assets/images/btn_story.jpg HTTP/1.1" 200 1944 "http://www.huntersraid.org/" "Mozilla/5.0 (Linux; U; Android 3.1; en-us; GT-P7510 Build/HMJ37) AppleWebKit/534.13 (KHTML, like Gecko) Version/4.0 Safari/534.13"
70.188.51.15 - - [20/Jun/2014:17:28:16 -0400] "GET /assets/images/headline_home.jpg HTTP/1.1" 200 14056 "http://www.huntersraid.org/" "Mozilla/5.0 (Linux; U; Android 3.1; en-us; GT-P7510 Build/HMJ37) AppleWebKit/534.13 (KHTML, like Gecko) Version/4.0 Safari/534.13"
70.188.51.15 - - [20/Jun/2014:17:28:16 -0400] "GET /assets/images/logo_lexington.png HTTP/1.1" 200 6943 "http://www.huntersraid.org/" "Mozilla/5.0 (Linux; U; Android 3.1; en-us; GT-P7510 Build/HMJ37) AppleWebKit/534.13 (KHTML, like Gecko) Version/4.0 Safari/534.13"
