80.2.168.13 - - [20/Jun/2014:09:52:19 -0400] "GET /assets/images/btn_map.jpg HTTP/1.1" 200 1756 "http://www.huntersraid.org/" "Mozilla/5.0 (iPad; CPU OS 7_0_2 like Mac OS X) AppleWebKit/537.51.1 (KHTML, like Gecko) CriOS/34.0.1847.18 Mobile/11A501 Safari/9537.53"
80.2.168.13 - - [20/Jun/2014:09:52:19 -0400] "GET /assets/images/logo_bedford.png HTTP/1.1" 200 6195 "http://www.huntersraid.org/" "Mozilla/5.0 (iPad; CPU OS 7_0_2 like Mac OS X) AppleWebKit/537.51.1 (KHTML, like Gecko) CriOS/34.0.1847.18 Mobile/11A501 Safari/9537.53"
80.2.168.13 - - [20/Jun/2014:09:52:20 -0400] "GET /assets/images/logo_rvcvb.png HTTP/1.1" 200 7481 "http://www.huntersraid.org/" "Mozilla/5.0 (iPad; CPU OS 7_0_2 like Mac OS X) AppleWebKit/537.51.1 (KHTML, like Gecko) CriOS/34.0.1847.18 Mobile/11A501 Safari/9537.53"
80.2.168.13 - - [20/Jun/2014:09:52:20 -0400] "GET /assets/images/shadow_btm.jpg HTTP/1.1" 200 13552 "http://www.huntersraid.org/" "Mozilla/5.0 (iPad; CPU OS 7_0_2 like Mac OS X) AppleWebKit/537.51.1 (KHTML, like Gecko) CriOS/34.0.1847.18 Mobile/11A501 Safari/9537.53"
80.2.168.13 - - [20/Jun/2014:09:52:20 -0400] "GET /assets/images/nav_bg.jpg HTTP/1.1" 200 2144 "http://www.huntersraid.org/" "Mozilla/5.0 (iPad; CPU OS 7_0_2 like Mac OS X) AppleWebKit/537.51.1 (KHTML, like Gecko) CriOS/34.0.1847.18 Mobile/11A501 Safari/9537.53"
80.2.168.13 - - [20/Jun/2014:09:52:20 -0400] "GET /assets/images/data_feed_bg.jpg HTTP/1.1" 200 20086 "http://www.huntersraid.org/" "Mozilla/5.0 (iPad; CPU OS 7_0_2 like Mac OS X) AppleWebKit/537.51.1 (KHTML, like Gecko) CriOS/34.0.1847.18 Mobile/11A501 Safari/9537.53"
80.2.168.13 - - [20/Jun/2014:09:52:21 -0400] "GET /assets/images/btn_map-over.jpg HTTP/1.1" 200 2468 "http://www.huntersraid.org/" "Mozilla/5.0 (iPad; CPU OS 7_0_2 like Mac OS X) AppleWebKit/537.51.1 (KHTML, like Gecko) CriOS/34.0.1847.18 Mobile/11A501 Safari/9537.53"
98.213.246.60 - - [20/Jun/2014:10:11:45 -0400] "GET / HTTP/1.1" 200 10872 "http://visitbedford.com/featured/hunters-raid/" "Mozilla/5.0 (Windows NT 6.1; Trident/7.0; rv:11.0) like Gecko"
98.213.246.60 - - [20/Jun/2014:10:11:45 -0400] "GET /assets/images/shadow_top.jpg HTTP/1.1" 200 1496 "http://www.huntersraid.org/" "Mozilla/5.0 (Windows NT 6.1; Trident/7.0; rv:11.0) like Gecko"
98.213.246.60 - - [20/Jun/2014:10:11:45 -0400] "GET /assets/images/btn_visiting.jpg HTTP/1.1" 200 1914 "http://www.huntersraid.org/" "Mozilla/5.0 (Windows NT 6.1; Trident/7.0; rv:11.0) like Gecko"
98.213.246.60 - - [20/Jun/2014:10:11:45 -0400] "GET /assets/images/slideshow4.jpg HTTP/1.1" 200 35694 "http://www.huntersraid.org/" "Mozilla/5.0 (Windows NT 6.1; Trident/7.0; rv:11.0) like Gecko"
98.213.246.60 - - [20/Jun/2014:10:11:45 -0400] "GET /assets/images/logo_botco.png HTTP/1.1" 200 5361 "http://www.huntersraid.org/" "Mozilla/5.0 (Windows NT 6.1; Trident/7.0; rv:11.0) like Gecko"
98.213.246.60 - - [20/Jun/2014:10:11:45 -0400] "GET /assets/images/logo_staunton.png HTTP/1.1" 200 4198 "http://www.huntersraid.org/" "Mozilla/5.0 (Windows NT 6.1; Trident/7.0; rv:11.0) like Gecko"
98.213.246.60 - - [20/Jun/2014:10:11:46 -0400] "GET /assets/images/btn_resources-over.jpg HTTP/1.1" 200 3298 "http://www.huntersraid.org/" "Mozilla/5.0 (Windows NT 6.1; Trident/7.0; rv:11.0) like Gecko"
98.213.246.60 - - [20/Jun/2014:10:12:26 -0400] "GET /assets/images/visiting_header.jpg HTTP/1.1" 200 11022 "http://www.huntersraid.org/visiting.html" "Mozilla/5.0 (Windows NT 6.1; Trident/7.0; rv:11.0) like Gecko"
98.213.246.60 - - [20/Jun/2014:10:12:26 -0400] "GET /assets/images/bedford_museum.jpg HTTP/1.1" 200 72097 "http://www.huntersraid.org/visiting.html" "Mozilla/5.0 (Windows NT 6.1; Trident/7.0; rv:11.0) like Gecko"
98.213.246.60 - - [20/Jun/2014:10:12:26 -0400] "GET /assets/images/content_bg_v.jpg HTTP/1.1" 200 498 "http://www.huntersraid.org/visiting.html" "Mozilla/5.0 (Windows NT 6.1; Trident/7.0; rv:11.0) like Gecko"
98.213.246.60 - - [20/Jun/2014:10:12:26 -0400] "GET /assets/images/wilson_warehouse.jpg HTTP/1.1" 200 9474 "http://www.huntersraid.org/visiting.html" "Mozilla/5.0 (Windows NT 6.1; Trident/7.0; rv:11.0) like Gecko"
98.213.246.60 - - [20/Jun/2014:10:12:26 -0400] "GET /assets/images/vmi_cadets1.jpg HTTP/1.1" 200 10961 "http://www.huntersraid.org/visiting.html" "Mozilla/5.0 (Windows NT 6.1; Trident/7.0; rv:11.0) like Gecko"
98.213.246.60 - - [20/Jun/2014:10:12:26 -0400] "GET /assets/images/shadow_right_center_v.png HTTP/1.1" 200 191 "http://www.huntersraid.org/visiting.html" "Mozilla/5.0 (Windows NT 6.1; Trident/7.0; rv:11.0) like Gecko"
98.213.246.60 - - [20/Jun/2014:10:12:26 -0400] "GET /assets/images/lee_chapel.jpg HTTP/1.1" 200 12534 "http://www.huntersraid.org/visiting.html" "Mozilla/5.0 (Windows NT 6.1; Trident/7.0; rv:11.0) like Gecko"
98.213.246.60 - - [20/Jun/2014:10:12:26 -0400] "GET /assets/images/the_natural_bridge.jpg HTTP/1.1" 200 12327 "http://www.huntersraid.org/visiting.html" "Mozilla/5.0 (Windows NT 6.1; Trident/7.0; rv:11.0) like Gecko"
98.213.246.60 - - [20/Jun/2014:10:12:26 -0400] "GET /assets/images/city_cemetery.jpg HTTP/1.1" 200 12437 "http://www.huntersraid.org/visiting.html" "Mozilla/5.0 (Windows NT 6.1; Trident/7.0; rv:11.0) like Gecko"
98.213.246.60 - - [20/Jun/2014:10:12:26 -0400] "GET /assets/images/civilwar_statue.jpg HTTP/1.1" 200 33908 "http://www.huntersraid.org/visiting.html" "Mozilla/5.0 (Windows NT 6.1; Trident/7.0; rv:11.0) like Gecko"
98.213.246.60 - - [20/Jun/2014:10:12:26 -0400] "GET /assets/images/fc_museum.jpg HTTP/1.1" 200 12608 "http://www.huntersraid.org/visiting.html" "Mozilla/5.0 (Windows NT 6.1; Trident/7.0; rv:11.0) like Gecko"
98.213.246.60 - - [20/Jun/2014:10:12:26 -0400] "GET /assets/images/thornrose.jpg HTTP/1.1" 200 17445 "http://www.huntersraid.org/visiting.html" "Mozilla/5.0 (Windows NT 6.1; Trident/7.0; rv:11.0) like Gecko"
98.213.246.60 - - [20/Jun/2014:10:12:26 -0400] "GET /assets/images/sword.png HTTP/1.1" 200 36356 "http://www.huntersraid.org/visiting.html" "Mozilla/5.0 (Windows NT 6.1; Trident/7.0; rv:11.0) like Gecko"
65.55.215.35 - - [20/Jun/2014:01:32:40 -0400] "GET /robots.txt HTTP/1.1" 404 575 "-" "msnbot-media/1.1 (+http://search.msn.com/msnbot.htm)"
173.9.245.45 - - [20/Jun/2014:14:49:56 -0400] "GET /assets/images/btn_resources.jpg HTTP/1.1" 200 2275 "http://www.huntersraid.org/story.html" "Mozilla/5.0 (Windows NT 6.1; WOW64; rv:29.0) Gecko/20100101 Firefox/29.0"
173.9.245.45 - - [20/Jun/2014:14:49:56 -0400] "GET /assets/images/logo_botco.png HTTP/1.1" 200 5361 "http://www.huntersraid.org/story.html" "Mozilla/5.0 (Windows NT 6.1; WOW64; rv:29.0) Gecko/20100101 Firefox/29.0"
173.9.245.45 - - [20/Jun/2014:14:49:58 -0400] "GET /assets/images/btn_request_info-over.png HTTP/1.1" 200 9869 "http://www.huntersraid.org/story.html" "Mozilla/5.0 (Windows NT 6.1; WOW64; rv:29.0) Gecko/20100101 Firefox/29.0"
70.188.3.61 - - [20/Jun/2014:17:09:58 -0400] "GET / HTTP/1.1" 200 10872 "-" "Mozilla/5.0 (iPhone; CPU iPhone OS 7_1_1 like Mac OS X) AppleWebKit/537.51.2 (KHTML, like Gecko) Version/7.0 Mobile/11D201 Safari/9537.53"
70.188.3.61 - - [20/Jun/2014:17:09:58 -0400] "GET /assets/styles/styles.css HTTP/1.1" 200 4633 "http://www.huntersraid.org/" "Mozilla/5.0 (iPhone; CPU iPhone OS 7_1_1 like Mac OS X) AppleWebKit/537.51.2 (KHTML, like Gecko) Version/7.0 Mobile/11D201 Safari/9537.53"
70.188.3.61 - - [20/Jun/2014:17:09:58 -0400] "GET /assets/images/shadow_top.jpg HTTP/1.1" 200 1496 "http://www.huntersraid.org/" "Mozilla/5.0 (iPhone; CPU iPhone OS 7_1_1 like Mac OS X) AppleWebKit/537.51.2 (KHTML, like Gecko) Version/7.0 Mobile/11D201 Safari/9537.53"
70.188.3.61 - - [20/Jun/2014:17:09:58 -0400] "GET /assets/images/headline_home.jpg HTTP/1.1" 200 14056 "http://www.huntersraid.org/" "Mozilla/5.0 (iPhone; CPU iPhone OS 7_1_1 like Mac OS X) AppleWebKit/537.51.2 (KHTML, like Gecko) Version/7.0 Mobile/11D201 Safari/9537.53"
70.188.3.61 - - [20/Jun/2014:17:09:58 -0400] "GET /assets/images/logo_rvcvb.png HTTP/1.1" 200 7481 "http://www.huntersraid.org/" "Mozilla/5.0 (iPhone; CPU iPhone OS 7_1_1 like Mac OS X) AppleWebKit/537.51.2 (KHTML, like Gecko) Version/7.0 Mobile/11D201 Safari/9537.53"
70.188.3.61 - - [20/Jun/2014:17:09:58 -0400] "GET /assets/images/shadow_btm.jpg HTTP/1.1" 200 13552 "http://www.huntersraid.org/" "Mozilla/5.0 (iPhone; CPU iPhone OS 7_1_1 like Mac OS X) AppleWebKit/537.51.2 (KHTML, like Gecko) Version/7.0 Mobile/11D201 Safari/9537.53"
70.188.3.61 - - [20/Jun/2014:17:09:58 -0400] "GET /assets/images/slideshow2.jpg HTTP/1.1" 200 39390 "http://www.huntersraid.org/" "Mozilla/5.0 (iPhone; CPU iPhone OS 7_1_1 like Mac OS X) AppleWebKit/537.51.2 (KHTML, like Gecko) Version/7.0 Mobile/11D201 Safari/9537.53"
70.188.3.61 - - [20/Jun/2014:17:09:58 -0400] "GET /assets/images/slideshow3.jpg HTTP/1.1" 200 43522 "http://www.huntersraid.org/" "Mozilla/5.0 (iPhone; CPU iPhone OS 7_1_1 like Mac OS X) AppleWebKit/537.51.2 (KHTML, like Gecko) Version/7.0 Mobile/11D201 Safari/9537.53"
70.188.3.61 - - [20/Jun/2014:17:09:58 -0400] "GET /assets/images/slideshow4.jpg HTTP/1.1" 200 35694 "http://www.huntersraid.org/" "Mozilla/5.0 (iPhone; CPU iPhone OS 7_1_1 like Mac OS X) AppleWebKit/537.51.2 (KHTML, like Gecko) Version/7.0 Mobile/11D201 Safari/9537.53"
70.188.3.61 - - [20/Jun/2014:17:09:58 -0400] "GET /assets/images/site_bg.jpg HTTP/1.1" 200 659 "http://www.huntersraid.org/" "Mozilla/5.0 (iPhone; CPU iPhone OS 7_1_1 like Mac OS X) AppleWebKit/537.51.2 (KHTML, like Gecko) Version/7.0 Mobile/11D201 Safari/9537.53"
70.188.3.61 - - [20/Jun/2014:17:09:59 -0400] "GET /assets/images/footer_bg.jpg HTTP/1.1" 200 49277 "http://www.huntersraid.org/" "Mozilla/5.0 (iPhone; CPU iPhone OS 7_1_1 like Mac OS X) AppleWebKit/537.51.2 (KHTML, like Gecko) Version/7.0 Mobile/11D201 Safari/9537.53"
70.188.3.61 - - [20/Jun/2014:17:09:59 -0400] "GET /assets/images/content_bg_home.jpg HTTP/1.1" 200 57353 "http://www.huntersraid.org/" "Mozilla/5.0 (iPhone; CPU iPhone OS 7_1_1 like Mac OS X) AppleWebKit/537.51.2 (KHTML, like Gecko) Version/7.0 Mobile/11D201 Safari/9537.53"
70.188.3.61 - - [20/Jun/2014:17:09:59 -0400] "GET /assets/images/data_feed_bg.jpg HTTP/1.1" 200 20086 "http://www.huntersraid.org/" "Mozilla/5.0 (iPhone; CPU iPhone OS 7_1_1 like Mac OS X) AppleWebKit/537.51.2 (KHTML, like Gecko) Version/7.0 Mobile/11D201 Safari/9537.53"
46.119.120.207 - - [20/Jun/2014:17:59:17 -0400] "GET / HTTP/1.1" 200 10872 "http://fxtips.ru/" "Mozilla/4.79 [en] (Windows NT 5.0; U)"
173.252.100.114 - - [20/Jun/2014:22:05:09 -0400] "GET /assets/images/logo_lexington.png HTTP/1.1" 206 6943 "http://www.huntersraid.org/resources.html#.U6ToVDpiixA.facebook" "facebookexternalhit/1.1 (+http://www.facebook.com/externalhit_uatext.php)"
69.171.248.113 - - [20/Jun/2014:22:05:10 -0400] "GET /assets/images/logo_staunton.png HTTP/1.1" 206 4198 "-" "facebookexternalhit/1.1 (+http://www.facebook.com/externalhit_uatext.php)"
130.185.109.243 - - [20/Jun/2014:08:12:42 -0400] "GET /assets/styles/styles.css HTTP/1.1" 200 4633 "-" "PagesInventory (robot http://www.pagesinventory.com)"
199.244.106.12 - - [20/Jun/2014:09:34:47 -0400] "GET /assets/images/content_bg_story.jpg HTTP/1.1" 200 110528 "http://www.huntersraid.org/story.html" "Mozilla/5.0 (iPhone; CPU iPhone OS 7_1_1 like Mac OS X) AppleWebKit/537.51.2 (KHTML, like Gecko) Version/7.0 Mobile/11D201 Safari/9537.53"
199.244.106.12 - - [20/Jun/2014:09:34:48 -0400] "GET /assets/images/shadow_btm_v.png HTTP/1.1" 200 22468 "http://www.huntersraid.org/story.html" "Mozilla/5.0 (iPhone; CPU iPhone OS 7_1_1 like Mac OS X) AppleWebKit/537.51.2 (KHTML, like Gecko) Version/7.0 Mobile/11D201 Safari/9537.53"
69.171.248.116 - - [20/Jun/2014:09:53:54 -0400] "GET /assets/images/btn_visiting.jpg HTTP/1.1" 206 1914 "-" "facebookexternalhit/1.1 (+http://www.facebook.com/externalhit_uatext.php)"
67.211.128.100 - - [20/Jun/2014:03:47:37 -0400] "GET /assets/images/btn_visiting.jpg HTTP/1.1" 200 1914 "http://www.huntersraid.org/" "Mozilla/5.0 (compatible; MSIE 9.0; Windows NT 6.1; WOW64; Trident/5.0)"
67.211.128.100 - - [20/Jun/2014:03:47:37 -0400] "GET /assets/images/logo_botco.png HTTP/1.1" 200 5361 "http://www.huntersraid.org/" "Mozilla/5.0 (compatible; MSIE 9.0; Windows NT 6.1; WOW64; Trident/5.0)"
67.211.128.100 - - [20/Jun/2014:03:47:37 -0400] "GET /assets/images/logo_staunton.png HTTP/1.1" 200 4198 "http://www.huntersraid.org/" "Mozilla/5.0 (compatible; MSIE 9.0; Windows NT 6.1; WOW64; Trident/5.0)"
67.211.128.100 - - [20/Jun/2014:03:47:37 -0400] "GET /assets/images/shadow_btm.jpg HTTP/1.1" 200 13552 "http://www.huntersraid.org/" "Mozilla/5.0 (compatible; MSIE 9.0; Windows NT 6.1; WOW64; Trident/5.0)"
67.211.128.100 - - [20/Jun/2014:03:47:37 -0400] "GET /assets/images/footer_bg.jpg HTTP/1.1" 200 49277 "http://www.huntersraid.org/" "Mozilla/5.0 (compatible; MSIE 9.0; Windows NT 6.1; WOW64; Trident/5.0)"
67.211.128.100 - - [20/Jun/2014:03:47:39 -0400] "GET /assets/images/btn_story-over.jpg HTTP/1.1" 200 2834 "http://www.huntersraid.org/" "Mozilla/5.0 (compatible; MSIE 9.0; Windows NT 6.1; WOW64; Trident/5.0)"
193.150.120.14 - - [20/Jun/2014:04:34:21 -0400] "GET / HTTP/1.1" 200 10872 "http://ladyselect.com/" "Mozilla/4.0 (compatible; MSIE 6.0; Windows NT 5.1; SV1; FunWebProducts; MRA 4.6 (build 01425); .NET CLR 1.1.4322; .NET CLR 2.0.50727)"
193.150.120.14 - - [20/Jun/2014:04:34:22 -0400] "GET / HTTP/1.1" 200 10872 "http://ladyselect.com/" "Mozilla/4.0 (compatible; MSIE 6.0; Windows NT 5.1; SV1; FunWebProducts; MRA 4.6 (build 01425); .NET CLR 1.1.4322; .NET CLR 2.0.50727)"
24.254.162.203 - - [20/Jun/2014:14:21:50 -0400] "GET /assets/images/hr_logo.gif HTTP/1.1" 200 6378 "http://www.huntersraid.org/" "Mozilla/5.0 (Linux; Android 4.4.2; SM-G900V Build/KOT49H) AppleWebKit/537.36 (KHTML, like Gecko) Chrome/35.0.1916.141 Mobile Safari/537.36"
24.254.162.203 - - [20/Jun/2014:14:21:50 -0400] "GET /assets/images/logo_bedford.png HTTP/1.1" 200 6195 "http://www.huntersraid.org/" "Mozilla/5.0 (Linux; Android 4.4.2; SM-G900V Build/KOT49H) AppleWebKit/537.36 (KHTML, like Gecko) Chrome/35.0.1916.141 Mobile Safari/537.36"
24.254.162.203 - - [20/Jun/2014:14:21:50 -0400] "GET /assets/images/logo_lynchburg.png HTTP/1.1" 200 9749 "http://www.huntersraid.org/" "Mozilla/5.0 (Linux; Android 4.4.2; SM-G900V Build/KOT49H) AppleWebKit/537.36 (KHTML, like Gecko) Chrome/35.0.1916.141 Mobile Safari/537.36"
24.254.162.203 - - [20/Jun/2014:14:21:50 -0400] "GET /assets/images/shadow_right.jpg HTTP/1.1" 200 3979 "http://www.huntersraid.org/" "Mozilla/5.0 (Linux; Android 4.4.2; SM-G900V Build/KOT49H) AppleWebKit/537.36 (KHTML, like Gecko) Chrome/35.0.1916.141 Mobile Safari/537.36"
173.9.245.45 - - [20/Jun/2014:14:49:58 -0400] "GET /assets/images/btn_map.jpg HTTP/1.1" 200 1756 "http://www.huntersraid.org/story.html" "Mozilla/5.0 (Windows NT 6.1; WOW64; rv:29.0) Gecko/20100101 Firefox/29.0"
66.87.95.144 - - [20/Jun/2014:16:20:42 -0400] "GET /assets/images/btn_story.jpg HTTP/1.1" 200 1944 "http://www.huntersraid.org/" "Mozilla/5.0 (iPhone; CPU iPhone OS 7_1 like Mac OS X) AppleWebKit/537.51.2 (KHTML, like Gecko) Version/7.0 Mobile/11D167 Safari/9537.53"
71.81.182.138 - - [20/Jun/2014:21:19:50 -0400] "GET /assets/images/hr_logo.gif HTTP/1.1" 200 6378 "http://www.huntersraid.org/visiting.html" "Mozilla/5.0 (Windows NT 6.1) AppleWebKit/537.36 (KHTML, like Gecko) Chrome/35.0.1916.153 Safari/537.36"
71.81.182.138 - - [20/Jun/2014:21:19:50 -0400] "GET /assets/images/cemetery.jpg HTTP/1.1" 200 28185 "http://www.huntersraid.org/visiting.html" "Mozilla/5.0 (Windows NT 6.1) AppleWebKit/537.36 (KHTML, like Gecko) Chrome/35.0.1916.153 Safari/537.36"
71.81.182.138 - - [20/Jun/2014:21:19:51 -0400] "GET /assets/images/lee_chapel.jpg HTTP/1.1" 200 12534 "http://www.huntersraid.org/visiting.html" "Mozilla/5.0 (Windows NT 6.1) AppleWebKit/537.36 (KHTML, like Gecko) Chrome/35.0.1916.153 Safari/537.36"
71.81.182.138 - - [20/Jun/2014:21:19:51 -0400] "GET /assets/images/civilwar_statue.jpg HTTP/1.1" 200 33908 "http://www.huntersraid.org/visiting.html" "Mozilla/5.0 (Windows NT 6.1) AppleWebKit/537.36 (KHTML, like Gecko) Chrome/35.0.1916.153 Safari/537.36"
71.81.182.138 - - [20/Jun/2014:21:19:51 -0400] "GET /assets/images/thornrose.jpg HTTP/1.1" 200 17445 "http://www.huntersraid.org/visiting.html" "Mozilla/5.0 (Windows NT 6.1) AppleWebKit/537.36 (KHTML, like Gecko) Chrome/35.0.1916.153 Safari/537.36"
71.81.182.138 - - [20/Jun/2014:21:19:51 -0400] "GET /assets/images/logo_rvcvb.png HTTP/1.1" 200 7481 "http://www.huntersraid.org/visiting.html" "Mozilla/5.0 (Windows NT 6.1) AppleWebKit/537.36 (KHTML, like Gecko) Chrome/35.0.1916.153 Safari/537.36"
71.81.182.138 - - [20/Jun/2014:21:19:51 -0400] "GET /assets/images/logo_vifl.png HTTP/1.1" 200 6305 "http://www.huntersraid.org/visiting.html" "Mozilla/5.0 (Windows NT 6.1) AppleWebKit/537.36 (KHTML, like Gecko) Chrome/35.0.1916.153 Safari/537.36"
71.81.182.138 - - [20/Jun/2014:21:19:52 -0400] "GET /assets/images/btn_map-over.jpg HTTP/1.1" 200 2468 "http://www.huntersraid.org/visiting.html" "Mozilla/5.0 (Windows NT 6.1) AppleWebKit/537.36 (KHTML, like Gecko) Chrome/35.0.1916.153 Safari/537.36"
69.171.248.113 - - [20/Jun/2014:22:05:12 -0400] "GET /assets/images/logo_botco.png HTTP/1.1" 206 5361 "-" "facebookexternalhit/1.1 (+http://www.facebook.com/externalhit_uatext.php)"
96.61.96.134 - - [20/Jun/2014:22:05:55 -0400] "GET /assets/images/data_feed_bg.jpg HTTP/1.1" 200 20086 "http://www.huntersraid.org/" "Mozilla/5.0 (Windows NT 6.1; WOW64; rv:30.0) Gecko/20100101 Firefox/30.0"
69.171.248.115 - - [20/Jun/2014:09:53:51 -0400] "GET /assets/images/btn_story-on.jpg HTTP/1.1" 206 2520 "-" "facebookexternalhit/1.1 (+http://www.facebook.com/externalhit_uatext.php)"
193.150.120.14 - - [20/Jun/2014:10:22:24 -0400] "GET / HTTP/1.1" 200 10872 "http://cesspool-file.ru/" "Mozilla/4.0 (compatible; MSIE 6.0; Windows NT 5.1; SV1; .NET CLR 1.1.4322)"
67.211.128.100 - - [20/Jun/2014:03:47:35 -0400] "GET /assets/images/hr_logo.gif HTTP/1.1" 200 6378 "http://www.huntersraid.org/" "Mozilla/5.0 (compatible; MSIE 9.0; Windows NT 6.1; WOW64; Trident/5.0)"
67.211.128.100 - - [20/Jun/2014:03:47:35 -0400] "GET /assets/images/logo_lexington.png HTTP/1.1" 200 6943 "http://www.huntersraid.org/" "Mozilla/5.0 (compatible; MSIE 9.0; Windows NT 6.1; WOW64; Trident/5.0)"
67.211.128.100 - - [20/Jun/2014:03:47:35 -0400] "GET /assets/images/logo_vifl.png HTTP/1.1" 200 6305 "http://www.huntersraid.org/" "Mozilla/5.0 (compatible; MSIE 9.0; Windows NT 6.1; WOW64; Trident/5.0)"
67.211.128.100 - - [20/Jun/2014:03:47:35 -0400] "GET /assets/images/slideshow4.jpg HTTP/1.1" 200 35694 "http://www.huntersraid.org/" "Mozilla/5.0 (compatible; MSIE 9.0; Windows NT 6.1; WOW64; Trident/5.0)"
67.211.128.100 - - [20/Jun/2014:03:47:35 -0400] "GET /assets/images/btn_story-over.jpg HTTP/1.1" 200 2834 "http://www.huntersraid.org/" "Mozilla/5.0 (compatible; MSIE 9.0; Windows NT 6.1; WOW64; Trident/5.0)"
180.76.5.194 - - [20/Jun/2014:04:19:00 -0400] "GET /visiting.html HTTP/1.1" 200 30487 "-" "Mozilla/5.0 (compatible; Baiduspider/2.0; +http://www.baidu.com/search/spider.html)"
193.150.120.14 - - [20/Jun/2014:04:34:30 -0400] "GET / HTTP/1.1" 200 10872 "http://onlineigry.su/" "Mozilla/4.0 (compatible; MSIE 6.0; Windows NT 5.1; SV1)"
24.254.162.203 - - [20/Jun/2014:14:21:53 -0400] "GET /assets/images/nav_bg.jpg HTTP/1.1" 200 2144 "http://www.huntersraid.org/" "Mozilla/5.0 (Linux; Android 4.4.2; SM-G900V Build/KOT49H) AppleWebKit/537.36 (KHTML, like Gecko) Chrome/35.0.1916.141 Mobile Safari/537.36"
24.254.162.203 - - [20/Jun/2014:14:21:54 -0400] "GET /assets/images/btn_map-over.jpg HTTP/1.1" 200 2468 "http://www.huntersraid.org/" "Mozilla/5.0 (Linux; Android 4.4.2; SM-G900V Build/KOT49H) AppleWebKit/537.36 (KHTML, like Gecko) Chrome/35.0.1916.141 Mobile Safari/537.36"
134.249.76.109 - - [20/Jun/2014:16:47:14 -0400] "GET / HTTP/1.1" 200 10872 "http://toureseme.net/" "Mozilla/4.0 (compatible; MSIE 5.01; Windows 95; MSIECrawler)"
70.188.51.15 - - [20/Jun/2014:17:29:04 -0400] "GET /favicon.ico HTTP/1.1" 404 575 "http://www.huntersraid.org/" "Mozilla/5.0 (Linux; U; Android 3.1; en-us; GT-P7510 Build/HMJ37) AppleWebKit/534.13 (KHTML, like Gecko) Version/4.0 Safari/534.13"
173.252.100.119 - - [20/Jun/2014:18:31:19 -0400] "GET /information.php HTTP/1.1" 200 9518 "-" "facebookexternalhit/1.1 (+http://www.facebook.com/externalhit_uatext.php)"
46.119.115.144 - - [20/Jun/2014:20:45:02 -0400] "GET / HTTP/1.1" 200 10872 "http://www.tipsoffice.com/ru/" "Mozilla/4.0 (compatible; MSIE 6.0; Windows NT 5.1; .NET CLR 1.1.4322)"
71.81.182.138 - - [20/Jun/2014:21:19:48 -0400] "GET /assets/images/shadow_top.jpg HTTP/1.1" 200 1496 "http://www.huntersraid.org/visiting.html" "Mozilla/5.0 (Windows NT 6.1) AppleWebKit/537.36 (KHTML, like Gecko) Chrome/35.0.1916.153 Safari/537.36"
71.81.182.138 - - [20/Jun/2014:21:19:48 -0400] "GET /assets/images/btn_map.jpg HTTP/1.1" 200 1756 "http://www.huntersraid.org/visiting.html" "Mozilla/5.0 (Windows NT 6.1) AppleWebKit/537.36 (KHTML, like Gecko) Chrome/35.0.1916.153 Safari/537.36"
71.81.182.138 - - [20/Jun/2014:21:19:48 -0400] "GET /assets/images/header_bg.jpg HTTP/1.1" 200 42124 "http://www.huntersraid.org/visiting.html" "Mozilla/5.0 (Windows NT 6.1) AppleWebKit/537.36 (KHTML, like Gecko) Chrome/35.0.1916.153 Safari/537.36"
71.81.182.138 - - [20/Jun/2014:21:19:48 -0400] "GET /assets/images/vmi_cadets1.jpg HTTP/1.1" 200 10961 "http://www.huntersraid.org/visiting.html" "Mozilla/5.0 (Windows NT 6.1) AppleWebKit/537.36 (KHTML, like Gecko) Chrome/35.0.1916.153 Safari/537.36"
71.81.182.138 - - [20/Jun/2014:21:19:48 -0400] "GET /assets/images/the_natural_bridge.jpg HTTP/1.1" 200 12327 "http://www.huntersraid.org/visiting.html" "Mozilla/5.0 (Windows NT 6.1) AppleWebKit/537.36 (KHTML, like Gecko) Chrome/35.0.1916.153 Safari/537.36"
71.81.182.138 - - [20/Jun/2014:21:19:48 -0400] "GET /assets/images/history_museum.jpg HTTP/1.1" 200 12823 "http://www.huntersraid.org/visiting.html" "Mozilla/5.0 (Windows NT 6.1) AppleWebKit/537.36 (KHTML, like Gecko) Chrome/35.0.1916.153 Safari/537.36"
71.81.182.138 - - [20/Jun/2014:21:19:49 -0400] "GET /assets/images/sword.png HTTP/1.1" 200 36356 "http://www.huntersraid.org/visiting.html" "Mozilla/5.0 (Windows NT 6.1) AppleWebKit/537.36 (KHTML, like Gecko) Chrome/35.0.1916.153 Safari/537.36"
71.81.182.138 - - [20/Jun/2014:21:19:49 -0400] "GET /assets/images/content_bg_top_v.jpg HTTP/1.1" 200 4566 "http://www.huntersraid.org/visiting.html" "Mozilla/5.0 (Windows NT 6.1) AppleWebKit/537.36 (KHTML, like Gecko) Chrome/35.0.1916.153 Safari/537.36"
71.81.182.138 - - [20/Jun/2014:21:19:49 -0400] "GET /assets/images/footer_bg.jpg HTTP/1.1" 200 49277 "http://www.huntersraid.org/visiting.html" "Mozilla/5.0 (Windows NT 6.1) AppleWebKit/537.36 (KHTML, like Gecko) Chrome/35.0.1916.153 Safari/537.36"
71.81.182.138 - - [20/Jun/2014:21:19:49 -0400] "GET /assets/images/btn_request_info-over.png HTTP/1.1" 200 9869 "http://www.huntersraid.org/visiting.html" "Mozilla/5.0 (Windows NT 6.1) AppleWebKit/537.36 (KHTML, like Gecko) Chrome/35.0.1916.153 Safari/537.36"
71.81.182.138 - - [20/Jun/2014:21:19:50 -0400] "GET /favicon.ico HTTP/1.1" 404 575 "-" "Mozilla/5.0 (Windows NT 6.1) AppleWebKit/537.36 (KHTML, like Gecko) Chrome/35.0.1916.153 Safari/537.36"
173.252.100.112 - - [20/Jun/2014:22:05:09 -0400] "GET /assets/images/logo_vifl.png HTTP/1.1" 206 6305 "http://www.huntersraid.org/resources.html#.U6ToVDpiixA.facebook" "facebookexternalhit/1.1 (+http://www.facebook.com/externalhit_uatext.php)"
69.171.248.116 - - [20/Jun/2014:22:05:10 -0400] "GET /assets/images/hr_logo.gif HTTP/1.1" 206 6378 "-" "facebookexternalhit/1.1 (+http://www.facebook.com/externalhit_uatext.php)"
168.215.131.150 - - [20/Jun/2014:07:48:55 -0400] "GET /assets/images/btn_map.jpg HTTP/1.1" 200 1756 "http://www.huntersraid.org/" "Mozilla/5.0 (Windows NT 5.1; rv:30.0) Gecko/20100101 Firefox/30.0"
168.215.131.150 - - [20/Jun/2014:07:48:55 -0400] "GET /assets/images/logo_lexington.png HTTP/1.1" 200 6943 "http://www.huntersraid.org/" "Mozilla/5.0 (Windows NT 5.1; rv:30.0) Gecko/20100101 Firefox/30.0"
168.215.131.150 - - [20/Jun/2014:07:48:55 -0400] "GET /assets/images/shadow_btm.jpg HTTP/1.1" 200 13552 "http://www.huntersraid.org/" "Mozilla/5.0 (Windows NT 5.1; rv:30.0) Gecko/20100101 Firefox/30.0"
168.215.131.150 - - [20/Jun/2014:07:48:55 -0400] "GET /assets/images/data_feed_bg.jpg HTTP/1.1" 200 20086 "http://www.huntersraid.org/" "Mozilla/5.0 (Windows NT 5.1; rv:30.0) Gecko/20100101 Firefox/30.0"
168.215.131.150 - - [20/Jun/2014:07:48:56 -0400] "GET /assets/images/btn_resources-over.jpg HTTP/1.1" 200 3298 "http://www.huntersraid.org/" "Mozilla/5.0 (Windows NT 5.1; rv:30.0) Gecko/20100101 Firefox/30.0"
199.244.106.12 - - [20/Jun/2014:09:39:59 -0400] "GET / HTTP/1.1" 200 10872 "-" "Mozilla/5.0 (iPhone; CPU iPhone OS 7_1_1 like Mac OS X) AppleWebKit/537.51.2 (KHTML, like Gecko) Version/7.0 Mobile/11D201 Safari/9537.53"
199.244.106.12 - - [20/Jun/2014:09:39:59 -0400] "GET /assets/styles/styles.css HTTP/1.1" 304 - "http://www.huntersraid.org/" "Mozilla/5.0 (iPhone; CPU iPhone OS 7_1_1 like Mac OS X) AppleWebKit/537.51.2 (KHTML, like Gecko) Version/7.0 Mobile/11D201 Safari/9537.53"
199.244.106.12 - - [20/Jun/2014:09:39:59 -0400] "GET /assets/images/shadow_top.jpg HTTP/1.1" 304 - "http://www.huntersraid.org/" "Mozilla/5.0 (iPhone; CPU iPhone OS 7_1_1 like Mac OS X) AppleWebKit/537.51.2 (KHTML, like Gecko) Version/7.0 Mobile/11D201 Safari/9537.53"
199.244.106.12 - - [20/Jun/2014:09:39:59 -0400] "GET /assets/images/headline_home.jpg HTTP/1.1" 304 - "http://www.huntersraid.org/" "Mozilla/5.0 (iPhone; CPU iPhone OS 7_1_1 like Mac OS X) AppleWebKit/537.51.2 (KHTML, like Gecko) Version/7.0 Mobile/11D201 Safari/9537.53"
199.244.106.12 - - [20/Jun/2014:09:39:59 -0400] "GET /assets/images/logo_rvcvb.png HTTP/1.1" 304 - "http://www.huntersraid.org/" "Mozilla/5.0 (iPhone; CPU iPhone OS 7_1_1 like Mac OS X) AppleWebKit/537.51.2 (KHTML, like Gecko) Version/7.0 Mobile/11D201 Safari/9537.53"
199.244.106.12 - - [20/Jun/2014:09:39:59 -0400] "GET /assets/images/logo_cw150.png HTTP/1.1" 304 - "http://www.huntersraid.org/" "Mozilla/5.0 (iPhone; CPU iPhone OS 7_1_1 like Mac OS X) AppleWebKit/537.51.2 (KHTML, like Gecko) Version/7.0 Mobile/11D201 Safari/9537.53"
199.244.106.12 - - [20/Jun/2014:09:39:59 -0400] "GET /assets/images/slideshow2.jpg HTTP/1.1" 304 - "http://www.huntersraid.org/" "Mozilla/5.0 (iPhone; CPU iPhone OS 7_1_1 like Mac OS X) AppleWebKit/537.51.2 (KHTML, like Gecko) Version/7.0 Mobile/11D201 Safari/9537.53"
199.244.106.12 - - [20/Jun/2014:09:39:59 -0400] "GET /assets/images/slideshow3.jpg HTTP/1.1" 304 - "http://www.huntersraid.org/" "Mozilla/5.0 (iPhone; CPU iPhone OS 7_1_1 like Mac OS X) AppleWebKit/537.51.2 (KHTML, like Gecko) Version/7.0 Mobile/11D201 Safari/9537.53"
199.244.106.12 - - [20/Jun/2014:09:39:59 -0400] "GET /assets/images/slideshow4.jpg HTTP/1.1" 304 - "http://www.huntersraid.org/" "Mozilla/5.0 (iPhone; CPU iPhone OS 7_1_1 like Mac OS X) AppleWebKit/537.51.2 (KHTML, like Gecko) Version/7.0 Mobile/11D201 Safari/9537.53"
199.244.106.12 - - [20/Jun/2014:09:39:59 -0400] "GET /assets/images/data_feed_bg.jpg HTTP/1.1" 304 - "http://www.huntersraid.org/" "Mozilla/5.0 (iPhone; CPU iPhone OS 7_1_1 like Mac OS X) AppleWebKit/537.51.2 (KHTML, like Gecko) Version/7.0 Mobile/11D201 Safari/9537.53"
50.204.90.50 - - [20/Jun/2014:09:50:08 -0400] "GET /assets/images/btn_story.jpg HTTP/1.1" 200 1944 "http://www.huntersraid.org/" "Mozilla/5.0 (Windows NT 6.1; WOW64) AppleWebKit/537.36 (KHTML, like Gecko) Chrome/35.0.1916.153 Safari/537.36"
50.204.90.50 - - [20/Jun/2014:09:50:08 -0400] "GET /assets/images/logo_botco.png HTTP/1.1" 200 5361 "http://www.huntersraid.org/" "Mozilla/5.0 (Windows NT 6.1; WOW64) AppleWebKit/537.36 (KHTML, like Gecko) Chrome/35.0.1916.153 Safari/537.36"
50.204.90.50 - - [20/Jun/2014:09:50:08 -0400] "GET /assets/images/logo_cw150.png HTTP/1.1" 200 13351 "http://www.huntersraid.org/" "Mozilla/5.0 (Windows NT 6.1; WOW64) AppleWebKit/537.36 (KHTML, like Gecko) Chrome/35.0.1916.153 Safari/537.36"
50.204.90.50 - - [20/Jun/2014:09:50:08 -0400] "GET /assets/images/content_bg_home.jpg HTTP/1.1" 200 57353 "http://www.huntersraid.org/" "Mozilla/5.0 (Windows NT 6.1; WOW64) AppleWebKit/537.36 (KHTML, like Gecko) Chrome/35.0.1916.153 Safari/537.36"
146.48.126.214 - - [20/Jun/2014:10:02:55 -0400] "GET / HTTP/1.1" 200 10872 "-" "Mozilla/5.0 (X11; Linux x86_64; rv:24.0) Gecko/20100101 Firefox/24.0"
207.244.73.5 - - [20/Jun/2014:06:30:45 -0400] "HEAD / HTTP/1.1" 200 - "http://domainsigma.com/whois/huntersraid.org" "Mozilla/5.0 (Windows NT 5.1) AppleWebKit/537.36 (KHTML, like Gecko) Chrome/31.0.1650.16 Safari/537.36"
173.9.245.45 - - [20/Jun/2014:14:49:55 -0400] "GET /story.html HTTP/1.1" 200 14678 "http://www.google.com/url?sa=t&rct=j&q=&esrc=s&source=web&cd=4&ved=0CDcQFjAD&url=http%3A%2F%2Fwww.huntersraid.org%2Fstory.html&ei=PYKkU42DI4OfyAS4tYHgAQ&usg=AFQjCNEBZal6ETX6AmQdNN_c9uVqA-2MsA&bvm=bv.69411363,d.aWw" "Mozilla/5.0 (Windows NT 6.1; WOW64; rv:29.0) Gecko/20100101 Firefox/29.0"
70.192.195.195 - - [20/Jun/2014:17:00:58 -0400] "GET / HTTP/1.1" 200 10872 "-" "Mozilla/5.0 (iPhone; CPU iPhone OS 7_1_1 like Mac OS X) AppleWebKit/537.51.2 (KHTML, like Gecko) Version/7.0 Mobile/11D201 Safari/9537.53"
96.61.96.134 - - [20/Jun/2014:21:54:09 -0400] "GET /assets/images/visiting_header.jpg HTTP/1.1" 200 11022 "http://www.huntersraid.org/visiting.html" "Mozilla/5.0 (Windows NT 6.1; WOW64; rv:30.0) Gecko/20100101 Firefox/30.0"
96.61.96.134 - - [20/Jun/2014:21:54:09 -0400] "GET /assets/images/wilson_warehouse.jpg HTTP/1.1" 200 9474 "http://www.huntersraid.org/visiting.html" "Mozilla/5.0 (Windows NT 6.1; WOW64; rv:30.0) Gecko/20100101 Firefox/30.0"
96.61.96.134 - - [20/Jun/2014:21:54:10 -0400] "GET /assets/images/gypsy_park.jpg HTTP/1.1" 200 13049 "http://www.huntersraid.org/visiting.html" "Mozilla/5.0 (Windows NT 6.1; WOW64; rv:30.0) Gecko/20100101 Firefox/30.0"
69.171.237.119 - - [20/Jun/2014:22:06:40 -0400] "GET /assets/images/btn_story.jpg HTTP/1.1" 206 1944 "http://www.huntersraid.org/?fb_locale=es_LA" "facebookexternalhit/1.1 (+http://www.facebook.com/externalhit_uatext.php)"
69.171.248.117 - - [20/Jun/2014:09:52:59 -0400] "GET /assets/images/btn_resources.jpg HTTP/1.1" 206 2275 "-" "facebookexternalhit/1.1 (+http://www.facebook.com/externalhit_uatext.php)"
65.55.215.35 - - [20/Jun/2014:10:16:11 -0400] "GET /assets/images/gun.png HTTP/1.1" 200 32858 "-" "msnbot-media/1.1 (+http://search.msn.com/msnbot.htm)"
178.137.129.209 - - [20/Jun/2014:11:24:38 -0400] "GET /index.html HTTP/1.1" 200 10872 "http://domhon.net/" "Mozilla/4.0 (compatible; MSIE 6.0; MSIE 5.5; Windows NT 5.0) Opera 7.02 Bork-edition [en]"
178.137.129.209 - - [20/Jun/2014:11:24:39 -0400] "GET /index.html HTTP/1.1" 200 10872 "http://domhon.net/" "Mozilla/4.0 (compatible; MSIE 6.0; MSIE 5.5; Windows NT 5.0) Opera 7.02 Bork-edition [en]"
193.150.120.14 - - [20/Jun/2014:04:57:14 -0400] "GET / HTTP/1.1" 200 10872 "http://vintasik.info/" "Opera/9.0 (Windows NT 5.1; U; en)"
66.249.64.136 - - [20/Jun/2014:16:52:12 -0400] "GET /story.html HTTP/1.1" 304 - "-" "Mozilla/5.0 (compatible; Googlebot/2.1; +http://www.google.com/bot.html)"
173.252.100.112 - - [20/Jun/2014:22:04:16 -0400] "GET /resources.html HTTP/1.1" 206 11953 "-" "facebookexternalhit/1.1 (+http://www.facebook.com/externalhit_uatext.php)"
173.252.100.112 - - [20/Jun/2014:22:04:16 -0400] "GET /assets/images/logo_cw150.png HTTP/1.1" 206 9000 "http://www.huntersraid.org/resources.html#.U6ToVDpiixA.facebook" "facebookexternalhit/1.1 (+http://www.facebook.com/externalhit_uatext.php)"
173.252.100.115 - - [20/Jun/2014:22:04:16 -0400] "GET /assets/images/resources_header.jpg HTTP/1.1" 206 6636 "http://www.huntersraid.org/resources.html#.U6ToVDpiixA.facebook" "facebookexternalhit/1.1 (+http://www.facebook.com/externalhit_uatext.php)"
69.171.237.119 - - [20/Jun/2014:22:05:47 -0400] "GET /assets/images/btn_resources.jpg HTTP/1.1" 206 2275 "http://www.huntersraid.org/?fb_locale=es_LA" "facebookexternalhit/1.1 (+http://www.facebook.com/externalhit_uatext.php)"
69.171.233.116 - - [20/Jun/2014:22:05:49 -0400] "GET /assets/images/shadow_right.jpg HTTP/1.1" 206 3979 "-" "facebookexternalhit/1.1 (+http://www.facebook.com/externalhit_uatext.php)"
69.171.233.116 - - [20/Jun/2014:22:05:49 -0400] "GET /assets/images/logo_staunton.png HTTP/1.1" 206 4198 "-" "facebookexternalhit/1.1 (+http://www.facebook.com/externalhit_uatext.php)"
157.55.39.239 - - [20/Jun/2014:08:05:09 -0400] "GET /index.html HTTP/1.1" 304 - "-" "Mozilla/5.0 (compatible; bingbot/2.0; +http://www.bing.com/bingbot.htm)"
173.9.245.45 - - [20/Jun/2014:14:50:07 -0400] "GET /assets/images/logo_lynchburg.png HTTP/1.1" 200 9749 "http://www.huntersraid.org/story.html" "Mozilla/5.0 (Windows NT 6.1; WOW64; rv:29.0) Gecko/20100101 Firefox/29.0"
70.188.51.15 - - [20/Jun/2014:17:29:16 -0400] "GET /assets/images/btn_map-over.jpg HTTP/1.1" 200 2468 "http://www.huntersraid.org/" "Mozilla/5.0 (Linux; U; Android 3.1; en-us; GT-P7510 Build/HMJ37) AppleWebKit/534.13 (KHTML, like Gecko) Version/4.0 Safari/534.13"
96.61.96.134 - - [20/Jun/2014:21:48:56 -0400] "GET /assets/images/btn_request_info.png HTTP/1.1" 200 7951 "http://www.huntersraid.org/story.html" "Mozilla/5.0 (Windows NT 6.1; WOW64; rv:30.0) Gecko/20100101 Firefox/30.0"
96.61.96.134 - - [20/Jun/2014:21:48:56 -0400] "GET /assets/images/early.png HTTP/1.1" 200 22157 "http://www.huntersraid.org/story.html" "Mozilla/5.0 (Windows NT 6.1; WOW64; rv:30.0) Gecko/20100101 Firefox/30.0"
96.61.96.134 - - [20/Jun/2014:21:48:56 -0400] "GET /assets/images/logo_cw150.png HTTP/1.1" 200 13351 "http://www.huntersraid.org/story.html" "Mozilla/5.0 (Windows NT 6.1; WOW64; rv:30.0) Gecko/20100101 Firefox/30.0"
96.61.96.134 - - [20/Jun/2014:21:48:59 -0400] "GET /assets/images/btn_map-over.jpg HTTP/1.1" 200 2468 "http://www.huntersraid.org/story.html" "Mozilla/5.0 (Windows NT 6.1; WOW64; rv:30.0) Gecko/20100101 Firefox/30.0"
96.61.96.134 - - [20/Jun/2014:21:54:25 -0400] "GET /assets/animations/hunters_raid_map.swf HTTP/1.1" 206 297290 "http://www.huntersraid.org/map.html" "Mozilla/5.0 (Windows NT 6.1; WOW64; rv:30.0) Gecko/20100101 Firefox/30.0"
173.252.100.112 - - [20/Jun/2014:22:05:21 -0400] "GET /assets/images/btn_resources-on.jpg HTTP/1.1" 206 2738 "http://www.huntersraid.org/resources.html#.U6ToVDpiixA.facebook" "facebookexternalhit/1.1 (+http://www.facebook.com/externalhit_uatext.php)"
173.252.100.112 - - [20/Jun/2014:22:05:21 -0400] "GET /assets/images/btn_story.jpg HTTP/1.1" 206 1944 "http://www.huntersraid.org/resources.html#.U6ToVDpiixA.facebook" "facebookexternalhit/1.1 (+http://www.facebook.com/externalhit_uatext.php)"
69.171.237.113 - - [20/Jun/2014:22:06:52 -0400] "GET /assets/images/btn_request_info.png HTTP/1.1" 206 7951 "http://www.huntersraid.org/?fb_locale=es_LA" "facebookexternalhit/1.1 (+http://www.facebook.com/externalhit_uatext.php)"
96.61.97.194 - - [20/Jun/2014:22:57:41 -0400] "GET /assets/images/shadow_top.jpg HTTP/1.1" 200 1496 "http://www.huntersraid.org/" "Mozilla/5.0 (Windows NT 6.1; WOW64; Trident/7.0; LEN2; rv:11.0) like Gecko"
96.61.97.194 - - [20/Jun/2014:22:57:42 -0400] "GET /assets/images/btn_story.jpg HTTP/1.1" 200 1944 "http://www.huntersraid.org/" "Mozilla/5.0 (Windows NT 6.1; WOW64; Trident/7.0; LEN2; rv:11.0) like Gecko"
96.61.97.194 - - [20/Jun/2014:22:57:42 -0400] "GET /assets/images/btn_visiting.jpg HTTP/1.1" 200 1914 "http://www.huntersraid.org/" "Mozilla/5.0 (Windows NT 6.1; WOW64; Trident/7.0; LEN2; rv:11.0) like Gecko"
96.61.97.194 - - [20/Jun/2014:22:57:42 -0400] "GET /assets/images/btn_resources.jpg HTTP/1.1" 200 2275 "http://www.huntersraid.org/" "Mozilla/5.0 (Windows NT 6.1; WOW64; Trident/7.0; LEN2; rv:11.0) like Gecko"
96.61.97.194 - - [20/Jun/2014:22:57:43 -0400] "GET /assets/images/headline_home.jpg HTTP/1.1" 200 14056 "http://www.huntersraid.org/" "Mozilla/5.0 (Windows NT 6.1; WOW64; Trident/7.0; LEN2; rv:11.0) like Gecko"
96.61.97.194 - - [20/Jun/2014:22:57:43 -0400] "GET /assets/images/slideshow3.jpg HTTP/1.1" 200 43522 "http://www.huntersraid.org/" "Mozilla/5.0 (Windows NT 6.1; WOW64; Trident/7.0; LEN2; rv:11.0) like Gecko"
157.55.39.115 - - [20/Jun/2014:23:41:28 -0400] "GET /assets/images/btn_map.jpg HTTP/1.1" 200 1756 "-" "Mozilla/5.0 (compatible; bingbot/2.0; +http://www.bing.com/bingbot.htm)"
157.55.39.115 - - [20/Jun/2014:23:41:28 -0400] "GET /assets/images/btn_request_info.png HTTP/1.1" 200 7951 "-" "Mozilla/5.0 (compatible; bingbot/2.0; +http://www.bing.com/bingbot.htm)"
157.55.39.115 - - [20/Jun/2014:23:41:28 -0400] "GET /assets/images/shadow_top.jpg HTTP/1.1" 200 1496 "-" "Mozilla/5.0 (compatible; bingbot/2.0; +http://www.bing.com/bingbot.htm)"
157.55.39.115 - - [20/Jun/2014:23:41:28 -0400] "GET /assets/images/hr_logo.gif HTTP/1.1" 200 6378 "-" "Mozilla/5.0 (compatible; bingbot/2.0; +http://www.bing.com/bingbot.htm)"
157.55.39.115 - - [20/Jun/2014:23:41:28 -0400] "GET /assets/images/resources_header.jpg HTTP/1.1" 200 6636 "-" "Mozilla/5.0 (compatible; bingbot/2.0; +http://www.bing.com/bingbot.htm)"
157.55.39.115 - - [20/Jun/2014:23:41:28 -0400] "GET /assets/styles/styles.css HTTP/1.1" 200 4633 "-" "Mozilla/5.0 (compatible; bingbot/2.0; +http://www.bing.com/bingbot.htm)"
157.55.39.115 - - [20/Jun/2014:23:41:29 -0400] "GET /assets/images/shadow_left_center_v.png HTTP/1.1" 200 191 "-" "Mozilla/5.0 (compatible; bingbot/2.0; +http://www.bing.com/bingbot.htm)"
173.252.110.118 - - [20/Jun/2014:09:53:51 -0400] "GET /assets/images/shadow_btm_v.png HTTP/1.1" 206 9000 "http://www.huntersraid.org/story.html" "facebookexternalhit/1.1 (+http://www.facebook.com/externalhit_uatext.php)"
192.99.147.201 - - [20/Jun/2014:12:52:35 -0400] "GET /visiting.html\r HTTP/1.1" 200 30487 "-" "Mozilla/5.0 (compatible; MSIE 10.0; Windows NT 6.1; Trident/6.0)"
173.252.100.119 - - [20/Jun/2014:22:05:09 -0400] "GET /assets/images/logo_botco.png HTTP/1.1" 206 5361 "http://www.huntersraid.org/resources.html#.U6ToVDpiixA.facebook" "facebookexternalhit/1.1 (+http://www.facebook.com/externalhit_uatext.php)"
69.171.237.113 - - [20/Jun/2014:22:06:41 -0400] "GET /assets/images/logo_botco.png HTTP/1.1" 206 5361 "http://www.huntersraid.org/?fb_locale=es_LA" "facebookexternalhit/1.1 (+http://www.facebook.com/externalhit_uatext.php)"
96.61.97.194 - - [20/Jun/2014:22:57:39 -0400] "GET /assets/images/story_photo.jpg HTTP/1.1" 200 18037 "http://www.huntersraid.org/story.html" "Mozilla/5.0 (Windows NT 6.1; WOW64; Trident/7.0; LEN2; rv:11.0) like Gecko"
66.249.64.124 - - [20/Jun/2014:23:10:05 -0400] "GET /assets/styles/styles.css HTTP/1.1" 200 4633 "-" "Mozilla/5.0 (compatible; Googlebot/2.1; +http://www.google.com/bot.html)"
82.193.99.33 - - [20/Jun/2014:23:28:55 -0400] "GET /index.html HTTP/1.1" 200 10872 "http://dominterior.org/" "Mozilla/4.0 (compatible; MSIE 6.0; AOL 9.0; Windows NT 5.1)"
76.186.22.167 - - [20/Jun/2014:23:58:37 -0400] "GET /story.html HTTP/1.1" 200 14678 "http://www.huntersraid.org/" "Mozilla/5.0 (Windows NT 6.1; Trident/7.0; rv:11.0) like Gecko"
76.186.22.167 - - [20/Jun/2014:23:58:38 -0400] "GET /assets/images/early.png HTTP/1.1" 200 22157 "http://www.huntersraid.org/story.html" "Mozilla/5.0 (Windows NT 6.1; Trident/7.0; rv:11.0) like Gecko"
65.55.215.35 - - [20/Jun/2014:10:19:10 -0400] "GET /assets/images/history_museum.jpg HTTP/1.1" 200 12823 "-" "msnbot-media/1.1 (+http://search.msn.com/msnbot.htm)"
173.209.211.159 - - [20/Jun/2014:10:32:05 -0400] "GET /assets/images/logo_bedford.png HTTP/1.1" 200 6195 "http://www.huntersraid.org/" "Mozilla/5.0 (iPhone; CPU iPhone OS 7_1_1 like Mac OS X) AppleWebKit/537.51.2 (KHTML, like Gecko) Version/7.0 Mobile/11D201 Safari/9537.53"
173.209.211.159 - - [20/Jun/2014:10:32:06 -0400] "GET /assets/images/logo_lynchburg.png HTTP/1.1" 200 9749 "http://www.huntersraid.org/" "Mozilla/5.0 (iPhone; CPU iPhone OS 7_1_1 like Mac OS X) AppleWebKit/537.51.2 (KHTML, like Gecko) Version/7.0 Mobile/11D201 Safari/9537.53"
173.209.211.159 - - [20/Jun/2014:10:32:06 -0400] "GET /assets/images/shadow_btm.jpg HTTP/1.1" 200 13552 "http://www.huntersraid.org/" "Mozilla/5.0 (iPhone; CPU iPhone OS 7_1_1 like Mac OS X) AppleWebKit/537.51.2 (KHTML, like Gecko) Version/7.0 Mobile/11D201 Safari/9537.53"
178.137.129.209 - - [20/Jun/2014:11:25:32 -0400] "GET /index.html HTTP/1.1" 200 10872 "http://domhon.net/" "Mozilla/4.0 (compatible; MSIE 6.0; MSIE 5.5; Windows NT 5.0) Opera 7.02 Bork-edition [en]"
173.9.245.45 - - [20/Jun/2014:14:49:55 -0400] "GET /assets/styles/styles.css HTTP/1.1" 200 4633 "http://www.huntersraid.org/story.html" "Mozilla/5.0 (Windows NT 6.1; WOW64; rv:29.0) Gecko/20100101 Firefox/29.0"
173.9.245.45 - - [20/Jun/2014:14:49:55 -0400] "GET /assets/images/shadow_left_story.jpg HTTP/1.1" 200 2129 "http://www.huntersraid.org/story.html" "Mozilla/5.0 (Windows NT 6.1; WOW64; rv:29.0) Gecko/20100101 Firefox/29.0"
173.9.245.45 - - [20/Jun/2014:14:49:56 -0400] "GET /assets/images/header_bg.jpg HTTP/1.1" 200 42124 "http://www.huntersraid.org/assets/styles/styles.css" "Mozilla/5.0 (Windows NT 6.1; WOW64; rv:29.0) Gecko/20100101 Firefox/29.0"
173.9.245.45 - - [20/Jun/2014:14:49:58 -0400] "GET /assets/images/btn_resources-over.jpg HTTP/1.1" 200 3298 "http://www.huntersraid.org/story.html" "Mozilla/5.0 (Windows NT 6.1; WOW64; rv:29.0) Gecko/20100101 Firefox/29.0"
173.252.103.113 - - [20/Jun/2014:18:31:20 -0400] "GET /assets/images/logo_staunton.png HTTP/1.1" 206 4198 "-" "facebookexternalhit/1.1 (+http://www.facebook.com/externalhit_uatext.php)"
131.253.24.3 - - [20/Jun/2014:20:55:53 -0400] "GET /assets/images/sj_house.jpg HTTP/1.1" 200 16214 "-" "msnbot-media/1.1 (+http://search.msn.com/msnbot.htm)"
69.171.248.116 - - [20/Jun/2014:22:05:10 -0400] "GET /assets/images/logo_rvcvb.png HTTP/1.1" 206 7481 "-" "facebookexternalhit/1.1 (+http://www.facebook.com/externalhit_uatext.php)"
96.61.97.194 - - [20/Jun/2014:22:57:39 -0400] "GET /assets/images/shadow_left_story.jpg HTTP/1.1" 200 2129 "http://www.huntersraid.org/story.html" "Mozilla/5.0 (Windows NT 6.1; WOW64; Trident/7.0; LEN2; rv:11.0) like Gecko"
96.61.97.194 - - [20/Jun/2014:22:57:39 -0400] "GET /assets/images/content_bg_story.jpg HTTP/1.1" 200 110528 "http://www.huntersraid.org/story.html" "Mozilla/5.0 (Windows NT 6.1; WOW64; Trident/7.0; LEN2; rv:11.0) like Gecko"
168.215.131.150 - - [20/Jun/2014:07:48:55 -0400] "GET /assets/images/logo_rvcvb.png HTTP/1.1" 200 7481 "http://www.huntersraid.org/" "Mozilla/5.0 (Windows NT 5.1; rv:30.0) Gecko/20100101 Firefox/30.0"
168.215.131.150 - - [20/Jun/2014:07:48:55 -0400] "GET /assets/images/slideshow4.jpg HTTP/1.1" 200 35694 "http://www.huntersraid.org/" "Mozilla/5.0 (Windows NT 5.1; rv:30.0) Gecko/20100101 Firefox/30.0"
168.215.131.150 - - [20/Jun/2014:07:48:55 -0400] "GET /assets/images/content_bg_home.jpg HTTP/1.1" 200 57353 "http://www.huntersraid.org/assets/styles/styles.css" "Mozilla/5.0 (Windows NT 5.1; rv:30.0) Gecko/20100101 Firefox/30.0"
168.215.131.150 - - [20/Jun/2014:07:48:56 -0400] "GET /assets/images/btn_request_info-over.png HTTP/1.1" 200 9869 "http://www.huntersraid.org/" "Mozilla/5.0 (Windows NT 5.1; rv:30.0) Gecko/20100101 Firefox/30.0"
168.215.131.150 - - [20/Jun/2014:07:48:56 -0400] "GET /favicon.ico HTTP/1.1" 404 575 "-" "Mozilla/5.0 (Windows NT 5.1; rv:30.0) Gecko/20100101 Firefox/30.0"
168.215.131.150 - - [20/Jun/2014:07:48:56 -0400] "GET /favicon.ico HTTP/1.1" 404 575 "-" "Mozilla/5.0 (Windows NT 5.1; rv:30.0) Gecko/20100101 Firefox/30.0"
80.2.168.13 - - [20/Jun/2014:09:52:19 -0400] "GET /assets/images/btn_resources.jpg HTTP/1.1" 200 2275 "http://www.huntersraid.org/" "Mozilla/5.0 (iPad; CPU OS 7_0_2 like Mac OS X) AppleWebKit/537.51.1 (KHTML, like Gecko) CriOS/34.0.1847.18 Mobile/11A501 Safari/9537.53"
80.2.168.13 - - [20/Jun/2014:09:52:20 -0400] "GET /assets/images/logo_lynchburg.png HTTP/1.1" 200 9749 "http://www.huntersraid.org/" "Mozilla/5.0 (iPad; CPU OS 7_0_2 like Mac OS X) AppleWebKit/537.51.1 (KHTML, like Gecko) CriOS/34.0.1847.18 Mobile/11A501 Safari/9537.53"
80.2.168.13 - - [20/Jun/2014:09:52:20 -0400] "GET /assets/images/slideshow2.jpg HTTP/1.1" 200 39390 "http://www.huntersraid.org/" "Mozilla/5.0 (iPad; CPU OS 7_0_2 like Mac OS X) AppleWebKit/537.51.1 (KHTML, like Gecko) CriOS/34.0.1847.18 Mobile/11A501 Safari/9537.53"
80.2.168.13 - - [20/Jun/2014:09:52:21 -0400] "GET /assets/images/btn_resources-over.jpg HTTP/1.1" 200 3298 "http://www.huntersraid.org/" "Mozilla/5.0 (iPad; CPU OS 7_0_2 like Mac OS X) AppleWebKit/537.51.1 (KHTML, like Gecko) CriOS/34.0.1847.18 Mobile/11A501 Safari/9537.53"
173.252.110.118 - - [20/Jun/2014:09:53:51 -0400] "GET /assets/images/btn_visiting.jpg HTTP/1.1" 206 1914 "http://www.huntersraid.org/story.html" "facebookexternalhit/1.1 (+http://www.facebook.com/externalhit_uatext.php)"
71.81.182.138 - - [20/Jun/2014:10:17:54 -0400] "GET /assets/images/gun.png HTTP/1.1" 200 32858 "http://www.huntersraid.org/visiting.html" "Mozilla/5.0 (Windows NT 6.1; WOW64) AppleWebKit/537.36 (KHTML, like Gecko) Chrome/35.0.1916.153 Safari/537.36"
71.81.182.138 - - [20/Jun/2014:10:17:54 -0400] "GET /assets/images/kanawha_remnants.jpg HTTP/1.1" 200 30288 "http://www.huntersraid.org/visiting.html" "Mozilla/5.0 (Windows NT 6.1; WOW64) AppleWebKit/537.36 (KHTML, like Gecko) Chrome/35.0.1916.153 Safari/537.36"
71.81.182.138 - - [20/Jun/2014:10:17:54 -0400] "GET /assets/images/chaplain_museum.jpg HTTP/1.1" 200 9740 "http://www.huntersraid.org/visiting.html" "Mozilla/5.0 (Windows NT 6.1; WOW64) AppleWebKit/537.36 (KHTML, like Gecko) Chrome/35.0.1916.153 Safari/537.36"
71.81.182.138 - - [20/Jun/2014:10:17:54 -0400] "GET /assets/images/thornrose.jpg HTTP/1.1" 200 17445 "http://www.huntersraid.org/visiting.html" "Mozilla/5.0 (Windows NT 6.1; WOW64) AppleWebKit/537.36 (KHTML, like Gecko) Chrome/35.0.1916.153 Safari/537.36"
173.209.211.159 - - [20/Jun/2014:10:32:06 -0400] "GET /assets/images/logo_lexington.png HTTP/1.1" 200 6943 "http://www.huntersraid.org/" "Mozilla/5.0 (iPhone; CPU iPhone OS 7_1_1 like Mac OS X) AppleWebKit/537.51.2 (KHTML, like Gecko) Version/7.0 Mobile/11D201 Safari/9537.53"
173.209.211.159 - - [20/Jun/2014:10:32:06 -0400] "GET /assets/images/shadow_right.jpg HTTP/1.1" 200 3979 "http://www.huntersraid.org/" "Mozilla/5.0 (iPhone; CPU iPhone OS 7_1_1 like Mac OS X) AppleWebKit/537.51.2 (KHTML, like Gecko) Version/7.0 Mobile/11D201 Safari/9537.53"
157.55.39.115 - - [20/Jun/2014:00:03:06 -0400] "GET / HTTP/1.1" 304 - "-" "Mozilla/5.0 (compatible; bingbot/2.0; +http://www.bing.com/bingbot.htm)"
46.119.120.207 - - [20/Jun/2014:17:59:18 -0400] "GET / HTTP/1.1" 200 10872 "http://fxtips.ru/" "Mozilla/4.79 [en] (Windows NT 5.0; U)"
173.252.100.117 - - [20/Jun/2014:18:31:19 -0400] "GET /assets/images/logo_staunton.png HTTP/1.1" 206 4198 "http://www.huntersraid.org/information.php#.U5nQOAnv8hQ.facebook" "facebookexternalhit/1.1 (+http://www.facebook.com/externalhit_uatext.php)"
198.228.228.16 - - [20/Jun/2014:18:54:17 -0400] "GET /assets/images/shadow_right.jpg HTTP/1.1" 200 3979 "http://www.huntersraid.org/" "Mozilla/5.0 (iPhone; CPU iPhone OS 7_1_1 like Mac OS X) AppleWebKit/537.51.2 (KHTML, like Gecko) Version/7.0 Mobile/11D201 Safari/9537.53"
173.252.100.112 - - [20/Jun/2014:22:05:09 -0400] "GET /assets/images/btn_request_info.png HTTP/1.1" 206 7951 "http://www.huntersraid.org/resources.html#.U6ToVDpiixA.facebook" "facebookexternalhit/1.1 (+http://www.facebook.com/externalhit_uatext.php)"
173.252.100.112 - - [20/Jun/2014:22:05:09 -0400] "GET /assets/images/logo_rvcvb.png HTTP/1.1" 206 7481 "http://www.huntersraid.org/resources.html#.U6ToVDpiixA.facebook" "facebookexternalhit/1.1 (+http://www.facebook.com/externalhit_uatext.php)"
69.171.248.118 - - [20/Jun/2014:22:05:10 -0400] "GET /assets/images/logo_vifl.png HTTP/1.1" 206 6305 "-" "facebookexternalhit/1.1 (+http://www.facebook.com/externalhit_uatext.php)"
188.143.232.111 - - [20/Jun/2014:23:01:39 -0400] "GET /information.php HTTP/1.1" 200 9518 "-" "Mozilla/4.0 (compatible; MSIE 6.0; Windows NT 5.1; SV1)"
50.204.90.50 - - [20/Jun/2014:09:50:08 -0400] "GET /assets/images/shadow_left.jpg HTTP/1.1" 200 3689 "http://www.huntersraid.org/" "Mozilla/5.0 (Windows NT 6.1; WOW64) AppleWebKit/537.36 (KHTML, like Gecko) Chrome/35.0.1916.153 Safari/537.36"
50.204.90.50 - - [20/Jun/2014:09:50:08 -0400] "GET /assets/images/btn_map.jpg HTTP/1.1" 200 1756 "http://www.huntersraid.org/" "Mozilla/5.0 (Windows NT 6.1; WOW64) AppleWebKit/537.36 (KHTML, like Gecko) Chrome/35.0.1916.153 Safari/537.36"
50.204.90.50 - - [20/Jun/2014:09:50:08 -0400] "GET /assets/images/logo_bedford.png HTTP/1.1" 200 6195 "http://www.huntersraid.org/" "Mozilla/5.0 (Windows NT 6.1; WOW64) AppleWebKit/537.36 (KHTML, like Gecko) Chrome/35.0.1916.153 Safari/537.36"
50.204.90.50 - - [20/Jun/2014:09:50:08 -0400] "GET /assets/images/logo_rvcvb.png HTTP/1.1" 200 7481 "http://www.huntersraid.org/" "Mozilla/5.0 (Windows NT 6.1; WOW64) AppleWebKit/537.36 (KHTML, like Gecko) Chrome/35.0.1916.153 Safari/537.36"
50.204.90.50 - - [20/Jun/2014:09:50:08 -0400] "GET /assets/images/logo_vifl.png HTTP/1.1" 200 6305 "http://www.huntersraid.org/" "Mozilla/5.0 (Windows NT 6.1; WOW64) AppleWebKit/537.36 (KHTML, like Gecko) Chrome/35.0.1916.153 Safari/537.36"
50.204.90.50 - - [20/Jun/2014:09:50:08 -0400] "GET /assets/images/slideshow2.jpg HTTP/1.1" 200 39390 "http://www.huntersraid.org/" "Mozilla/5.0 (Windows NT 6.1; WOW64) AppleWebKit/537.36 (KHTML, like Gecko) Chrome/35.0.1916.153 Safari/537.36"
173.252.110.119 - - [20/Jun/2014:09:53:51 -0400] "GET /assets/images/logo_vifl.png HTTP/1.1" 206 6305 "http://www.huntersraid.org/story.html" "facebookexternalhit/1.1 (+http://www.facebook.com/externalhit_uatext.php)"
71.81.182.138 - - [20/Jun/2014:10:17:49 -0400] "GET /assets/styles/styles.css HTTP/1.1" 200 4633 "http://www.huntersraid.org/" "Mozilla/5.0 (Windows NT 6.1; WOW64) AppleWebKit/537.36 (KHTML, like Gecko) Chrome/35.0.1916.153 Safari/537.36"
71.81.182.138 - - [20/Jun/2014:10:17:49 -0400] "GET /assets/images/hr_logo.gif HTTP/1.1" 200 6378 "http://www.huntersraid.org/" "Mozilla/5.0 (Windows NT 6.1; WOW64) AppleWebKit/537.36 (KHTML, like Gecko) Chrome/35.0.1916.153 Safari/537.36"
