0byt3m1n1
Path:
/
data
/
0
/
0
/
78
/
83
/
78898
/
meta
/
80202
/
logs
/
[
Home
]
File: x-access_log.2014-06-20
168.215.131.150 - - [20/Jun/2014:07:48:54 -0400] "GET / HTTP/1.1" 200 10872 "http://www.historicsandusky.org/index.html" "Mozilla/5.0 (Windows NT 5.1; rv:30.0) Gecko/20100101 Firefox/30.0"
168.215.131.150 - - [20/Jun/2014:07:48:55 -0400] "GET /assets/styles/styles.css HTTP/1.1" 200 4633 "http://www.huntersraid.org/" "Mozilla/5.0 (Windows NT 5.1; rv:30.0) Gecko/20100101 Firefox/30.0"
168.215.131.150 - - [20/Jun/2014:07:48:55 -0400] "GET /assets/images/btn_request_info.png HTTP/1.1" 200 7951 "http://www.huntersraid.org/" "Mozilla/5.0 (Windows NT 5.1; rv:30.0) Gecko/20100101 Firefox/30.0"
168.215.131.150 - - [20/Jun/2014:07:48:55 -0400] "GET /assets/images/btn_story.jpg HTTP/1.1" 200 1944 "http://www.huntersraid.org/" "Mozilla/5.0 (Windows NT 5.1; rv:30.0) Gecko/20100101 Firefox/30.0"
168.215.131.150 - - [20/Jun/2014:07:48:55 -0400] "GET /assets/images/headline_home.jpg HTTP/1.1" 200 14056 "http://www.huntersraid.org/" "Mozilla/5.0 (Windows NT 5.1; rv:30.0) Gecko/20100101 Firefox/30.0"
168.215.131.150 - - [20/Jun/2014:07:48:55 -0400] "GET /assets/images/logo_lynchburg.png HTTP/1.1" 200 9749 "http://www.huntersraid.org/" "Mozilla/5.0 (Windows NT 5.1; rv:30.0) Gecko/20100101 Firefox/30.0"
168.215.131.150 - - [20/Jun/2014:07:48:55 -0400] "GET /assets/images/shadow_right.jpg HTTP/1.1" 200 3979 "http://www.huntersraid.org/" "Mozilla/5.0 (Windows NT 5.1; rv:30.0) Gecko/20100101 Firefox/30.0"
168.215.131.150 - - [20/Jun/2014:07:48:55 -0400] "GET /assets/images/slideshow3.jpg HTTP/1.1" 200 43522 "http://www.huntersraid.org/" "Mozilla/5.0 (Windows NT 5.1; rv:30.0) Gecko/20100101 Firefox/30.0"
168.215.131.150 - - [20/Jun/2014:07:48:55 -0400] "GET /assets/images/nav_bg.jpg HTTP/1.1" 200 2144 "http://www.huntersraid.org/assets/styles/styles.css" "Mozilla/5.0 (Windows NT 5.1; rv:30.0) Gecko/20100101 Firefox/30.0"
168.215.131.150 - - [20/Jun/2014:07:48:56 -0400] "GET /assets/images/btn_map-over.jpg HTTP/1.1" 200 2468 "http://www.huntersraid.org/" "Mozilla/5.0 (Windows NT 5.1; rv:30.0) Gecko/20100101 Firefox/30.0"
50.204.90.50 - - [20/Jun/2014:09:50:12 -0400] "GET /assets/images/btn_visiting-over.jpg HTTP/1.1" 200 2734 "http://www.huntersraid.org/" "Mozilla/5.0 (Windows NT 6.1; WOW64) AppleWebKit/537.36 (KHTML, like Gecko) Chrome/35.0.1916.153 Safari/537.36"
65.55.215.34 - - [20/Jun/2014:10:17:03 -0400] "GET /robots.txt HTTP/1.1" 404 575 "-" "msnbot-media/1.1 (+http://search.msn.com/msnbot.htm)"
199.30.20.19 - - [20/Jun/2014:11:11:51 -0400] "GET /assets/images/vmi_cadets1.jpg HTTP/1.1" 200 10961 "-" "msnbot-media/1.1 (+http://search.msn.com/msnbot.htm)"
195.242.218.133 - - [20/Jun/2014:04:06:56 -0400] "GET /index.html HTTP/1.1" 200 10872 "http://golden-praga.ru/" "Mozilla/4.0 (compatible; MSIE 6.0; Windows NT 5.1; .NET CLR 1.0.3705)"
46.118.155.40 - - [20/Jun/2014:13:00:05 -0400] "GET / HTTP/1.1" 200 10872 "http://mtech-world.net/" "Mozilla/4.0 (compatible; MSIE 6.0; Windows NT 5.1; SV1)"
24.149.67.113 - - [20/Jun/2014:15:51:42 -0400] "GET /assets/images/btn_map.jpg HTTP/1.0" 200 1756 "http://www.huntersraid.org/visiting.html" "Mozilla/4.0 (compatible; MSIE 8.0; Windows NT 5.1; Trident/4.0; .NET CLR 1.1.4322; .NET CLR 2.0.50727; .NET CLR 3.0.4506.2152; .NET CLR 3.5.30729; .NET4.0C; .NET4.0E; IPH 1.1.21.4019)"
24.149.67.113 - - [20/Jun/2014:15:51:43 -0400] "GET /assets/images/vmi_cadets1.jpg HTTP/1.0" 200 10961 "http://www.huntersraid.org/visiting.html" "Mozilla/4.0 (compatible; MSIE 8.0; Windows NT 5.1; Trident/4.0; .NET CLR 1.1.4322; .NET CLR 2.0.50727; .NET CLR 3.0.4506.2152; .NET CLR 3.5.30729; .NET4.0C; .NET4.0E; IPH 1.1.21.4019)"
24.149.67.113 - - [20/Jun/2014:15:51:43 -0400] "GET /assets/images/sandusky.jpg HTTP/1.0" 200 16349 "http://www.huntersraid.org/visiting.html" "Mozilla/4.0 (compatible; MSIE 8.0; Windows NT 5.1; Trident/4.0; .NET CLR 1.1.4322; .NET CLR 2.0.50727; .NET CLR 3.0.4506.2152; .NET CLR 3.5.30729; .NET4.0C; .NET4.0E; IPH 1.1.21.4019)"
24.149.67.113 - - [20/Jun/2014:15:51:43 -0400] "GET /assets/images/owl_museum.jpg HTTP/1.0" 200 8476 "http://www.huntersraid.org/visiting.html" "Mozilla/4.0 (compatible; MSIE 8.0; Windows NT 5.1; Trident/4.0; .NET CLR 1.1.4322; .NET CLR 2.0.50727; .NET CLR 3.0.4506.2152; .NET CLR 3.5.30729; .NET4.0C; .NET4.0E; IPH 1.1.21.4019)"
24.149.67.113 - - [20/Jun/2014:15:51:44 -0400] "GET /assets/images/logo_lexington.png HTTP/1.0" 200 6943 "http://www.huntersraid.org/visiting.html" "Mozilla/4.0 (compatible; MSIE 8.0; Windows NT 5.1; Trident/4.0; .NET CLR 1.1.4322; .NET CLR 2.0.50727; .NET CLR 3.0.4506.2152; .NET CLR 3.5.30729; .NET4.0C; .NET4.0E; IPH 1.1.21.4019)"
24.149.67.113 - - [20/Jun/2014:15:51:44 -0400] "GET /assets/images/content_bg_top_v.jpg HTTP/1.0" 200 4566 "http://www.huntersraid.org/visiting.html" "Mozilla/4.0 (compatible; MSIE 8.0; Windows NT 5.1; Trident/4.0; .NET CLR 1.1.4322; .NET CLR 2.0.50727; .NET CLR 3.0.4506.2152; .NET CLR 3.5.30729; .NET4.0C; .NET4.0E; IPH 1.1.21.4019)"
24.149.67.113 - - [20/Jun/2014:15:51:44 -0400] "GET /assets/images/logo_bedford.png HTTP/1.0" 200 6195 "http://www.huntersraid.org/visiting.html" "Mozilla/4.0 (compatible; MSIE 8.0; Windows NT 5.1; Trident/4.0; .NET CLR 1.1.4322; .NET CLR 2.0.50727; .NET CLR 3.0.4506.2152; .NET CLR 3.5.30729; .NET4.0C; .NET4.0E; IPH 1.1.21.4019)"
24.149.67.113 - - [20/Jun/2014:15:51:47 -0400] "GET /favicon.ico HTTP/1.0" 404 575 "-" "Mozilla/4.0 (compatible; MSIE 8.0; Windows NT 5.1; Trident/4.0; .NET CLR 1.1.4322; .NET CLR 2.0.50727; .NET CLR 3.0.4506.2152; .NET CLR 3.5.30729; .NET4.0C; .NET4.0E; IPH 1.1.21.4019)"
173.252.100.112 - - [20/Jun/2014:18:31:19 -0400] "GET /assets/images/btn_visiting.jpg HTTP/1.1" 206 1914 "http://www.huntersraid.org/information.php#.U5nQOAnv8hQ.facebook" "facebookexternalhit/1.1 (+http://www.facebook.com/externalhit_uatext.php)"
96.61.96.134 - - [20/Jun/2014:21:48:45 -0400] "GET /assets/images/hr_logo.gif HTTP/1.1" 200 6378 "http://www.huntersraid.org/story.html" "Mozilla/5.0 (Windows NT 6.1; WOW64; rv:30.0) Gecko/20100101 Firefox/30.0"
96.61.96.134 - - [20/Jun/2014:21:48:45 -0400] "GET /assets/images/logo_bedford.png HTTP/1.1" 200 6195 "http://www.huntersraid.org/story.html" "Mozilla/5.0 (Windows NT 6.1; WOW64; rv:30.0) Gecko/20100101 Firefox/30.0"
96.61.96.134 - - [20/Jun/2014:21:48:45 -0400] "GET /assets/images/logo_rvcvb.png HTTP/1.1" 200 7481 "http://www.huntersraid.org/story.html" "Mozilla/5.0 (Windows NT 6.1; WOW64; rv:30.0) Gecko/20100101 Firefox/30.0"
96.61.96.134 - - [20/Jun/2014:21:48:47 -0400] "GET /favicon.ico HTTP/1.1" 404 575 "-" "Mozilla/5.0 (Windows NT 6.1; WOW64; rv:30.0) Gecko/20100101 Firefox/30.0"
173.252.100.113 - - [20/Jun/2014:22:05:09 -0400] "GET /assets/images/btn_resources-on.jpg HTTP/1.1" 206 2738 "http://www.huntersraid.org/resources.html#.U6ToVDpiixA.facebook" "facebookexternalhit/1.1 (+http://www.facebook.com/externalhit_uatext.php)"
173.252.100.118 - - [20/Jun/2014:22:05:09 -0400] "GET /assets/images/btn_request_info.png HTTP/1.1" 206 7951 "-" "facebookexternalhit/1.1 (+http://www.facebook.com/externalhit_uatext.php)"
69.171.237.114 - - [20/Jun/2014:22:06:41 -0400] "GET /assets/images/logo_lynchburg.png HTTP/1.1" 206 9000 "http://www.huntersraid.org/?fb_locale=es_LA" "facebookexternalhit/1.1 (+http://www.facebook.com/externalhit_uatext.php)"
96.61.97.194 - - [20/Jun/2014:22:57:33 -0400] "GET /assets/images/nav_bg.jpg HTTP/1.1" 200 2144 "http://www.huntersraid.org/" "Mozilla/5.0 (Windows NT 6.1; WOW64; Trident/7.0; LEN2; rv:11.0) like Gecko"
96.61.97.194 - - [20/Jun/2014:22:57:34 -0400] "GET /assets/images/logo_vifl.png HTTP/1.1" 200 6305 "http://www.huntersraid.org/" "Mozilla/5.0 (Windows NT 6.1; WOW64; Trident/7.0; LEN2; rv:11.0) like Gecko"
96.61.97.194 - - [20/Jun/2014:22:57:38 -0400] "GET /story.html HTTP/1.1" 200 14678 "http://www.huntersraid.org/" "Mozilla/5.0 (Windows NT 6.1; WOW64; Trident/7.0; LEN2; rv:11.0) like Gecko"
96.61.97.194 - - [20/Jun/2014:22:57:41 -0400] "GET /assets/images/logo_staunton.png HTTP/1.1" 200 4198 "http://www.huntersraid.org/story.html" "Mozilla/5.0 (Windows NT 6.1; WOW64; Trident/7.0; LEN2; rv:11.0) like Gecko"
96.61.97.194 - - [20/Jun/2014:22:57:41 -0400] "GET /assets/images/shadow_right_story.jpg HTTP/1.1" 200 3717 "http://www.huntersraid.org/story.html" "Mozilla/5.0 (Windows NT 6.1; WOW64; Trident/7.0; LEN2; rv:11.0) like Gecko"
96.61.97.194 - - [20/Jun/2014:22:57:44 -0400] "GET /assets/images/btn_map-over.jpg HTTP/1.1" 200 2468 "http://www.huntersraid.org/story.html" "Mozilla/5.0 (Windows NT 6.1; WOW64; Trident/7.0; LEN2; rv:11.0) like Gecko"
96.61.97.194 - - [20/Jun/2014:22:57:44 -0400] "GET /assets/images/btn_resources-over.jpg HTTP/1.1" 200 3298 "http://www.huntersraid.org/story.html" "Mozilla/5.0 (Windows NT 6.1; WOW64; Trident/7.0; LEN2; rv:11.0) like Gecko"
96.61.97.194 - - [20/Jun/2014:22:57:44 -0400] "GET /assets/images/btn_visiting-over.jpg HTTP/1.1" 200 2734 "http://www.huntersraid.org/story.html" "Mozilla/5.0 (Windows NT 6.1; WOW64; Trident/7.0; LEN2; rv:11.0) like Gecko"
50.204.90.50 - - [20/Jun/2014:09:50:12 -0400] "GET /assets/images/btn_story-over.jpg HTTP/1.1" 200 2834 "http://www.huntersraid.org/" "Mozilla/5.0 (Windows NT 6.1; WOW64) AppleWebKit/537.36 (KHTML, like Gecko) Chrome/35.0.1916.153 Safari/537.36"
199.87.130.133 - - [20/Jun/2014:11:05:11 -0400] "GET /assets/images/cs_pump.jpg HTTP/1.1" 200 13684 "https://www.google.com/" "Mozilla/5.0 (iPhone; CPU iPhone OS 7_1_1 like Mac OS X) AppleWebKit/537.51.2 (KHTML, like Gecko) Version/7.0 Mobile/11D201 Safari/9537.53"
24.254.162.203 - - [20/Jun/2014:14:21:47 -0400] "GET /assets/images/btn_request_info.png HTTP/1.1" 200 7951 "http://www.huntersraid.org/" "Mozilla/5.0 (Linux; Android 4.4.2; SM-G900V Build/KOT49H) AppleWebKit/537.36 (KHTML, like Gecko) Chrome/35.0.1916.141 Mobile Safari/537.36"
24.254.162.203 - - [20/Jun/2014:14:21:48 -0400] "GET /assets/images/headline_home.jpg HTTP/1.1" 200 14056 "http://www.huntersraid.org/" "Mozilla/5.0 (Linux; Android 4.4.2; SM-G900V Build/KOT49H) AppleWebKit/537.36 (KHTML, like Gecko) Chrome/35.0.1916.141 Mobile Safari/537.36"
24.254.162.203 - - [20/Jun/2014:14:21:48 -0400] "GET /assets/images/logo_cw150.png HTTP/1.1" 200 13351 "http://www.huntersraid.org/" "Mozilla/5.0 (Linux; Android 4.4.2; SM-G900V Build/KOT49H) AppleWebKit/537.36 (KHTML, like Gecko) Chrome/35.0.1916.141 Mobile Safari/537.36"
66.87.95.144 - - [20/Jun/2014:16:20:40 -0400] "GET /assets/images/slideshow1.jpg HTTP/1.1" 200 43851 "http://www.huntersraid.org/" "Mozilla/5.0 (iPhone; CPU iPhone OS 7_1 like Mac OS X) AppleWebKit/537.51.2 (KHTML, like Gecko) Version/7.0 Mobile/11D167 Safari/9537.53"
66.87.95.144 - - [20/Jun/2014:16:20:40 -0400] "GET /assets/images/logo_bedford.png HTTP/1.1" 200 6195 "http://www.huntersraid.org/" "Mozilla/5.0 (iPhone; CPU iPhone OS 7_1 like Mac OS X) AppleWebKit/537.51.2 (KHTML, like Gecko) Version/7.0 Mobile/11D167 Safari/9537.53"
70.188.3.61 - - [20/Jun/2014:17:09:58 -0400] "GET /assets/images/hr_logo.gif HTTP/1.1" 200 6378 "http://www.huntersraid.org/" "Mozilla/5.0 (iPhone; CPU iPhone OS 7_1_1 like Mac OS X) AppleWebKit/537.51.2 (KHTML, like Gecko) Version/7.0 Mobile/11D201 Safari/9537.53"
70.188.3.61 - - [20/Jun/2014:17:09:59 -0400] "GET /assets/images/btn_map.jpg HTTP/1.1" 200 1756 "http://www.huntersraid.org/" "Mozilla/5.0 (iPhone; CPU iPhone OS 7_1_1 like Mac OS X) AppleWebKit/537.51.2 (KHTML, like Gecko) Version/7.0 Mobile/11D201 Safari/9537.53"
70.188.3.61 - - [20/Jun/2014:17:09:59 -0400] "GET /assets/images/logo_botco.png HTTP/1.1" 200 5361 "http://www.huntersraid.org/" "Mozilla/5.0 (iPhone; CPU iPhone OS 7_1_1 like Mac OS X) AppleWebKit/537.51.2 (KHTML, like Gecko) Version/7.0 Mobile/11D201 Safari/9537.53"
70.188.3.61 - - [20/Jun/2014:17:09:59 -0400] "GET /assets/images/logo_vifl.png HTTP/1.1" 200 6305 "http://www.huntersraid.org/" "Mozilla/5.0 (iPhone; CPU iPhone OS 7_1_1 like Mac OS X) AppleWebKit/537.51.2 (KHTML, like Gecko) Version/7.0 Mobile/11D201 Safari/9537.53"
73.177.165.54 - - [20/Jun/2014:19:29:26 -0400] "GET /assets/images/btn_story-on.jpg HTTP/1.1" 200 2520 "http://www.huntersraid.org/story.html" "Mozilla/5.0 (iPhone; CPU iPhone OS 7_1_1 like Mac OS X) AppleWebKit/537.51.2 (KHTML, like Gecko) Version/7.0 Mobile/11D201 Safari/9537.53"
73.177.165.54 - - [20/Jun/2014:19:29:26 -0400] "GET /assets/images/mccausland.jpg HTTP/1.1" 200 3935 "http://www.huntersraid.org/story.html" "Mozilla/5.0 (iPhone; CPU iPhone OS 7_1_1 like Mac OS X) AppleWebKit/537.51.2 (KHTML, like Gecko) Version/7.0 Mobile/11D201 Safari/9537.53"
73.177.165.54 - - [20/Jun/2014:19:29:26 -0400] "GET /assets/images/logo_lexington.png HTTP/1.1" 200 6943 "http://www.huntersraid.org/story.html" "Mozilla/5.0 (iPhone; CPU iPhone OS 7_1_1 like Mac OS X) AppleWebKit/537.51.2 (KHTML, like Gecko) Version/7.0 Mobile/11D201 Safari/9537.53"
73.177.165.54 - - [20/Jun/2014:19:29:26 -0400] "GET /assets/images/shadow_btm_v.png HTTP/1.1" 200 22468 "http://www.huntersraid.org/story.html" "Mozilla/5.0 (iPhone; CPU iPhone OS 7_1_1 like Mac OS X) AppleWebKit/537.51.2 (KHTML, like Gecko) Version/7.0 Mobile/11D201 Safari/9537.53"
73.177.165.54 - - [20/Jun/2014:19:29:26 -0400] "GET /assets/images/footer_bg.jpg HTTP/1.1" 200 49277 "http://www.huntersraid.org/story.html" "Mozilla/5.0 (iPhone; CPU iPhone OS 7_1_1 like Mac OS X) AppleWebKit/537.51.2 (KHTML, like Gecko) Version/7.0 Mobile/11D201 Safari/9537.53"
73.177.165.54 - - [20/Jun/2014:19:29:28 -0400] "GET /assets/images/btn_resources-over.jpg HTTP/1.1" 200 3298 "http://www.huntersraid.org/story.html" "Mozilla/5.0 (iPhone; CPU iPhone OS 7_1_1 like Mac OS X) AppleWebKit/537.51.2 (KHTML, like Gecko) Version/7.0 Mobile/11D201 Safari/9537.53"
46.119.115.144 - - [20/Jun/2014:20:45:04 -0400] "GET / HTTP/1.1" 200 10872 "http://www.tipsoffice.com/ru/" "Mozilla/4.0 (compatible; MSIE 6.0; Windows NT 5.1; .NET CLR 1.1.4322)"
71.81.182.138 - - [20/Jun/2014:21:19:48 -0400] "GET /assets/images/btn_story.jpg HTTP/1.1" 200 1944 "http://www.huntersraid.org/visiting.html" "Mozilla/5.0 (Windows NT 6.1) AppleWebKit/537.36 (KHTML, like Gecko) Chrome/35.0.1916.153 Safari/537.36"
71.81.182.138 - - [20/Jun/2014:21:19:48 -0400] "GET /assets/images/site_bg.jpg HTTP/1.1" 200 659 "http://www.huntersraid.org/visiting.html" "Mozilla/5.0 (Windows NT 6.1) AppleWebKit/537.36 (KHTML, like Gecko) Chrome/35.0.1916.153 Safari/537.36"
71.81.182.138 - - [20/Jun/2014:21:19:48 -0400] "GET /assets/images/bedford_museum.jpg HTTP/1.1" 200 72097 "http://www.huntersraid.org/visiting.html" "Mozilla/5.0 (Windows NT 6.1) AppleWebKit/537.36 (KHTML, like Gecko) Chrome/35.0.1916.153 Safari/537.36"
71.81.182.138 - - [20/Jun/2014:21:19:48 -0400] "GET /assets/images/sandusky.jpg HTTP/1.1" 200 16349 "http://www.huntersraid.org/visiting.html" "Mozilla/5.0 (Windows NT 6.1) AppleWebKit/537.36 (KHTML, like Gecko) Chrome/35.0.1916.153 Safari/537.36"
71.81.182.138 - - [20/Jun/2014:21:19:48 -0400] "GET /assets/images/cs_pump.jpg HTTP/1.1" 200 13684 "http://www.huntersraid.org/visiting.html" "Mozilla/5.0 (Windows NT 6.1) AppleWebKit/537.36 (KHTML, like Gecko) Chrome/35.0.1916.153 Safari/537.36"
71.81.182.138 - - [20/Jun/2014:21:19:49 -0400] "GET /assets/images/logo_bedford.png HTTP/1.1" 200 6195 "http://www.huntersraid.org/visiting.html" "Mozilla/5.0 (Windows NT 6.1) AppleWebKit/537.36 (KHTML, like Gecko) Chrome/35.0.1916.153 Safari/537.36"
71.81.182.138 - - [20/Jun/2014:21:19:49 -0400] "GET /assets/images/shadow_right_center_v.png HTTP/1.1" 200 191 "http://www.huntersraid.org/visiting.html" "Mozilla/5.0 (Windows NT 6.1) AppleWebKit/537.36 (KHTML, like Gecko) Chrome/35.0.1916.153 Safari/537.36"
96.61.96.134 - - [20/Jun/2014:21:54:09 -0400] "GET /assets/images/gun.png HTTP/1.1" 200 32858 "http://www.huntersraid.org/visiting.html" "Mozilla/5.0 (Windows NT 6.1; WOW64; rv:30.0) Gecko/20100101 Firefox/30.0"
96.61.96.134 - - [20/Jun/2014:21:54:09 -0400] "GET /assets/images/vmi_cadets1.jpg HTTP/1.1" 200 10961 "http://www.huntersraid.org/visiting.html" "Mozilla/5.0 (Windows NT 6.1; WOW64; rv:30.0) Gecko/20100101 Firefox/30.0"
96.61.96.134 - - [20/Jun/2014:21:54:10 -0400] "GET /assets/images/stonewall_jackson_cemetery2.jpg HTTP/1.1" 200 39982 "http://www.huntersraid.org/visiting.html" "Mozilla/5.0 (Windows NT 6.1; WOW64; rv:30.0) Gecko/20100101 Firefox/30.0"
96.61.96.134 - - [20/Jun/2014:21:54:10 -0400] "GET /assets/images/city_cemetery.jpg HTTP/1.1" 200 12437 "http://www.huntersraid.org/visiting.html" "Mozilla/5.0 (Windows NT 6.1; WOW64; rv:30.0) Gecko/20100101 Firefox/30.0"
96.61.96.134 - - [20/Jun/2014:21:54:10 -0400] "GET /assets/images/owl_museum.jpg HTTP/1.1" 200 8476 "http://www.huntersraid.org/visiting.html" "Mozilla/5.0 (Windows NT 6.1; WOW64; rv:30.0) Gecko/20100101 Firefox/30.0"
96.61.96.134 - - [20/Jun/2014:21:54:10 -0400] "GET /assets/images/cs_pump.jpg HTTP/1.1" 200 13684 "http://www.huntersraid.org/visiting.html" "Mozilla/5.0 (Windows NT 6.1; WOW64; rv:30.0) Gecko/20100101 Firefox/30.0"
96.61.96.134 - - [20/Jun/2014:21:54:10 -0400] "GET /assets/images/thornrose.jpg HTTP/1.1" 200 17445 "http://www.huntersraid.org/visiting.html" "Mozilla/5.0 (Windows NT 6.1; WOW64; rv:30.0) Gecko/20100101 Firefox/30.0"
50.204.90.50 - - [20/Jun/2014:09:50:08 -0400] "GET /assets/images/hr_logo.gif HTTP/1.1" 200 6378 "http://www.huntersraid.org/" "Mozilla/5.0 (Windows NT 6.1; WOW64) AppleWebKit/537.36 (KHTML, like Gecko) Chrome/35.0.1916.153 Safari/537.36"
50.204.90.50 - - [20/Jun/2014:09:50:08 -0400] "GET /assets/images/logo_lynchburg.png HTTP/1.1" 200 9749 "http://www.huntersraid.org/" "Mozilla/5.0 (Windows NT 6.1; WOW64) AppleWebKit/537.36 (KHTML, like Gecko) Chrome/35.0.1916.153 Safari/537.36"
50.204.90.50 - - [20/Jun/2014:09:50:08 -0400] "GET /assets/images/site_bg.jpg HTTP/1.1" 200 659 "http://www.huntersraid.org/" "Mozilla/5.0 (Windows NT 6.1; WOW64) AppleWebKit/537.36 (KHTML, like Gecko) Chrome/35.0.1916.153 Safari/537.36"
50.204.90.50 - - [20/Jun/2014:09:50:08 -0400] "GET /assets/images/shadow_btm.jpg HTTP/1.1" 200 13552 "http://www.huntersraid.org/" "Mozilla/5.0 (Windows NT 6.1; WOW64) AppleWebKit/537.36 (KHTML, like Gecko) Chrome/35.0.1916.153 Safari/537.36"
50.204.90.50 - - [20/Jun/2014:09:50:08 -0400] "GET /assets/images/nav_bg.jpg HTTP/1.1" 200 2144 "http://www.huntersraid.org/" "Mozilla/5.0 (Windows NT 6.1; WOW64) AppleWebKit/537.36 (KHTML, like Gecko) Chrome/35.0.1916.153 Safari/537.36"
80.2.168.13 - - [20/Jun/2014:09:52:25 -0400] "GET /assets/images/map_bg.jpg HTTP/1.1" 200 245907 "http://www.huntersraid.org/map.html" "Mozilla/5.0 (iPad; CPU OS 7_0_2 like Mac OS X) AppleWebKit/537.51.1 (KHTML, like Gecko) CriOS/34.0.1847.18 Mobile/11A501 Safari/9537.53"
173.252.110.113 - - [20/Jun/2014:09:53:51 -0400] "GET /story.html HTTP/1.1" 206 14678 "-" "facebookexternalhit/1.1 (+http://www.facebook.com/externalhit_uatext.php)"
173.252.110.113 - - [20/Jun/2014:09:53:51 -0400] "GET /assets/images/early.png HTTP/1.1" 206 9000 "http://www.huntersraid.org/story.html" "facebookexternalhit/1.1 (+http://www.facebook.com/externalhit_uatext.php)"
69.171.248.112 - - [20/Jun/2014:09:53:51 -0400] "GET /assets/images/logo_bedford.png HTTP/1.1" 206 6195 "-" "facebookexternalhit/1.1 (+http://www.facebook.com/externalhit_uatext.php)"
199.58.86.206 - - [20/Jun/2014:01:28:05 -0400] "GET / HTTP/1.0" 200 10872 "-" "Mozilla/5.0 (compatible; MJ12bot/v1.4.5; http://www.majestic12.co.uk/bot.php?+)"
24.254.162.203 - - [20/Jun/2014:14:21:47 -0400] "GET /assets/images/btn_story.jpg HTTP/1.1" 200 1944 "http://www.huntersraid.org/" "Mozilla/5.0 (Linux; Android 4.4.2; SM-G900V Build/KOT49H) AppleWebKit/537.36 (KHTML, like Gecko) Chrome/35.0.1916.141 Mobile Safari/537.36"
24.254.162.203 - - [20/Jun/2014:14:21:47 -0400] "GET /assets/images/btn_map.jpg HTTP/1.1" 200 1756 "http://www.huntersraid.org/" "Mozilla/5.0 (Linux; Android 4.4.2; SM-G900V Build/KOT49H) AppleWebKit/537.36 (KHTML, like Gecko) Chrome/35.0.1916.141 Mobile Safari/537.36"
24.254.162.203 - - [20/Jun/2014:14:21:48 -0400] "GET /assets/images/logo_botco.png HTTP/1.1" 200 5361 "http://www.huntersraid.org/" "Mozilla/5.0 (Linux; Android 4.4.2; SM-G900V Build/KOT49H) AppleWebKit/537.36 (KHTML, like Gecko) Chrome/35.0.1916.141 Mobile Safari/537.36"
24.254.162.203 - - [20/Jun/2014:14:21:48 -0400] "GET /assets/images/logo_staunton.png HTTP/1.1" 200 4198 "http://www.huntersraid.org/" "Mozilla/5.0 (Linux; Android 4.4.2; SM-G900V Build/KOT49H) AppleWebKit/537.36 (KHTML, like Gecko) Chrome/35.0.1916.141 Mobile Safari/537.36"
24.254.162.203 - - [20/Jun/2014:14:21:48 -0400] "GET /assets/images/slideshow3.jpg HTTP/1.1" 200 43522 "http://www.huntersraid.org/" "Mozilla/5.0 (Linux; Android 4.4.2; SM-G900V Build/KOT49H) AppleWebKit/537.36 (KHTML, like Gecko) Chrome/35.0.1916.141 Mobile Safari/537.36"
173.9.245.45 - - [20/Jun/2014:14:49:56 -0400] "GET /assets/images/shadow_top.jpg HTTP/1.1" 200 1496 "http://www.huntersraid.org/story.html" "Mozilla/5.0 (Windows NT 6.1; WOW64; rv:29.0) Gecko/20100101 Firefox/29.0"
66.249.64.131 - - [20/Jun/2014:15:13:34 -0400] "GET /assets/images/logo_cw150.png HTTP/1.1" 304 - "-" "Googlebot-Image/1.0"
173.252.103.117 - - [20/Jun/2014:18:31:20 -0400] "GET /assets/images/btn_story.jpg HTTP/1.1" 206 1944 "-" "facebookexternalhit/1.1 (+http://www.facebook.com/externalhit_uatext.php)"
173.252.100.118 - - [20/Jun/2014:22:05:09 -0400] "GET /assets/images/btn_map.jpg HTTP/1.1" 206 1756 "http://www.huntersraid.org/resources.html#.U6ToVDpiixA.facebook" "facebookexternalhit/1.1 (+http://www.facebook.com/externalhit_uatext.php)"
69.171.233.116 - - [20/Jun/2014:22:06:43 -0400] "GET /assets/images/logo_rvcvb.png HTTP/1.1" 206 7481 "-" "facebookexternalhit/1.1 (+http://www.facebook.com/externalhit_uatext.php)"
98.213.246.60 - - [20/Jun/2014:10:12:26 -0400] "GET /assets/images/avenel.jpg HTTP/1.1" 200 10971 "http://www.huntersraid.org/visiting.html" "Mozilla/5.0 (Windows NT 6.1; Trident/7.0; rv:11.0) like Gecko"
98.213.246.60 - - [20/Jun/2014:10:12:26 -0400] "GET /assets/images/botco_museum.jpg HTTP/1.1" 200 11794 "http://www.huntersraid.org/visiting.html" "Mozilla/5.0 (Windows NT 6.1; Trident/7.0; rv:11.0) like Gecko"
98.213.246.60 - - [20/Jun/2014:10:12:26 -0400] "GET /assets/images/sj_house.jpg HTTP/1.1" 200 16214 "http://www.huntersraid.org/visiting.html" "Mozilla/5.0 (Windows NT 6.1; Trident/7.0; rv:11.0) like Gecko"
173.9.245.45 - - [20/Jun/2014:14:49:56 -0400] "GET /assets/images/story_photo.jpg HTTP/1.1" 200 18037 "http://www.huntersraid.org/story.html" "Mozilla/5.0 (Windows NT 6.1; WOW64; rv:29.0) Gecko/20100101 Firefox/29.0"
173.9.245.45 - - [20/Jun/2014:14:49:56 -0400] "GET /assets/images/early.png HTTP/1.1" 200 22157 "http://www.huntersraid.org/story.html" "Mozilla/5.0 (Windows NT 6.1; WOW64; rv:29.0) Gecko/20100101 Firefox/29.0"
173.9.245.45 - - [20/Jun/2014:14:49:56 -0400] "GET /assets/images/logo_cw150.png HTTP/1.1" 200 13351 "http://www.huntersraid.org/story.html" "Mozilla/5.0 (Windows NT 6.1; WOW64; rv:29.0) Gecko/20100101 Firefox/29.0"
173.9.245.45 - - [20/Jun/2014:14:49:56 -0400] "GET /assets/images/nav_bg.jpg HTTP/1.1" 200 2144 "http://www.huntersraid.org/assets/styles/styles.css" "Mozilla/5.0 (Windows NT 6.1; WOW64; rv:29.0) Gecko/20100101 Firefox/29.0"
173.9.245.45 - - [20/Jun/2014:14:49:58 -0400] "GET /favicon.ico HTTP/1.1" 404 575 "-" "Mozilla/5.0 (Windows NT 6.1; WOW64; rv:29.0) Gecko/20100101 Firefox/29.0"
173.9.245.45 - - [20/Jun/2014:14:49:58 -0400] "GET /assets/images/btn_story-over.jpg HTTP/1.1" 200 2834 "http://www.huntersraid.org/story.html" "Mozilla/5.0 (Windows NT 6.1; WOW64; rv:29.0) Gecko/20100101 Firefox/29.0"
66.249.64.141 - - [20/Jun/2014:18:33:05 -0400] "GET /map.html HTTP/1.1" 304 - "-" "Mozilla/5.0 (compatible; Googlebot/2.1; +http://www.google.com/bot.html)"
198.228.228.16 - - [20/Jun/2014:18:54:17 -0400] "GET /assets/images/logo_vifl.png HTTP/1.1" 200 6305 "http://www.huntersraid.org/" "Mozilla/5.0 (iPhone; CPU iPhone OS 7_1_1 like Mac OS X) AppleWebKit/537.51.2 (KHTML, like Gecko) Version/7.0 Mobile/11D201 Safari/9537.53"
96.61.96.134 - - [20/Jun/2014:21:53:55 -0400] "GET /map.html HTTP/1.1" 200 8312 "http://www.huntersraid.org/story.html" "Mozilla/5.0 (Windows NT 6.1; WOW64; rv:30.0) Gecko/20100101 Firefox/30.0"
96.61.96.134 - - [20/Jun/2014:21:53:55 -0400] "GET /Scripts/AC_RunActiveContent.js HTTP/1.1" 200 8029 "http://www.huntersraid.org/map.html" "Mozilla/5.0 (Windows NT 6.1; WOW64; rv:30.0) Gecko/20100101 Firefox/30.0"
96.61.96.134 - - [20/Jun/2014:21:53:55 -0400] "GET /assets/images/shadow_left_center_v.png HTTP/1.1" 200 191 "http://www.huntersraid.org/map.html" "Mozilla/5.0 (Windows NT 6.1; WOW64; rv:30.0) Gecko/20100101 Firefox/30.0"
173.252.100.118 - - [20/Jun/2014:22:05:09 -0400] "GET /assets/images/shadow_top.jpg HTTP/1.1" 206 1496 "http://www.huntersraid.org/resources.html#.U6ToVDpiixA.facebook" "facebookexternalhit/1.1 (+http://www.facebook.com/externalhit_uatext.php)"
69.171.237.115 - - [20/Jun/2014:22:06:41 -0400] "GET /assets/images/logo_cw150.png HTTP/1.1" 206 9000 "http://www.huntersraid.org/?fb_locale=es_LA" "facebookexternalhit/1.1 (+http://www.facebook.com/externalhit_uatext.php)"
76.186.22.167 - - [20/Jun/2014:23:58:08 -0400] "GET /favicon.ico HTTP/1.1" 404 575 "-" "Mozilla/5.0 (Windows NT 6.1; Trident/7.0; rv:11.0) like Gecko"
178.77.126.55 - - [20/Jun/2014:09:52:43 -0400] "GET /robots.txt HTTP/1.1" 404 575 "-" "Mozilla/5.0 (compatible; CareerBot/1.1; +http://www.career-x.de/bot.html)"
178.77.126.55 - - [20/Jun/2014:09:52:43 -0400] "GET / HTTP/1.1" 200 10872 "-" "Mozilla/5.0 (compatible; CareerBot/1.1; +http://www.career-x.de/bot.html)"
173.252.110.119 - - [20/Jun/2014:09:53:51 -0400] "GET /assets/images/logo_bedford.png HTTP/1.1" 206 6195 "http://www.huntersraid.org/story.html" "facebookexternalhit/1.1 (+http://www.facebook.com/externalhit_uatext.php)"
166.147.120.153 - - [20/Jun/2014:10:21:31 -0400] "GET /assets/images/btn_resources.jpg HTTP/1.1" 200 2275 "http://www.huntersraid.org/story.html" "Mozilla/5.0 (iPhone; CPU iPhone OS 7_1_1 like Mac OS X) AppleWebKit/537.51.2 (KHTML, like Gecko) Mobile/11D201 [FBAN/FBIOS;FBAV/11.0.0.28.23;FBBV/2816550;FBDV/iPhone4,1;FBMD/iPhone;FBSN/iPhone OS;FBSV/7.1.1;FBSS/2; FBCR/AT&T;FBID/phone;FBLC/en_US;FBOP/5]"
166.147.120.153 - - [20/Jun/2014:10:21:31 -0400] "GET /assets/images/logo_bedford.png HTTP/1.1" 200 6195 "http://www.huntersraid.org/story.html" "Mozilla/5.0 (iPhone; CPU iPhone OS 7_1_1 like Mac OS X) AppleWebKit/537.51.2 (KHTML, like Gecko) Mobile/11D201 [FBAN/FBIOS;FBAV/11.0.0.28.23;FBBV/2816550;FBDV/iPhone4,1;FBMD/iPhone;FBSN/iPhone OS;FBSV/7.1.1;FBSS/2; FBCR/AT&T;FBID/phone;FBLC/en_US;FBOP/5]"
166.147.120.153 - - [20/Jun/2014:10:21:32 -0400] "GET /assets/images/logo_lexington.png HTTP/1.1" 200 6943 "http://www.huntersraid.org/story.html" "Mozilla/5.0 (iPhone; CPU iPhone OS 7_1_1 like Mac OS X) AppleWebKit/537.51.2 (KHTML, like Gecko) Mobile/11D201 [FBAN/FBIOS;FBAV/11.0.0.28.23;FBBV/2816550;FBDV/iPhone4,1;FBMD/iPhone;FBSN/iPhone OS;FBSV/7.1.1;FBSS/2; FBCR/AT&T;FBID/phone;FBLC/en_US;FBOP/5]"
166.147.120.153 - - [20/Jun/2014:10:21:32 -0400] "GET /assets/images/logo_botco.png HTTP/1.1" 200 5361 "http://www.huntersraid.org/story.html" "Mozilla/5.0 (iPhone; CPU iPhone OS 7_1_1 like Mac OS X) AppleWebKit/537.51.2 (KHTML, like Gecko) Mobile/11D201 [FBAN/FBIOS;FBAV/11.0.0.28.23;FBBV/2816550;FBDV/iPhone4,1;FBMD/iPhone;FBSN/iPhone OS;FBSV/7.1.1;FBSS/2; FBCR/AT&T;FBID/phone;FBLC/en_US;FBOP/5]"
131.253.24.3 - - [20/Jun/2014:10:24:04 -0400] "GET /assets/images/sj_house.jpg HTTP/1.1" 200 16214 "-" "msnbot-media/1.1 (+http://search.msn.com/msnbot.htm)"
173.209.211.225 - - [20/Jun/2014:10:32:03 -0400] "GET / HTTP/1.1" 200 10872 "http://www.visitroanokeva.com/visitors/history/roanoke-civil-war/" "Mozilla/5.0 (iPhone; CPU iPhone OS 7_1_1 like Mac OS X) AppleWebKit/537.51.2 (KHTML, like Gecko) Version/7.0 Mobile/11D201 Safari/9537.53"
173.209.211.225 - - [20/Jun/2014:10:32:04 -0400] "GET /assets/images/slideshow1.jpg HTTP/1.1" 200 43851 "http://www.huntersraid.org/" "Mozilla/5.0 (iPhone; CPU iPhone OS 7_1_1 like Mac OS X) AppleWebKit/537.51.2 (KHTML, like Gecko) Version/7.0 Mobile/11D201 Safari/9537.53"
173.209.211.225 - - [20/Jun/2014:10:32:06 -0400] "GET /assets/images/header_bg.jpg HTTP/1.1" 200 42124 "http://www.huntersraid.org/" "Mozilla/5.0 (iPhone; CPU iPhone OS 7_1_1 like Mac OS X) AppleWebKit/537.51.2 (KHTML, like Gecko) Version/7.0 Mobile/11D201 Safari/9537.53"
173.209.211.225 - - [20/Jun/2014:10:32:07 -0400] "GET /assets/images/nav_bg.jpg HTTP/1.1" 200 2144 "http://www.huntersraid.org/" "Mozilla/5.0 (iPhone; CPU iPhone OS 7_1_1 like Mac OS X) AppleWebKit/537.51.2 (KHTML, like Gecko) Version/7.0 Mobile/11D201 Safari/9537.53"
173.209.211.233 - - [20/Jun/2014:10:32:13 -0400] "GET /assets/images/btn_story-over.jpg HTTP/1.1" 200 2834 "http://www.huntersraid.org/" "Mozilla/5.0 (iPhone; CPU iPhone OS 7_1_1 like Mac OS X) AppleWebKit/537.51.2 (KHTML, like Gecko) Version/7.0 Mobile/11D201 Safari/9537.53"
115.28.63.227 - - [20/Jun/2014:02:20:38 -0400] "GET /template/default/common/footer.htm HTTP/1.1" 404 575 "-" "Mozilla/5.0 (Windows NT 6.1; WOW64) AppleWebKit/537.36 (KHTML, like Gecko) Chrome/28.0.1500.72 Safari/537.36"
173.9.245.45 - - [20/Jun/2014:14:49:56 -0400] "GET /assets/images/logo_vifl.png HTTP/1.1" 200 6305 "http://www.huntersraid.org/story.html" "Mozilla/5.0 (Windows NT 6.1; WOW64; rv:29.0) Gecko/20100101 Firefox/29.0"
46.119.120.207 - - [20/Jun/2014:18:32:31 -0400] "GET / HTTP/1.1" 200 10872 "http://banan.tv/" "Mozilla/4.0 (compatible; MSIE 6.0; Windows NT 5.1; Q312461)"
66.249.64.141 - - [20/Jun/2014:21:35:56 -0400] "GET /assets/animations/hunters_raid_map.swf HTTP/1.1" 200 438826 "-" "Mozilla/5.0 (compatible; Googlebot/2.1; +http://www.google.com/bot.html)"
69.171.248.113 - - [20/Jun/2014:22:05:10 -0400] "GET /assets/images/btn_visiting.jpg HTTP/1.1" 206 1914 "-" "facebookexternalhit/1.1 (+http://www.facebook.com/externalhit_uatext.php)"
96.61.96.134 - - [20/Jun/2014:22:05:52 -0400] "GET /assets/images/shadow_right.jpg HTTP/1.1" 200 3979 "http://www.huntersraid.org/" "Mozilla/5.0 (Windows NT 6.1; WOW64; rv:30.0) Gecko/20100101 Firefox/30.0"
96.61.96.134 - - [20/Jun/2014:22:05:53 -0400] "GET /assets/images/content_bg_home.jpg HTTP/1.1" 200 57353 "http://www.huntersraid.org/assets/styles/styles.css" "Mozilla/5.0 (Windows NT 6.1; WOW64; rv:30.0) Gecko/20100101 Firefox/30.0"
69.171.237.115 - - [20/Jun/2014:22:06:41 -0400] "GET /assets/images/logo_rvcvb.png HTTP/1.1" 206 7481 "http://www.huntersraid.org/?fb_locale=es_LA" "facebookexternalhit/1.1 (+http://www.facebook.com/externalhit_uatext.php)"
69.171.233.112 - - [20/Jun/2014:22:06:43 -0400] "GET /assets/images/btn_story.jpg HTTP/1.1" 206 1944 "-" "facebookexternalhit/1.1 (+http://www.facebook.com/externalhit_uatext.php)"
76.186.22.167 - - [20/Jun/2014:23:58:06 -0400] "GET /assets/images/shadow_top.jpg HTTP/1.1" 200 1496 "http://www.huntersraid.org/" "Mozilla/5.0 (Windows NT 6.1; Trident/7.0; rv:11.0) like Gecko"
76.186.22.167 - - [20/Jun/2014:23:58:06 -0400] "GET /assets/images/btn_story.jpg HTTP/1.1" 200 1944 "http://www.huntersraid.org/" "Mozilla/5.0 (Windows NT 6.1; Trident/7.0; rv:11.0) like Gecko"
76.186.22.167 - - [20/Jun/2014:23:58:08 -0400] "GET /assets/images/btn_request_info-over.png HTTP/1.1" 200 9869 "http://www.huntersraid.org/" "Mozilla/5.0 (Windows NT 6.1; Trident/7.0; rv:11.0) like Gecko"
192.34.161.247 - - [20/Jun/2014:08:05:50 -0400] "GET /assets/images/slideshow1.jpg HTTP/1.1" 200 43851 "-" "Mozilla/5.0 (compatible; MSIE 10.0; Windows NT 6.2; WOW64; Trident/6.0)"
204.12.251.37 - - [20/Jun/2014:09:09:38 -0400] "GET / HTTP/1.1" 200 10872 "-" "Mozilla/4.0 (compatible; MSIE 6.0; Windows NT 5.1; en)"
50.204.90.50 - - [20/Jun/2014:09:50:41 -0400] "GET /assets/images/btn_story-on.jpg HTTP/1.1" 200 2520 "http://www.huntersraid.org/story.html" "Mozilla/5.0 (Windows NT 6.1; WOW64) AppleWebKit/537.36 (KHTML, like Gecko) Chrome/35.0.1916.153 Safari/537.36"
50.204.90.50 - - [20/Jun/2014:09:50:41 -0400] "GET /assets/images/mccausland.jpg HTTP/1.1" 200 3935 "http://www.huntersraid.org/story.html" "Mozilla/5.0 (Windows NT 6.1; WOW64) AppleWebKit/537.36 (KHTML, like Gecko) Chrome/35.0.1916.153 Safari/537.36"
50.204.90.50 - - [20/Jun/2014:09:50:41 -0400] "GET /assets/images/shadow_right_story.jpg HTTP/1.1" 200 3717 "http://www.huntersraid.org/story.html" "Mozilla/5.0 (Windows NT 6.1; WOW64) AppleWebKit/537.36 (KHTML, like Gecko) Chrome/35.0.1916.153 Safari/537.36"
50.204.90.50 - - [20/Jun/2014:09:50:41 -0400] "GET /assets/images/shadow_btm_v.png HTTP/1.1" 200 22468 "http://www.huntersraid.org/story.html" "Mozilla/5.0 (Windows NT 6.1; WOW64) AppleWebKit/537.36 (KHTML, like Gecko) Chrome/35.0.1916.153 Safari/537.36"
173.252.110.114 - - [20/Jun/2014:09:53:51 -0400] "GET /assets/images/btn_story-on.jpg HTTP/1.1" 206 2520 "http://www.huntersraid.org/story.html" "facebookexternalhit/1.1 (+http://www.facebook.com/externalhit_uatext.php)"
46.118.155.40 - - [20/Jun/2014:05:26:50 -0400] "GET / HTTP/1.1" 200 10872 "http://alif-ba-ta.com/ru/index.html" "Mozilla/4.0 (compatible; MSIE 5.5; Windows NT 5.0)"
24.149.67.113 - - [20/Jun/2014:15:51:41 -0400] "GET /assets/images/site_bg.jpg HTTP/1.0" 200 659 "http://www.huntersraid.org/visiting.html" "Mozilla/4.0 (compatible; MSIE 8.0; Windows NT 5.1; Trident/4.0; .NET CLR 1.1.4322; .NET CLR 2.0.50727; .NET CLR 3.0.4506.2152; .NET CLR 3.5.30729; .NET4.0C; .NET4.0E; IPH 1.1.21.4019)"
24.149.67.113 - - [20/Jun/2014:15:51:42 -0400] "GET /assets/images/btn_story.jpg HTTP/1.0" 200 1944 "http://www.huntersraid.org/visiting.html" "Mozilla/4.0 (compatible; MSIE 8.0; Windows NT 5.1; Trident/4.0; .NET CLR 1.1.4322; .NET CLR 2.0.50727; .NET CLR 3.0.4506.2152; .NET CLR 3.5.30729; .NET4.0C; .NET4.0E; IPH 1.1.21.4019)"
24.149.67.113 - - [20/Jun/2014:15:51:42 -0400] "GET /assets/images/bedford_museum.jpg HTTP/1.0" 200 72097 "http://www.huntersraid.org/visiting.html" "Mozilla/4.0 (compatible; MSIE 8.0; Windows NT 5.1; Trident/4.0; .NET CLR 1.1.4322; .NET CLR 2.0.50727; .NET CLR 3.0.4506.2152; .NET CLR 3.5.30729; .NET4.0C; .NET4.0E; IPH 1.1.21.4019)"
24.149.67.113 - - [20/Jun/2014:15:51:44 -0400] "GET /assets/images/fc_museum.jpg HTTP/1.0" 200 12608 "http://www.huntersraid.org/visiting.html" "Mozilla/4.0 (compatible; MSIE 8.0; Windows NT 5.1; Trident/4.0; .NET CLR 1.1.4322; .NET CLR 2.0.50727; .NET CLR 3.0.4506.2152; .NET CLR 3.5.30729; .NET4.0C; .NET4.0E; IPH 1.1.21.4019)"
24.149.67.113 - - [20/Jun/2014:15:51:44 -0400] "GET /assets/images/logo_rvcvb.png HTTP/1.0" 200 7481 "http://www.huntersraid.org/visiting.html" "Mozilla/4.0 (compatible; MSIE 8.0; Windows NT 5.1; Trident/4.0; .NET CLR 1.1.4322; .NET CLR 2.0.50727; .NET CLR 3.0.4506.2152; .NET CLR 3.5.30729; .NET4.0C; .NET4.0E; IPH 1.1.21.4019)"
24.149.67.113 - - [20/Jun/2014:15:51:44 -0400] "GET /assets/images/shadow_right_center_v.png HTTP/1.0" 200 191 "http://www.huntersraid.org/visiting.html" "Mozilla/4.0 (compatible; MSIE 8.0; Windows NT 5.1; Trident/4.0; .NET CLR 1.1.4322; .NET CLR 2.0.50727; .NET CLR 3.0.4506.2152; .NET CLR 3.5.30729; .NET4.0C; .NET4.0E; IPH 1.1.21.4019)"
24.149.67.113 - - [20/Jun/2014:15:51:44 -0400] "GET /assets/images/logo_botco.png HTTP/1.0" 200 5361 "http://www.huntersraid.org/visiting.html" "Mozilla/4.0 (compatible; MSIE 8.0; Windows NT 5.1; Trident/4.0; .NET CLR 1.1.4322; .NET CLR 2.0.50727; .NET CLR 3.0.4506.2152; .NET CLR 3.5.30729; .NET4.0C; .NET4.0E; IPH 1.1.21.4019)"
24.149.67.113 - - [20/Jun/2014:15:51:47 -0400] "GET /assets/images/btn_story-over.jpg HTTP/1.0" 200 2834 "http://www.huntersraid.org/visiting.html" "Mozilla/4.0 (compatible; MSIE 8.0; Windows NT 5.1; Trident/4.0; .NET CLR 1.1.4322; .NET CLR 2.0.50727; .NET CLR 3.0.4506.2152; .NET CLR 3.5.30729; .NET4.0C; .NET4.0E; IPH 1.1.21.4019)"
73.177.165.54 - - [20/Jun/2014:19:29:26 -0400] "GET /assets/images/shadow_left_story.jpg HTTP/1.1" 200 2129 "http://www.huntersraid.org/story.html" "Mozilla/5.0 (iPhone; CPU iPhone OS 7_1_1 like Mac OS X) AppleWebKit/537.51.2 (KHTML, like Gecko) Version/7.0 Mobile/11D201 Safari/9537.53"
73.177.165.54 - - [20/Jun/2014:19:29:26 -0400] "GET /assets/images/hr_logo.gif HTTP/1.1" 200 6378 "http://www.huntersraid.org/story.html" "Mozilla/5.0 (iPhone; CPU iPhone OS 7_1_1 like Mac OS X) AppleWebKit/537.51.2 (KHTML, like Gecko) Version/7.0 Mobile/11D201 Safari/9537.53"
73.177.165.54 - - [20/Jun/2014:19:29:26 -0400] "GET /assets/images/btn_visiting.jpg HTTP/1.1" 200 1914 "http://www.huntersraid.org/story.html" "Mozilla/5.0 (iPhone; CPU iPhone OS 7_1_1 like Mac OS X) AppleWebKit/537.51.2 (KHTML, like Gecko) Version/7.0 Mobile/11D201 Safari/9537.53"
73.177.165.54 - - [20/Jun/2014:19:29:26 -0400] "GET /assets/images/btn_map.jpg HTTP/1.1" 200 1756 "http://www.huntersraid.org/story.html" "Mozilla/5.0 (iPhone; CPU iPhone OS 7_1_1 like Mac OS X) AppleWebKit/537.51.2 (KHTML, like Gecko) Version/7.0 Mobile/11D201 Safari/9537.53"
73.177.165.54 - - [20/Jun/2014:19:29:26 -0400] "GET /assets/images/early.png HTTP/1.1" 200 22157 "http://www.huntersraid.org/story.html" "Mozilla/5.0 (iPhone; CPU iPhone OS 7_1_1 like Mac OS X) AppleWebKit/537.51.2 (KHTML, like Gecko) Version/7.0 Mobile/11D201 Safari/9537.53"
73.177.165.54 - - [20/Jun/2014:19:29:26 -0400] "GET /assets/images/logo_bedford.png HTTP/1.1" 200 6195 "http://www.huntersraid.org/story.html" "Mozilla/5.0 (iPhone; CPU iPhone OS 7_1_1 like Mac OS X) AppleWebKit/537.51.2 (KHTML, like Gecko) Version/7.0 Mobile/11D201 Safari/9537.53"
73.177.165.54 - - [20/Jun/2014:19:29:26 -0400] "GET /assets/images/logo_vifl.png HTTP/1.1" 200 6305 "http://www.huntersraid.org/story.html" "Mozilla/5.0 (iPhone; CPU iPhone OS 7_1_1 like Mac OS X) AppleWebKit/537.51.2 (KHTML, like Gecko) Version/7.0 Mobile/11D201 Safari/9537.53"
73.177.165.54 - - [20/Jun/2014:19:29:26 -0400] "GET /assets/images/logo_staunton.png HTTP/1.1" 200 4198 "http://www.huntersraid.org/story.html" "Mozilla/5.0 (iPhone; CPU iPhone OS 7_1_1 like Mac OS X) AppleWebKit/537.51.2 (KHTML, like Gecko) Version/7.0 Mobile/11D201 Safari/9537.53"
73.177.165.54 - - [20/Jun/2014:19:29:26 -0400] "GET /assets/images/site_bg.jpg HTTP/1.1" 200 659 "http://www.huntersraid.org/story.html" "Mozilla/5.0 (iPhone; CPU iPhone OS 7_1_1 like Mac OS X) AppleWebKit/537.51.2 (KHTML, like Gecko) Version/7.0 Mobile/11D201 Safari/9537.53"
73.177.165.54 - - [20/Jun/2014:19:29:26 -0400] "GET /assets/images/content_bg_story.jpg HTTP/1.1" 200 110528 "http://www.huntersraid.org/story.html" "Mozilla/5.0 (iPhone; CPU iPhone OS 7_1_1 like Mac OS X) AppleWebKit/537.51.2 (KHTML, like Gecko) Version/7.0 Mobile/11D201 Safari/9537.53"
73.177.165.54 - - [20/Jun/2014:19:29:26 -0400] "GET /assets/images/header_bg.jpg HTTP/1.1" 200 42124 "http://www.huntersraid.org/story.html" "Mozilla/5.0 (iPhone; CPU iPhone OS 7_1_1 like Mac OS X) AppleWebKit/537.51.2 (KHTML, like Gecko) Version/7.0 Mobile/11D201 Safari/9537.53"
73.177.165.54 - - [20/Jun/2014:19:29:28 -0400] "GET /assets/images/btn_visiting-over.jpg HTTP/1.1" 200 2734 "http://www.huntersraid.org/story.html" "Mozilla/5.0 (iPhone; CPU iPhone OS 7_1_1 like Mac OS X) AppleWebKit/537.51.2 (KHTML, like Gecko) Version/7.0 Mobile/11D201 Safari/9537.53"
73.177.165.54 - - [20/Jun/2014:19:29:28 -0400] "GET /assets/images/btn_story-over.jpg HTTP/1.1" 200 2834 "http://www.huntersraid.org/story.html" "Mozilla/5.0 (iPhone; CPU iPhone OS 7_1_1 like Mac OS X) AppleWebKit/537.51.2 (KHTML, like Gecko) Version/7.0 Mobile/11D201 Safari/9537.53"
69.171.248.113 - - [20/Jun/2014:22:05:10 -0400] "GET /assets/images/btn_story.jpg HTTP/1.1" 206 1944 "-" "facebookexternalhit/1.1 (+http://www.facebook.com/externalhit_uatext.php)"
46.118.155.40 - - [20/Jun/2014:22:31:11 -0400] "GET / HTTP/1.1" 200 10872 "http://strongholdsb.ru/" "Opera/7.54 (Windows NT 5.1; U) [pl]"
66.249.64.129 - - [20/Jun/2014:23:06:41 -0400] "GET / HTTP/1.1" 200 10872 "-" "Mozilla/5.0 (compatible; Googlebot/2.1; +http://www.google.com/bot.html)"
76.186.22.167 - - [20/Jun/2014:23:58:05 -0400] "GET / HTTP/1.1" 200 10872 "http://www.visitstaunton.com/attractions/attractions_museums.htm" "Mozilla/5.0 (Windows NT 6.1; Trident/7.0; rv:11.0) like Gecko"
76.186.22.167 - - [20/Jun/2014:23:58:06 -0400] "GET /assets/styles/styles.css HTTP/1.1" 200 4633 "http://www.huntersraid.org/" "Mozilla/5.0 (Windows NT 6.1; Trident/7.0; rv:11.0) like Gecko"
76.186.22.167 - - [20/Jun/2014:23:58:06 -0400] "GET /assets/images/shadow_left.jpg HTTP/1.1" 200 3689 "http://www.huntersraid.org/" "Mozilla/5.0 (Windows NT 6.1; Trident/7.0; rv:11.0) like Gecko"
76.186.22.167 - - [20/Jun/2014:23:58:06 -0400] "GET /assets/images/btn_request_info.png HTTP/1.1" 200 7951 "http://www.huntersraid.org/" "Mozilla/5.0 (Windows NT 6.1; Trident/7.0; rv:11.0) like Gecko"
76.186.22.167 - - [20/Jun/2014:23:58:06 -0400] "GET /assets/images/slideshow2.jpg HTTP/1.1" 200 39390 "http://www.huntersraid.org/" "Mozilla/5.0 (Windows NT 6.1; Trident/7.0; rv:11.0) like Gecko"
76.186.22.167 - - [20/Jun/2014:23:58:06 -0400] "GET /assets/images/headline_home.jpg HTTP/1.1" 200 14056 "http://www.huntersraid.org/" "Mozilla/5.0 (Windows NT 6.1; Trident/7.0; rv:11.0) like Gecko"
76.186.22.167 - - [20/Jun/2014:23:58:06 -0400] "GET /assets/images/site_bg.jpg HTTP/1.1" 200 659 "http://www.huntersraid.org/" "Mozilla/5.0 (Windows NT 6.1; Trident/7.0; rv:11.0) like Gecko"
76.186.22.167 - - [20/Jun/2014:23:58:06 -0400] "GET /assets/images/logo_botco.png HTTP/1.1" 200 5361 "http://www.huntersraid.org/" "Mozilla/5.0 (Windows NT 6.1; Trident/7.0; rv:11.0) like Gecko"
76.186.22.167 - - [20/Jun/2014:23:58:06 -0400] "GET /assets/images/logo_rvcvb.png HTTP/1.1" 200 7481 "http://www.huntersraid.org/" "Mozilla/5.0 (Windows NT 6.1; Trident/7.0; rv:11.0) like Gecko"
76.186.22.167 - - [20/Jun/2014:23:58:06 -0400] "GET /assets/images/logo_staunton.png HTTP/1.1" 200 4198 "http://www.huntersraid.org/" "Mozilla/5.0 (Windows NT 6.1; Trident/7.0; rv:11.0) like Gecko"
76.186.22.167 - - [20/Jun/2014:23:58:06 -0400] "GET /assets/images/shadow_btm.jpg HTTP/1.1" 200 13552 "http://www.huntersraid.org/" "Mozilla/5.0 (Windows NT 6.1; Trident/7.0; rv:11.0) like Gecko"
76.186.22.167 - - [20/Jun/2014:23:58:07 -0400] "GET /assets/images/data_feed_bg.jpg HTTP/1.1" 200 20086 "http://www.huntersraid.org/" "Mozilla/5.0 (Windows NT 6.1; Trident/7.0; rv:11.0) like Gecko"
76.186.22.167 - - [20/Jun/2014:23:58:08 -0400] "GET /assets/images/btn_map-over.jpg HTTP/1.1" 200 2468 "http://www.huntersraid.org/" "Mozilla/5.0 (Windows NT 6.1; Trident/7.0; rv:11.0) like Gecko"
168.215.131.150 - - [20/Jun/2014:07:49:08 -0400] "GET /assets/images/btn_map-on.jpg HTTP/1.1" 200 2237 "http://www.huntersraid.org/map.html" "Mozilla/5.0 (Windows NT 5.1; rv:30.0) Gecko/20100101 Firefox/30.0"
168.215.131.150 - - [20/Jun/2014:07:49:08 -0400] "GET /assets/images/map_bg.jpg HTTP/1.1" 200 245907 "http://www.huntersraid.org/assets/styles/styles.css" "Mozilla/5.0 (Windows NT 5.1; rv:30.0) Gecko/20100101 Firefox/30.0"
199.244.106.12 - - [20/Jun/2014:09:34:45 -0400] "GET /assets/images/btn_story-on.jpg HTTP/1.1" 200 2520 "http://www.huntersraid.org/story.html" "Mozilla/5.0 (iPhone; CPU iPhone OS 7_1_1 like Mac OS X) AppleWebKit/537.51.2 (KHTML, like Gecko) Version/7.0 Mobile/11D201 Safari/9537.53"
199.244.106.12 - - [20/Jun/2014:09:34:45 -0400] "GET /assets/images/shadow_right_story.jpg HTTP/1.1" 200 3717 "http://www.huntersraid.org/story.html" "Mozilla/5.0 (iPhone; CPU iPhone OS 7_1_1 like Mac OS X) AppleWebKit/537.51.2 (KHTML, like Gecko) Version/7.0 Mobile/11D201 Safari/9537.53"
50.204.90.50 - - [20/Jun/2014:09:51:11 -0400] "GET /assets/images/gun.png HTTP/1.1" 200 32858 "http://www.huntersraid.org/visiting.html" "Mozilla/5.0 (Windows NT 6.1; WOW64) AppleWebKit/537.36 (KHTML, like Gecko) Chrome/35.0.1916.153 Safari/537.36"
50.204.90.50 - - [20/Jun/2014:09:51:11 -0400] "GET /assets/images/bedford_museum.jpg HTTP/1.1" 200 72097 "http://www.huntersraid.org/visiting.html" "Mozilla/5.0 (Windows NT 6.1; WOW64) AppleWebKit/537.36 (KHTML, like Gecko) Chrome/35.0.1916.153 Safari/537.36"
50.204.90.50 - - [20/Jun/2014:09:51:11 -0400] "GET /assets/images/sword.png HTTP/1.1" 200 36356 "http://www.huntersraid.org/visiting.html" "Mozilla/5.0 (Windows NT 6.1; WOW64) AppleWebKit/537.36 (KHTML, like Gecko) Chrome/35.0.1916.153 Safari/537.36"
50.204.90.50 - - [20/Jun/2014:09:51:11 -0400] "GET /assets/images/carriages.jpg HTTP/1.1" 200 12819 "http://www.huntersraid.org/visiting.html" "Mozilla/5.0 (Windows NT 6.1; WOW64) AppleWebKit/537.36 (KHTML, like Gecko) Chrome/35.0.1916.153 Safari/537.36"
50.204.90.50 - - [20/Jun/2014:09:51:11 -0400] "GET /assets/images/stonewall_jackson_cemetery2.jpg HTTP/1.1" 200 39982 "http://www.huntersraid.org/visiting.html" "Mozilla/5.0 (Windows NT 6.1; WOW64) AppleWebKit/537.36 (KHTML, like Gecko) Chrome/35.0.1916.153 Safari/537.36"
50.204.90.50 - - [20/Jun/2014:09:51:11 -0400] "GET /assets/images/history_museum.jpg HTTP/1.1" 200 12823 "http://www.huntersraid.org/visiting.html" "Mozilla/5.0 (Windows NT 6.1; WOW64) AppleWebKit/537.36 (KHTML, like Gecko) Chrome/35.0.1916.153 Safari/537.36"
50.204.90.50 - - [20/Jun/2014:09:51:11 -0400] "GET /assets/images/civilwar_statue.jpg HTTP/1.1" 200 33908 "http://www.huntersraid.org/visiting.html" "Mozilla/5.0 (Windows NT 6.1; WOW64) AppleWebKit/537.36 (KHTML, like Gecko) Chrome/35.0.1916.153 Safari/537.36"
82.193.99.33 - - [20/Jun/2014:01:10:43 -0400] "GET /index.html HTTP/1.1" 200 10872 "http://bigcities.org/" "Mozilla/4.0 (compatible; MSIE 6.0; Windows NT 5.1) Netscape/8.0.4"
82.193.99.33 - - [20/Jun/2014:01:10:44 -0400] "GET /index.html HTTP/1.1" 200 10872 "http://bigcities.org/" "Mozilla/4.0 (compatible; MSIE 6.0; Windows NT 5.1) Netscape/8.0.4"
193.232.121.204 - - [20/Jun/2014:02:34:17 -0400] "GET /robots.txt HTTP/1.1" 404 575 "-" "Mozilla/5.0 (compatible; MSIE 9.0; Windows NT 7.1; Trident/5.0)"
195.242.218.133 - - [20/Jun/2014:04:06:57 -0400] "GET /index.html HTTP/1.1" 200 10872 "http://golden-praga.ru/" "Mozilla/4.0 (compatible; MSIE 6.0; Windows NT 5.1; .NET CLR 1.0.3705)"
193.150.120.14 - - [20/Jun/2014:04:58:08 -0400] "GET / HTTP/1.1" 200 10872 "http://vintasik.info/" "Opera/9.0 (Windows NT 5.1; U; en)"
173.9.245.45 - - [20/Jun/2014:14:49:56 -0400] "GET /assets/images/shadow_right_story.jpg HTTP/1.1" 200 3717 "http://www.huntersraid.org/story.html" "Mozilla/5.0 (Windows NT 6.1; WOW64; rv:29.0) Gecko/20100101 Firefox/29.0"
173.9.245.45 - - [20/Jun/2014:14:49:56 -0400] "GET /assets/images/site_bg.jpg HTTP/1.1" 200 659 "http://www.huntersraid.org/assets/styles/styles.css" "Mozilla/5.0 (Windows NT 6.1; WOW64; rv:29.0) Gecko/20100101 Firefox/29.0"
70.188.51.15 - - [20/Jun/2014:17:29:04 -0400] "GET /assets/images/btn_visiting-over.jpg HTTP/1.1" 200 2734 "http://www.huntersraid.org/" "Mozilla/5.0 (Linux; U; Android 3.1; en-us; GT-P7510 Build/HMJ37) AppleWebKit/534.13 (KHTML, like Gecko) Version/4.0 Safari/534.13"
173.252.100.116 - - [20/Jun/2014:18:31:19 -0400] "GET /assets/images/shadow_top.jpg HTTP/1.1" 206 1496 "http://www.huntersraid.org/information.php#.U5nQOAnv8hQ.facebook" "facebookexternalhit/1.1 (+http://www.facebook.com/externalhit_uatext.php)"
66.249.64.141 - - [20/Jun/2014:20:32:22 -0400] "GET / HTTP/1.1" 304 - "-" "Mozilla/5.0 (compatible; Googlebot/2.1; +http://www.google.com/bot.html)"
96.61.96.134 - - [20/Jun/2014:21:53:55 -0400] "GET /assets/images/btn_map-on.jpg HTTP/1.1" 200 2237 "http://www.huntersraid.org/map.html" "Mozilla/5.0 (Windows NT 6.1; WOW64; rv:30.0) Gecko/20100101 Firefox/30.0"
96.61.96.134 - - [20/Jun/2014:21:53:55 -0400] "GET /assets/images/map_bg.jpg HTTP/1.1" 200 245907 "http://www.huntersraid.org/assets/styles/styles.css" "Mozilla/5.0 (Windows NT 6.1; WOW64; rv:30.0) Gecko/20100101 Firefox/30.0"
69.171.248.114 - - [20/Jun/2014:22:05:10 -0400] "GET /assets/images/resources_header.jpg HTTP/1.1" 206 6636 "-" "facebookexternalhit/1.1 (+http://www.facebook.com/externalhit_uatext.php)"
69.171.248.118 - - [20/Jun/2014:22:05:10 -0400] "GET /assets/images/logo_bedford.png HTTP/1.1" 206 6195 "-" "facebookexternalhit/1.1 (+http://www.facebook.com/externalhit_uatext.php)"
69.171.233.114 - - [20/Jun/2014:22:06:43 -0400] "GET /assets/images/logo_bedford.png HTTP/1.1" 206 6195 "-" "facebookexternalhit/1.1 (+http://www.facebook.com/externalhit_uatext.php)"
69.171.233.114 - - [20/Jun/2014:22:06:43 -0400] "GET /assets/images/logo_lynchburg.png HTTP/1.1" 206 9749 "-" "facebookexternalhit/1.1 (+http://www.facebook.com/externalhit_uatext.php)"
82.193.99.33 - - [20/Jun/2014:23:28:55 -0400] "GET /index.html HTTP/1.1" 200 10872 "http://dominterior.org/" "Mozilla/4.0 (compatible; MSIE 6.0; AOL 9.0; Windows NT 5.1)"
199.244.106.12 - - [20/Jun/2014:09:34:44 -0400] "GET /story.html HTTP/1.1" 200 14678 "http://www.huntersraid.org/" "Mozilla/5.0 (iPhone; CPU iPhone OS 7_1_1 like Mac OS X) AppleWebKit/537.51.2 (KHTML, like Gecko) Version/7.0 Mobile/11D201 Safari/9537.53"
199.244.106.12 - - [20/Jun/2014:09:34:44 -0400] "GET /assets/images/shadow_left_story.jpg HTTP/1.1" 200 2129 "http://www.huntersraid.org/story.html" "Mozilla/5.0 (iPhone; CPU iPhone OS 7_1_1 like Mac OS X) AppleWebKit/537.51.2 (KHTML, like Gecko) Version/7.0 Mobile/11D201 Safari/9537.53"
199.244.106.12 - - [20/Jun/2014:09:34:44 -0400] "GET /assets/images/early.png HTTP/1.1" 200 22157 "http://www.huntersraid.org/story.html" "Mozilla/5.0 (iPhone; CPU iPhone OS 7_1_1 like Mac OS X) AppleWebKit/537.51.2 (KHTML, like Gecko) Version/7.0 Mobile/11D201 Safari/9537.53"
199.244.106.12 - - [20/Jun/2014:09:34:45 -0400] "GET /assets/images/mccausland.jpg HTTP/1.1" 200 3935 "http://www.huntersraid.org/story.html" "Mozilla/5.0 (iPhone; CPU iPhone OS 7_1_1 like Mac OS X) AppleWebKit/537.51.2 (KHTML, like Gecko) Version/7.0 Mobile/11D201 Safari/9537.53"
80.2.168.13 - - [20/Jun/2014:09:52:59 -0400] "GET /favicon.ico HTTP/1.1" 404 575 "-" "Mozilla/5.0 (iPad; CPU OS 7_0_2 like Mac OS X) AppleWebKit/537.51.1 (KHTML, like Gecko) CriOS/34.0.1847.18 Mobile/11A501 Safari/9537.53"
