79.116.31.254 - - [20/Jun/2014:15:31:28 -0400] "GET /resources.html HTTP/1.1" 200 11953 "-" "Java/1.6.0_04"
79.116.31.254 - - [20/Jun/2014:15:31:29 -0400] "GET /story.html HTTP/1.1" 200 14678 "-" "Java/1.6.0_04"
79.116.31.254 - - [20/Jun/2014:15:31:29 -0400] "GET /visiting.html HTTP/1.1" 200 30487 "-" "Java/1.6.0_04"
79.116.31.254 - - [20/Jun/2014:15:31:30 -0400] "GET /./information.php HTTP/1.1" 200 9518 "-" "Java/1.6.0_04"
79.116.31.254 - - [20/Jun/2014:15:31:31 -0400] "GET /Scripts/AC_RunActiveContent.js HTTP/1.1" 200 8029 "-" "Java/1.6.0_04"
79.116.31.254 - - [20/Jun/2014:15:31:31 -0400] "GET /./index.html HTTP/1.1" 200 10872 "-" "Java/1.6.0_04"
79.116.31.254 - - [20/Jun/2014:15:31:31 -0400] "GET /./map.html HTTP/1.1" 200 8312 "-" "Java/1.6.0_04"
79.116.31.254 - - [20/Jun/2014:15:31:31 -0400] "GET /./resources.html HTTP/1.1" 200 11953 "-" "Java/1.6.0_04"
79.116.31.254 - - [20/Jun/2014:15:31:31 -0400] "GET /./story.html HTTP/1.1" 200 14678 "-" "Java/1.6.0_04"
79.116.31.254 - - [20/Jun/2014:15:31:31 -0400] "GET /./visiting.html HTTP/1.1" 200 30487 "-" "Java/1.6.0_04"
79.116.31.254 - - [20/Jun/2014:15:31:32 -0400] "GET /assets/images/btn_request_info.png HTTP/1.1" 200 7951 "-" "Java/1.6.0_04"
79.116.31.254 - - [20/Jun/2014:15:31:32 -0400] "GET /assets/images/logo_bedford.png HTTP/1.1" 200 6195 "-" "Java/1.6.0_04"
79.116.31.254 - - [20/Jun/2014:15:31:32 -0400] "GET /assets/images/logo_botco.png HTTP/1.1" 200 5361 "-" "Java/1.6.0_04"
79.116.31.254 - - [20/Jun/2014:15:31:32 -0400] "GET /assets/images/logo_cw150.png HTTP/1.1" 200 13351 "-" "Java/1.6.0_04"
79.116.31.254 - - [20/Jun/2014:15:31:33 -0400] "GET /assets/images/logo_lexington.png HTTP/1.1" 200 6943 "-" "Java/1.6.0_04"
79.116.31.254 - - [20/Jun/2014:15:31:33 -0400] "GET /assets/images/logo_lynchburg.png HTTP/1.1" 200 9749 "-" "Java/1.6.0_04"
79.116.31.254 - - [20/Jun/2014:15:31:33 -0400] "GET /assets/images/logo_rvcvb.png HTTP/1.1" 200 7481 "-" "Java/1.6.0_04"
79.116.31.254 - - [20/Jun/2014:15:31:33 -0400] "GET /assets/images/logo_staunton.png HTTP/1.1" 200 4198 "-" "Java/1.6.0_04"
79.116.31.254 - - [20/Jun/2014:15:31:33 -0400] "GET /assets/images/logo_vifl.png HTTP/1.1" 200 6305 "-" "Java/1.6.0_04"
69.171.233.116 - - [20/Jun/2014:22:06:38 -0400] "GET /assets/images/btn_map.jpg HTTP/1.1" 206 1756 "-" "facebookexternalhit/1.1 (+http://www.facebook.com/externalhit_uatext.php)"
188.143.232.111 - - [20/Jun/2014:23:01:37 -0400] "POST /information.php HTTP/1.1" 200 9688 "http://www.huntersraid.org/information.php" "Mozilla/4.0 (compatible; MSIE 6.0; Windows NT 5.1; SV1)"
98.213.246.60 - - [20/Jun/2014:10:12:24 -0400] "GET /assets/images/shadow_left_center_v.png HTTP/1.1" 200 191 "http://www.huntersraid.org/visiting.html" "Mozilla/5.0 (Windows NT 6.1; Trident/7.0; rv:11.0) like Gecko"
98.213.246.60 - - [20/Jun/2014:10:12:25 -0400] "GET /assets/images/btn_visiting-on.jpg HTTP/1.1" 200 2375 "http://www.huntersraid.org/visiting.html" "Mozilla/5.0 (Windows NT 6.1; Trident/7.0; rv:11.0) like Gecko"
98.213.246.60 - - [20/Jun/2014:10:12:25 -0400] "GET /assets/images/gun.png HTTP/1.1" 200 32858 "http://www.huntersraid.org/visiting.html" "Mozilla/5.0 (Windows NT 6.1; Trident/7.0; rv:11.0) like Gecko"
98.213.246.60 - - [20/Jun/2014:10:12:25 -0400] "GET /assets/images/buchanan_bridge.jpg HTTP/1.1" 200 8963 "http://www.huntersraid.org/visiting.html" "Mozilla/5.0 (Windows NT 6.1; Trident/7.0; rv:11.0) like Gecko"
98.213.246.60 - - [20/Jun/2014:10:12:25 -0400] "GET /assets/images/kanawha_remnants.jpg HTTP/1.1" 200 30288 "http://www.huntersraid.org/visiting.html" "Mozilla/5.0 (Windows NT 6.1; Trident/7.0; rv:11.0) like Gecko"
71.81.182.138 - - [20/Jun/2014:10:17:48 -0400] "GET / HTTP/1.1" 200 10872 "http://www.visitroanokeva.com/visitors/history/roanoke-civil-war/" "Mozilla/5.0 (Windows NT 6.1; WOW64) AppleWebKit/537.36 (KHTML, like Gecko) Chrome/35.0.1916.153 Safari/537.36"
71.81.182.138 - - [20/Jun/2014:10:17:48 -0400] "GET /assets/images/btn_story.jpg HTTP/1.1" 200 1944 "http://www.huntersraid.org/" "Mozilla/5.0 (Windows NT 6.1; WOW64) AppleWebKit/537.36 (KHTML, like Gecko) Chrome/35.0.1916.153 Safari/537.36"
71.81.182.138 - - [20/Jun/2014:10:17:48 -0400] "GET /assets/images/btn_resources.jpg HTTP/1.1" 200 2275 "http://www.huntersraid.org/" "Mozilla/5.0 (Windows NT 6.1; WOW64) AppleWebKit/537.36 (KHTML, like Gecko) Chrome/35.0.1916.153 Safari/537.36"
71.81.182.138 - - [20/Jun/2014:10:17:48 -0400] "GET /assets/images/content_bg_home.jpg HTTP/1.1" 200 57353 "http://www.huntersraid.org/" "Mozilla/5.0 (Windows NT 6.1; WOW64) AppleWebKit/537.36 (KHTML, like Gecko) Chrome/35.0.1916.153 Safari/537.36"
71.81.182.138 - - [20/Jun/2014:10:17:48 -0400] "GET /assets/images/logo_lynchburg.png HTTP/1.1" 200 9749 "http://www.huntersraid.org/" "Mozilla/5.0 (Windows NT 6.1; WOW64) AppleWebKit/537.36 (KHTML, like Gecko) Chrome/35.0.1916.153 Safari/537.36"
71.81.182.138 - - [20/Jun/2014:10:17:48 -0400] "GET /assets/images/shadow_btm.jpg HTTP/1.1" 200 13552 "http://www.huntersraid.org/" "Mozilla/5.0 (Windows NT 6.1; WOW64) AppleWebKit/537.36 (KHTML, like Gecko) Chrome/35.0.1916.153 Safari/537.36"
71.81.182.138 - - [20/Jun/2014:10:17:49 -0400] "GET /assets/images/btn_resources-over.jpg HTTP/1.1" 200 3298 "http://www.huntersraid.org/" "Mozilla/5.0 (Windows NT 6.1; WOW64) AppleWebKit/537.36 (KHTML, like Gecko) Chrome/35.0.1916.153 Safari/537.36"
173.209.211.158 - - [20/Jun/2014:10:32:06 -0400] "GET /assets/images/footer_bg.jpg HTTP/1.1" 200 49277 "http://www.huntersraid.org/" "Mozilla/5.0 (iPhone; CPU iPhone OS 7_1_1 like Mac OS X) AppleWebKit/537.51.2 (KHTML, like Gecko) Version/7.0 Mobile/11D201 Safari/9537.53"
144.76.155.8 - - [20/Jun/2014:00:43:30 -0400] "GET /story.html HTTP/1.1" 200 14678 "-" "Mozilla/5.0 (Windows NT 5.1) AppleWebKit/537.36 (KHTML, like Gecko) Chrome/27.0.1453.94 Safari/537.36"
37.58.100.156 - - [20/Jun/2014:05:29:42 -0400] "GET /robots.txt HTTP/1.1" 404 575 "-" "Mozilla/5.0 (compatible; AhrefsBot/5.0; +http://ahrefs.com/robot/)"
70.188.3.61 - - [20/Jun/2014:17:09:57 -0400] "GET /assets/images/shadow_left.jpg HTTP/1.1" 200 3689 "http://www.huntersraid.org/" "Mozilla/5.0 (iPhone; CPU iPhone OS 7_1_1 like Mac OS X) AppleWebKit/537.51.2 (KHTML, like Gecko) Version/7.0 Mobile/11D201 Safari/9537.53"
70.188.3.61 - - [20/Jun/2014:17:09:57 -0400] "GET /assets/images/btn_visiting.jpg HTTP/1.1" 200 1914 "http://www.huntersraid.org/" "Mozilla/5.0 (iPhone; CPU iPhone OS 7_1_1 like Mac OS X) AppleWebKit/537.51.2 (KHTML, like Gecko) Version/7.0 Mobile/11D201 Safari/9537.53"
70.188.3.61 - - [20/Jun/2014:17:09:58 -0400] "GET /assets/images/logo_bedford.png HTTP/1.1" 200 6195 "http://www.huntersraid.org/" "Mozilla/5.0 (iPhone; CPU iPhone OS 7_1_1 like Mac OS X) AppleWebKit/537.51.2 (KHTML, like Gecko) Version/7.0 Mobile/11D201 Safari/9537.53"
70.188.3.61 - - [20/Jun/2014:17:09:58 -0400] "GET /assets/images/logo_staunton.png HTTP/1.1" 200 4198 "http://www.huntersraid.org/" "Mozilla/5.0 (iPhone; CPU iPhone OS 7_1_1 like Mac OS X) AppleWebKit/537.51.2 (KHTML, like Gecko) Version/7.0 Mobile/11D201 Safari/9537.53"
70.188.3.61 - - [20/Jun/2014:17:09:58 -0400] "GET /assets/images/header_bg.jpg HTTP/1.1" 200 42124 "http://www.huntersraid.org/" "Mozilla/5.0 (iPhone; CPU iPhone OS 7_1_1 like Mac OS X) AppleWebKit/537.51.2 (KHTML, like Gecko) Version/7.0 Mobile/11D201 Safari/9537.53"
70.188.3.61 - - [20/Jun/2014:17:09:58 -0400] "GET /assets/images/nav_bg.jpg HTTP/1.1" 200 2144 "http://www.huntersraid.org/" "Mozilla/5.0 (iPhone; CPU iPhone OS 7_1_1 like Mac OS X) AppleWebKit/537.51.2 (KHTML, like Gecko) Version/7.0 Mobile/11D201 Safari/9537.53"
173.252.100.116 - - [20/Jun/2014:18:31:18 -0400] "GET /assets/images/btn_map.jpg HTTP/1.1" 206 1756 "http://www.huntersraid.org/information.php#.U5nQOAnv8hQ.facebook" "facebookexternalhit/1.1 (+http://www.facebook.com/externalhit_uatext.php)"
46.119.120.207 - - [20/Jun/2014:18:32:31 -0400] "GET / HTTP/1.1" 200 10872 "http://banan.tv/" "Mozilla/4.0 (compatible; MSIE 6.0; Windows NT 5.1; Q312461)"
131.253.24.3 - - [20/Jun/2014:20:55:52 -0400] "GET /robots.txt HTTP/1.1" 404 575 "-" "msnbot-media/1.1 (+http://search.msn.com/msnbot.htm)"
173.252.100.112 - - [20/Jun/2014:22:05:08 -0400] "GET /assets/images/logo_bedford.png HTTP/1.1" 206 6195 "http://www.huntersraid.org/resources.html#.U6ToVDpiixA.facebook" "facebookexternalhit/1.1 (+http://www.facebook.com/externalhit_uatext.php)"
173.252.120.119 - - [20/Jun/2014:22:05:10 -0400] "GET /assets/images/resources_header.jpg HTTP/1.1" 206 6636 "-" "facebookexternalhit/1.1 (+http://www.facebook.com/externalhit_uatext.php)"
96.61.97.194 - - [20/Jun/2014:22:57:38 -0400] "GET /assets/images/mccausland.jpg HTTP/1.1" 200 3935 "http://www.huntersraid.org/story.html" "Mozilla/5.0 (Windows NT 6.1; WOW64; Trident/7.0; LEN2; rv:11.0) like Gecko"
96.61.97.194 - - [20/Jun/2014:22:57:40 -0400] "GET /assets/images/early.png HTTP/1.1" 200 22157 "http://www.huntersraid.org/story.html" "Mozilla/5.0 (Windows NT 6.1; WOW64; Trident/7.0; LEN2; rv:11.0) like Gecko"
96.61.97.194 - - [20/Jun/2014:22:57:40 -0400] "GET /assets/images/shadow_btm_v.png HTTP/1.1" 200 22468 "http://www.huntersraid.org/story.html" "Mozilla/5.0 (Windows NT 6.1; WOW64; Trident/7.0; LEN2; rv:11.0) like Gecko"
96.61.97.194 - - [20/Jun/2014:22:57:43 -0400] "GET /assets/images/btn_request_info-over.png HTTP/1.1" 200 9869 "http://www.huntersraid.org/story.html" "Mozilla/5.0 (Windows NT 6.1; WOW64; Trident/7.0; LEN2; rv:11.0) like Gecko"
207.46.13.78 - - [20/Jun/2014:23:41:06 -0400] "GET /assets/images/btn_map-over.jpg HTTP/1.1" 200 2468 "-" "Mozilla/5.0 (compatible; bingbot/2.0; +http://www.bing.com/bingbot.htm)"
207.46.13.78 - - [20/Jun/2014:23:41:06 -0400] "GET /assets/images/btn_resources-on.jpg HTTP/1.1" 200 2738 "-" "Mozilla/5.0 (compatible; bingbot/2.0; +http://www.bing.com/bingbot.htm)"
207.46.13.78 - - [20/Jun/2014:23:41:07 -0400] "GET /assets/images/btn_resources-over.jpg HTTP/1.1" 200 3298 "-" "Mozilla/5.0 (compatible; bingbot/2.0; +http://www.bing.com/bingbot.htm)"
207.46.13.78 - - [20/Jun/2014:23:41:07 -0400] "GET /assets/images/btn_story.jpg HTTP/1.1" 200 1944 "-" "Mozilla/5.0 (compatible; bingbot/2.0; +http://www.bing.com/bingbot.htm)"
207.46.13.78 - - [20/Jun/2014:23:41:07 -0400] "GET /assets/images/shadow_right_center_v.png HTTP/1.1" 200 191 "-" "Mozilla/5.0 (compatible; bingbot/2.0; +http://www.bing.com/bingbot.htm)"
50.204.90.50 - - [20/Jun/2014:09:50:08 -0400] "GET /assets/images/shadow_top.jpg HTTP/1.1" 200 1496 "http://www.huntersraid.org/" "Mozilla/5.0 (Windows NT 6.1; WOW64) AppleWebKit/537.36 (KHTML, like Gecko) Chrome/35.0.1916.153 Safari/537.36"
50.204.90.50 - - [20/Jun/2014:09:50:08 -0400] "GET /assets/images/btn_visiting.jpg HTTP/1.1" 200 1914 "http://www.huntersraid.org/" "Mozilla/5.0 (Windows NT 6.1; WOW64) AppleWebKit/537.36 (KHTML, like Gecko) Chrome/35.0.1916.153 Safari/537.36"
50.204.90.50 - - [20/Jun/2014:09:50:08 -0400] "GET /assets/images/btn_resources.jpg HTTP/1.1" 200 2275 "http://www.huntersraid.org/" "Mozilla/5.0 (Windows NT 6.1; WOW64) AppleWebKit/537.36 (KHTML, like Gecko) Chrome/35.0.1916.153 Safari/537.36"
50.204.90.50 - - [20/Jun/2014:09:50:08 -0400] "GET /assets/images/headline_home.jpg HTTP/1.1" 200 14056 "http://www.huntersraid.org/" "Mozilla/5.0 (Windows NT 6.1; WOW64) AppleWebKit/537.36 (KHTML, like Gecko) Chrome/35.0.1916.153 Safari/537.36"
50.204.90.50 - - [20/Jun/2014:09:50:08 -0400] "GET /assets/images/logo_lexington.png HTTP/1.1" 200 6943 "http://www.huntersraid.org/" "Mozilla/5.0 (Windows NT 6.1; WOW64) AppleWebKit/537.36 (KHTML, like Gecko) Chrome/35.0.1916.153 Safari/537.36"
50.204.90.50 - - [20/Jun/2014:09:50:08 -0400] "GET /assets/images/logo_staunton.png HTTP/1.1" 200 4198 "http://www.huntersraid.org/" "Mozilla/5.0 (Windows NT 6.1; WOW64) AppleWebKit/537.36 (KHTML, like Gecko) Chrome/35.0.1916.153 Safari/537.36"
50.204.90.50 - - [20/Jun/2014:09:50:08 -0400] "GET /assets/images/shadow_right.jpg HTTP/1.1" 200 3979 "http://www.huntersraid.org/" "Mozilla/5.0 (Windows NT 6.1; WOW64) AppleWebKit/537.36 (KHTML, like Gecko) Chrome/35.0.1916.153 Safari/537.36"
50.204.90.50 - - [20/Jun/2014:09:50:08 -0400] "GET /assets/images/slideshow4.jpg HTTP/1.1" 200 35694 "http://www.huntersraid.org/" "Mozilla/5.0 (Windows NT 6.1; WOW64) AppleWebKit/537.36 (KHTML, like Gecko) Chrome/35.0.1916.153 Safari/537.36"
50.204.90.50 - - [20/Jun/2014:09:50:08 -0400] "GET /assets/images/data_feed_bg.jpg HTTP/1.1" 200 20086 "http://www.huntersraid.org/" "Mozilla/5.0 (Windows NT 6.1; WOW64) AppleWebKit/537.36 (KHTML, like Gecko) Chrome/35.0.1916.153 Safari/537.36"
50.204.90.50 - - [20/Jun/2014:09:50:08 -0400] "GET /assets/images/footer_bg.jpg HTTP/1.1" 200 49277 "http://www.huntersraid.org/" "Mozilla/5.0 (Windows NT 6.1; WOW64) AppleWebKit/537.36 (KHTML, like Gecko) Chrome/35.0.1916.153 Safari/537.36"
98.213.246.60 - - [20/Jun/2014:10:12:27 -0400] "GET /favicon.ico HTTP/1.1" 404 575 "-" "Mozilla/5.0 (Windows NT 6.1; Trident/7.0; rv:11.0) like Gecko"
71.81.182.138 - - [20/Jun/2014:10:17:49 -0400] "GET /assets/images/btn_request_info.png HTTP/1.1" 200 7951 "http://www.huntersraid.org/" "Mozilla/5.0 (Windows NT 6.1; WOW64) AppleWebKit/537.36 (KHTML, like Gecko) Chrome/35.0.1916.153 Safari/537.36"
71.81.182.138 - - [20/Jun/2014:10:17:49 -0400] "GET /assets/images/shadow_right.jpg HTTP/1.1" 200 3979 "http://www.huntersraid.org/" "Mozilla/5.0 (Windows NT 6.1; WOW64) AppleWebKit/537.36 (KHTML, like Gecko) Chrome/35.0.1916.153 Safari/537.36"
71.81.182.138 - - [20/Jun/2014:10:17:49 -0400] "GET /assets/images/header_bg.jpg HTTP/1.1" 200 42124 "http://www.huntersraid.org/" "Mozilla/5.0 (Windows NT 6.1; WOW64) AppleWebKit/537.36 (KHTML, like Gecko) Chrome/35.0.1916.153 Safari/537.36"
71.81.182.138 - - [20/Jun/2014:10:17:49 -0400] "GET /assets/images/slideshow2.jpg HTTP/1.1" 200 39390 "http://www.huntersraid.org/" "Mozilla/5.0 (Windows NT 6.1; WOW64) AppleWebKit/537.36 (KHTML, like Gecko) Chrome/35.0.1916.153 Safari/537.36"
71.81.182.138 - - [20/Jun/2014:10:17:50 -0400] "GET /assets/images/btn_map-over.jpg HTTP/1.1" 200 2468 "http://www.huntersraid.org/" "Mozilla/5.0 (Windows NT 6.1; WOW64) AppleWebKit/537.36 (KHTML, like Gecko) Chrome/35.0.1916.153 Safari/537.36"
71.81.182.138 - - [20/Jun/2014:10:17:50 -0400] "GET /favicon.ico HTTP/1.1" 404 575 "-" "Mozilla/5.0 (Windows NT 6.1; WOW64) AppleWebKit/537.36 (KHTML, like Gecko) Chrome/35.0.1916.153 Safari/537.36"
65.55.215.35 - - [20/Jun/2014:11:13:04 -0400] "GET /assets/images/btn_visiting.jpg HTTP/1.1" 200 1914 "-" "msnbot-media/1.1 (+http://search.msn.com/msnbot.htm)"
46.118.155.40 - - [20/Jun/2014:13:00:04 -0400] "GET / HTTP/1.1" 200 10872 "http://mtech-world.net/" "Mozilla/4.0 (compatible; MSIE 6.0; Windows NT 5.1; SV1)"
173.9.245.45 - - [20/Jun/2014:14:49:56 -0400] "GET /assets/images/btn_request_info.png HTTP/1.1" 200 7951 "http://www.huntersraid.org/story.html" "Mozilla/5.0 (Windows NT 6.1; WOW64; rv:29.0) Gecko/20100101 Firefox/29.0"
173.9.245.45 - - [20/Jun/2014:14:49:56 -0400] "GET /assets/images/content_bg_story.jpg HTTP/1.1" 200 110528 "http://www.huntersraid.org/assets/styles/styles.css" "Mozilla/5.0 (Windows NT 6.1; WOW64; rv:29.0) Gecko/20100101 Firefox/29.0"
173.252.103.119 - - [20/Jun/2014:18:31:20 -0400] "GET /assets/images/logo_botco.png HTTP/1.1" 206 5361 "-" "facebookexternalhit/1.1 (+http://www.facebook.com/externalhit_uatext.php)"
69.171.237.117 - - [20/Jun/2014:22:06:40 -0400] "GET /assets/images/shadow_right.jpg HTTP/1.1" 206 3979 "http://www.huntersraid.org/?fb_locale=es_LA" "facebookexternalhit/1.1 (+http://www.facebook.com/externalhit_uatext.php)"
76.186.22.167 - - [20/Jun/2014:23:58:39 -0400] "GET /favicon.ico HTTP/1.1" 404 575 "-" "Mozilla/5.0 (Windows NT 6.1; Trident/7.0; rv:11.0) like Gecko"
184.173.183.174 - - [20/Jun/2014:08:05:38 -0400] "GET /robots.txt HTTP/1.1" 404 575 "-" "AddThis.com robot tech.support@clearspring.com"
184.173.183.174 - - [20/Jun/2014:08:05:38 -0400] "GET /map.html HTTP/1.1" 200 8312 "-" "AddThis.com robot tech.support@clearspring.com"
193.150.120.14 - - [20/Jun/2014:10:22:26 -0400] "GET / HTTP/1.1" 200 10872 "http://cesspool-file.ru/" "Mozilla/4.0 (compatible; MSIE 6.0; Windows NT 5.1; SV1; .NET CLR 1.1.4322)"
199.30.20.19 - - [20/Jun/2014:11:18:52 -0400] "GET /assets/images/btn_visiting-on.jpg HTTP/1.1" 200 2375 "-" "msnbot-media/1.1 (+http://search.msn.com/msnbot.htm)"
199.30.20.21 - - [20/Jun/2014:11:28:35 -0400] "GET /assets/images/btn_story.jpg HTTP/1.1" 200 1944 "-" "msnbot-media/1.1 (+http://search.msn.com/msnbot.htm)"
67.211.128.100 - - [20/Jun/2014:03:47:35 -0400] "GET /assets/images/shadow_left.jpg HTTP/1.1" 200 3689 "http://www.huntersraid.org/" "Mozilla/5.0 (compatible; MSIE 9.0; Windows NT 6.1; WOW64; Trident/5.0)"
67.211.128.100 - - [20/Jun/2014:03:47:35 -0400] "GET /assets/images/logo_bedford.png HTTP/1.1" 200 6195 "http://www.huntersraid.org/" "Mozilla/5.0 (compatible; MSIE 9.0; Windows NT 6.1; WOW64; Trident/5.0)"
67.211.128.100 - - [20/Jun/2014:03:47:35 -0400] "GET /assets/images/logo_rvcvb.png HTTP/1.1" 200 7481 "http://www.huntersraid.org/" "Mozilla/5.0 (compatible; MSIE 9.0; Windows NT 6.1; WOW64; Trident/5.0)"
67.211.128.100 - - [20/Jun/2014:03:47:35 -0400] "GET /assets/images/slideshow2.jpg HTTP/1.1" 200 39390 "http://www.huntersraid.org/" "Mozilla/5.0 (compatible; MSIE 9.0; Windows NT 6.1; WOW64; Trident/5.0)"
67.211.128.100 - - [20/Jun/2014:03:47:36 -0400] "GET /assets/images/btn_map-over.jpg HTTP/1.1" 200 2468 "http://www.huntersraid.org/" "Mozilla/5.0 (compatible; MSIE 9.0; Windows NT 6.1; WOW64; Trident/5.0)"
173.9.245.45 - - [20/Jun/2014:14:49:56 -0400] "GET /assets/images/logo_staunton.png HTTP/1.1" 200 4198 "http://www.huntersraid.org/story.html" "Mozilla/5.0 (Windows NT 6.1; WOW64; rv:29.0) Gecko/20100101 Firefox/29.0"
173.9.245.45 - - [20/Jun/2014:14:49:56 -0400] "GET /assets/images/slideshow2.jpg HTTP/1.1" 200 39390 "http://www.huntersraid.org/story.html" "Mozilla/5.0 (Windows NT 6.1; WOW64; rv:29.0) Gecko/20100101 Firefox/29.0"
66.87.95.144 - - [20/Jun/2014:16:20:37 -0400] "GET /assets/styles/styles.css HTTP/1.1" 200 4633 "-" "Mozilla/5.0 (iPhone; CPU iPhone OS 7_1 like Mac OS X) AppleWebKit/537.51.2 (KHTML, like Gecko) Version/7.0 Mobile/11D167 Safari/9537.53"
70.188.3.61 - - [20/Jun/2014:17:09:58 -0400] "GET /assets/images/btn_story.jpg HTTP/1.1" 200 1944 "http://www.huntersraid.org/" "Mozilla/5.0 (iPhone; CPU iPhone OS 7_1_1 like Mac OS X) AppleWebKit/537.51.2 (KHTML, like Gecko) Version/7.0 Mobile/11D201 Safari/9537.53"
70.188.3.61 - - [20/Jun/2014:17:09:58 -0400] "GET /assets/images/slideshow1.jpg HTTP/1.1" 200 43851 "http://www.huntersraid.org/" "Mozilla/5.0 (iPhone; CPU iPhone OS 7_1_1 like Mac OS X) AppleWebKit/537.51.2 (KHTML, like Gecko) Version/7.0 Mobile/11D201 Safari/9537.53"
70.188.3.61 - - [20/Jun/2014:17:09:59 -0400] "GET /assets/images/logo_lynchburg.png HTTP/1.1" 200 9749 "http://www.huntersraid.org/" "Mozilla/5.0 (iPhone; CPU iPhone OS 7_1_1 like Mac OS X) AppleWebKit/537.51.2 (KHTML, like Gecko) Version/7.0 Mobile/11D201 Safari/9537.53"
70.188.3.61 - - [20/Jun/2014:17:09:59 -0400] "GET /assets/images/shadow_right.jpg HTTP/1.1" 200 3979 "http://www.huntersraid.org/" "Mozilla/5.0 (iPhone; CPU iPhone OS 7_1_1 like Mac OS X) AppleWebKit/537.51.2 (KHTML, like Gecko) Version/7.0 Mobile/11D201 Safari/9537.53"
66.249.64.141 - - [20/Jun/2014:18:36:39 -0400] "GET /resources.html HTTP/1.1" 304 - "-" "Mozilla/5.0 (compatible; Googlebot/2.1; +http://www.google.com/bot.html)"
198.228.228.16 - - [20/Jun/2014:18:54:17 -0400] "GET /assets/images/logo_lynchburg.png HTTP/1.1" 200 9749 "http://www.huntersraid.org/" "Mozilla/5.0 (iPhone; CPU iPhone OS 7_1_1 like Mac OS X) AppleWebKit/537.51.2 (KHTML, like Gecko) Version/7.0 Mobile/11D201 Safari/9537.53"
73.177.165.54 - - [20/Jun/2014:19:29:26 -0400] "GET /assets/images/btn_request_info.png HTTP/1.1" 200 7951 "http://www.huntersraid.org/story.html" "Mozilla/5.0 (iPhone; CPU iPhone OS 7_1_1 like Mac OS X) AppleWebKit/537.51.2 (KHTML, like Gecko) Version/7.0 Mobile/11D201 Safari/9537.53"
73.177.165.54 - - [20/Jun/2014:19:29:26 -0400] "GET /assets/images/btn_resources.jpg HTTP/1.1" 200 2275 "http://www.huntersraid.org/story.html" "Mozilla/5.0 (iPhone; CPU iPhone OS 7_1_1 like Mac OS X) AppleWebKit/537.51.2 (KHTML, like Gecko) Version/7.0 Mobile/11D201 Safari/9537.53"
73.177.165.54 - - [20/Jun/2014:19:29:26 -0400] "GET /assets/images/logo_botco.png HTTP/1.1" 200 5361 "http://www.huntersraid.org/story.html" "Mozilla/5.0 (iPhone; CPU iPhone OS 7_1_1 like Mac OS X) AppleWebKit/537.51.2 (KHTML, like Gecko) Version/7.0 Mobile/11D201 Safari/9537.53"
73.177.165.54 - - [20/Jun/2014:19:29:26 -0400] "GET /assets/images/shadow_right_story.jpg HTTP/1.1" 200 3717 "http://www.huntersraid.org/story.html" "Mozilla/5.0 (iPhone; CPU iPhone OS 7_1_1 like Mac OS X) AppleWebKit/537.51.2 (KHTML, like Gecko) Version/7.0 Mobile/11D201 Safari/9537.53"
73.177.165.54 - - [20/Jun/2014:19:29:28 -0400] "GET /assets/images/btn_map-over.jpg HTTP/1.1" 200 2468 "http://www.huntersraid.org/story.html" "Mozilla/5.0 (iPhone; CPU iPhone OS 7_1_1 like Mac OS X) AppleWebKit/537.51.2 (KHTML, like Gecko) Version/7.0 Mobile/11D201 Safari/9537.53"
173.252.100.114 - - [20/Jun/2014:22:05:09 -0400] "GET /assets/images/btn_request_info.png HTTP/1.1" 206 7951 "http://www.huntersraid.org/resources.html#.U6ToVDpiixA.facebook" "facebookexternalhit/1.1 (+http://www.facebook.com/externalhit_uatext.php)"
173.252.100.118 - - [20/Jun/2014:22:05:09 -0400] "GET /assets/images/logo_lynchburg.png HTTP/1.1" 206 9000 "http://www.huntersraid.org/resources.html#.U6ToVDpiixA.facebook" "facebookexternalhit/1.1 (+http://www.facebook.com/externalhit_uatext.php)"
173.252.100.112 - - [20/Jun/2014:22:05:09 -0400] "GET /assets/images/hr_logo.gif HTTP/1.1" 206 6378 "http://www.huntersraid.org/resources.html#.U6ToVDpiixA.facebook" "facebookexternalhit/1.1 (+http://www.facebook.com/externalhit_uatext.php)"
69.171.237.114 - - [20/Jun/2014:22:06:41 -0400] "GET /assets/images/logo_staunton.png HTTP/1.1" 206 4198 "http://www.huntersraid.org/?fb_locale=es_LA" "facebookexternalhit/1.1 (+http://www.facebook.com/externalhit_uatext.php)"
69.171.237.115 - - [20/Jun/2014:22:06:41 -0400] "GET /assets/images/shadow_left.jpg HTTP/1.1" 206 3689 "http://www.huntersraid.org/?fb_locale=es_LA" "facebookexternalhit/1.1 (+http://www.facebook.com/externalhit_uatext.php)"
168.215.131.150 - - [20/Jun/2014:07:49:33 -0400] "GET /assets/images/gun.png HTTP/1.1" 200 32858 "http://www.huntersraid.org/visiting.html" "Mozilla/5.0 (Windows NT 5.1; rv:30.0) Gecko/20100101 Firefox/30.0"
168.215.131.150 - - [20/Jun/2014:07:49:33 -0400] "GET /assets/images/stonewall_jackson_cemetery2.jpg HTTP/1.1" 200 39982 "http://www.huntersraid.org/visiting.html" "Mozilla/5.0 (Windows NT 5.1; rv:30.0) Gecko/20100101 Firefox/30.0"
168.215.131.150 - - [20/Jun/2014:07:49:33 -0400] "GET /assets/images/civilwar_statue.jpg HTTP/1.1" 200 33908 "http://www.huntersraid.org/visiting.html" "Mozilla/5.0 (Windows NT 5.1; rv:30.0) Gecko/20100101 Firefox/30.0"
168.215.131.150 - - [20/Jun/2014:07:49:33 -0400] "GET /assets/images/fc_museum.jpg HTTP/1.1" 200 12608 "http://www.huntersraid.org/visiting.html" "Mozilla/5.0 (Windows NT 5.1; rv:30.0) Gecko/20100101 Firefox/30.0"
204.12.251.37 - - [20/Jun/2014:09:09:50 -0400] "GET /resources.html HTTP/1.1" 200 11953 "-" "Mozilla/4.0 (compatible; MSIE 6.0; Windows NT 5.1; en)"
199.244.106.12 - - [20/Jun/2014:09:34:45 -0400] "GET /assets/images/story_photo.jpg HTTP/1.1" 200 18037 "http://www.huntersraid.org/story.html" "Mozilla/5.0 (iPhone; CPU iPhone OS 7_1_1 like Mac OS X) AppleWebKit/537.51.2 (KHTML, like Gecko) Version/7.0 Mobile/11D201 Safari/9537.53"
50.204.90.50 - - [20/Jun/2014:09:50:12 -0400] "GET /assets/images/btn_request_info-over.png HTTP/1.1" 200 9869 "http://www.huntersraid.org/" "Mozilla/5.0 (Windows NT 6.1; WOW64) AppleWebKit/537.36 (KHTML, like Gecko) Chrome/35.0.1916.153 Safari/537.36"
50.204.90.50 - - [20/Jun/2014:09:50:12 -0400] "GET /favicon.ico HTTP/1.1" 404 575 "-" "Mozilla/5.0 (Windows NT 6.1; WOW64) AppleWebKit/537.36 (KHTML, like Gecko) Chrome/35.0.1916.153 Safari/537.36"
80.2.168.13 - - [20/Jun/2014:09:52:19 -0400] "GET /assets/styles/styles.css HTTP/1.1" 200 4633 "http://www.huntersraid.org/" "Mozilla/5.0 (iPad; CPU OS 7_0_2 like Mac OS X) AppleWebKit/537.51.1 (KHTML, like Gecko) CriOS/34.0.1847.18 Mobile/11A501 Safari/9537.53"
80.2.168.13 - - [20/Jun/2014:09:52:19 -0400] "GET /assets/images/btn_visiting.jpg HTTP/1.1" 200 1914 "http://www.huntersraid.org/" "Mozilla/5.0 (iPad; CPU OS 7_0_2 like Mac OS X) AppleWebKit/537.51.1 (KHTML, like Gecko) CriOS/34.0.1847.18 Mobile/11A501 Safari/9537.53"
80.2.168.13 - - [20/Jun/2014:09:52:19 -0400] "GET /assets/images/headline_home.jpg HTTP/1.1" 200 14056 "http://www.huntersraid.org/" "Mozilla/5.0 (iPad; CPU OS 7_0_2 like Mac OS X) AppleWebKit/537.51.1 (KHTML, like Gecko) CriOS/34.0.1847.18 Mobile/11A501 Safari/9537.53"
80.2.168.13 - - [20/Jun/2014:09:52:20 -0400] "GET /assets/images/shadow_right.jpg HTTP/1.1" 200 3979 "http://www.huntersraid.org/" "Mozilla/5.0 (iPad; CPU OS 7_0_2 like Mac OS X) AppleWebKit/537.51.1 (KHTML, like Gecko) CriOS/34.0.1847.18 Mobile/11A501 Safari/9537.53"
80.2.168.13 - - [20/Jun/2014:09:52:20 -0400] "GET /assets/images/header_bg.jpg HTTP/1.1" 200 42124 "http://www.huntersraid.org/" "Mozilla/5.0 (iPad; CPU OS 7_0_2 like Mac OS X) AppleWebKit/537.51.1 (KHTML, like Gecko) CriOS/34.0.1847.18 Mobile/11A501 Safari/9537.53"
80.2.168.13 - - [20/Jun/2014:09:52:20 -0400] "GET /assets/images/footer_bg.jpg HTTP/1.1" 200 49277 "http://www.huntersraid.org/" "Mozilla/5.0 (iPad; CPU OS 7_0_2 like Mac OS X) AppleWebKit/537.51.1 (KHTML, like Gecko) CriOS/34.0.1847.18 Mobile/11A501 Safari/9537.53"
80.2.168.13 - - [20/Jun/2014:09:52:21 -0400] "GET /assets/images/btn_story-over.jpg HTTP/1.1" 200 2834 "http://www.huntersraid.org/" "Mozilla/5.0 (iPad; CPU OS 7_0_2 like Mac OS X) AppleWebKit/537.51.1 (KHTML, like Gecko) CriOS/34.0.1847.18 Mobile/11A501 Safari/9537.53"
69.171.248.112 - - [20/Jun/2014:09:53:51 -0400] "GET /assets/images/logo_lexington.png HTTP/1.1" 206 6943 "-" "facebookexternalhit/1.1 (+http://www.facebook.com/externalhit_uatext.php)"
193.150.120.14 - - [20/Jun/2014:04:34:20 -0400] "GET / HTTP/1.1" 200 10872 "http://ladyselect.com/" "Mozilla/4.0 (compatible; MSIE 6.0; Windows NT 5.1; SV1; FunWebProducts; MRA 4.6 (build 01425); .NET CLR 1.1.4322; .NET CLR 2.0.50727)"
46.118.155.40 - - [20/Jun/2014:05:26:49 -0400] "GET / HTTP/1.1" 200 10872 "http://alif-ba-ta.com/ru/index.html" "Mozilla/4.0 (compatible; MSIE 5.5; Windows NT 5.0)"
70.188.51.15 - - [20/Jun/2014:17:28:58 -0400] "GET /assets/images/slideshow2.jpg HTTP/1.1" 200 39390 "http://www.huntersraid.org/" "Mozilla/5.0 (Linux; U; Android 3.1; en-us; GT-P7510 Build/HMJ37) AppleWebKit/534.13 (KHTML, like Gecko) Version/4.0 Safari/534.13"
70.188.51.15 - - [20/Jun/2014:17:28:59 -0400] "GET /assets/images/nav_bg.jpg HTTP/1.1" 200 2144 "http://www.huntersraid.org/" "Mozilla/5.0 (Linux; U; Android 3.1; en-us; GT-P7510 Build/HMJ37) AppleWebKit/534.13 (KHTML, like Gecko) Version/4.0 Safari/534.13"
70.188.51.15 - - [20/Jun/2014:17:28:59 -0400] "GET /assets/images/content_bg_home.jpg HTTP/1.1" 200 57353 "http://www.huntersraid.org/" "Mozilla/5.0 (Linux; U; Android 3.1; en-us; GT-P7510 Build/HMJ37) AppleWebKit/534.13 (KHTML, like Gecko) Version/4.0 Safari/534.13"
70.188.51.15 - - [20/Jun/2014:17:29:04 -0400] "GET /assets/images/btn_story-over.jpg HTTP/1.1" 200 2834 "http://www.huntersraid.org/" "Mozilla/5.0 (Linux; U; Android 3.1; en-us; GT-P7510 Build/HMJ37) AppleWebKit/534.13 (KHTML, like Gecko) Version/4.0 Safari/534.13"
173.252.100.113 - - [20/Jun/2014:18:31:19 -0400] "GET /assets/images/logo_bedford.png HTTP/1.1" 206 6195 "http://www.huntersraid.org/information.php#.U5nQOAnv8hQ.facebook" "facebookexternalhit/1.1 (+http://www.facebook.com/externalhit_uatext.php)"
173.252.103.112 - - [20/Jun/2014:18:31:20 -0400] "GET /assets/images/logo_lynchburg.png HTTP/1.1" 206 9749 "-" "facebookexternalhit/1.1 (+http://www.facebook.com/externalhit_uatext.php)"
173.252.100.118 - - [20/Jun/2014:22:05:09 -0400] "GET /assets/images/logo_lynchburg.png HTTP/1.1" 206 9000 "http://www.huntersraid.org/resources.html#.U6ToVDpiixA.facebook" "facebookexternalhit/1.1 (+http://www.facebook.com/externalhit_uatext.php)"
69.171.230.115 - - [20/Jun/2014:22:05:11 -0400] "GET /assets/images/logo_vifl.png HTTP/1.1" 206 6305 "-" "facebookexternalhit/1.1 (+http://www.facebook.com/externalhit_uatext.php)"
69.171.237.113 - - [20/Jun/2014:22:06:40 -0400] "GET /assets/images/logo_lexington.png HTTP/1.1" 206 6943 "http://www.huntersraid.org/?fb_locale=es_LA" "facebookexternalhit/1.1 (+http://www.facebook.com/externalhit_uatext.php)"
157.55.39.198 - - [20/Jun/2014:23:41:12 -0400] "GET /assets/images/btn_request_info-over.png HTTP/1.1" 200 9869 "-" "Mozilla/5.0 (compatible; bingbot/2.0; +http://www.bing.com/bingbot.htm)"
157.55.39.198 - - [20/Jun/2014:23:41:12 -0400] "GET /assets/images/btn_story-over.jpg HTTP/1.1" 200 2834 "-" "Mozilla/5.0 (compatible; bingbot/2.0; +http://www.bing.com/bingbot.htm)"
76.186.22.167 - - [20/Jun/2014:23:58:06 -0400] "GET /assets/images/btn_visiting.jpg HTTP/1.1" 200 1914 "http://www.huntersraid.org/" "Mozilla/5.0 (Windows NT 6.1; Trident/7.0; rv:11.0) like Gecko"
76.186.22.167 - - [20/Jun/2014:23:58:06 -0400] "GET /assets/images/slideshow3.jpg HTTP/1.1" 200 43522 "http://www.huntersraid.org/" "Mozilla/5.0 (Windows NT 6.1; Trident/7.0; rv:11.0) like Gecko"
76.186.22.167 - - [20/Jun/2014:23:58:06 -0400] "GET /assets/images/logo_bedford.png HTTP/1.1" 200 6195 "http://www.huntersraid.org/" "Mozilla/5.0 (Windows NT 6.1; Trident/7.0; rv:11.0) like Gecko"
76.186.22.167 - - [20/Jun/2014:23:58:06 -0400] "GET /assets/images/logo_lexington.png HTTP/1.1" 200 6943 "http://www.huntersraid.org/" "Mozilla/5.0 (Windows NT 6.1; Trident/7.0; rv:11.0) like Gecko"
76.186.22.167 - - [20/Jun/2014:23:58:06 -0400] "GET /assets/images/logo_vifl.png HTTP/1.1" 200 6305 "http://www.huntersraid.org/" "Mozilla/5.0 (Windows NT 6.1; Trident/7.0; rv:11.0) like Gecko"
76.186.22.167 - - [20/Jun/2014:23:58:07 -0400] "GET /assets/images/content_bg_home.jpg HTTP/1.1" 200 57353 "http://www.huntersraid.org/" "Mozilla/5.0 (Windows NT 6.1; Trident/7.0; rv:11.0) like Gecko"
76.186.22.167 - - [20/Jun/2014:23:58:08 -0400] "GET /assets/images/btn_story-over.jpg HTTP/1.1" 200 2834 "http://www.huntersraid.org/" "Mozilla/5.0 (Windows NT 6.1; Trident/7.0; rv:11.0) like Gecko"
168.215.131.150 - - [20/Jun/2014:07:49:14 -0400] "GET /assets/animations/hunters_raid_map.swf HTTP/1.1" 200 438826 "http://www.huntersraid.org/map.html" "Mozilla/5.0 (Windows NT 5.1; rv:30.0) Gecko/20100101 Firefox/30.0"
69.171.248.113 - - [20/Jun/2014:09:53:51 -0400] "GET /assets/images/mccausland.jpg HTTP/1.1" 206 3935 "-" "facebookexternalhit/1.1 (+http://www.facebook.com/externalhit_uatext.php)"
24.254.162.203 - - [20/Jun/2014:14:21:53 -0400] "GET /assets/images/data_feed_bg.jpg HTTP/1.1" 200 20086 "http://www.huntersraid.org/" "Mozilla/5.0 (Linux; Android 4.4.2; SM-G900V Build/KOT49H) AppleWebKit/537.36 (KHTML, like Gecko) Chrome/35.0.1916.141 Mobile Safari/537.36"
24.254.162.203 - - [20/Jun/2014:14:21:54 -0400] "GET /assets/images/btn_visiting-over.jpg HTTP/1.1" 200 2734 "http://www.huntersraid.org/" "Mozilla/5.0 (Linux; Android 4.4.2; SM-G900V Build/KOT49H) AppleWebKit/537.36 (KHTML, like Gecko) Chrome/35.0.1916.141 Mobile Safari/537.36"
66.249.64.136 - - [20/Jun/2014:14:34:24 -0400] "GET / HTTP/1.1" 304 - "-" "Mozilla/5.0 (compatible; Googlebot/2.1; +http://www.google.com/bot.html)"
173.9.245.45 - - [20/Jun/2014:14:49:56 -0400] "GET /assets/images/btn_story-on.jpg HTTP/1.1" 200 2520 "http://www.huntersraid.org/story.html" "Mozilla/5.0 (Windows NT 6.1; WOW64; rv:29.0) Gecko/20100101 Firefox/29.0"
173.9.245.45 - - [20/Jun/2014:14:49:58 -0400] "GET /assets/images/btn_visiting-over.jpg HTTP/1.1" 200 2734 "http://www.huntersraid.org/story.html" "Mozilla/5.0 (Windows NT 6.1; WOW64; rv:29.0) Gecko/20100101 Firefox/29.0"
46.119.120.207 - - [20/Jun/2014:17:59:14 -0400] "GET / HTTP/1.1" 200 10872 "http://fxtips.ru/" "Mozilla/4.79 [en] (Windows NT 5.0; U)"
46.119.120.207 - - [20/Jun/2014:18:32:32 -0400] "GET / HTTP/1.1" 200 10872 "http://banan.tv/" "Mozilla/4.0 (compatible; MSIE 6.0; Windows NT 5.1; Q312461)"
73.177.165.54 - - [20/Jun/2014:19:29:26 -0400] "GET /story.html HTTP/1.1" 200 14678 "https://www.google.com/" "Mozilla/5.0 (iPhone; CPU iPhone OS 7_1_1 like Mac OS X) AppleWebKit/537.51.2 (KHTML, like Gecko) Version/7.0 Mobile/11D201 Safari/9537.53"
73.177.165.54 - - [20/Jun/2014:19:29:26 -0400] "GET /assets/styles/styles.css HTTP/1.1" 200 4633 "http://www.huntersraid.org/story.html" "Mozilla/5.0 (iPhone; CPU iPhone OS 7_1_1 like Mac OS X) AppleWebKit/537.51.2 (KHTML, like Gecko) Version/7.0 Mobile/11D201 Safari/9537.53"
73.177.165.54 - - [20/Jun/2014:19:29:26 -0400] "GET /assets/images/shadow_top.jpg HTTP/1.1" 200 1496 "http://www.huntersraid.org/story.html" "Mozilla/5.0 (iPhone; CPU iPhone OS 7_1_1 like Mac OS X) AppleWebKit/537.51.2 (KHTML, like Gecko) Version/7.0 Mobile/11D201 Safari/9537.53"
73.177.165.54 - - [20/Jun/2014:19:29:26 -0400] "GET /assets/images/story_photo.jpg HTTP/1.1" 200 18037 "http://www.huntersraid.org/story.html" "Mozilla/5.0 (iPhone; CPU iPhone OS 7_1_1 like Mac OS X) AppleWebKit/537.51.2 (KHTML, like Gecko) Version/7.0 Mobile/11D201 Safari/9537.53"
73.177.165.54 - - [20/Jun/2014:19:29:26 -0400] "GET /assets/images/logo_lynchburg.png HTTP/1.1" 200 9749 "http://www.huntersraid.org/story.html" "Mozilla/5.0 (iPhone; CPU iPhone OS 7_1_1 like Mac OS X) AppleWebKit/537.51.2 (KHTML, like Gecko) Version/7.0 Mobile/11D201 Safari/9537.53"
73.177.165.54 - - [20/Jun/2014:19:29:26 -0400] "GET /assets/images/logo_rvcvb.png HTTP/1.1" 200 7481 "http://www.huntersraid.org/story.html" "Mozilla/5.0 (iPhone; CPU iPhone OS 7_1_1 like Mac OS X) AppleWebKit/537.51.2 (KHTML, like Gecko) Version/7.0 Mobile/11D201 Safari/9537.53"
73.177.165.54 - - [20/Jun/2014:19:29:26 -0400] "GET /assets/images/logo_cw150.png HTTP/1.1" 200 13351 "http://www.huntersraid.org/story.html" "Mozilla/5.0 (iPhone; CPU iPhone OS 7_1_1 like Mac OS X) AppleWebKit/537.51.2 (KHTML, like Gecko) Version/7.0 Mobile/11D201 Safari/9537.53"
73.177.165.54 - - [20/Jun/2014:19:29:26 -0400] "GET /assets/images/slideshow1.jpg HTTP/1.1" 200 43851 "http://www.huntersraid.org/story.html" "Mozilla/5.0 (iPhone; CPU iPhone OS 7_1_1 like Mac OS X) AppleWebKit/537.51.2 (KHTML, like Gecko) Version/7.0 Mobile/11D201 Safari/9537.53"
73.177.165.54 - - [20/Jun/2014:19:29:26 -0400] "GET /assets/images/slideshow2.jpg HTTP/1.1" 200 39390 "http://www.huntersraid.org/story.html" "Mozilla/5.0 (iPhone; CPU iPhone OS 7_1_1 like Mac OS X) AppleWebKit/537.51.2 (KHTML, like Gecko) Version/7.0 Mobile/11D201 Safari/9537.53"
73.177.165.54 - - [20/Jun/2014:19:29:26 -0400] "GET /assets/images/slideshow3.jpg HTTP/1.1" 200 43522 "http://www.huntersraid.org/story.html" "Mozilla/5.0 (iPhone; CPU iPhone OS 7_1_1 like Mac OS X) AppleWebKit/537.51.2 (KHTML, like Gecko) Version/7.0 Mobile/11D201 Safari/9537.53"
73.177.165.54 - - [20/Jun/2014:19:29:26 -0400] "GET /assets/images/slideshow4.jpg HTTP/1.1" 200 35694 "http://www.huntersraid.org/story.html" "Mozilla/5.0 (iPhone; CPU iPhone OS 7_1_1 like Mac OS X) AppleWebKit/537.51.2 (KHTML, like Gecko) Version/7.0 Mobile/11D201 Safari/9537.53"
73.177.165.54 - - [20/Jun/2014:19:29:26 -0400] "GET /assets/images/nav_bg.jpg HTTP/1.1" 200 2144 "http://www.huntersraid.org/story.html" "Mozilla/5.0 (iPhone; CPU iPhone OS 7_1_1 like Mac OS X) AppleWebKit/537.51.2 (KHTML, like Gecko) Version/7.0 Mobile/11D201 Safari/9537.53"
73.177.165.54 - - [20/Jun/2014:19:29:28 -0400] "GET /assets/images/btn_request_info-over.png HTTP/1.1" 200 9869 "http://www.huntersraid.org/story.html" "Mozilla/5.0 (iPhone; CPU iPhone OS 7_1_1 like Mac OS X) AppleWebKit/537.51.2 (KHTML, like Gecko) Version/7.0 Mobile/11D201 Safari/9537.53"
173.252.100.118 - - [20/Jun/2014:22:05:09 -0400] "GET /assets/images/resources_header.jpg HTTP/1.1" 206 6636 "http://www.huntersraid.org/resources.html#.U6ToVDpiixA.facebook" "facebookexternalhit/1.1 (+http://www.facebook.com/externalhit_uatext.php)"
168.215.131.150 - - [20/Jun/2014:07:49:33 -0400] "GET /visiting.html HTTP/1.1" 200 30487 "http://www.huntersraid.org/map.html" "Mozilla/5.0 (Windows NT 5.1; rv:30.0) Gecko/20100101 Firefox/30.0"
168.215.131.150 - - [20/Jun/2014:07:49:33 -0400] "GET /assets/images/btn_visiting-on.jpg HTTP/1.1" 200 2375 "http://www.huntersraid.org/visiting.html" "Mozilla/5.0 (Windows NT 5.1; rv:30.0) Gecko/20100101 Firefox/30.0"
168.215.131.150 - - [20/Jun/2014:07:49:33 -0400] "GET /assets/images/visiting_header.jpg HTTP/1.1" 200 11022 "http://www.huntersraid.org/visiting.html" "Mozilla/5.0 (Windows NT 5.1; rv:30.0) Gecko/20100101 Firefox/30.0"
168.215.131.150 - - [20/Jun/2014:07:49:33 -0400] "GET /assets/images/buchanan_bridge.jpg HTTP/1.1" 200 8963 "http://www.huntersraid.org/visiting.html" "Mozilla/5.0 (Windows NT 5.1; rv:30.0) Gecko/20100101 Firefox/30.0"
168.215.131.150 - - [20/Jun/2014:07:49:33 -0400] "GET /assets/images/wilson_warehouse.jpg HTTP/1.1" 200 9474 "http://www.huntersraid.org/visiting.html" "Mozilla/5.0 (Windows NT 5.1; rv:30.0) Gecko/20100101 Firefox/30.0"
168.215.131.150 - - [20/Jun/2014:07:49:33 -0400] "GET /assets/images/sj_house.jpg HTTP/1.1" 200 16214 "http://www.huntersraid.org/visiting.html" "Mozilla/5.0 (Windows NT 5.1; rv:30.0) Gecko/20100101 Firefox/30.0"
168.215.131.150 - - [20/Jun/2014:07:49:33 -0400] "GET /assets/images/the_natural_bridge.jpg HTTP/1.1" 200 12327 "http://www.huntersraid.org/visiting.html" "Mozilla/5.0 (Windows NT 5.1; rv:30.0) Gecko/20100101 Firefox/30.0"
168.215.131.150 - - [20/Jun/2014:07:49:33 -0400] "GET /assets/images/history_museum.jpg HTTP/1.1" 200 12823 "http://www.huntersraid.org/visiting.html" "Mozilla/5.0 (Windows NT 5.1; rv:30.0) Gecko/20100101 Firefox/30.0"
168.215.131.150 - - [20/Jun/2014:07:49:33 -0400] "GET /assets/images/gypsy_park.jpg HTTP/1.1" 200 13049 "http://www.huntersraid.org/visiting.html" "Mozilla/5.0 (Windows NT 5.1; rv:30.0) Gecko/20100101 Firefox/30.0"
168.215.131.150 - - [20/Jun/2014:07:49:33 -0400] "GET /assets/images/sword.png HTTP/1.1" 200 36356 "http://www.huntersraid.org/visiting.html" "Mozilla/5.0 (Windows NT 5.1; rv:30.0) Gecko/20100101 Firefox/30.0"
204.12.251.37 - - [20/Jun/2014:09:09:46 -0400] "GET /index.html HTTP/1.1" 200 10872 "-" "Mozilla/4.0 (compatible; MSIE 6.0; Windows NT 5.1; en)"
173.252.110.119 - - [20/Jun/2014:09:53:51 -0400] "GET /assets/images/btn_request_info.png HTTP/1.1" 206 7951 "http://www.huntersraid.org/story.html" "facebookexternalhit/1.1 (+http://www.facebook.com/externalhit_uatext.php)"
173.252.110.117 - - [20/Jun/2014:09:53:51 -0400] "GET /assets/images/logo_rvcvb.png HTTP/1.1" 206 7481 "http://www.huntersraid.org/story.html" "facebookexternalhit/1.1 (+http://www.facebook.com/externalhit_uatext.php)"
69.171.248.114 - - [20/Jun/2014:09:53:51 -0400] "GET /assets/images/logo_rvcvb.png HTTP/1.1" 206 7481 "-" "facebookexternalhit/1.1 (+http://www.facebook.com/externalhit_uatext.php)"
98.213.246.60 - - [20/Jun/2014:10:11:45 -0400] "GET /assets/styles/styles.css HTTP/1.1" 200 4633 "http://www.huntersraid.org/" "Mozilla/5.0 (Windows NT 6.1; Trident/7.0; rv:11.0) like Gecko"
98.213.246.60 - - [20/Jun/2014:10:11:45 -0400] "GET /assets/images/btn_map.jpg HTTP/1.1" 200 1756 "http://www.huntersraid.org/" "Mozilla/5.0 (Windows NT 6.1; Trident/7.0; rv:11.0) like Gecko"
98.213.246.60 - - [20/Jun/2014:10:11:45 -0400] "GET /assets/images/btn_resources.jpg HTTP/1.1" 200 2275 "http://www.huntersraid.org/" "Mozilla/5.0 (Windows NT 6.1; Trident/7.0; rv:11.0) like Gecko"
98.213.246.60 - - [20/Jun/2014:10:11:45 -0400] "GET /assets/images/site_bg.jpg HTTP/1.1" 200 659 "http://www.huntersraid.org/" "Mozilla/5.0 (Windows NT 6.1; Trident/7.0; rv:11.0) like Gecko"
98.213.246.60 - - [20/Jun/2014:10:11:45 -0400] "GET /assets/images/header_bg.jpg HTTP/1.1" 200 42124 "http://www.huntersraid.org/" "Mozilla/5.0 (Windows NT 6.1; Trident/7.0; rv:11.0) like Gecko"
98.213.246.60 - - [20/Jun/2014:10:11:45 -0400] "GET /assets/images/footer_bg.jpg HTTP/1.1" 200 49277 "http://www.huntersraid.org/" "Mozilla/5.0 (Windows NT 6.1; Trident/7.0; rv:11.0) like Gecko"
98.213.246.60 - - [20/Jun/2014:10:11:46 -0400] "GET /assets/images/btn_request_info-over.png HTTP/1.1" 200 9869 "http://www.huntersraid.org/" "Mozilla/5.0 (Windows NT 6.1; Trident/7.0; rv:11.0) like Gecko"
173.209.211.143 - - [20/Jun/2014:10:32:05 -0400] "GET /assets/images/slideshow3.jpg HTTP/1.1" 200 43522 "http://www.huntersraid.org/" "Mozilla/5.0 (iPhone; CPU iPhone OS 7_1_1 like Mac OS X) AppleWebKit/537.51.2 (KHTML, like Gecko) Version/7.0 Mobile/11D201 Safari/9537.53"
173.209.211.143 - - [20/Jun/2014:10:32:05 -0400] "GET /assets/images/shadow_top.jpg HTTP/1.1" 200 1496 "http://www.huntersraid.org/" "Mozilla/5.0 (iPhone; CPU iPhone OS 7_1_1 like Mac OS X) AppleWebKit/537.51.2 (KHTML, like Gecko) Version/7.0 Mobile/11D201 Safari/9537.53"
173.209.211.143 - - [20/Jun/2014:10:32:07 -0400] "GET /assets/images/logo_vifl.png HTTP/1.1" 200 6305 "http://www.huntersraid.org/" "Mozilla/5.0 (iPhone; CPU iPhone OS 7_1_1 like Mac OS X) AppleWebKit/537.51.2 (KHTML, like Gecko) Version/7.0 Mobile/11D201 Safari/9537.53"
66.87.116.40 - - [20/Jun/2014:01:38:37 -0400] "GET /assets/images/gypsy_park.jpg HTTP/1.1" 200 13049 "https://www.google.com/" "Mozilla/5.0 (iPhone; CPU iPhone OS 6_1_4 like Mac OS X) AppleWebKit/536.26 (KHTML, like Gecko) Version/6.0 Mobile/10B350 Safari/8536.25"
24.149.67.113 - - [20/Jun/2014:15:51:42 -0400] "GET /assets/images/visiting_header.jpg HTTP/1.0" 200 11022 "http://www.huntersraid.org/visiting.html" "Mozilla/4.0 (compatible; MSIE 8.0; Windows NT 5.1; Trident/4.0; .NET CLR 1.1.4322; .NET CLR 2.0.50727; .NET CLR 3.0.4506.2152; .NET CLR 3.5.30729; .NET4.0C; .NET4.0E; IPH 1.1.21.4019)"
24.149.67.113 - - [20/Jun/2014:15:51:43 -0400] "GET /assets/images/carriages.jpg HTTP/1.0" 200 12819 "http://www.huntersraid.org/visiting.html" "Mozilla/4.0 (compatible; MSIE 8.0; Windows NT 5.1; Trident/4.0; .NET CLR 1.1.4322; .NET CLR 2.0.50727; .NET CLR 3.0.4506.2152; .NET CLR 3.5.30729; .NET4.0C; .NET4.0E; IPH 1.1.21.4019)"
24.149.67.113 - - [20/Jun/2014:15:51:43 -0400] "GET /assets/images/chaplain_museum.jpg HTTP/1.0" 200 9740 "http://www.huntersraid.org/visiting.html" "Mozilla/4.0 (compatible; MSIE 8.0; Windows NT 5.1; Trident/4.0; .NET CLR 1.1.4322; .NET CLR 2.0.50727; .NET CLR 3.0.4506.2152; .NET CLR 3.5.30729; .NET4.0C; .NET4.0E; IPH 1.1.21.4019)"
24.149.67.113 - - [20/Jun/2014:15:51:44 -0400] "GET /assets/images/cs_pump.jpg HTTP/1.0" 200 13684 "http://www.huntersraid.org/visiting.html" "Mozilla/4.0 (compatible; MSIE 8.0; Windows NT 5.1; Trident/4.0; .NET CLR 1.1.4322; .NET CLR 2.0.50727; .NET CLR 3.0.4506.2152; .NET CLR 3.5.30729; .NET4.0C; .NET4.0E; IPH 1.1.21.4019)"
24.149.67.113 - - [20/Jun/2014:15:51:44 -0400] "GET /assets/images/logo_lynchburg.png HTTP/1.0" 200 9749 "http://www.huntersraid.org/visiting.html" "Mozilla/4.0 (compatible; MSIE 8.0; Windows NT 5.1; Trident/4.0; .NET CLR 1.1.4322; .NET CLR 2.0.50727; .NET CLR 3.0.4506.2152; .NET CLR 3.5.30729; .NET4.0C; .NET4.0E; IPH 1.1.21.4019)"
24.149.67.113 - - [20/Jun/2014:15:51:44 -0400] "GET /assets/images/footer_bg.jpg HTTP/1.0" 200 49277 "http://www.huntersraid.org/visiting.html" "Mozilla/4.0 (compatible; MSIE 8.0; Windows NT 5.1; Trident/4.0; .NET CLR 1.1.4322; .NET CLR 2.0.50727; .NET CLR 3.0.4506.2152; .NET CLR 3.5.30729; .NET4.0C; .NET4.0E; IPH 1.1.21.4019)"
24.149.67.113 - - [20/Jun/2014:15:51:44 -0400] "GET /assets/images/content_bg_v.jpg HTTP/1.0" 200 498 "http://www.huntersraid.org/visiting.html" "Mozilla/4.0 (compatible; MSIE 8.0; Windows NT 5.1; Trident/4.0; .NET CLR 1.1.4322; .NET CLR 2.0.50727; .NET CLR 3.0.4506.2152; .NET CLR 3.5.30729; .NET4.0C; .NET4.0E; IPH 1.1.21.4019)"
24.149.67.113 - - [20/Jun/2014:15:51:47 -0400] "GET /assets/images/btn_request_info-over.png HTTP/1.0" 200 9869 "http://www.huntersraid.org/visiting.html" "Mozilla/4.0 (compatible; MSIE 8.0; Windows NT 5.1; Trident/4.0; .NET CLR 1.1.4322; .NET CLR 2.0.50727; .NET CLR 3.0.4506.2152; .NET CLR 3.5.30729; .NET4.0C; .NET4.0E; IPH 1.1.21.4019)"
70.188.51.15 - - [20/Jun/2014:17:28:58 -0400] "GET /assets/images/shadow_top.jpg HTTP/1.1" 200 1496 "http://www.huntersraid.org/" "Mozilla/5.0 (Linux; U; Android 3.1; en-us; GT-P7510 Build/HMJ37) AppleWebKit/534.13 (KHTML, like Gecko) Version/4.0 Safari/534.13"
70.188.51.15 - - [20/Jun/2014:17:28:58 -0400] "GET /assets/images/site_bg.jpg HTTP/1.1" 200 659 "http://www.huntersraid.org/" "Mozilla/5.0 (Linux; U; Android 3.1; en-us; GT-P7510 Build/HMJ37) AppleWebKit/534.13 (KHTML, like Gecko) Version/4.0 Safari/534.13"
70.188.51.15 - - [20/Jun/2014:17:28:59 -0400] "GET /assets/images/btn_request_info.png HTTP/1.1" 200 7951 "http://www.huntersraid.org/" "Mozilla/5.0 (Linux; U; Android 3.1; en-us; GT-P7510 Build/HMJ37) AppleWebKit/534.13 (KHTML, like Gecko) Version/4.0 Safari/534.13"
70.188.51.15 - - [20/Jun/2014:17:28:59 -0400] "GET /assets/images/data_feed_bg.jpg HTTP/1.1" 200 20086 "http://www.huntersraid.org/" "Mozilla/5.0 (Linux; U; Android 3.1; en-us; GT-P7510 Build/HMJ37) AppleWebKit/534.13 (KHTML, like Gecko) Version/4.0 Safari/534.13"
70.188.51.15 - - [20/Jun/2014:17:28:59 -0400] "GET /assets/images/shadow_right.jpg HTTP/1.1" 200 3979 "http://www.huntersraid.org/" "Mozilla/5.0 (Linux; U; Android 3.1; en-us; GT-P7510 Build/HMJ37) AppleWebKit/534.13 (KHTML, like Gecko) Version/4.0 Safari/534.13"
173.252.103.112 - - [20/Jun/2014:18:31:20 -0400] "GET /assets/images/logo_lexington.png HTTP/1.1" 206 6943 "-" "facebookexternalhit/1.1 (+http://www.facebook.com/externalhit_uatext.php)"
96.61.96.134 - - [20/Jun/2014:21:54:09 -0400] "GET /assets/images/avenel.jpg HTTP/1.1" 200 10971 "http://www.huntersraid.org/visiting.html" "Mozilla/5.0 (Windows NT 6.1; WOW64; rv:30.0) Gecko/20100101 Firefox/30.0"
96.61.96.134 - - [20/Jun/2014:21:54:09 -0400] "GET /assets/images/buchanan_bridge.jpg HTTP/1.1" 200 8963 "http://www.huntersraid.org/visiting.html" "Mozilla/5.0 (Windows NT 6.1; WOW64; rv:30.0) Gecko/20100101 Firefox/30.0"
96.61.96.134 - - [20/Jun/2014:21:54:09 -0400] "GET /assets/images/sj_house.jpg HTTP/1.1" 200 16214 "http://www.huntersraid.org/visiting.html" "Mozilla/5.0 (Windows NT 6.1; WOW64; rv:30.0) Gecko/20100101 Firefox/30.0"
96.61.96.134 - - [20/Jun/2014:21:54:10 -0400] "GET /assets/images/sword.png HTTP/1.1" 200 36356 "http://www.huntersraid.org/visiting.html" "Mozilla/5.0 (Windows NT 6.1; WOW64; rv:30.0) Gecko/20100101 Firefox/30.0"
96.61.97.194 - - [20/Jun/2014:22:57:34 -0400] "GET /assets/images/logo_rvcvb.png HTTP/1.1" 200 7481 "http://www.huntersraid.org/" "Mozilla/5.0 (Windows NT 6.1; WOW64; Trident/7.0; LEN2; rv:11.0) like Gecko"
76.186.22.167 - - [20/Jun/2014:23:58:38 -0400] "GET /assets/images/shadow_left_story.jpg HTTP/1.1" 200 2129 "http://www.huntersraid.org/story.html" "Mozilla/5.0 (Windows NT 6.1; Trident/7.0; rv:11.0) like Gecko"
76.186.22.167 - - [20/Jun/2014:23:58:38 -0400] "GET /assets/images/content_bg_story.jpg HTTP/1.1" 200 110528 "http://www.huntersraid.org/story.html" "Mozilla/5.0 (Windows NT 6.1; Trident/7.0; rv:11.0) like Gecko"
76.186.22.167 - - [20/Jun/2014:23:58:38 -0400] "GET /assets/images/mccausland.jpg HTTP/1.1" 200 3935 "http://www.huntersraid.org/story.html" "Mozilla/5.0 (Windows NT 6.1; Trident/7.0; rv:11.0) like Gecko"
76.186.22.167 - - [20/Jun/2014:23:58:38 -0400] "GET /assets/images/shadow_right_story.jpg HTTP/1.1" 200 3717 "http://www.huntersraid.org/story.html" "Mozilla/5.0 (Windows NT 6.1; Trident/7.0; rv:11.0) like Gecko"
69.171.248.118 - - [20/Jun/2014:09:53:51 -0400] "GET /assets/images/logo_staunton.png HTTP/1.1" 206 4198 "-" "facebookexternalhit/1.1 (+http://www.facebook.com/externalhit_uatext.php)"
173.209.211.197 - - [20/Jun/2014:10:32:03 -0400] "GET /assets/styles/styles.css HTTP/1.1" 200 4633 "http://www.huntersraid.org/" "Mozilla/5.0 (iPhone; CPU iPhone OS 7_1_1 like Mac OS X) AppleWebKit/537.51.2 (KHTML, like Gecko) Version/7.0 Mobile/11D201 Safari/9537.53"
195.242.218.133 - - [20/Jun/2014:04:06:57 -0400] "GET /index.html HTTP/1.1" 200 10872 "http://golden-praga.ru/" "Mozilla/4.0 (compatible; MSIE 6.0; Windows NT 5.1; .NET CLR 1.0.3705)"
24.254.162.203 - - [20/Jun/2014:14:21:53 -0400] "GET /assets/images/content_bg_home.jpg HTTP/1.1" 200 57353 "http://www.huntersraid.org/" "Mozilla/5.0 (Linux; Android 4.4.2; SM-G900V Build/KOT49H) AppleWebKit/537.36 (KHTML, like Gecko) Chrome/35.0.1916.141 Mobile Safari/537.36"
24.254.162.203 - - [20/Jun/2014:14:21:54 -0400] "GET /assets/images/btn_request_info-over.png HTTP/1.1" 200 9869 "http://www.huntersraid.org/" "Mozilla/5.0 (Linux; Android 4.4.2; SM-G900V Build/KOT49H) AppleWebKit/537.36 (KHTML, like Gecko) Chrome/35.0.1916.141 Mobile Safari/537.36"
173.9.245.45 - - [20/Jun/2014:14:49:56 -0400] "GET /assets/images/slideshow4.jpg HTTP/1.1" 200 35694 "http://www.huntersraid.org/story.html" "Mozilla/5.0 (Windows NT 6.1; WOW64; rv:29.0) Gecko/20100101 Firefox/29.0"
173.252.100.116 - - [20/Jun/2014:22:05:09 -0400] "GET /assets/images/logo_staunton.png HTTP/1.1" 206 4198 "http://www.huntersraid.org/resources.html#.U6ToVDpiixA.facebook" "facebookexternalhit/1.1 (+http://www.facebook.com/externalhit_uatext.php)"
69.171.233.113 - - [20/Jun/2014:22:06:43 -0400] "GET /assets/images/logo_botco.png HTTP/1.1" 206 5361 "-" "facebookexternalhit/1.1 (+http://www.facebook.com/externalhit_uatext.php)"
80.2.168.13 - - [20/Jun/2014:09:52:19 -0400] "GET /assets/images/shadow_left.jpg HTTP/1.1" 200 3689 "http://www.huntersraid.org/" "Mozilla/5.0 (iPad; CPU OS 7_0_2 like Mac OS X) AppleWebKit/537.51.1 (KHTML, like Gecko) CriOS/34.0.1847.18 Mobile/11A501 Safari/9537.53"
