196.35.34.25 - - [07/Feb/2007:06:30:24 -0500] "GET /photogallery/photo00017817/T%20-%2009%20-%2072dpi.jpg HTTP/1.1" 200 2820 "http://www.thunderroadlaser.com/tribalimages.htm" "Mozilla/4.0 (compatible; MSIE 6.0; Windows NT 5.1; SV1)"
196.35.34.25 - - [07/Feb/2007:06:30:25 -0500] "GET /photogallery/photo00017817/T%20-%2010%20-%2072dpi.jpg HTTP/1.1" 200 2768 "http://www.thunderroadlaser.com/tribalimages.htm" "Mozilla/4.0 (compatible; MSIE 6.0; Windows NT 5.1; SV1)"
196.35.34.25 - - [07/Feb/2007:06:30:26 -0500] "GET /buttonD.gif HTTP/1.1" 200 2545 "http://www.thunderroadlaser.com/tribalimages.htm" "Mozilla/4.0 (compatible; MSIE 6.0; Windows NT 5.1; SV1)"
196.35.34.25 - - [07/Feb/2007:06:30:26 -0500] "GET /buttonE.gif HTTP/1.1" 200 2509 "http://www.thunderroadlaser.com/tribalimages.htm" "Mozilla/4.0 (compatible; MSIE 6.0; Windows NT 5.1; SV1)"
196.35.34.25 - - [07/Feb/2007:06:30:27 -0500] "GET /button4B.gif HTTP/1.1" 200 2560 "http://www.thunderroadlaser.com/tribalimages.htm" "Mozilla/4.0 (compatible; MSIE 6.0; Windows NT 5.1; SV1)"
196.35.34.25 - - [07/Feb/2007:06:30:27 -0500] "GET /button4C.gif HTTP/1.1" 200 2473 "http://www.thunderroadlaser.com/tribalimages.htm" "Mozilla/4.0 (compatible; MSIE 6.0; Windows NT 5.1; SV1)"
193.198.120.34 - - [07/Feb/2007:06:34:21 -0500] "GET /thunderimages.htm HTTP/1.1" 200 36606 "http://images.google.hr/imgres?imgurl=http://www.thunderroadlaser.com/images/thunderimages/10_US%2520Air%2520Force%2520-%252072dpi.jpg&imgrefurl=http://www.thunderroadlaser.com/thunderimages.htm&h=500&w=500&sz=60&hl=hr&start=38&tbnid=Hc0qy-YlWPyK3M:&tbnh=130&tbnw=130&prev=/images%3Fq%3DUS%2BAIR%2BFORCE%26start%3D20%26ndsp%3D20%26svnum%3D10%26hl%3Dhr%26sa%3DN" "Mozilla/4.0 (compatible; MSIE 6.0; Windows NT 5.1; SV1)"
193.198.120.34 - - [07/Feb/2007:06:34:21 -0500] "GET /button28.gif HTTP/1.1" 200 2538 "http://www.thunderroadlaser.com/thunderimages.htm" "Mozilla/4.0 (compatible; MSIE 6.0; Windows NT 5.1; SV1)"
193.198.120.34 - - [07/Feb/2007:06:34:21 -0500] "GET /images/Headers/header_sidefence%20-%2072dpi.jpg HTTP/1.1" 200 55513 "http://www.thunderroadlaser.com/thunderimages.htm" "Mozilla/4.0 (compatible; MSIE 6.0; Windows NT 5.1; SV1)"
193.198.120.34 - - [07/Feb/2007:06:34:22 -0500] "GET /photogallery/photo00021631/01_Skull%20-%2072dpi.jpg HTTP/1.1" 200 2512 "http://www.thunderroadlaser.com/thunderimages.htm" "Mozilla/4.0 (compatible; MSIE 6.0; Windows NT 5.1; SV1)"
193.198.120.34 - - [07/Feb/2007:06:34:22 -0500] "GET /images/Headers/thunder%20images%20header%20-%2072dpi.jpg HTTP/1.1" 200 43693 "http://www.thunderroadlaser.com/thunderimages.htm" "Mozilla/4.0 (compatible; MSIE 6.0; Windows NT 5.1; SV1)"
193.198.120.34 - - [07/Feb/2007:06:34:22 -0500] "GET /Flash/buttons.swf HTTP/1.1" 200 117455 "http://www.thunderroadlaser.com/thunderimages.htm" "Mozilla/4.0 (compatible; MSIE 6.0; Windows NT 5.1; SV1)"
193.198.120.34 - - [07/Feb/2007:06:34:22 -0500] "GET /button141.gif HTTP/1.1" 200 2514 "http://www.thunderroadlaser.com/thunderimages.htm" "Mozilla/4.0 (compatible; MSIE 6.0; Windows NT 5.1; SV1)"
193.198.120.34 - - [07/Feb/2007:06:34:23 -0500] "GET /images/bottom%20flame1%20-%2072dpi.jpg HTTP/1.1" 200 32461 "http://www.thunderroadlaser.com/thunderimages.htm" "Mozilla/4.0 (compatible; MSIE 6.0; Windows NT 5.1; SV1)"
193.198.120.34 - - [07/Feb/2007:06:34:23 -0500] "GET /images/thunderimages/10_US%20Air%20Force%20-%2072dpi.jpg HTTP/1.1" 200 60480 "http://images.google.hr/imgres?imgurl=http://www.thunderroadlaser.com/images/thunderimages/10_US%2520Air%2520Force%2520-%252072dpi.jpg&imgrefurl=http://www.thunderroadlaser.com/thunderimages.htm&h=500&w=500&sz=60&tbnid=Hc0qy-YlWPyK3M:&tbnh=130&tbnw=130&hl=hr&prev=/images%3Fq%3DUS%2BAIR%2BFORCE%26start%3D20%26ndsp%3D20%26svnum%3D10%26hl%3Dhr%26sa%3DN&frame=small" "Mozilla/4.0 (compatible; MSIE 6.0; Windows NT 5.1; SV1)"
193.198.120.34 - - [07/Feb/2007:06:34:27 -0500] "GET /images/Headers/thunder%20images%20header%20-%2072dpi.jpg HTTP/1.1" 200 43693 "http://www.thunderroadlaser.com/thunderimages.htm" "Mozilla/4.0 (compatible; MSIE 6.0; Windows NT 5.1; SV1)"
193.198.120.34 - - [07/Feb/2007:06:34:27 -0500] "GET /photogallery/photo00021631/04_Medical%20-%2072dpi.jpg HTTP/1.1" 200 2604 "http://www.thunderroadlaser.com/thunderimages.htm" "Mozilla/4.0 (compatible; MSIE 6.0; Windows NT 5.1; SV1)"
193.198.120.34 - - [07/Feb/2007:06:34:27 -0500] "GET /photogallery/photo00021631/03_Weave%20-%2072dpi.jpg HTTP/1.1" 200 2714 "http://www.thunderroadlaser.com/thunderimages.htm" "Mozilla/4.0 (compatible; MSIE 6.0; Windows NT 5.1; SV1)"
193.198.120.34 - - [07/Feb/2007:06:34:27 -0500] "GET /photogallery/photo00021631/05_Police%20Badge%20-%2072dpi.jpg HTTP/1.1" 200 3046 "http://www.thunderroadlaser.com/thunderimages.htm" "Mozilla/4.0 (compatible; MSIE 6.0; Windows NT 5.1; SV1)"
193.198.120.34 - - [07/Feb/2007:06:34:28 -0500] "GET /photogallery/photo00021631/06_Fire%20Department%20-%2072dpi.jpg HTTP/1.1" 200 3603 "http://www.thunderroadlaser.com/thunderimages.htm" "Mozilla/4.0 (compatible; MSIE 6.0; Windows NT 5.1; SV1)"
193.198.120.34 - - [07/Feb/2007:06:34:28 -0500] "GET /Flash/buttons.swf HTTP/1.1" 200 94088 "http://www.thunderroadlaser.com/thunderimages.htm" "Mozilla/4.0 (compatible; MSIE 6.0; Windows NT 5.1; SV1)"
72.30.226.148 - - [07/Feb/2007:06:36:03 -0500] "GET /robots.txt HTTP/1.0" 404 702 "-" "Mozilla/5.0 (compatible; Yahoo! Slurp; http://help.yahoo.com/help/us/ysearch/slurp)"
74.6.74.185 - - [07/Feb/2007:06:36:18 -0500] "GET /placeorder.htm HTTP/1.0" 200 14159 "-" "Mozilla/5.0 (compatible; Yahoo! Slurp; http://help.yahoo.com/help/us/ysearch/slurp)"
58.147.111.246 - - [07/Feb/2007:06:39:39 -0500] "GET /customdesigns.htm HTTP/1.1" 200 14223 "http://images.google.co.th/imgres?imgurl=http://www.thunderroadlaser.com/images/customdesigns/samuri%2520-%252072dpi.jpg&imgrefurl=http://www.thunderroadlaser.com/customdesigns.htm&h=345&w=400&sz=36&hl=th&start=13&tbnid=RGYvr0JyE0A5-M:&tbnh=107&tbnw=124&prev=/images%3Fq%3Dsamuri%26svnum%3D10%26hl%3Dth" "Mozilla/4.0 (compatible; MSIE 6.0; Windows NT 5.1; SV1; .NET CLR 1.1.4322)"
58.147.111.246 - - [07/Feb/2007:06:39:41 -0500] "GET /images/Headers/custom%20images%20-%2072dpi.jpg HTTP/1.1" 200 45963 "http://www.thunderroadlaser.com/customdesigns.htm" "Mozilla/4.0 (compatible; MSIE 6.0; Windows NT 5.1; SV1; .NET CLR 1.1.4322)"
58.147.111.246 - - [07/Feb/2007:06:39:42 -0500] "GET /photogallery/photo00000345/gas_cap_viking_ghosted_400_72dpi.jpg HTTP/1.1" 200 2962 "http://www.thunderroadlaser.com/customdesigns.htm" "Mozilla/4.0 (compatible; MSIE 6.0; Windows NT 5.1; SV1; .NET CLR 1.1.4322)"
58.147.111.246 - - [07/Feb/2007:06:39:42 -0500] "GET /photogallery/photo00000345/ghosted%20bi-plane%20custom-72dpi.jpg HTTP/1.1" 200 3017 "http://www.thunderroadlaser.com/customdesigns.htm" "Mozilla/4.0 (compatible; MSIE 6.0; Windows NT 5.1; SV1; .NET CLR 1.1.4322)"
58.147.111.246 - - [07/Feb/2007:06:39:42 -0500] "GET /photogallery/photo00000345/ill%20take%20it%20from%20here%2072%20dpi.jpg HTTP/1.1" 200 2644 "http://www.thunderroadlaser.com/customdesigns.htm" "Mozilla/4.0 (compatible; MSIE 6.0; Windows NT 5.1; SV1; .NET CLR 1.1.4322)"
58.147.111.246 - - [07/Feb/2007:06:39:43 -0500] "GET /photogallery/photo00000345/battery_side_cover%20-%2072dpi.jpg HTTP/1.1" 200 3389 "http://www.thunderroadlaser.com/customdesigns.htm" "Mozilla/4.0 (compatible; MSIE 6.0; Windows NT 5.1; SV1; .NET CLR 1.1.4322)"
58.147.111.246 - - [07/Feb/2007:06:39:43 -0500] "GET /photogallery/photo00000345/rideordie-ghosted%20-%2072dpi.jpg HTTP/1.1" 200 2994 "http://www.thunderroadlaser.com/customdesigns.htm" "Mozilla/4.0 (compatible; MSIE 6.0; Windows NT 5.1; SV1; .NET CLR 1.1.4322)"
58.147.111.246 - - [07/Feb/2007:06:39:44 -0500] "GET /photogallery/photo00000345/custom_dog%20-%2072dpi.jpg HTTP/1.1" 200 3001 "http://www.thunderroadlaser.com/customdesigns.htm" "Mozilla/4.0 (compatible; MSIE 6.0; Windows NT 5.1; SV1; .NET CLR 1.1.4322)"
58.147.111.246 - - [07/Feb/2007:06:39:44 -0500] "GET /photogallery/photo00000345/Better%20than%20ears%20-%2072dpi.jpg HTTP/1.1" 200 3185 "http://www.thunderroadlaser.com/customdesigns.htm" "Mozilla/4.0 (compatible; MSIE 6.0; Windows NT 5.1; SV1; .NET CLR 1.1.4322)"
58.147.111.246 - - [07/Feb/2007:06:39:45 -0500] "GET /photogallery/photo00000345/Custom%20piece%20Vrod%20-%20GHOSTED%20ROSE.jpg HTTP/1.1" 200 4272 "http://www.thunderroadlaser.com/customdesigns.htm" "Mozilla/4.0 (compatible; MSIE 6.0; Windows NT 5.1; SV1; .NET CLR 1.1.4322)"
58.147.111.246 - - [07/Feb/2007:06:39:45 -0500] "GET /photogallery/photo00000345/gas_cap_FF_ghosted_400_72dpi.jpg HTTP/1.1" 200 2931 "http://www.thunderroadlaser.com/customdesigns.htm" "Mozilla/4.0 (compatible; MSIE 6.0; Windows NT 5.1; SV1; .NET CLR 1.1.4322)"
58.147.111.246 - - [07/Feb/2007:06:39:45 -0500] "GET /photogallery/photo00000345/cobra%20girl.jpg HTTP/1.1" 200 3022 "http://www.thunderroadlaser.com/customdesigns.htm" "Mozilla/4.0 (compatible; MSIE 6.0; Windows NT 5.1; SV1; .NET CLR 1.1.4322)"
58.147.111.246 - - [07/Feb/2007:06:39:45 -0500] "GET /photogallery/photo00000345/911custom%20-%2072dpi.jpg HTTP/1.1" 200 2769 "http://www.thunderroadlaser.com/customdesigns.htm" "Mozilla/4.0 (compatible; MSIE 6.0; Windows NT 5.1; SV1; .NET CLR 1.1.4322)"
58.147.111.246 - - [07/Feb/2007:06:39:46 -0500] "GET /photogallery/photo00000345/customroses_pic%20-%2072dpi.jpg HTTP/1.1" 200 2945 "http://www.thunderroadlaser.com/customdesigns.htm" "Mozilla/4.0 (compatible; MSIE 6.0; Windows NT 5.1; SV1; .NET CLR 1.1.4322)"
58.147.111.246 - - [07/Feb/2007:06:39:46 -0500] "GET /photogallery/photo00000345/air_cleaner_image%20-%2072dpi.jpg HTTP/1.1" 200 3094 "http://www.thunderroadlaser.com/customdesigns.htm" "Mozilla/4.0 (compatible; MSIE 6.0; Windows NT 5.1; SV1; .NET CLR 1.1.4322)"
58.147.111.246 - - [07/Feb/2007:06:39:47 -0500] "GET /photogallery/photo00000345/eviltwin%20-%2072dpi.jpg HTTP/1.1" 200 2186 "http://www.thunderroadlaser.com/customdesigns.htm" "Mozilla/4.0 (compatible; MSIE 6.0; Windows NT 5.1; SV1; .NET CLR 1.1.4322)"
58.147.111.246 - - [07/Feb/2007:06:39:47 -0500] "GET /photogallery/photo00000345/spider%20end%20caps%20-%2072dpi.jpg HTTP/1.1" 200 2722 "http://www.thunderroadlaser.com/customdesigns.htm" "Mozilla/4.0 (compatible; MSIE 6.0; Windows NT 5.1; SV1; .NET CLR 1.1.4322)"
58.147.111.246 - - [07/Feb/2007:06:39:47 -0500] "GET /photogallery/photo00000345/eagle_pic%20-%2072dpi.jpg HTTP/1.1" 200 2766 "http://www.thunderroadlaser.com/customdesigns.htm" "Mozilla/4.0 (compatible; MSIE 6.0; Windows NT 5.1; SV1; .NET CLR 1.1.4322)"
58.147.111.246 - - [07/Feb/2007:06:39:48 -0500] "GET /images/bottom%20flame1%20-%2072dpi.jpg HTTP/1.1" 200 32461 "http://www.thunderroadlaser.com/customdesigns.htm" "Mozilla/4.0 (compatible; MSIE 6.0; Windows NT 5.1; SV1; .NET CLR 1.1.4322)"
58.147.111.246 - - [07/Feb/2007:06:39:49 -0500] "GET /Flash/buttons.swf HTTP/1.1" 200 94560 "http://www.thunderroadlaser.com/customdesigns.htm" "Mozilla/4.0 (compatible; MSIE 6.0; Windows NT 5.1; SV1; .NET CLR 1.1.4322)"
58.147.111.246 - - [07/Feb/2007:06:39:49 -0500] "GET /Flash/home%20examples.swf HTTP/1.1" 200 100399 "http://www.thunderroadlaser.com/customdesigns.htm" "Mozilla/4.0 (compatible; MSIE 6.0; Windows NT 5.1; SV1; .NET CLR 1.1.4322)"
58.147.111.246 - - [07/Feb/2007:06:40:50 -0500] "GET /photogallery/photo00000345/dragon-ghost%20-%2072dpi.jpg HTTP/1.1" 200 3037 "http://www.thunderroadlaser.com/customdesigns.htm" "Mozilla/4.0 (compatible; MSIE 6.0; Windows NT 5.1; SV1; .NET CLR 1.1.4322)"
58.147.111.246 - - [07/Feb/2007:06:40:50 -0500] "GET /photogallery/photo00000345/911custom%20-%2072dpi.jpg HTTP/1.1" 200 2769 "http://www.thunderroadlaser.com/customdesigns.htm" "Mozilla/4.0 (compatible; MSIE 6.0; Windows NT 5.1; SV1; .NET CLR 1.1.4322)"
58.147.111.246 - - [07/Feb/2007:06:40:50 -0500] "GET /images/bottom%20flame1%20-%2072dpi.jpg HTTP/1.1" 200 32461 "http://www.thunderroadlaser.com/customdesigns.htm" "Mozilla/4.0 (compatible; MSIE 6.0; Windows NT 5.1; SV1; .NET CLR 1.1.4322)"
58.147.111.246 - - [07/Feb/2007:06:40:50 -0500] "GET /images/Headers/header_sidefence%20-%2072dpi.jpg HTTP/1.1" 200 55513 "http://www.thunderroadlaser.com/customdesigns.htm" "Mozilla/4.0 (compatible; MSIE 6.0; Windows NT 5.1; SV1; .NET CLR 1.1.4322)"
58.147.111.246 - - [07/Feb/2007:06:40:50 -0500] "GET /images/Headers/custom%20images%20-%2072dpi.jpg HTTP/1.1" 200 45963 "http://www.thunderroadlaser.com/customdesigns.htm" "Mozilla/4.0 (compatible; MSIE 6.0; Windows NT 5.1; SV1; .NET CLR 1.1.4322)"
58.147.111.246 - - [07/Feb/2007:06:40:51 -0500] "GET /Flash/buttons.swf HTTP/1.1" 200 61968 "http://www.thunderroadlaser.com/customdesigns.htm" "Mozilla/4.0 (compatible; MSIE 6.0; Windows NT 5.1; SV1; .NET CLR 1.1.4322)"
58.147.111.246 - - [07/Feb/2007:06:40:52 -0500] "GET /Flash/home%20examples.swf HTTP/1.1" 200 59519 "http://www.thunderroadlaser.com/customdesigns.htm" "Mozilla/4.0 (compatible; MSIE 6.0; Windows NT 5.1; SV1; .NET CLR 1.1.4322)"
195.37.166.253 - - [07/Feb/2007:06:46:00 -0500] "GET /thunderimages.htm HTTP/1.1" 200 36606 "http://images.google.de/imgres?imgurl=http://www.thunderroadlaser.com/images/thunderimages/36_Racing%2520Flames%2520-%252072dpi.jpg&imgrefurl=http://www.thunderroadlaser.com/thunderimages.htm&h=500&w=500&sz=40&hl=de&start=206&tbnid=LdjYwibKzd0dDM:&tbnh=130&tbnw=130&prev=/images%3Fq%3DFlames%26start%3D200%26ndsp%3D20%26svnum%3D10%26hl%3Dde%26sa%3DN" "Mozilla/4.0 (compatible; MSIE 6.0; Windows NT 5.1; SV1; InfoPath.1)"
195.37.166.253 - - [07/Feb/2007:06:46:01 -0500] "GET /images/Headers/thunder%20images%20header%20-%2072dpi.jpg HTTP/1.1" 200 43693 "http://www.thunderroadlaser.com/thunderimages.htm" "Mozilla/4.0 (compatible; MSIE 6.0; Windows NT 5.1; SV1; InfoPath.1)"
195.37.166.253 - - [07/Feb/2007:06:46:01 -0500] "GET /button6E.gif HTTP/1.1" 200 2553 "http://www.thunderroadlaser.com/thunderimages.htm" "Mozilla/4.0 (compatible; MSIE 6.0; Windows NT 5.1; SV1; InfoPath.1)"
195.37.166.253 - - [07/Feb/2007:06:46:01 -0500] "GET /button163.gif HTTP/1.1" 200 2454 "http://www.thunderroadlaser.com/thunderimages.htm" "Mozilla/4.0 (compatible; MSIE 6.0; Windows NT 5.1; SV1; InfoPath.1)"
195.37.166.253 - - [07/Feb/2007:06:46:01 -0500] "GET /images/Headers/header_sidefence%20-%2072dpi.jpg HTTP/1.1" 200 55513 "http://www.thunderroadlaser.com/thunderimages.htm" "Mozilla/4.0 (compatible; MSIE 6.0; Windows NT 5.1; SV1; InfoPath.1)"
195.37.166.253 - - [07/Feb/2007:06:46:01 -0500] "GET /photogallery/photo00021631/01_Skull%20-%2072dpi.jpg HTTP/1.1" 200 2512 "http://www.thunderroadlaser.com/thunderimages.htm" "Mozilla/4.0 (compatible; MSIE 6.0; Windows NT 5.1; SV1; InfoPath.1)"
195.37.166.253 - - [07/Feb/2007:06:46:01 -0500] "GET /button147.gif HTTP/1.1" 200 2506 "http://www.thunderroadlaser.com/thunderimages.htm" "Mozilla/4.0 (compatible; MSIE 6.0; Windows NT 5.1; SV1; InfoPath.1)"
195.37.166.253 - - [07/Feb/2007:06:46:01 -0500] "GET /button141.gif HTTP/1.1" 200 2514 "http://www.thunderroadlaser.com/thunderimages.htm" "Mozilla/4.0 (compatible; MSIE 6.0; Windows NT 5.1; SV1; InfoPath.1)"
195.37.166.253 - - [07/Feb/2007:06:46:02 -0500] "GET /photogallery/photo00021631/04_Medical%20-%2072dpi.jpg HTTP/1.1" 200 2604 "http://www.thunderroadlaser.com/thunderimages.htm" "Mozilla/4.0 (compatible; MSIE 6.0; Windows NT 5.1; SV1; InfoPath.1)"
195.37.166.253 - - [07/Feb/2007:06:46:02 -0500] "GET /photogallery/photo00021631/11_US%20Coast%20Guard%20-%2072dpi.jpg HTTP/1.1" 200 3335 "http://www.thunderroadlaser.com/thunderimages.htm" "Mozilla/4.0 (compatible; MSIE 6.0; Windows NT 5.1; SV1; InfoPath.1)"
195.37.166.253 - - [07/Feb/2007:06:46:02 -0500] "GET /photogallery/photo00021631/10_US%20Air%20Force%20-%2072dpi.jpg HTTP/1.1" 200 3427 "http://www.thunderroadlaser.com/thunderimages.htm" "Mozilla/4.0 (compatible; MSIE 6.0; Windows NT 5.1; SV1; InfoPath.1)"
195.37.166.253 - - [07/Feb/2007:06:46:02 -0500] "GET /button28.gif HTTP/1.1" 200 2538 "http://www.thunderroadlaser.com/thunderimages.htm" "Mozilla/4.0 (compatible; MSIE 6.0; Windows NT 5.1; SV1; InfoPath.1)"
195.37.166.253 - - [07/Feb/2007:06:46:02 -0500] "GET /photogallery/photo00021631/03_Weave%20-%2072dpi.jpg HTTP/1.1" 200 2714 "http://www.thunderroadlaser.com/thunderimages.htm" "Mozilla/4.0 (compatible; MSIE 6.0; Windows NT 5.1; SV1; InfoPath.1)"
195.37.166.253 - - [07/Feb/2007:06:46:02 -0500] "GET /photogallery/photo00021631/12_US%20Army%20-%2072dpi.jpg HTTP/1.1" 200 3746 "http://www.thunderroadlaser.com/thunderimages.htm" "Mozilla/4.0 (compatible; MSIE 6.0; Windows NT 5.1; SV1; InfoPath.1)"
195.37.166.253 - - [07/Feb/2007:06:46:02 -0500] "GET /photogallery/photo00021631/07_EMT%20Rescue%20-%2072dpi.jpg HTTP/1.1" 200 2793 "http://www.thunderroadlaser.com/thunderimages.htm" "Mozilla/4.0 (compatible; MSIE 6.0; Windows NT 5.1; SV1; InfoPath.1)"
195.37.166.253 - - [07/Feb/2007:06:46:02 -0500] "GET /photogallery/photo00021631/16_Wolf%20Head%20-%2072dpi.jpg HTTP/1.1" 200 3287 "http://www.thunderroadlaser.com/thunderimages.htm" "Mozilla/4.0 (compatible; MSIE 6.0; Windows NT 5.1; SV1; InfoPath.1)"
195.37.166.253 - - [07/Feb/2007:06:46:02 -0500] "GET /photogallery/photo00021631/15_Cobra%20-%2072dpi.jpg HTTP/1.1" 200 2691 "http://www.thunderroadlaser.com/thunderimages.htm" "Mozilla/4.0 (compatible; MSIE 6.0; Windows NT 5.1; SV1; InfoPath.1)"
195.37.166.253 - - [07/Feb/2007:06:46:02 -0500] "GET /photogallery/photo00021631/09_US%20Navy%20-%2072dpi.jpg HTTP/1.1" 200 3307 "http://www.thunderroadlaser.com/thunderimages.htm" "Mozilla/4.0 (compatible; MSIE 6.0; Windows NT 5.1; SV1; InfoPath.1)"
195.37.166.253 - - [07/Feb/2007:06:46:02 -0500] "GET /photogallery/photo00021631/14_Your%20Signature%20-%2072dpi.jpg HTTP/1.1" 200 2290 "http://www.thunderroadlaser.com/thunderimages.htm" "Mozilla/4.0 (compatible; MSIE 6.0; Windows NT 5.1; SV1; InfoPath.1)"
195.37.166.253 - - [07/Feb/2007:06:46:02 -0500] "GET /photogallery/photo00021631/05_Police%20Badge%20-%2072dpi.jpg HTTP/1.1" 200 3046 "http://www.thunderroadlaser.com/thunderimages.htm" "Mozilla/4.0 (compatible; MSIE 6.0; Windows NT 5.1; SV1; InfoPath.1)"
195.37.166.253 - - [07/Feb/2007:06:46:02 -0500] "GET /photogallery/photo00021631/06_Fire%20Department%20-%2072dpi.jpg HTTP/1.1" 200 3603 "http://www.thunderroadlaser.com/thunderimages.htm" "Mozilla/4.0 (compatible; MSIE 6.0; Windows NT 5.1; SV1; InfoPath.1)"
195.37.166.253 - - [07/Feb/2007:06:46:02 -0500] "GET /photogallery/photo00021631/02_Rose%20-%2072dpi.jpg HTTP/1.1" 200 2683 "http://www.thunderroadlaser.com/thunderimages.htm" "Mozilla/4.0 (compatible; MSIE 6.0; Windows NT 5.1; SV1; InfoPath.1)"
195.37.166.253 - - [07/Feb/2007:06:46:02 -0500] "GET /photogallery/photo00021631/08_US%20Marines%20-%2072dpi.jpg HTTP/1.1" 200 3041 "http://www.thunderroadlaser.com/thunderimages.htm" "Mozilla/4.0 (compatible; MSIE 6.0; Windows NT 5.1; SV1; InfoPath.1)"
195.37.166.253 - - [07/Feb/2007:06:46:02 -0500] "GET /photogallery/photo00021631/13_POW%20MIA%20-%2072dpi.jpg HTTP/1.1" 200 2956 "http://www.thunderroadlaser.com/thunderimages.htm" "Mozilla/4.0 (compatible; MSIE 6.0; Windows NT 5.1; SV1; InfoPath.1)"
195.37.166.253 - - [07/Feb/2007:06:46:03 -0500] "GET /photogallery/photo00021631/22_Freedom%20-%2072dpi.jpg HTTP/1.1" 200 2899 "http://www.thunderroadlaser.com/thunderimages.htm" "Mozilla/4.0 (compatible; MSIE 6.0; Windows NT 5.1; SV1; InfoPath.1)"
195.37.166.253 - - [07/Feb/2007:06:46:03 -0500] "GET /photogallery/photo00021631/19_Design%201%20-%2072dpi.jpg HTTP/1.1" 200 2388 "http://www.thunderroadlaser.com/thunderimages.htm" "Mozilla/4.0 (compatible; MSIE 6.0; Windows NT 5.1; SV1; InfoPath.1)"
195.37.166.253 - - [07/Feb/2007:06:46:03 -0500] "GET /photogallery/photo00021631/23_Wind%20Swept%20-%2072dpi.jpg HTTP/1.1" 200 2961 "http://www.thunderroadlaser.com/thunderimages.htm" "Mozilla/4.0 (compatible; MSIE 6.0; Windows NT 5.1; SV1; InfoPath.1)"
195.37.166.253 - - [07/Feb/2007:06:46:03 -0500] "GET /photogallery/photo00021631/29_Sacred%20Cowskull%20-%2072dpi.jpg HTTP/1.1" 200 2932 "http://www.thunderroadlaser.com/thunderimages.htm" "Mozilla/4.0 (compatible; MSIE 6.0; Windows NT 5.1; SV1; InfoPath.1)"
195.37.166.253 - - [07/Feb/2007:06:46:03 -0500] "GET /photogallery/photo00021631/21_Not%20Then,%20Now,%20Ever%20-%2072dpi.jpg HTTP/1.1" 200 2567 "http://www.thunderroadlaser.com/thunderimages.htm" "Mozilla/4.0 (compatible; MSIE 6.0; Windows NT 5.1; SV1; InfoPath.1)"
195.37.166.253 - - [07/Feb/2007:06:46:03 -0500] "GET /photogallery/photo00021631/24%20-%20US%20Flag%20-%2072dpi.jpg HTTP/1.1" 200 2948 "http://www.thunderroadlaser.com/thunderimages.htm" "Mozilla/4.0 (compatible; MSIE 6.0; Windows NT 5.1; SV1; InfoPath.1)"
195.37.166.253 - - [07/Feb/2007:06:46:03 -0500] "GET /images/bottom%20flame1%20-%2072dpi.jpg HTTP/1.1" 200 32461 "http://www.thunderroadlaser.com/thunderimages.htm" "Mozilla/4.0 (compatible; MSIE 6.0; Windows NT 5.1; SV1; InfoPath.1)"
195.37.166.253 - - [07/Feb/2007:06:46:03 -0500] "GET /photogallery/photo00021631/18_US%20Jump%20Wings%20-%2072dpi.jpg HTTP/1.1" 200 2717 "http://www.thunderroadlaser.com/thunderimages.htm" "Mozilla/4.0 (compatible; MSIE 6.0; Windows NT 5.1; SV1; InfoPath.1)"
195.37.166.253 - - [07/Feb/2007:06:46:03 -0500] "GET /Flash/buttons.swf HTTP/1.1" 200 117455 "http://www.thunderroadlaser.com/thunderimages.htm" "Mozilla/4.0 (compatible; MSIE 6.0; Windows NT 5.1; SV1; InfoPath.1)"
195.37.166.253 - - [07/Feb/2007:06:46:03 -0500] "GET /photogallery/photo00021631/26_Dice%20-%2072dpi.jpg HTTP/1.1" 200 2530 "http://www.thunderroadlaser.com/thunderimages.htm" "Mozilla/4.0 (compatible; MSIE 6.0; Windows NT 5.1; SV1; InfoPath.1)"
195.37.166.253 - - [07/Feb/2007:06:46:03 -0500] "GET /photogallery/photo00021631/20_Design%202%20-%2072dpi.jpg HTTP/1.1" 200 2426 "http://www.thunderroadlaser.com/thunderimages.htm" "Mozilla/4.0 (compatible; MSIE 6.0; Windows NT 5.1; SV1; InfoPath.1)"
195.37.166.253 - - [07/Feb/2007:06:46:03 -0500] "GET /photogallery/photo00021631/25_Veterinary%20-%2072dpi.jpg HTTP/1.1" 200 2439 "http://www.thunderroadlaser.com/thunderimages.htm" "Mozilla/4.0 (compatible; MSIE 6.0; Windows NT 5.1; SV1; InfoPath.1)"
195.37.166.253 - - [07/Feb/2007:06:46:04 -0500] "GET /button142.gif HTTP/1.1" 200 2571 "http://www.thunderroadlaser.com/thunderimages.htm" "Mozilla/4.0 (compatible; MSIE 6.0; Windows NT 5.1; SV1; InfoPath.1)"
195.37.166.253 - - [07/Feb/2007:06:46:06 -0500] "GET /button6F1.gif HTTP/1.1" 200 2545 "http://www.thunderroadlaser.com/thunderimages.htm" "Mozilla/4.0 (compatible; MSIE 6.0; Windows NT 5.1; SV1; InfoPath.1)"
195.37.166.253 - - [07/Feb/2007:06:46:06 -0500] "GET /button149.gif HTTP/1.1" 200 2520 "http://www.thunderroadlaser.com/thunderimages.htm" "Mozilla/4.0 (compatible; MSIE 6.0; Windows NT 5.1; SV1; InfoPath.1)"
195.37.166.253 - - [07/Feb/2007:06:46:06 -0500] "GET /button29.gif HTTP/1.1" 200 2623 "http://www.thunderroadlaser.com/thunderimages.htm" "Mozilla/4.0 (compatible; MSIE 6.0; Windows NT 5.1; SV1; InfoPath.1)"
195.37.166.253 - - [07/Feb/2007:06:46:06 -0500] "GET /button2A.gif HTTP/1.1" 200 2583 "http://www.thunderroadlaser.com/thunderimages.htm" "Mozilla/4.0 (compatible; MSIE 6.0; Windows NT 5.1; SV1; InfoPath.1)"
195.37.166.253 - - [07/Feb/2007:06:46:06 -0500] "GET /button148.gif HTTP/1.1" 200 2542 "http://www.thunderroadlaser.com/thunderimages.htm" "Mozilla/4.0 (compatible; MSIE 6.0; Windows NT 5.1; SV1; InfoPath.1)"
195.37.166.253 - - [07/Feb/2007:06:46:21 -0500] "GET /images/thunderimages/30_Star%20-%2072dpi.jpg HTTP/1.1" 200 32832 "http://www.thunderroadlaser.com/thunderimages.htm" "Mozilla/4.0 (compatible; MSIE 6.0; Windows NT 5.1; SV1; InfoPath.1)"
195.241.212.83 - - [07/Feb/2007:06:46:25 -0500] "GET /thunderimages.htm HTTP/1.1" 200 36606 "http://images.google.nl/imgres?imgurl=http://www.thunderroadlaser.com/images/thunderimages/32_Grim%2520Reaper%2520-%252072dpi.jpg&imgrefurl=http://www.thunderroadlaser.com/thunderimages.htm&h=500&w=500&sz=59&hl=nl&start=100&tbnid=xTLV_QLY3-fO8M:&tbnh=130&tbnw=130&prev=/images%3Fq%3Dgrim%2Breaper%26start%3D80%26ndsp%3D20%26svnum%3D10%26hl%3Dnl%26rls%3DGGLJ,GGLJ:2006-33,GGLJ:en%26sa%3DN" "Mozilla/4.0 (compatible; MSIE 6.0; Windows NT 5.1; SV1)"
195.241.212.83 - - [07/Feb/2007:06:46:26 -0500] "GET /images/Headers/header_sidefence%20-%2072dpi.jpg HTTP/1.1" 200 55513 "http://www.thunderroadlaser.com/thunderimages.htm" "Mozilla/4.0 (compatible; MSIE 6.0; Windows NT 5.1; SV1)"
195.241.212.83 - - [07/Feb/2007:06:46:26 -0500] "GET /button28.gif HTTP/1.1" 200 2538 "http://www.thunderroadlaser.com/thunderimages.htm" "Mozilla/4.0 (compatible; MSIE 6.0; Windows NT 5.1; SV1)"
195.241.212.83 - - [07/Feb/2007:06:46:26 -0500] "GET /button147.gif HTTP/1.1" 200 2506 "http://www.thunderroadlaser.com/thunderimages.htm" "Mozilla/4.0 (compatible; MSIE 6.0; Windows NT 5.1; SV1)"
195.241.212.83 - - [07/Feb/2007:06:46:26 -0500] "GET /button163.gif HTTP/1.1" 200 2454 "http://www.thunderroadlaser.com/thunderimages.htm" "Mozilla/4.0 (compatible; MSIE 6.0; Windows NT 5.1; SV1)"
195.241.212.83 - - [07/Feb/2007:06:46:26 -0500] "GET /button141.gif HTTP/1.1" 200 2514 "http://www.thunderroadlaser.com/thunderimages.htm" "Mozilla/4.0 (compatible; MSIE 6.0; Windows NT 5.1; SV1)"
195.241.212.83 - - [07/Feb/2007:06:46:26 -0500] "GET /images/Headers/thunder%20images%20header%20-%2072dpi.jpg HTTP/1.1" 200 43693 "http://www.thunderroadlaser.com/thunderimages.htm" "Mozilla/4.0 (compatible; MSIE 6.0; Windows NT 5.1; SV1)"
195.241.212.83 - - [07/Feb/2007:06:46:27 -0500] "GET /photogallery/photo00021631/04_Medical%20-%2072dpi.jpg HTTP/1.1" 200 2604 "http://www.thunderroadlaser.com/thunderimages.htm" "Mozilla/4.0 (compatible; MSIE 6.0; Windows NT 5.1; SV1)"
195.241.212.83 - - [07/Feb/2007:06:46:27 -0500] "GET /Flash/buttons.swf HTTP/1.1" 200 117455 "http://www.thunderroadlaser.com/thunderimages.htm" "Mozilla/4.0 (compatible; MSIE 6.0; Windows NT 5.1; SV1)"
195.241.212.83 - - [07/Feb/2007:06:46:27 -0500] "GET /photogallery/photo00021631/06_Fire%20Department%20-%2072dpi.jpg HTTP/1.1" 200 3603 "http://www.thunderroadlaser.com/thunderimages.htm" "Mozilla/4.0 (compatible; MSIE 6.0; Windows NT 5.1; SV1)"
195.241.212.83 - - [07/Feb/2007:06:46:27 -0500] "GET /button6E.gif HTTP/1.1" 200 2553 "http://www.thunderroadlaser.com/thunderimages.htm" "Mozilla/4.0 (compatible; MSIE 6.0; Windows NT 5.1; SV1)"
195.241.212.83 - - [07/Feb/2007:06:46:27 -0500] "GET /photogallery/photo00021631/02_Rose%20-%2072dpi.jpg HTTP/1.1" 200 2683 "http://www.thunderroadlaser.com/thunderimages.htm" "Mozilla/4.0 (compatible; MSIE 6.0; Windows NT 5.1; SV1)"
195.241.212.83 - - [07/Feb/2007:06:46:27 -0500] "GET /photogallery/photo00021631/07_EMT%20Rescue%20-%2072dpi.jpg HTTP/1.1" 200 2793 "http://www.thunderroadlaser.com/thunderimages.htm" "Mozilla/4.0 (compatible; MSIE 6.0; Windows NT 5.1; SV1)"
195.241.212.83 - - [07/Feb/2007:06:46:27 -0500] "GET /photogallery/photo00021631/03_Weave%20-%2072dpi.jpg HTTP/1.1" 200 2714 "http://www.thunderroadlaser.com/thunderimages.htm" "Mozilla/4.0 (compatible; MSIE 6.0; Windows NT 5.1; SV1)"
195.241.212.83 - - [07/Feb/2007:06:46:27 -0500] "GET /photogallery/photo00021631/05_Police%20Badge%20-%2072dpi.jpg HTTP/1.1" 200 3046 "http://www.thunderroadlaser.com/thunderimages.htm" "Mozilla/4.0 (compatible; MSIE 6.0; Windows NT 5.1; SV1)"
195.241.212.83 - - [07/Feb/2007:06:46:27 -0500] "GET /photogallery/photo00021631/08_US%20Marines%20-%2072dpi.jpg HTTP/1.1" 200 3041 "http://www.thunderroadlaser.com/thunderimages.htm" "Mozilla/4.0 (compatible; MSIE 6.0; Windows NT 5.1; SV1)"
195.241.212.83 - - [07/Feb/2007:06:46:28 -0500] "GET /photogallery/photo00021631/09_US%20Navy%20-%2072dpi.jpg HTTP/1.1" 200 3307 "http://www.thunderroadlaser.com/thunderimages.htm" "Mozilla/4.0 (compatible; MSIE 6.0; Windows NT 5.1; SV1)"
195.241.212.83 - - [07/Feb/2007:06:46:28 -0500] "GET /photogallery/photo00021631/19_Design%201%20-%2072dpi.jpg HTTP/1.1" 200 2388 "http://www.thunderroadlaser.com/thunderimages.htm" "Mozilla/4.0 (compatible; MSIE 6.0; Windows NT 5.1; SV1)"
195.241.212.83 - - [07/Feb/2007:06:46:28 -0500] "GET /photogallery/photo00021631/23_Wind%20Swept%20-%2072dpi.jpg HTTP/1.1" 200 2961 "http://www.thunderroadlaser.com/thunderimages.htm" "Mozilla/4.0 (compatible; MSIE 6.0; Windows NT 5.1; SV1)"
195.241.212.83 - - [07/Feb/2007:06:46:28 -0500] "GET /photogallery/photo00021631/13_POW%20MIA%20-%2072dpi.jpg HTTP/1.1" 200 2956 "http://www.thunderroadlaser.com/thunderimages.htm" "Mozilla/4.0 (compatible; MSIE 6.0; Windows NT 5.1; SV1)"
195.241.212.83 - - [07/Feb/2007:06:46:28 -0500] "GET /photogallery/photo00021631/14_Your%20Signature%20-%2072dpi.jpg HTTP/1.1" 200 2290 "http://www.thunderroadlaser.com/thunderimages.htm" "Mozilla/4.0 (compatible; MSIE 6.0; Windows NT 5.1; SV1)"
195.241.212.83 - - [07/Feb/2007:06:46:28 -0500] "GET /photogallery/photo00021631/15_Cobra%20-%2072dpi.jpg HTTP/1.1" 200 2691 "http://www.thunderroadlaser.com/thunderimages.htm" "Mozilla/4.0 (compatible; MSIE 6.0; Windows NT 5.1; SV1)"
195.241.212.83 - - [07/Feb/2007:06:46:28 -0500] "GET /photogallery/photo00021631/12_US%20Army%20-%2072dpi.jpg HTTP/1.1" 200 3746 "http://www.thunderroadlaser.com/thunderimages.htm" "Mozilla/4.0 (compatible; MSIE 6.0; Windows NT 5.1; SV1)"
195.241.212.83 - - [07/Feb/2007:06:46:28 -0500] "GET /photogallery/photo00021631/21_Not%20Then,%20Now,%20Ever%20-%2072dpi.jpg HTTP/1.1" 200 2567 "http://www.thunderroadlaser.com/thunderimages.htm" "Mozilla/4.0 (compatible; MSIE 6.0; Windows NT 5.1; SV1)"
195.241.212.83 - - [07/Feb/2007:06:46:28 -0500] "GET /photogallery/photo00021631/18_US%20Jump%20Wings%20-%2072dpi.jpg HTTP/1.1" 200 2717 "http://www.thunderroadlaser.com/thunderimages.htm" "Mozilla/4.0 (compatible; MSIE 6.0; Windows NT 5.1; SV1)"
195.241.212.83 - - [07/Feb/2007:06:46:28 -0500] "GET /photogallery/photo00021631/17_Eagle%20Head%20-%2072dpi.jpg HTTP/1.1" 200 3282 "http://www.thunderroadlaser.com/thunderimages.htm" "Mozilla/4.0 (compatible; MSIE 6.0; Windows NT 5.1; SV1)"
195.241.212.83 - - [07/Feb/2007:06:46:28 -0500] "GET /photogallery/photo00021631/10_US%20Air%20Force%20-%2072dpi.jpg HTTP/1.1" 200 3427 "http://www.thunderroadlaser.com/thunderimages.htm" "Mozilla/4.0 (compatible; MSIE 6.0; Windows NT 5.1; SV1)"
195.241.212.83 - - [07/Feb/2007:06:46:28 -0500] "GET /photogallery/photo00021631/20_Design%202%20-%2072dpi.jpg HTTP/1.1" 200 2426 "http://www.thunderroadlaser.com/thunderimages.htm" "Mozilla/4.0 (compatible; MSIE 6.0; Windows NT 5.1; SV1)"
195.241.212.83 - - [07/Feb/2007:06:46:28 -0500] "GET /photogallery/photo00021631/11_US%20Coast%20Guard%20-%2072dpi.jpg HTTP/1.1" 200 3335 "http://www.thunderroadlaser.com/thunderimages.htm" "Mozilla/4.0 (compatible; MSIE 6.0; Windows NT 5.1; SV1)"
195.241.212.83 - - [07/Feb/2007:06:46:28 -0500] "GET /photogallery/photo00021631/25_Veterinary%20-%2072dpi.jpg HTTP/1.1" 200 2439 "http://www.thunderroadlaser.com/thunderimages.htm" "Mozilla/4.0 (compatible; MSIE 6.0; Windows NT 5.1; SV1)"
195.241.212.83 - - [07/Feb/2007:06:46:29 -0500] "GET /button149.gif HTTP/1.1" 200 2520 "http://www.thunderroadlaser.com/thunderimages.htm" "Mozilla/4.0 (compatible; MSIE 6.0; Windows NT 5.1; SV1)"
195.241.212.83 - - [07/Feb/2007:06:46:29 -0500] "GET /photogallery/photo00021631/27_Royal%20Straight%20Flush%20-%2072dpi.jpg HTTP/1.1" 200 3153 "http://www.thunderroadlaser.com/thunderimages.htm" "Mozilla/4.0 (compatible; MSIE 6.0; Windows NT 5.1; SV1)"
195.241.212.83 - - [07/Feb/2007:06:46:29 -0500] "GET /photogallery/photo00021631/28_Dreamcatcher%20-%2072dpi.jpg HTTP/1.1" 200 2778 "http://www.thunderroadlaser.com/thunderimages.htm" "Mozilla/4.0 (compatible; MSIE 6.0; Windows NT 5.1; SV1)"
195.241.212.83 - - [07/Feb/2007:06:46:29 -0500] "GET /photogallery/photo00021631/30_Star%20-%2072dpi.jpg HTTP/1.1" 200 2662 "http://www.thunderroadlaser.com/thunderimages.htm" "Mozilla/4.0 (compatible; MSIE 6.0; Windows NT 5.1; SV1)"
195.241.212.83 - - [07/Feb/2007:06:46:29 -0500] "GET /photogallery/photo00021631/26_Dice%20-%2072dpi.jpg HTTP/1.1" 200 2530 "http://www.thunderroadlaser.com/thunderimages.htm" "Mozilla/4.0 (compatible; MSIE 6.0; Windows NT 5.1; SV1)"
195.241.212.83 - - [07/Feb/2007:06:46:29 -0500] "GET /photogallery/photo00021631/29_Sacred%20Cowskull%20-%2072dpi.jpg HTTP/1.1" 200 2932 "http://www.thunderroadlaser.com/thunderimages.htm" "Mozilla/4.0 (compatible; MSIE 6.0; Windows NT 5.1; SV1)"
195.241.212.83 - - [07/Feb/2007:06:46:29 -0500] "GET /images/bottom%20flame1%20-%2072dpi.jpg HTTP/1.1" 200 32461 "http://www.thunderroadlaser.com/thunderimages.htm" "Mozilla/4.0 (compatible; MSIE 6.0; Windows NT 5.1; SV1)"
195.241.212.83 - - [07/Feb/2007:06:46:29 -0500] "GET /button142.gif HTTP/1.1" 200 2571 "http://www.thunderroadlaser.com/thunderimages.htm" "Mozilla/4.0 (compatible; MSIE 6.0; Windows NT 5.1; SV1)"
195.241.212.83 - - [07/Feb/2007:06:46:29 -0500] "GET /button2A.gif HTTP/1.1" 200 2583 "http://www.thunderroadlaser.com/thunderimages.htm" "Mozilla/4.0 (compatible; MSIE 6.0; Windows NT 5.1; SV1)"
195.241.212.83 - - [07/Feb/2007:06:46:30 -0500] "GET /button74.gif HTTP/1.1" 200 2509 "http://www.thunderroadlaser.com/thunderimages.htm" "Mozilla/4.0 (compatible; MSIE 6.0; Windows NT 5.1; SV1)"
86.136.173.152 - - [07/Feb/2007:06:46:46 -0500] "GET /images/Headers/header_sidefence%20-%2072dpi.jpg HTTP/1.1" 200 55513 "http://www.thunderroadlaser.com/thunderimages.htm" "Mozilla/4.0 (compatible; MSIE 7.0; Windows NT 5.1; YPC 3.2.0; .NET CLR 1.0.3705; .NET CLR 1.1.4322; Media Center PC 4.0; yplus 5.3.04b)"
86.136.173.152 - - [07/Feb/2007:06:46:47 -0500] "GET /Flash/buttons.swf HTTP/1.1" 200 61968 "http://www.thunderroadlaser.com/thunderimages.htm" "Mozilla/4.0 (compatible; MSIE 7.0; Windows NT 5.1; YPC 3.2.0; .NET CLR 1.0.3705; .NET CLR 1.1.4322; Media Center PC 4.0)"
86.136.173.152 - - [07/Feb/2007:06:46:47 -0500] "GET /images/thunderimages/32_Grim%20Reaper%20-%2072dpi.jpg HTTP/1.1" 200 59987 "http://images.google.co.uk/imgres?imgurl=http://www.thunderroadlaser.com/images/thunderimages/32_Grim%2520Reaper%2520-%252072dpi.jpg&imgrefurl=http://www.thunderroadlaser.com/thunderimages.htm&h=500&w=500&sz=59&tbnid=xTLV_QLY3-fO8M:&tbnh=130&tbnw=130&hl=en&prev=/images%3Fq%3Dgrim%2Breaper%26start%3D90%26ndsp%3D18%26svnum%3D10%26hl%3Den%26sa%3DN&frame=small" "Mozilla/4.0 (compatible; MSIE 7.0; Windows NT 5.1; YPC 3.2.0; .NET CLR 1.0.3705; .NET CLR 1.1.4322; Media Center PC 4.0; yplus 5.3.04b)"
86.136.173.152 - - [07/Feb/2007:06:46:48 -0500] "GET /favicon.ico HTTP/1.1" 200 894 "-" "Mozilla/4.0 (compatible; MSIE 7.0; Windows NT 5.1; YPC 3.2.0; .NET CLR 1.0.3705; .NET CLR 1.1.4322; Media Center PC 4.0)"
195.241.212.83 - - [07/Feb/2007:06:46:49 -0500] "GET /thunderimages_02.htm HTTP/1.1" 200 36926 "http://www.thunderroadlaser.com/thunderimages.htm" "Mozilla/4.0 (compatible; MSIE 6.0; Windows NT 5.1; SV1)"
195.37.166.253 - - [07/Feb/2007:06:46:49 -0500] "GET /thunderimages_02.htm HTTP/1.1" 200 36926 "http://www.thunderroadlaser.com/thunderimages.htm" "Mozilla/4.0 (compatible; MSIE 6.0; Windows NT 5.1; SV1; InfoPath.1)"
195.37.166.253 - - [07/Feb/2007:06:46:50 -0500] "GET /photogallery/photo00030924/36_Racing%20Flames%20-%2072dpi.jpg HTTP/1.1" 200 2598 "http://www.thunderroadlaser.com/thunderimages_02.htm" "Mozilla/4.0 (compatible; MSIE 6.0; Windows NT 5.1; SV1; InfoPath.1)"
195.37.166.253 - - [07/Feb/2007:06:46:50 -0500] "GET /photogallery/photo00030924/33_Pissin'%20Piggy%20-%2072dpi.jpg HTTP/1.1" 200 3024 "http://www.thunderroadlaser.com/thunderimages_02.htm" "Mozilla/4.0 (compatible; MSIE 6.0; Windows NT 5.1; SV1; InfoPath.1)"
195.37.166.253 - - [07/Feb/2007:06:46:50 -0500] "GET /photogallery/photo00030924/39_Mermaid%20-%2072dpi.jpg HTTP/1.1" 200 3156 "http://www.thunderroadlaser.com/thunderimages_02.htm" "Mozilla/4.0 (compatible; MSIE 6.0; Windows NT 5.1; SV1; InfoPath.1)"
195.37.166.253 - - [07/Feb/2007:06:46:50 -0500] "GET /photogallery/photo00030924/35_Butterfly%20-%2072dpi.jpg HTTP/1.1" 200 2718 "http://www.thunderroadlaser.com/thunderimages_02.htm" "Mozilla/4.0 (compatible; MSIE 6.0; Windows NT 5.1; SV1; InfoPath.1)"
195.241.212.83 - - [07/Feb/2007:06:46:50 -0500] "GET /photogallery/photo00030924/37_Live%20to%20Ride%20Cross%20-%2072dpi.jpg HTTP/1.1" 200 2946 "http://www.thunderroadlaser.com/thunderimages_02.htm" "Mozilla/4.0 (compatible; MSIE 6.0; Windows NT 5.1; SV1)"
195.241.212.83 - - [07/Feb/2007:06:46:50 -0500] "GET /photogallery/photo00030924/31_Eagle%20Landing%20-%2072dpi.jpg HTTP/1.1" 200 2862 "http://www.thunderroadlaser.com/thunderimages_02.htm" "Mozilla/4.0 (compatible; MSIE 6.0; Windows NT 5.1; SV1)"
195.241.212.83 - - [07/Feb/2007:06:46:50 -0500] "GET /photogallery/photo00030924/32_Grim%20Reaper%20-%2072dpi.jpg HTTP/1.1" 200 3488 "http://www.thunderroadlaser.com/thunderimages_02.htm" "Mozilla/4.0 (compatible; MSIE 6.0; Windows NT 5.1; SV1)"
195.241.212.83 - - [07/Feb/2007:06:46:50 -0500] "GET /photogallery/photo00030924/36_Racing%20Flames%20-%2072dpi.jpg HTTP/1.1" 200 2598 "http://www.thunderroadlaser.com/thunderimages_02.htm" "Mozilla/4.0 (compatible; MSIE 6.0; Windows NT 5.1; SV1)"
195.241.212.83 - - [07/Feb/2007:06:46:50 -0500] "GET /photogallery/photo00030924/35_Butterfly%20-%2072dpi.jpg HTTP/1.1" 200 2718 "http://www.thunderroadlaser.com/thunderimages_02.htm" "Mozilla/4.0 (compatible; MSIE 6.0; Windows NT 5.1; SV1)"
195.241.212.83 - - [07/Feb/2007:06:46:50 -0500] "GET /photogallery/photo00030924/33_Pissin'%20Piggy%20-%2072dpi.jpg HTTP/1.1" 200 3024 "http://www.thunderroadlaser.com/thunderimages_02.htm" "Mozilla/4.0 (compatible; MSIE 6.0; Windows NT 5.1; SV1)"
195.37.166.253 - - [07/Feb/2007:06:46:50 -0500] "GET /photogallery/photo00030924/41_End%20of%20Trail%20-%2072dpi.jpg HTTP/1.1" 200 2727 "http://www.thunderroadlaser.com/thunderimages_02.htm" "Mozilla/4.0 (compatible; MSIE 6.0; Windows NT 5.1; SV1; InfoPath.1)"
195.37.166.253 - - [07/Feb/2007:06:46:50 -0500] "GET /photogallery/photo00030924/31_Eagle%20Landing%20-%2072dpi.jpg HTTP/1.1" 200 2862 "http://www.thunderroadlaser.com/thunderimages_02.htm" "Mozilla/4.0 (compatible; MSIE 6.0; Windows NT 5.1; SV1; InfoPath.1)"
195.37.166.253 - - [07/Feb/2007:06:46:50 -0500] "GET /photogallery/photo00030924/32_Grim%20Reaper%20-%2072dpi.jpg HTTP/1.1" 200 3488 "http://www.thunderroadlaser.com/thunderimages_02.htm" "Mozilla/4.0 (compatible; MSIE 6.0; Windows NT 5.1; SV1; InfoPath.1)"
195.37.166.253 - - [07/Feb/2007:06:46:50 -0500] "GET /photogallery/photo00030924/38_Jolly%20Rodgers%20-%2072dpi.jpg HTTP/1.1" 200 2798 "http://www.thunderroadlaser.com/thunderimages_02.htm" "Mozilla/4.0 (compatible; MSIE 6.0; Windows NT 5.1; SV1; InfoPath.1)"
195.37.166.253 - - [07/Feb/2007:06:46:50 -0500] "GET /photogallery/photo00030924/37_Live%20to%20Ride%20Cross%20-%2072dpi.jpg HTTP/1.1" 200 2946 "http://www.thunderroadlaser.com/thunderimages_02.htm" "Mozilla/4.0 (compatible; MSIE 6.0; Windows NT 5.1; SV1; InfoPath.1)"
195.37.166.253 - - [07/Feb/2007:06:46:51 -0500] "GET /photogallery/photo00030924/48_POW%20Badge%20-%2072dpi.jpg HTTP/1.1" 200 2576 "http://www.thunderroadlaser.com/thunderimages_02.htm" "Mozilla/4.0 (compatible; MSIE 6.0; Windows NT 5.1; SV1; InfoPath.1)"
195.37.166.253 - - [07/Feb/2007:06:46:51 -0500] "GET /photogallery/photo00030924/43_Viper%20-%2072dpi.jpg HTTP/1.1" 200 2597 "http://www.thunderroadlaser.com/thunderimages_02.htm" "Mozilla/4.0 (compatible; MSIE 6.0; Windows NT 5.1; SV1; InfoPath.1)"
195.37.166.253 - - [07/Feb/2007:06:46:51 -0500] "GET /photogallery/photo00030924/53_Viking%20-%2072dpi.jpg HTTP/1.1" 200 3144 "http://www.thunderroadlaser.com/thunderimages_02.htm" "Mozilla/4.0 (compatible; MSIE 6.0; Windows NT 5.1; SV1; InfoPath.1)"
195.241.212.83 - - [07/Feb/2007:06:46:51 -0500] "GET /photogallery/photo00030924/40_Hibiscus%20-%2072dpi.jpg HTTP/1.1" 200 2865 "http://www.thunderroadlaser.com/thunderimages_02.htm" "Mozilla/4.0 (compatible; MSIE 6.0; Windows NT 5.1; SV1)"
195.37.166.253 - - [07/Feb/2007:06:46:51 -0500] "GET /photogallery/photo00030924/51_Skull%20&%20Cross%20Bones%20-%2072dpi.jpg HTTP/1.1" 200 2622 "http://www.thunderroadlaser.com/thunderimages_02.htm" "Mozilla/4.0 (compatible; MSIE 6.0; Windows NT 5.1; SV1; InfoPath.1)"
195.37.166.253 - - [07/Feb/2007:06:46:51 -0500] "GET /photogallery/photo00030924/58_Skull%20Flame%20-%2072dpi.jpg HTTP/1.1" 200 2951 "http://www.thunderroadlaser.com/thunderimages_02.htm" "Mozilla/4.0 (compatible; MSIE 6.0; Windows NT 5.1; SV1; InfoPath.1)"
195.37.166.253 - - [07/Feb/2007:06:46:51 -0500] "GET /photogallery/photo00030924/59_Eagle%20Strike%20-%2072dpi.jpg HTTP/1.1" 200 3043 "http://www.thunderroadlaser.com/thunderimages_02.htm" "Mozilla/4.0 (compatible; MSIE 6.0; Windows NT 5.1; SV1; InfoPath.1)"
195.241.212.83 - - [07/Feb/2007:06:46:51 -0500] "GET /photogallery/photo00030924/49_IAFF%20Logo%20-%2072dpi.jpg HTTP/1.1" 200 3195 "http://www.thunderroadlaser.com/thunderimages_02.htm" "Mozilla/4.0 (compatible; MSIE 6.0; Windows NT 5.1; SV1)"
195.37.166.253 - - [07/Feb/2007:06:46:51 -0500] "GET /photogallery/photo00030924/42_Talons%20-%2072dpi.jpg HTTP/1.1" 200 2157 "http://www.thunderroadlaser.com/thunderimages_02.htm" "Mozilla/4.0 (compatible; MSIE 6.0; Windows NT 5.1; SV1; InfoPath.1)"
195.241.212.83 - - [07/Feb/2007:06:46:51 -0500] "GET /photogallery/photo00030924/41_End%20of%20Trail%20-%2072dpi.jpg HTTP/1.1" 200 2727 "http://www.thunderroadlaser.com/thunderimages_02.htm" "Mozilla/4.0 (compatible; MSIE 6.0; Windows NT 5.1; SV1)"
195.241.212.83 - - [07/Feb/2007:06:46:51 -0500] "GET /photogallery/photo00030924/43_Viper%20-%2072dpi.jpg HTTP/1.1" 200 2597 "http://www.thunderroadlaser.com/thunderimages_02.htm" "Mozilla/4.0 (compatible; MSIE 6.0; Windows NT 5.1; SV1)"
195.37.166.253 - - [07/Feb/2007:06:46:51 -0500] "GET /photogallery/photo00030924/49_IAFF%20Logo%20-%2072dpi.jpg HTTP/1.1" 200 3195 "http://www.thunderroadlaser.com/thunderimages_02.htm" "Mozilla/4.0 (compatible; MSIE 6.0; Windows NT 5.1; SV1; InfoPath.1)"
195.37.166.253 - - [07/Feb/2007:06:46:51 -0500] "GET /photogallery/photo00030924/54_flower%20power%20-%2072dpi.jpg HTTP/1.1" 200 2543 "http://www.thunderroadlaser.com/thunderimages_02.htm" "Mozilla/4.0 (compatible; MSIE 6.0; Windows NT 5.1; SV1; InfoPath.1)"
195.37.166.253 - - [07/Feb/2007:06:46:51 -0500] "GET /photogallery/photo00030924/46_Chinese%20Dragon%20-%2072dpi.jpg HTTP/1.1" 200 3400 "http://www.thunderroadlaser.com/thunderimages_02.htm" "Mozilla/4.0 (compatible; MSIE 6.0; Windows NT 5.1; SV1; InfoPath.1)"
195.37.166.253 - - [07/Feb/2007:06:46:51 -0500] "GET /photogallery/photo00030924/56_Koi%20%20-%2072dpi%20500-500.jpg HTTP/1.1" 200 3248 "http://www.thunderroadlaser.com/thunderimages_02.htm" "Mozilla/4.0 (compatible; MSIE 6.0; Windows NT 5.1; SV1; InfoPath.1)"
195.37.166.253 - - [07/Feb/2007:06:46:51 -0500] "GET /photogallery/photo00030924/52_Ride%20or%20Die%20-%2072dpi.jpg HTTP/1.1" 200 2789 "http://www.thunderroadlaser.com/thunderimages_02.htm" "Mozilla/4.0 (compatible; MSIE 6.0; Windows NT 5.1; SV1; InfoPath.1)"
195.37.166.253 - - [07/Feb/2007:06:46:51 -0500] "GET /photogallery/photo00030924/55_marine%20Corps%20-%2072dpi%20500-500.jpg HTTP/1.1" 200 3476 "http://www.thunderroadlaser.com/thunderimages_02.htm" "Mozilla/4.0 (compatible; MSIE 6.0; Windows NT 5.1; SV1; InfoPath.1)"
195.241.212.83 - - [07/Feb/2007:06:46:51 -0500] "GET /photogallery/photo00030924/39_Mermaid%20-%2072dpi.jpg HTTP/1.1" 200 3156 "http://www.thunderroadlaser.com/thunderimages_02.htm" "Mozilla/4.0 (compatible; MSIE 6.0; Windows NT 5.1; SV1)"
195.37.166.253 - - [07/Feb/2007:06:46:51 -0500] "GET /photogallery/photo00030924/44_Seabees%20-%2072dpi.jpg HTTP/1.1" 200 2745 "http://www.thunderroadlaser.com/thunderimages_02.htm" "Mozilla/4.0 (compatible; MSIE 6.0; Windows NT 5.1; SV1; InfoPath.1)"
195.241.212.83 - - [07/Feb/2007:06:46:51 -0500] "GET /photogallery/photo00030924/42_Talons%20-%2072dpi.jpg HTTP/1.1" 200 2157 "http://www.thunderroadlaser.com/thunderimages_02.htm" "Mozilla/4.0 (compatible; MSIE 6.0; Windows NT 5.1; SV1)"
195.241.212.83 - - [07/Feb/2007:06:46:51 -0500] "GET /photogallery/photo00030924/45_USMC%20Bulldog%20-%2072dpi.jpg HTTP/1.1" 200 3539 "http://www.thunderroadlaser.com/thunderimages_02.htm" "Mozilla/4.0 (compatible; MSIE 6.0; Windows NT 5.1; SV1)"
195.37.166.253 - - [07/Feb/2007:06:46:51 -0500] "GET /photogallery/photo00030924/50_FF%20Chief%20Emblem%20-%2072dpi.jpg HTTP/1.1" 200 3205 "http://www.thunderroadlaser.com/thunderimages_02.htm" "Mozilla/4.0 (compatible; MSIE 6.0; Windows NT 5.1; SV1; InfoPath.1)"
195.241.212.83 - - [07/Feb/2007:06:46:51 -0500] "GET /photogallery/photo00030924/48_POW%20Badge%20-%2072dpi.jpg HTTP/1.1" 200 2576 "http://www.thunderroadlaser.com/thunderimages_02.htm" "Mozilla/4.0 (compatible; MSIE 6.0; Windows NT 5.1; SV1)"
195.241.212.83 - - [07/Feb/2007:06:46:51 -0500] "GET /photogallery/photo00030924/38_Jolly%20Rodgers%20-%2072dpi.jpg HTTP/1.1" 200 2798 "http://www.thunderroadlaser.com/thunderimages_02.htm" "Mozilla/4.0 (compatible; MSIE 6.0; Windows NT 5.1; SV1)"
195.241.212.83 - - [07/Feb/2007:06:46:51 -0500] "GET /photogallery/photo00030924/44_Seabees%20-%2072dpi.jpg HTTP/1.1" 200 2745 "http://www.thunderroadlaser.com/thunderimages_02.htm" "Mozilla/4.0 (compatible; MSIE 6.0; Windows NT 5.1; SV1)"
195.37.166.253 - - [07/Feb/2007:06:46:51 -0500] "GET /photogallery/photo00030924/57_Angel%20Heart%20-%2072dpi.jpg HTTP/1.1" 200 2700 "http://www.thunderroadlaser.com/thunderimages_02.htm" "Mozilla/4.0 (compatible; MSIE 6.0; Windows NT 5.1; SV1; InfoPath.1)"
195.241.212.83 - - [07/Feb/2007:06:46:52 -0500] "GET /photogallery/photo00030924/56_Koi%20%20-%2072dpi%20500-500.jpg HTTP/1.1" 200 3248 "http://www.thunderroadlaser.com/thunderimages_02.htm" "Mozilla/4.0 (compatible; MSIE 6.0; Windows NT 5.1; SV1)"
195.241.212.83 - - [07/Feb/2007:06:46:52 -0500] "GET /photogallery/photo00030924/59_Eagle%20Strike%20-%2072dpi.jpg HTTP/1.1" 200 3043 "http://www.thunderroadlaser.com/thunderimages_02.htm" "Mozilla/4.0 (compatible; MSIE 6.0; Windows NT 5.1; SV1)"
195.37.166.253 - - [07/Feb/2007:06:46:52 -0500] "GET /photogallery/photo00030924/60_Screamin'%20-%2072dpi.jpg HTTP/1.1" 200 3206 "http://www.thunderroadlaser.com/thunderimages_02.htm" "Mozilla/4.0 (compatible; MSIE 6.0; Windows NT 5.1; SV1; InfoPath.1)"
195.241.212.83 - - [07/Feb/2007:06:46:52 -0500] "GET /photogallery/photo00030924/51_Skull%20&%20Cross%20Bones%20-%2072dpi.jpg HTTP/1.1" 200 2622 "http://www.thunderroadlaser.com/thunderimages_02.htm" "Mozilla/4.0 (compatible; MSIE 6.0; Windows NT 5.1; SV1)"
195.241.212.83 - - [07/Feb/2007:06:46:52 -0500] "GET /photogallery/photo00030924/53_Viking%20-%2072dpi.jpg HTTP/1.1" 200 3144 "http://www.thunderroadlaser.com/thunderimages_02.htm" "Mozilla/4.0 (compatible; MSIE 6.0; Windows NT 5.1; SV1)"
86.136.173.152 - - [07/Feb/2007:06:46:52 -0500] "GET /thunderimages.htm HTTP/1.1" 206 462 "http://images.google.co.uk/imgres?imgurl=http://www.thunderroadlaser.com/images/thunderimages/32_Grim%2520Reaper%2520-%252072dpi.jpg&imgrefurl=http://www.thunderroadlaser.com/thunderimages.htm&h=500&w=500&sz=59&hl=en&start=99&tbnid=xTLV_QLY3-fO8M:&tbnh=130&tbnw=130&prev=/images%3Fq%3Dgrim%2Breaper%26start%3D90%26ndsp%3D18%26svnum%3D10%26hl%3Den%26sa%3DN" "Mozilla/4.0 (compatible; MSIE 7.0; Windows NT 5.1; YPC 3.2.0; .NET CLR 1.0.3705; .NET CLR 1.1.4322; Media Center PC 4.0; yplus 5.3.04b)"
86.136.173.152 - - [07/Feb/2007:06:46:52 -0500] "GET /images/Headers/header_sidefence%20-%2072dpi.jpg HTTP/1.1" 206 36890 "http://www.thunderroadlaser.com/thunderimages.htm" "Mozilla/4.0 (compatible; MSIE 7.0; Windows NT 5.1; YPC 3.2.0; .NET CLR 1.0.3705; .NET CLR 1.1.4322; Media Center PC 4.0; yplus 5.3.04b)"
195.241.212.83 - - [07/Feb/2007:06:46:52 -0500] "GET /photogallery/photo00030924/58_Skull%20Flame%20-%2072dpi.jpg HTTP/1.1" 200 2951 "http://www.thunderroadlaser.com/thunderimages_02.htm" "Mozilla/4.0 (compatible; MSIE 6.0; Windows NT 5.1; SV1)"
195.241.212.83 - - [07/Feb/2007:06:46:52 -0500] "GET /photogallery/photo00030924/54_flower%20power%20-%2072dpi.jpg HTTP/1.1" 200 2543 "http://www.thunderroadlaser.com/thunderimages_02.htm" "Mozilla/4.0 (compatible; MSIE 6.0; Windows NT 5.1; SV1)"
195.241.212.83 - - [07/Feb/2007:06:46:52 -0500] "GET /photogallery/photo00030924/57_Angel%20Heart%20-%2072dpi.jpg HTTP/1.1" 200 2700 "http://www.thunderroadlaser.com/thunderimages_02.htm" "Mozilla/4.0 (compatible; MSIE 6.0; Windows NT 5.1; SV1)"
195.241.212.83 - - [07/Feb/2007:06:46:52 -0500] "GET /photogallery/photo00030924/52_Ride%20or%20Die%20-%2072dpi.jpg HTTP/1.1" 200 2789 "http://www.thunderroadlaser.com/thunderimages_02.htm" "Mozilla/4.0 (compatible; MSIE 6.0; Windows NT 5.1; SV1)"
195.241.212.83 - - [07/Feb/2007:06:46:52 -0500] "GET /photogallery/photo00030924/55_marine%20Corps%20-%2072dpi%20500-500.jpg HTTP/1.1" 200 3476 "http://www.thunderroadlaser.com/thunderimages_02.htm" "Mozilla/4.0 (compatible; MSIE 6.0; Windows NT 5.1; SV1)"
195.241.212.83 - - [07/Feb/2007:06:46:52 -0500] "GET /photogallery/photo00030924/60_Screamin'%20-%2072dpi.jpg HTTP/1.1" 200 3206 "http://www.thunderroadlaser.com/thunderimages_02.htm" "Mozilla/4.0 (compatible; MSIE 6.0; Windows NT 5.1; SV1)"
195.241.212.83 - - [07/Feb/2007:06:46:52 -0500] "GET /photogallery/photo00030924/50_FF%20Chief%20Emblem%20-%2072dpi.jpg HTTP/1.1" 200 3205 "http://www.thunderroadlaser.com/thunderimages_02.htm" "Mozilla/4.0 (compatible; MSIE 6.0; Windows NT 5.1; SV1)"
86.136.173.152 - - [07/Feb/2007:06:46:52 -0500] "GET /button163.gif HTTP/1.1" 200 2454 "http://www.thunderroadlaser.com/thunderimages.htm" "Mozilla/4.0 (compatible; MSIE 7.0; Windows NT 5.1; YPC 3.2.0; .NET CLR 1.0.3705; .NET CLR 1.1.4322; Media Center PC 4.0; yplus 5.3.04b)"
86.136.173.152 - - [07/Feb/2007:06:46:53 -0500] "GET /button28.gif HTTP/1.1" 200 2538 "http://www.thunderroadlaser.com/thunderimages.htm" "Mozilla/4.0 (compatible; MSIE 7.0; Windows NT 5.1; YPC 3.2.0; .NET CLR 1.0.3705; .NET CLR 1.1.4322; Media Center PC 4.0; yplus 5.3.04b)"
86.136.173.152 - - [07/Feb/2007:06:46:54 -0500] "GET /button141.gif HTTP/1.1" 200 2514 "http://www.thunderroadlaser.com/thunderimages.htm" "Mozilla/4.0 (compatible; MSIE 7.0; Windows NT 5.1; YPC 3.2.0; .NET CLR 1.0.3705; .NET CLR 1.1.4322; Media Center PC 4.0; yplus 5.3.04b)"
